04-22 07:13:20.303 7367 7367 E ArmVmp : Match on catch block at 0xc3 in for 0x7bd4e1a025
04-22 07:13:20.790 7367 7367 E ArmVmp : Match on catch block at 0xc3 in for 0x7bd4e1a025
04-22 07:13:20.796 7367 7367 E ArmVmp : Match on catch block at 0xc3 in for 0x7bd4e1a025
04-22 07:13:20.802 7367 7367 E ArmVmp : Match on catch block at 0xc3 in for 0x7bd4e1a025
04-22 07:13:20.879 7367 7367 E ArmVmp : Match on catch block at 0xc3 in for 0x7bd4e1a025
04-22 07:13:20.883 7367 7367 E ArmVmp : Match on catch block at 0xc3 in for 0x7bd4e1a025
04-22 07:13:20.887 7367 7367 E ArmVmp : Match on catch block at 0xc3 in for 0x7bd4e1a025
04-22 07:13:20.893 7367 7367 E ArmVmp : Match on catch block at 0xc3 in for 0x7bd4e1a025
04-22 07:13:20.912 7367 7367 E ArmVmp : Match on catch block at 0xc3 in for 0x7bd4e1a025
04-22 07:13:20.917 7367 7367 E ArmVmp : Match on catch block at 0xc3 in for 0x7bd4e1a025
04-22 07:13:20.927 7367 7367 E ArmVmp : Match on catch block at 0xc3 in for 0x7bd4e1a025
04-22 07:13:20.929 7367 8182 W libc : Access denied finding property "ro.vendor.display.iris_x7.support"
04-22 07:13:20.934 7367 7367 E ArmVmp : Match on catch block at 0xc3 in for 0x7bd4e1a025
04-22 07:13:20.942 7367 7367 E ArmVmp : Match on catch block at 0xc3 in for 0x7bd4e1a025
04-22 07:13:20.967 7367 7367 E ArmVmp : Match on catch block at 0xc3 in for 0x7bd4e1a025
04-22 07:13:20.977 7367 7367 E ArmVmp : Match on catch block at 0xc3 in for 0x7bd4e1a025
04-22 07:13:20.991 7367 7367 E ArmVmp : Match on catch block at 0xc3 in for 0x7bd4e1a025
04-22 07:13:21.016 7367 7367 E ArmVmp : Match on catch block at 0xc3 in for 0x7bd4e1a025
04-22 07:13:21.021 7367 7367 E ArmVmp : Match on catch block at 0xc3 in for 0x7bd4e1a025
04-22 07:13:21.027 7367 7367 E ArmVmp : Match on catch block at 0xc3 in for 0x7bd4e1a025
04-22 07:13:21.040 7367 7367 E ArmVmp : Match on catch block at 0xc3 in for 0x7bd4e1a025
04-22 07:13:21.048 7367 7367 E ArmVmp : Match on catch block at 0xc3 in for 0x7bd4e1a025
04-22 07:13:21.055 7367 7367 E ArmVmp : Match on catch block at 0xc3 in for 0x7bd4e1a025
04-22 07:13:21.069 7367 7367 E ArmVmp : Match on catch block at 0xc3 in for 0x7bd4e1a025
04-22 07:13:21.078 7367 7367 E ArmVmp : Match on catch block at 0xc3 in for 0x7bd4e1a025
04-22 07:13:21.083 7367 7367 E ArmVmp : Match on catch block at 0xc3 in for 0x7bd4e1a025
04-22 07:13:21.092 7367 7367 E ArmVmp : Match on catch block at 0xc3 in for 0x7bd4e1a025
04-22 07:13:21.095 7367 7367 E ArmVmp : Match on catch block at 0xc3 in for 0x7bd4e1a025
04-22 07:13:21.101 7367 7367 E ArmVmp : Match on catch block at 0xc3 in for 0x7bd4e1a025
04-22 07:13:21.116 7367 8182 W com.mbwhatsapp: remote service is not exist
04-22 07:13:21.118 7367 7367 E ArmVmp : Match on catch block at 0xc3 in for 0x7bd4e1a025
04-22 07:13:21.125 7367 7367 E ArmVmp : Match on catch block at 0xc3 in for 0x7bd4e1a025
04-22 07:13:21.129 7367 7367 E ArmVmp : Match on catch block at 0xc3 in for 0x7bd4e1a025
04-22 07:13:21.140 7367 7367 E ArmVmp : Match on catch block at 0xc3 in for 0x7bd4e1a025
04-22 07:13:21.143 7367 7367 E ArmVmp : Match on catch block at 0xc3 in for 0x7bd4e1a025
04-22 07:13:21.155 7367 7367 E ArmVmp : Match on catch block at 0xc3 in for 0x7bd4e1a025
04-22 07:13:21.163 7367 7367 E ArmVmp : Match on catch block at 0xc3 in for 0x7bd4e1a025
04-22 07:13:21.171 7367 7367 E ArmVmp : Match on catch block at 0xc3 in for 0x7bd4e1a025
04-22 07:13:21.178 7367 7367 E ArmVmp : Match on catch block at 0xc3 in for 0x7bd4e1a025
04-22 07:13:21.182 7367 7367 E ArmVmp : Match on catch block at 0xc3 in for 0x7bd4e1a025
04-22 07:13:21.187 7367 7367 E ArmVmp : Match on catch block at 0xc3 in for 0x7bd4e1a025
04-22 07:13:21.199 7367 7367 E ArmVmp : Match on catch block at 0xc3 in for 0x7bd4e1a025
04-22 07:13:21.212 7367 7367 E ArmVmp : Match on catch block at 0xc3 in for 0x7bd4e1a025
04-22 07:13:21.216 7367 7367 E ArmVmp : Match on catch block at 0xc3 in for 0x7bd4e1a025
04-22 07:13:21.219 7367 7367 E ArmVmp : Match on catch block at 0xc3 in for 0x7bd4e1a025
04-22 07:13:21.227 7367 7367 E ArmVmp : Match on catch block at 0xc3 in for 0x7bd4e1a025
04-22 07:13:21.240 7367 7367 E ArmVmp : Match on catch block at 0xc3 in for 0x7bd4e1a025
04-22 07:13:21.253 7367 7367 E ArmVmp : Match on catch block at 0xc3 in for 0x7bd4e1a025
04-22 07:13:21.319 7367 7367 E ArmVmp : Match on catch block at 0xc3 in for 0x7bd4e1a025
04-22 07:13:21.328 7367 7367 E ArmVmp : Match on catch block at 0xc3 in for 0x7bd4e1a025
04-22 07:13:21.342 7367 7367 E ArmVmp : Match on catch block at 0xc3 in for 0x7bd4e1a025
04-22 07:13:21.542 7367 7367 E ArmVmp : Match on catch block at 0xc3 in for 0x7bd4e1a025
04-22 07:13:21.545 7367 7367 E ArmVmp : Match on catch block at 0xc3 in for 0x7bd4e1a025
04-22 07:13:21.550 7367 7367 E ArmVmp : Match on catch block at 0xc3 in for 0x7bd4e1a025
04-22 07:13:22.036 7367 7367 E ArmVmp : Match on catch block at 0xc3 in for 0x7bd4e1a025
04-22 07:13:22.039 7367 7367 E ArmVmp : Match on catch block at 0xc3 in for 0x7bd4e1a025
04-22 07:13:22.050 7367 7367 E ArmVmp : Match on catch block at 0xc3 in for 0x7bd4e1a025
04-22 07:13:22.139 7367 7367 E ArmVmp : Match on catch block at 0xc3 in for 0x7bd4e1a025
04-22 07:13:22.144 7367 7367 E ArmVmp : Match on catch block at 0xc3 in for 0x7bd4e1a025
04-22 07:13:22.153 7367 7367 E ArmVmp : Match on catch block at 0xc3 in for 0x7bd4e1a025
04-22 07:13:22.639 7367 7367 E ArmVmp : Match on catch block at 0xc3 in for 0x7bd4e1a025
04-22 07:13:22.642 7367 7367 E ArmVmp : Match on catch block at 0xc3 in for 0x7bd4e1a025
04-22 07:13:22.645 7367 7367 E ArmVmp : Match on catch block at 0xc3 in for 0x7bd4e1a025
04-22 07:13:22.809 7367 7367 E ArmVmp : Match on catch block at 0xc3 in for 0x7bd4e1a025
04-22 07:13:22.815 7367 7367 E ArmVmp : Match on catch block at 0xc3 in for 0x7bd4e1a025
04-22 07:13:22.818 7367 7367 E ArmVmp : Match on catch block at 0xc3 in for 0x7bd4e1a025
04-22 07:13:22.827 7367 7367 E ArmVmp : Match on catch block at 0xc3 in for 0x7bd4e1a025
04-22 07:13:22.833 7367 7367 E ArmVmp : Match on catch block at 0xc3 in for 0x7bd4e1a025
04-22 07:13:22.837 7367 7367 E ArmVmp : Match on catch block at 0xc3 in for 0x7bd4e1a025
04-22 07:13:22.848 7367 7367 E ArmVmp : Match on catch block at 0xc3 in for 0x7bd4e1a025
04-22 07:13:22.853 7367 7367 E ArmVmp : Match on catch block at 0xc3 in for 0x7bd4e1a025
04-22 07:13:22.857 7367 7367 E ArmVmp : Match on catch block at 0xc3 in for 0x7bd4e1a025
04-22 07:13:22.862 7367 7367 E ArmVmp : Match on catch block at 0xc3 in for 0x7bd4e1a025
04-22 07:13:22.874 7367 7367 E ArmVmp : Match on catch block at 0xc3 in for 0x7bd4e1a025
04-22 07:13:22.879 7367 7367 E ArmVmp : Match on catch block at 0xc3 in for 0x7bd4e1a025
04-22 07:13:22.886 7367 7367 E ArmVmp : Match on catch block at 0xc3 in for 0x7bd4e1a025
04-22 07:13:22.892 7367 7367 E ArmVmp : Match on catch block at 0xc3 in for 0x7bd4e1a025
04-22 07:13:22.898 7367 7367 E ArmVmp : Match on catch block at 0xc3 in for 0x7bd4e1a025
04-22 07:13:22.904 7367 7367 E ArmVmp : Match on catch block at 0xc3 in for 0x7bd4e1a025
04-22 07:13:22.908 7367 7367 E ArmVmp : Match on catch block at 0xc3 in for 0x7bd4e1a025
04-22 07:13:22.912 7367 7367 E ArmVmp : Match on catch block at 0xc3 in for 0x7bd4e1a025
04-22 07:13:22.918 7367 7367 E ArmVmp : Match on catch block at 0xc3 in for 0x7bd4e1a025
04-22 07:13:22.922 7367 7367 E ArmVmp : Match on catch block at 0xc3 in for 0x7bd4e1a025
04-22 07:13:22.926 7367 7367 E ArmVmp : Match on catch block at 0xc3 in for 0x7bd4e1a025
04-22 07:13:22.932 7367 7367 E ArmVmp : Match on catch block at 0xc3 in for 0x7bd4e1a025
04-22 07:13:22.937 7367 7367 E ArmVmp : Match on catch block at 0xc3 in for 0x7bd4e1a025
04-22 07:13:22.942 7367 7367 E ArmVmp : Match on catch block at 0xc3 in for 0x7bd4e1a025
04-22 07:13:22.946 7367 7367 E ArmVmp : Match on catch block at 0xc3 in for 0x7bd4e1a025
04-22 07:13:22.950 7367 7367 E ArmVmp : Match on catch block at 0xc3 in for 0x7bd4e1a025
04-22 07:13:22.953 7367 7367 E ArmVmp : Match on catch block at 0xc3 in for 0x7bd4e1a025
04-22 07:13:22.963 7367 7367 E ArmVmp : Match on catch block at 0xc3 in for 0x7bd4e1a025
04-22 07:13:22.968 7367 7367 E ArmVmp : Match on catch block at 0xc3 in for 0x7bd4e1a025
04-22 07:13:22.971 7367 7367 E ArmVmp : Match on catch block at 0xc3 in for 0x7bd4e1a025
04-22 07:13:22.979 7367 7367 E ArmVmp : Match on catch block at 0xc3 in for 0x7bd4e1a025
04-22 07:13:22.983 7367 7367 E ArmVmp : Match on catch block at 0xc3 in for 0x7bd4e1a025
04-22 07:13:22.986 7367 7367 E ArmVmp : Match on catch block at 0xc3 in for 0x7bd4e1a025
04-22 07:13:22.991 7367 7367 E ArmVmp : Match on catch block at 0xc3 in for 0x7bd4e1a025
04-22 07:13:23.000 7367 7367 E ArmVmp : Match on catch block at 0xc3 in for 0x7bd4e1a025
04-22 07:13:23.007 7367 7367 E ArmVmp : Match on catch block at 0xc3 in for 0x7bd4e1a025
04-22 07:13:23.013 7367 7367 E ArmVmp : Match on catch block at 0xc3 in for 0x7bd4e1a025
04-22 07:13:23.017 7367 7367 E ArmVmp : Match on catch block at 0xc3 in for 0x7bd4e1a025
04-22 07:13:23.023 7367 7367 E ArmVmp : Match on catch block at 0xc3 in for 0x7bd4e1a025
04-22 07:13:23.031 7367 7367 E ArmVmp : Match on catch block at 0xc3 in for 0x7bd4e1a025
04-22 07:13:23.040 7367 7367 E ArmVmp : Match on catch block at 0xc3 in for 0x7bd4e1a025
04-22 07:13:23.048 7367 7367 E ArmVmp : Match on catch block at 0xc3 in for 0x7bd4e1a025
04-22 07:13:23.058 7367 7367 E ArmVmp : Match on catch block at 0xc3 in for 0x7bd4e1a025
04-22 07:13:23.065 7367 7367 E ArmVmp : Match on catch block at 0xc3 in for 0x7bd4e1a025
04-22 07:13:23.073 7367 7367 E ArmVmp : Match on catch block at 0xc3 in for 0x7bd4e1a025
04-22 07:13:23.079 7367 7367 E ArmVmp : Match on catch block at 0xc3 in for 0x7bd4e1a025
04-22 07:13:23.083 7367 7367 E ArmVmp : Match on catch block at 0xc3 in for 0x7bd4e1a025
04-22 07:13:23.086 7367 7367 E ArmVmp : Match on catch block at 0xc3 in for 0x7bd4e1a025
04-22 07:13:23.141 7367 7367 E ArmVmp : Match on catch block at 0xc3 in for 0x7bd4e1a025
04-22 07:13:23.146 7367 7367 E ArmVmp : Match on catch block at 0xc3 in for 0x7bd4e1a025
04-22 07:13:23.151 7367 7367 E ArmVmp : Match on catch block at 0xc3 in for 0x7bd4e1a025
04-22 07:13:23.646 7367 7367 E ArmVmp : Match on catch block at 0xc3 in for 0x7bd4e1a025
04-22 07:13:23.652 7367 7367 E ArmVmp : Match on catch block at 0xc3 in for 0x7bd4e1a025
04-22 07:13:23.655 7367 7367 E ArmVmp : Match on catch block at 0xc3 in for 0x7bd4e1a025
04-22 07:13:23.887 7367 7367 W Choreographer: Frame time is 0.033832 now = 121183777408837 timestampNanos = 121183777442669 ms in the future! Check that graphics HAL is generating vsync timestamps using the correct timebase.
04-22 07:13:23.888 7367 7367 E ArmVmp : Match on catch block at 0xc3 in for 0x7bd4e1a025
04-22 07:13:23.892 7367 7367 E ArmVmp : Match on catch block at 0xc3 in for 0x7bd4e1a025
04-22 07:13:23.896 7367 7367 E ArmVmp : Match on catch block at 0xc3 in for 0x7bd4e1a025
04-22 07:13:24.393 7367 7367 E ArmVmp : Match on catch block at 0xc3 in for 0x7bd4e1a025
04-22 07:13:24.396 7367 7367 E ArmVmp : Match on catch block at 0xc3 in for 0x7bd4e1a025
04-22 07:13:24.402 7367 7367 E ArmVmp : Match on catch block at 0xc3 in for 0x7bd4e1a025
04-22 07:13:24.896 7367 7367 E ArmVmp : Match on catch block at 0xc3 in for 0x7bd4e1a025
04-22 07:13:24.898 7367 7367 E ArmVmp : Match on catch block at 0xc3 in for 0x7bd4e1a025
04-22 07:13:24.900 7367 7367 E ArmVmp : Match on catch block at 0xc3 in for 0x7bd4e1a025
04-22 07:13:25.114 7367 7367 E ArmVmp : Match on catch block at 0xc3 in for 0x7bd4e1a025
04-22 07:13:25.117 7367 7367 E ArmVmp : Match on catch block at 0xc3 in for 0x7bd4e1a025
04-22 07:13:25.119 7367 7367 E ArmVmp : Match on catch block at 0xc3 in for 0x7bd4e1a025
04-22 07:13:25.169 7367 7367 E ArmVmp : Match on catch block at 0xc3 in for 0x7bd4e1a025
04-22 07:13:25.174 7367 7367 E ArmVmp : Match on catch block at 0xc3 in for 0x7bd4e1a025
04-22 07:13:25.180 7367 7367 E ArmVmp : Match on catch block at 0xc3 in for 0x7bd4e1a025
04-22 07:13:25.207 7367 7367 E ArmVmp : Match on catch block at 0xc3 in for 0x7bd4e1a025
04-22 07:13:25.214 7367 7367 E ArmVmp : Match on catch block at 0xc3 in for 0x7bd4e1a025
04-22 07:13:25.223 7367 7367 E ArmVmp : Match on catch block at 0xc3 in for 0x7bd4e1a025
04-22 07:13:25.228 7367 7367 E ArmVmp : Match on catch block at 0xc3 in for 0x7bd4e1a025
04-22 07:13:25.295 7367 7367 E ArmVmp : Match on catch block at 0xc3 in for 0x7bd4e1a025
04-22 07:13:25.300 7367 7367 E ArmVmp : Match on catch block at 0xc3 in for 0x7bd4e1a025
04-22 07:13:25.319 7367 7367 E ArmVmp : Match on catch block at 0xc3 in for 0x7bd4e1a025
04-22 07:13:25.330 7367 7367 E ArmVmp : Match on catch block at 0xc3 in for 0x7bd4e1a025
04-22 07:13:25.346 7367 7367 E ArmVmp : Match on catch block at 0xc3 in for 0x7bd4e1a025
04-22 07:13:25.351 7367 7367 E ArmVmp : Match on catch block at 0xc3 in for 0x7bd4e1a025
04-22 07:13:25.362 7367 7367 E ArmVmp : Match on catch block at 0xc3 in for 0x7bd4e1a025
04-22 07:13:25.369 7367 7367 E ArmVmp : Match on catch block at 0xc3 in for 0x7bd4e1a025
04-22 07:13:25.380 7367 7367 E ArmVmp : Match on catch block at 0xc3 in for 0x7bd4e1a025
04-22 07:13:25.384 7367 7367 E ArmVmp : Match on catch block at 0xc3 in for 0x7bd4e1a025
04-22 07:13:25.391 7367 7367 E ArmVmp : Match on catch block at 0xc3 in for 0x7bd4e1a025
04-22 07:13:25.395 7367 7367 E ArmVmp : Match on catch block at 0xc3 in for 0x7bd4e1a025
04-22 07:13:25.584 7367 7367 E ArmVmp : Match on catch block at 0xc3 in for 0x7bd4e1a025
04-22 07:13:25.587 7367 7367 E ArmVmp : Match on catch block at 0xc3 in for 0x7bd4e1a025
04-22 07:13:25.592 7367 7367 E ArmVmp : Match on catch block at 0xc3 in for 0x7bd4e1a025
04-22 07:13:25.596 7367 7367 E ArmVmp : Match on catch block at 0xc3 in for 0x7bd4e1a025
04-22 07:13:25.599 7367 8232 W MediaPlayer: Use of stream types is deprecated for operations other than volume control
04-22 07:13:25.599 7367 8232 W MediaPlayer: See the documentation of setAudioStreamType() for what to use instead with android.media.AudioAttributes to qualify your playback use case
04-22 07:13:25.649 7367 7367 E ArmVmp : Match on catch block at 0xc3 in for 0x7bd4e1a025
04-22 07:13:25.652 7367 7367 E ArmVmp : Match on catch block at 0xc3 in for 0x7bd4e1a025
04-22 07:13:25.841 7367 7367 E ArmVmp : Match on catch block at 0xc3 in for 0x7bd4e1a025
04-22 07:13:25.848 7367 7367 E ArmVmp : Match on catch block at 0xc3 in for 0x7bd4e1a025
04-22 07:13:25.868 7367 7367 E ArmVmp : Match on catch block at 0xc3 in for 0x7bd4e1a025
04-22 07:13:25.871 7367 7367 E ArmVmp : Match on catch block at 0xc3 in for 0x7bd4e1a025
04-22 07:13:25.879 7367 7367 E ArmVmp : Match on catch block at 0xc3 in for 0x7bd4e1a025
04-22 07:13:25.881 7367 7367 E ArmVmp : Match on catch block at 0xc3 in for 0x7bd4e1a025
04-22 07:13:25.888 7367 7367 E ArmVmp : Match on catch block at 0xc3 in for 0x7bd4e1a025
04-22 07:13:25.891 7367 7367 E ArmVmp : Match on catch block at 0xc3 in for 0x7bd4e1a025
04-22 07:13:25.899 7367 7367 E ArmVmp : Match on catch block at 0xc3 in for 0x7bd4e1a025
04-22 07:13:25.908 7367 7367 E ArmVmp : Match on catch block at 0xc3 in for 0x7bd4e1a025
04-22 07:13:25.916 7367 7367 E ArmVmp : Match on catch block at 0xc3 in for 0x7bd4e1a025
04-22 07:13:25.920 7367 7367 E ArmVmp : Match on catch block at 0xc3 in for 0x7bd4e1a025
04-22 07:13:25.927 7367 7367 E ArmVmp : Match on catch block at 0xc3 in for 0x7bd4e1a025
04-22 07:13:25.931 7367 7367 E ArmVmp : Match on catch block at 0xc3 in for 0x7bd4e1a025
04-22 07:13:25.938 7367 7367 E ArmVmp : Match on catch block at 0xc3 in for 0x7bd4e1a025
04-22 07:13:25.945 7367 7367 E ArmVmp : Match on catch block at 0xc3 in for 0x7bd4e1a025
04-22 07:13:25.958 7367 7367 E ArmVmp : Match on catch block at 0xc3 in for 0x7bd4e1a025
04-22 07:13:25.964 7367 7367 E ArmVmp : Match on catch block at 0xc3 in for 0x7bd4e1a025
04-22 07:13:25.980 7367 7367 E ArmVmp : Match on catch block at 0xc3 in for 0x7bd4e1a025
04-22 07:13:25.983 7367 7367 E ArmVmp : Match on catch block at 0xc3 in for 0x7bd4e1a025
04-22 07:13:25.992 7367 7367 E ArmVmp : Match on catch block at 0xc3 in for 0x7bd4e1a025
04-22 07:13:25.995 7367 7367 E ArmVmp : Match on catch block at 0xc3 in for 0x7bd4e1a025
04-22 07:13:26.003 7367 7367 E ArmVmp : Match on catch block at 0xc3 in for 0x7bd4e1a025
04-22 07:13:26.007 7367 7367 E ArmVmp : Match on catch block at 0xc3 in for 0x7bd4e1a025
04-22 07:13:26.014 7367 7367 E ArmVmp : Match on catch block at 0xc3 in for 0x7bd4e1a025
04-22 07:13:26.019 7367 7367 E ArmVmp : Match on catch block at 0xc3 in for 0x7bd4e1a025
04-22 07:13:26.027 7367 7367 E ArmVmp : Match on catch block at 0xc3 in for 0x7bd4e1a025
04-22 07:13:26.037 7367 7367 E ArmVmp : Match on catch block at 0xc3 in for 0x7bd4e1a025
04-22 07:13:26.152 7367 7367 E ArmVmp : Match on catch block at 0xc3 in for 0x7bd4e1a025
04-22 07:13:26.156 7367 7367 E ArmVmp : Match on catch block at 0xc3 in for 0x7bd4e1a025
04-22 07:13:26.433 7367 7367 E ArmVmp : Match on catch block at 0xc3 in for 0x7bd4e1a025
04-22 07:13:26.439 7367 7367 E ArmVmp : Match on catch block at 0xc3 in for 0x7bd4e1a025
04-22 07:13:26.743 7367 7367 E ArmVmp : Match on catch block at 0xc3 in for 0x7bd4e1a025
04-22 07:13:26.762 7367 7367 E ArmVmp : Match on catch block at 0xc3 in for 0x7bd4e1a025
04-22 07:13:27.082 7367 7367 W JobService: onNetworkChanged() not implemented in androidx.work.impl.background.systemjob.SystemJobService. Must override in a subclass.
04-22 07:13:27.192 7367 7367 E ArmVmp : Match on catch block at 0xc3 in for 0x7bd4e1a025
04-22 07:13:27.198 7367 7367 E ArmVmp : Match on catch block at 0xc3 in for 0x7bd4e1a025
04-22 07:13:27.210 7367 7367 E ArmVmp : Match on catch block at 0xc3 in for 0x7bd4e1a025
04-22 07:13:27.214 7367 7367 E ArmVmp : Match on catch block at 0xc3 in for 0x7bd4e1a025
04-22 07:13:27.224 7367 7367 E ArmVmp : Match on catch block at 0xc3 in for 0x7bd4e1a025
04-22 07:13:27.227 7367 7367 E ArmVmp : Match on catch block at 0xc3 in for 0x7bd4e1a025
04-22 07:13:27.234 7367 7367 E ArmVmp : Match on catch block at 0xc3 in for 0x7bd4e1a025
04-22 07:13:27.238 7367 7367 E ArmVmp : Match on catch block at 0xc3 in for 0x7bd4e1a025
04-22 07:13:27.245 7367 7367 E ArmVmp : Match on catch block at 0xc3 in for 0x7bd4e1a025
04-22 07:13:27.247 7367 7367 E ArmVmp : Match on catch block at 0xc3 in for 0x7bd4e1a025
04-22 07:13:27.256 7367 7367 E ArmVmp : Match on catch block at 0xc3 in for 0x7bd4e1a025
04-22 07:13:27.259 7367 7367 E ArmVmp : Match on catch block at 0xc3 in for 0x7bd4e1a025
04-22 07:13:27.267 7367 7367 E ArmVmp : Match on catch block at 0xc3 in for 0x7bd4e1a025
04-22 07:13:27.270 7367 7367 E ArmVmp : Match on catch block at 0xc3 in for 0x7bd4e1a025
04-22 07:13:27.279 7367 7367 E ArmVmp : Match on catch block at 0xc3 in for 0x7bd4e1a025
04-22 07:13:27.282 7367 7367 E ArmVmp : Match on catch block at 0xc3 in for 0x7bd4e1a025
04-22 07:13:27.289 7367 7367 E ArmVmp : Match on catch block at 0xc3 in for 0x7bd4e1a025
04-22 07:13:27.294 7367 7367 E ArmVmp : Match on catch block at 0xc3 in for 0x7bd4e1a025
04-22 07:13:27.301 7367 7367 E ArmVmp : Match on catch block at 0xc3 in for 0x7bd4e1a025
04-22 07:13:27.305 7367 7367 E ArmVmp : Match on catch block at 0xc3 in for 0x7bd4e1a025
04-22 07:13:27.312 7367 7367 E ArmVmp : Match on catch block at 0xc3 in for 0x7bd4e1a025
04-22 07:13:27.320 7367 7367 E ArmVmp : Match on catch block at 0xc3 in for 0x7bd4e1a025
04-22 07:13:27.325 7367 7367 E ArmVmp : Match on catch block at 0xc3 in for 0x7bd4e1a025
04-22 07:13:27.328 7367 7367 E ArmVmp : Match on catch block at 0xc3 in for 0x7bd4e1a025
04-22 07:13:27.335 7367 7367 E ArmVmp : Match on catch block at 0xc3 in for 0x7bd4e1a025
04-22 07:13:27.339 7367 7367 E ArmVmp : Match on catch block at 0xc3 in for 0x7bd4e1a025
04-22 07:13:27.346 7367 7367 E ArmVmp : Match on catch block at 0xc3 in for 0x7bd4e1a025
04-22 07:13:27.351 7367 7367 E ArmVmp : Match on catch block at 0xc3 in for 0x7bd4e1a025
04-22 07:13:27.357 7367 7367 E ArmVmp : Match on catch block at 0xc3 in for 0x7bd4e1a025
04-22 07:13:27.359 7367 7367 E ArmVmp : Match on catch block at 0xc3 in for 0x7bd4e1a025
04-22 07:13:27.368 7367 7367 E ArmVmp : Match on catch block at 0xc3 in for 0x7bd4e1a025
04-22 07:13:27.371 7367 7367 E ArmVmp : Match on catch block at 0xc3 in for 0x7bd4e1a025
04-22 07:13:27.379 7367 7367 E ArmVmp : Match on catch block at 0xc3 in for 0x7bd4e1a025
04-22 07:13:27.384 7367 7367 E ArmVmp : Match on catch block at 0xc3 in for 0x7bd4e1a025
04-22 07:13:27.390 7367 7367 E ArmVmp : Match on catch block at 0xc3 in for 0x7bd4e1a025
04-22 07:13:27.393 7367 7367 E ArmVmp : Match on catch block at 0xc3 in for 0x7bd4e1a025
04-22 07:13:27.402 7367 7367 E ArmVmp : Match on catch block at 0xc3 in for 0x7bd4e1a025
04-22 07:13:27.405 7367 7367 E ArmVmp : Match on catch block at 0xc3 in for 0x7bd4e1a025
04-22 07:13:27.413 7367 7367 E ArmVmp : Match on catch block at 0xc3 in for 0x7bd4e1a025
04-22 07:13:27.418 7367 7367 E ArmVmp : Match on catch block at 0xc3 in for 0x7bd4e1a025
04-22 07:13:27.424 7367 7367 E ArmVmp : Match on catch block at 0xc3 in for 0x7bd4e1a025
04-22 07:13:27.427 7367 7367 E ArmVmp : Match on catch block at 0xc3 in for 0x7bd4e1a025
04-22 07:13:27.436 7367 7367 E ArmVmp : Match on catch block at 0xc3 in for 0x7bd4e1a025
04-22 07:13:27.439 7367 7367 E ArmVmp : Match on catch block at 0xc3 in for 0x7bd4e1a025
04-22 07:13:27.447 7367 7367 E ArmVmp : Match on catch block at 0xc3 in for 0x7bd4e1a025
04-22 07:13:27.452 7367 7367 E ArmVmp : Match on catch block at 0xc3 in for 0x7bd4e1a025
04-22 07:13:27.715 7367 7367 E ArmVmp : Match on catch block at 0xc3 in for 0x7bd4e1a025
04-22 07:13:27.719 7367 7367 E ArmVmp : Match on catch block at 0xc3 in for 0x7bd4e1a025
04-22 07:13:27.827 7367 7367 E ArmVmp : Match on catch block at 0xc3 in for 0x7bd4e1a025
04-22 07:13:27.832 7367 7367 E ArmVmp : Match on catch block at 0xc3 in for 0x7bd4e1a025
04-22 07:13:28.274 7367 7367 E ArmVmp : Match on catch block at 0xc3 in for 0x7bd4e1a025
04-22 07:13:28.277 7367 7367 E ArmVmp : Match on catch block at 0xc3 in for 0x7bd4e1a025
04-22 07:13:28.288 7367 7367 E ArmVmp : Match on catch block at 0xc3 in for 0x7bd4e1a025
04-22 07:13:28.291 7367 7367 E ArmVmp : Match on catch block at 0xc3 in for 0x7bd4e1a025
04-22 07:13:28.303 7367 7367 E ArmVmp : Match on catch block at 0xc3 in for 0x7bd4e1a025
04-22 07:13:28.306 7367 7367 E ArmVmp : Match on catch block at 0xc3 in for 0x7bd4e1a025
04-22 07:13:28.343 7367 7367 E ArmVmp : Match on catch block at 0xc3 in for 0x7bd4e1a025
04-22 07:13:28.345 7367 7367 E ArmVmp : Match on catch block at 0xc3 in for 0x7bd4e1a025
04-22 07:13:28.359 7367 7367 E ArmVmp : Match on catch block at 0xc3 in for 0x7bd4e1a025
04-22 07:13:28.366 7367 7367 E ArmVmp : Match on catch block at 0xc3 in for 0x7bd4e1a025
04-22 07:13:28.371 7367 7367 E ArmVmp : Match on catch block at 0xc3 in for 0x7bd4e1a025
04-22 07:13:28.373 7367 7367 E ArmVmp : Match on catch block at 0xc3 in for 0x7bd4e1a025
04-22 07:13:28.379 7367 7367 E ArmVmp : Match on catch block at 0xc3 in for 0x7bd4e1a025
04-22 07:13:28.381 7367 7367 E ArmVmp : Match on catch block at 0xc3 in for 0x7bd4e1a025
04-22 07:13:28.386 7367 7367 E ArmVmp : Match on catch block at 0xc3 in for 0x7bd4e1a025
04-22 07:13:28.393 7367 7367 E ArmVmp : Match on catch block at 0xc3 in for 0x7bd4e1a025
04-22 07:13:28.400 7367 7367 E ArmVmp : Match on catch block at 0xc3 in for 0x7bd4e1a025
04-22 07:13:28.405 7367 7367 E ArmVmp : Match on catch block at 0xc3 in for 0x7bd4e1a025
04-22 07:13:28.411 7367 7367 E ArmVmp : Match on catch block at 0xc3 in for 0x7bd4e1a025
04-22 07:13:28.414 7367 7367 E ArmVmp : Match on catch block at 0xc3 in for 0x7bd4e1a025
04-22 07:13:28.420 7367 7367 E ArmVmp : Match on catch block at 0xc3 in for 0x7bd4e1a025
04-22 07:13:28.424 7367 7367 E ArmVmp : Match on catch block at 0xc3 in for 0x7bd4e1a025
04-22 07:13:28.431 7367 7367 E ArmVmp : Match on catch block at 0xc3 in for 0x7bd4e1a025
04-22 07:13:28.434 7367 7367 E ArmVmp : Match on catch block at 0xc3 in for 0x7bd4e1a025
04-22 07:13:28.442 7367 7367 E ArmVmp : Match on catch block at 0xc3 in for 0x7bd4e1a025
04-22 07:13:28.444 7367 7367 E ArmVmp : Match on catch block at 0xc3 in for 0x7bd4e1a025
04-22 07:13:28.453 7367 7367 E ArmVmp : Match on catch block at 0xc3 in for 0x7bd4e1a025
04-22 07:13:28.457 7367 7367 E ArmVmp : Match on catch block at 0xc3 in for 0x7bd4e1a025
04-22 07:13:28.465 7367 7367 E ArmVmp : Match on catch block at 0xc3 in for 0x7bd4e1a025
04-22 07:13:28.469 7367 7367 E ArmVmp : Match on catch block at 0xc3 in for 0x7bd4e1a025
04-22 07:13:28.476 7367 7367 E ArmVmp : Match on catch block at 0xc3 in for 0x7bd4e1a025
04-22 07:13:28.479 7367 7367 E ArmVmp : Match on catch block at 0xc3 in for 0x7bd4e1a025
04-22 07:13:28.647 7367 7367 E ArmVmp : Match on catch block at 0xc3 in for 0x7bd4e1a025
04-22 07:13:28.652 7367 7367 E ArmVmp : Match on catch block at 0xc3 in for 0x7bd4e1a025
04-22 07:13:28.657 7367 7367 E ArmVmp : Match on catch block at 0xc3 in for 0x7bd4e1a025
04-22 07:13:28.657 7367 8232 W MediaPlayer: Use of stream types is deprecated for operations other than volume control
04-22 07:13:28.657 7367 8232 W MediaPlayer: See the documentation of setAudioStreamType() for what to use instead with android.media.AudioAttributes to qualify your playback use case
04-22 07:13:28.661 7367 7367 E ArmVmp : Match on catch block at 0xc3 in for 0x7bd4e1a025
04-22 07:13:28.792 7367 7367 E ArmVmp : Match on catch block at 0xc3 in for 0x7bd4e1a025
04-22 07:13:28.794 7367 7367 E ArmVmp : Match on catch block at 0xc3 in for 0x7bd4e1a025
04-22 07:13:29.284 7367 7367 E ArmVmp : Match on catch block at 0xc3 in for 0x7bd4e1a025
04-22 07:13:29.287 7367 7367 E ArmVmp : Match on catch block at 0xc3 in for 0x7bd4e1a025
04-22 07:13:29.788 7367 7367 E ArmVmp : Match on catch block at 0xc3 in for 0x7bd4e1a025
04-22 07:13:29.791 7367 7367 E ArmVmp : Match on catch block at 0xc3 in for 0x7bd4e1a025
04-22 07:13:29.993 7367 7367 E ArmVmp : Match on catch block at 0xc3 in for 0x7bd4e1a025
04-22 07:13:29.997 7367 7367 E ArmVmp : Match on catch block at 0xc3 in for 0x7bd4e1a025
04-22 07:13:30.006 7367 7367 E ArmVmp : Match on catch block at 0xc3 in for 0x7bd4e1a025
04-22 07:13:30.008 7367 7367 E ArmVmp : Match on catch block at 0xc3 in for 0x7bd4e1a025
04-22 07:13:30.014 7367 7367 E ArmVmp : Match on catch block at 0xc3 in for 0x7bd4e1a025
04-22 07:13:30.018 7367 7367 E ArmVmp : Match on catch block at 0xc3 in for 0x7bd4e1a025
04-22 07:13:30.286 7367 7367 E ArmVmp : Match on catch block at 0xc3 in for 0x7bd4e1a025
04-22 07:13:30.289 7367 7367 E ArmVmp : Match on catch block at 0xc3 in for 0x7bd4e1a025
04-22 07:13:30.295 7367 7367 E ArmVmp : Match on catch block at 0xc3 in for 0x7bd4e1a025
04-22 07:13:30.298 7367 7367 E ArmVmp : Match on catch block at 0xc3 in for 0x7bd4e1a025
04-22 07:13:30.806 7367 7367 E ArmVmp : Match on catch block at 0xc3 in for 0x7bd4e1a025
04-22 07:13:30.809 7367 7367 E ArmVmp : Match on catch block at 0xc3 in for 0x7bd4e1a025
04-22 07:13:31.324 7367 7367 E ArmVmp : Match on catch block at 0xc3 in for 0x7bd4e1a025
04-22 07:13:31.327 7367 7367 E ArmVmp : Match on catch block at 0xc3 in for 0x7bd4e1a025
04-22 07:13:31.799 7367 7367 E ArmVmp : Match on catch block at 0xc3 in for 0x7bd4e1a025
04-22 07:13:31.802 7367 7367 E ArmVmp : Match on catch block at 0xc3 in for 0x7bd4e1a025
04-22 07:13:31.815 7367 7367 W WindowOnBackDispatcher: sendCancelIfRunning: isInProgress=falsecallback=ImeCallback=ImeOnBackInvokedCallback@181647795 Callback=android.window.IOnBackInvokedCallback$Stub$Proxy@b6b3018
04-22 07:13:31.818 7367 7367 E ArmVmp : Match on catch block at 0xc3 in for 0x7bd4e1a025
04-22 07:13:31.822 7367 7367 E ArmVmp : Match on catch block at 0xc3 in for 0x7bd4e1a025
04-22 07:13:31.834 7367 7367 E ArmVmp : Match on catch block at 0xc3 in for 0x7bd4e1a025
04-22 07:13:31.837 7367 7367 E ArmVmp : Match on catch block at 0xc3 in for 0x7bd4e1a025
04-22 07:13:32.023 7367 7367 E ArmVmp : Match on catch block at 0xc3 in for 0x7bd4e1a025
04-22 07:13:32.026 7367 7367 E ArmVmp : Match on catch block at 0xc3 in for 0x7bd4e1a025
04-22 07:13:32.137 7367 7367 W MIUIInput: Back key is intercepted by the app
04-22 07:13:32.145 7367 7367 E ArmVmp : Match on catch block at 0xc3 in for 0x7bd4e1a025
04-22 07:13:32.150 7367 7367 E ArmVmp : Match on catch block at 0xc3 in for 0x7bd4e1a025
04-22 07:13:32.175 7367 7367 E ArmVmp : Match on catch block at 0xc3 in for 0x7bd4e1a025
04-22 07:13:32.177 7367 7367 E ArmVmp : Match on catch block at 0xc3 in for 0x7bd4e1a025
04-22 07:13:32.194 7367 7367 W com.mbwhatsapp: Method void com.mbwhatsapp.HomeActivity.A6e() failed lock verification and will run slower.
04-22 07:13:32.258 7367 7367 E ArmVmp : Match on catch block at 0x8d in for 0x7bd4e1a039
04-22 07:13:32.300 7367 7367 E ArmVmp : Match on catch block at 0x4c in for 0x7bd4e1a039
04-22 07:13:32.322 7367 7367 E ArmVmp : Match on catch block at 0x8d in for 0x7bd4e1a039
04-22 07:13:32.531 7367 7367 E ArmVmp : Match on catch block at 0x0a in for 0x7bd4e1a031
04-22 07:13:32.553 7367 7367 E ArmVmp : Match on catch block at 0x0a in for 0x7bd4e1a04d
04-22 07:13:32.625 7367 7367 W Activity: Can request only one set of permissions at a time
04-22 07:13:32.679 7367 8891 W com.mbwhatsapp: Accessing hidden method Lcom/android/org/conscrypt/ConscryptEngineSocket;->setUseSessionTickets(Z)V (max- target-q,core-platform-api, reflection, denied)
04-22 07:13:32.679 7367 8891 W com.mbwhatsapp: Accessing hidden method Lcom/android/org/conscrypt/OpenSSLSocketImpl;->setUseSessionTickets(Z)V (max- target-q,core-platform-api, reflection, denied)
04-22 07:13:32.679 7367 8891 W com.mbwhatsapp: Accessing hidden method Lcom/android/org/conscrypt/AbstractConscryptSocket;->setUseSessionTickets(Z)V (max- target-q, reflection, denied)
04-22 07:13:32.679 7367 8891 W com.mbwhatsapp: Accessing hidden method Lcom/android/org/conscrypt/ConscryptEngineSocket;->setHostname(Ljava/lang/String;)V (max-target-q,core-platform-api, reflection, denied)
04-22 07:13:32.679 7367 8891 W com.mbwhatsapp: Accessing hidden method Lcom/android/org/conscrypt/OpenSSLSocketImpl;->setHostname(Ljava/lang/String;)V (max-target-q,core-platform-api, reflection, denied)
04-22 07:13:32.679 7367 8891 W com.mbwhatsapp: Accessing hidden method Lcom/android/org/conscrypt/AbstractConscryptSocket;->setHostname(Ljava/lang/ String;)V (max-target-q, reflection, denied)
04-22 07:13:32.679 7367 8891 W com.mbwhatsapp: Accessing hidden method Lcom/android/org/conscrypt/OpenSSLSocketImpl;->setAlpnProtocols([B)V (max-target- q,core-platform-api, reflection, denied)
04-22 07:13:32.679 7367 8891 W com.mbwhatsapp: Accessing hidden method Lcom/android/org/conscrypt/AbstractConscryptSocket;->setAlpnProtocols([B)V (max- target-q, reflection, denied)
04-22 07:13:32.699 7367 8182 W libc : Access denied finding property "ro.vendor.display.iris_x7.support"
04-22 07:13:32.704 7367 7367 W Looper : PerfMonitor looperActivity : package=com.mbwhatsapp/.HomeActivity time=1ms latency=535ms procState=-1 historyMsgCount=7 (msgIndex=7 wall=520ms seq=1156 late=15ms h=android.app.ActivityThread$H w=159)
04-22 07:13:32.707 7367 7367 E ArmVmp : Match on catch block at 0xc3 in for 0x7bd4e1a025
04-22 07:13:32.710 7367 7367 E ArmVmp : Match on catch block at 0xc3 in for 0x7bd4e1a025
04-22 07:13:32.793 7367 8898 W LOTTIE : Animation contains merge paths. Merge paths are only supported on KitKat+ and must be manually enabled by calling enableMergePathsForKitKatAndAbove().
04-22 07:13:32.839 7367 8182 E OpenGLRenderer: Unable to match the desired swap behavior.
04-22 07:13:32.866 7367 7378 W com.mbwhatsapp: Cleared Reference was only reachable from finalizer (only reported once)
04-22 07:13:32.882 7367 7367 E ArmVmp : Match on catch block at 0x8d in for 0x7bd4e1a049
04-22 07:13:32.889 7367 7367 E ArmVmp : Match on catch block at 0x8d in for 0x7bd4e1a049
04-22 07:13:32.893 7367 7367 E ArmVmp : Match on catch block at 0x8d in for 0x7bd4e1a049
04-22 07:13:32.901 7367 7367 E ArmVmp : Match on catch block at 0x8d in for 0x7bd4e1a049
04-22 07:13:32.920 7367 7367 E ArmVmp : Match on catch block at 0x8d in for 0x7bd4e1a03d
04-22 07:13:32.978 7367 7367 E ArmVmp : Match on catch block at 0x8d in for 0x7bd4e1a03d
04-22 07:13:33.008 7367 8891 W com.mbwhatsapp: Accessing hidden method Lcom/android/org/conscrypt/OpenSSLSocketImpl;->getAlpnSelectedProtocol()[B (max- target-q,core-platform-api, reflection, denied)
04-22 07:13:33.008 7367 8891 W com.mbwhatsapp: Accessing hidden method Lcom/android/org/conscrypt/AbstractConscryptSocket;->getAlpnSelectedProtocol()[B (max-target-q, reflection, denied)
04-22 07:13:33.023 7367 7367 E ArmVmp : Match on catch block at 0x8d in for 0x7bd4e1a03d
04-22 07:13:33.068 7367 7367 E ArmVmp : Match on catch block at 0x8d in for 0x7bd4e1a03d
04-22 07:13:33.108 7367 7367 E ArmVmp : Match on catch block at 0x8d in for 0x7bd4e1a03d
04-22 07:13:33.147 7367 7367 E ArmVmp : Match on catch block at 0x8d in for 0x7bd4e1a03d
04-22 07:13:33.212 7367 7367 E ArmVmp : Match on catch block at 0x8d in for 0x7bd4e1a03d
04-22 07:13:33.252 7367 7367 E ArmVmp : Match on catch block at 0x8d in for 0x7bd4e1a03d
04-22 07:13:33.291 7367 7367 E ArmVmp : Match on catch block at 0x8d in for 0x7bd4e1a03d
04-22 07:13:33.320 7367 7367 E RecyclerView: No adapter attached; skipping layout
04-22 07:13:33.391 7367 7367 W Looper : PerfMonitor doFrame : time=687ms vsyncFrame=0 latency=526ms procState=-1 historyMsgCount=5 (msgIndex=4 wall=520ms seq=1156 late=15ms h=android.app.ActivityThread$H w=159)
04-22 07:13:33.391 7367 7367 W JobService: onNetworkChanged() not implemented in androidx.work.impl.background.systemjob.SystemJobService. Must override in a subclass.
04-22 07:13:33.396 7367 7367 W Looper : PerfMonitor looperActivity : package=com.mbwhatsapp/.HomeActivity time=1ms latency=831ms procState=-1 historyMsgCount=14 (msgIndex=1 wall=520ms seq=1156 late=15ms h=android.app.ActivityThread$H w=159) (msgIndex=3 wall=687ms seq=1158 late=526ms h=android.view.Choreographer$FrameHandler c=android.view.Choreographer$FrameDisplayEventReceiver)
04-22 07:13:33.408 7367 7367 W Looper : PerfMonitor looperActivity : package=com.mbwhatsapp/.HomeActivity time=11ms latency=832ms procState=-1 historyMsgCount=15 (msgIndex=1 wall=520ms seq=1156 late=15ms h=android.app.ActivityThread$H w=159) (msgIndex=3 wall=687ms seq=1158 late=526ms h=android.view.Choreographer$FrameHandler c=android.view.Choreographer$FrameDisplayEventReceiver)
04-22 07:13:33.435 7367 7367 E ArmVmp : Match on catch block at 0xc3 in for 0x7bd4e1a025
04-22 07:13:33.438 7367 7367 E ArmVmp : Match on catch block at 0xc3 in for 0x7bd4e1a025
04-22 07:13:33.449 7367 7367 E RecyclerView: No adapter attached; skipping layout
04-22 07:13:33.458 7367 7367 W Looper : PerfMonitor doFrame : time=50ms vsyncFrame=0 latency=693ms procState=-1 historyMsgCount=24 (msgIndex=1 wall=687ms seq=1158 late=526ms h=android.view.Choreographer$FrameHandler c=android.view.Choreographer$FrameDisplayEventReceiver)
04-22 07:13:33.473 7367 7367 W LOTTIE : Animation contains merge paths but they are disabled.
04-22 07:13:33.496 7367 7367 E ArmVmp : Match on catch block at 0x0a in for 0x7bd4e1a035
04-22 07:13:33.518 7367 7367 W Looper : PerfMonitor looperActivity : package=com.mbwhatsapp/mbmodsd.mbmodsw.mbsettings.yo.PauseActivity time=35ms latency=413ms procState=-1 historyMsgCount=103 (msgIndex=1 wall=687ms seq=1158 late=526ms h=android.view.Choreographer$FrameHandler c=android.view.Choreographer$FrameDisplayEventReceiver)
04-22 07:13:33.531 7367 7367 W WindowOnBackDispatcher: sendCancelIfRunning: isInProgress=falsecallback=android.view.ViewRootImpl$ $ExternalSyntheticLambda22@4a4442c
04-22 07:13:33.531 7367 7367 W MiuiStubRegistry: Failed to collect stub providers in android.magicpointer.util.MiuiMagicPointerUtilsStubHeadManifest$$: /system_ext/framework/miui-framework-pointer-pad.jar not exist
04-22 07:13:33.738 7367 8182 E OpenGLRenderer: Unable to match the desired swap behavior.
04-22 07:13:34.000 7367 7367 E ArmVmp : Match on catch block at 0x8d in for 0x7bd4e1a039
04-22 07:13:34.008 7367 7367 E ArmVmp : Match on catch block at 0x8d in for 0x7bd4e1a039
04-22 07:13:34.018 7367 7367 E ArmVmp : Match on catch block at 0x5b in for 0x7bd4e1a01d
04-22 07:13:34.075 7367 8982 E BitmapFactory: Unable to decode stream: java.io.FileNotFoundException: /storage/emulated/0/Android/media/com.mbwhatsapp/MBWhatsApp/Media/.Links/ 2f676f56eddee1044f1fb0ff16609ac2: open failed: ENOENT (No such file or directory)
04-22 07:13:34.102 7367 8182 W libc : Access denied finding property "ro.vendor.display.iris_x7.support"
04-22 07:13:34.125 7367 8182 E OpenGLRenderer: Unable to match the desired swap behavior.
04-22 07:13:34.161 7367 8182 E OpenGLRenderer: Unable to match the desired swap behavior.
04-22 07:13:34.699 7367 8182 E OpenGLRenderer: Unable to match the desired swap behavior.
04-22 07:13:34.715 7367 8182 E OpenGLRenderer: Unable to match the desired swap behavior.
04-22 07:13:34.725 7367 8182 E OpenGLRenderer: Unable to match the desired swap behavior.
04-22 07:13:34.736 7367 8182 E OpenGLRenderer: Unable to match the desired swap behavior.
04-22 07:13:34.746 7367 8182 E OpenGLRenderer: Unable to match the desired swap behavior.
04-22 07:13:34.759 7367 8182 E OpenGLRenderer: Unable to match the desired swap behavior.
04-22 07:13:34.769 7367 8182 E OpenGLRenderer: Unable to match the desired swap behavior.
04-22 07:13:34.781 7367 8182 E OpenGLRenderer: Unable to match the desired swap behavior.
04-22 07:13:34.792 7367 8182 E OpenGLRenderer: Unable to match the desired swap behavior.
04-22 07:13:34.803 7367 8182 E OpenGLRenderer: Unable to match the desired swap behavior.
04-22 07:13:34.814 7367 8182 E OpenGLRenderer: Unable to match the desired swap behavior.
04-22 07:13:34.825 7367 8182 E OpenGLRenderer: Unable to match the desired swap behavior.
04-22 07:13:34.836 7367 8182 E OpenGLRenderer: Unable to match the desired swap behavior.
04-22 07:13:34.847 7367 8182 E OpenGLRenderer: Unable to match the desired swap behavior.
04-22 07:13:34.858 7367 8182 E OpenGLRenderer: Unable to match the desired swap behavior.
04-22 07:13:34.870 7367 8182 E OpenGLRenderer: Unable to match the desired swap behavior.
04-22 07:13:34.882 7367 8182 E OpenGLRenderer: Unable to match the desired swap behavior.
04-22 07:13:34.892 7367 8182 E OpenGLRenderer: Unable to match the desired swap behavior.
04-22 07:13:34.904 7367 8182 E OpenGLRenderer: Unable to match the desired swap behavior.
04-22 07:13:34.914 7367 8182 E OpenGLRenderer: Unable to match the desired swap behavior.
04-22 07:13:34.926 7367 8182 E OpenGLRenderer: Unable to match the desired swap behavior.
04-22 07:13:34.937 7367 8182 E OpenGLRenderer: Unable to match the desired swap behavior.
04-22 07:13:34.949 7367 8182 E OpenGLRenderer: Unable to match the desired swap behavior.
04-22 07:13:34.959 7367 8182 E OpenGLRenderer: Unable to match the desired swap behavior.
04-22 07:13:34.970 7367 8182 E OpenGLRenderer: Unable to match the desired swap behavior.
04-22 07:13:34.982 7367 8182 E OpenGLRenderer: Unable to match the desired swap behavior.
04-22 07:13:34.989 7367 8182 E OpenGLRenderer: Unable to match the desired swap behavior.
04-22 07:13:37.337 7367 7367 W Choreographer: Frame time is 0.033514 now = 121197227167607 timestampNanos = 121197227201121 ms in the future! Check that graphics HAL is generating vsync timestamps using the correct timebase.
04-22 07:13:38.053 7367 7367 W libc : Access denied finding property "ro.vendor.audio.cloudctrl"
04-22 07:13:38.048 7367 7367 W com.mbwhatsapp: type=1400 audit(0.0:388611): avc: denied { read } for name="u:object_r:vendor_ro_audio_prop:s0" dev="tmpfs" ino=707 scontext=u:r:untrusted_app_32:s0:c232,c256,c512,c768 tcontext=u:object_r:vendor_ro_audio_prop:s0 tclass=file permissive=0 app=com.mbwhatsapp
04-22 07:13:38.140 7367 8182 W libc : Access denied finding property "ro.vendor.display.iris_x7.support"
04-22 07:13:38.154 7367 8182 E OpenGLRenderer: Unable to match the desired swap behavior.
04-22 07:13:38.196 7367 7367 W pool-11-thread-: type=1400 audit(0.0:388612): avc: granted { execute } for path="/data/data/com.mbwhatsapp/files/decompressed/libs.spk.zst/libgifimage.so" dev="dm-48" ino=160429 scontext=u:r:untrusted_app_32:s0:c232,c256,c512,c768 tcontext=u:object_r:app_data_file:s0:c232,c256,c512,c768 tclass=file app=com.mbwhatsapp
04-22 07:13:38.368 7367 7367 W JobService: onNetworkChanged() not implemented in androidx.work.impl.background.systemjob.SystemJobService. Must override in a subclass.
04-22 07:13:38.460 7367 8982 W BpBinder: Slow Binder: BpBinder transact took 220 ms, interface=android.media.IMediaMetadataRetriever, code=5 oneway=false
04-22 07:13:38.937 7367 7367 W libc : Access denied finding property "ro.vendor.audio.cloudctrl"
04-22 07:13:38.932 7367 7367 W com.mbwhatsapp: type=1400 audit(0.0:388615): avc: denied { read } for name="u:object_r:vendor_ro_audio_prop:s0" dev="tmpfs" ino=707 scontext=u:r:untrusted_app_32:s0:c232,c256,c512,c768 tcontext=u:object_r:vendor_ro_audio_prop:s0 tclass=file permissive=0 app=com.mbwhatsapp
04-22 07:13:38.979 7367 7367 W libc : Access denied finding property "ro.vendor.audio.cloudctrl"
04-22 07:13:38.976 7367 7367 W com.mbwhatsapp: type=1400 audit(0.0:388616): avc: denied { read } for name="u:object_r:vendor_ro_audio_prop:s0" dev="tmpfs" ino=707 scontext=u:r:untrusted_app_32:s0:c232,c256,c512,c768 tcontext=u:object_r:vendor_ro_audio_prop:s0 tclass=file permissive=0 app=com.mbwhatsapp
04-22 07:13:38.988 7367 8182 W libc : Access denied finding property "ro.vendor.display.iris_x7.support"
04-22 07:13:39.001 7367 7367 E ArmVmp : Match on catch block at 0x8d in for 0x7bd4e1a039
04-22 07:13:39.004 7367 7367 E ArmVmp : Match on catch block at 0x8d in for 0x7bd4e1a039
04-22 07:13:39.021 7367 8182 E OpenGLRenderer: Unable to match the desired swap behavior.
04-22 07:13:39.072 7367 7367 W BottomSheetBehavior: BottomSheetBehavior now supports multiple callbacks. `setBottomSheetCallback()` removes all existing callbacks, including ones set internally by library authors, which may result in unintended behavior. This may change in the future. Please use `addBottomSheetCallback()` and `removeBottomSheetCallback()` instead to set your own callbacks.
04-22 07:13:39.072 7367 7367 W BottomSheetBehavior: BottomSheetBehavior now supports multiple callbacks. `setBottomSheetCallback()` removes all existing callbacks, including ones set internally by library authors, which may result in unintended behavior. This may change in the future. Please use `addBottomSheetCallback()` and `removeBottomSheetCallback()` instead to set your own callbacks.
04-22 07:13:39.156 7367 9058 W AudioCapabilities: Unsupported mime audio/x-adpcm- dvi-ima
04-22 07:13:39.156 7367 9058 W AudioCapabilities: Unsupported mime audio/x-adpcm- dvi-ima
04-22 07:13:39.156 7367 9058 W AudioCapabilities: Unsupported mime audio/x-adpcm- ms
04-22 07:13:39.156 7367 9058 W AudioCapabilities: Unsupported mime audio/x-adpcm- ms
04-22 07:13:39.156 7367 9058 W AudioCapabilities: Unsupported mime audio/alac
04-22 07:13:39.156 7367 9058 W AudioCapabilities: Unsupported mime audio/alac
04-22 07:13:39.156 7367 9058 W AudioCapabilities: Unsupported mime audio/ape
04-22 07:13:39.156 7367 9058 W AudioCapabilities: Unsupported mime audio/ape
04-22 07:13:39.160 7367 9058 W VideoCapabilities: Unsupported mime image/vnd.android.heic
04-22 07:13:39.160 7367 9058 W VideoCapabilities: Unsupported mime image/vnd.android.heic
04-22 07:13:39.160 7367 9058 W VideoCapabilities: Unsupported mime image/vnd.android.heic
04-22 07:13:39.160 7367 9058 W VideoCapabilities: Unsupported mime image/vnd.android.heic
04-22 07:13:39.161 7367 9058 W VideoCapabilities: Unrecognized profile/level 32768/256 for video/mp4v-es
04-22 07:13:39.161 7367 9058 W VideoCapabilities: Unrecognized profile/level 32768/256 for video/mp4v-es
04-22 07:13:39.259 7367 9075 W ColorUtils: expected specified color aspects (2:0:0:0)
04-22 07:13:39.264 7367 9058 W libc : Access denied finding property "ro.vendor.audio.dolby.vision.support"
04-22 07:13:39.270 7367 9075 W Codec2Client: query -- param skipped: index = 1107298332.
04-22 07:13:39.270 7367 9075 W CCodec : This behavior is subject to change. It is recommended that app developers double check whether the requested max input size is in reasonable range.
04-22 07:13:39.274 7367 9075 W Codec2Client: query -- param skipped: index = 1342179345.
04-22 07:13:39.274 7367 9075 W Codec2Client: query -- param skipped: index = 2415921170.
04-22 07:13:39.274 7367 9075 W Codec2Client: query -- param skipped: index = 1610614798.
04-22 07:13:39.338 7367 9093 W Codec2Client: query -- param skipped: index = 1107298332.
04-22 07:13:39.340 7367 9093 W CCodec : This behavior is subject to change. It is recommended that app developers double check whether the requested max input size is in reasonable range.
04-22 07:13:39.342 7367 9093 W Codec2Client: query -- param skipped: index = 1342179345.
04-22 07:13:39.342 7367 9093 W Codec2Client: query -- param skipped: index = 2415921170.
04-22 07:13:39.342 7367 9093 W Codec2Client: query -- param skipped: index = 1610614798.
04-22 07:13:39.387 7367 9058 W libc : Access denied finding property "ro.vendor.audio.zerodata.upload"
04-22 07:13:39.384 7367 7367 W ExoPlayer:Playb: type=1400 audit(0.0:388619): avc: denied { read } for name="u:object_r:vendor_ro_audio_prop:s0" dev="tmpfs" ino=707 scontext=u:r:untrusted_app_32:s0:c232,c256,c512,c768 tcontext=u:object_r:vendor_ro_audio_prop:s0 tclass=file permissive=0 app=com.mbwhatsapp
04-22 07:13:39.384 7367 7367 W binder:7367_1: type=1400 audit(0.0:388620): avc: denied { read } for name="u:object_r:vendor_ro_audio_prop:s0" dev="tmpfs" ino=707 scontext=u:r:untrusted_app_32:s0:c232,c256,c512,c768 tcontext=u:object_r:vendor_ro_audio_prop:s0 tclass=file permissive=0 app=com.mbwhatsapp
04-22 07:13:39.390 7367 9058 W libc : Access denied finding property "ro.vendor.audio.shortvideo.index"
04-22 07:13:39.388 7367 7367 W ExoPlayer:Playb: type=1400 audit(0.0:388621): avc: denied { read } for name="u:object_r:vendor_ro_audio_prop:s0" dev="tmpfs" ino=707 scontext=u:r:untrusted_app_32:s0:c232,c256,c512,c768 tcontext=u:object_r:vendor_ro_audio_prop:s0 tclass=file permissive=0 app=com.mbwhatsapp
04-22 07:13:39.404 7367 7367 W RenderThread: type=1400 audit(0.0:388622): avc: denied { getattr } for name="/" dev="dmabuf" ino=1 scontext=u:r:untrusted_app_32:s0:c232,c256,c512,c768 tcontext=u:object_r:unlabeled:s0 tclass=filesystem permissive=0 app=com.mbwhatsapp
04-22 07:13:39.404 7367 7367 W RenderThread: type=1400 audit(0.0:388623): avc: denied { getattr } for name="/" dev="dmabuf" ino=1 scontext=u:r:untrusted_app_32:s0:c232,c256,c512,c768 tcontext=u:object_r:unlabeled:s0 tclass=filesystem permissive=0 app=com.mbwhatsapp
04-22 07:13:39.408 7367 8182 E com.mbwhatsapp: == MALI DEBUG ===eglp_winsys_populate_image_templates ==12288
04-22 07:13:39.408 7367 8182 W libc : Access denied finding property "ro.vendor.display.iris_x7.support"
04-22 07:13:39.409 7367 8182 W libc : Access denied finding property "ro.vendor.display.iris_x7.support"
04-22 07:13:39.417 7367 7576 W libc : Access denied finding property "ro.vendor.audio.shortvideo.index"
04-22 07:13:39.454 7367 9058 W EpFrameworkFactory: activated: false jar exist: false
04-22 07:13:39.484 7367 9058 W AudioTrack: getTimestamp_l(4903): retrograde timestamp time corrected, 121199221428915 < 121199354903069
04-22 07:13:39.519 7367 8182 E com.mbwhatsapp: == MALI DEBUG ===eglp_winsys_populate_image_templates ==12288
04-22 07:13:39.542 7367 8182 E com.mbwhatsapp: == MALI DEBUG ===eglp_winsys_populate_image_templates ==12288
04-22 07:13:39.575 7367 8182 E com.mbwhatsapp: == MALI DEBUG ===eglp_winsys_populate_image_templates ==12288
04-22 07:13:39.619 7367 8182 E com.mbwhatsapp: == MALI DEBUG ===eglp_winsys_populate_image_templates ==12288
04-22 07:13:39.642 7367 8182 E com.mbwhatsapp: == MALI DEBUG ===eglp_winsys_populate_image_templates ==12288
04-22 07:13:39.709 7367 8182 E com.mbwhatsapp: == MALI DEBUG ===eglp_winsys_populate_image_templates ==12288
04-22 07:13:39.743 7367 8182 E com.mbwhatsapp: == MALI DEBUG ===eglp_winsys_populate_image_templates ==12288
04-22 07:13:39.787 7367 8182 E com.mbwhatsapp: == MALI DEBUG ===eglp_winsys_populate_image_templates ==12288
04-22 07:13:39.810 7367 8182 E com.mbwhatsapp: == MALI DEBUG ===eglp_winsys_populate_image_templates ==12288
04-22 07:13:39.855 7367 8182 E com.mbwhatsapp: == MALI DEBUG ===eglp_winsys_populate_image_templates ==12288
04-22 07:13:39.889 7367 8182 E com.mbwhatsapp: == MALI DEBUG ===eglp_winsys_populate_image_templates ==12288
04-22 07:13:39.911 7367 8182 E com.mbwhatsapp: == MALI DEBUG ===eglp_winsys_populate_image_templates ==12288
04-22 07:13:39.944 7367 8182 E com.mbwhatsapp: == MALI DEBUG ===eglp_winsys_populate_image_templates ==12288
04-22 07:13:39.989 7367 8182 E com.mbwhatsapp: == MALI DEBUG ===eglp_winsys_populate_image_templates ==12288
04-22 07:13:40.011 7367 8182 E com.mbwhatsapp: == MALI DEBUG ===eglp_winsys_populate_image_templates ==12288
04-22 07:13:40.045 7367 8182 E com.mbwhatsapp: == MALI DEBUG ===eglp_winsys_populate_image_templates ==12288
04-22 07:13:40.090 7367 8182 E com.mbwhatsapp: == MALI DEBUG ===eglp_winsys_populate_image_templates ==12288
04-22 07:13:40.123 7367 8182 E com.mbwhatsapp: == MALI DEBUG ===eglp_winsys_populate_image_templates ==12288
04-22 07:13:40.145 7367 8182 E com.mbwhatsapp: == MALI DEBUG ===eglp_winsys_populate_image_templates ==12288
04-22 07:13:40.179 7367 8182 E com.mbwhatsapp: == MALI DEBUG ===eglp_winsys_populate_image_templates ==12288
04-22 07:13:40.213 7367 8182 E com.mbwhatsapp: == MALI DEBUG ===eglp_winsys_populate_image_templates ==12288
04-22 07:13:40.280 7367 8182 E com.mbwhatsapp: == MALI DEBUG ===eglp_winsys_populate_image_templates ==12288
