04-22 02:05:11.274 31315 31315 E ArmVmp : Match on catch block at 0xc3 in for 0x7bd4e1a025
04-22 02:05:11.280 31315 31315 E ArmVmp : Match on catch block at 0xc3 in for 0x7bd4e1a025
04-22 02:05:11.287 31315 31315 E ArmVmp : Match on catch block at 0xc3 in for 0x7bd4e1a025
04-22 02:05:11.293 31315 31315 E ArmVmp : Match on catch block at 0xc3 in for 0x7bd4e1a025
04-22 02:05:11.299 31315 31315 E ArmVmp : Match on catch block at 0xc3 in for 0x7bd4e1a025
04-22 02:05:11.305 31315 31315 E ArmVmp : Match on catch block at 0xc3 in for 0x7bd4e1a025
04-22 02:05:11.310 31315 31315 E ArmVmp : Match on catch block at 0xc3 in for 0x7bd4e1a025
04-22 02:05:11.313 31315 31315 E ArmVmp : Match on catch block at 0xc3 in for 0x7bd4e1a025
04-22 02:05:11.322 31315 31315 E ArmVmp : Match on catch block at 0xc3 in for 0x7bd4e1a025
04-22 02:05:11.328 31315 31315 E ArmVmp : Match on catch block at 0xc3 in for 0x7bd4e1a025
04-22 02:05:11.332 31315 31315 E ArmVmp : Match on catch block at 0xc3 in for 0x7bd4e1a025
04-22 02:05:11.336 31315 31315 E ArmVmp : Match on catch block at 0xc3 in for 0x7bd4e1a025
04-22 02:05:11.344 31315 31315 E ArmVmp : Match on catch block at 0xc3 in for 0x7bd4e1a025
04-22 02:05:11.349 31315 31315 E ArmVmp : Match on catch block at 0xc3 in for 0x7bd4e1a025
04-22 02:05:11.356 31315 31315 E ArmVmp : Match on catch block at 0xc3 in for 0x7bd4e1a025
04-22 02:05:11.361 31315 31315 E ArmVmp : Match on catch block at 0xc3 in for 0x7bd4e1a025
04-22 02:05:11.365 31315 31315 E ArmVmp : Match on catch block at 0xc3 in for 0x7bd4e1a025
04-22 02:05:11.370 31315 31315 E ArmVmp : Match on catch block at 0xc3 in for 0x7bd4e1a025
04-22 02:05:11.377 31315 31315 E ArmVmp : Match on catch block at 0xc3 in for 0x7bd4e1a025
04-22 02:05:11.382 31315 31315 E ArmVmp : Match on catch block at 0xc3 in for 0x7bd4e1a025
04-22 02:05:11.387 31315 31315 E ArmVmp : Match on catch block at 0xc3 in for 0x7bd4e1a025
04-22 02:05:11.390 31315 31315 E ArmVmp : Match on catch block at 0xc3 in for 0x7bd4e1a025
04-22 02:05:11.488 31315 31315 E ArmVmp : Match on catch block at 0xc3 in for 0x7bd4e1a025
04-22 02:05:11.491 31315 31315 E ArmVmp : Match on catch block at 0xc3 in for 0x7bd4e1a025
04-22 02:05:11.750 31315 31315 E ArmVmp : Match on catch block at 0xc3 in for 0x7bd4e1a025
04-22 02:05:11.753 31315 31315 E ArmVmp : Match on catch block at 0xc3 in for 0x7bd4e1a025
04-22 02:05:11.761 31315 31315 E ArmVmp : Match on catch block at 0xc3 in for 0x7bd4e1a025
04-22 02:05:11.764 31315 31315 E ArmVmp : Match on catch block at 0xc3 in for 0x7bd4e1a025
04-22 02:05:12.101 31315 31315 E ArmVmp : Match on catch block at 0xc3 in for 0x7bd4e1a025
04-22 02:05:12.104 31315 31315 E ArmVmp : Match on catch block at 0xc3 in for 0x7bd4e1a025
04-22 02:05:12.369 31315 31315 E ArmVmp : Match on catch block at 0xc3 in for 0x7bd4e1a025
04-22 02:05:12.372 31315 31315 E ArmVmp : Match on catch block at 0xc3 in for 0x7bd4e1a025
04-22 02:05:12.553 31315 31315 E ArmVmp : Match on catch block at 0xc3 in for 0x7bd4e1a025
04-22 02:05:12.556 31315 31315 E ArmVmp : Match on catch block at 0xc3 in for 0x7bd4e1a025
04-22 02:05:12.721 31315 31315 E ArmVmp : Match on catch block at 0xc3 in for 0x7bd4e1a025
04-22 02:05:12.725 31315 31315 E ArmVmp : Match on catch block at 0xc3 in for 0x7bd4e1a025
04-22 02:05:13.226 31315 31315 E ArmVmp : Match on catch block at 0xc3 in for 0x7bd4e1a025
04-22 02:05:13.234 31315 31315 E ArmVmp : Match on catch block at 0xc3 in for 0x7bd4e1a025
04-22 02:05:13.731 31315 31315 E ArmVmp : Match on catch block at 0xc3 in for 0x7bd4e1a025
04-22 02:05:13.740 31315 31315 E ArmVmp : Match on catch block at 0xc3 in for 0x7bd4e1a025
04-22 02:05:14.047 31315 31315 E ArmVmp : Match on catch block at 0xc3 in for 0x7bd4e1a025
04-22 02:05:14.049 31315 31315 E ArmVmp : Match on catch block at 0xc3 in for 0x7bd4e1a025
04-22 02:05:14.171 31315 31315 E ArmVmp : Match on catch block at 0xc3 in for 0x7bd4e1a025
04-22 02:05:14.173 31315 31315 E ArmVmp : Match on catch block at 0xc3 in for 0x7bd4e1a025
04-22 02:05:14.574 31315 31315 E ArmVmp : Match on catch block at 0xc3 in for 0x7bd4e1a025
04-22 02:05:14.576 31315 31315 E ArmVmp : Match on catch block at 0xc3 in for 0x7bd4e1a025
04-22 02:05:14.587 31315 31315 E ArmVmp : Match on catch block at 0xc3 in for 0x7bd4e1a025
04-22 02:05:14.589 31315 31315 E ArmVmp : Match on catch block at 0xc3 in for 0x7bd4e1a025
04-22 02:05:14.606 31315 31315 E ArmVmp : Match on catch block at 0xc3 in for 0x7bd4e1a025
04-22 02:05:14.608 31315 31315 E ArmVmp : Match on catch block at 0xc3 in for 0x7bd4e1a025
04-22 02:05:14.614 31315 31315 E ArmVmp : Match on catch block at 0xc3 in for 0x7bd4e1a025
04-22 02:05:14.616 31315 31315 E ArmVmp : Match on catch block at 0xc3 in for 0x7bd4e1a025
04-22 02:05:14.638 31315 31315 E ArmVmp : Match on catch block at 0xc3 in for 0x7bd4e1a025
04-22 02:05:14.643 31315 31315 E ArmVmp : Match on catch block at 0xc3 in for 0x7bd4e1a025
04-22 02:05:14.658 31315 31315 E ArmVmp : Match on catch block at 0xc3 in for 0x7bd4e1a025
04-22 02:05:14.665 31315 31315 E ArmVmp : Match on catch block at 0xc3 in for 0x7bd4e1a025
04-22 02:05:14.674 31315 31315 E ArmVmp : Match on catch block at 0xc3 in for 0x7bd4e1a025
04-22 02:05:14.677 31315 31315 E ArmVmp : Match on catch block at 0xc3 in for 0x7bd4e1a025
04-22 02:05:14.680 31315 31315 E ArmVmp : Match on catch block at 0xc3 in for 0x7bd4e1a025
04-22 02:05:14.686 31315 31315 E ArmVmp : Match on catch block at 0xc3 in for 0x7bd4e1a025
04-22 02:05:14.692 31315 31315 E ArmVmp : Match on catch block at 0xc3 in for 0x7bd4e1a025
04-22 02:05:14.696 31315 31315 E ArmVmp : Match on catch block at 0xc3 in for 0x7bd4e1a025
04-22 02:05:14.701 31315 31315 E ArmVmp : Match on catch block at 0xc3 in for 0x7bd4e1a025
04-22 02:05:14.704 31315 31315 E ArmVmp : Match on catch block at 0xc3 in for 0x7bd4e1a025
04-22 02:05:14.723 31315 31315 E ArmVmp : Match on catch block at 0xc3 in for 0x7bd4e1a025
04-22 02:05:14.726 31315 31315 E ArmVmp : Match on catch block at 0xc3 in for 0x7bd4e1a025
04-22 02:05:14.736 31315 31315 E ArmVmp : Match on catch block at 0xc3 in for 0x7bd4e1a025
04-22 02:05:14.742 31315 31315 E ArmVmp : Match on catch block at 0xc3 in for 0x7bd4e1a025
04-22 02:05:14.758 31315 31315 E ArmVmp : Match on catch block at 0xc3 in for 0x7bd4e1a025
04-22 02:05:14.763 31315 31315 E ArmVmp : Match on catch block at 0xc3 in for 0x7bd4e1a025
04-22 02:05:14.769 31315 31315 E ArmVmp : Match on catch block at 0xc3 in for 0x7bd4e1a025
04-22 02:05:14.775 31315 31315 E ArmVmp : Match on catch block at 0xc3 in for 0x7bd4e1a025
04-22 02:05:14.781 31315 31315 E ArmVmp : Match on catch block at 0xc3 in for 0x7bd4e1a025
04-22 02:05:14.787 31315 31315 E ArmVmp : Match on catch block at 0xc3 in for 0x7bd4e1a025
04-22 02:05:15.066 31315 31315 E ArmVmp : Match on catch block at 0xc3 in for 0x7bd4e1a025
04-22 02:05:15.071 31315 31315 E ArmVmp : Match on catch block at 0xc3 in for 0x7bd4e1a025
04-22 02:05:15.080 31315 31315 E ArmVmp : Match on catch block at 0xc3 in for 0x7bd4e1a025
04-22 02:05:15.084 31315 31428 W MediaPlayer: Use of stream types is deprecated for operations other than volume control
04-22 02:05:15.085 31315 31428 W MediaPlayer: See the documentation of setAudioStreamType() for what to use instead with android.media.AudioAttributes to qualify your playback use case
04-22 02:05:15.086 31315 31315 E ArmVmp : Match on catch block at 0xc3 in for 0x7bd4e1a025
04-22 02:05:15.102 31315 31315 E ArmVmp : Match on catch block at 0xc3 in for 0x7bd4e1a025
04-22 02:05:15.107 31315 31315 E ArmVmp : Match on catch block at 0xc3 in for 0x7bd4e1a025
04-22 02:05:15.432 31315 31315 E ArmVmp : Match on catch block at 0xc3 in for 0x7bd4e1a025
04-22 02:05:15.438 31315 31315 E ArmVmp : Match on catch block at 0xc3 in for 0x7bd4e1a025
04-22 02:05:15.459 31315 31315 E ArmVmp : Match on catch block at 0xc3 in for 0x7bd4e1a025
04-22 02:05:15.463 31315 31315 E ArmVmp : Match on catch block at 0xc3 in for 0x7bd4e1a025
04-22 02:05:15.476 31315 31315 E ArmVmp : Match on catch block at 0xc3 in for 0x7bd4e1a025
04-22 02:05:15.483 31315 31315 E ArmVmp : Match on catch block at 0xc3 in for 0x7bd4e1a025
04-22 02:05:15.609 31315 31315 E ArmVmp : Match on catch block at 0xc3 in for 0x7bd4e1a025
04-22 02:05:15.616 31315 31315 E ArmVmp : Match on catch block at 0xc3 in for 0x7bd4e1a025
04-22 02:05:16.103 31315 31315 E ArmVmp : Match on catch block at 0xc3 in for 0x7bd4e1a025
04-22 02:05:16.110 31315 31315 E ArmVmp : Match on catch block at 0xc3 in for 0x7bd4e1a025
04-22 02:05:16.609 31315 31315 E ArmVmp : Match on catch block at 0xc3 in for 0x7bd4e1a025
04-22 02:05:16.611 31315 31315 E ArmVmp : Match on catch block at 0xc3 in for 0x7bd4e1a025
04-22 02:05:17.059 31315 31315 E ArmVmp : Match on catch block at 0xc3 in for 0x7bd4e1a025
04-22 02:05:17.066 31315 31315 E ArmVmp : Match on catch block at 0xc3 in for 0x7bd4e1a025
04-22 02:05:17.079 31315 31315 E ArmVmp : Match on catch block at 0xc3 in for 0x7bd4e1a025
04-22 02:05:17.084 31315 31315 E ArmVmp : Match on catch block at 0xc3 in for 0x7bd4e1a025
04-22 02:05:17.093 31315 31315 E ArmVmp : Match on catch block at 0xc3 in for 0x7bd4e1a025
04-22 02:05:17.096 31315 31315 E ArmVmp : Match on catch block at 0xc3 in for 0x7bd4e1a025
04-22 02:05:17.100 31315 31315 E ArmVmp : Match on catch block at 0xc3 in for 0x7bd4e1a025
04-22 02:05:17.104 31315 31315 E ArmVmp : Match on catch block at 0xc3 in for 0x7bd4e1a025
04-22 02:05:17.110 31315 31315 E ArmVmp : Match on catch block at 0xc3 in for 0x7bd4e1a025
04-22 02:05:17.117 31315 31315 E ArmVmp : Match on catch block at 0xc3 in for 0x7bd4e1a025
04-22 02:05:17.122 31315 31315 E ArmVmp : Match on catch block at 0xc3 in for 0x7bd4e1a025
04-22 02:05:17.125 31315 31315 E ArmVmp : Match on catch block at 0xc3 in for 0x7bd4e1a025
04-22 02:05:17.136 31315 31315 E ArmVmp : Match on catch block at 0xc3 in for 0x7bd4e1a025
04-22 02:05:17.142 31315 31315 E ArmVmp : Match on catch block at 0xc3 in for 0x7bd4e1a025
04-22 02:05:17.148 31315 31315 E ArmVmp : Match on catch block at 0xc3 in for 0x7bd4e1a025
04-22 02:05:17.154 31315 31315 E ArmVmp : Match on catch block at 0xc3 in for 0x7bd4e1a025
04-22 02:05:17.159 31315 31315 E ArmVmp : Match on catch block at 0xc3 in for 0x7bd4e1a025
04-22 02:05:17.162 31315 31315 E ArmVmp : Match on catch block at 0xc3 in for 0x7bd4e1a025
04-22 02:05:17.170 31315 31315 E ArmVmp : Match on catch block at 0xc3 in for 0x7bd4e1a025
04-22 02:05:17.175 31315 31315 E ArmVmp : Match on catch block at 0xc3 in for 0x7bd4e1a025
04-22 02:05:17.181 31315 31315 E ArmVmp : Match on catch block at 0xc3 in for 0x7bd4e1a025
04-22 02:05:17.185 31315 31315 E ArmVmp : Match on catch block at 0xc3 in for 0x7bd4e1a025
04-22 02:05:17.193 31315 31315 E ArmVmp : Match on catch block at 0xc3 in for 0x7bd4e1a025
04-22 02:05:17.196 31315 31315 E ArmVmp : Match on catch block at 0xc3 in for 0x7bd4e1a025
04-22 02:05:17.203 31315 31315 E ArmVmp : Match on catch block at 0xc3 in for 0x7bd4e1a025
04-22 02:05:17.207 31315 31315 E ArmVmp : Match on catch block at 0xc3 in for 0x7bd4e1a025
04-22 02:05:17.216 31315 31315 E ArmVmp : Match on catch block at 0xc3 in for 0x7bd4e1a025
04-22 02:05:17.221 31315 31315 E ArmVmp : Match on catch block at 0xc3 in for 0x7bd4e1a025
04-22 02:05:17.227 31315 31315 E ArmVmp : Match on catch block at 0xc3 in for 0x7bd4e1a025
04-22 02:05:17.232 31315 31315 E ArmVmp : Match on catch block at 0xc3 in for 0x7bd4e1a025
04-22 02:05:17.239 31315 31315 E ArmVmp : Match on catch block at 0xc3 in for 0x7bd4e1a025
04-22 02:05:17.244 31315 31315 E ArmVmp : Match on catch block at 0xc3 in for 0x7bd4e1a025
04-22 02:05:17.250 31315 31315 E ArmVmp : Match on catch block at 0xc3 in for 0x7bd4e1a025
04-22 02:05:17.257 31315 31315 E ArmVmp : Match on catch block at 0xc3 in for 0x7bd4e1a025
04-22 02:05:17.262 31315 31315 E ArmVmp : Match on catch block at 0xc3 in for 0x7bd4e1a025
04-22 02:05:17.267 31315 31315 E ArmVmp : Match on catch block at 0xc3 in for 0x7bd4e1a025
04-22 02:05:17.273 31315 31315 E ArmVmp : Match on catch block at 0xc3 in for 0x7bd4e1a025
04-22 02:05:17.278 31315 31315 E ArmVmp : Match on catch block at 0xc3 in for 0x7bd4e1a025
04-22 02:05:17.283 31315 31315 E ArmVmp : Match on catch block at 0xc3 in for 0x7bd4e1a025
04-22 02:05:17.288 31315 31315 E ArmVmp : Match on catch block at 0xc3 in for 0x7bd4e1a025
04-22 02:05:17.294 31315 31315 E ArmVmp : Match on catch block at 0xc3 in for 0x7bd4e1a025
04-22 02:05:17.300 31315 31315 E ArmVmp : Match on catch block at 0xc3 in for 0x7bd4e1a025
04-22 02:05:17.305 31315 31315 E ArmVmp : Match on catch block at 0xc3 in for 0x7bd4e1a025
04-22 02:05:17.310 31315 31315 E ArmVmp : Match on catch block at 0xc3 in for 0x7bd4e1a025
04-22 02:05:17.619 31315 31315 E ArmVmp : Match on catch block at 0xc3 in for 0x7bd4e1a025
04-22 02:05:17.628 31315 31315 E ArmVmp : Match on catch block at 0xc3 in for 0x7bd4e1a025
04-22 02:05:18.123 31315 31315 E ArmVmp : Match on catch block at 0xc3 in for 0x7bd4e1a025
04-22 02:05:18.132 31315 31315 E ArmVmp : Match on catch block at 0xc3 in for 0x7bd4e1a025
04-22 02:05:18.624 31315 31315 E ArmVmp : Match on catch block at 0xc3 in for 0x7bd4e1a025
04-22 02:05:18.633 31315 31315 E ArmVmp : Match on catch block at 0xc3 in for 0x7bd4e1a025
04-22 02:05:19.126 31315 31315 E ArmVmp : Match on catch block at 0xc3 in for 0x7bd4e1a025
04-22 02:05:19.137 31315 31315 E ArmVmp : Match on catch block at 0xc3 in for 0x7bd4e1a025
04-22 02:05:19.616 31315 31315 E ArmVmp : Match on catch block at 0xc3 in for 0x7bd4e1a025
04-22 02:05:19.625 31315 31315 E ArmVmp : Match on catch block at 0xc3 in for 0x7bd4e1a025
04-22 02:05:20.151 31315 31315 E ArmVmp : Match on catch block at 0xc3 in for 0x7bd4e1a025
04-22 02:05:20.159 31315 31315 E ArmVmp : Match on catch block at 0xc3 in for 0x7bd4e1a025
04-22 02:05:20.651 31315 31315 E ArmVmp : Match on catch block at 0xc3 in for 0x7bd4e1a025
04-22 02:05:20.658 31315 31315 E ArmVmp : Match on catch block at 0xc3 in for 0x7bd4e1a025
04-22 02:05:21.122 31315 31315 E ArmVmp : Match on catch block at 0xc3 in for 0x7bd4e1a025
04-22 02:05:21.127 31315 31315 E ArmVmp : Match on catch block at 0xc3 in for 0x7bd4e1a025
04-22 02:05:21.651 31315 31315 E ArmVmp : Match on catch block at 0xc3 in for 0x7bd4e1a025
04-22 02:05:21.660 31315 31315 E ArmVmp : Match on catch block at 0xc3 in for 0x7bd4e1a025
04-22 02:05:22.147 31315 31315 E ArmVmp : Match on catch block at 0xc3 in for 0x7bd4e1a025
04-22 02:05:22.157 31315 31315 E ArmVmp : Match on catch block at 0xc3 in for 0x7bd4e1a025
04-22 02:05:22.636 31315 31315 E ArmVmp : Match on catch block at 0xc3 in for 0x7bd4e1a025
04-22 02:05:22.644 31315 31315 E ArmVmp : Match on catch block at 0xc3 in for 0x7bd4e1a025
04-22 02:05:23.128 31315 31315 E ArmVmp : Match on catch block at 0xc3 in for 0x7bd4e1a025
04-22 02:05:23.137 31315 31315 E ArmVmp : Match on catch block at 0xc3 in for 0x7bd4e1a025
04-22 02:05:23.653 31315 31315 E ArmVmp : Match on catch block at 0xc3 in for 0x7bd4e1a025
04-22 02:05:23.662 31315 31315 E ArmVmp : Match on catch block at 0xc3 in for 0x7bd4e1a025
04-22 02:05:24.146 31315 31315 E ArmVmp : Match on catch block at 0xc3 in for 0x7bd4e1a025
04-22 02:05:24.153 31315 31315 E ArmVmp : Match on catch block at 0xc3 in for 0x7bd4e1a025
04-22 02:05:24.298 31315 31315 E ArmVmp : Match on catch block at 0xc3 in for 0x7bd4e1a025
04-22 02:05:24.301 31315 31315 E ArmVmp : Match on catch block at 0xc3 in for 0x7bd4e1a025
04-22 02:05:24.307 31315 31315 W WindowOnBackDispatcher: sendCancelIfRunning: isInProgress=falsecallback=ImeCallback=ImeOnBackInvokedCallback@181647795 Callback=android.window.IOnBackInvokedCallback$Stub$Proxy@d9de758
04-22 02:05:24.309 31315 31315 E ArmVmp : Match on catch block at 0xc3 in for 0x7bd4e1a025
04-22 02:05:24.312 31315 31315 E ArmVmp : Match on catch block at 0xc3 in for 0x7bd4e1a025
04-22 02:05:24.499 31315 31315 E ArmVmp : Match on catch block at 0xc3 in for 0x7bd4e1a025
04-22 02:05:24.501 31315 31315 E ArmVmp : Match on catch block at 0xc3 in for 0x7bd4e1a025
04-22 02:05:24.632 31315 31315 E ArmVmp : Match on catch block at 0xc3 in for 0x7bd4e1a025
04-22 02:05:24.634 31315 31315 E ArmVmp : Match on catch block at 0xc3 in for 0x7bd4e1a025
04-22 02:05:24.645 31315 31315 E ArmVmp : Match on catch block at 0xc3 in for 0x7bd4e1a025
04-22 02:05:24.648 31315 31315 E ArmVmp : Match on catch block at 0xc3 in for 0x7bd4e1a025
04-22 02:05:24.672 31315 31315 E ArmVmp : Match on catch block at 0xc3 in for 0x7bd4e1a025
04-22 02:05:24.674 31315 31315 E ArmVmp : Match on catch block at 0xc3 in for 0x7bd4e1a025
04-22 02:05:24.706 31315 31410 E OpenGLRenderer: Unable to match the desired swap behavior.
04-22 02:05:24.733 31315 31315 E ArmVmp : Match on catch block at 0xc3 in for 0x7bd4e1a025
04-22 02:05:24.737 31315 31315 E ArmVmp : Match on catch block at 0xc3 in for 0x7bd4e1a025
04-22 02:05:24.744 31315 31315 E ArmVmp : Match on catch block at 0xc3 in for 0x7bd4e1a025
04-22 02:05:24.747 31315 31315 E ArmVmp : Match on catch block at 0xc3 in for 0x7bd4e1a025
04-22 02:05:24.758 31315 31315 E ArmVmp : Match on catch block at 0xc3 in for 0x7bd4e1a025
04-22 02:05:24.761 31315 31315 E ArmVmp : Match on catch block at 0xc3 in for 0x7bd4e1a025
04-22 02:05:24.787 31315 31315 E ArmVmp : Match on catch block at 0xc3 in for 0x7bd4e1a025
04-22 02:05:24.793 31315 31315 E ArmVmp : Match on catch block at 0xc3 in for 0x7bd4e1a025
04-22 02:05:24.802 31315 31315 E ArmVmp : Match on catch block at 0xc3 in for 0x7bd4e1a025
04-22 02:05:24.807 31315 31315 E ArmVmp : Match on catch block at 0xc3 in for 0x7bd4e1a025
04-22 02:05:24.824 31315 31315 E ArmVmp : Match on catch block at 0xc3 in for 0x7bd4e1a025
04-22 02:05:24.829 31315 31315 E ArmVmp : Match on catch block at 0xc3 in for 0x7bd4e1a025
04-22 02:05:24.832 31315 31315 E ArmVmp : Match on catch block at 0xc3 in for 0x7bd4e1a025
04-22 02:05:24.836 31315 31315 E ArmVmp : Match on catch block at 0xc3 in for 0x7bd4e1a025
04-22 02:05:24.846 31315 31315 E ArmVmp : Match on catch block at 0xc3 in for 0x7bd4e1a025
04-22 02:05:24.850 31315 31315 E ArmVmp : Match on catch block at 0xc3 in for 0x7bd4e1a025
04-22 02:05:25.269 31315 31315 E ArmVmp : Match on catch block at 0xc3 in for 0x7bd4e1a025
04-22 02:05:25.271 31315 31315 E ArmVmp : Match on catch block at 0xc3 in for 0x7bd4e1a025
04-22 02:05:25.277 31315 31315 W WindowOnBackDispatcher: sendCancelIfRunning: isInProgress=falsecallback=android.view.ViewRootImpl$ $ExternalSyntheticLambda22@1432929
04-22 02:05:28.638 31315 31315 W WindowOnBackDispatcher: sendCancelIfRunning: isInProgress=falsecallback=android.view.ViewRootImpl$ $ExternalSyntheticLambda22@6ac3f06
04-22 02:06:22.218 31315 31489 W com.mbwhatsapp: Accessing hidden field Landroid/app/Notification;->extraNotification:Landroid/app/MiuiNotification; (blocked, reflection, denied)
04-22 02:06:22.230 31315 31489 W com.mbwhatsapp: Accessing hidden field Landroid/app/Notification;->extraNotification:Landroid/app/MiuiNotification; (blocked, reflection, denied)
04-22 02:06:22.245 31315 31502 W com.mbwhatsapp: Accessing hidden method Landroid/app/MiuiNotification;-><init>()V (blocked, reflection, denied)
04-22 02:06:23.821 31315 31489 W com.mbwhatsapp: Accessing hidden field Landroid/app/Notification;->extraNotification:Landroid/app/MiuiNotification; (blocked, reflection, denied)
04-22 02:06:23.828 31315 31489 W com.mbwhatsapp: Accessing hidden field Landroid/app/Notification;->extraNotification:Landroid/app/MiuiNotification; (blocked, reflection, denied)
04-22 02:06:23.836 31315 31502 W com.mbwhatsapp: Accessing hidden method Landroid/app/MiuiNotification;-><init>()V (blocked, reflection, denied)
04-22 02:06:24.165 31315 31315 E ArmVmp : Match on catch block at 0x4c in for 0x7bd4e1a039
04-22 02:06:24.177 31315 31315 E ArmVmp : Match on catch block at 0x8d in for 0x7bd4e1a039
04-22 02:06:24.182 31315 31315 E ArmVmp : Match on catch block at 0x8d in for 0x7bd4e1a039
04-22 02:06:24.221 31315 31315 E ArmVmp : Match on catch block at 0x0a in for 0x7bd4e1a035
04-22 02:06:24.229 31315 31315 E ArmVmp : Match on catch block at 0x0a in for 0x7bd4e1a035
04-22 02:06:24.259 31315 31410 W libc : Access denied finding property "ro.vendor.display.iris_x7.support"
04-22 02:06:24.268 31315 31315 W Looper : PerfMonitor looperActivity : package=com.mbwhatsapp/.Conversation time=0ms latency=361ms procState=-1 historyMsgCount=2 (msgIndex=1 wall=363ms seq=7623 h=android.app.ActivityThread$H w=159)
04-22 02:06:24.303 31315 31410 E GED : Failed to get GED Log Buf, err(0)
04-22 02:06:24.322 31315 31410 E libEGL : pre_cache appList: ,,,,,,
04-22 02:06:24.347 31315 31410 E OpenGLRenderer: Unable to match the desired swap behavior.
04-22 02:06:24.604 31315 31315 E ArmVmp : Match on catch block at 0xc3 in for 0x7bd4e1a021
04-22 02:06:24.610 31315 31315 E ArmVmp : Match on catch block at 0xc3 in for 0x7bd4e1a021
04-22 02:06:24.613 31315 31315 E ArmVmp : Match on catch block at 0xc3 in for 0x7bd4e1a021
04-22 02:06:24.663 31315 31315 W Looper : PerfMonitor doFrame : time=389ms vsyncFrame=0 latency=5ms procState=-1 historyMsgCount=9
04-22 02:06:24.703 31315 31315 E ArmVmp : Match on catch block at 0xc3 in for 0x7bd4e1a025
04-22 02:06:24.705 31315 31315 E ArmVmp : Match on catch block at 0xc3 in for 0x7bd4e1a025
04-22 02:06:24.708 31315 31315 E ArmVmp : Match on catch block at 0xc3 in for 0x7bd4e1a025
04-22 02:06:24.717 31315 31315 W Looper : PerfMonitor doFrame : time=45ms vsyncFrame=0 latency=387ms procState=-1 historyMsgCount=12 (msgIndex=1 wall=389ms seq=7662 late=5ms h=android.view.Choreographer$FrameHandler c=android.view.Choreographer$FrameDisplayEventReceiver)
04-22 02:06:24.760 31315 31315 E ArmVmp : Match on catch block at 0xc3 in for 0x7bd4e1a025
04-22 02:06:24.763 31315 31315 E ArmVmp : Match on catch block at 0xc3 in for 0x7bd4e1a025
04-22 02:06:24.765 31315 31315 E ArmVmp : Match on catch block at 0xc3 in for 0x7bd4e1a025
04-22 02:06:24.825 31315 31315 E ArmVmp : Match on catch block at 0xc3 in for 0x7bd4e1a025
04-22 02:06:24.829 31315 31315 E ArmVmp : Match on catch block at 0xc3 in for 0x7bd4e1a025
04-22 02:06:24.831 31315 31315 E ArmVmp : Match on catch block at 0xc3 in for 0x7bd4e1a025
04-22 02:06:24.839 31315 31315 E ArmVmp : Match on catch block at 0xc3 in for 0x7bd4e1a025
04-22 02:06:24.844 31315 31502 W com.mbwhatsapp: Accessing hidden method Landroid/app/MiuiNotification;-><init>()V (blocked, reflection, denied)
04-22 02:06:24.852 31315 31315 E ArmVmp : Match on catch block at 0xc3 in for 0x7bd4e1a025
04-22 02:06:24.858 31315 31315 E ArmVmp : Match on catch block at 0xc3 in for 0x7bd4e1a025
04-22 02:06:24.866 31315 31315 E ArmVmp : Match on catch block at 0xc3 in for 0x7bd4e1a025
04-22 02:06:24.868 31315 31315 E ArmVmp : Match on catch block at 0xc3 in for 0x7bd4e1a025
04-22 02:06:24.871 31315 31315 E ArmVmp : Match on catch block at 0xc3 in for 0x7bd4e1a025
04-22 02:06:24.881 31315 31315 E ArmVmp : Match on catch block at 0xc3 in for 0x7bd4e1a025
04-22 02:06:24.887 31315 31315 E ArmVmp : Match on catch block at 0xc3 in for 0x7bd4e1a025
04-22 02:06:24.892 31315 31315 E ArmVmp : Match on catch block at 0xc3 in for 0x7bd4e1a025
04-22 02:06:24.897 31315 31315 E ArmVmp : Match on catch block at 0xc3 in for 0x7bd4e1a025
04-22 02:06:24.905 31315 31315 E ArmVmp : Match on catch block at 0xc3 in for 0x7bd4e1a025
04-22 02:06:24.909 31315 31315 E ArmVmp : Match on catch block at 0xc3 in for 0x7bd4e1a025
04-22 02:06:24.913 31315 31315 E ArmVmp : Match on catch block at 0xc3 in for 0x7bd4e1a025
04-22 02:06:24.916 31315 31315 E ArmVmp : Match on catch block at 0xc3 in for 0x7bd4e1a025
04-22 02:06:24.917 31315 31315 E ArmVmp : Match on catch block at 0xc3 in for 0x7bd4e1a025
04-22 02:06:24.924 31315 31315 E ArmVmp : Match on catch block at 0xc3 in for 0x7bd4e1a025
04-22 02:06:24.927 31315 31315 E ArmVmp : Match on catch block at 0xc3 in for 0x7bd4e1a025
04-22 02:06:24.928 31315 31315 E ArmVmp : Match on catch block at 0xc3 in for 0x7bd4e1a025
04-22 02:06:25.085 31315 31315 E ArmVmp : Match on catch block at 0xc3 in for 0x7bd4e1a025
04-22 02:06:25.089 31315 31315 E ArmVmp : Match on catch block at 0xc3 in for 0x7bd4e1a025
04-22 02:06:25.091 31315 31315 E ArmVmp : Match on catch block at 0xc3 in for 0x7bd4e1a025
04-22 02:06:25.095 31315 31502 W com.mbwhatsapp: Accessing hidden method Landroid/app/MiuiNotification;-><init>()V (blocked, reflection, denied)
04-22 02:06:25.102 31315 31315 E ArmVmp : Match on catch block at 0xc3 in for 0x7bd4e1a025
04-22 02:06:25.104 31315 31315 E ArmVmp : Match on catch block at 0xc3 in for 0x7bd4e1a025
04-22 02:06:25.106 31315 31315 E ArmVmp : Match on catch block at 0xc3 in for 0x7bd4e1a025
04-22 02:06:25.120 31315 31315 E ArmVmp : Match on catch block at 0xc3 in for 0x7bd4e1a025
04-22 02:06:25.122 31315 31315 E ArmVmp : Match on catch block at 0xc3 in for 0x7bd4e1a025
04-22 02:06:25.123 31315 31315 E ArmVmp : Match on catch block at 0xc3 in for 0x7bd4e1a025
04-22 02:06:25.138 31315 31315 E ArmVmp : Match on catch block at 0xc3 in for 0x7bd4e1a025
04-22 02:06:25.141 31315 31315 E ArmVmp : Match on catch block at 0xc3 in for 0x7bd4e1a025
04-22 02:06:25.143 31315 31315 E ArmVmp : Match on catch block at 0xc3 in for 0x7bd4e1a025
04-22 02:06:25.161 31315 31315 E ArmVmp : Match on catch block at 0xc3 in for 0x7bd4e1a025
04-22 02:06:25.165 31315 31315 E ArmVmp : Match on catch block at 0xc3 in for 0x7bd4e1a025
04-22 02:06:25.167 31315 31315 E ArmVmp : Match on catch block at 0xc3 in for 0x7bd4e1a025
04-22 02:06:25.178 31315 31315 E ArmVmp : Match on catch block at 0xc3 in for 0x7bd4e1a025
04-22 02:06:25.186 31315 31315 E ArmVmp : Match on catch block at 0xc3 in for 0x7bd4e1a025
04-22 02:06:25.187 31315 31315 E ArmVmp : Match on catch block at 0xc3 in for 0x7bd4e1a025
04-22 02:06:25.194 31315 31315 E ArmVmp : Match on catch block at 0xc3 in for 0x7bd4e1a025
04-22 02:06:25.197 31315 31315 E ArmVmp : Match on catch block at 0xc3 in for 0x7bd4e1a025
04-22 02:06:25.198 31315 31315 E ArmVmp : Match on catch block at 0xc3 in for 0x7bd4e1a025
04-22 02:06:25.207 31315 31315 E ArmVmp : Match on catch block at 0xc3 in for 0x7bd4e1a025
04-22 02:06:25.212 31315 31315 E ArmVmp : Match on catch block at 0xc3 in for 0x7bd4e1a025
04-22 02:06:25.213 31315 31315 E ArmVmp : Match on catch block at 0xc3 in for 0x7bd4e1a025
04-22 02:06:25.221 31315 31315 E ArmVmp : Match on catch block at 0xc3 in for 0x7bd4e1a025
04-22 02:06:25.224 31315 31315 E ArmVmp : Match on catch block at 0xc3 in for 0x7bd4e1a025
04-22 02:06:25.227 31315 31315 E ArmVmp : Match on catch block at 0xc3 in for 0x7bd4e1a025
04-22 02:06:25.234 31315 31315 E ArmVmp : Match on catch block at 0xc3 in for 0x7bd4e1a025
04-22 02:06:25.236 31315 31315 E ArmVmp : Match on catch block at 0xc3 in for 0x7bd4e1a025
04-22 02:06:25.238 31315 31315 E ArmVmp : Match on catch block at 0xc3 in for 0x7bd4e1a025
04-22 02:06:25.243 31315 31315 E ArmVmp : Match on catch block at 0xc3 in for 0x7bd4e1a025
04-22 02:06:25.245 31315 31315 E ArmVmp : Match on catch block at 0xc3 in for 0x7bd4e1a025
04-22 02:06:25.246 31315 31315 E ArmVmp : Match on catch block at 0xc3 in for 0x7bd4e1a025
04-22 02:06:25.254 31315 31315 E ArmVmp : Match on catch block at 0xc3 in for 0x7bd4e1a025
04-22 02:06:25.257 31315 31315 E ArmVmp : Match on catch block at 0xc3 in for 0x7bd4e1a025
04-22 02:06:25.259 31315 31315 E ArmVmp : Match on catch block at 0xc3 in for 0x7bd4e1a025
04-22 02:06:25.266 31315 31315 E ArmVmp : Match on catch block at 0xc3 in for 0x7bd4e1a025
04-22 02:06:25.273 31315 31315 E ArmVmp : Match on catch block at 0xc3 in for 0x7bd4e1a025
04-22 02:06:25.275 31315 31315 E ArmVmp : Match on catch block at 0xc3 in for 0x7bd4e1a025
04-22 02:06:25.288 31315 31315 E ArmVmp : Match on catch block at 0xc3 in for 0x7bd4e1a025
04-22 02:06:25.292 31315 31315 E ArmVmp : Match on catch block at 0xc3 in for 0x7bd4e1a025
04-22 02:06:25.294 31315 31315 E ArmVmp : Match on catch block at 0xc3 in for 0x7bd4e1a025
04-22 02:06:25.300 31315 31315 E ArmVmp : Match on catch block at 0xc3 in for 0x7bd4e1a025
04-22 02:06:25.302 31315 31315 E ArmVmp : Match on catch block at 0xc3 in for 0x7bd4e1a025
04-22 02:06:25.306 31315 31315 E ArmVmp : Match on catch block at 0xc3 in for 0x7bd4e1a025
04-22 02:06:25.314 31315 31315 E ArmVmp : Match on catch block at 0xc3 in for 0x7bd4e1a025
04-22 02:06:25.317 31315 31315 E ArmVmp : Match on catch block at 0xc3 in for 0x7bd4e1a025
04-22 02:06:25.333 31315 31315 E ArmVmp : Match on catch block at 0xc3 in for 0x7bd4e1a025
04-22 02:06:25.336 31315 31315 E ArmVmp : Match on catch block at 0xc3 in for 0x7bd4e1a025
04-22 02:06:25.338 31315 31315 E ArmVmp : Match on catch block at 0xc3 in for 0x7bd4e1a025
04-22 02:06:25.344 31315 31315 E ArmVmp : Match on catch block at 0xc3 in for 0x7bd4e1a025
04-22 02:06:25.348 31315 31315 E ArmVmp : Match on catch block at 0xc3 in for 0x7bd4e1a025
04-22 02:06:25.350 31315 31315 E ArmVmp : Match on catch block at 0xc3 in for 0x7bd4e1a025
04-22 02:06:25.357 31315 31315 E ArmVmp : Match on catch block at 0xc3 in for 0x7bd4e1a025
04-22 02:06:25.361 31315 31315 E ArmVmp : Match on catch block at 0xc3 in for 0x7bd4e1a025
04-22 02:06:25.362 31315 31315 E ArmVmp : Match on catch block at 0xc3 in for 0x7bd4e1a025
04-22 02:06:25.367 31315 31315 E ArmVmp : Match on catch block at 0xc3 in for 0x7bd4e1a025
04-22 02:06:25.370 31315 31315 E ArmVmp : Match on catch block at 0xc3 in for 0x7bd4e1a025
04-22 02:06:25.372 31315 31315 E ArmVmp : Match on catch block at 0xc3 in for 0x7bd4e1a025
04-22 02:06:25.380 31315 31315 E ArmVmp : Match on catch block at 0xc3 in for 0x7bd4e1a025
04-22 02:06:25.382 31315 31315 E ArmVmp : Match on catch block at 0xc3 in for 0x7bd4e1a025
04-22 02:06:25.386 31315 31315 E ArmVmp : Match on catch block at 0xc3 in for 0x7bd4e1a025
04-22 02:06:25.815 31315 31315 E ArmVmp : Match on catch block at 0xc3 in for 0x7bd4e1a025
04-22 02:06:25.817 31315 31315 E ArmVmp : Match on catch block at 0xc3 in for 0x7bd4e1a025
04-22 02:06:25.819 31315 31315 E ArmVmp : Match on catch block at 0xc3 in for 0x7bd4e1a025
04-22 02:06:26.318 31315 31315 E ArmVmp : Match on catch block at 0xc3 in for 0x7bd4e1a025
04-22 02:06:26.320 31315 31315 E ArmVmp : Match on catch block at 0xc3 in for 0x7bd4e1a025
04-22 02:06:26.322 31315 31315 E ArmVmp : Match on catch block at 0xc3 in for 0x7bd4e1a025
04-22 02:06:26.329 31315 31315 E ArmVmp : Match on catch block at 0xc3 in for 0x7bd4e1a025
04-22 02:06:26.332 31315 31315 E ArmVmp : Match on catch block at 0xc3 in for 0x7bd4e1a025
04-22 02:06:26.334 31315 31315 E ArmVmp : Match on catch block at 0xc3 in for 0x7bd4e1a025
04-22 02:06:26.337 31315 31315 E ArmVmp : Match on catch block at 0xc3 in for 0x7bd4e1a025
04-22 02:06:26.340 31315 31315 E ArmVmp : Match on catch block at 0xc3 in for 0x7bd4e1a025
04-22 02:06:26.341 31315 31315 E ArmVmp : Match on catch block at 0xc3 in for 0x7bd4e1a025
04-22 02:06:26.347 31315 31315 E ArmVmp : Match on catch block at 0xc3 in for 0x7bd4e1a025
04-22 02:06:26.349 31315 31315 E ArmVmp : Match on catch block at 0xc3 in for 0x7bd4e1a025
04-22 02:06:26.351 31315 31315 E ArmVmp : Match on catch block at 0xc3 in for 0x7bd4e1a025
04-22 02:06:26.354 31315 31315 E ArmVmp : Match on catch block at 0xc3 in for 0x7bd4e1a025
04-22 02:06:26.357 31315 31315 E ArmVmp : Match on catch block at 0xc3 in for 0x7bd4e1a025
04-22 02:06:26.358 31315 31315 E ArmVmp : Match on catch block at 0xc3 in for 0x7bd4e1a025
04-22 02:06:26.365 31315 31315 E ArmVmp : Match on catch block at 0xc3 in for 0x7bd4e1a025
04-22 02:06:26.368 31315 31315 E ArmVmp : Match on catch block at 0xc3 in for 0x7bd4e1a025
04-22 02:06:26.369 31315 31315 E ArmVmp : Match on catch block at 0xc3 in for 0x7bd4e1a025
04-22 02:06:26.377 31315 31315 E ArmVmp : Match on catch block at 0xc3 in for 0x7bd4e1a025
04-22 02:06:26.379 31315 31315 E ArmVmp : Match on catch block at 0xc3 in for 0x7bd4e1a025
04-22 02:06:26.380 31315 31315 E ArmVmp : Match on catch block at 0xc3 in for 0x7bd4e1a025
04-22 02:06:26.387 31315 31315 E ArmVmp : Match on catch block at 0xc3 in for 0x7bd4e1a025
04-22 02:06:26.390 31315 31315 E ArmVmp : Match on catch block at 0xc3 in for 0x7bd4e1a025
04-22 02:06:26.391 31315 31315 E ArmVmp : Match on catch block at 0xc3 in for 0x7bd4e1a025
04-22 02:06:26.399 31315 31315 E ArmVmp : Match on catch block at 0xc3 in for 0x7bd4e1a025
04-22 02:06:26.401 31315 31315 E ArmVmp : Match on catch block at 0xc3 in for 0x7bd4e1a025
04-22 02:06:26.402 31315 31315 E ArmVmp : Match on catch block at 0xc3 in for 0x7bd4e1a025
04-22 02:06:26.411 31315 31315 E ArmVmp : Match on catch block at 0xc3 in for 0x7bd4e1a025
04-22 02:06:26.413 31315 31315 E ArmVmp : Match on catch block at 0xc3 in for 0x7bd4e1a025
04-22 02:06:26.414 31315 31315 E ArmVmp : Match on catch block at 0xc3 in for 0x7bd4e1a025
04-22 02:06:26.422 31315 31315 E ArmVmp : Match on catch block at 0xc3 in for 0x7bd4e1a025
04-22 02:06:26.424 31315 31315 E ArmVmp : Match on catch block at 0xc3 in for 0x7bd4e1a025
04-22 02:06:26.425 31315 31315 E ArmVmp : Match on catch block at 0xc3 in for 0x7bd4e1a025
04-22 02:06:26.433 31315 31315 E ArmVmp : Match on catch block at 0xc3 in for 0x7bd4e1a025
04-22 02:06:26.436 31315 31315 E ArmVmp : Match on catch block at 0xc3 in for 0x7bd4e1a025
04-22 02:06:26.437 31315 31315 E ArmVmp : Match on catch block at 0xc3 in for 0x7bd4e1a025
04-22 02:06:26.444 31315 31315 E ArmVmp : Match on catch block at 0xc3 in for 0x7bd4e1a025
04-22 02:06:26.446 31315 31315 E ArmVmp : Match on catch block at 0xc3 in for 0x7bd4e1a025
04-22 02:06:26.448 31315 31315 E ArmVmp : Match on catch block at 0xc3 in for 0x7bd4e1a025
04-22 02:06:26.455 31315 31315 E ArmVmp : Match on catch block at 0xc3 in for 0x7bd4e1a025
04-22 02:06:26.457 31315 31315 E ArmVmp : Match on catch block at 0xc3 in for 0x7bd4e1a025
04-22 02:06:26.459 31315 31315 E ArmVmp : Match on catch block at 0xc3 in for 0x7bd4e1a025
04-22 02:06:26.467 31315 31315 E ArmVmp : Match on catch block at 0xc3 in for 0x7bd4e1a025
04-22 02:06:26.469 31315 31315 E ArmVmp : Match on catch block at 0xc3 in for 0x7bd4e1a025
04-22 02:06:26.471 31315 31315 E ArmVmp : Match on catch block at 0xc3 in for 0x7bd4e1a025
04-22 02:06:26.478 31315 31315 E ArmVmp : Match on catch block at 0xc3 in for 0x7bd4e1a025
04-22 02:06:26.480 31315 31315 E ArmVmp : Match on catch block at 0xc3 in for 0x7bd4e1a025
04-22 02:06:26.482 31315 31315 E ArmVmp : Match on catch block at 0xc3 in for 0x7bd4e1a025
04-22 02:06:26.489 31315 31315 E ArmVmp : Match on catch block at 0xc3 in for 0x7bd4e1a025
04-22 02:06:26.491 31315 31315 E ArmVmp : Match on catch block at 0xc3 in for 0x7bd4e1a025
04-22 02:06:26.493 31315 31315 E ArmVmp : Match on catch block at 0xc3 in for 0x7bd4e1a025
04-22 02:06:26.500 31315 31315 E ArmVmp : Match on catch block at 0xc3 in for 0x7bd4e1a025
04-22 02:06:26.502 31315 31315 E ArmVmp : Match on catch block at 0xc3 in for 0x7bd4e1a025
04-22 02:06:26.504 31315 31315 E ArmVmp : Match on catch block at 0xc3 in for 0x7bd4e1a025
04-22 02:06:26.511 31315 31315 E ArmVmp : Match on catch block at 0xc3 in for 0x7bd4e1a025
04-22 02:06:26.513 31315 31315 E ArmVmp : Match on catch block at 0xc3 in for 0x7bd4e1a025
04-22 02:06:26.515 31315 31315 E ArmVmp : Match on catch block at 0xc3 in for 0x7bd4e1a025
04-22 02:06:26.522 31315 31315 E ArmVmp : Match on catch block at 0xc3 in for 0x7bd4e1a025
04-22 02:06:26.525 31315 31315 E ArmVmp : Match on catch block at 0xc3 in for 0x7bd4e1a025
04-22 02:06:26.526 31315 31315 E ArmVmp : Match on catch block at 0xc3 in for 0x7bd4e1a025
04-22 02:06:26.533 31315 31315 E ArmVmp : Match on catch block at 0xc3 in for 0x7bd4e1a025
04-22 02:06:26.536 31315 31315 E ArmVmp : Match on catch block at 0xc3 in for 0x7bd4e1a025
04-22 02:06:26.537 31315 31315 E ArmVmp : Match on catch block at 0xc3 in for 0x7bd4e1a025
04-22 02:06:26.545 31315 31315 E ArmVmp : Match on catch block at 0xc3 in for 0x7bd4e1a025
04-22 02:06:26.547 31315 31315 E ArmVmp : Match on catch block at 0xc3 in for 0x7bd4e1a025
04-22 02:06:26.548 31315 31315 E ArmVmp : Match on catch block at 0xc3 in for 0x7bd4e1a025
04-22 02:06:26.556 31315 31315 E ArmVmp : Match on catch block at 0xc3 in for 0x7bd4e1a025
04-22 02:06:26.558 31315 31315 E ArmVmp : Match on catch block at 0xc3 in for 0x7bd4e1a025
04-22 02:06:26.560 31315 31315 E ArmVmp : Match on catch block at 0xc3 in for 0x7bd4e1a025
04-22 02:06:26.567 31315 31315 E ArmVmp : Match on catch block at 0xc3 in for 0x7bd4e1a025
04-22 02:06:26.569 31315 31315 E ArmVmp : Match on catch block at 0xc3 in for 0x7bd4e1a025
04-22 02:06:26.571 31315 31315 E ArmVmp : Match on catch block at 0xc3 in for 0x7bd4e1a025
04-22 02:06:26.578 31315 31315 E ArmVmp : Match on catch block at 0xc3 in for 0x7bd4e1a025
04-22 02:06:26.581 31315 31315 E ArmVmp : Match on catch block at 0xc3 in for 0x7bd4e1a025
04-22 02:06:26.582 31315 31315 E ArmVmp : Match on catch block at 0xc3 in for 0x7bd4e1a025
04-22 02:06:26.590 31315 31315 E ArmVmp : Match on catch block at 0xc3 in for 0x7bd4e1a025
04-22 02:06:26.592 31315 31315 E ArmVmp : Match on catch block at 0xc3 in for 0x7bd4e1a025
04-22 02:06:26.593 31315 31315 E ArmVmp : Match on catch block at 0xc3 in for 0x7bd4e1a025
04-22 02:06:26.826 31315 31315 E ArmVmp : Match on catch block at 0xc3 in for 0x7bd4e1a025
04-22 02:06:26.832 31315 31315 E ArmVmp : Match on catch block at 0xc3 in for 0x7bd4e1a025
04-22 02:06:26.836 31315 31315 E ArmVmp : Match on catch block at 0xc3 in for 0x7bd4e1a025
04-22 02:06:27.169 31315 31315 E ArmVmp : Match on catch block at 0xc3 in for 0x7bd4e1a025
04-22 02:06:27.172 31315 31315 E ArmVmp : Match on catch block at 0xc3 in for 0x7bd4e1a025
04-22 02:06:27.173 31315 31315 E ArmVmp : Match on catch block at 0xc3 in for 0x7bd4e1a025
04-22 02:06:27.178 31315 31315 W libc : Access denied finding property "ro.vendor.audio.cloudctrl"
04-22 02:06:27.174 31315 31315 W com.mbwhatsapp: type=1400 audit(0.0:348467): avc: denied { read } for name="u:object_r:vendor_ro_audio_prop:s0" dev="tmpfs" ino=707 scontext=u:r:untrusted_app_32:s0:c232,c256,c512,c768 tcontext=u:object_r:vendor_ro_audio_prop:s0 tclass=file permissive=0 app=com.mbwhatsapp
04-22 02:06:27.181 31315 31315 E ArmVmp : Match on catch block at 0xc3 in for 0x7bd4e1a025
04-22 02:06:27.184 31315 31315 E ArmVmp : Match on catch block at 0xc3 in for 0x7bd4e1a025
04-22 02:06:27.186 31315 31315 E ArmVmp : Match on catch block at 0xc3 in for 0x7bd4e1a025
04-22 02:06:27.221 31315 31410 W libc : Access denied finding property "ro.vendor.display.iris_x7.support"
04-22 02:06:27.238 31315 31315 E ArmVmp : Match on catch block at 0xc3 in for 0x7bd4e1a025
04-22 02:06:27.240 31315 31315 E ArmVmp : Match on catch block at 0xc3 in for 0x7bd4e1a025
04-22 02:06:27.242 31315 31315 E ArmVmp : Match on catch block at 0xc3 in for 0x7bd4e1a025
04-22 02:06:27.257 31315 31410 E OpenGLRenderer: Unable to match the desired swap behavior.
04-22 02:06:27.317 31315 31315 E ArmVmp : Match on catch block at 0xc3 in for 0x7bd4e1a025
04-22 02:06:27.322 31315 31315 E ArmVmp : Match on catch block at 0xc3 in for 0x7bd4e1a025
04-22 02:06:27.323 31315 31315 E ArmVmp : Match on catch block at 0xc3 in for 0x7bd4e1a025
04-22 02:06:27.336 31315 31315 E ArmVmp : Match on catch block at 0xc3 in for 0x7bd4e1a025
04-22 02:06:27.339 31315 31315 E ArmVmp : Match on catch block at 0xc3 in for 0x7bd4e1a025
04-22 02:06:27.343 31315 31315 E ArmVmp : Match on catch block at 0xc3 in for 0x7bd4e1a025
04-22 02:06:27.355 31315 31315 E ArmVmp : Match on catch block at 0xc3 in for 0x7bd4e1a025
04-22 02:06:27.358 31315 31315 E ArmVmp : Match on catch block at 0xc3 in for 0x7bd4e1a025
04-22 02:06:27.361 31315 31315 E ArmVmp : Match on catch block at 0xc3 in for 0x7bd4e1a025
04-22 02:06:27.373 31315 31315 E ArmVmp : Match on catch block at 0xc3 in for 0x7bd4e1a025
04-22 02:06:27.377 31315 31315 E ArmVmp : Match on catch block at 0xc3 in for 0x7bd4e1a025
04-22 02:06:27.380 31315 31315 E ArmVmp : Match on catch block at 0xc3 in for 0x7bd4e1a025
04-22 02:06:27.394 31315 31315 E ArmVmp : Match on catch block at 0xc3 in for 0x7bd4e1a025
04-22 02:06:27.399 31315 31315 E ArmVmp : Match on catch block at 0xc3 in for 0x7bd4e1a025
04-22 02:06:27.403 31315 31315 E ArmVmp : Match on catch block at 0xc3 in for 0x7bd4e1a025
04-22 02:06:27.420 31315 31315 E ArmVmp : Match on catch block at 0xc3 in for 0x7bd4e1a025
04-22 02:06:27.427 31315 31315 E ArmVmp : Match on catch block at 0xc3 in for 0x7bd4e1a025
04-22 02:06:27.430 31315 31315 E ArmVmp : Match on catch block at 0xc3 in for 0x7bd4e1a025
04-22 02:06:27.439 31315 31315 E ArmVmp : Match on catch block at 0xc3 in for 0x7bd4e1a025
04-22 02:06:27.445 31315 31315 E ArmVmp : Match on catch block at 0xc3 in for 0x7bd4e1a025
04-22 02:06:27.448 31315 31315 E ArmVmp : Match on catch block at 0xc3 in for 0x7bd4e1a025
04-22 02:06:27.458 31315 31315 E ArmVmp : Match on catch block at 0xc3 in for 0x7bd4e1a025
04-22 02:06:27.462 31315 31315 E ArmVmp : Match on catch block at 0xc3 in for 0x7bd4e1a025
04-22 02:06:27.466 31315 31315 E ArmVmp : Match on catch block at 0xc3 in for 0x7bd4e1a025
04-22 02:06:27.646 31315 31315 E ArmVmp : Match on catch block at 0xc3 in for 0x7bd4e1a025
04-22 02:06:27.656 31315 31315 E ArmVmp : Match on catch block at 0xc3 in for 0x7bd4e1a025
04-22 02:06:27.661 31315 31315 E ArmVmp : Match on catch block at 0xc3 in for 0x7bd4e1a025
04-22 02:06:27.839 31315 31315 E ArmVmp : Match on catch block at 0xc3 in for 0x7bd4e1a025
04-22 02:06:27.844 31315 31315 E ArmVmp : Match on catch block at 0xc3 in for 0x7bd4e1a025
04-22 02:06:27.849 31315 31315 E ArmVmp : Match on catch block at 0xc3 in for 0x7bd4e1a025
04-22 02:06:27.884 31315 31315 E ArmVmp : Match on catch block at 0xc3 in for 0x7bd4e1a025
04-22 02:06:27.889 31315 31315 E ArmVmp : Match on catch block at 0xc3 in for 0x7bd4e1a025
04-22 02:06:27.891 31315 31315 E ArmVmp : Match on catch block at 0xc3 in for 0x7bd4e1a025
04-22 02:06:27.901 31315 31410 W libc : Access denied finding property "ro.vendor.display.iris_x7.support"
04-22 02:06:27.914 31315 31315 E ArmVmp : Match on catch block at 0xc3 in for 0x7bd4e1a025
04-22 02:06:27.918 31315 31315 E ArmVmp : Match on catch block at 0xc3 in for 0x7bd4e1a025
04-22 02:06:27.921 31315 31315 E ArmVmp : Match on catch block at 0xc3 in for 0x7bd4e1a025
04-22 02:06:27.950 31315 31410 E OpenGLRenderer: Unable to match the desired swap behavior.
04-22 02:06:27.966 31315 31315 E ArmVmp : Match on catch block at 0xc3 in for 0x7bd4e1a025
04-22 02:06:27.971 31315 31315 E ArmVmp : Match on catch block at 0xc3 in for 0x7bd4e1a025
04-22 02:06:27.974 31315 31315 E ArmVmp : Match on catch block at 0xc3 in for 0x7bd4e1a025
04-22 02:06:27.984 31315 31315 E ArmVmp : Match on catch block at 0xc3 in for 0x7bd4e1a025
04-22 02:06:27.988 31315 31315 E ArmVmp : Match on catch block at 0xc3 in for 0x7bd4e1a025
04-22 02:06:27.990 31315 31315 E ArmVmp : Match on catch block at 0xc3 in for 0x7bd4e1a025
04-22 02:06:27.994 31315 31315 E ArmVmp : Match on catch block at 0xc3 in for 0x7bd4e1a025
04-22 02:06:27.996 31315 31315 E ArmVmp : Match on catch block at 0xc3 in for 0x7bd4e1a025
04-22 02:06:27.998 31315 31315 E ArmVmp : Match on catch block at 0xc3 in for 0x7bd4e1a025
04-22 02:06:28.005 31315 31315 E ArmVmp : Match on catch block at 0xc3 in for 0x7bd4e1a025
04-22 02:06:28.006 31315 31315 E ArmVmp : Match on catch block at 0xc3 in for 0x7bd4e1a025
04-22 02:06:28.008 31315 31315 E ArmVmp : Match on catch block at 0xc3 in for 0x7bd4e1a025
04-22 02:06:28.016 31315 31315 E ArmVmp : Match on catch block at 0xc3 in for 0x7bd4e1a025
04-22 02:06:28.018 31315 31315 E ArmVmp : Match on catch block at 0xc3 in for 0x7bd4e1a025
04-22 02:06:28.021 31315 31315 E ArmVmp : Match on catch block at 0xc3 in for 0x7bd4e1a025
04-22 02:06:28.028 31315 31315 E ArmVmp : Match on catch block at 0xc3 in for 0x7bd4e1a025
04-22 02:06:28.031 31315 31315 E ArmVmp : Match on catch block at 0xc3 in for 0x7bd4e1a025
04-22 02:06:28.034 31315 31315 E ArmVmp : Match on catch block at 0xc3 in for 0x7bd4e1a025
04-22 02:06:28.040 31315 31315 E ArmVmp : Match on catch block at 0xc3 in for 0x7bd4e1a025
04-22 02:06:28.043 31315 31315 E ArmVmp : Match on catch block at 0xc3 in for 0x7bd4e1a025
04-22 02:06:28.046 31315 31315 E ArmVmp : Match on catch block at 0xc3 in for 0x7bd4e1a025
04-22 02:06:28.051 31315 31315 E ArmVmp : Match on catch block at 0xc3 in for 0x7bd4e1a025
04-22 02:06:28.053 31315 31315 E ArmVmp : Match on catch block at 0xc3 in for 0x7bd4e1a025
04-22 02:06:28.056 31315 31315 E ArmVmp : Match on catch block at 0xc3 in for 0x7bd4e1a025
04-22 02:06:28.061 31315 31315 E ArmVmp : Match on catch block at 0xc3 in for 0x7bd4e1a025
04-22 02:06:28.063 31315 31315 E ArmVmp : Match on catch block at 0xc3 in for 0x7bd4e1a025
04-22 02:06:28.065 31315 31315 E ArmVmp : Match on catch block at 0xc3 in for 0x7bd4e1a025
04-22 02:06:28.074 31315 31315 E ArmVmp : Match on catch block at 0xc3 in for 0x7bd4e1a025
04-22 02:06:28.080 31315 31315 E ArmVmp : Match on catch block at 0xc3 in for 0x7bd4e1a025
04-22 02:06:28.085 31315 31315 E ArmVmp : Match on catch block at 0xc3 in for 0x7bd4e1a025
04-22 02:06:28.095 31315 31315 E ArmVmp : Match on catch block at 0xc3 in for 0x7bd4e1a025
04-22 02:06:28.098 31315 31315 E ArmVmp : Match on catch block at 0xc3 in for 0x7bd4e1a025
04-22 02:06:28.102 31315 31315 E ArmVmp : Match on catch block at 0xc3 in for 0x7bd4e1a025
04-22 02:06:28.105 31315 31315 E ArmVmp : Match on catch block at 0xc3 in for 0x7bd4e1a025
04-22 02:06:28.109 31315 31315 E ArmVmp : Match on catch block at 0xc3 in for 0x7bd4e1a025
04-22 02:06:28.113 31315 31315 E ArmVmp : Match on catch block at 0xc3 in for 0x7bd4e1a025
04-22 02:06:28.120 31315 31315 E ArmVmp : Match on catch block at 0xc3 in for 0x7bd4e1a025
04-22 02:06:28.123 31315 31315 E ArmVmp : Match on catch block at 0xc3 in for 0x7bd4e1a025
04-22 02:06:28.127 31315 31315 E ArmVmp : Match on catch block at 0xc3 in for 0x7bd4e1a025
04-22 02:06:28.137 31315 31315 E ArmVmp : Match on catch block at 0xc3 in for 0x7bd4e1a025
04-22 02:06:28.140 31315 31315 E ArmVmp : Match on catch block at 0xc3 in for 0x7bd4e1a025
04-22 02:06:28.143 31315 31315 E ArmVmp : Match on catch block at 0xc3 in for 0x7bd4e1a025
04-22 02:06:28.187 31315 31315 E ArmVmp : Match on catch block at 0xc3 in for 0x7bd4e1a025
04-22 02:06:28.191 31315 31315 E ArmVmp : Match on catch block at 0xc3 in for 0x7bd4e1a025
04-22 02:06:28.197 31315 31315 E ArmVmp : Match on catch block at 0xc3 in for 0x7bd4e1a025
04-22 02:06:28.213 31315 31315 E ArmVmp : Match on catch block at 0xc3 in for 0x7bd4e1a025
04-22 02:06:28.219 31315 31315 E ArmVmp : Match on catch block at 0xc3 in for 0x7bd4e1a025
04-22 02:06:28.222 31315 31315 E ArmVmp : Match on catch block at 0xc3 in for 0x7bd4e1a025
04-22 02:06:28.323 31315 31410 W libc : Access denied finding property "ro.vendor.display.iris_x7.support"
04-22 02:06:28.352 31315 31410 E OpenGLRenderer: Unable to match the desired swap behavior.
04-22 02:06:28.615 31315 31410 E OpenGLRenderer: Unable to match the desired swap behavior.
04-22 02:06:28.616 31315 31315 W WindowOnBackDispatcher: sendCancelIfRunning: isInProgress=falsecallback=android.view.ViewRootImpl$ $ExternalSyntheticLambda22@19c071c
04-22 02:06:28.634 31315 31410 E OpenGLRenderer: Unable to match the desired swap behavior.
04-22 02:06:28.644 31315 31410 E OpenGLRenderer: Unable to match the desired swap behavior.
04-22 02:06:28.656 31315 31410 E OpenGLRenderer: Unable to match the desired swap behavior.
04-22 02:06:28.665 31315 31410 E OpenGLRenderer: Unable to match the desired swap behavior.
04-22 02:06:28.676 31315 31410 E OpenGLRenderer: Unable to match the desired swap behavior.
04-22 02:06:28.687 31315 31410 E OpenGLRenderer: Unable to match the desired swap behavior.
04-22 02:06:28.699 31315 31410 E OpenGLRenderer: Unable to match the desired swap behavior.
04-22 02:06:28.710 31315 31410 E OpenGLRenderer: Unable to match the desired swap behavior.
04-22 02:06:28.721 31315 31410 E OpenGLRenderer: Unable to match the desired swap behavior.
04-22 02:06:28.732 31315 31410 E OpenGLRenderer: Unable to match the desired swap behavior.
04-22 02:06:28.743 31315 31410 E OpenGLRenderer: Unable to match the desired swap behavior.
04-22 02:06:28.755 31315 31410 E OpenGLRenderer: Unable to match the desired swap behavior.
04-22 02:06:28.766 31315 31410 E OpenGLRenderer: Unable to match the desired swap behavior.
04-22 02:06:28.777 31315 31410 E OpenGLRenderer: Unable to match the desired swap behavior.
04-22 02:06:28.787 31315 31410 E OpenGLRenderer: Unable to match the desired swap behavior.
04-22 02:06:28.799 31315 31410 E OpenGLRenderer: Unable to match the desired swap behavior.
04-22 02:06:28.810 31315 31410 E OpenGLRenderer: Unable to match the desired swap behavior.
04-22 02:06:28.822 31315 31410 E OpenGLRenderer: Unable to match the desired swap behavior.
04-22 02:06:28.831 31315 31410 E OpenGLRenderer: Unable to match the desired swap behavior.
04-22 02:06:28.843 31315 31410 E OpenGLRenderer: Unable to match the desired swap behavior.
04-22 02:06:28.855 31315 31410 E OpenGLRenderer: Unable to match the desired swap behavior.
04-22 02:06:28.867 31315 31410 E OpenGLRenderer: Unable to match the desired swap behavior.
04-22 02:06:28.878 31315 31410 E OpenGLRenderer: Unable to match the desired swap behavior.
04-22 02:06:28.882 31315 31410 E OpenGLRenderer: Unable to match the desired swap behavior.
04-22 02:06:29.790 31315 31315 E ArmVmp : Match on catch block at 0xc3 in for 0x7bd4e1a025
04-22 02:06:29.800 31315 31315 E ArmVmp : Match on catch block at 0xc3 in for 0x7bd4e1a025
04-22 02:06:29.804 31315 31315 E ArmVmp : Match on catch block at 0xc3 in for 0x7bd4e1a025
04-22 02:06:29.814 31315 31315 E ArmVmp : Match on catch block at 0xc3 in for 0x7bd4e1a025
04-22 02:06:29.822 31315 31315 E ArmVmp : Match on catch block at 0xc3 in for 0x7bd4e1a025
04-22 02:06:29.826 31315 31315 E ArmVmp : Match on catch block at 0xc3 in for 0x7bd4e1a025
04-22 02:06:29.835 31315 31315 E ArmVmp : Match on catch block at 0xc3 in for 0x7bd4e1a025
