04-22 02:04:29.227 31315 31315 E ArmVmp : Match on catch block at 0xc3 in for 0x7bd4e1a025
04-22 02:04:29.231 31315 31315 E ArmVmp : Match on catch block at 0xc3 in for 0x7bd4e1a025
04-22 02:04:29.238 31315 31315 E ArmVmp : Match on catch block at 0xc3 in for 0x7bd4e1a025
04-22 02:04:29.242 31315 31315 E ArmVmp : Match on catch block at 0xc3 in for 0x7bd4e1a025
04-22 02:04:29.250 31315 31315 E ArmVmp : Match on catch block at 0xc3 in for 0x7bd4e1a025
04-22 02:04:29.257 31315 31315 E ArmVmp : Match on catch block at 0xc3 in for 0x7bd4e1a025
04-22 02:04:29.270 31315 31315 E ArmVmp : Match on catch block at 0xc3 in for 0x7bd4e1a025
04-22 02:04:29.276 31315 31315 E ArmVmp : Match on catch block at 0xc3 in for 0x7bd4e1a025
04-22 02:04:29.283 31315 31315 E ArmVmp : Match on catch block at 0xc3 in for 0x7bd4e1a025
04-22 02:04:29.288 31315 31315 E ArmVmp : Match on catch block at 0xc3 in for 0x7bd4e1a025
04-22 02:04:29.294 31315 31315 E ArmVmp : Match on catch block at 0xc3 in for 0x7bd4e1a025
04-22 02:04:29.299 31315 31315 E ArmVmp : Match on catch block at 0xc3 in for 0x7bd4e1a025
04-22 02:04:29.305 31315 31315 E ArmVmp : Match on catch block at 0xc3 in for 0x7bd4e1a025
04-22 02:04:29.309 31315 31315 E ArmVmp : Match on catch block at 0xc3 in for 0x7bd4e1a025
04-22 02:04:29.316 31315 31315 E ArmVmp : Match on catch block at 0xc3 in for 0x7bd4e1a025
04-22 02:04:29.320 31315 31315 E ArmVmp : Match on catch block at 0xc3 in for 0x7bd4e1a025
04-22 02:04:29.328 31315 31315 E ArmVmp : Match on catch block at 0xc3 in for 0x7bd4e1a025
04-22 02:04:29.333 31315 31315 E ArmVmp : Match on catch block at 0xc3 in for 0x7bd4e1a025
04-22 02:04:29.339 31315 31315 E ArmVmp : Match on catch block at 0xc3 in for 0x7bd4e1a025
04-22 02:04:29.343 31315 31315 E ArmVmp : Match on catch block at 0xc3 in for 0x7bd4e1a025
04-22 02:04:29.350 31315 31315 E ArmVmp : Match on catch block at 0xc3 in for 0x7bd4e1a025
04-22 02:04:29.353 31315 31315 E ArmVmp : Match on catch block at 0xc3 in for 0x7bd4e1a025
04-22 02:04:29.449 31315 31315 E ArmVmp : Match on catch block at 0xc3 in for 0x7bd4e1a025
04-22 02:04:29.451 31315 31315 E ArmVmp : Match on catch block at 0xc3 in for 0x7bd4e1a025
04-22 02:04:29.463 31315 31315 E ArmVmp : Match on catch block at 0xc3 in for 0x7bd4e1a025
04-22 02:04:29.465 31315 31315 E ArmVmp : Match on catch block at 0xc3 in for 0x7bd4e1a025
04-22 02:04:29.477 31315 31315 E ArmVmp : Match on catch block at 0xc3 in for 0x7bd4e1a025
04-22 02:04:29.479 31315 31315 E ArmVmp : Match on catch block at 0xc3 in for 0x7bd4e1a025
04-22 02:04:29.493 31315 31315 E ArmVmp : Match on catch block at 0xc3 in for 0x7bd4e1a025
04-22 02:04:29.497 31315 31315 E ArmVmp : Match on catch block at 0xc3 in for 0x7bd4e1a025
04-22 02:04:29.505 31315 31315 E ArmVmp : Match on catch block at 0xc3 in for 0x7bd4e1a025
04-22 02:04:29.507 31315 31315 E ArmVmp : Match on catch block at 0xc3 in for 0x7bd4e1a025
04-22 02:04:29.515 31315 31315 E ArmVmp : Match on catch block at 0xc3 in for 0x7bd4e1a025
04-22 02:04:29.517 31315 31315 E ArmVmp : Match on catch block at 0xc3 in for 0x7bd4e1a025
04-22 02:04:29.523 31315 31315 E ArmVmp : Match on catch block at 0xc3 in for 0x7bd4e1a025
04-22 02:04:29.525 31315 31315 E ArmVmp : Match on catch block at 0xc3 in for 0x7bd4e1a025
04-22 02:04:29.528 31315 31315 E ArmVmp : Match on catch block at 0xc3 in for 0x7bd4e1a025
04-22 02:04:29.530 31315 31315 E ArmVmp : Match on catch block at 0xc3 in for 0x7bd4e1a025
04-22 02:04:29.539 31315 31315 E ArmVmp : Match on catch block at 0xc3 in for 0x7bd4e1a025
04-22 02:04:29.541 31315 31315 E ArmVmp : Match on catch block at 0xc3 in for 0x7bd4e1a025
04-22 02:04:29.550 31315 31315 E ArmVmp : Match on catch block at 0xc3 in for 0x7bd4e1a025
04-22 02:04:29.552 31315 31315 E ArmVmp : Match on catch block at 0xc3 in for 0x7bd4e1a025
04-22 02:04:29.561 31315 31315 E ArmVmp : Match on catch block at 0xc3 in for 0x7bd4e1a025
04-22 02:04:29.564 31315 31315 E ArmVmp : Match on catch block at 0xc3 in for 0x7bd4e1a025
04-22 02:04:29.574 31315 31315 E ArmVmp : Match on catch block at 0xc3 in for 0x7bd4e1a025
04-22 02:04:29.582 31315 31315 E ArmVmp : Match on catch block at 0xc3 in for 0x7bd4e1a025
04-22 02:04:29.597 31315 31315 E ArmVmp : Match on catch block at 0xc3 in for 0x7bd4e1a025
04-22 02:04:29.602 31315 31315 E ArmVmp : Match on catch block at 0xc3 in for 0x7bd4e1a025
04-22 02:04:29.619 31315 31315 E ArmVmp : Match on catch block at 0xc3 in for 0x7bd4e1a025
04-22 02:04:29.624 31315 31315 E ArmVmp : Match on catch block at 0xc3 in for 0x7bd4e1a025
04-22 02:04:29.630 31315 31315 E ArmVmp : Match on catch block at 0xc3 in for 0x7bd4e1a025
04-22 02:04:29.637 31315 31315 E ArmVmp : Match on catch block at 0xc3 in for 0x7bd4e1a025
04-22 02:04:29.652 31315 31315 E ArmVmp : Match on catch block at 0xc3 in for 0x7bd4e1a025
04-22 02:04:29.657 31315 31315 E ArmVmp : Match on catch block at 0xc3 in for 0x7bd4e1a025
04-22 02:04:29.664 31315 31315 E ArmVmp : Match on catch block at 0xc3 in for 0x7bd4e1a025
04-22 02:04:29.670 31315 31315 E ArmVmp : Match on catch block at 0xc3 in for 0x7bd4e1a025
04-22 02:04:29.769 31315 31315 E ArmVmp : Match on catch block at 0xc3 in for 0x7bd4e1a025
04-22 02:04:29.774 31315 31315 E ArmVmp : Match on catch block at 0xc3 in for 0x7bd4e1a025
04-22 02:04:29.787 31315 31315 E ArmVmp : Match on catch block at 0xc3 in for 0x7bd4e1a025
04-22 02:04:29.790 31315 31428 W MediaPlayer: Use of stream types is deprecated for operations other than volume control
04-22 02:04:29.790 31315 31428 W MediaPlayer: See the documentation of setAudioStreamType() for what to use instead with android.media.AudioAttributes to qualify your playback use case
04-22 02:04:29.792 31315 31315 E ArmVmp : Match on catch block at 0xc3 in for 0x7bd4e1a025
04-22 02:04:29.968 31315 31315 E ArmVmp : Match on catch block at 0xc3 in for 0x7bd4e1a025
04-22 02:04:29.979 31315 31315 E ArmVmp : Match on catch block at 0xc3 in for 0x7bd4e1a025
04-22 02:04:30.470 31315 31315 E ArmVmp : Match on catch block at 0xc3 in for 0x7bd4e1a025
04-22 02:04:30.482 31315 31315 E ArmVmp : Match on catch block at 0xc3 in for 0x7bd4e1a025
04-22 02:04:30.972 31315 31315 E ArmVmp : Match on catch block at 0xc3 in for 0x7bd4e1a025
04-22 02:04:30.980 31315 31315 E ArmVmp : Match on catch block at 0xc3 in for 0x7bd4e1a025
04-22 02:04:31.189 31315 31315 E ArmVmp : Match on catch block at 0xc3 in for 0x7bd4e1a025
04-22 02:04:31.197 31315 31315 E ArmVmp : Match on catch block at 0xc3 in for 0x7bd4e1a025
04-22 02:04:31.217 31315 31315 E ArmVmp : Match on catch block at 0xc3 in for 0x7bd4e1a025
04-22 02:04:31.222 31315 31315 E ArmVmp : Match on catch block at 0xc3 in for 0x7bd4e1a025
04-22 02:04:31.231 31315 31315 E ArmVmp : Match on catch block at 0xc3 in for 0x7bd4e1a025
04-22 02:04:31.235 31315 31315 E ArmVmp : Match on catch block at 0xc3 in for 0x7bd4e1a025
04-22 02:04:31.380 31315 31315 W WindowOnBackDispatcher: sendCancelIfRunning: isInProgress=falsecallback=android.view.ViewRootImpl$ $ExternalSyntheticLambda22@15fa1fe
04-22 02:04:31.415 31315 31410 W libc : Access denied finding property "ro.vendor.display.iris_x7.support"
04-22 02:04:31.431 31315 31410 E OpenGLRenderer: Unable to match the desired swap behavior.
04-22 02:04:31.476 31315 31315 E ArmVmp : Match on catch block at 0xc3 in for 0x7bd4e1a025
04-22 02:04:31.479 31315 31315 E ArmVmp : Match on catch block at 0xc3 in for 0x7bd4e1a025
04-22 02:04:31.972 31315 31315 E ArmVmp : Match on catch block at 0xc3 in for 0x7bd4e1a025
04-22 02:04:31.979 31315 31315 E ArmVmp : Match on catch block at 0xc3 in for 0x7bd4e1a025
04-22 02:04:32.476 31315 31315 E ArmVmp : Match on catch block at 0xc3 in for 0x7bd4e1a025
04-22 02:04:32.486 31315 31315 E ArmVmp : Match on catch block at 0xc3 in for 0x7bd4e1a025
04-22 02:04:32.812 31315 31315 E ArmVmp : Match on catch block at 0xc3 in for 0x7bd4e1a025
04-22 02:04:32.814 31315 31315 E ArmVmp : Match on catch block at 0xc3 in for 0x7bd4e1a025
04-22 02:04:32.824 31315 31315 E ArmVmp : Match on catch block at 0xc3 in for 0x7bd4e1a025
04-22 02:04:32.826 31315 31315 E ArmVmp : Match on catch block at 0xc3 in for 0x7bd4e1a025
04-22 02:04:32.834 31315 31315 E ArmVmp : Match on catch block at 0xc3 in for 0x7bd4e1a025
04-22 02:04:32.836 31315 31315 E ArmVmp : Match on catch block at 0xc3 in for 0x7bd4e1a025
04-22 02:04:32.846 31315 31315 E ArmVmp : Match on catch block at 0xc3 in for 0x7bd4e1a025
04-22 02:04:32.848 31315 31315 E ArmVmp : Match on catch block at 0xc3 in for 0x7bd4e1a025
04-22 02:04:32.857 31315 31315 E ArmVmp : Match on catch block at 0xc3 in for 0x7bd4e1a025
04-22 02:04:32.859 31315 31315 E ArmVmp : Match on catch block at 0xc3 in for 0x7bd4e1a025
04-22 02:04:32.869 31315 31315 E ArmVmp : Match on catch block at 0xc3 in for 0x7bd4e1a025
04-22 02:04:32.871 31315 31315 E ArmVmp : Match on catch block at 0xc3 in for 0x7bd4e1a025
04-22 02:04:32.880 31315 31315 E ArmVmp : Match on catch block at 0xc3 in for 0x7bd4e1a025
04-22 02:04:32.882 31315 31315 E ArmVmp : Match on catch block at 0xc3 in for 0x7bd4e1a025
04-22 02:04:32.891 31315 31315 E ArmVmp : Match on catch block at 0xc3 in for 0x7bd4e1a025
04-22 02:04:32.893 31315 31315 E ArmVmp : Match on catch block at 0xc3 in for 0x7bd4e1a025
04-22 02:04:32.904 31315 31315 E ArmVmp : Match on catch block at 0xc3 in for 0x7bd4e1a025
04-22 02:04:32.909 31315 31315 E ArmVmp : Match on catch block at 0xc3 in for 0x7bd4e1a025
04-22 02:04:32.916 31315 31315 E ArmVmp : Match on catch block at 0xc3 in for 0x7bd4e1a025
04-22 02:04:32.922 31315 31315 E ArmVmp : Match on catch block at 0xc3 in for 0x7bd4e1a025
04-22 02:04:32.928 31315 31315 E ArmVmp : Match on catch block at 0xc3 in for 0x7bd4e1a025
04-22 02:04:32.935 31315 31315 E ArmVmp : Match on catch block at 0xc3 in for 0x7bd4e1a025
04-22 02:04:32.949 31315 31315 E ArmVmp : Match on catch block at 0xc3 in for 0x7bd4e1a025
04-22 02:04:32.954 31315 31315 E ArmVmp : Match on catch block at 0xc3 in for 0x7bd4e1a025
04-22 02:04:32.960 31315 31315 E ArmVmp : Match on catch block at 0xc3 in for 0x7bd4e1a025
04-22 02:04:32.966 31315 31315 E ArmVmp : Match on catch block at 0xc3 in for 0x7bd4e1a025
04-22 02:04:32.972 31315 31315 E ArmVmp : Match on catch block at 0xc3 in for 0x7bd4e1a025
04-22 02:04:32.978 31315 31315 E ArmVmp : Match on catch block at 0xc3 in for 0x7bd4e1a025
04-22 02:04:32.982 31315 31315 E ArmVmp : Match on catch block at 0xc3 in for 0x7bd4e1a025
04-22 02:04:32.984 31315 31315 E ArmVmp : Match on catch block at 0xc3 in for 0x7bd4e1a025
04-22 02:04:32.992 31315 31315 E ArmVmp : Match on catch block at 0xc3 in for 0x7bd4e1a025
04-22 02:04:32.995 31315 31315 E ArmVmp : Match on catch block at 0xc3 in for 0x7bd4e1a025
04-22 02:04:33.099 31315 31315 E ArmVmp : Match on catch block at 0xc3 in for 0x7bd4e1a025
04-22 02:04:33.101 31315 31315 E ArmVmp : Match on catch block at 0xc3 in for 0x7bd4e1a025
04-22 02:04:33.110 31315 31315 E ArmVmp : Match on catch block at 0xc3 in for 0x7bd4e1a025
04-22 02:04:33.114 31315 31315 E ArmVmp : Match on catch block at 0xc3 in for 0x7bd4e1a025
04-22 02:04:33.150 31315 31315 E ArmVmp : Match on catch block at 0xc3 in for 0x7bd4e1a025
04-22 02:04:33.153 31315 31315 E ArmVmp : Match on catch block at 0xc3 in for 0x7bd4e1a025
04-22 02:04:33.161 31315 31410 W libc : Access denied finding property "ro.vendor.display.iris_x7.support"
04-22 02:04:33.189 31315 31410 E OpenGLRenderer: Unable to match the desired swap behavior.
04-22 02:04:33.195 31315 31315 E ArmVmp : Match on catch block at 0xc3 in for 0x7bd4e1a025
04-22 02:04:33.198 31315 31315 E ArmVmp : Match on catch block at 0xc3 in for 0x7bd4e1a025
04-22 02:04:33.207 31315 31315 E ArmVmp : Match on catch block at 0xc3 in for 0x7bd4e1a025
04-22 02:04:33.210 31315 31315 E ArmVmp : Match on catch block at 0xc3 in for 0x7bd4e1a025
04-22 02:04:33.220 31315 31315 E ArmVmp : Match on catch block at 0xc3 in for 0x7bd4e1a025
04-22 02:04:33.223 31315 31315 E ArmVmp : Match on catch block at 0xc3 in for 0x7bd4e1a025
04-22 02:04:33.226 31315 31315 E ArmVmp : Match on catch block at 0xc3 in for 0x7bd4e1a025
04-22 02:04:33.230 31315 31315 E ArmVmp : Match on catch block at 0xc3 in for 0x7bd4e1a025
04-22 02:04:33.238 31315 31315 E ArmVmp : Match on catch block at 0xc3 in for 0x7bd4e1a025
04-22 02:04:33.240 31315 31315 E ArmVmp : Match on catch block at 0xc3 in for 0x7bd4e1a025
04-22 02:04:33.248 31315 31315 E ArmVmp : Match on catch block at 0xc3 in for 0x7bd4e1a025
04-22 02:04:33.251 31315 31315 E ArmVmp : Match on catch block at 0xc3 in for 0x7bd4e1a025
04-22 02:04:33.258 31315 31315 E ArmVmp : Match on catch block at 0xc3 in for 0x7bd4e1a025
04-22 02:04:33.260 31315 31315 E ArmVmp : Match on catch block at 0xc3 in for 0x7bd4e1a025
04-22 02:04:33.267 31315 31315 E ArmVmp : Match on catch block at 0xc3 in for 0x7bd4e1a025
04-22 02:04:33.269 31315 31315 E ArmVmp : Match on catch block at 0xc3 in for 0x7bd4e1a025
04-22 02:04:33.277 31315 31315 E ArmVmp : Match on catch block at 0xc3 in for 0x7bd4e1a025
04-22 02:04:33.280 31315 31315 E ArmVmp : Match on catch block at 0xc3 in for 0x7bd4e1a025
04-22 02:04:33.286 31315 31315 E ArmVmp : Match on catch block at 0xc3 in for 0x7bd4e1a025
04-22 02:04:33.288 31315 31315 E ArmVmp : Match on catch block at 0xc3 in for 0x7bd4e1a025
04-22 02:04:33.297 31315 31315 E ArmVmp : Match on catch block at 0xc3 in for 0x7bd4e1a025
04-22 02:04:33.299 31315 31315 E ArmVmp : Match on catch block at 0xc3 in for 0x7bd4e1a025
04-22 02:04:33.308 31315 31315 E ArmVmp : Match on catch block at 0xc3 in for 0x7bd4e1a025
04-22 02:04:33.310 31315 31315 E ArmVmp : Match on catch block at 0xc3 in for 0x7bd4e1a025
04-22 02:04:33.319 31315 31315 E ArmVmp : Match on catch block at 0xc3 in for 0x7bd4e1a025
04-22 02:04:33.322 31315 31315 E ArmVmp : Match on catch block at 0xc3 in for 0x7bd4e1a025
04-22 02:04:33.322 31315 31410 E libEGL : pre_cache appList: ,,,,,,
04-22 02:04:33.347 31315 31315 E ArmVmp : Match on catch block at 0xc3 in for 0x7bd4e1a025
04-22 02:04:33.351 31315 31315 E ArmVmp : Match on catch block at 0xc3 in for 0x7bd4e1a025
04-22 02:04:33.357 31315 31315 E ArmVmp : Match on catch block at 0xc3 in for 0x7bd4e1a025
04-22 02:04:33.360 31315 31315 E ArmVmp : Match on catch block at 0xc3 in for 0x7bd4e1a025
04-22 02:04:33.369 31315 31315 E ArmVmp : Match on catch block at 0xc3 in for 0x7bd4e1a025
04-22 02:04:33.372 31315 31315 E ArmVmp : Match on catch block at 0xc3 in for 0x7bd4e1a025
04-22 02:04:33.379 31315 31315 E ArmVmp : Match on catch block at 0xc3 in for 0x7bd4e1a025
04-22 02:04:33.381 31315 31315 E ArmVmp : Match on catch block at 0xc3 in for 0x7bd4e1a025
04-22 02:04:33.389 31315 31315 E ArmVmp : Match on catch block at 0xc3 in for 0x7bd4e1a025
04-22 02:04:33.391 31315 31315 E ArmVmp : Match on catch block at 0xc3 in for 0x7bd4e1a025
04-22 02:04:33.397 31315 31315 E ArmVmp : Match on catch block at 0xc3 in for 0x7bd4e1a025
04-22 02:04:33.402 31315 31315 E ArmVmp : Match on catch block at 0xc3 in for 0x7bd4e1a025
04-22 02:04:33.411 31315 31315 E ArmVmp : Match on catch block at 0xc3 in for 0x7bd4e1a025
04-22 02:04:33.415 31315 31315 E ArmVmp : Match on catch block at 0xc3 in for 0x7bd4e1a025
04-22 02:04:33.433 31315 31315 E ArmVmp : Match on catch block at 0xc3 in for 0x7bd4e1a025
04-22 02:04:33.438 31315 31315 E ArmVmp : Match on catch block at 0xc3 in for 0x7bd4e1a025
04-22 02:04:33.448 31315 31315 E ArmVmp : Match on catch block at 0xc3 in for 0x7bd4e1a025
04-22 02:04:33.454 31315 31315 E ArmVmp : Match on catch block at 0xc3 in for 0x7bd4e1a025
04-22 02:04:33.465 31315 31315 E ArmVmp : Match on catch block at 0xc3 in for 0x7bd4e1a025
04-22 02:04:33.470 31315 31315 E ArmVmp : Match on catch block at 0xc3 in for 0x7bd4e1a025
04-22 02:04:33.481 31315 31315 E ArmVmp : Match on catch block at 0xc3 in for 0x7bd4e1a025
04-22 02:04:33.488 31315 31315 E ArmVmp : Match on catch block at 0xc3 in for 0x7bd4e1a025
04-22 02:04:33.496 31315 31315 E ArmVmp : Match on catch block at 0xc3 in for 0x7bd4e1a025
04-22 02:04:33.502 31315 31315 E ArmVmp : Match on catch block at 0xc3 in for 0x7bd4e1a025
04-22 02:04:33.510 31315 31315 E ArmVmp : Match on catch block at 0xc3 in for 0x7bd4e1a025
04-22 02:04:33.515 31315 31315 E ArmVmp : Match on catch block at 0xc3 in for 0x7bd4e1a025
04-22 02:04:33.527 31315 31315 E ArmVmp : Match on catch block at 0xc3 in for 0x7bd4e1a025
04-22 02:04:33.540 31315 31315 E ArmVmp : Match on catch block at 0xc3 in for 0x7bd4e1a025
04-22 02:04:33.553 31315 31315 E ArmVmp : Match on catch block at 0xc3 in for 0x7bd4e1a025
04-22 02:04:33.560 31315 31315 E ArmVmp : Match on catch block at 0xc3 in for 0x7bd4e1a025
04-22 02:04:33.573 31315 31315 E ArmVmp : Match on catch block at 0xc3 in for 0x7bd4e1a025
04-22 02:04:33.579 31315 31315 E ArmVmp : Match on catch block at 0xc3 in for 0x7bd4e1a025
04-22 02:04:34.017 31315 31315 E ArmVmp : Match on catch block at 0xc3 in for 0x7bd4e1a025
04-22 02:04:34.028 31315 31315 E ArmVmp : Match on catch block at 0xc3 in for 0x7bd4e1a025
04-22 02:04:34.037 31315 31315 W WindowOnBackDispatcher: sendCancelIfRunning: isInProgress=falsecallback=android.view.ViewRootImpl$ $ExternalSyntheticLambda22@5a38e95
04-22 02:04:34.049 31315 31315 W InputEventReceiver: Attempted to finish an input event but the input event receiver has already been disposed.
04-22 02:04:34.050 31315 31315 E ArmVmp : Match on catch block at 0xc3 in for 0x7bd4e1a025
04-22 02:04:34.053 31315 31315 E ArmVmp : Match on catch block at 0xc3 in for 0x7bd4e1a025
04-22 02:04:34.066 31315 31315 E ArmVmp : Match on catch block at 0xc3 in for 0x7bd4e1a025
04-22 02:04:34.068 31315 31315 E ArmVmp : Match on catch block at 0xc3 in for 0x7bd4e1a025
04-22 02:04:34.077 31315 31315 E ArmVmp : Match on catch block at 0xc3 in for 0x7bd4e1a025
04-22 02:04:34.079 31315 31315 E ArmVmp : Match on catch block at 0xc3 in for 0x7bd4e1a025
04-22 02:04:34.089 31315 31315 E ArmVmp : Match on catch block at 0xc3 in for 0x7bd4e1a025
04-22 02:04:34.092 31315 31315 E ArmVmp : Match on catch block at 0xc3 in for 0x7bd4e1a025
04-22 02:04:34.131 31315 31410 W libc : Access denied finding property "ro.vendor.display.iris_x7.support"
04-22 02:04:34.156 31315 31410 E OpenGLRenderer: Unable to match the desired swap behavior.
04-22 02:04:34.170 31315 31315 E ArmVmp : Match on catch block at 0xc3 in for 0x7bd4e1a025
04-22 02:04:34.173 31315 31315 E ArmVmp : Match on catch block at 0xc3 in for 0x7bd4e1a025
04-22 02:04:34.180 31315 31315 E ArmVmp : Match on catch block at 0xc3 in for 0x7bd4e1a025
04-22 02:04:34.184 31315 31315 E ArmVmp : Match on catch block at 0xc3 in for 0x7bd4e1a025
04-22 02:04:34.189 31315 31315 E ArmVmp : Match on catch block at 0xc3 in for 0x7bd4e1a025
04-22 02:04:34.193 31315 31315 E ArmVmp : Match on catch block at 0xc3 in for 0x7bd4e1a025
04-22 02:04:34.201 31315 31315 E ArmVmp : Match on catch block at 0xc3 in for 0x7bd4e1a025
04-22 02:04:34.205 31315 31315 E ArmVmp : Match on catch block at 0xc3 in for 0x7bd4e1a025
04-22 02:04:34.214 31315 31315 E ArmVmp : Match on catch block at 0xc3 in for 0x7bd4e1a025
04-22 02:04:34.217 31315 31315 E ArmVmp : Match on catch block at 0xc3 in for 0x7bd4e1a025
04-22 02:04:34.225 31315 31315 E ArmVmp : Match on catch block at 0xc3 in for 0x7bd4e1a025
04-22 02:04:34.227 31315 31315 E ArmVmp : Match on catch block at 0xc3 in for 0x7bd4e1a025
04-22 02:04:34.234 31315 31315 E ArmVmp : Match on catch block at 0xc3 in for 0x7bd4e1a025
04-22 02:04:34.238 31315 31315 E ArmVmp : Match on catch block at 0xc3 in for 0x7bd4e1a025
04-22 02:04:34.245 31315 31315 E ArmVmp : Match on catch block at 0xc3 in for 0x7bd4e1a025
04-22 02:04:34.249 31315 31315 E ArmVmp : Match on catch block at 0xc3 in for 0x7bd4e1a025
04-22 02:04:34.256 31315 31315 E ArmVmp : Match on catch block at 0xc3 in for 0x7bd4e1a025
04-22 02:04:34.260 31315 31315 E ArmVmp : Match on catch block at 0xc3 in for 0x7bd4e1a025
04-22 02:04:34.268 31315 31315 E ArmVmp : Match on catch block at 0xc3 in for 0x7bd4e1a025
04-22 02:04:34.272 31315 31315 E ArmVmp : Match on catch block at 0xc3 in for 0x7bd4e1a025
04-22 02:04:34.285 31315 31315 E ArmVmp : Match on catch block at 0xc3 in for 0x7bd4e1a025
04-22 02:04:34.287 31315 31315 E ArmVmp : Match on catch block at 0xc3 in for 0x7bd4e1a025
04-22 02:04:34.300 31315 31315 E ArmVmp : Match on catch block at 0xc3 in for 0x7bd4e1a025
04-22 02:04:34.306 31315 31315 E ArmVmp : Match on catch block at 0xc3 in for 0x7bd4e1a025
04-22 02:04:34.343 31315 31315 E ArmVmp : Match on catch block at 0xc3 in for 0x7bd4e1a025
04-22 02:04:34.348 31315 31315 E ArmVmp : Match on catch block at 0xc3 in for 0x7bd4e1a025
04-22 02:04:34.358 31315 31315 E ArmVmp : Match on catch block at 0xc3 in for 0x7bd4e1a025
04-22 02:04:34.364 31315 31315 E ArmVmp : Match on catch block at 0xc3 in for 0x7bd4e1a025
04-22 02:04:34.374 31315 31315 E ArmVmp : Match on catch block at 0xc3 in for 0x7bd4e1a025
04-22 02:04:34.377 31315 31315 E ArmVmp : Match on catch block at 0xc3 in for 0x7bd4e1a025
04-22 02:04:34.388 31315 31315 E ArmVmp : Match on catch block at 0xc3 in for 0x7bd4e1a025
04-22 02:04:34.391 31315 31315 E ArmVmp : Match on catch block at 0xc3 in for 0x7bd4e1a025
04-22 02:04:34.398 31315 31315 E ArmVmp : Match on catch block at 0xc3 in for 0x7bd4e1a025
04-22 02:04:34.403 31315 31315 E ArmVmp : Match on catch block at 0xc3 in for 0x7bd4e1a025
04-22 02:04:34.409 31315 31315 E ArmVmp : Match on catch block at 0xc3 in for 0x7bd4e1a025
04-22 02:04:34.412 31315 31315 E ArmVmp : Match on catch block at 0xc3 in for 0x7bd4e1a025
04-22 02:04:34.417 31315 31315 E ArmVmp : Match on catch block at 0xc3 in for 0x7bd4e1a025
04-22 02:04:34.423 31315 31315 E ArmVmp : Match on catch block at 0xc3 in for 0x7bd4e1a025
04-22 02:04:34.431 31315 31315 E ArmVmp : Match on catch block at 0xc3 in for 0x7bd4e1a025
04-22 02:04:34.436 31315 31315 E ArmVmp : Match on catch block at 0xc3 in for 0x7bd4e1a025
04-22 02:04:34.442 31315 31315 E ArmVmp : Match on catch block at 0xc3 in for 0x7bd4e1a025
04-22 02:04:34.445 31315 31315 E ArmVmp : Match on catch block at 0xc3 in for 0x7bd4e1a025
04-22 02:04:34.449 31315 31315 E ArmVmp : Match on catch block at 0xc3 in for 0x7bd4e1a025
04-22 02:04:34.454 31315 31315 E ArmVmp : Match on catch block at 0xc3 in for 0x7bd4e1a025
04-22 02:04:34.459 31315 31315 E ArmVmp : Match on catch block at 0xc3 in for 0x7bd4e1a025
04-22 02:04:34.463 31315 31315 E ArmVmp : Match on catch block at 0xc3 in for 0x7bd4e1a025
04-22 02:04:34.470 31315 31315 E ArmVmp : Match on catch block at 0xc3 in for 0x7bd4e1a025
04-22 02:04:34.475 31315 31315 E ArmVmp : Match on catch block at 0xc3 in for 0x7bd4e1a025
04-22 02:04:34.481 31315 31315 E ArmVmp : Match on catch block at 0xc3 in for 0x7bd4e1a025
04-22 02:04:34.487 31315 31315 E ArmVmp : Match on catch block at 0xc3 in for 0x7bd4e1a025
04-22 02:04:34.492 31315 31315 E ArmVmp : Match on catch block at 0xc3 in for 0x7bd4e1a025
04-22 02:04:34.495 31315 31315 E ArmVmp : Match on catch block at 0xc3 in for 0x7bd4e1a025
04-22 02:04:34.505 31315 31315 E ArmVmp : Match on catch block at 0xc3 in for 0x7bd4e1a025
04-22 02:04:34.510 31315 31315 E ArmVmp : Match on catch block at 0xc3 in for 0x7bd4e1a025
04-22 02:04:34.515 31315 31315 E ArmVmp : Match on catch block at 0xc3 in for 0x7bd4e1a025
04-22 02:04:34.521 31315 31315 E ArmVmp : Match on catch block at 0xc3 in for 0x7bd4e1a025
04-22 02:04:34.525 31315 31315 E ArmVmp : Match on catch block at 0xc3 in for 0x7bd4e1a025
04-22 02:04:34.529 31315 31315 E ArmVmp : Match on catch block at 0xc3 in for 0x7bd4e1a025
04-22 02:04:34.536 31315 31315 E ArmVmp : Match on catch block at 0xc3 in for 0x7bd4e1a025
04-22 02:04:34.540 31315 31315 E ArmVmp : Match on catch block at 0xc3 in for 0x7bd4e1a025
04-22 02:04:34.549 31315 31315 E ArmVmp : Match on catch block at 0xc3 in for 0x7bd4e1a025
04-22 02:04:34.553 31315 31315 E ArmVmp : Match on catch block at 0xc3 in for 0x7bd4e1a025
04-22 02:04:34.560 31315 31315 E ArmVmp : Match on catch block at 0xc3 in for 0x7bd4e1a025
04-22 02:04:34.563 31315 31315 E ArmVmp : Match on catch block at 0xc3 in for 0x7bd4e1a025
04-22 02:04:34.571 31315 31315 E ArmVmp : Match on catch block at 0xc3 in for 0x7bd4e1a025
04-22 02:04:34.575 31315 31315 E ArmVmp : Match on catch block at 0xc3 in for 0x7bd4e1a025
04-22 02:04:34.582 31315 31315 E ArmVmp : Match on catch block at 0xc3 in for 0x7bd4e1a025
04-22 02:04:34.586 31315 31315 E ArmVmp : Match on catch block at 0xc3 in for 0x7bd4e1a025
04-22 02:04:34.592 31315 31315 E ArmVmp : Match on catch block at 0xc3 in for 0x7bd4e1a025
04-22 02:04:34.598 31315 31315 E ArmVmp : Match on catch block at 0xc3 in for 0x7bd4e1a025
04-22 02:04:34.604 31315 31315 E ArmVmp : Match on catch block at 0xc3 in for 0x7bd4e1a025
04-22 02:04:34.608 31315 31315 E ArmVmp : Match on catch block at 0xc3 in for 0x7bd4e1a025
04-22 02:04:34.615 31315 31315 E ArmVmp : Match on catch block at 0xc3 in for 0x7bd4e1a025
04-22 02:04:34.619 31315 31315 E ArmVmp : Match on catch block at 0xc3 in for 0x7bd4e1a025
04-22 02:04:34.627 31315 31315 E ArmVmp : Match on catch block at 0xc3 in for 0x7bd4e1a025
04-22 02:04:34.631 31315 31315 E ArmVmp : Match on catch block at 0xc3 in for 0x7bd4e1a025
04-22 02:04:34.637 31315 31315 E ArmVmp : Match on catch block at 0xc3 in for 0x7bd4e1a025
04-22 02:04:34.642 31315 31315 E ArmVmp : Match on catch block at 0xc3 in for 0x7bd4e1a025
04-22 02:04:34.650 31315 31315 E ArmVmp : Match on catch block at 0xc3 in for 0x7bd4e1a025
04-22 02:04:34.652 31315 31315 E ArmVmp : Match on catch block at 0xc3 in for 0x7bd4e1a025
04-22 02:04:34.659 31315 31315 E ArmVmp : Match on catch block at 0xc3 in for 0x7bd4e1a025
04-22 02:04:34.664 31315 31315 E ArmVmp : Match on catch block at 0xc3 in for 0x7bd4e1a025
04-22 02:04:34.671 31315 31315 E ArmVmp : Match on catch block at 0xc3 in for 0x7bd4e1a025
04-22 02:04:34.675 31315 31315 E ArmVmp : Match on catch block at 0xc3 in for 0x7bd4e1a025
04-22 02:04:34.683 31315 31315 E ArmVmp : Match on catch block at 0xc3 in for 0x7bd4e1a025
04-22 02:04:34.688 31315 31315 E ArmVmp : Match on catch block at 0xc3 in for 0x7bd4e1a025
04-22 02:04:34.693 31315 31315 E ArmVmp : Match on catch block at 0xc3 in for 0x7bd4e1a025
04-22 02:04:34.695 31315 31315 E ArmVmp : Match on catch block at 0xc3 in for 0x7bd4e1a025
04-22 02:04:34.705 31315 31315 E ArmVmp : Match on catch block at 0xc3 in for 0x7bd4e1a025
04-22 02:04:34.709 31315 31315 E ArmVmp : Match on catch block at 0xc3 in for 0x7bd4e1a025
04-22 02:04:34.717 31315 31315 E ArmVmp : Match on catch block at 0xc3 in for 0x7bd4e1a025
04-22 02:04:34.722 31315 31315 E ArmVmp : Match on catch block at 0xc3 in for 0x7bd4e1a025
04-22 02:04:34.729 31315 31315 E ArmVmp : Match on catch block at 0xc3 in for 0x7bd4e1a025
04-22 02:04:34.735 31315 31315 E ArmVmp : Match on catch block at 0xc3 in for 0x7bd4e1a025
04-22 02:04:34.740 31315 31315 E ArmVmp : Match on catch block at 0xc3 in for 0x7bd4e1a025
04-22 02:04:34.747 31315 31315 E ArmVmp : Match on catch block at 0xc3 in for 0x7bd4e1a025
04-22 02:04:34.751 31315 31315 E ArmVmp : Match on catch block at 0xc3 in for 0x7bd4e1a025
04-22 02:04:34.756 31315 31315 E ArmVmp : Match on catch block at 0xc3 in for 0x7bd4e1a025
04-22 02:04:34.762 31315 31315 E ArmVmp : Match on catch block at 0xc3 in for 0x7bd4e1a025
04-22 02:04:34.766 31315 31315 E ArmVmp : Match on catch block at 0xc3 in for 0x7bd4e1a025
04-22 02:04:34.916 31315 31315 E ArmVmp : Match on catch block at 0xc3 in for 0x7bd4e1a025
04-22 02:04:34.918 31315 31315 E ArmVmp : Match on catch block at 0xc3 in for 0x7bd4e1a025
04-22 02:04:34.928 31315 31315 E ArmVmp : Match on catch block at 0xc3 in for 0x7bd4e1a025
04-22 02:04:34.930 31315 31315 E ArmVmp : Match on catch block at 0xc3 in for 0x7bd4e1a025
04-22 02:04:34.972 31315 31315 W WindowOnBackDispatcher: sendCancelIfRunning: isInProgress=falsecallback=android.view.ViewRootImpl$ $ExternalSyntheticLambda22@10ec32
04-22 02:04:34.974 31315 31410 E com.mbwhatsapp: mali-debug: still pending callback,wait...
04-22 02:04:35.040 31315 31315 E ArmVmp : Match on catch block at 0xc3 in for 0x7bd4e1a025
04-22 02:04:35.042 31315 31315 E ArmVmp : Match on catch block at 0xc3 in for 0x7bd4e1a025
04-22 02:04:35.060 31315 31315 E ArmVmp : Match on catch block at 0xc3 in for 0x7bd4e1a025
04-22 02:04:35.063 31315 31315 E ArmVmp : Match on catch block at 0xc3 in for 0x7bd4e1a025
04-22 02:04:35.077 31315 31315 E ArmVmp : Match on catch block at 0xc3 in for 0x7bd4e1a025
04-22 02:04:35.082 31315 31315 E ArmVmp : Match on catch block at 0xc3 in for 0x7bd4e1a025
04-22 02:04:35.090 31315 31315 E ArmVmp : Match on catch block at 0xc3 in for 0x7bd4e1a025
04-22 02:04:35.094 31315 31315 E ArmVmp : Match on catch block at 0xc3 in for 0x7bd4e1a025
04-22 02:04:35.100 31315 31315 E ArmVmp : Match on catch block at 0xc3 in for 0x7bd4e1a025
04-22 02:04:35.104 31315 31315 E ArmVmp : Match on catch block at 0xc3 in for 0x7bd4e1a025
04-22 02:04:35.110 31315 31315 E ArmVmp : Match on catch block at 0xc3 in for 0x7bd4e1a025
04-22 02:04:35.113 31315 31315 E ArmVmp : Match on catch block at 0xc3 in for 0x7bd4e1a025
04-22 02:04:35.119 31315 31315 E ArmVmp : Match on catch block at 0xc3 in for 0x7bd4e1a025
04-22 02:04:35.122 31315 31315 E ArmVmp : Match on catch block at 0xc3 in for 0x7bd4e1a025
04-22 02:04:35.130 31315 31315 E ArmVmp : Match on catch block at 0xc3 in for 0x7bd4e1a025
04-22 02:04:35.135 31315 31315 E ArmVmp : Match on catch block at 0xc3 in for 0x7bd4e1a025
04-22 02:04:35.141 31315 31315 E ArmVmp : Match on catch block at 0xc3 in for 0x7bd4e1a025
04-22 02:04:35.144 31315 31315 E ArmVmp : Match on catch block at 0xc3 in for 0x7bd4e1a025
04-22 02:04:35.152 31315 31315 E ArmVmp : Match on catch block at 0xc3 in for 0x7bd4e1a025
04-22 02:04:35.156 31315 31315 E ArmVmp : Match on catch block at 0xc3 in for 0x7bd4e1a025
04-22 02:04:35.164 31315 31315 E ArmVmp : Match on catch block at 0xc3 in for 0x7bd4e1a025
04-22 02:04:35.168 31315 31315 E ArmVmp : Match on catch block at 0xc3 in for 0x7bd4e1a025
04-22 02:04:35.175 31315 31315 E ArmVmp : Match on catch block at 0xc3 in for 0x7bd4e1a025
04-22 02:04:35.179 31315 31315 E ArmVmp : Match on catch block at 0xc3 in for 0x7bd4e1a025
04-22 02:04:35.186 31315 31315 E ArmVmp : Match on catch block at 0xc3 in for 0x7bd4e1a025
04-22 02:04:35.189 31315 31315 E ArmVmp : Match on catch block at 0xc3 in for 0x7bd4e1a025
04-22 02:04:35.198 31315 31315 E ArmVmp : Match on catch block at 0xc3 in for 0x7bd4e1a025
04-22 02:04:35.202 31315 31315 E ArmVmp : Match on catch block at 0xc3 in for 0x7bd4e1a025
04-22 02:04:35.210 31315 31315 E ArmVmp : Match on catch block at 0xc3 in for 0x7bd4e1a025
04-22 02:04:35.215 31315 31315 E ArmVmp : Match on catch block at 0xc3 in for 0x7bd4e1a025
04-22 02:04:35.221 31315 31315 E ArmVmp : Match on catch block at 0xc3 in for 0x7bd4e1a025
04-22 02:04:35.226 31315 31315 E ArmVmp : Match on catch block at 0xc3 in for 0x7bd4e1a025
04-22 02:04:35.232 31315 31315 E ArmVmp : Match on catch block at 0xc3 in for 0x7bd4e1a025
04-22 02:04:35.236 31315 31315 E ArmVmp : Match on catch block at 0xc3 in for 0x7bd4e1a025
04-22 02:04:35.243 31315 31315 E ArmVmp : Match on catch block at 0xc3 in for 0x7bd4e1a025
04-22 02:04:35.248 31315 31315 E ArmVmp : Match on catch block at 0xc3 in for 0x7bd4e1a025
04-22 02:04:35.254 31315 31315 E ArmVmp : Match on catch block at 0xc3 in for 0x7bd4e1a025
04-22 02:04:35.258 31315 31315 E ArmVmp : Match on catch block at 0xc3 in for 0x7bd4e1a025
04-22 02:04:35.265 31315 31315 E ArmVmp : Match on catch block at 0xc3 in for 0x7bd4e1a025
04-22 02:04:35.269 31315 31315 E ArmVmp : Match on catch block at 0xc3 in for 0x7bd4e1a025
04-22 02:04:35.276 31315 31315 E ArmVmp : Match on catch block at 0xc3 in for 0x7bd4e1a025
04-22 02:04:35.281 31315 31315 E ArmVmp : Match on catch block at 0xc3 in for 0x7bd4e1a025
04-22 02:04:35.287 31315 31315 E ArmVmp : Match on catch block at 0xc3 in for 0x7bd4e1a025
04-22 02:04:35.292 31315 31315 E ArmVmp : Match on catch block at 0xc3 in for 0x7bd4e1a025
04-22 02:04:35.298 31315 31315 E ArmVmp : Match on catch block at 0xc3 in for 0x7bd4e1a025
04-22 02:04:35.302 31315 31315 E ArmVmp : Match on catch block at 0xc3 in for 0x7bd4e1a025
04-22 02:04:35.309 31315 31315 E ArmVmp : Match on catch block at 0xc3 in for 0x7bd4e1a025
04-22 02:04:35.312 31315 31315 E ArmVmp : Match on catch block at 0xc3 in for 0x7bd4e1a025
04-22 02:04:35.321 31315 31315 E ArmVmp : Match on catch block at 0xc3 in for 0x7bd4e1a025
04-22 02:04:35.325 31315 31315 E ArmVmp : Match on catch block at 0xc3 in for 0x7bd4e1a025
04-22 02:04:35.333 31315 31315 E ArmVmp : Match on catch block at 0xc3 in for 0x7bd4e1a025
04-22 02:04:35.337 31315 31315 E ArmVmp : Match on catch block at 0xc3 in for 0x7bd4e1a025
04-22 02:04:35.344 31315 31315 E ArmVmp : Match on catch block at 0xc3 in for 0x7bd4e1a025
04-22 02:04:35.349 31315 31315 E ArmVmp : Match on catch block at 0xc3 in for 0x7bd4e1a025
04-22 02:04:35.356 31315 31315 E ArmVmp : Match on catch block at 0xc3 in for 0x7bd4e1a025
04-22 02:04:35.360 31315 31315 E ArmVmp : Match on catch block at 0xc3 in for 0x7bd4e1a025
04-22 02:04:35.365 31315 31315 E ArmVmp : Match on catch block at 0xc3 in for 0x7bd4e1a025
04-22 02:04:35.371 31315 31315 E ArmVmp : Match on catch block at 0xc3 in for 0x7bd4e1a025
04-22 02:04:35.377 31315 31315 E ArmVmp : Match on catch block at 0xc3 in for 0x7bd4e1a025
04-22 02:04:35.381 31315 31315 E ArmVmp : Match on catch block at 0xc3 in for 0x7bd4e1a025
04-22 02:04:35.388 31315 31315 E ArmVmp : Match on catch block at 0xc3 in for 0x7bd4e1a025
04-22 02:04:35.392 31315 31315 E ArmVmp : Match on catch block at 0xc3 in for 0x7bd4e1a025
04-22 02:04:35.399 31315 31315 E ArmVmp : Match on catch block at 0xc3 in for 0x7bd4e1a025
04-22 02:04:35.404 31315 31315 E ArmVmp : Match on catch block at 0xc3 in for 0x7bd4e1a025
04-22 02:04:35.411 31315 31315 E ArmVmp : Match on catch block at 0xc3 in for 0x7bd4e1a025
04-22 02:04:35.415 31315 31315 E ArmVmp : Match on catch block at 0xc3 in for 0x7bd4e1a025
04-22 02:04:35.422 31315 31315 E ArmVmp : Match on catch block at 0xc3 in for 0x7bd4e1a025
04-22 02:04:35.426 31315 31315 E ArmVmp : Match on catch block at 0xc3 in for 0x7bd4e1a025
04-22 02:04:35.432 31315 31315 E ArmVmp : Match on catch block at 0xc3 in for 0x7bd4e1a025
04-22 02:04:35.437 31315 31315 E ArmVmp : Match on catch block at 0xc3 in for 0x7bd4e1a025
04-22 02:04:35.444 31315 31315 E ArmVmp : Match on catch block at 0xc3 in for 0x7bd4e1a025
04-22 02:04:35.449 31315 31315 E ArmVmp : Match on catch block at 0xc3 in for 0x7bd4e1a025
04-22 02:04:35.551 31315 31315 E ArmVmp : Match on catch block at 0xc3 in for 0x7bd4e1a025
04-22 02:04:35.556 31315 31315 E ArmVmp : Match on catch block at 0xc3 in for 0x7bd4e1a025
04-22 02:04:35.566 31315 31315 E ArmVmp : Match on catch block at 0xc3 in for 0x7bd4e1a025
04-22 02:04:35.571 31315 31315 E ArmVmp : Match on catch block at 0xc3 in for 0x7bd4e1a025
04-22 02:04:35.589 31315 31315 E ArmVmp : Match on catch block at 0xc3 in for 0x7bd4e1a025
04-22 02:04:35.595 31315 31315 E ArmVmp : Match on catch block at 0xc3 in for 0x7bd4e1a025
04-22 02:04:36.099 31315 31315 E ArmVmp : Match on catch block at 0xc3 in for 0x7bd4e1a025
04-22 02:04:36.110 31315 31315 E ArmVmp : Match on catch block at 0xc3 in for 0x7bd4e1a025
04-22 02:04:36.600 31315 31315 E ArmVmp : Match on catch block at 0xc3 in for 0x7bd4e1a025
04-22 02:04:36.610 31315 31315 E ArmVmp : Match on catch block at 0xc3 in for 0x7bd4e1a025
04-22 02:04:37.101 31315 31315 E ArmVmp : Match on catch block at 0xc3 in for 0x7bd4e1a025
04-22 02:04:37.110 31315 31315 E ArmVmp : Match on catch block at 0xc3 in for 0x7bd4e1a025
04-22 02:04:37.145 31315 31315 E ArmVmp : Match on catch block at 0xc3 in for 0x7bd4e1a025
04-22 02:04:37.152 31315 31315 E ArmVmp : Match on catch block at 0xc3 in for 0x7bd4e1a025
04-22 02:04:37.161 31315 31315 E ArmVmp : Match on catch block at 0xc3 in for 0x7bd4e1a025
04-22 02:04:37.167 31315 31315 E ArmVmp : Match on catch block at 0xc3 in for 0x7bd4e1a025
04-22 02:04:37.180 31315 31315 E ArmVmp : Match on catch block at 0xc3 in for 0x7bd4e1a025
04-22 02:04:37.188 31315 31315 E ArmVmp : Match on catch block at 0xc3 in for 0x7bd4e1a025
04-22 02:04:37.201 31315 31315 E ArmVmp : Match on catch block at 0xc3 in for 0x7bd4e1a025
04-22 02:04:37.206 31315 31315 E ArmVmp : Match on catch block at 0xc3 in for 0x7bd4e1a025
04-22 02:04:37.213 31315 31315 E ArmVmp : Match on catch block at 0xc3 in for 0x7bd4e1a025
04-22 02:04:37.218 31315 31315 E ArmVmp : Match on catch block at 0xc3 in for 0x7bd4e1a025
04-22 02:04:37.223 31315 31315 E ArmVmp : Match on catch block at 0xc3 in for 0x7bd4e1a025
04-22 02:04:37.228 31315 31315 E ArmVmp : Match on catch block at 0xc3 in for 0x7bd4e1a025
04-22 02:04:37.234 31315 31315 E ArmVmp : Match on catch block at 0xc3 in for 0x7bd4e1a025
04-22 02:04:37.239 31315 31315 E ArmVmp : Match on catch block at 0xc3 in for 0x7bd4e1a025
04-22 02:04:37.245 31315 31315 E ArmVmp : Match on catch block at 0xc3 in for 0x7bd4e1a025
04-22 02:04:37.249 31315 31315 E ArmVmp : Match on catch block at 0xc3 in for 0x7bd4e1a025
04-22 02:04:37.257 31315 31315 E ArmVmp : Match on catch block at 0xc3 in for 0x7bd4e1a025
04-22 02:04:37.261 31315 31315 E ArmVmp : Match on catch block at 0xc3 in for 0x7bd4e1a025
04-22 02:04:37.267 31315 31315 E ArmVmp : Match on catch block at 0xc3 in for 0x7bd4e1a025
04-22 02:04:37.273 31315 31315 E ArmVmp : Match on catch block at 0xc3 in for 0x7bd4e1a025
04-22 02:04:37.278 31315 31315 E ArmVmp : Match on catch block at 0xc3 in for 0x7bd4e1a025
04-22 02:04:37.282 31315 31315 E ArmVmp : Match on catch block at 0xc3 in for 0x7bd4e1a025
04-22 02:04:37.289 31315 31315 E ArmVmp : Match on catch block at 0xc3 in for 0x7bd4e1a025
04-22 02:04:37.293 31315 31315 E ArmVmp : Match on catch block at 0xc3 in for 0x7bd4e1a025
04-22 02:04:37.301 31315 31315 E ArmVmp : Match on catch block at 0xc3 in for 0x7bd4e1a025
04-22 02:04:37.306 31315 31315 E ArmVmp : Match on catch block at 0xc3 in for 0x7bd4e1a025
04-22 02:04:37.312 31315 31315 E ArmVmp : Match on catch block at 0xc3 in for 0x7bd4e1a025
04-22 02:04:37.317 31315 31315 E ArmVmp : Match on catch block at 0xc3 in for 0x7bd4e1a025
04-22 02:04:37.324 31315 31315 E ArmVmp : Match on catch block at 0xc3 in for 0x7bd4e1a025
04-22 02:04:37.328 31315 31315 E ArmVmp : Match on catch block at 0xc3 in for 0x7bd4e1a025
04-22 02:04:37.335 31315 31315 E ArmVmp : Match on catch block at 0xc3 in for 0x7bd4e1a025
04-22 02:04:37.340 31315 31315 E ArmVmp : Match on catch block at 0xc3 in for 0x7bd4e1a025
04-22 02:04:37.346 31315 31315 E ArmVmp : Match on catch block at 0xc3 in for 0x7bd4e1a025
04-22 02:04:37.350 31315 31315 E ArmVmp : Match on catch block at 0xc3 in for 0x7bd4e1a025
04-22 02:04:37.357 31315 31315 E ArmVmp : Match on catch block at 0xc3 in for 0x7bd4e1a025
04-22 02:04:37.362 31315 31315 E ArmVmp : Match on catch block at 0xc3 in for 0x7bd4e1a025
04-22 02:04:37.368 31315 31315 E ArmVmp : Match on catch block at 0xc3 in for 0x7bd4e1a025
04-22 02:04:37.374 31315 31315 E ArmVmp : Match on catch block at 0xc3 in for 0x7bd4e1a025
04-22 02:04:37.379 31315 31315 E ArmVmp : Match on catch block at 0xc3 in for 0x7bd4e1a025
04-22 02:04:37.385 31315 31315 E ArmVmp : Match on catch block at 0xc3 in for 0x7bd4e1a025
04-22 02:04:37.390 31315 31315 E ArmVmp : Match on catch block at 0xc3 in for 0x7bd4e1a025
04-22 02:04:37.394 31315 31315 E ArmVmp : Match on catch block at 0xc3 in for 0x7bd4e1a025
04-22 02:04:37.402 31315 31315 E ArmVmp : Match on catch block at 0xc3 in for 0x7bd4e1a025
04-22 02:04:37.406 31315 31315 E ArmVmp : Match on catch block at 0xc3 in for 0x7bd4e1a025
04-22 02:04:37.593 31315 31315 E ArmVmp : Match on catch block at 0xc3 in for 0x7bd4e1a025
04-22 02:04:37.600 31315 31315 E ArmVmp : Match on catch block at 0xc3 in for 0x7bd4e1a025
04-22 02:04:38.097 31315 31315 E ArmVmp : Match on catch block at 0xc3 in for 0x7bd4e1a025
04-22 02:04:38.102 31315 31315 E ArmVmp : Match on catch block at 0xc3 in for 0x7bd4e1a025
04-22 02:04:38.600 31315 31315 E ArmVmp : Match on catch block at 0xc3 in for 0x7bd4e1a025
04-22 02:04:38.608 31315 31315 E ArmVmp : Match on catch block at 0xc3 in for 0x7bd4e1a025
04-22 02:04:38.852 31315 31315 E ArmVmp : Match on catch block at 0x4c in for 0x7bd4e1a039
04-22 02:04:38.854 31315 31315 E ArmVmp : Match on catch block at 0xc3 in for 0x7bd4e1a025
04-22 02:04:38.858 31315 31315 E ArmVmp : Match on catch block at 0xc3 in for 0x7bd4e1a025
04-22 02:04:38.873 31315 31428 W MediaPlayer: Use of stream types is deprecated for operations other than volume control
04-22 02:04:38.873 31315 31428 W MediaPlayer: See the documentation of setAudioStreamType() for what to use instead with android.media.AudioAttributes to qualify your playback use case
04-22 02:04:38.889 31315 31315 E ArmVmp : Match on catch block at 0xc3 in for 0x7bd4e1a025
04-22 02:04:38.893 31315 31315 E ArmVmp : Match on catch block at 0xc3 in for 0x7bd4e1a025
04-22 02:04:38.905 31315 31315 E ArmVmp : Match on catch block at 0xc3 in for 0x7bd4e1a025
04-22 02:04:38.909 31315 31315 E ArmVmp : Match on catch block at 0xc3 in for 0x7bd4e1a025
04-22 02:04:38.925 31315 31315 E ArmVmp : Match on catch block at 0xc3 in for 0x7bd4e1a025
04-22 02:04:38.928 31315 31315 E ArmVmp : Match on catch block at 0xc3 in for 0x7bd4e1a025
04-22 02:04:38.942 31315 31315 E ArmVmp : Match on catch block at 0xc3 in for 0x7bd4e1a025
04-22 02:04:38.946 31315 31315 E ArmVmp : Match on catch block at 0xc3 in for 0x7bd4e1a025
04-22 02:04:38.958 31315 31315 E ArmVmp : Match on catch block at 0xc3 in for 0x7bd4e1a025
04-22 02:04:38.961 31315 31315 E ArmVmp : Match on catch block at 0xc3 in for 0x7bd4e1a025
04-22 02:04:38.969 31315 31315 E ArmVmp : Match on catch block at 0xc3 in for 0x7bd4e1a025
04-22 02:04:38.972 31315 31315 E ArmVmp : Match on catch block at 0xc3 in for 0x7bd4e1a025
04-22 02:04:38.979 31315 31315 E ArmVmp : Match on catch block at 0xc3 in for 0x7bd4e1a025
04-22 02:04:38.983 31315 31315 E ArmVmp : Match on catch block at 0xc3 in for 0x7bd4e1a025
04-22 02:04:38.991 31315 31315 E ArmVmp : Match on catch block at 0xc3 in for 0x7bd4e1a025
04-22 02:04:38.995 31315 31315 E ArmVmp : Match on catch block at 0xc3 in for 0x7bd4e1a025
04-22 02:04:39.045 31315 31658 W SQLiteLog: (28) double-quoted string literal: "D706DF67358667AEB5345FBB8809D465"
04-22 02:04:39.103 31315 31315 E ArmVmp : Match on catch block at 0xc3 in for 0x7bd4e1a025
04-22 02:04:39.108 31315 31315 E ArmVmp : Match on catch block at 0xc3 in for 0x7bd4e1a025
04-22 02:04:39.138 31315 31315 E ArmVmp : Match on catch block at 0xc3 in for 0x7bd4e1a025
04-22 02:04:39.144 31315 31315 E ArmVmp : Match on catch block at 0xc3 in for 0x7bd4e1a025
04-22 02:04:39.149 31315 31315 E ArmVmp : Match on catch block at 0xc3 in for 0x7bd4e1a025
04-22 02:04:39.153 31315 31315 E ArmVmp : Match on catch block at 0xc3 in for 0x7bd4e1a025
04-22 02:04:39.601 31315 31315 E ArmVmp : Match on catch block at 0xc3 in for 0x7bd4e1a025
04-22 02:04:39.613 31315 31315 E ArmVmp : Match on catch block at 0xc3 in for 0x7bd4e1a025
04-22 02:04:40.105 31315 31315 E ArmVmp : Match on catch block at 0xc3 in for 0x7bd4e1a025
04-22 02:04:40.114 31315 31315 E ArmVmp : Match on catch block at 0xc3 in for 0x7bd4e1a025
04-22 02:04:40.615 31315 31315 E ArmVmp : Match on catch block at 0xc3 in for 0x7bd4e1a025
04-22 02:04:40.625 31315 31315 E ArmVmp : Match on catch block at 0xc3 in for 0x7bd4e1a025
04-22 02:04:40.725 31315 31315 E ArmVmp : Match on catch block at 0xc3 in for 0x7bd4e1a025
04-22 02:04:40.729 31315 31315 E ArmVmp : Match on catch block at 0xc3 in for 0x7bd4e1a025
04-22 02:04:40.745 31315 31428 W MediaPlayer: Use of stream types is deprecated for operations other than volume control
04-22 02:04:40.745 31315 31428 W MediaPlayer: See the documentation of setAudioStreamType() for what to use instead with android.media.AudioAttributes to qualify your playback use case
04-22 02:04:40.750 31315 31315 E ArmVmp : Match on catch block at 0xc3 in for 0x7bd4e1a025
04-22 02:04:40.754 31315 31315 E ArmVmp : Match on catch block at 0xc3 in for 0x7bd4e1a025
04-22 02:04:40.763 31315 31315 E ArmVmp : Match on catch block at 0xc3 in for 0x7bd4e1a025
04-22 02:04:40.767 31315 31315 E ArmVmp : Match on catch block at 0xc3 in for 0x7bd4e1a025
04-22 02:04:41.107 31315 31315 E ArmVmp : Match on catch block at 0xc3 in for 0x7bd4e1a025
04-22 02:04:41.118 31315 31315 E ArmVmp : Match on catch block at 0xc3 in for 0x7bd4e1a025
04-22 02:04:41.348 31315 31315 E ArmVmp : Match on catch block at 0xc3 in for 0x7bd4e1a025
04-22 02:04:41.351 31315 31315 E ArmVmp : Match on catch block at 0xc3 in for 0x7bd4e1a025
04-22 02:04:41.357 31315 31315 E ArmVmp : Match on catch block at 0xc3 in for 0x7bd4e1a025
04-22 02:04:41.360 31315 31315 E ArmVmp : Match on catch block at 0xc3 in for 0x7bd4e1a025
04-22 02:04:41.368 31315 31315 E ArmVmp : Match on catch block at 0xc3 in for 0x7bd4e1a025
04-22 02:04:41.371 31315 31315 E ArmVmp : Match on catch block at 0xc3 in for 0x7bd4e1a025
04-22 02:04:41.380 31315 31315 E ArmVmp : Match on catch block at 0xc3 in for 0x7bd4e1a025
04-22 02:04:41.382 31315 31315 E ArmVmp : Match on catch block at 0xc3 in for 0x7bd4e1a025
04-22 02:04:41.391 31315 31315 E ArmVmp : Match on catch block at 0xc3 in for 0x7bd4e1a025
04-22 02:04:41.393 31315 31315 E ArmVmp : Match on catch block at 0xc3 in for 0x7bd4e1a025
04-22 02:04:41.402 31315 31315 E ArmVmp : Match on catch block at 0xc3 in for 0x7bd4e1a025
04-22 02:04:41.404 31315 31315 E ArmVmp : Match on catch block at 0xc3 in for 0x7bd4e1a025
04-22 02:04:41.413 31315 31315 E ArmVmp : Match on catch block at 0xc3 in for 0x7bd4e1a025
04-22 02:04:41.416 31315 31315 E ArmVmp : Match on catch block at 0xc3 in for 0x7bd4e1a025
04-22 02:04:41.424 31315 31315 E ArmVmp : Match on catch block at 0xc3 in for 0x7bd4e1a025
04-22 02:04:41.426 31315 31315 E ArmVmp : Match on catch block at 0xc3 in for 0x7bd4e1a025
04-22 02:04:41.435 31315 31315 E ArmVmp : Match on catch block at 0xc3 in for 0x7bd4e1a025
04-22 02:04:41.439 31315 31315 E ArmVmp : Match on catch block at 0xc3 in for 0x7bd4e1a025
04-22 02:04:41.446 31315 31315 E ArmVmp : Match on catch block at 0xc3 in for 0x7bd4e1a025
04-22 02:04:41.449 31315 31315 E ArmVmp : Match on catch block at 0xc3 in for 0x7bd4e1a025
04-22 02:04:41.458 31315 31315 E ArmVmp : Match on catch block at 0xc3 in for 0x7bd4e1a025
04-22 02:04:41.460 31315 31315 E ArmVmp : Match on catch block at 0xc3 in for 0x7bd4e1a025
04-22 02:04:41.469 31315 31315 E ArmVmp : Match on catch block at 0xc3 in for 0x7bd4e1a025
04-22 02:04:41.471 31315 31315 E ArmVmp : Match on catch block at 0xc3 in for 0x7bd4e1a025
04-22 02:04:41.480 31315 31315 E ArmVmp : Match on catch block at 0xc3 in for 0x7bd4e1a025
04-22 02:04:41.482 31315 31315 E ArmVmp : Match on catch block at 0xc3 in for 0x7bd4e1a025
04-22 02:04:41.491 31315 31315 E ArmVmp : Match on catch block at 0xc3 in for 0x7bd4e1a025
04-22 02:04:41.493 31315 31315 E ArmVmp : Match on catch block at 0xc3 in for 0x7bd4e1a025
04-22 02:04:41.502 31315 31315 E ArmVmp : Match on catch block at 0xc3 in for 0x7bd4e1a025
04-22 02:04:41.504 31315 31315 E ArmVmp : Match on catch block at 0xc3 in for 0x7bd4e1a025
04-22 02:04:41.514 31315 31315 E ArmVmp : Match on catch block at 0xc3 in for 0x7bd4e1a025
04-22 02:04:41.516 31315 31315 E ArmVmp : Match on catch block at 0xc3 in for 0x7bd4e1a025
04-22 02:04:41.525 31315 31315 E ArmVmp : Match on catch block at 0xc3 in for 0x7bd4e1a025
04-22 02:04:41.528 31315 31315 E ArmVmp : Match on catch block at 0xc3 in for 0x7bd4e1a025
04-22 02:04:41.536 31315 31315 E ArmVmp : Match on catch block at 0xc3 in for 0x7bd4e1a025
04-22 02:04:41.539 31315 31315 E ArmVmp : Match on catch block at 0xc3 in for 0x7bd4e1a025
04-22 02:04:41.548 31315 31315 E ArmVmp : Match on catch block at 0xc3 in for 0x7bd4e1a025
04-22 02:04:41.550 31315 31315 E ArmVmp : Match on catch block at 0xc3 in for 0x7bd4e1a025
04-22 02:04:41.559 31315 31315 E ArmVmp : Match on catch block at 0xc3 in for 0x7bd4e1a025
04-22 02:04:41.561 31315 31315 E ArmVmp : Match on catch block at 0xc3 in for 0x7bd4e1a025
04-22 02:04:41.570 31315 31315 E ArmVmp : Match on catch block at 0xc3 in for 0x7bd4e1a025
04-22 02:04:41.572 31315 31315 E ArmVmp : Match on catch block at 0xc3 in for 0x7bd4e1a025
04-22 02:04:41.581 31315 31315 E ArmVmp : Match on catch block at 0xc3 in for 0x7bd4e1a025
04-22 02:04:41.584 31315 31315 E ArmVmp : Match on catch block at 0xc3 in for 0x7bd4e1a025
04-22 02:04:41.592 31315 31315 E ArmVmp : Match on catch block at 0xc3 in for 0x7bd4e1a025
04-22 02:04:41.595 31315 31315 E ArmVmp : Match on catch block at 0xc3 in for 0x7bd4e1a025
04-22 02:04:41.604 31315 31315 E ArmVmp : Match on catch block at 0xc3 in for 0x7bd4e1a025
04-22 02:04:41.607 31315 31315 E ArmVmp : Match on catch block at 0xc3 in for 0x7bd4e1a025
04-22 02:04:42.107 31315 31315 E ArmVmp : Match on catch block at 0xc3 in for 0x7bd4e1a025
04-22 02:04:42.110 31315 31315 E ArmVmp : Match on catch block at 0xc3 in for 0x7bd4e1a025
04-22 02:04:42.342 31315 31315 E ArmVmp : Match on catch block at 0xc3 in for 0x7bd4e1a025
04-22 02:04:42.346 31315 31315 E ArmVmp : Match on catch block at 0xc3 in for 0x7bd4e1a025
04-22 02:04:42.354 31315 31315 E ArmVmp : Match on catch block at 0xc3 in for 0x7bd4e1a025
04-22 02:04:42.358 31315 31315 E ArmVmp : Match on catch block at 0xc3 in for 0x7bd4e1a025
04-22 02:04:42.365 31315 31315 E ArmVmp : Match on catch block at 0xc3 in for 0x7bd4e1a025
04-22 02:04:42.369 31315 31315 E ArmVmp : Match on catch block at 0xc3 in for 0x7bd4e1a025
04-22 02:04:42.376 31315 31315 E ArmVmp : Match on catch block at 0xc3 in for 0x7bd4e1a025
04-22 02:04:42.380 31315 31315 E ArmVmp : Match on catch block at 0xc3 in for 0x7bd4e1a025
04-22 02:04:42.388 31315 31315 E ArmVmp : Match on catch block at 0xc3 in for 0x7bd4e1a025
04-22 02:04:42.391 31315 31315 E ArmVmp : Match on catch block at 0xc3 in for 0x7bd4e1a025
04-22 02:04:42.398 31315 31315 E ArmVmp : Match on catch block at 0xc3 in for 0x7bd4e1a025
