04-22 13:20:29.277 10225 10225 E ArmVmp : Match on catch block at 0xc3 in for 0x71cfbb8025
04-22 13:20:29.279 10225 10225 E ArmVmp : Match on catch block at 0xc3 in for 0x71cfbb8025
04-22 13:20:29.288 10225 10225 E ArmVmp : Match on catch block at 0xc3 in for 0x71cfbb8025
04-22 13:20:29.290 10225 10225 E ArmVmp : Match on catch block at 0xc3 in for 0x71cfbb8025
04-22 13:20:29.300 10225 10225 E ArmVmp : Match on catch block at 0xc3 in for 0x71cfbb8025
04-22 13:20:29.301 10225 10225 E ArmVmp : Match on catch block at 0xc3 in for 0x71cfbb8025
04-22 13:20:29.311 10225 10225 E ArmVmp : Match on catch block at 0xc3 in for 0x71cfbb8025
04-22 13:20:29.313 10225 10225 E ArmVmp : Match on catch block at 0xc3 in for 0x71cfbb8025
04-22 13:20:29.322 10225 10225 E ArmVmp : Match on catch block at 0xc3 in for 0x71cfbb8025
04-22 13:20:29.324 10225 10225 E ArmVmp : Match on catch block at 0xc3 in for 0x71cfbb8025
04-22 13:20:29.333 10225 10225 E ArmVmp : Match on catch block at 0xc3 in for 0x71cfbb8025
04-22 13:20:29.335 10225 10225 E ArmVmp : Match on catch block at 0xc3 in for 0x71cfbb8025
04-22 13:20:29.345 10225 10225 E ArmVmp : Match on catch block at 0xc3 in for 0x71cfbb8025
04-22 13:20:29.347 10225 10225 E ArmVmp : Match on catch block at 0xc3 in for 0x71cfbb8025
04-22 13:20:29.356 10225 10225 E ArmVmp : Match on catch block at 0xc3 in for 0x71cfbb8025
04-22 13:20:29.358 10225 10225 E ArmVmp : Match on catch block at 0xc3 in for 0x71cfbb8025
04-22 13:20:29.368 10225 10225 E ArmVmp : Match on catch block at 0xc3 in for 0x71cfbb8025
04-22 13:20:29.371 10225 10225 E ArmVmp : Match on catch block at 0xc3 in for 0x71cfbb8025
04-22 13:20:29.383 10225 10225 E ArmVmp : Match on catch block at 0xc3 in for 0x71cfbb8025
04-22 13:20:29.384 10225 10225 E ArmVmp : Match on catch block at 0xc3 in for 0x71cfbb8025
04-22 13:20:29.392 10225 10225 E ArmVmp : Match on catch block at 0xc3 in for 0x71cfbb8025
04-22 13:20:29.394 10225 10225 E ArmVmp : Match on catch block at 0xc3 in for 0x71cfbb8025
04-22 13:20:29.401 10225 10225 E ArmVmp : Match on catch block at 0xc3 in for 0x71cfbb8025
04-22 13:20:29.403 10225 10225 E ArmVmp : Match on catch block at 0xc3 in for 0x71cfbb8025
04-22 13:20:29.412 10225 10225 E ArmVmp : Match on catch block at 0xc3 in for 0x71cfbb8025
04-22 13:20:29.414 10225 10225 E ArmVmp : Match on catch block at 0xc3 in for 0x71cfbb8025
04-22 13:20:29.423 10225 10225 E ArmVmp : Match on catch block at 0xc3 in for 0x71cfbb8025
04-22 13:20:29.425 10225 10225 E ArmVmp : Match on catch block at 0xc3 in for 0x71cfbb8025
04-22 13:20:29.434 10225 10225 E ArmVmp : Match on catch block at 0xc3 in for 0x71cfbb8025
04-22 13:20:29.437 10225 10225 E ArmVmp : Match on catch block at 0xc3 in for 0x71cfbb8025
04-22 13:20:29.446 10225 10225 E ArmVmp : Match on catch block at 0xc3 in for 0x71cfbb8025
04-22 13:20:29.448 10225 10225 E ArmVmp : Match on catch block at 0xc3 in for 0x71cfbb8025
04-22 13:20:29.457 10225 10225 E ArmVmp : Match on catch block at 0xc3 in for 0x71cfbb8025
04-22 13:20:29.459 10225 10225 E ArmVmp : Match on catch block at 0xc3 in for 0x71cfbb8025
04-22 13:20:29.557 10225 10225 E ArmVmp : Match on catch block at 0xc3 in for 0x71cfbb8025
04-22 13:20:29.560 10225 10225 E ArmVmp : Match on catch block at 0xc3 in for 0x71cfbb8025
04-22 13:20:29.576 10225 10225 E ArmVmp : Match on catch block at 0xc3 in for 0x71cfbb8025
04-22 13:20:29.578 10225 10225 E ArmVmp : Match on catch block at 0xc3 in for 0x71cfbb8025
04-22 13:20:29.596 10225 10225 E ArmVmp : Match on catch block at 0xc3 in for 0x71cfbb8025
04-22 13:20:29.598 10225 10225 E ArmVmp : Match on catch block at 0xc3 in for 0x71cfbb8025
04-22 13:20:29.656 10225 10225 W WindowOnBackDispatcher: sendCancelIfRunning: isInProgress=falsecallback=android.view.ViewRootImpl$ $ExternalSyntheticLambda22@f272573
04-22 13:20:29.676 10225 10225 E ArmVmp : Match on catch block at 0xc3 in for 0x71cfbb8025
04-22 13:20:29.678 10225 10225 E ArmVmp : Match on catch block at 0xc3 in for 0x71cfbb8025
04-22 13:20:29.689 10225 10225 E ArmVmp : Match on catch block at 0xc3 in for 0x71cfbb8025
04-22 13:20:29.693 10225 10225 E ArmVmp : Match on catch block at 0xc3 in for 0x71cfbb8025
04-22 13:20:29.699 10225 10225 E ArmVmp : Match on catch block at 0xc3 in for 0x71cfbb8025
04-22 13:20:29.700 10225 10225 E ArmVmp : Match on catch block at 0xc3 in for 0x71cfbb8025
04-22 13:20:29.705 10225 10225 E ArmVmp : Match on catch block at 0xc3 in for 0x71cfbb8025
04-22 13:20:29.707 10225 10225 E ArmVmp : Match on catch block at 0xc3 in for 0x71cfbb8025
04-22 13:20:29.714 10225 10225 E ArmVmp : Match on catch block at 0xc3 in for 0x71cfbb8025
04-22 13:20:29.716 10225 10225 E ArmVmp : Match on catch block at 0xc3 in for 0x71cfbb8025
04-22 13:20:29.725 10225 10225 E ArmVmp : Match on catch block at 0xc3 in for 0x71cfbb8025
04-22 13:20:29.726 10225 10225 E ArmVmp : Match on catch block at 0xc3 in for 0x71cfbb8025
04-22 13:20:29.736 10225 10225 E ArmVmp : Match on catch block at 0xc3 in for 0x71cfbb8025
04-22 13:20:29.738 10225 10225 E ArmVmp : Match on catch block at 0xc3 in for 0x71cfbb8025
04-22 13:20:29.747 10225 10225 E ArmVmp : Match on catch block at 0xc3 in for 0x71cfbb8025
04-22 13:20:29.749 10225 10225 E ArmVmp : Match on catch block at 0xc3 in for 0x71cfbb8025
04-22 13:20:29.758 10225 10225 E ArmVmp : Match on catch block at 0xc3 in for 0x71cfbb8025
04-22 13:20:29.760 10225 10225 E ArmVmp : Match on catch block at 0xc3 in for 0x71cfbb8025
04-22 13:20:29.770 10225 10225 E ArmVmp : Match on catch block at 0xc3 in for 0x71cfbb8025
04-22 13:20:29.772 10225 10225 E ArmVmp : Match on catch block at 0xc3 in for 0x71cfbb8025
04-22 13:20:29.781 10225 10225 E ArmVmp : Match on catch block at 0xc3 in for 0x71cfbb8025
04-22 13:20:29.782 10225 10225 E ArmVmp : Match on catch block at 0xc3 in for 0x71cfbb8025
04-22 13:20:30.195 10225 10225 E ArmVmp : Match on catch block at 0xc3 in for 0x71cfbb8025
04-22 13:20:30.197 10225 10225 E ArmVmp : Match on catch block at 0xc3 in for 0x71cfbb8025
04-22 13:20:30.700 10225 10225 E ArmVmp : Match on catch block at 0xc3 in for 0x71cfbb8025
04-22 13:20:30.704 10225 10225 E ArmVmp : Match on catch block at 0xc3 in for 0x71cfbb8025
04-22 13:20:31.190 10225 10225 E ArmVmp : Match on catch block at 0xc3 in for 0x71cfbb8025
04-22 13:20:31.192 10225 10225 E ArmVmp : Match on catch block at 0xc3 in for 0x71cfbb8025
04-22 13:20:31.270 10225 10225 E ArmVmp : Match on catch block at 0xc3 in for 0x71cfbb8025
04-22 13:20:31.273 10225 10225 E ArmVmp : Match on catch block at 0xc3 in for 0x71cfbb8025
04-22 13:20:31.289 10225 10225 E ArmVmp : Match on catch block at 0xc3 in for 0x71cfbb8025
04-22 13:20:31.301 10225 10225 E ArmVmp : Match on catch block at 0xc3 in for 0x71cfbb8025
04-22 13:20:31.311 10225 10225 E ArmVmp : Match on catch block at 0xc3 in for 0x71cfbb8025
04-22 13:20:31.313 10225 10225 E ArmVmp : Match on catch block at 0xc3 in for 0x71cfbb8025
04-22 13:20:31.334 10225 10225 E ArmVmp : Match on catch block at 0xc3 in for 0x71cfbb8025
04-22 13:20:31.338 10225 10225 E ArmVmp : Match on catch block at 0xc3 in for 0x71cfbb8025
04-22 13:20:31.353 10225 10225 E ArmVmp : Match on catch block at 0xc3 in for 0x71cfbb8025
04-22 13:20:31.358 10225 10225 E ArmVmp : Match on catch block at 0xc3 in for 0x71cfbb8025
04-22 13:20:31.364 10225 10225 E ArmVmp : Match on catch block at 0xc3 in for 0x71cfbb8025
04-22 13:20:31.366 10225 10225 E ArmVmp : Match on catch block at 0xc3 in for 0x71cfbb8025
04-22 13:20:31.370 10225 10225 E ArmVmp : Match on catch block at 0xc3 in for 0x71cfbb8025
04-22 13:20:31.373 10225 10225 E ArmVmp : Match on catch block at 0xc3 in for 0x71cfbb8025
04-22 13:20:31.385 10225 10225 E ArmVmp : Match on catch block at 0xc3 in for 0x71cfbb8025
04-22 13:20:31.387 10225 10225 E ArmVmp : Match on catch block at 0xc3 in for 0x71cfbb8025
04-22 13:20:31.393 10225 10225 E ArmVmp : Match on catch block at 0xc3 in for 0x71cfbb8025
04-22 13:20:31.395 10225 10225 E ArmVmp : Match on catch block at 0xc3 in for 0x71cfbb8025
04-22 13:20:31.403 10225 10225 E ArmVmp : Match on catch block at 0xc3 in for 0x71cfbb8025
04-22 13:20:31.406 10225 10225 E ArmVmp : Match on catch block at 0xc3 in for 0x71cfbb8025
04-22 13:20:31.415 10225 10225 E ArmVmp : Match on catch block at 0xc3 in for 0x71cfbb8025
04-22 13:20:31.421 10225 10225 E ArmVmp : Match on catch block at 0xc3 in for 0x71cfbb8025
04-22 13:20:31.426 10225 10225 E ArmVmp : Match on catch block at 0xc3 in for 0x71cfbb8025
04-22 13:20:31.434 10225 10225 E ArmVmp : Match on catch block at 0xc3 in for 0x71cfbb8025
04-22 13:20:31.438 10225 10225 E ArmVmp : Match on catch block at 0xc3 in for 0x71cfbb8025
04-22 13:20:31.441 10225 10225 E ArmVmp : Match on catch block at 0xc3 in for 0x71cfbb8025
04-22 13:20:31.448 10225 10225 E ArmVmp : Match on catch block at 0xc3 in for 0x71cfbb8025
04-22 13:20:31.451 10225 10225 E ArmVmp : Match on catch block at 0xc3 in for 0x71cfbb8025
04-22 13:20:31.459 10225 10225 E ArmVmp : Match on catch block at 0xc3 in for 0x71cfbb8025
04-22 13:20:31.462 10225 10225 E ArmVmp : Match on catch block at 0xc3 in for 0x71cfbb8025
04-22 13:20:31.470 10225 10225 E ArmVmp : Match on catch block at 0xc3 in for 0x71cfbb8025
04-22 13:20:31.473 10225 10225 E ArmVmp : Match on catch block at 0xc3 in for 0x71cfbb8025
04-22 13:20:31.482 10225 10225 E ArmVmp : Match on catch block at 0xc3 in for 0x71cfbb8025
04-22 13:20:31.484 10225 10225 E ArmVmp : Match on catch block at 0xc3 in for 0x71cfbb8025
04-22 13:20:31.493 10225 10225 E ArmVmp : Match on catch block at 0xc3 in for 0x71cfbb8025
04-22 13:20:31.495 10225 10225 E ArmVmp : Match on catch block at 0xc3 in for 0x71cfbb8025
04-22 13:20:31.504 10225 10225 E ArmVmp : Match on catch block at 0xc3 in for 0x71cfbb8025
04-22 13:20:31.507 10225 10225 E ArmVmp : Match on catch block at 0xc3 in for 0x71cfbb8025
04-22 13:20:31.515 10225 10225 E ArmVmp : Match on catch block at 0xc3 in for 0x71cfbb8025
04-22 13:20:31.517 10225 10225 E ArmVmp : Match on catch block at 0xc3 in for 0x71cfbb8025
04-22 13:20:33.213 10225 10225 E ArmVmp : Match on catch block at 0xc3 in for 0x71cfbb8025
04-22 13:20:33.220 10225 10225 E ArmVmp : Match on catch block at 0xc3 in for 0x71cfbb8025
04-22 13:20:33.435 10225 10225 E ArmVmp : Match on catch block at 0xc3 in for 0x71cfbb8025
04-22 13:20:33.437 10225 10225 E ArmVmp : Match on catch block at 0xc3 in for 0x71cfbb8025
04-22 13:20:33.503 10225 10225 E ArmVmp : Match on catch block at 0xc3 in for 0x71cfbb8025
04-22 13:20:33.512 10225 10225 E ArmVmp : Match on catch block at 0xc3 in for 0x71cfbb8025
04-22 13:20:33.729 10225 10225 E ArmVmp : Match on catch block at 0xc3 in for 0x71cfbb8025
04-22 13:20:33.753 10225 10225 E ArmVmp : Match on catch block at 0xc3 in for 0x71cfbb8025
04-22 13:20:33.796 10225 10364 W WM-Processor: Didn't find WorkSpec for id WorkGenerationalId(workSpecId=36d8f31b-9ede-43b5-bb39-86ebf6092d11, generation=0)
04-22 13:20:33.806 10225 10367 W WM-Processor: Didn't find WorkSpec for id WorkGenerationalId(workSpecId=6fb25d63-5828-45a9-ac75-2ca19ac9a529, generation=0)
04-22 13:20:33.809 10225 10367 W WM-Processor: Didn't find WorkSpec for id WorkGenerationalId(workSpecId=a613f467-1257-4658-a703-b9d067236542, generation=0)
04-22 13:20:33.839 10225 10225 E ArmVmp : Match on catch block at 0xc3 in for 0x71cfbb8025
04-22 13:20:33.845 10225 10225 E ArmVmp : Match on catch block at 0xc3 in for 0x71cfbb8025
04-22 13:20:33.894 10225 10225 E ArmVmp : Match on catch block at 0xc3 in for 0x71cfbb8025
04-22 13:20:33.909 10225 10225 E ArmVmp : Match on catch block at 0xc3 in for 0x71cfbb8025
04-22 13:20:33.944 10225 10361 W BpBinder: Slow Binder: BpBinder transact took 265 ms, interface=android.content.IContentProvider, code=1 oneway=false
04-22 13:20:34.019 10225 10225 E ArmVmp : Match on catch block at 0xc3 in for 0x71cfbb8025
04-22 13:20:34.026 10225 13850 W LibraryVersion: Failed to get app version for libraryName: firebase-iid
04-22 13:20:34.028 10225 10225 E ArmVmp : Match on catch block at 0xc3 in for 0x71cfbb8025
04-22 13:20:34.046 10225 10225 E ArmVmp : Match on catch block at 0xc3 in for 0x71cfbb8025
04-22 13:20:34.055 10225 10225 E ArmVmp : Match on catch block at 0xc3 in for 0x71cfbb8025
04-22 13:20:34.142 10225 10225 E ArmVmp : Match on catch block at 0xc3 in for 0x71cfbb8025
04-22 13:20:34.150 10225 10225 E ArmVmp : Match on catch block at 0xc3 in for 0x71cfbb8025
04-22 13:20:34.298 10225 10225 E ArmVmp : Match on catch block at 0xc3 in for 0x71cfbb8025
04-22 13:20:34.304 10225 10225 E ArmVmp : Match on catch block at 0xc3 in for 0x71cfbb8025
04-22 13:20:34.464 10225 10225 W com.mbwhatsapp: type=1400 audit(0.0:5673): avc: granted { execute } for comm=566F4950205369676E616C696E6720 path="/data/data/com.mbwhatsapp/files/decompressed/libs.spk.zst/libaom.so" dev="dm- 48" ino=160251 scontext=u:r:untrusted_app_32:s0:c232,c256,c512,c768 tcontext=u:object_r:app_data_file:s0:c232,c256,c512,c768 tclass=file app=com.mbwhatsapp
04-22 13:20:34.512 10225 10225 W com.mbwhatsapp: type=1400 audit(0.0:5674): avc: denied { read } for comm=566F4950205369676E616C696E6720 name="u:object_r:vendor_ro_audio_prop:s0" dev="tmpfs" ino=707 scontext=u:r:untrusted_app_32:s0:c232,c256,c512,c768 tcontext=u:object_r:vendor_ro_audio_prop:s0 tclass=file permissive=0 app=com.mbwhatsapp
04-22 13:20:34.518 10225 10225 E ArmVmp : Match on catch block at 0xc3 in for 0x71cfbb8025
04-22 13:20:34.519 10225 13727 W libc : Access denied finding property "ro.vendor.audio.cloudctrl"
04-22 13:20:34.527 10225 10225 E ArmVmp : Match on catch block at 0xc3 in for 0x71cfbb8025
04-22 13:20:34.596 10225 10225 W com.mbwhatsapp: type=1400 audit(0.0:5675): avc: granted { execute } for comm=4D42576861747341707020576F726B path="/data/data/com.mbwhatsapp/files/decompressed/libs.spk.zst/libfbjni.so" dev="dm-48" ino=91455 scontext=u:r:untrusted_app_32:s0:c232,c256,c512,c768 tcontext=u:object_r:app_data_file:s0:c232,c256,c512,c768 tclass=file app=com.mbwhatsapp
04-22 13:20:34.672 10225 10225 W com.mbwhatsapp: type=1400 audit(0.0:5676): avc: denied { read } for name="u:object_r:vendor_ro_audio_prop:s0" dev="tmpfs" ino=707 scontext=u:r:untrusted_app_32:s0:c232,c256,c512,c768 tcontext=u:object_r:vendor_ro_audio_prop:s0 tclass=file permissive=0 app=com.mbwhatsapp
04-22 13:20:34.673 10225 10225 W libc : Access denied finding property "ro.vendor.audio.cloudctrl"
04-22 13:20:34.722 10225 10225 W libc : Access denied finding property "ro.vendor.audio.cloudctrl"
04-22 13:20:35.043 10225 10225 E ArmVmp : Match on catch block at 0xc3 in for 0x71cfbb8025
04-22 13:20:35.052 10225 10225 E ArmVmp : Match on catch block at 0xc3 in for 0x71cfbb8025
04-22 13:20:35.072 10225 10225 W Looper : PerfMonitor doFrame : time=90ms vsyncFrame=0 latency=434ms procState=-1 historyMsgCount=70 (msgIndex=59 wall=299ms seq=5279 late=145ms h=android.os.Handler w=4)
04-22 13:20:35.430 10225 10225 E ArmVmp : Match on catch block at 0xc3 in for 0x71cfbb8025
04-22 13:20:35.437 10225 10225 E ArmVmp : Match on catch block at 0xc3 in for 0x71cfbb8025
04-22 13:20:35.455 10225 10225 W Looper : PerfMonitor doFrame : time=33ms vsyncFrame=0 latency=396ms procState=-1 historyMsgCount=315 (msgIndex=1 wall=90ms seq=5291 late=434ms h=android.view.Choreographer$FrameHandler c=android.view.Choreographer$FrameDisplayEventReceiver) (msgIndex=38 wall=64ms seq=5328 late=540ms h=android.app.ActivityThread$H w=113)
04-22 13:20:35.596 10225 10246 W com.mbwhatsapp: Suspending all threads took: 23.310ms
04-22 13:20:36.079 10225 10225 E ArmVmp : Match on catch block at 0xc3 in for 0x71cfbb8025
04-22 13:20:36.086 10225 10225 E ArmVmp : Match on catch block at 0xc3 in for 0x71cfbb8025
04-22 13:20:36.196 10225 10225 W Looper : PerfMonitor doFrame : time=328ms vsyncFrame=0 latency=436ms procState=-1 historyMsgCount=158 (msgIndex=67 wall=51ms seq=5672 late=398ms h=android.app.ActivityThread$H w=115) (msgIndex=147 wall=125ms seq=5752 late=307ms h=android.os.Handler w=4)
04-22 13:20:36.344 10225 13671 W EpFrameworkFactory: activated: false jar exist: false
04-22 13:20:36.392 10225 10248 W System : A resource failed to call AbstractCursor.close.
04-22 13:20:36.396 10225 10248 W System : A resource failed to call CursorWrapperInner.close.
04-22 13:20:36.416 10225 10225 E ArmVmp : Match on catch block at 0xc3 in for 0x71cfbb8025
04-22 13:20:36.451 10225 10225 E ArmVmp : Match on catch block at 0xc3 in for 0x71cfbb8025
04-22 13:20:36.458 10225 10225 W Looper : PerfMonitor doFrame : time=45ms vsyncFrame=0 latency=345ms procState=-1 historyMsgCount=111 (msgIndex=1 wall=328ms seq=5764 late=436ms h=android.view.Choreographer$FrameHandler c=android.view.Choreographer$FrameDisplayEventReceiver) (msgIndex=12 wall=86ms seq=5775 late=775ms h=android.os.Handler c=X.3fv)
04-22 13:20:36.571 10225 13036 W com.mbwhatsapp: Accessing hidden method Landroid/app/MiuiNotification;-><init>()V (blocked, reflection, denied)
04-22 13:20:36.586 10225 10225 E ArmVmp : Match on catch block at 0xc3 in for 0x71cfbb8025
04-22 13:20:36.593 10225 10225 E ArmVmp : Match on catch block at 0xc3 in for 0x71cfbb8025
04-22 13:20:36.695 10225 10225 E ArmVmp : Match on catch block at 0xc3 in for 0x71cfbb8025
04-22 13:20:36.704 10225 10225 E ArmVmp : Match on catch block at 0xc3 in for 0x71cfbb8025
04-22 13:20:36.785 10225 10225 E ArmVmp : Match on catch block at 0xc3 in for 0x71cfbb8025
04-22 13:20:36.790 10225 10225 E ArmVmp : Match on catch block at 0xc3 in for 0x71cfbb8025
04-22 13:20:36.896 10225 10225 E ArmVmp : Match on catch block at 0xc3 in for 0x71cfbb8025
04-22 13:20:36.902 10225 10225 E ArmVmp : Match on catch block at 0xc3 in for 0x71cfbb8025
04-22 13:20:36.956 10225 10225 E ArmVmp : Match on catch block at 0xc3 in for 0x71cfbb8025
04-22 13:20:36.965 10225 10225 E ArmVmp : Match on catch block at 0xc3 in for 0x71cfbb8025
04-22 13:20:37.043 10225 10225 E ArmVmp : Match on catch block at 0xc3 in for 0x71cfbb8025
04-22 13:20:37.047 10225 10225 E ArmVmp : Match on catch block at 0xc3 in for 0x71cfbb8025
04-22 13:20:37.081 10225 10225 E ArmVmp : Match on catch block at 0xc3 in for 0x71cfbb8025
04-22 13:20:37.092 10225 10225 E ArmVmp : Match on catch block at 0xc3 in for 0x71cfbb8025
04-22 13:20:37.123 10225 12161 W MediaPlayer: Use of stream types is deprecated for operations other than volume control
04-22 13:20:37.123 10225 12161 W MediaPlayer: See the documentation of setAudioStreamType() for what to use instead with android.media.AudioAttributes to qualify your playback use case
04-22 13:20:37.158 10225 13738 W com.mbwhatsapp: Weak pointer dereference blocked for 22 milliseconds.
04-22 13:20:37.338 10225 10303 E SQLiteDatabase: Error inserting transferred=0 media_job_uuid=59551e59-2110-4e8b-aba2-b8ba029bc59d transcoded=1 gif_attribution=0 first_scan_length=0 direct_path=null thumbnail_height_width_ratio=1.3125 is_animated_sticker=0 file_hash=4y9avJa3NY7JojjBxW5Gl1C/14l0VG3qaHQyXrM7UIM= file_path=Media/MBWhatsApp Images/Sent/IMG-20240422-WA0003.jpg file_size=1897708 partial_media_hash=null face_x=0 face_y=0 height=4000 trim_to=0 media_key_timestamp=1713770406147 message_url=null media_caption=null trim_from=0 mime_type=null partial_media_enc_hash=null width=3011 original_file_hash=R4u/ITOSph6UAe3+1kslHvGnKjcWnMytf9YApI2cNT8= has_streaming_sidecar=0 autotransfer_retry_enabled=0 media_upload_handle=null message_row_id=10969 multicast_id=null enc_file_hash=yCYDwfu/q5u0dF4RWbA7D2Sci77aY5mKDE+wk9bbxVw= mute_video=0 page_count=0 first_scan_sidecar=null suspicious_content=0 file_length=1897708 media_name=d1c5bc0e-1161-467a-8745-f84ca10c6949.jpg media_duration=0 chat_row_id=164 media_key=[B@865824e
04-22 13:20:37.338 10225 10303 E SQLiteDatabase: android.database.sqlite.SQLiteConstraintException: UNIQUE constraint failed: message_media.message_row_id (code 1555 SQLITE_CONSTRAINT_PRIMARYKEY)
04-22 13:20:37.338 10225 10303 E SQLiteDatabase: at android.database.sqlite.SQLiteConnection.nativeExecuteForLastInsertedRowId(Native Method)
04-22 13:20:37.338 10225 10303 E SQLiteDatabase: at android.database.sqlite.SQLiteConnection.executeForLastInsertedRowId(SQLiteConnecti on.java:961)
04-22 13:20:37.338 10225 10303 E SQLiteDatabase: at android.database.sqlite.SQLiteSession.executeForLastInsertedRowId(SQLiteSession.jav a:790)
04-22 13:20:37.338 10225 10303 E SQLiteDatabase: at android.database.sqlite.SQLiteStatement.executeInsert(SQLiteStatement.java:89)
04-22 13:20:37.338 10225 10303 E SQLiteDatabase: at android.database.sqlite.SQLiteDatabase.insertWithOnConflict(SQLiteDatabase.java:187 0)
04-22 13:20:37.338 10225 10303 E SQLiteDatabase: at android.database.sqlite.SQLiteDatabase.insert(SQLiteDatabase.java:1739)
04-22 13:20:37.338 10225 10303 E SQLiteDatabase: at X.2tm.A08(Unknown Source:6)
04-22 13:20:37.338 10225 10303 E SQLiteDatabase: at X.35Y.A07(Unknown Source:212)
04-22 13:20:37.338 10225 10303 E SQLiteDatabase: at X.3QF.A14(Unknown Source:470)
04-22 13:20:37.338 10225 10303 E SQLiteDatabase: at X.3gU.run(Unknown Source:982)
04-22 13:20:37.338 10225 10303 E SQLiteDatabase: at android.os.Handler.handleCallback(Handler.java:958)
04-22 13:20:37.338 10225 10303 E SQLiteDatabase: at android.os.Handler.dispatchMessage(Handler.java:99)
04-22 13:20:37.338 10225 10303 E SQLiteDatabase: at X.0zq.dispatchMessage(Unknown Source:4)
04-22 13:20:37.338 10225 10303 E SQLiteDatabase: at android.os.Looper.loopOnce(Looper.java:222)
04-22 13:20:37.338 10225 10303 E SQLiteDatabase: at android.os.Looper.loop(Looper.java:314)
04-22 13:20:37.338 10225 10303 E SQLiteDatabase: at android.os.HandlerThread.run(HandlerThread.java:67)
04-22 13:20:37.341 10225 10303 E SQLiteDatabase: Error inserting transferred=0 media_job_uuid=9c0ae925-6ee0-4bdb-9a28-fce7c0d65f99 transcoded=1 gif_attribution=0 first_scan_length=0 direct_path=null thumbnail_height_width_ratio=1.3125 is_animated_sticker=0 file_hash=AG8qi0xVpBEtaxV426r8kIWWUYLZ7YEKRQQGg1Vpiwo= file_path=Media/MBWhatsApp Images/Sent/IMG-20240422-WA0007.jpg file_size=2424814 partial_media_hash=null face_x=0 face_y=0 height=4000 trim_to=0 media_key_timestamp=1713770414510 message_url=null media_caption=null trim_from=0 mime_type=null partial_media_enc_hash=null width=3011 original_file_hash=5HByKehVqFmftg3eqDzQOGXMiqpoFEc+W8r3lPAnfJA= has_streaming_sidecar=0 autotransfer_retry_enabled=0 media_upload_handle=null message_row_id=10973 multicast_id=null enc_file_hash=Zk6/HI4K4Vu09/GLs/9Cz83eVHR860ptc+ZU3mG3E0Y= mute_video=0 page_count=0 first_scan_sidecar=null suspicious_content=0 file_length=2424814 media_name=cba6b954-0f37-451d-acaa-58375ae2e0a7.jpg media_duration=0 chat_row_id=164 media_key=[B@2005f51
04-22 13:20:37.341 10225 10303 E SQLiteDatabase: android.database.sqlite.SQLiteConstraintException: UNIQUE constraint failed: message_media.message_row_id (code 1555 SQLITE_CONSTRAINT_PRIMARYKEY)
04-22 13:20:37.341 10225 10303 E SQLiteDatabase: at android.database.sqlite.SQLiteConnection.nativeExecuteForLastInsertedRowId(Native Method)
04-22 13:20:37.341 10225 10303 E SQLiteDatabase: at android.database.sqlite.SQLiteConnection.executeForLastInsertedRowId(SQLiteConnecti on.java:961)
04-22 13:20:37.341 10225 10303 E SQLiteDatabase: at android.database.sqlite.SQLiteSession.executeForLastInsertedRowId(SQLiteSession.jav a:790)
04-22 13:20:37.341 10225 10303 E SQLiteDatabase: at android.database.sqlite.SQLiteStatement.executeInsert(SQLiteStatement.java:89)
04-22 13:20:37.341 10225 10303 E SQLiteDatabase: at android.database.sqlite.SQLiteDatabase.insertWithOnConflict(SQLiteDatabase.java:187 0)
04-22 13:20:37.341 10225 10303 E SQLiteDatabase: at android.database.sqlite.SQLiteDatabase.insert(SQLiteDatabase.java:1739)
04-22 13:20:37.341 10225 10303 E SQLiteDatabase: at X.2tm.A08(Unknown Source:6)
04-22 13:20:37.341 10225 10303 E SQLiteDatabase: at X.35Y.A07(Unknown Source:212)
04-22 13:20:37.341 10225 10303 E SQLiteDatabase: at X.3QF.A14(Unknown Source:470)
04-22 13:20:37.341 10225 10303 E SQLiteDatabase: at X.3gU.run(Unknown Source:982)
04-22 13:20:37.341 10225 10303 E SQLiteDatabase: at android.os.Handler.handleCallback(Handler.java:958)
04-22 13:20:37.341 10225 10303 E SQLiteDatabase: at android.os.Handler.dispatchMessage(Handler.java:99)
04-22 13:20:37.341 10225 10303 E SQLiteDatabase: at X.0zq.dispatchMessage(Unknown Source:4)
04-22 13:20:37.341 10225 10303 E SQLiteDatabase: at android.os.Looper.loopOnce(Looper.java:222)
04-22 13:20:37.341 10225 10303 E SQLiteDatabase: at android.os.Looper.loop(Looper.java:314)
04-22 13:20:37.341 10225 10303 E SQLiteDatabase: at android.os.HandlerThread.run(HandlerThread.java:67)
04-22 13:20:37.360 10225 10303 E SQLiteDatabase: Error inserting transferred=0 media_job_uuid=651d4322-5009-47a1-84ef-6e38af129b77 transcoded=1 gif_attribution=0 first_scan_length=0 direct_path=null thumbnail_height_width_ratio=1.3125 is_animated_sticker=0 file_hash=QiotQ85BZ0kTn8PaI2eEoHlAxEz20NJ6Jl8GLW/gY+Q= file_path=Media/MBWhatsApp Images/Sent/IMG-20240422-WA0009.jpg file_size=2509620 partial_media_hash=null face_x=0 face_y=0 height=4000 trim_to=0 media_key_timestamp=1713770418090 message_url=null media_caption=null trim_from=0 mime_type=null partial_media_enc_hash=null width=3011 original_file_hash=ZCcLNYbHUqmdEqI86JgSmYUAUkdm3fiZf9jauzWpFzA= has_streaming_sidecar=0 autotransfer_retry_enabled=0 media_upload_handle=null message_row_id=10977 multicast_id=null enc_file_hash=vlGsE5ICIde+d5LpjqRl7b5fBSqJMxmqqfAr7+zIazk= mute_video=0 page_count=0 first_scan_sidecar=null suspicious_content=0 file_length=2509620 media_name=88d00612-a533-4369-964a-cbe09e09440d.jpg media_duration=0 chat_row_id=164 media_key=[B@e13dd21
04-22 13:20:37.360 10225 10303 E SQLiteDatabase: android.database.sqlite.SQLiteConstraintException: UNIQUE constraint failed: message_media.message_row_id (code 1555 SQLITE_CONSTRAINT_PRIMARYKEY)
04-22 13:20:37.360 10225 10303 E SQLiteDatabase: at android.database.sqlite.SQLiteConnection.nativeExecuteForLastInsertedRowId(Native Method)
04-22 13:20:37.360 10225 10303 E SQLiteDatabase: at android.database.sqlite.SQLiteConnection.executeForLastInsertedRowId(SQLiteConnecti on.java:961)
04-22 13:20:37.360 10225 10303 E SQLiteDatabase: at android.database.sqlite.SQLiteSession.executeForLastInsertedRowId(SQLiteSession.jav a:790)
04-22 13:20:37.360 10225 10303 E SQLiteDatabase: at android.database.sqlite.SQLiteStatement.executeInsert(SQLiteStatement.java:89)
04-22 13:20:37.360 10225 10303 E SQLiteDatabase: at android.database.sqlite.SQLiteDatabase.insertWithOnConflict(SQLiteDatabase.java:187 0)
04-22 13:20:37.360 10225 10303 E SQLiteDatabase: at android.database.sqlite.SQLiteDatabase.insert(SQLiteDatabase.java:1739)
04-22 13:20:37.360 10225 10303 E SQLiteDatabase: at X.2tm.A08(Unknown Source:6)
04-22 13:20:37.360 10225 10303 E SQLiteDatabase: at X.35Y.A07(Unknown Source:212)
04-22 13:20:37.360 10225 10303 E SQLiteDatabase: at X.3QF.A14(Unknown Source:470)
04-22 13:20:37.360 10225 10303 E SQLiteDatabase: at X.3gU.run(Unknown Source:982)
04-22 13:20:37.360 10225 10303 E SQLiteDatabase: at android.os.Handler.handleCallback(Handler.java:958)
04-22 13:20:37.360 10225 10303 E SQLiteDatabase: at android.os.Handler.dispatchMessage(Handler.java:99)
04-22 13:20:37.360 10225 10303 E SQLiteDatabase: at X.0zq.dispatchMessage(Unknown Source:4)
04-22 13:20:37.360 10225 10303 E SQLiteDatabase: at android.os.Looper.loopOnce(Looper.java:222)
04-22 13:20:37.360 10225 10303 E SQLiteDatabase: at android.os.Looper.loop(Looper.java:314)
04-22 13:20:37.360 10225 10303 E SQLiteDatabase: at android.os.HandlerThread.run(HandlerThread.java:67)
04-22 13:20:37.377 10225 10225 E ArmVmp : Match on catch block at 0xc3 in for 0x71cfbb8025
04-22 13:20:37.382 10225 10225 E ArmVmp : Match on catch block at 0xc3 in for 0x71cfbb8025
04-22 13:20:37.432 10225 10303 E SQLiteDatabase: Error inserting transferred=0 media_job_uuid=0805efbc-a239-454d-a3b1-93aad66fd7fa transcoded=1 gif_attribution=0 first_scan_length=0 direct_path=null thumbnail_height_width_ratio=1.3125 is_animated_sticker=0 file_hash=Ri+DDRDqRg+OfFZXSPS835EjLx4bzfJdZ+yseHYXChQ= file_path=Media/MBWhatsApp Images/Sent/IMG-20240422-WA0008.jpg file_size=2850357 partial_media_hash=null face_x=0 face_y=0 height=4000 trim_to=0 media_key_timestamp=1713770416248 message_url=null media_caption=null trim_from=0 mime_type=null partial_media_enc_hash=null width=3011 original_file_hash=3ytCeUso0WWMB6y14qwuAtyihnggXni5Epx2qXnqneM= has_streaming_sidecar=0 autotransfer_retry_enabled=0 media_upload_handle=null message_row_id=10976 multicast_id=null enc_file_hash=nP9MtOa7L2FMCK/qKVXJOhvX/7vuNcFO5UuUFCswi+8= mute_video=0 page_count=0 first_scan_sidecar=null suspicious_content=0 file_length=2850357 media_name=7bede355-ca6c-4174-9cc9-532e99d328f7.jpg media_duration=0 chat_row_id=164 media_key=[B@9952c2
04-22 13:20:37.432 10225 10303 E SQLiteDatabase: android.database.sqlite.SQLiteConstraintException: UNIQUE constraint failed: message_media.message_row_id (code 1555 SQLITE_CONSTRAINT_PRIMARYKEY)
04-22 13:20:37.432 10225 10303 E SQLiteDatabase: at android.database.sqlite.SQLiteConnection.nativeExecuteForLastInsertedRowId(Native Method)
04-22 13:20:37.432 10225 10303 E SQLiteDatabase: at android.database.sqlite.SQLiteConnection.executeForLastInsertedRowId(SQLiteConnecti on.java:961)
04-22 13:20:37.432 10225 10303 E SQLiteDatabase: at android.database.sqlite.SQLiteSession.executeForLastInsertedRowId(SQLiteSession.jav a:790)
04-22 13:20:37.432 10225 10303 E SQLiteDatabase: at android.database.sqlite.SQLiteStatement.executeInsert(SQLiteStatement.java:89)
04-22 13:20:37.432 10225 10303 E SQLiteDatabase: at android.database.sqlite.SQLiteDatabase.insertWithOnConflict(SQLiteDatabase.java:187 0)
04-22 13:20:37.432 10225 10303 E SQLiteDatabase: at android.database.sqlite.SQLiteDatabase.insert(SQLiteDatabase.java:1739)
04-22 13:20:37.432 10225 10303 E SQLiteDatabase: at X.2tm.A08(Unknown Source:6)
04-22 13:20:37.432 10225 10303 E SQLiteDatabase: at X.35Y.A07(Unknown Source:212)
04-22 13:20:37.432 10225 10303 E SQLiteDatabase: at X.3QF.A14(Unknown Source:470)
04-22 13:20:37.432 10225 10303 E SQLiteDatabase: at X.3gU.run(Unknown Source:982)
04-22 13:20:37.432 10225 10303 E SQLiteDatabase: at android.os.Handler.handleCallback(Handler.java:958)
04-22 13:20:37.432 10225 10303 E SQLiteDatabase: at android.os.Handler.dispatchMessage(Handler.java:99)
04-22 13:20:37.432 10225 10303 E SQLiteDatabase: at X.0zq.dispatchMessage(Unknown Source:4)
04-22 13:20:37.432 10225 10303 E SQLiteDatabase: at android.os.Looper.loopOnce(Looper.java:222)
04-22 13:20:37.432 10225 10303 E SQLiteDatabase: at android.os.Looper.loop(Looper.java:314)
04-22 13:20:37.432 10225 10303 E SQLiteDatabase: at android.os.HandlerThread.run(HandlerThread.java:67)
04-22 13:20:37.437 10225 10303 E SQLiteDatabase: Error inserting transferred=0 media_job_uuid=39efb777-23fb-462d-a815-8e7edf8005d5 transcoded=1 gif_attribution=0 first_scan_length=0 direct_path=null thumbnail_height_width_ratio=1.3125 is_animated_sticker=0 file_hash=fzWk1GjYlY3kKYnq9aNcXdVJ2ZyO71ZQBxTVguklTcc= file_path=Media/MBWhatsApp Images/Sent/IMG-20240422-WA0006.jpg file_size=2643803 partial_media_hash=null face_x=0 face_y=0 height=4000 trim_to=0 media_key_timestamp=1713770414963 message_url=null media_caption=null trim_from=0 mime_type=null partial_media_enc_hash=null width=3011 original_file_hash=KVzSL7PK9yZpzGHALMVrDY4/IBMotjkua7bHaRVCbuE= has_streaming_sidecar=0 autotransfer_retry_enabled=0 media_upload_handle=null message_row_id=10975 multicast_id=null enc_file_hash=WUGXT0njRI2S+lsLOxK9rnLxKXl8GN12YhSbsLsmzAQ= mute_video=0 page_count=0 first_scan_sidecar=null suspicious_content=0 file_length=2643803 media_name=067dc1f3-f92e-490f-90f3-9f9d3d7b4232.jpg media_duration=0 chat_row_id=164 media_key=[B@f4f5f05
04-22 13:20:37.437 10225 10303 E SQLiteDatabase: android.database.sqlite.SQLiteConstraintException: UNIQUE constraint failed: message_media.message_row_id (code 1555 SQLITE_CONSTRAINT_PRIMARYKEY)
04-22 13:20:37.437 10225 10303 E SQLiteDatabase: at android.database.sqlite.SQLiteConnection.nativeExecuteForLastInsertedRowId(Native Method)
04-22 13:20:37.437 10225 10303 E SQLiteDatabase: at android.database.sqlite.SQLiteConnection.executeForLastInsertedRowId(SQLiteConnecti on.java:961)
04-22 13:20:37.437 10225 10303 E SQLiteDatabase: at android.database.sqlite.SQLiteSession.executeForLastInsertedRowId(SQLiteSession.jav a:790)
04-22 13:20:37.437 10225 10303 E SQLiteDatabase: at android.database.sqlite.SQLiteStatement.executeInsert(SQLiteStatement.java:89)
04-22 13:20:37.437 10225 10303 E SQLiteDatabase: at android.database.sqlite.SQLiteDatabase.insertWithOnConflict(SQLiteDatabase.java:187 0)
04-22 13:20:37.437 10225 10303 E SQLiteDatabase: at android.database.sqlite.SQLiteDatabase.insert(SQLiteDatabase.java:1739)
04-22 13:20:37.437 10225 10303 E SQLiteDatabase: at X.2tm.A08(Unknown Source:6)
04-22 13:20:37.437 10225 10303 E SQLiteDatabase: at X.35Y.A07(Unknown Source:212)
04-22 13:20:37.437 10225 10303 E SQLiteDatabase: at X.3QF.A14(Unknown Source:470)
04-22 13:20:37.437 10225 10303 E SQLiteDatabase: at X.3gU.run(Unknown Source:982)
04-22 13:20:37.437 10225 10303 E SQLiteDatabase: at android.os.Handler.handleCallback(Handler.java:958)
04-22 13:20:37.437 10225 10303 E SQLiteDatabase: at android.os.Handler.dispatchMessage(Handler.java:99)
04-22 13:20:37.437 10225 10303 E SQLiteDatabase: at X.0zq.dispatchMessage(Unknown Source:4)
04-22 13:20:37.437 10225 10303 E SQLiteDatabase: at android.os.Looper.loopOnce(Looper.java:222)
04-22 13:20:37.437 10225 10303 E SQLiteDatabase: at android.os.Looper.loop(Looper.java:314)
04-22 13:20:37.437 10225 10303 E SQLiteDatabase: at android.os.HandlerThread.run(HandlerThread.java:67)
04-22 13:20:37.485 10225 10225 E ArmVmp : Match on catch block at 0xc3 in for 0x71cfbb8025
04-22 13:20:37.487 10225 10225 E ArmVmp : Match on catch block at 0xc3 in for 0x71cfbb8025
04-22 13:20:37.563 10225 10225 E ArmVmp : Match on catch block at 0xc3 in for 0x71cfbb8025
04-22 13:20:37.569 10225 10225 E ArmVmp : Match on catch block at 0xc3 in for 0x71cfbb8025
04-22 13:20:37.608 10225 10225 E ArmVmp : Match on catch block at 0xc3 in for 0x71cfbb8025
04-22 13:20:37.622 10225 10225 E ArmVmp : Match on catch block at 0xc3 in for 0x71cfbb8025
04-22 13:20:37.776 10225 12161 W MediaPlayer: Use of stream types is deprecated for operations other than volume control
04-22 13:20:37.776 10225 12161 W MediaPlayer: See the documentation of setAudioStreamType() for what to use instead with android.media.AudioAttributes to qualify your playback use case
04-22 13:20:38.029 10225 10225 E ArmVmp : Match on catch block at 0xc3 in for 0x71cfbb8025
04-22 13:20:38.033 10225 10225 E ArmVmp : Match on catch block at 0xc3 in for 0x71cfbb8025
04-22 13:20:38.473 10225 10225 W JobService: onNetworkChanged() not implemented in androidx.work.impl.background.systemjob.SystemJobService. Must override in a subclass.
04-22 13:20:38.530 10225 10225 E ArmVmp : Match on catch block at 0xc3 in for 0x71cfbb8025
04-22 13:20:38.535 10225 10225 E ArmVmp : Match on catch block at 0xc3 in for 0x71cfbb8025
04-22 13:20:38.835 10225 12161 W MediaPlayer: Use of stream types is deprecated for operations other than volume control
04-22 13:20:38.835 10225 12161 W MediaPlayer: See the documentation of setAudioStreamType() for what to use instead with android.media.AudioAttributes to qualify your playback use case
04-22 13:20:39.024 10225 10225 E ArmVmp : Match on catch block at 0xc3 in for 0x71cfbb8025
04-22 13:20:39.028 10225 10225 E ArmVmp : Match on catch block at 0xc3 in for 0x71cfbb8025
04-22 13:20:39.141 10225 14273 W BpBinder: Slow Binder: BpBinder transact took 236 ms, interface=android.app.IAlarmManager, code=1 oneway=false
04-22 13:20:39.143 10225 10225 E ArmVmp : Match on catch block at 0xc3 in for 0x71cfbb8025
04-22 13:20:39.148 10225 10225 E ArmVmp : Match on catch block at 0xc3 in for 0x71cfbb8025
04-22 13:20:39.171 10225 10225 E ArmVmp : Match on catch block at 0xc3 in for 0x71cfbb8025
04-22 13:20:39.181 10225 10225 E ArmVmp : Match on catch block at 0xc3 in for 0x71cfbb8025
04-22 13:20:39.198 10225 10225 E ArmVmp : Match on catch block at 0xc3 in for 0x71cfbb8025
04-22 13:20:39.210 10225 10225 E ArmVmp : Match on catch block at 0xc3 in for 0x71cfbb8025
04-22 13:20:39.222 10225 10225 E ArmVmp : Match on catch block at 0xc3 in for 0x71cfbb8025
04-22 13:20:39.229 10225 10225 E ArmVmp : Match on catch block at 0xc3 in for 0x71cfbb8025
04-22 13:20:39.235 10225 10225 E ArmVmp : Match on catch block at 0xc3 in for 0x71cfbb8025
04-22 13:20:39.244 10225 10225 E ArmVmp : Match on catch block at 0xc3 in for 0x71cfbb8025
04-22 13:20:39.257 10225 10225 E ArmVmp : Match on catch block at 0xc3 in for 0x71cfbb8025
04-22 13:20:39.263 10225 10225 E ArmVmp : Match on catch block at 0xc3 in for 0x71cfbb8025
04-22 13:20:39.278 10225 10225 E ArmVmp : Match on catch block at 0xc3 in for 0x71cfbb8025
04-22 13:20:39.288 10225 10225 E ArmVmp : Match on catch block at 0xc3 in for 0x71cfbb8025
04-22 13:20:39.302 10225 10225 E ArmVmp : Match on catch block at 0xc3 in for 0x71cfbb8025
04-22 13:20:39.304 10225 10225 E ArmVmp : Match on catch block at 0xc3 in for 0x71cfbb8025
04-22 13:20:39.314 10225 10225 E ArmVmp : Match on catch block at 0xc3 in for 0x71cfbb8025
04-22 13:20:39.317 10225 10225 E ArmVmp : Match on catch block at 0xc3 in for 0x71cfbb8025
04-22 13:20:39.328 10225 10225 E ArmVmp : Match on catch block at 0xc3 in for 0x71cfbb8025
04-22 13:20:39.336 10225 10225 E ArmVmp : Match on catch block at 0xc3 in for 0x71cfbb8025
04-22 13:20:39.342 10225 10225 E ArmVmp : Match on catch block at 0xc3 in for 0x71cfbb8025
04-22 13:20:39.353 10225 10225 E ArmVmp : Match on catch block at 0xc3 in for 0x71cfbb8025
04-22 13:20:39.379 10225 10225 E ArmVmp : Match on catch block at 0xc3 in for 0x71cfbb8025
04-22 13:20:39.394 10225 10225 E ArmVmp : Match on catch block at 0xc3 in for 0x71cfbb8025
04-22 13:20:39.420 10225 10225 E ArmVmp : Match on catch block at 0xc3 in for 0x71cfbb8025
04-22 13:20:39.426 10225 10225 E ArmVmp : Match on catch block at 0xc3 in for 0x71cfbb8025
04-22 13:20:39.521 10225 10225 E ArmVmp : Match on catch block at 0xc3 in for 0x71cfbb8025
04-22 13:20:39.534 10225 10225 E ArmVmp : Match on catch block at 0xc3 in for 0x71cfbb8025
04-22 13:20:39.820 10225 12161 W MediaPlayer: Use of stream types is deprecated for operations other than volume control
04-22 13:20:39.820 10225 12161 W MediaPlayer: See the documentation of setAudioStreamType() for what to use instead with android.media.AudioAttributes to qualify your playback use case
04-22 13:20:40.038 10225 10225 E ArmVmp : Match on catch block at 0xc3 in for 0x71cfbb8025
04-22 13:20:40.041 10225 10225 E ArmVmp : Match on catch block at 0xc3 in for 0x71cfbb8025
04-22 13:20:40.406 10225 12161 W MediaPlayer: Use of stream types is deprecated for operations other than volume control
04-22 13:20:40.406 10225 12161 W MediaPlayer: See the documentation of setAudioStreamType() for what to use instead with android.media.AudioAttributes to qualify your playback use case
04-22 13:20:40.538 10225 10225 E ArmVmp : Match on catch block at 0xc3 in for 0x71cfbb8025
04-22 13:20:40.541 10225 10225 E ArmVmp : Match on catch block at 0xc3 in for 0x71cfbb8025
04-22 13:20:40.971 10225 12161 W MediaPlayer: Use of stream types is deprecated for operations other than volume control
04-22 13:20:40.971 10225 12161 W MediaPlayer: See the documentation of setAudioStreamType() for what to use instead with android.media.AudioAttributes to qualify your playback use case
04-22 13:20:41.148 10225 10225 E ArmVmp : Match on catch block at 0xc3 in for 0x71cfbb8025
04-22 13:20:41.156 10225 10225 E ArmVmp : Match on catch block at 0xc3 in for 0x71cfbb8025
04-22 13:20:41.492 10225 12161 W MediaPlayer: Use of stream types is deprecated for operations other than volume control
04-22 13:20:41.492 10225 12161 W MediaPlayer: See the documentation of setAudioStreamType() for what to use instead with android.media.AudioAttributes to qualify your playback use case
04-22 13:20:41.666 10225 10225 E ArmVmp : Match on catch block at 0xc3 in for 0x71cfbb8025
04-22 13:20:41.670 10225 10225 E ArmVmp : Match on catch block at 0xc3 in for 0x71cfbb8025
04-22 13:20:42.014 10225 12161 W MediaPlayer: Use of stream types is deprecated for operations other than volume control
04-22 13:20:42.014 10225 12161 W MediaPlayer: See the documentation of setAudioStreamType() for what to use instead with android.media.AudioAttributes to qualify your playback use case
04-22 13:20:42.224 10225 10225 E ArmVmp : Match on catch block at 0xc3 in for 0x71cfbb8025
04-22 13:20:42.227 10225 10225 E ArmVmp : Match on catch block at 0xc3 in for 0x71cfbb8025
04-22 13:20:42.412 10225 12161 W MediaPlayer: Use of stream types is deprecated for operations other than volume control
04-22 13:20:42.412 10225 12161 W MediaPlayer: See the documentation of setAudioStreamType() for what to use instead with android.media.AudioAttributes to qualify your playback use case
04-22 13:20:42.754 10225 10225 W BpBinder: Slow Binder: BpBinder transact took 251 ms, interface=android.media.IMediaPlayer, code=21 oneway=false
04-22 13:20:42.757 10225 12856 W com.mbwhatsapp: PerfMonitor async binderTransact : time=255ms interface=android.media.IMediaPlayerClient code=1
04-22 13:20:42.783 10225 10225 E ArmVmp : Match on catch block at 0xc3 in for 0x71cfbb8025
04-22 13:20:42.791 10225 10225 E ArmVmp : Match on catch block at 0xc3 in for 0x71cfbb8025
04-22 13:20:43.274 10225 10225 E ArmVmp : Match on catch block at 0xc3 in for 0x71cfbb8025
04-22 13:20:43.280 10225 10225 E ArmVmp : Match on catch block at 0xc3 in for 0x71cfbb8025
04-22 13:20:43.773 10225 10225 E ArmVmp : Match on catch block at 0xc3 in for 0x71cfbb8025
04-22 13:20:43.781 10225 10225 E ArmVmp : Match on catch block at 0xc3 in for 0x71cfbb8025
04-22 13:20:44.277 10225 10225 E ArmVmp : Match on catch block at 0xc3 in for 0x71cfbb8025
04-22 13:20:44.282 10225 10225 E ArmVmp : Match on catch block at 0xc3 in for 0x71cfbb8025
04-22 13:20:44.778 10225 10225 E ArmVmp : Match on catch block at 0xc3 in for 0x71cfbb8025
04-22 13:20:44.798 10225 10225 E ArmVmp : Match on catch block at 0xc3 in for 0x71cfbb8025
04-22 13:20:45.281 10225 10225 E ArmVmp : Match on catch block at 0xc3 in for 0x71cfbb8025
04-22 13:20:45.289 10225 10225 E ArmVmp : Match on catch block at 0xc3 in for 0x71cfbb8025
04-22 13:20:45.782 10225 10225 E ArmVmp : Match on catch block at 0xc3 in for 0x71cfbb8025
04-22 13:20:45.788 10225 10225 E ArmVmp : Match on catch block at 0xc3 in for 0x71cfbb8025
04-22 13:20:46.277 10225 10225 E ArmVmp : Match on catch block at 0xc3 in for 0x71cfbb8025
04-22 13:20:46.283 10225 10225 E ArmVmp : Match on catch block at 0xc3 in for 0x71cfbb8025
04-22 13:20:46.783 10225 10225 E ArmVmp : Match on catch block at 0xc3 in for 0x71cfbb8025
04-22 13:20:46.790 10225 10225 E ArmVmp : Match on catch block at 0xc3 in for 0x71cfbb8025
04-22 13:20:47.283 10225 10225 E ArmVmp : Match on catch block at 0xc3 in for 0x71cfbb8025
04-22 13:20:47.289 10225 10225 E ArmVmp : Match on catch block at 0xc3 in for 0x71cfbb8025
04-22 13:20:47.786 10225 10225 E ArmVmp : Match on catch block at 0xc3 in for 0x71cfbb8025
04-22 13:20:47.788 10225 10225 E ArmVmp : Match on catch block at 0xc3 in for 0x71cfbb8025
04-22 13:20:48.284 10225 10225 E ArmVmp : Match on catch block at 0xc3 in for 0x71cfbb8025
04-22 13:20:48.293 10225 10225 E ArmVmp : Match on catch block at 0xc3 in for 0x71cfbb8025
04-22 13:20:48.782 10225 10225 E ArmVmp : Match on catch block at 0xc3 in for 0x71cfbb8025
04-22 13:20:48.791 10225 10225 E ArmVmp : Match on catch block at 0xc3 in for 0x71cfbb8025
04-22 13:20:49.290 10225 10225 E ArmVmp : Match on catch block at 0xc3 in for 0x71cfbb8025
04-22 13:20:49.295 10225 10225 E ArmVmp : Match on catch block at 0xc3 in for 0x71cfbb8025
04-22 13:20:49.794 10225 10225 E ArmVmp : Match on catch block at 0xc3 in for 0x71cfbb8025
04-22 13:20:49.801 10225 10225 E ArmVmp : Match on catch block at 0xc3 in for 0x71cfbb8025
04-22 13:20:50.284 10225 10225 E ArmVmp : Match on catch block at 0xc3 in for 0x71cfbb8025
04-22 13:20:50.293 10225 10225 E ArmVmp : Match on catch block at 0xc3 in for 0x71cfbb8025
04-22 13:20:50.797 10225 10225 E ArmVmp : Match on catch block at 0xc3 in for 0x71cfbb8025
04-22 13:20:50.800 10225 10225 E ArmVmp : Match on catch block at 0xc3 in for 0x71cfbb8025
04-22 13:20:51.299 10225 10225 E ArmVmp : Match on catch block at 0xc3 in for 0x71cfbb8025
04-22 13:20:51.303 10225 10225 E ArmVmp : Match on catch block at 0xc3 in for 0x71cfbb8025
04-22 13:20:51.812 10225 10225 E ArmVmp : Match on catch block at 0xc3 in for 0x71cfbb8025
04-22 13:20:51.815 10225 10225 E ArmVmp : Match on catch block at 0xc3 in for 0x71cfbb8025
04-22 13:20:52.304 10225 10225 E ArmVmp : Match on catch block at 0xc3 in for 0x71cfbb8025
04-22 13:20:52.306 10225 10225 E ArmVmp : Match on catch block at 0xc3 in for 0x71cfbb8025
04-22 13:20:52.797 10225 10225 E ArmVmp : Match on catch block at 0xc3 in for 0x71cfbb8025
04-22 13:20:52.800 10225 10225 E ArmVmp : Match on catch block at 0xc3 in for 0x71cfbb8025
04-22 13:20:53.290 10225 10225 E ArmVmp : Match on catch block at 0xc3 in for 0x71cfbb8025
04-22 13:20:53.293 10225 10225 E ArmVmp : Match on catch block at 0xc3 in for 0x71cfbb8025
04-22 13:20:53.814 10225 10225 E ArmVmp : Match on catch block at 0xc3 in for 0x71cfbb8025
04-22 13:20:53.818 10225 10225 E ArmVmp : Match on catch block at 0xc3 in for 0x71cfbb8025
04-22 13:20:54.308 10225 10225 E ArmVmp : Match on catch block at 0xc3 in for 0x71cfbb8025
04-22 13:20:54.313 10225 10225 E ArmVmp : Match on catch block at 0xc3 in for 0x71cfbb8025
04-22 13:20:54.804 10225 10225 E ArmVmp : Match on catch block at 0xc3 in for 0x71cfbb8025
04-22 13:20:54.813 10225 10225 E ArmVmp : Match on catch block at 0xc3 in for 0x71cfbb8025
04-22 13:20:55.292 10225 10225 E ArmVmp : Match on catch block at 0xc3 in for 0x71cfbb8025
04-22 13:20:55.296 10225 10225 E ArmVmp : Match on catch block at 0xc3 in for 0x71cfbb8025
04-22 13:20:55.820 10225 10225 E ArmVmp : Match on catch block at 0xc3 in for 0x71cfbb8025
04-22 13:20:55.830 10225 10225 E ArmVmp : Match on catch block at 0xc3 in for 0x71cfbb8025
04-22 13:20:56.310 10225 10225 E ArmVmp : Match on catch block at 0xc3 in for 0x71cfbb8025
04-22 13:20:56.314 10225 10225 E ArmVmp : Match on catch block at 0xc3 in for 0x71cfbb8025
04-22 13:20:56.803 10225 10225 E ArmVmp : Match on catch block at 0xc3 in for 0x71cfbb8025
04-22 13:20:56.808 10225 10225 E ArmVmp : Match on catch block at 0xc3 in for 0x71cfbb8025
04-22 13:20:57.296 10225 10225 E ArmVmp : Match on catch block at 0xc3 in for 0x71cfbb8025
04-22 13:20:57.302 10225 10225 E ArmVmp : Match on catch block at 0xc3 in for 0x71cfbb8025
04-22 13:20:57.824 10225 10225 E ArmVmp : Match on catch block at 0xc3 in for 0x71cfbb8025
04-22 13:20:57.833 10225 10225 E ArmVmp : Match on catch block at 0xc3 in for 0x71cfbb8025
04-22 13:20:58.312 10225 10225 E ArmVmp : Match on catch block at 0xc3 in for 0x71cfbb8025
04-22 13:20:58.317 10225 10225 E ArmVmp : Match on catch block at 0xc3 in for 0x71cfbb8025
04-22 13:20:58.807 10225 10225 E ArmVmp : Match on catch block at 0xc3 in for 0x71cfbb8025
04-22 13:20:58.815 10225 10225 E ArmVmp : Match on catch block at 0xc3 in for 0x71cfbb8025
04-22 13:20:59.335 10225 10225 E ArmVmp : Match on catch block at 0xc3 in for 0x71cfbb8025
04-22 13:20:59.344 10225 10225 E ArmVmp : Match on catch block at 0xc3 in for 0x71cfbb8025
04-22 13:20:59.827 10225 10225 E ArmVmp : Match on catch block at 0xc3 in for 0x71cfbb8025
04-22 13:20:59.837 10225 10225 E ArmVmp : Match on catch block at 0xc3 in for 0x71cfbb8025
04-22 13:21:00.319 10225 10225 E ArmVmp : Match on catch block at 0xc3 in for 0x71cfbb8025
04-22 13:21:00.326 10225 10225 E ArmVmp : Match on catch block at 0xc3 in for 0x71cfbb8025
04-22 13:21:00.812 10225 10225 E ArmVmp : Match on catch block at 0xc3 in for 0x71cfbb8025
04-22 13:21:00.821 10225 10225 E ArmVmp : Match on catch block at 0xc3 in for 0x71cfbb8025
04-22 13:21:01.332 10225 10225 E ArmVmp : Match on catch block at 0xc3 in for 0x71cfbb8025
04-22 13:21:01.336 10225 10225 E ArmVmp : Match on catch block at 0xc3 in for 0x71cfbb8025
04-22 13:21:01.825 10225 10225 E ArmVmp : Match on catch block at 0xc3 in for 0x71cfbb8025
04-22 13:21:01.831 10225 10225 E ArmVmp : Match on catch block at 0xc3 in for 0x71cfbb8025
04-22 13:21:02.317 10225 10225 E ArmVmp : Match on catch block at 0xc3 in for 0x71cfbb8025
04-22 13:21:02.324 10225 10225 E ArmVmp : Match on catch block at 0xc3 in for 0x71cfbb8025
04-22 13:21:02.842 10225 10225 E ArmVmp : Match on catch block at 0xc3 in for 0x71cfbb8025
04-22 13:21:02.848 10225 10225 E ArmVmp : Match on catch block at 0xc3 in for 0x71cfbb8025
04-22 13:21:03.335 10225 10225 E ArmVmp : Match on catch block at 0xc3 in for 0x71cfbb8025
04-22 13:21:03.339 10225 10225 E ArmVmp : Match on catch block at 0xc3 in for 0x71cfbb8025
04-22 13:21:03.827 10225 10225 E ArmVmp : Match on catch block at 0xc3 in for 0x71cfbb8025
04-22 13:21:03.833 10225 10225 E ArmVmp : Match on catch block at 0xc3 in for 0x71cfbb8025
04-22 13:21:04.324 10225 10225 E ArmVmp : Match on catch block at 0xc3 in for 0x71cfbb8025
04-22 13:21:04.333 10225 10225 E ArmVmp : Match on catch block at 0xc3 in for 0x71cfbb8025
04-22 13:21:04.850 10225 10225 E ArmVmp : Match on catch block at 0xc3 in for 0x71cfbb8025
04-22 13:21:04.858 10225 10225 E ArmVmp : Match on catch block at 0xc3 in for 0x71cfbb8025
04-22 13:21:05.337 10225 10225 E ArmVmp : Match on catch block at 0xc3 in for 0x71cfbb8025
04-22 13:21:05.343 10225 10225 E ArmVmp : Match on catch block at 0xc3 in for 0x71cfbb8025
04-22 13:21:05.829 10225 10225 E ArmVmp : Match on catch block at 0xc3 in for 0x71cfbb8025
04-22 13:21:05.837 10225 10225 E ArmVmp : Match on catch block at 0xc3 in for 0x71cfbb8025
04-22 13:21:06.358 10225 10225 E ArmVmp : Match on catch block at 0xc3 in for 0x71cfbb8025
04-22 13:21:06.366 10225 10225 E ArmVmp : Match on catch block at 0xc3 in for 0x71cfbb8025
