04-22 13:19:49.721 10225 12392 E com.mbwhatsapp: == MALI DEBUG ===eglp_winsys_populate_image_templates ==12288
04-22 13:19:49.751 10225 12392 E com.mbwhatsapp: == MALI DEBUG ===eglp_winsys_populate_image_templates ==12288
04-22 13:19:49.753 10225 12392 E com.mbwhatsapp: == MALI DEBUG ===eglp_winsys_populate_image_templates ==12288
04-22 13:19:49.789 10225 12392 E com.mbwhatsapp: == MALI DEBUG ===eglp_winsys_populate_image_templates ==12288
04-22 13:19:49.792 10225 12392 E com.mbwhatsapp: == MALI DEBUG ===eglp_winsys_populate_image_templates ==12288
04-22 13:19:49.819 10225 12392 E com.mbwhatsapp: == MALI DEBUG ===eglp_winsys_populate_image_templates ==12288
04-22 13:19:49.820 10225 12392 E com.mbwhatsapp: == MALI DEBUG ===eglp_winsys_populate_image_templates ==12288
04-22 13:19:49.852 10225 12392 E com.mbwhatsapp: == MALI DEBUG ===eglp_winsys_populate_image_templates ==12288
04-22 13:19:49.853 10225 12392 E com.mbwhatsapp: == MALI DEBUG ===eglp_winsys_populate_image_templates ==12288
04-22 13:19:49.892 10225 12392 E com.mbwhatsapp: == MALI DEBUG ===eglp_winsys_populate_image_templates ==12288
04-22 13:19:49.892 10225 12392 E com.mbwhatsapp: == MALI DEBUG ===eglp_winsys_populate_image_templates ==12288
04-22 13:19:49.932 10225 12392 E com.mbwhatsapp: == MALI DEBUG ===eglp_winsys_populate_image_templates ==12288
04-22 13:19:49.935 10225 12392 E com.mbwhatsapp: == MALI DEBUG ===eglp_winsys_populate_image_templates ==12288
04-22 13:19:49.972 10225 12392 E com.mbwhatsapp: == MALI DEBUG ===eglp_winsys_populate_image_templates ==12288
04-22 13:19:49.973 10225 12392 E com.mbwhatsapp: == MALI DEBUG ===eglp_winsys_populate_image_templates ==12288
04-22 13:19:50.013 10225 12392 E com.mbwhatsapp: == MALI DEBUG ===eglp_winsys_populate_image_templates ==12288
04-22 13:19:50.015 10225 12392 E com.mbwhatsapp: == MALI DEBUG ===eglp_winsys_populate_image_templates ==12288
04-22 13:19:50.056 10225 12392 E com.mbwhatsapp: == MALI DEBUG ===eglp_winsys_populate_image_templates ==12288
04-22 13:19:50.060 10225 12392 E com.mbwhatsapp: == MALI DEBUG ===eglp_winsys_populate_image_templates ==12288
04-22 13:19:50.108 10225 12392 E com.mbwhatsapp: == MALI DEBUG ===eglp_winsys_populate_image_templates ==12288
04-22 13:19:50.110 10225 12392 E com.mbwhatsapp: == MALI DEBUG ===eglp_winsys_populate_image_templates ==12288
04-22 13:19:50.149 10225 12392 E com.mbwhatsapp: == MALI DEBUG ===eglp_winsys_populate_image_templates ==12288
04-22 13:19:50.154 10225 12392 E com.mbwhatsapp: == MALI DEBUG ===eglp_winsys_populate_image_templates ==12288
04-22 13:19:50.183 10225 12392 E com.mbwhatsapp: == MALI DEBUG ===eglp_winsys_populate_image_templates ==12288
04-22 13:19:50.184 10225 12392 E com.mbwhatsapp: == MALI DEBUG ===eglp_winsys_populate_image_templates ==12288
04-22 13:19:50.221 10225 12392 E com.mbwhatsapp: == MALI DEBUG ===eglp_winsys_populate_image_templates ==12288
04-22 13:19:50.222 10225 12392 E com.mbwhatsapp: == MALI DEBUG ===eglp_winsys_populate_image_templates ==12288
04-22 13:19:50.263 10225 12392 E com.mbwhatsapp: == MALI DEBUG ===eglp_winsys_populate_image_templates ==12288
04-22 13:19:50.267 10225 12392 E com.mbwhatsapp: == MALI DEBUG ===eglp_winsys_populate_image_templates ==12288
04-22 13:19:50.299 10225 12392 E com.mbwhatsapp: == MALI DEBUG ===eglp_winsys_populate_image_templates ==12288
04-22 13:19:50.302 10225 12392 E com.mbwhatsapp: == MALI DEBUG ===eglp_winsys_populate_image_templates ==12288
04-22 13:19:50.336 10225 12392 E com.mbwhatsapp: == MALI DEBUG ===eglp_winsys_populate_image_templates ==12288
04-22 13:19:50.337 10225 12392 E com.mbwhatsapp: == MALI DEBUG ===eglp_winsys_populate_image_templates ==12288
04-22 13:19:50.374 10225 12392 E com.mbwhatsapp: == MALI DEBUG ===eglp_winsys_populate_image_templates ==12288
04-22 13:19:50.376 10225 12392 E com.mbwhatsapp: == MALI DEBUG ===eglp_winsys_populate_image_templates ==12288
04-22 13:19:50.395 10225 10225 W libc : Access denied finding property "ro.vendor.audio.cloudctrl"
04-22 13:19:50.418 10225 12392 E com.mbwhatsapp: == MALI DEBUG ===eglp_winsys_populate_image_templates ==12288
04-22 13:19:50.419 10225 12392 E com.mbwhatsapp: == MALI DEBUG ===eglp_winsys_populate_image_templates ==12288
04-22 13:19:50.455 10225 10225 W Optic-Task-Hand: type=1400 audit(0.0:5398): avc: denied { getattr } for name="/" dev="dmabuf" ino=1 scontext=u:r:untrusted_app_32:s0:c232,c256,c512,c768 tcontext=u:object_r:unlabeled:s0 tclass=filesystem permissive=0 app=com.mbwhatsapp
04-22 13:19:50.457 10225 12392 E com.mbwhatsapp: == MALI DEBUG ===eglp_winsys_populate_image_templates ==12288
04-22 13:19:50.457 10225 12392 E com.mbwhatsapp: == MALI DEBUG ===eglp_winsys_populate_image_templates ==12288
04-22 13:19:50.455 10225 10225 W Optic-Task-Hand: type=1400 audit(0.0:5399): avc: denied { getattr } for name="/" dev="dmabuf" ino=1 scontext=u:r:untrusted_app_32:s0:c232,c256,c512,c768 tcontext=u:object_r:unlabeled:s0 tclass=filesystem permissive=0 app=com.mbwhatsapp
04-22 13:19:50.487 10225 10225 W Optic-Task-Hand: type=1400 audit(0.0:5400): avc: denied { getattr } for name="/" dev="dmabuf" ino=1 scontext=u:r:untrusted_app_32:s0:c232,c256,c512,c768 tcontext=u:object_r:unlabeled:s0 tclass=filesystem permissive=0 app=com.mbwhatsapp
04-22 13:19:50.489 10225 12392 E com.mbwhatsapp: == MALI DEBUG ===eglp_winsys_populate_image_templates ==12288
04-22 13:19:50.490 10225 12392 E com.mbwhatsapp: == MALI DEBUG ===eglp_winsys_populate_image_templates ==12288
04-22 13:19:50.487 10225 10225 W Optic-Task-Hand: type=1400 audit(0.0:5401): avc: denied { getattr } for name="/" dev="dmabuf" ino=1 scontext=u:r:untrusted_app_32:s0:c232,c256,c512,c768 tcontext=u:object_r:unlabeled:s0 tclass=filesystem permissive=0 app=com.mbwhatsapp
04-22 13:19:50.519 10225 10225 W Optic-Task-Hand: type=1400 audit(0.0:5402): avc: denied { getattr } for name="/" dev="dmabuf" ino=1 scontext=u:r:untrusted_app_32:s0:c232,c256,c512,c768 tcontext=u:object_r:unlabeled:s0 tclass=filesystem permissive=0 app=com.mbwhatsapp
04-22 13:19:50.523 10225 12392 E com.mbwhatsapp: == MALI DEBUG ===eglp_winsys_populate_image_templates ==12288
04-22 13:19:50.526 10225 12392 E com.mbwhatsapp: == MALI DEBUG ===eglp_winsys_populate_image_templates ==12288
04-22 13:19:50.555 10225 12392 E com.mbwhatsapp: == MALI DEBUG ===eglp_winsys_populate_image_templates ==12288
04-22 13:19:50.558 10225 12392 E com.mbwhatsapp: == MALI DEBUG ===eglp_winsys_populate_image_templates ==12288
04-22 13:19:50.591 10225 12392 E com.mbwhatsapp: == MALI DEBUG ===eglp_winsys_populate_image_templates ==12288
04-22 13:19:50.594 10225 12392 E com.mbwhatsapp: == MALI DEBUG ===eglp_winsys_populate_image_templates ==12288
04-22 13:19:50.622 10225 12392 E com.mbwhatsapp: == MALI DEBUG ===eglp_winsys_populate_image_templates ==12288
04-22 13:19:50.624 10225 12392 E com.mbwhatsapp: == MALI DEBUG ===eglp_winsys_populate_image_templates ==12288
04-22 13:19:50.669 10225 12392 E com.mbwhatsapp: == MALI DEBUG ===eglp_winsys_populate_image_templates ==12288
04-22 13:19:50.672 10225 12392 E com.mbwhatsapp: == MALI DEBUG ===eglp_winsys_populate_image_templates ==12288
04-22 13:19:50.692 10225 12392 E com.mbwhatsapp: == MALI DEBUG ===eglp_winsys_populate_image_templates ==12288
04-22 13:19:50.694 10225 12392 E com.mbwhatsapp: == MALI DEBUG ===eglp_winsys_populate_image_templates ==12288
04-22 13:19:50.723 10225 12392 E com.mbwhatsapp: == MALI DEBUG ===eglp_winsys_populate_image_templates ==12288
04-22 13:19:50.724 10225 12392 E com.mbwhatsapp: == MALI DEBUG ===eglp_winsys_populate_image_templates ==12288
04-22 13:19:50.754 10225 12392 E com.mbwhatsapp: == MALI DEBUG ===eglp_winsys_populate_image_templates ==12288
04-22 13:19:50.755 10225 12392 E com.mbwhatsapp: == MALI DEBUG ===eglp_winsys_populate_image_templates ==12288
04-22 13:19:50.786 10225 12392 E com.mbwhatsapp: == MALI DEBUG ===eglp_winsys_populate_image_templates ==12288
04-22 13:19:50.787 10225 12392 E com.mbwhatsapp: == MALI DEBUG ===eglp_winsys_populate_image_templates ==12288
04-22 13:19:50.817 10225 12392 E com.mbwhatsapp: == MALI DEBUG ===eglp_winsys_populate_image_templates ==12288
04-22 13:19:50.818 10225 12392 E com.mbwhatsapp: == MALI DEBUG ===eglp_winsys_populate_image_templates ==12288
04-22 13:19:50.853 10225 12392 E com.mbwhatsapp: == MALI DEBUG ===eglp_winsys_populate_image_templates ==12288
04-22 13:19:50.855 10225 12392 E com.mbwhatsapp: == MALI DEBUG ===eglp_winsys_populate_image_templates ==12288
04-22 13:19:50.892 10225 12392 E com.mbwhatsapp: == MALI DEBUG ===eglp_winsys_populate_image_templates ==12288
04-22 13:19:50.895 10225 12392 E com.mbwhatsapp: == MALI DEBUG ===eglp_winsys_populate_image_templates ==12288
04-22 13:19:50.923 10225 12392 E com.mbwhatsapp: == MALI DEBUG ===eglp_winsys_populate_image_templates ==12288
04-22 13:19:50.927 10225 12392 E com.mbwhatsapp: == MALI DEBUG ===eglp_winsys_populate_image_templates ==12288
04-22 13:19:50.955 10225 12392 E com.mbwhatsapp: == MALI DEBUG ===eglp_winsys_populate_image_templates ==12288
04-22 13:19:50.958 10225 12392 E com.mbwhatsapp: == MALI DEBUG ===eglp_winsys_populate_image_templates ==12288
04-22 13:19:50.988 10225 12392 E com.mbwhatsapp: == MALI DEBUG ===eglp_winsys_populate_image_templates ==12288
04-22 13:19:50.988 10225 12392 E com.mbwhatsapp: == MALI DEBUG ===eglp_winsys_populate_image_templates ==12288
04-22 13:19:51.019 10225 12392 E com.mbwhatsapp: == MALI DEBUG ===eglp_winsys_populate_image_templates ==12288
04-22 13:19:51.019 10225 12392 E com.mbwhatsapp: == MALI DEBUG ===eglp_winsys_populate_image_templates ==12288
04-22 13:19:51.050 10225 12392 E com.mbwhatsapp: == MALI DEBUG ===eglp_winsys_populate_image_templates ==12288
04-22 13:19:51.051 10225 12392 E com.mbwhatsapp: == MALI DEBUG ===eglp_winsys_populate_image_templates ==12288
04-22 13:19:51.082 10225 12392 E com.mbwhatsapp: == MALI DEBUG ===eglp_winsys_populate_image_templates ==12288
04-22 13:19:51.082 10225 12392 E com.mbwhatsapp: == MALI DEBUG ===eglp_winsys_populate_image_templates ==12288
04-22 13:19:51.114 10225 12392 E com.mbwhatsapp: == MALI DEBUG ===eglp_winsys_populate_image_templates ==12288
04-22 13:19:51.114 10225 12392 E com.mbwhatsapp: == MALI DEBUG ===eglp_winsys_populate_image_templates ==12288
04-22 13:19:51.147 10225 12392 E com.mbwhatsapp: == MALI DEBUG ===eglp_winsys_populate_image_templates ==12288
04-22 13:19:51.148 10225 12392 E com.mbwhatsapp: == MALI DEBUG ===eglp_winsys_populate_image_templates ==12288
04-22 13:19:51.185 10225 12392 E com.mbwhatsapp: == MALI DEBUG ===eglp_winsys_populate_image_templates ==12288
04-22 13:19:51.188 10225 12392 E com.mbwhatsapp: == MALI DEBUG ===eglp_winsys_populate_image_templates ==12288
04-22 13:19:51.218 10225 12392 E com.mbwhatsapp: == MALI DEBUG ===eglp_winsys_populate_image_templates ==12288
04-22 13:19:51.221 10225 12392 E com.mbwhatsapp: == MALI DEBUG ===eglp_winsys_populate_image_templates ==12288
04-22 13:19:51.251 10225 12392 E com.mbwhatsapp: == MALI DEBUG ===eglp_winsys_populate_image_templates ==12288
04-22 13:19:51.253 10225 12392 E com.mbwhatsapp: == MALI DEBUG ===eglp_winsys_populate_image_templates ==12288
04-22 13:19:51.293 10225 12392 E com.mbwhatsapp: == MALI DEBUG ===eglp_winsys_populate_image_templates ==12288
04-22 13:19:51.296 10225 12392 E com.mbwhatsapp: == MALI DEBUG ===eglp_winsys_populate_image_templates ==12288
04-22 13:19:51.329 10225 12392 E com.mbwhatsapp: == MALI DEBUG ===eglp_winsys_populate_image_templates ==12288
04-22 13:19:51.333 10225 12392 E com.mbwhatsapp: == MALI DEBUG ===eglp_winsys_populate_image_templates ==12288
04-22 13:19:51.359 10225 12392 E com.mbwhatsapp: == MALI DEBUG ===eglp_winsys_populate_image_templates ==12288
04-22 13:19:51.366 10225 12392 E com.mbwhatsapp: == MALI DEBUG ===eglp_winsys_populate_image_templates ==12288
04-22 13:19:51.391 10225 12392 E com.mbwhatsapp: == MALI DEBUG ===eglp_winsys_populate_image_templates ==12288
04-22 13:19:51.392 10225 12392 E com.mbwhatsapp: == MALI DEBUG ===eglp_winsys_populate_image_templates ==12288
04-22 13:19:51.421 10225 12392 E com.mbwhatsapp: == MALI DEBUG ===eglp_winsys_populate_image_templates ==12288
04-22 13:19:51.422 10225 12392 E com.mbwhatsapp: == MALI DEBUG ===eglp_winsys_populate_image_templates ==12288
04-22 13:19:51.452 10225 12392 E com.mbwhatsapp: == MALI DEBUG ===eglp_winsys_populate_image_templates ==12288
04-22 13:19:51.453 10225 12392 E com.mbwhatsapp: == MALI DEBUG ===eglp_winsys_populate_image_templates ==12288
04-22 13:19:51.479 10225 10225 W Optic-Task-Hand: type=1400 audit(0.0:5460): avc: denied { getattr } for name="/" dev="dmabuf" ino=1 scontext=u:r:untrusted_app_32:s0:c232,c256,c512,c768 tcontext=u:object_r:unlabeled:s0 tclass=filesystem permissive=0 app=com.mbwhatsapp
04-22 13:19:51.484 10225 12392 E com.mbwhatsapp: == MALI DEBUG ===eglp_winsys_populate_image_templates ==12288
04-22 13:19:51.479 10225 10225 W Optic-Task-Hand: type=1400 audit(0.0:5461): avc: denied { getattr } for name="/" dev="dmabuf" ino=1 scontext=u:r:untrusted_app_32:s0:c232,c256,c512,c768 tcontext=u:object_r:unlabeled:s0 tclass=filesystem permissive=0 app=com.mbwhatsapp
04-22 13:19:51.515 10225 10225 W Optic-Task-Hand: type=1400 audit(0.0:5462): avc: denied { getattr } for name="/" dev="dmabuf" ino=1 scontext=u:r:untrusted_app_32:s0:c232,c256,c512,c768 tcontext=u:object_r:unlabeled:s0 tclass=filesystem permissive=0 app=com.mbwhatsapp
04-22 13:19:51.520 10225 12392 E com.mbwhatsapp: == MALI DEBUG ===eglp_winsys_populate_image_templates ==12288
04-22 13:19:51.523 10225 10225 W Optic-Task-Hand: type=1400 audit(0.0:5463): avc: denied { getattr } for name="/" dev="dmabuf" ino=1 scontext=u:r:untrusted_app_32:s0:c232,c256,c512,c768 tcontext=u:object_r:unlabeled:s0 tclass=filesystem permissive=0 app=com.mbwhatsapp
04-22 13:19:51.526 10225 12392 E com.mbwhatsapp: == MALI DEBUG ===eglp_winsys_populate_image_templates ==12288
04-22 13:19:51.547 10225 10225 W Optic-Task-Hand: type=1400 audit(0.0:5464): avc: denied { getattr } for name="/" dev="dmabuf" ino=1 scontext=u:r:untrusted_app_32:s0:c232,c256,c512,c768 tcontext=u:object_r:unlabeled:s0 tclass=filesystem permissive=0 app=com.mbwhatsapp
04-22 13:19:51.552 10225 12392 E com.mbwhatsapp: == MALI DEBUG ===eglp_winsys_populate_image_templates ==12288
04-22 13:19:51.555 10225 12392 E com.mbwhatsapp: == MALI DEBUG ===eglp_winsys_populate_image_templates ==12288
04-22 13:19:51.588 10225 12392 E com.mbwhatsapp: == MALI DEBUG ===eglp_winsys_populate_image_templates ==12288
04-22 13:19:51.590 10225 12392 E com.mbwhatsapp: == MALI DEBUG ===eglp_winsys_populate_image_templates ==12288
04-22 13:19:51.620 10225 12392 E com.mbwhatsapp: == MALI DEBUG ===eglp_winsys_populate_image_templates ==12288
04-22 13:19:51.621 10225 12392 E com.mbwhatsapp: == MALI DEBUG ===eglp_winsys_populate_image_templates ==12288
04-22 13:19:51.651 10225 12392 E com.mbwhatsapp: == MALI DEBUG ===eglp_winsys_populate_image_templates ==12288
04-22 13:19:51.651 10225 12392 E com.mbwhatsapp: == MALI DEBUG ===eglp_winsys_populate_image_templates ==12288
04-22 13:19:51.682 10225 12392 E com.mbwhatsapp: == MALI DEBUG ===eglp_winsys_populate_image_templates ==12288
04-22 13:19:51.683 10225 12392 E com.mbwhatsapp: == MALI DEBUG ===eglp_winsys_populate_image_templates ==12288
04-22 13:19:51.714 10225 12392 E com.mbwhatsapp: == MALI DEBUG ===eglp_winsys_populate_image_templates ==12288
04-22 13:19:51.715 10225 12392 E com.mbwhatsapp: == MALI DEBUG ===eglp_winsys_populate_image_templates ==12288
04-22 13:19:51.748 10225 12392 E com.mbwhatsapp: == MALI DEBUG ===eglp_winsys_populate_image_templates ==12288
04-22 13:19:51.748 10225 12392 E com.mbwhatsapp: == MALI DEBUG ===eglp_winsys_populate_image_templates ==12288
04-22 13:19:51.783 10225 12392 E com.mbwhatsapp: == MALI DEBUG ===eglp_winsys_populate_image_templates ==12288
04-22 13:19:51.784 10225 12392 E com.mbwhatsapp: == MALI DEBUG ===eglp_winsys_populate_image_templates ==12288
04-22 13:19:51.814 10225 12392 E com.mbwhatsapp: == MALI DEBUG ===eglp_winsys_populate_image_templates ==12288
04-22 13:19:51.815 10225 12392 E com.mbwhatsapp: == MALI DEBUG ===eglp_winsys_populate_image_templates ==12288
04-22 13:19:51.847 10225 12392 E com.mbwhatsapp: == MALI DEBUG ===eglp_winsys_populate_image_templates ==12288
04-22 13:19:51.848 10225 12392 E com.mbwhatsapp: == MALI DEBUG ===eglp_winsys_populate_image_templates ==12288
04-22 13:19:51.881 10225 12392 E com.mbwhatsapp: == MALI DEBUG ===eglp_winsys_populate_image_templates ==12288
04-22 13:19:51.882 10225 12392 E com.mbwhatsapp: == MALI DEBUG ===eglp_winsys_populate_image_templates ==12288
04-22 13:19:51.914 10225 12392 E com.mbwhatsapp: == MALI DEBUG ===eglp_winsys_populate_image_templates ==12288
04-22 13:19:51.915 10225 12392 E com.mbwhatsapp: == MALI DEBUG ===eglp_winsys_populate_image_templates ==12288
04-22 13:19:51.947 10225 12392 E com.mbwhatsapp: == MALI DEBUG ===eglp_winsys_populate_image_templates ==12288
04-22 13:19:51.947 10225 12392 E com.mbwhatsapp: == MALI DEBUG ===eglp_winsys_populate_image_templates ==12288
04-22 13:19:51.980 10225 12392 E com.mbwhatsapp: == MALI DEBUG ===eglp_winsys_populate_image_templates ==12288
04-22 13:19:51.981 10225 12392 E com.mbwhatsapp: == MALI DEBUG ===eglp_winsys_populate_image_templates ==12288
04-22 13:19:52.017 10225 12392 E com.mbwhatsapp: == MALI DEBUG ===eglp_winsys_populate_image_templates ==12288
04-22 13:19:52.019 10225 12392 E com.mbwhatsapp: == MALI DEBUG ===eglp_winsys_populate_image_templates ==12288
04-22 13:19:52.055 10225 12392 E com.mbwhatsapp: == MALI DEBUG ===eglp_winsys_populate_image_templates ==12288
04-22 13:19:52.057 10225 12392 E com.mbwhatsapp: == MALI DEBUG ===eglp_winsys_populate_image_templates ==12288
04-22 13:19:52.087 10225 12392 E com.mbwhatsapp: == MALI DEBUG ===eglp_winsys_populate_image_templates ==12288
04-22 13:19:52.089 10225 12392 E com.mbwhatsapp: == MALI DEBUG ===eglp_winsys_populate_image_templates ==12288
04-22 13:19:52.123 10225 12392 E com.mbwhatsapp: == MALI DEBUG ===eglp_winsys_populate_image_templates ==12288
04-22 13:19:52.129 10225 12392 E com.mbwhatsapp: == MALI DEBUG ===eglp_winsys_populate_image_templates ==12288
04-22 13:19:52.156 10225 12392 E com.mbwhatsapp: == MALI DEBUG ===eglp_winsys_populate_image_templates ==12288
04-22 13:19:52.166 10225 12392 E com.mbwhatsapp: == MALI DEBUG ===eglp_winsys_populate_image_templates ==12288
04-22 13:19:52.188 10225 12392 E com.mbwhatsapp: == MALI DEBUG ===eglp_winsys_populate_image_templates ==12288
04-22 13:19:52.197 10225 12392 E com.mbwhatsapp: == MALI DEBUG ===eglp_winsys_populate_image_templates ==12288
04-22 13:19:52.217 10225 12392 E com.mbwhatsapp: == MALI DEBUG ===eglp_winsys_populate_image_templates ==12288
04-22 13:19:52.218 10225 12392 E com.mbwhatsapp: == MALI DEBUG ===eglp_winsys_populate_image_templates ==12288
04-22 13:19:52.248 10225 12392 E com.mbwhatsapp: == MALI DEBUG ===eglp_winsys_populate_image_templates ==12288
04-22 13:19:52.249 10225 12392 E com.mbwhatsapp: == MALI DEBUG ===eglp_winsys_populate_image_templates ==12288
04-22 13:19:52.281 10225 12392 E com.mbwhatsapp: == MALI DEBUG ===eglp_winsys_populate_image_templates ==12288
04-22 13:19:52.282 10225 12392 E com.mbwhatsapp: == MALI DEBUG ===eglp_winsys_populate_image_templates ==12288
04-22 13:19:52.314 10225 12392 E com.mbwhatsapp: == MALI DEBUG ===eglp_winsys_populate_image_templates ==12288
04-22 13:19:52.315 10225 12392 E com.mbwhatsapp: == MALI DEBUG ===eglp_winsys_populate_image_templates ==12288
04-22 13:19:52.347 10225 12392 E com.mbwhatsapp: == MALI DEBUG ===eglp_winsys_populate_image_templates ==12288
04-22 13:19:52.348 10225 12392 E com.mbwhatsapp: == MALI DEBUG ===eglp_winsys_populate_image_templates ==12288
04-22 13:19:52.380 10225 12392 E com.mbwhatsapp: == MALI DEBUG ===eglp_winsys_populate_image_templates ==12288
04-22 13:19:52.381 10225 12392 E com.mbwhatsapp: == MALI DEBUG ===eglp_winsys_populate_image_templates ==12288
04-22 13:19:52.417 10225 12392 E com.mbwhatsapp: == MALI DEBUG ===eglp_winsys_populate_image_templates ==12288
04-22 13:19:52.420 10225 12392 E com.mbwhatsapp: == MALI DEBUG ===eglp_winsys_populate_image_templates ==12288
04-22 13:19:52.451 10225 12392 E com.mbwhatsapp: == MALI DEBUG ===eglp_winsys_populate_image_templates ==12288
04-22 13:19:52.455 10225 12392 E com.mbwhatsapp: == MALI DEBUG ===eglp_winsys_populate_image_templates ==12288
04-22 13:19:52.480 10225 12392 E com.mbwhatsapp: == MALI DEBUG ===eglp_winsys_populate_image_templates ==12288
04-22 13:19:52.481 10225 12392 E com.mbwhatsapp: == MALI DEBUG ===eglp_winsys_populate_image_templates ==12288
04-22 13:19:52.511 10225 10225 W Optic-Task-Hand: type=1400 audit(0.0:5522): avc: denied { getattr } for name="/" dev="dmabuf" ino=1 scontext=u:r:untrusted_app_32:s0:c232,c256,c512,c768 tcontext=u:object_r:unlabeled:s0 tclass=filesystem permissive=0 app=com.mbwhatsapp
04-22 13:19:52.514 10225 12392 E com.mbwhatsapp: == MALI DEBUG ===eglp_winsys_populate_image_templates ==12288
04-22 13:19:52.514 10225 12392 E com.mbwhatsapp: == MALI DEBUG ===eglp_winsys_populate_image_templates ==12288
04-22 13:19:52.511 10225 10225 W Optic-Task-Hand: type=1400 audit(0.0:5523): avc: denied { getattr } for name="/" dev="dmabuf" ino=1 scontext=u:r:untrusted_app_32:s0:c232,c256,c512,c768 tcontext=u:object_r:unlabeled:s0 tclass=filesystem permissive=0 app=com.mbwhatsapp
04-22 13:19:52.543 10225 10225 W Optic-Task-Hand: type=1400 audit(0.0:5524): avc: denied { getattr } for name="/" dev="dmabuf" ino=1 scontext=u:r:untrusted_app_32:s0:c232,c256,c512,c768 tcontext=u:object_r:unlabeled:s0 tclass=filesystem permissive=0 app=com.mbwhatsapp
04-22 13:19:52.547 10225 12392 E com.mbwhatsapp: == MALI DEBUG ===eglp_winsys_populate_image_templates ==12288
04-22 13:19:52.543 10225 10225 W Optic-Task-Hand: type=1400 audit(0.0:5525): avc: denied { getattr } for name="/" dev="dmabuf" ino=1 scontext=u:r:untrusted_app_32:s0:c232,c256,c512,c768 tcontext=u:object_r:unlabeled:s0 tclass=filesystem permissive=0 app=com.mbwhatsapp
04-22 13:19:52.575 10225 10225 W Optic-Task-Hand: type=1400 audit(0.0:5526): avc: denied { getattr } for name="/" dev="dmabuf" ino=1 scontext=u:r:untrusted_app_32:s0:c232,c256,c512,c768 tcontext=u:object_r:unlabeled:s0 tclass=filesystem permissive=0 app=com.mbwhatsapp
04-22 13:19:52.613 10225 12392 E com.mbwhatsapp: == MALI DEBUG ===eglp_winsys_populate_image_templates ==12288
04-22 13:19:52.613 10225 12392 E com.mbwhatsapp: == MALI DEBUG ===eglp_winsys_populate_image_templates ==12288
04-22 13:19:52.649 10225 12392 E com.mbwhatsapp: == MALI DEBUG ===eglp_winsys_populate_image_templates ==12288
04-22 13:19:52.650 10225 12392 E com.mbwhatsapp: == MALI DEBUG ===eglp_winsys_populate_image_templates ==12288
04-22 13:19:52.683 10225 12392 E com.mbwhatsapp: == MALI DEBUG ===eglp_winsys_populate_image_templates ==12288
04-22 13:19:52.686 10225 12392 E com.mbwhatsapp: == MALI DEBUG ===eglp_winsys_populate_image_templates ==12288
04-22 13:19:52.715 10225 12392 E com.mbwhatsapp: == MALI DEBUG ===eglp_winsys_populate_image_templates ==12288
04-22 13:19:52.718 10225 12392 E com.mbwhatsapp: == MALI DEBUG ===eglp_winsys_populate_image_templates ==12288
04-22 13:19:52.746 10225 12392 E com.mbwhatsapp: == MALI DEBUG ===eglp_winsys_populate_image_templates ==12288
04-22 13:19:52.747 10225 12392 E com.mbwhatsapp: == MALI DEBUG ===eglp_winsys_populate_image_templates ==12288
04-22 13:19:52.780 10225 12392 E com.mbwhatsapp: == MALI DEBUG ===eglp_winsys_populate_image_templates ==12288
04-22 13:19:52.780 10225 12392 E com.mbwhatsapp: == MALI DEBUG ===eglp_winsys_populate_image_templates ==12288
04-22 13:19:52.813 10225 12392 E com.mbwhatsapp: == MALI DEBUG ===eglp_winsys_populate_image_templates ==12288
04-22 13:19:52.813 10225 12392 E com.mbwhatsapp: == MALI DEBUG ===eglp_winsys_populate_image_templates ==12288
04-22 13:19:52.846 10225 12392 E com.mbwhatsapp: == MALI DEBUG ===eglp_winsys_populate_image_templates ==12288
04-22 13:19:52.846 10225 12392 E com.mbwhatsapp: == MALI DEBUG ===eglp_winsys_populate_image_templates ==12288
04-22 13:19:52.879 10225 12392 E com.mbwhatsapp: == MALI DEBUG ===eglp_winsys_populate_image_templates ==12288
04-22 13:19:52.880 10225 12392 E com.mbwhatsapp: == MALI DEBUG ===eglp_winsys_populate_image_templates ==12288
04-22 13:19:52.913 10225 12392 E com.mbwhatsapp: == MALI DEBUG ===eglp_winsys_populate_image_templates ==12288
04-22 13:19:52.913 10225 12392 E com.mbwhatsapp: == MALI DEBUG ===eglp_winsys_populate_image_templates ==12288
04-22 13:19:52.945 10225 12392 E com.mbwhatsapp: == MALI DEBUG ===eglp_winsys_populate_image_templates ==12288
04-22 13:19:52.946 10225 12392 E com.mbwhatsapp: == MALI DEBUG ===eglp_winsys_populate_image_templates ==12288
04-22 13:19:52.978 10225 12392 E com.mbwhatsapp: == MALI DEBUG ===eglp_winsys_populate_image_templates ==12288
04-22 13:19:52.979 10225 12392 E com.mbwhatsapp: == MALI DEBUG ===eglp_winsys_populate_image_templates ==12288
04-22 13:19:53.012 10225 12392 E com.mbwhatsapp: == MALI DEBUG ===eglp_winsys_populate_image_templates ==12288
04-22 13:19:53.012 10225 12392 E com.mbwhatsapp: == MALI DEBUG ===eglp_winsys_populate_image_templates ==12288
04-22 13:19:53.054 10225 12392 E com.mbwhatsapp: == MALI DEBUG ===eglp_winsys_populate_image_templates ==12288
04-22 13:19:53.055 10225 12392 E com.mbwhatsapp: == MALI DEBUG ===eglp_winsys_populate_image_templates ==12288
04-22 13:19:53.085 10225 12392 E com.mbwhatsapp: == MALI DEBUG ===eglp_winsys_populate_image_templates ==12288
04-22 13:19:53.086 10225 12392 E com.mbwhatsapp: == MALI DEBUG ===eglp_winsys_populate_image_templates ==12288
04-22 13:19:53.118 10225 12392 E com.mbwhatsapp: == MALI DEBUG ===eglp_winsys_populate_image_templates ==12288
04-22 13:19:53.119 10225 12392 E com.mbwhatsapp: == MALI DEBUG ===eglp_winsys_populate_image_templates ==12288
04-22 13:19:53.149 10225 12392 E com.mbwhatsapp: == MALI DEBUG ===eglp_winsys_populate_image_templates ==12288
04-22 13:19:53.150 10225 12392 E com.mbwhatsapp: == MALI DEBUG ===eglp_winsys_populate_image_templates ==12288
04-22 13:19:53.180 10225 12392 E com.mbwhatsapp: == MALI DEBUG ===eglp_winsys_populate_image_templates ==12288
04-22 13:19:53.181 10225 12392 E com.mbwhatsapp: == MALI DEBUG ===eglp_winsys_populate_image_templates ==12288
04-22 13:19:53.217 10225 12392 E com.mbwhatsapp: == MALI DEBUG ===eglp_winsys_populate_image_templates ==12288
04-22 13:19:53.219 10225 12392 E com.mbwhatsapp: == MALI DEBUG ===eglp_winsys_populate_image_templates ==12288
04-22 13:19:53.261 10225 12392 E com.mbwhatsapp: == MALI DEBUG ===eglp_winsys_populate_image_templates ==12288
04-22 13:19:53.266 10225 12392 E com.mbwhatsapp: == MALI DEBUG ===eglp_winsys_populate_image_templates ==12288
04-22 13:19:53.292 10225 12392 E com.mbwhatsapp: == MALI DEBUG ===eglp_winsys_populate_image_templates ==12288
04-22 13:19:53.296 10225 12392 E com.mbwhatsapp: == MALI DEBUG ===eglp_winsys_populate_image_templates ==12288
04-22 13:19:53.320 10225 12392 E com.mbwhatsapp: == MALI DEBUG ===eglp_winsys_populate_image_templates ==12288
04-22 13:19:53.324 10225 12392 E com.mbwhatsapp: == MALI DEBUG ===eglp_winsys_populate_image_templates ==12288
04-22 13:19:53.351 10225 12392 E com.mbwhatsapp: == MALI DEBUG ===eglp_winsys_populate_image_templates ==12288
04-22 13:19:53.352 10225 12392 E com.mbwhatsapp: == MALI DEBUG ===eglp_winsys_populate_image_templates ==12288
04-22 13:19:53.382 10225 12392 E com.mbwhatsapp: == MALI DEBUG ===eglp_winsys_populate_image_templates ==12288
04-22 13:19:53.383 10225 12392 E com.mbwhatsapp: == MALI DEBUG ===eglp_winsys_populate_image_templates ==12288
04-22 13:19:53.414 10225 12392 E com.mbwhatsapp: == MALI DEBUG ===eglp_winsys_populate_image_templates ==12288
04-22 13:19:53.415 10225 12392 E com.mbwhatsapp: == MALI DEBUG ===eglp_winsys_populate_image_templates ==12288
04-22 13:19:53.446 10225 12392 E com.mbwhatsapp: == MALI DEBUG ===eglp_winsys_populate_image_templates ==12288
04-22 13:19:53.446 10225 12392 E com.mbwhatsapp: == MALI DEBUG ===eglp_winsys_populate_image_templates ==12288
04-22 13:19:53.479 10225 12392 E com.mbwhatsapp: == MALI DEBUG ===eglp_winsys_populate_image_templates ==12288
04-22 13:19:53.480 10225 12392 E com.mbwhatsapp: == MALI DEBUG ===eglp_winsys_populate_image_templates ==12288
04-22 13:19:53.512 10225 12392 E com.mbwhatsapp: == MALI DEBUG ===eglp_winsys_populate_image_templates ==12288
04-22 13:19:53.512 10225 12392 E com.mbwhatsapp: == MALI DEBUG ===eglp_winsys_populate_image_templates ==12288
04-22 13:19:53.543 10225 10225 W Optic-Task-Hand: type=1400 audit(0.0:5584): avc: denied { getattr } for name="/" dev="dmabuf" ino=1 scontext=u:r:untrusted_app_32:s0:c232,c256,c512,c768 tcontext=u:object_r:unlabeled:s0 tclass=filesystem permissive=0 app=com.mbwhatsapp
04-22 13:19:53.545 10225 12392 E com.mbwhatsapp: == MALI DEBUG ===eglp_winsys_populate_image_templates ==12288
04-22 13:19:53.543 10225 10225 W Optic-Task-Hand: type=1400 audit(0.0:5585): avc: denied { getattr } for name="/" dev="dmabuf" ino=1 scontext=u:r:untrusted_app_32:s0:c232,c256,c512,c768 tcontext=u:object_r:unlabeled:s0 tclass=filesystem permissive=0 app=com.mbwhatsapp
04-22 13:19:53.575 10225 10225 W Optic-Task-Hand: type=1400 audit(0.0:5586): avc: denied { getattr } for name="/" dev="dmabuf" ino=1 scontext=u:r:untrusted_app_32:s0:c232,c256,c512,c768 tcontext=u:object_r:unlabeled:s0 tclass=filesystem permissive=0 app=com.mbwhatsapp
04-22 13:19:53.579 10225 12392 E com.mbwhatsapp: == MALI DEBUG ===eglp_winsys_populate_image_templates ==12288
04-22 13:19:53.575 10225 10225 W Optic-Task-Hand: type=1400 audit(0.0:5587): avc: denied { getattr } for name="/" dev="dmabuf" ino=1 scontext=u:r:untrusted_app_32:s0:c232,c256,c512,c768 tcontext=u:object_r:unlabeled:s0 tclass=filesystem permissive=0 app=com.mbwhatsapp
04-22 13:19:53.580 10225 12392 E com.mbwhatsapp: == MALI DEBUG ===eglp_winsys_populate_image_templates ==12288
04-22 13:19:53.611 10225 10225 W Optic-Task-Hand: type=1400 audit(0.0:5588): avc: denied { getattr } for name="/" dev="dmabuf" ino=1 scontext=u:r:untrusted_app_32:s0:c232,c256,c512,c768 tcontext=u:object_r:unlabeled:s0 tclass=filesystem permissive=0 app=com.mbwhatsapp
04-22 13:19:53.612 10225 12392 E com.mbwhatsapp: == MALI DEBUG ===eglp_winsys_populate_image_templates ==12288
04-22 13:19:53.614 10225 12392 E com.mbwhatsapp: == MALI DEBUG ===eglp_winsys_populate_image_templates ==12288
04-22 13:19:53.645 10225 12392 E com.mbwhatsapp: == MALI DEBUG ===eglp_winsys_populate_image_templates ==12288
04-22 13:19:53.646 10225 12392 E com.mbwhatsapp: == MALI DEBUG ===eglp_winsys_populate_image_templates ==12288
04-22 13:19:53.679 10225 12392 E com.mbwhatsapp: == MALI DEBUG ===eglp_winsys_populate_image_templates ==12288
04-22 13:19:53.680 10225 12392 E com.mbwhatsapp: == MALI DEBUG ===eglp_winsys_populate_image_templates ==12288
04-22 13:19:53.711 10225 12392 E com.mbwhatsapp: == MALI DEBUG ===eglp_winsys_populate_image_templates ==12288
04-22 13:19:53.712 10225 12392 E com.mbwhatsapp: == MALI DEBUG ===eglp_winsys_populate_image_templates ==12288
04-22 13:19:53.749 10225 12392 E com.mbwhatsapp: == MALI DEBUG ===eglp_winsys_populate_image_templates ==12288
04-22 13:19:53.752 10225 12392 E com.mbwhatsapp: == MALI DEBUG ===eglp_winsys_populate_image_templates ==12288
04-22 13:19:53.782 10225 12392 E com.mbwhatsapp: == MALI DEBUG ===eglp_winsys_populate_image_templates ==12288
04-22 13:19:53.783 10225 12392 E com.mbwhatsapp: == MALI DEBUG ===eglp_winsys_populate_image_templates ==12288
04-22 13:19:53.814 10225 12392 E com.mbwhatsapp: == MALI DEBUG ===eglp_winsys_populate_image_templates ==12288
04-22 13:19:53.814 10225 12392 E com.mbwhatsapp: == MALI DEBUG ===eglp_winsys_populate_image_templates ==12288
04-22 13:19:53.846 10225 12392 E com.mbwhatsapp: == MALI DEBUG ===eglp_winsys_populate_image_templates ==12288
04-22 13:19:53.846 10225 12392 E com.mbwhatsapp: == MALI DEBUG ===eglp_winsys_populate_image_templates ==12288
04-22 13:19:53.879 10225 12392 E com.mbwhatsapp: == MALI DEBUG ===eglp_winsys_populate_image_templates ==12288
04-22 13:19:53.880 10225 12392 E com.mbwhatsapp: == MALI DEBUG ===eglp_winsys_populate_image_templates ==12288
04-22 13:19:53.902 10225 10250 W CameraDevice-JV-0: Device error received, code 3, frame number 189, request ID 1, subseq ID 0
04-22 13:19:53.982 10225 10293 W CameraManagerGlobal: ignore the torch status update of camera: 2
04-22 13:19:53.982 10225 10293 W CameraManagerGlobal: ignore the torch status update of camera: 3
04-22 13:19:53.982 10225 10293 W CameraManagerGlobal: ignore the torch status update of camera: 4
04-22 13:19:53.990 10225 10293 E CameraManagerGlobal: Camera 4 is not present. Ignore physical camera status change
04-22 13:19:53.994 10225 10250 W CameraDevice-JV-0: Device error received, code 3, frame number 190, request ID 1, subseq ID 0
04-22 13:19:53.994 10225 10250 W CameraDevice-JV-0: Device error received, code 3, frame number 191, request ID 1, subseq ID 0
04-22 13:19:53.994 10225 10250 W CameraDevice-JV-0: Device error received, code 3, frame number 192, request ID 1, subseq ID 0
04-22 13:19:53.994 10225 10250 W CameraDevice-JV-0: Device error received, code 3, frame number 193, request ID 1, subseq ID 0
04-22 13:19:53.994 10225 10250 W CameraDevice-JV-0: Device error received, code 4, frame number 188, request ID 1, subseq ID 0
04-22 13:19:54.022 10225 12147 W libc : Access denied finding property "ro.vendor.display.iris_x7.support"
04-22 13:19:54.059 10225 12147 E OpenGLRenderer: Unable to match the desired swap behavior.
04-22 13:19:54.065 10225 10225 E RecyclerView: No adapter attached; skipping layout
04-22 13:19:54.323 10225 10225 W BottomSheetBehavior: BottomSheetBehavior now supports multiple callbacks. `setBottomSheetCallback()` removes all existing callbacks, including ones set internally by library authors, which may result in unintended behavior. This may change in the future. Please use `addBottomSheetCallback()` and `removeBottomSheetCallback()` instead to set your own callbacks.
04-22 13:19:54.346 10225 10225 E RecyclerView: No adapter attached; skipping layout
04-22 13:19:54.346 10225 10225 E RecyclerView: No adapter attached; skipping layout
04-22 13:19:54.367 10225 10225 E RecyclerView: No adapter attached; skipping layout
04-22 13:19:54.935 10225 10225 W com.mbwhatsapp: type=1400 audit(0.0:5606): avc: denied { read } for name="u:object_r:vendor_ro_audio_prop:s0" dev="tmpfs" ino=707 scontext=u:r:untrusted_app_32:s0:c232,c256,c512,c768 tcontext=u:object_r:vendor_ro_audio_prop:s0 tclass=file permissive=0 app=com.mbwhatsapp
04-22 13:19:56.255 10225 12147 W RenderInspector: DequeueBuffer time out on com.mbwhatsapp/com.mbwhatsapp.mediacomposer.MediaComposerActivity, count=1, avg=16 ms, max=16 ms.
04-22 13:19:58.700 10225 12147 E OpenGLRenderer: Unable to match the desired swap behavior.
04-22 13:19:58.800 10225 10225 E ArmVmp : Match on catch block at 0x0a in for 0x71cfbb8035
04-22 13:19:58.803 10225 10225 E ArmVmp : Match on catch block at 0x0a in for 0x71cfbb8035
04-22 13:19:58.809 10225 12627 E ArmVmp : Match on catch block at 0x48 in for 0x71cc8bd421
04-22 13:19:58.810 10225 12627 W System.err: java.net.UnknownHostException: Unable to resolve host "translate.googleapis.com": No address associated with hostname
04-22 13:19:58.810 10225 12627 W System.err: at java.net.Inet6AddressImpl.lookupHostByName(Inet6AddressImpl.java:156)
04-22 13:19:58.810 10225 12627 W System.err: at java.net.Inet6AddressImpl.lookupAllHostAddr(Inet6AddressImpl.java:103)
04-22 13:19:58.810 10225 12627 W System.err: at java.net.InetAddress.getAllByName(InetAddress.java:1152)
04-22 13:19:58.810 10225 12627 W System.err: at com.android.okhttp.Dns$1.lookup(Dns.java:41)
04-22 13:19:58.810 10225 12627 W System.err: at com.android.okhttp.internal.http.RouteSelector.resetNextInetSocketAddress(RouteSele ctor.java:178)
04-22 13:19:58.811 10225 12627 W System.err: at com.android.okhttp.internal.http.RouteSelector.nextProxy(RouteSelector.java:144)
04-22 13:19:58.811 10225 12627 W System.err: at com.android.okhttp.internal.http.RouteSelector.next(RouteSelector.java:86)
04-22 13:19:58.811 10225 12627 W System.err: at com.android.okhttp.internal.http.StreamAllocation.findConnection(StreamAllocation.j ava:176)
04-22 13:19:58.811 10225 12627 W System.err: at com.android.okhttp.internal.http.StreamAllocation.findHealthyConnection(StreamAlloc ation.java:128)
04-22 13:19:58.812 10225 12627 W System.err: at com.android.okhttp.internal.http.StreamAllocation.newStream(StreamAllocation.java:9 7)
04-22 13:19:58.812 10225 12627 W System.err: at com.android.okhttp.internal.http.HttpEngine.connect(HttpEngine.java:289)
04-22 13:19:58.812 10225 12627 W System.err: at com.android.okhttp.internal.http.HttpEngine.sendRequest(HttpEngine.java:232)
04-22 13:19:58.812 10225 12627 W System.err: at com.android.okhttp.internal.huc.HttpURLConnectionImpl.execute(HttpURLConnectionImpl .java:465)
04-22 13:19:58.812 10225 12627 W System.err: at com.android.okhttp.internal.huc.HttpURLConnectionImpl.connect(HttpURLConnectionImpl .java:131)
04-22 13:19:58.813 10225 12627 W System.err: at com.android.okhttp.internal.huc.DelegatingHttpsURLConnection.connect(DelegatingHttp sURLConnection.java:90)
04-22 13:19:58.813 10225 12627 W System.err: at com.android.okhttp.internal.huc.HttpsURLConnectionImpl.connect(HttpsURLConnectionIm pl.java:30)
04-22 13:19:58.813 10225 12627 W System.err: at mbmodsd.mbmodsw.home.MBTranslator.translate(Native Method)
04-22 13:19:58.813 10225 12627 W System.err: at mbmodsd.mbmodsw.home.MBTranslator$Async.doInBackground(Native Method)
04-22 13:19:58.813 10225 12627 W System.err: at mbmodsd.mbmodsw.home.MBTranslator$Async.doInBackground(Native Method)
04-22 13:19:58.813 10225 12627 W System.err: at android.os.AsyncTask$3.call(AsyncTask.java:394)
04-22 13:19:58.813 10225 12627 W System.err: at java.util.concurrent.FutureTask.run(FutureTask.java:264)
04-22 13:19:58.813 10225 12627 W System.err: at android.os.AsyncTask$SerialExecutor$1.run(AsyncTask.java:305)
04-22 13:19:58.813 10225 12627 W System.err: at java.util.concurrent.ThreadPoolExecutor.runWorker(ThreadPoolExecutor.java:1145)
04-22 13:19:58.813 10225 12627 W System.err: at java.util.concurrent.ThreadPoolExecutor$Worker.run(ThreadPoolExecutor.java:644)
04-22 13:19:58.813 10225 12627 W System.err: at java.lang.Thread.run(Thread.java:1012)
04-22 13:19:58.815 10225 12627 W System.err: Caused by: android.system.GaiException: android_getaddrinfo failed: EAI_NODATA (No address associated with hostname)
04-22 13:19:58.816 10225 12627 W System.err: at libcore.io.Linux.android_getaddrinfo(Native Method)
04-22 13:19:58.816 10225 12627 W System.err: at libcore.io.ForwardingOs.android_getaddrinfo(ForwardingOs.java:133)
04-22 13:19:58.818 10225 12627 W System.err: at libcore.io.BlockGuardOs.android_getaddrinfo(BlockGuardOs.java:222)
04-22 13:19:58.818 10225 12627 W System.err: at libcore.io.ForwardingOs.android_getaddrinfo(ForwardingOs.java:133)
04-22 13:19:58.818 10225 12627 W System.err: at java.net.Inet6AddressImpl.lookupHostByName(Inet6AddressImpl.java:135)
04-22 13:19:58.819 10225 12627 W System.err: ... 24 more
04-22 13:19:58.821 10225 12627 E ArmVmp : Match on catch block at 0x48 in for 0x71cc8bd425
04-22 13:19:58.821 10225 12627 W System.err: java.net.UnknownHostException: Unable to resolve host "translate.googleapis.com": No address associated with hostname
04-22 13:19:58.821 10225 12627 W System.err: at java.net.Inet6AddressImpl.lookupHostByName(Inet6AddressImpl.java:124)
04-22 13:19:58.821 10225 12627 W System.err: at java.net.Inet6AddressImpl.lookupAllHostAddr(Inet6AddressImpl.java:103)
04-22 13:19:58.821 10225 12627 W System.err: at java.net.InetAddress.getAllByName(InetAddress.java:1152)
04-22 13:19:58.821 10225 12627 W System.err: at com.android.okhttp.Dns$1.lookup(Dns.java:41)
04-22 13:19:58.821 10225 12627 W System.err: at com.android.okhttp.internal.http.RouteSelector.resetNextInetSocketAddress(RouteSele ctor.java:178)
04-22 13:19:58.821 10225 12627 W System.err: at com.android.okhttp.internal.http.RouteSelector.nextProxy(RouteSelector.java:144)
04-22 13:19:58.821 10225 12627 W System.err: at com.android.okhttp.internal.http.RouteSelector.next(RouteSelector.java:86)
04-22 13:19:58.821 10225 12627 W System.err: at com.android.okhttp.internal.http.StreamAllocation.findConnection(StreamAllocation.j ava:176)
04-22 13:19:58.821 10225 12627 W System.err: at com.android.okhttp.internal.http.StreamAllocation.findHealthyConnection(StreamAlloc ation.java:128)
04-22 13:19:58.822 10225 12627 W System.err: at com.android.okhttp.internal.http.StreamAllocation.newStream(StreamAllocation.java:9 7)
04-22 13:19:58.822 10225 12627 W System.err: at com.android.okhttp.internal.http.HttpEngine.connect(HttpEngine.java:289)
04-22 13:19:58.822 10225 12627 W System.err: at com.android.okhttp.internal.http.HttpEngine.sendRequest(HttpEngine.java:232)
04-22 13:19:58.822 10225 12627 W System.err: at com.android.okhttp.internal.huc.HttpURLConnectionImpl.execute(HttpURLConnectionImpl .java:465)
04-22 13:19:58.822 10225 12627 W System.err: at com.android.okhttp.internal.huc.HttpURLConnectionImpl.connect(HttpURLConnectionImpl .java:131)
04-22 13:19:58.822 10225 12627 W System.err: at com.android.okhttp.internal.huc.DelegatingHttpsURLConnection.connect(DelegatingHttp sURLConnection.java:90)
04-22 13:19:58.822 10225 12627 W System.err: at com.android.okhttp.internal.huc.HttpsURLConnectionImpl.connect(HttpsURLConnectionIm pl.java:30)
04-22 13:19:58.823 10225 12627 W System.err: at mbmodsd.mbmodsw.home.MBTranslator.translate(Native Method)
04-22 13:19:58.823 10225 12627 W System.err: at mbmodsd.mbmodsw.home.MBTranslator$Async.doInBackground(Native Method)
04-22 13:19:58.823 10225 12627 W System.err: at mbmodsd.mbmodsw.home.MBTranslator$Async.doInBackground(Native Method)
04-22 13:19:58.823 10225 12627 W System.err: at android.os.AsyncTask$3.call(AsyncTask.java:394)
04-22 13:19:58.823 10225 12627 W System.err: at java.util.concurrent.FutureTask.run(FutureTask.java:264)
04-22 13:19:58.823 10225 12627 W System.err: at android.os.AsyncTask$SerialExecutor$1.run(AsyncTask.java:305)
04-22 13:19:58.823 10225 12627 W System.err: at java.util.concurrent.ThreadPoolExecutor.runWorker(ThreadPoolExecutor.java:1145)
04-22 13:19:58.823 10225 12627 W System.err: at java.util.concurrent.ThreadPoolExecutor$Worker.run(ThreadPoolExecutor.java:644)
04-22 13:19:58.823 10225 12627 W System.err: at java.lang.Thread.run(Thread.java:1012)
04-22 13:19:58.921 10225 12147 E OpenGLRenderer: Unable to match the desired swap behavior.
04-22 13:19:59.163 10225 12398 W BpBinder: Slow Binder: BpBinder transact took 287 ms, interface=android.media.IMediaMetadataRetriever, code=5 oneway=false
04-22 13:19:59.306 10225 10225 E ArmVmp : Match on catch block at 0xc3 in for 0x71cfbb8025
04-22 13:19:59.308 10225 10225 E ArmVmp : Match on catch block at 0xc3 in for 0x71cfbb8025
04-22 13:19:59.327 10225 10225 W Looper : PerfMonitor doFrame : time=466ms vsyncFrame=0 latency=100ms procState=-1 historyMsgCount=9 (msgIndex=8 wall=99ms seq=3331 late=14ms h=android.app.ActivityThread$H w=159)
04-22 13:19:59.375 10225 10225 E ArmVmp : Match on catch block at 0xc3 in for 0x71cfbb8025
04-22 13:19:59.388 10225 10225 E ArmVmp : Match on catch block at 0xc3 in for 0x71cfbb8025
04-22 13:19:59.398 10225 12416 W BpBinder: Slow Binder: BpBinder transact took 462 ms, interface=android.media.IMediaMetadataRetriever, code=5 oneway=false
04-22 13:19:59.417 10225 10225 W Looper : PerfMonitor doFrame : time=87ms vsyncFrame=0 latency=457ms procState=-1 historyMsgCount=25 (msgIndex=1 wall=466ms seq=3333 late=100ms h=android.view.Choreographer$FrameHandler c=android.view.Choreographer$FrameDisplayEventReceiver)
04-22 13:19:59.432 10225 10225 E ArmVmp : Match on catch block at 0xc3 in for 0x71cfbb8025
04-22 13:19:59.438 10225 10225 E ArmVmp : Match on catch block at 0xc3 in for 0x71cfbb8025
04-22 13:19:59.484 10225 10225 E ArmVmp : Match on catch block at 0xc3 in for 0x71cfbb8025
04-22 13:19:59.489 10225 10225 E ArmVmp : Match on catch block at 0xc3 in for 0x71cfbb8025
04-22 13:19:59.512 10225 10225 E ArmVmp : Match on catch block at 0xc3 in for 0x71cfbb8025
04-22 13:19:59.515 10225 10225 E ArmVmp : Match on catch block at 0xc3 in for 0x71cfbb8025
04-22 13:19:59.532 10225 13036 W com.mbwhatsapp: Accessing hidden method Landroid/app/MiuiNotification;-><init>()V (blocked, reflection, denied)
04-22 13:19:59.542 10225 10225 E ArmVmp : Match on catch block at 0xc3 in for 0x71cfbb8025
04-22 13:19:59.545 10225 10225 E ArmVmp : Match on catch block at 0xc3 in for 0x71cfbb8025
04-22 13:19:59.567 10225 10225 E ArmVmp : Match on catch block at 0xc3 in for 0x71cfbb8025
04-22 13:19:59.571 10225 10225 E ArmVmp : Match on catch block at 0xc3 in for 0x71cfbb8025
04-22 13:19:59.592 10225 10225 E ArmVmp : Match on catch block at 0xc3 in for 0x71cfbb8025
04-22 13:19:59.599 10225 10225 E ArmVmp : Match on catch block at 0xc3 in for 0x71cfbb8025
04-22 13:19:59.620 10225 10225 E ArmVmp : Match on catch block at 0xc3 in for 0x71cfbb8025
04-22 13:19:59.624 10225 10225 E ArmVmp : Match on catch block at 0xc3 in for 0x71cfbb8025
04-22 13:19:59.642 10225 10225 E ArmVmp : Match on catch block at 0xc3 in for 0x71cfbb8025
04-22 13:19:59.650 10225 10225 E ArmVmp : Match on catch block at 0xc3 in for 0x71cfbb8025
04-22 13:19:59.679 10225 10225 E ArmVmp : Match on catch block at 0xc3 in for 0x71cfbb8025
04-22 13:19:59.685 10225 10225 E ArmVmp : Match on catch block at 0xc3 in for 0x71cfbb8025
04-22 13:19:59.703 10225 10225 E ArmVmp : Match on catch block at 0xc3 in for 0x71cfbb8025
04-22 13:19:59.705 10225 10225 E ArmVmp : Match on catch block at 0xc3 in for 0x71cfbb8025
04-22 13:19:59.710 10225 12416 W BpBinder: Slow Binder: BpBinder transact took 208 ms, interface=android.media.IMediaMetadataRetriever, code=5 oneway=false
04-22 13:19:59.716 10225 10225 E ArmVmp : Match on catch block at 0xc3 in for 0x71cfbb8025
04-22 13:19:59.722 10225 10225 E ArmVmp : Match on catch block at 0xc3 in for 0x71cfbb8025
04-22 13:19:59.738 10225 10225 E ArmVmp : Match on catch block at 0xc3 in for 0x71cfbb8025
04-22 13:19:59.744 10225 10225 E ArmVmp : Match on catch block at 0xc3 in for 0x71cfbb8025
04-22 13:19:59.761 10225 10225 E ArmVmp : Match on catch block at 0xc3 in for 0x71cfbb8025
04-22 13:19:59.765 10225 10225 E ArmVmp : Match on catch block at 0xc3 in for 0x71cfbb8025
04-22 13:19:59.780 10225 13036 W com.mbwhatsapp: Accessing hidden method Landroid/app/MiuiNotification;-><init>()V (blocked, reflection, denied)
04-22 13:19:59.785 10225 10225 W BottomSheetBehavior: BottomSheetBehavior now supports multiple callbacks. `setBottomSheetCallback()` removes all existing callbacks, including ones set internally by library authors, which may result in unintended behavior. This may change in the future. Please use `addBottomSheetCallback()` and `removeBottomSheetCallback()` instead to set your own callbacks.
04-22 13:19:59.791 10225 10225 W WindowOnBackDispatcher: sendCancelIfRunning: isInProgress=falsecallback=android.view.ViewRootImpl$ $ExternalSyntheticLambda22@64b03a0
04-22 13:19:59.837 10225 10225 W WindowOnBackDispatcher: sendCancelIfRunning: isInProgress=falsecallback=android.view.ViewRootImpl$ $ExternalSyntheticLambda22@c3cec5e
04-22 13:19:59.856 10225 10225 E ArmVmp : Match on catch block at 0xc3 in for 0x71cfbb8025
04-22 13:19:59.861 10225 10225 E ArmVmp : Match on catch block at 0xc3 in for 0x71cfbb8025
04-22 13:19:59.878 10225 10225 E ArmVmp : Match on catch block at 0xc3 in for 0x71cfbb8025
04-22 13:19:59.881 10225 10225 E ArmVmp : Match on catch block at 0xc3 in for 0x71cfbb8025
04-22 13:19:59.888 10225 10225 E ArmVmp : Match on catch block at 0xc3 in for 0x71cfbb8025
04-22 13:19:59.891 10225 10225 E ArmVmp : Match on catch block at 0xc3 in for 0x71cfbb8025
04-22 13:19:59.909 10225 10225 E ArmVmp : Match on catch block at 0xc3 in for 0x71cfbb8025
04-22 13:19:59.912 10225 10225 E ArmVmp : Match on catch block at 0xc3 in for 0x71cfbb8025
04-22 13:19:59.927 10225 10225 E ArmVmp : Match on catch block at 0xc3 in for 0x71cfbb8025
04-22 13:19:59.930 10225 10225 E ArmVmp : Match on catch block at 0xc3 in for 0x71cfbb8025
04-22 13:19:59.939 10225 10225 E ArmVmp : Match on catch block at 0xc3 in for 0x71cfbb8025
04-22 13:19:59.942 10225 10225 E ArmVmp : Match on catch block at 0xc3 in for 0x71cfbb8025
04-22 13:19:59.950 10225 10225 E ArmVmp : Match on catch block at 0xc3 in for 0x71cfbb8025
04-22 13:19:59.953 10225 10225 E ArmVmp : Match on catch block at 0xc3 in for 0x71cfbb8025
04-22 13:19:59.963 10225 10225 E ArmVmp : Match on catch block at 0xc3 in for 0x71cfbb8025
04-22 13:19:59.968 10225 10225 E ArmVmp : Match on catch block at 0xc3 in for 0x71cfbb8025
04-22 13:19:59.983 10225 10225 E ArmVmp : Match on catch block at 0xc3 in for 0x71cfbb8025
04-22 13:19:59.986 10225 10225 E ArmVmp : Match on catch block at 0xc3 in for 0x71cfbb8025
04-22 13:19:59.994 10225 10225 E ArmVmp : Match on catch block at 0xc3 in for 0x71cfbb8025
04-22 13:19:59.998 10225 10225 E ArmVmp : Match on catch block at 0xc3 in for 0x71cfbb8025
04-22 13:20:00.006 10225 10225 E ArmVmp : Match on catch block at 0xc3 in for 0x71cfbb8025
04-22 13:20:00.010 10225 10225 E ArmVmp : Match on catch block at 0xc3 in for 0x71cfbb8025
04-22 13:20:00.017 10225 10225 E ArmVmp : Match on catch block at 0xc3 in for 0x71cfbb8025
04-22 13:20:00.020 10225 10225 E ArmVmp : Match on catch block at 0xc3 in for 0x71cfbb8025
04-22 13:20:00.039 10225 10225 E ArmVmp : Match on catch block at 0xc3 in for 0x71cfbb8025
04-22 13:20:00.043 10225 10225 E ArmVmp : Match on catch block at 0xc3 in for 0x71cfbb8025
04-22 13:20:00.052 10225 10225 E ArmVmp : Match on catch block at 0xc3 in for 0x71cfbb8025
04-22 13:20:00.057 10225 10225 E ArmVmp : Match on catch block at 0xc3 in for 0x71cfbb8025
04-22 13:20:00.062 10225 10225 E ArmVmp : Match on catch block at 0xc3 in for 0x71cfbb8025
04-22 13:20:00.065 10225 10225 E ArmVmp : Match on catch block at 0xc3 in for 0x71cfbb8025
