04-22 03:19:00.336 31315 31315 E ArmVmp : Match on catch block at 0xc3 in for 0x7bd4e1a025
04-22 03:19:00.338 31315 31315 E ArmVmp : Match on catch block at 0xc3 in for 0x7bd4e1a025
04-22 03:19:00.347 31315 31315 E ArmVmp : Match on catch block at 0xc3 in for 0x7bd4e1a025
04-22 03:19:00.349 31315 31315 E ArmVmp : Match on catch block at 0xc3 in for 0x7bd4e1a025
04-22 03:19:00.358 31315 31315 E ArmVmp : Match on catch block at 0xc3 in for 0x7bd4e1a025
04-22 03:19:00.361 31315 31315 E ArmVmp : Match on catch block at 0xc3 in for 0x7bd4e1a025
04-22 03:19:00.371 31315 31315 E ArmVmp : Match on catch block at 0xc3 in for 0x7bd4e1a025
04-22 03:19:00.373 31315 31315 E ArmVmp : Match on catch block at 0xc3 in for 0x7bd4e1a025
04-22 03:19:00.382 31315 31315 E ArmVmp : Match on catch block at 0xc3 in for 0x7bd4e1a025
04-22 03:19:00.384 31315 31315 E ArmVmp : Match on catch block at 0xc3 in for 0x7bd4e1a025
04-22 03:19:00.392 31315 31315 E ArmVmp : Match on catch block at 0xc3 in for 0x7bd4e1a025
04-22 03:19:00.395 31315 31315 E ArmVmp : Match on catch block at 0xc3 in for 0x7bd4e1a025
04-22 03:19:00.405 31315 31315 E ArmVmp : Match on catch block at 0xc3 in for 0x7bd4e1a025
04-22 03:19:00.407 31315 31315 E ArmVmp : Match on catch block at 0xc3 in for 0x7bd4e1a025
04-22 03:19:00.414 31315 31315 E ArmVmp : Match on catch block at 0xc3 in for 0x7bd4e1a025
04-22 03:19:00.416 31315 31315 E ArmVmp : Match on catch block at 0xc3 in for 0x7bd4e1a025
04-22 03:19:00.425 31315 31315 E ArmVmp : Match on catch block at 0xc3 in for 0x7bd4e1a025
04-22 03:19:00.428 31315 31315 E ArmVmp : Match on catch block at 0xc3 in for 0x7bd4e1a025
04-22 03:19:00.439 31315 31315 E ArmVmp : Match on catch block at 0xc3 in for 0x7bd4e1a025
04-22 03:19:00.442 31315 31315 E ArmVmp : Match on catch block at 0xc3 in for 0x7bd4e1a025
04-22 03:19:00.451 31315 31315 E ArmVmp : Match on catch block at 0xc3 in for 0x7bd4e1a025
04-22 03:19:00.455 31315 31315 E ArmVmp : Match on catch block at 0xc3 in for 0x7bd4e1a025
04-22 03:19:00.462 31315 31315 E ArmVmp : Match on catch block at 0xc3 in for 0x7bd4e1a025
04-22 03:19:00.464 31315 31315 E ArmVmp : Match on catch block at 0xc3 in for 0x7bd4e1a025
04-22 03:19:00.474 31315 31315 E ArmVmp : Match on catch block at 0xc3 in for 0x7bd4e1a025
04-22 03:19:00.477 31315 31315 E ArmVmp : Match on catch block at 0xc3 in for 0x7bd4e1a025
04-22 03:19:00.485 31315 31315 E ArmVmp : Match on catch block at 0xc3 in for 0x7bd4e1a025
04-22 03:19:00.488 31315 31315 E ArmVmp : Match on catch block at 0xc3 in for 0x7bd4e1a025
04-22 03:19:00.508 31315 31315 E ArmVmp : Match on catch block at 0xc3 in for 0x7bd4e1a025
04-22 03:19:00.512 31315 31315 E ArmVmp : Match on catch block at 0xc3 in for 0x7bd4e1a025
04-22 03:19:00.524 31315 31315 E ArmVmp : Match on catch block at 0xc3 in for 0x7bd4e1a025
04-22 03:19:00.528 31315 31315 E ArmVmp : Match on catch block at 0xc3 in for 0x7bd4e1a025
04-22 03:19:00.534 31315 31315 E ArmVmp : Match on catch block at 0xc3 in for 0x7bd4e1a025
04-22 03:19:00.537 31315 31315 E ArmVmp : Match on catch block at 0xc3 in for 0x7bd4e1a025
04-22 03:19:00.544 31315 31315 E ArmVmp : Match on catch block at 0xc3 in for 0x7bd4e1a025
04-22 03:19:00.547 31315 31315 E ArmVmp : Match on catch block at 0xc3 in for 0x7bd4e1a025
04-22 03:19:00.553 31315 31315 E ArmVmp : Match on catch block at 0xc3 in for 0x7bd4e1a025
04-22 03:19:00.555 31315 31315 E ArmVmp : Match on catch block at 0xc3 in for 0x7bd4e1a025
04-22 03:19:00.560 31315 31315 E ArmVmp : Match on catch block at 0xc3 in for 0x7bd4e1a025
04-22 03:19:00.562 31315 31315 E ArmVmp : Match on catch block at 0xc3 in for 0x7bd4e1a025
04-22 03:19:00.571 31315 31315 E ArmVmp : Match on catch block at 0xc3 in for 0x7bd4e1a025
04-22 03:19:00.573 31315 31315 E ArmVmp : Match on catch block at 0xc3 in for 0x7bd4e1a025
04-22 03:19:00.582 31315 31315 E ArmVmp : Match on catch block at 0xc3 in for 0x7bd4e1a025
04-22 03:19:00.584 31315 31315 E ArmVmp : Match on catch block at 0xc3 in for 0x7bd4e1a025
04-22 03:19:00.593 31315 31315 E ArmVmp : Match on catch block at 0xc3 in for 0x7bd4e1a025
04-22 03:19:00.595 31315 31315 E ArmVmp : Match on catch block at 0xc3 in for 0x7bd4e1a025
04-22 03:19:00.604 31315 31315 E ArmVmp : Match on catch block at 0xc3 in for 0x7bd4e1a025
04-22 03:19:00.606 31315 31315 E ArmVmp : Match on catch block at 0xc3 in for 0x7bd4e1a025
04-22 03:19:00.617 31315 31315 E ArmVmp : Match on catch block at 0xc3 in for 0x7bd4e1a025
04-22 03:19:00.619 31315 31315 E ArmVmp : Match on catch block at 0xc3 in for 0x7bd4e1a025
04-22 03:19:00.626 31315 31315 E ArmVmp : Match on catch block at 0xc3 in for 0x7bd4e1a025
04-22 03:19:00.628 31315 31315 E ArmVmp : Match on catch block at 0xc3 in for 0x7bd4e1a025
04-22 03:19:00.640 31315 31315 E ArmVmp : Match on catch block at 0xc3 in for 0x7bd4e1a025
04-22 03:19:00.643 31315 31315 E ArmVmp : Match on catch block at 0xc3 in for 0x7bd4e1a025
04-22 03:19:00.649 31315 31315 E ArmVmp : Match on catch block at 0xc3 in for 0x7bd4e1a025
04-22 03:19:00.651 31315 31315 E ArmVmp : Match on catch block at 0xc3 in for 0x7bd4e1a025
04-22 03:19:00.660 31315 31315 E ArmVmp : Match on catch block at 0xc3 in for 0x7bd4e1a025
04-22 03:19:00.662 31315 31315 E ArmVmp : Match on catch block at 0xc3 in for 0x7bd4e1a025
04-22 03:19:00.671 31315 31315 E ArmVmp : Match on catch block at 0xc3 in for 0x7bd4e1a025
04-22 03:19:00.673 31315 31315 E ArmVmp : Match on catch block at 0xc3 in for 0x7bd4e1a025
04-22 03:19:00.682 31315 31315 E ArmVmp : Match on catch block at 0xc3 in for 0x7bd4e1a025
04-22 03:19:00.685 31315 31315 E ArmVmp : Match on catch block at 0xc3 in for 0x7bd4e1a025
04-22 03:19:00.695 31315 31315 E ArmVmp : Match on catch block at 0xc3 in for 0x7bd4e1a025
04-22 03:19:00.697 31315 31315 E ArmVmp : Match on catch block at 0xc3 in for 0x7bd4e1a025
04-22 03:19:00.705 31315 31315 E ArmVmp : Match on catch block at 0xc3 in for 0x7bd4e1a025
04-22 03:19:00.707 31315 31315 E ArmVmp : Match on catch block at 0xc3 in for 0x7bd4e1a025
04-22 03:19:00.719 31315 31315 E ArmVmp : Match on catch block at 0xc3 in for 0x7bd4e1a025
04-22 03:19:00.722 31315 31315 E ArmVmp : Match on catch block at 0xc3 in for 0x7bd4e1a025
04-22 03:19:00.727 31315 31315 E ArmVmp : Match on catch block at 0xc3 in for 0x7bd4e1a025
04-22 03:19:00.730 31315 31315 E ArmVmp : Match on catch block at 0xc3 in for 0x7bd4e1a025
04-22 03:19:00.738 31315 31315 E ArmVmp : Match on catch block at 0xc3 in for 0x7bd4e1a025
04-22 03:19:00.741 31315 31315 E ArmVmp : Match on catch block at 0xc3 in for 0x7bd4e1a025
04-22 03:19:00.749 31315 31315 E ArmVmp : Match on catch block at 0xc3 in for 0x7bd4e1a025
04-22 03:19:00.752 31315 31315 E ArmVmp : Match on catch block at 0xc3 in for 0x7bd4e1a025
04-22 03:19:00.761 31315 31315 E ArmVmp : Match on catch block at 0xc3 in for 0x7bd4e1a025
04-22 03:19:00.763 31315 31315 E ArmVmp : Match on catch block at 0xc3 in for 0x7bd4e1a025
04-22 03:19:00.776 31315 31315 E ArmVmp : Match on catch block at 0xc3 in for 0x7bd4e1a025
04-22 03:19:00.779 31315 31315 E ArmVmp : Match on catch block at 0xc3 in for 0x7bd4e1a025
04-22 03:19:00.786 31315 31315 E ArmVmp : Match on catch block at 0xc3 in for 0x7bd4e1a025
04-22 03:19:00.789 31315 31315 E ArmVmp : Match on catch block at 0xc3 in for 0x7bd4e1a025
04-22 03:19:00.795 31315 31315 E ArmVmp : Match on catch block at 0xc3 in for 0x7bd4e1a025
04-22 03:19:00.797 31315 31315 E ArmVmp : Match on catch block at 0xc3 in for 0x7bd4e1a025
04-22 03:19:00.806 31315 31315 E ArmVmp : Match on catch block at 0xc3 in for 0x7bd4e1a025
04-22 03:19:00.808 31315 31315 E ArmVmp : Match on catch block at 0xc3 in for 0x7bd4e1a025
04-22 03:19:00.817 31315 31315 E ArmVmp : Match on catch block at 0xc3 in for 0x7bd4e1a025
04-22 03:19:00.819 31315 31315 E ArmVmp : Match on catch block at 0xc3 in for 0x7bd4e1a025
04-22 03:19:00.828 31315 31315 E ArmVmp : Match on catch block at 0xc3 in for 0x7bd4e1a025
04-22 03:19:00.831 31315 31315 E ArmVmp : Match on catch block at 0xc3 in for 0x7bd4e1a025
04-22 03:19:00.839 31315 31315 E ArmVmp : Match on catch block at 0xc3 in for 0x7bd4e1a025
04-22 03:19:00.842 31315 31315 E ArmVmp : Match on catch block at 0xc3 in for 0x7bd4e1a025
04-22 03:19:00.850 31315 31315 E ArmVmp : Match on catch block at 0xc3 in for 0x7bd4e1a025
04-22 03:19:00.853 31315 31315 E ArmVmp : Match on catch block at 0xc3 in for 0x7bd4e1a025
04-22 03:19:00.861 31315 31315 E ArmVmp : Match on catch block at 0xc3 in for 0x7bd4e1a025
04-22 03:19:00.863 31315 31315 E ArmVmp : Match on catch block at 0xc3 in for 0x7bd4e1a025
04-22 03:19:00.872 31315 31315 E ArmVmp : Match on catch block at 0xc3 in for 0x7bd4e1a025
04-22 03:19:00.875 31315 31315 E ArmVmp : Match on catch block at 0xc3 in for 0x7bd4e1a025
04-22 03:19:00.883 31315 31315 E ArmVmp : Match on catch block at 0xc3 in for 0x7bd4e1a025
04-22 03:19:00.885 31315 31315 E ArmVmp : Match on catch block at 0xc3 in for 0x7bd4e1a025
04-22 03:19:00.895 31315 31315 E ArmVmp : Match on catch block at 0xc3 in for 0x7bd4e1a025
04-22 03:19:00.897 31315 31315 E ArmVmp : Match on catch block at 0xc3 in for 0x7bd4e1a025
04-22 03:19:00.906 31315 31315 E ArmVmp : Match on catch block at 0xc3 in for 0x7bd4e1a025
04-22 03:19:00.908 31315 31315 E ArmVmp : Match on catch block at 0xc3 in for 0x7bd4e1a025
04-22 03:19:00.918 31315 31315 E ArmVmp : Match on catch block at 0xc3 in for 0x7bd4e1a025
04-22 03:19:00.920 31315 31315 E ArmVmp : Match on catch block at 0xc3 in for 0x7bd4e1a025
04-22 03:19:00.928 31315 31315 E ArmVmp : Match on catch block at 0xc3 in for 0x7bd4e1a025
04-22 03:19:00.931 31315 31315 E ArmVmp : Match on catch block at 0xc3 in for 0x7bd4e1a025
04-22 03:19:00.940 31315 31315 E ArmVmp : Match on catch block at 0xc3 in for 0x7bd4e1a025
04-22 03:19:00.942 31315 31315 E ArmVmp : Match on catch block at 0xc3 in for 0x7bd4e1a025
04-22 03:19:00.951 31315 31315 E ArmVmp : Match on catch block at 0xc3 in for 0x7bd4e1a025
04-22 03:19:00.953 31315 31315 E ArmVmp : Match on catch block at 0xc3 in for 0x7bd4e1a025
04-22 03:19:00.962 31315 31315 E ArmVmp : Match on catch block at 0xc3 in for 0x7bd4e1a025
04-22 03:19:00.964 31315 31315 E ArmVmp : Match on catch block at 0xc3 in for 0x7bd4e1a025
04-22 03:19:00.973 31315 31315 E ArmVmp : Match on catch block at 0xc3 in for 0x7bd4e1a025
04-22 03:19:00.975 31315 31315 E ArmVmp : Match on catch block at 0xc3 in for 0x7bd4e1a025
04-22 03:19:00.984 31315 31315 E ArmVmp : Match on catch block at 0xc3 in for 0x7bd4e1a025
04-22 03:19:00.986 31315 31315 E ArmVmp : Match on catch block at 0xc3 in for 0x7bd4e1a025
04-22 03:19:00.995 31315 31315 E ArmVmp : Match on catch block at 0xc3 in for 0x7bd4e1a025
04-22 03:19:00.997 31315 31315 E ArmVmp : Match on catch block at 0xc3 in for 0x7bd4e1a025
04-22 03:19:01.006 31315 31315 E ArmVmp : Match on catch block at 0xc3 in for 0x7bd4e1a025
04-22 03:19:01.008 31315 31315 E ArmVmp : Match on catch block at 0xc3 in for 0x7bd4e1a025
04-22 03:19:01.018 31315 31315 E ArmVmp : Match on catch block at 0xc3 in for 0x7bd4e1a025
04-22 03:19:01.020 31315 31315 E ArmVmp : Match on catch block at 0xc3 in for 0x7bd4e1a025
04-22 03:19:01.029 31315 31315 E ArmVmp : Match on catch block at 0xc3 in for 0x7bd4e1a025
04-22 03:19:01.031 31315 31315 E ArmVmp : Match on catch block at 0xc3 in for 0x7bd4e1a025
04-22 03:19:01.040 31315 31315 E ArmVmp : Match on catch block at 0xc3 in for 0x7bd4e1a025
04-22 03:19:01.042 31315 31315 E ArmVmp : Match on catch block at 0xc3 in for 0x7bd4e1a025
04-22 03:19:01.051 31315 31315 E ArmVmp : Match on catch block at 0xc3 in for 0x7bd4e1a025
04-22 03:19:01.053 31315 31315 E ArmVmp : Match on catch block at 0xc3 in for 0x7bd4e1a025
04-22 03:19:01.062 31315 31315 E ArmVmp : Match on catch block at 0xc3 in for 0x7bd4e1a025
04-22 03:19:01.064 31315 31315 E ArmVmp : Match on catch block at 0xc3 in for 0x7bd4e1a025
04-22 03:19:01.073 31315 31315 E ArmVmp : Match on catch block at 0xc3 in for 0x7bd4e1a025
04-22 03:19:01.075 31315 31315 E ArmVmp : Match on catch block at 0xc3 in for 0x7bd4e1a025
04-22 03:19:01.085 31315 31315 E ArmVmp : Match on catch block at 0xc3 in for 0x7bd4e1a025
04-22 03:19:01.087 31315 31315 E ArmVmp : Match on catch block at 0xc3 in for 0x7bd4e1a025
04-22 03:19:01.096 31315 31315 E ArmVmp : Match on catch block at 0xc3 in for 0x7bd4e1a025
04-22 03:19:01.099 31315 31315 E ArmVmp : Match on catch block at 0xc3 in for 0x7bd4e1a025
04-22 03:19:01.107 31315 31315 E ArmVmp : Match on catch block at 0xc3 in for 0x7bd4e1a025
04-22 03:19:01.109 31315 31315 E ArmVmp : Match on catch block at 0xc3 in for 0x7bd4e1a025
04-22 03:19:01.119 31315 31315 E ArmVmp : Match on catch block at 0xc3 in for 0x7bd4e1a025
04-22 03:19:01.121 31315 31315 E ArmVmp : Match on catch block at 0xc3 in for 0x7bd4e1a025
04-22 03:19:01.130 31315 31315 E ArmVmp : Match on catch block at 0xc3 in for 0x7bd4e1a025
04-22 03:19:01.132 31315 31315 E ArmVmp : Match on catch block at 0xc3 in for 0x7bd4e1a025
04-22 03:19:01.141 31315 31315 E ArmVmp : Match on catch block at 0xc3 in for 0x7bd4e1a025
04-22 03:19:01.143 31315 31315 E ArmVmp : Match on catch block at 0xc3 in for 0x7bd4e1a025
04-22 03:19:01.152 31315 31315 E ArmVmp : Match on catch block at 0xc3 in for 0x7bd4e1a025
04-22 03:19:01.155 31315 31315 E ArmVmp : Match on catch block at 0xc3 in for 0x7bd4e1a025
04-22 03:19:01.163 31315 31315 E ArmVmp : Match on catch block at 0xc3 in for 0x7bd4e1a025
04-22 03:19:01.166 31315 31315 E ArmVmp : Match on catch block at 0xc3 in for 0x7bd4e1a025
04-22 03:19:01.174 31315 31315 E ArmVmp : Match on catch block at 0xc3 in for 0x7bd4e1a025
04-22 03:19:01.177 31315 31315 E ArmVmp : Match on catch block at 0xc3 in for 0x7bd4e1a025
04-22 03:19:01.253 31315 31315 E ArmVmp : Match on catch block at 0xc3 in for 0x7bd4e1a025
04-22 03:19:01.256 31315 31315 E ArmVmp : Match on catch block at 0xc3 in for 0x7bd4e1a025
04-22 03:19:01.264 31315 31315 E ArmVmp : Match on catch block at 0xc3 in for 0x7bd4e1a025
04-22 03:19:01.266 31315 31315 E ArmVmp : Match on catch block at 0xc3 in for 0x7bd4e1a025
04-22 03:19:01.275 31315 31315 E ArmVmp : Match on catch block at 0xc3 in for 0x7bd4e1a025
04-22 03:19:01.278 31315 31315 E ArmVmp : Match on catch block at 0xc3 in for 0x7bd4e1a025
04-22 03:19:01.286 31315 31315 E ArmVmp : Match on catch block at 0xc3 in for 0x7bd4e1a025
04-22 03:19:01.289 31315 31315 E ArmVmp : Match on catch block at 0xc3 in for 0x7bd4e1a025
04-22 03:19:01.298 31315 31315 E ArmVmp : Match on catch block at 0xc3 in for 0x7bd4e1a025
04-22 03:19:01.300 31315 31315 E ArmVmp : Match on catch block at 0xc3 in for 0x7bd4e1a025
04-22 03:19:01.309 31315 31315 E ArmVmp : Match on catch block at 0xc3 in for 0x7bd4e1a025
04-22 03:19:01.312 31315 31315 E ArmVmp : Match on catch block at 0xc3 in for 0x7bd4e1a025
04-22 03:19:01.320 31315 31315 E ArmVmp : Match on catch block at 0xc3 in for 0x7bd4e1a025
04-22 03:19:01.322 31315 31315 E ArmVmp : Match on catch block at 0xc3 in for 0x7bd4e1a025
04-22 03:19:01.331 31315 31315 E ArmVmp : Match on catch block at 0xc3 in for 0x7bd4e1a025
04-22 03:19:01.334 31315 31315 E ArmVmp : Match on catch block at 0xc3 in for 0x7bd4e1a025
04-22 03:19:01.344 31315 31315 E ArmVmp : Match on catch block at 0xc3 in for 0x7bd4e1a025
04-22 03:19:01.346 31315 31315 E ArmVmp : Match on catch block at 0xc3 in for 0x7bd4e1a025
04-22 03:19:01.353 31315 31315 E ArmVmp : Match on catch block at 0xc3 in for 0x7bd4e1a025
04-22 03:19:01.355 31315 31315 E ArmVmp : Match on catch block at 0xc3 in for 0x7bd4e1a025
04-22 03:19:01.365 31315 31315 E ArmVmp : Match on catch block at 0xc3 in for 0x7bd4e1a025
04-22 03:19:01.367 31315 31315 E ArmVmp : Match on catch block at 0xc3 in for 0x7bd4e1a025
04-22 03:19:01.376 31315 31315 E ArmVmp : Match on catch block at 0xc3 in for 0x7bd4e1a025
04-22 03:19:01.378 31315 31315 E ArmVmp : Match on catch block at 0xc3 in for 0x7bd4e1a025
04-22 03:19:01.388 31315 31315 E ArmVmp : Match on catch block at 0xc3 in for 0x7bd4e1a025
04-22 03:19:01.389 31315 31315 E ArmVmp : Match on catch block at 0xc3 in for 0x7bd4e1a025
04-22 03:19:01.398 31315 31315 E ArmVmp : Match on catch block at 0xc3 in for 0x7bd4e1a025
04-22 03:19:01.400 31315 31315 E ArmVmp : Match on catch block at 0xc3 in for 0x7bd4e1a025
04-22 03:19:01.409 31315 31315 E ArmVmp : Match on catch block at 0xc3 in for 0x7bd4e1a025
04-22 03:19:01.411 31315 31315 E ArmVmp : Match on catch block at 0xc3 in for 0x7bd4e1a025
04-22 03:19:01.421 31315 31315 E ArmVmp : Match on catch block at 0xc3 in for 0x7bd4e1a025
04-22 03:19:01.423 31315 31315 E ArmVmp : Match on catch block at 0xc3 in for 0x7bd4e1a025
04-22 03:19:01.432 31315 31315 E ArmVmp : Match on catch block at 0xc3 in for 0x7bd4e1a025
04-22 03:19:01.434 31315 31315 E ArmVmp : Match on catch block at 0xc3 in for 0x7bd4e1a025
04-22 03:19:01.443 31315 31315 E ArmVmp : Match on catch block at 0xc3 in for 0x7bd4e1a025
04-22 03:19:01.445 31315 31315 E ArmVmp : Match on catch block at 0xc3 in for 0x7bd4e1a025
04-22 03:19:01.454 31315 31315 E ArmVmp : Match on catch block at 0xc3 in for 0x7bd4e1a025
04-22 03:19:01.457 31315 31315 E ArmVmp : Match on catch block at 0xc3 in for 0x7bd4e1a025
04-22 03:19:01.466 31315 31315 E ArmVmp : Match on catch block at 0xc3 in for 0x7bd4e1a025
04-22 03:19:01.468 31315 31315 E ArmVmp : Match on catch block at 0xc3 in for 0x7bd4e1a025
04-22 03:19:01.476 31315 31315 E ArmVmp : Match on catch block at 0xc3 in for 0x7bd4e1a025
04-22 03:19:01.479 31315 31315 E ArmVmp : Match on catch block at 0xc3 in for 0x7bd4e1a025
04-22 03:19:01.487 31315 31315 E ArmVmp : Match on catch block at 0xc3 in for 0x7bd4e1a025
04-22 03:19:01.489 31315 31315 E ArmVmp : Match on catch block at 0xc3 in for 0x7bd4e1a025
04-22 03:19:01.499 31315 31315 E ArmVmp : Match on catch block at 0xc3 in for 0x7bd4e1a025
04-22 03:19:01.501 31315 31315 E ArmVmp : Match on catch block at 0xc3 in for 0x7bd4e1a025
04-22 03:19:01.510 31315 31315 E ArmVmp : Match on catch block at 0xc3 in for 0x7bd4e1a025
04-22 03:19:01.512 31315 31315 E ArmVmp : Match on catch block at 0xc3 in for 0x7bd4e1a025
04-22 03:19:01.521 31315 31315 E ArmVmp : Match on catch block at 0xc3 in for 0x7bd4e1a025
04-22 03:19:01.524 31315 31315 E ArmVmp : Match on catch block at 0xc3 in for 0x7bd4e1a025
04-22 03:19:01.533 31315 31315 E ArmVmp : Match on catch block at 0xc3 in for 0x7bd4e1a025
04-22 03:19:01.535 31315 31315 E ArmVmp : Match on catch block at 0xc3 in for 0x7bd4e1a025
04-22 03:19:01.544 31315 31315 E ArmVmp : Match on catch block at 0xc3 in for 0x7bd4e1a025
04-22 03:19:01.546 31315 31315 E ArmVmp : Match on catch block at 0xc3 in for 0x7bd4e1a025
04-22 03:19:01.555 31315 31315 E ArmVmp : Match on catch block at 0xc3 in for 0x7bd4e1a025
04-22 03:19:01.557 31315 31315 E ArmVmp : Match on catch block at 0xc3 in for 0x7bd4e1a025
04-22 03:19:01.566 31315 31315 E ArmVmp : Match on catch block at 0xc3 in for 0x7bd4e1a025
04-22 03:19:01.568 31315 31315 E ArmVmp : Match on catch block at 0xc3 in for 0x7bd4e1a025
04-22 03:19:01.577 31315 31315 E ArmVmp : Match on catch block at 0xc3 in for 0x7bd4e1a025
04-22 03:19:01.580 31315 31315 E ArmVmp : Match on catch block at 0xc3 in for 0x7bd4e1a025
04-22 03:19:01.589 31315 31315 E ArmVmp : Match on catch block at 0xc3 in for 0x7bd4e1a025
04-22 03:19:01.591 31315 31315 E ArmVmp : Match on catch block at 0xc3 in for 0x7bd4e1a025
04-22 03:19:01.600 31315 31315 E ArmVmp : Match on catch block at 0xc3 in for 0x7bd4e1a025
04-22 03:19:01.602 31315 31315 E ArmVmp : Match on catch block at 0xc3 in for 0x7bd4e1a025
04-22 03:19:01.611 31315 31315 E ArmVmp : Match on catch block at 0xc3 in for 0x7bd4e1a025
04-22 03:19:01.613 31315 31315 E ArmVmp : Match on catch block at 0xc3 in for 0x7bd4e1a025
04-22 03:19:01.622 31315 31315 E ArmVmp : Match on catch block at 0xc3 in for 0x7bd4e1a025
04-22 03:19:01.624 31315 31315 E ArmVmp : Match on catch block at 0xc3 in for 0x7bd4e1a025
04-22 03:19:01.633 31315 31315 E ArmVmp : Match on catch block at 0xc3 in for 0x7bd4e1a025
04-22 03:19:01.636 31315 31315 E ArmVmp : Match on catch block at 0xc3 in for 0x7bd4e1a025
04-22 03:19:01.644 31315 31315 E ArmVmp : Match on catch block at 0xc3 in for 0x7bd4e1a025
04-22 03:19:01.647 31315 31315 E ArmVmp : Match on catch block at 0xc3 in for 0x7bd4e1a025
04-22 03:19:01.656 31315 31315 E ArmVmp : Match on catch block at 0xc3 in for 0x7bd4e1a025
04-22 03:19:01.658 31315 31315 E ArmVmp : Match on catch block at 0xc3 in for 0x7bd4e1a025
04-22 03:19:01.667 31315 31315 E ArmVmp : Match on catch block at 0xc3 in for 0x7bd4e1a025
04-22 03:19:01.669 31315 31315 E ArmVmp : Match on catch block at 0xc3 in for 0x7bd4e1a025
04-22 03:19:01.678 31315 31315 E ArmVmp : Match on catch block at 0xc3 in for 0x7bd4e1a025
04-22 03:19:01.681 31315 31315 E ArmVmp : Match on catch block at 0xc3 in for 0x7bd4e1a025
04-22 03:19:01.780 31315 31315 E ArmVmp : Match on catch block at 0xc3 in for 0x7bd4e1a025
04-22 03:19:01.782 31315 31315 E ArmVmp : Match on catch block at 0xc3 in for 0x7bd4e1a025
04-22 03:19:02.058 31315 31315 E ArmVmp : Match on catch block at 0xc3 in for 0x7bd4e1a025
04-22 03:19:02.060 31315 31315 E ArmVmp : Match on catch block at 0xc3 in for 0x7bd4e1a025
04-22 03:19:02.063 31315 31315 W libc : Access denied finding property "ro.vendor.audio.cloudctrl"
04-22 03:19:02.058 31315 31315 W com.mbwhatsapp: type=1400 audit(0.0:348775): avc: denied { read } for name="u:object_r:vendor_ro_audio_prop:s0" dev="tmpfs" ino=707 scontext=u:r:untrusted_app_32:s0:c232,c256,c512,c768 tcontext=u:object_r:vendor_ro_audio_prop:s0 tclass=file permissive=0 app=com.mbwhatsapp
04-22 03:19:02.083 31315 31315 E ArmVmp : Match on catch block at 0xc3 in for 0x7bd4e1a025
04-22 03:19:02.086 31315 31315 E ArmVmp : Match on catch block at 0xc3 in for 0x7bd4e1a025
04-22 03:19:02.113 31315 31315 E ArmVmp : Match on catch block at 0xc3 in for 0x7bd4e1a025
04-22 03:19:02.116 31315 31315 E ArmVmp : Match on catch block at 0xc3 in for 0x7bd4e1a025
04-22 03:19:02.211 31315 31315 W ResourceType: Bad XML block: header size 18254 or total size 169478669 is larger than data size 380
04-22 03:19:02.215 31315 31315 W ResourceType: Bad XML block: header size 18254 or total size 169478669 is larger than data size 633
04-22 03:19:02.230 31315 31315 W ResourceType: Bad XML block: header size 18254 or total size 169478669 is larger than data size 677
04-22 03:19:02.234 31315 31315 W ResourceType: Bad XML block: header size 18254 or total size 169478669 is larger than data size 248
04-22 03:19:02.243 31315 31315 W ResourceType: Bad XML block: header size 18254 or total size 169478669 is larger than data size 571
04-22 03:19:02.251 31315 31315 W ResourceType: Bad XML block: header size 18254 or total size 169478669 is larger than data size 333
04-22 03:19:02.255 31315 31315 W ResourceType: Bad XML block: header size 18254 or total size 169478669 is larger than data size 650
04-22 03:19:02.260 31315 31315 W ResourceType: Bad XML block: header size 18254 or total size 169478669 is larger than data size 1150
04-22 03:19:02.264 31315 31315 W ResourceType: Bad XML block: header size 18254 or total size 169478669 is larger than data size 491
04-22 03:19:02.267 31315 31315 W ResourceType: Bad XML block: header size 18254 or total size 169478669 is larger than data size 1150
04-22 03:19:02.273 31315 31315 W ResourceType: Bad XML block: header size 18254 or total size 169478669 is larger than data size 659
04-22 03:19:02.277 31315 31315 W ResourceType: Bad XML block: header size 18254 or total size 169478669 is larger than data size 593
04-22 03:19:02.285 31315 31315 W ResourceType: Bad XML block: header size 18254 or total size 169478669 is larger than data size 1171
04-22 03:19:02.290 31315 31315 W ResourceType: Bad XML block: header size 18254 or total size 169478669 is larger than data size 510
04-22 03:19:02.312 31315 31315 W ResourceType: Bad XML block: header size 18254 or total size 169478669 is larger than data size 853
04-22 03:19:02.353 31315 31315 W ResourceType: Bad XML block: header size 18254 or total size 169478669 is larger than data size 650
04-22 03:19:02.359 31315 31410 W libc : Access denied finding property "ro.vendor.display.iris_x7.support"
04-22 03:19:02.381 31315 31410 E OpenGLRenderer: Unable to match the desired swap behavior.
04-22 03:19:02.394 31315 31315 W View : requestLayout() improperly called by android.widget.Space{d0ef1b2 I.ED..... ......I. 33,99-44,110 #7f0b00ba app:id/action_tile_spacing} during layout: running second layout pass
04-22 03:19:02.394 31315 31315 W View : requestLayout() improperly called by android.widget.Space{ead5503 I.ED..... ......I. 33,99-44,110 #7f0b00ba app:id/action_tile_spacing} during layout: running second layout pass
04-22 03:19:02.394 31315 31315 W View : requestLayout() improperly called by android.widget.Space{3064c80 I.ED..... ......I. 33,99-44,110 #7f0b00ba app:id/action_tile_spacing} during layout: running second layout pass
04-22 03:19:02.394 31315 31315 W View : requestLayout() improperly called by android.widget.Space{ffdc2b9 I.ED..... ......I. 33,99-44,110 #7f0b00ba app:id/action_tile_spacing} during layout: running second layout pass
04-22 03:19:02.397 31315 31315 E ArmVmp : Match on catch block at 0xc3 in for 0x7bd4e1a025
04-22 03:19:02.399 31315 31315 E ArmVmp : Match on catch block at 0xc3 in for 0x7bd4e1a025
04-22 03:19:02.407 31315 31315 E ArmVmp : Match on catch block at 0xc3 in for 0x7bd4e1a025
04-22 03:19:02.409 31315 31315 E ArmVmp : Match on catch block at 0xc3 in for 0x7bd4e1a025
04-22 03:19:02.424 31315 31315 E ArmVmp : Match on catch block at 0xc3 in for 0x7bd4e1a025
04-22 03:19:02.426 31315 31315 E ArmVmp : Match on catch block at 0xc3 in for 0x7bd4e1a025
04-22 03:19:02.458 31315 31315 E ArmVmp : Match on catch block at 0xc3 in for 0x7bd4e1a025
04-22 03:19:02.461 31315 31315 E ArmVmp : Match on catch block at 0xc3 in for 0x7bd4e1a025
04-22 03:19:02.470 31315 31315 E ArmVmp : Match on catch block at 0xc3 in for 0x7bd4e1a025
04-22 03:19:02.473 31315 31315 E ArmVmp : Match on catch block at 0xc3 in for 0x7bd4e1a025
04-22 03:19:02.481 31315 31315 E ArmVmp : Match on catch block at 0xc3 in for 0x7bd4e1a025
04-22 03:19:02.483 31315 31315 E ArmVmp : Match on catch block at 0xc3 in for 0x7bd4e1a025
04-22 03:19:02.497 31315 31315 E ArmVmp : Match on catch block at 0xc3 in for 0x7bd4e1a025
04-22 03:19:02.500 31315 31315 E ArmVmp : Match on catch block at 0xc3 in for 0x7bd4e1a025
04-22 03:19:02.507 31315 31315 E ArmVmp : Match on catch block at 0xc3 in for 0x7bd4e1a025
04-22 03:19:02.510 31315 31315 E ArmVmp : Match on catch block at 0xc3 in for 0x7bd4e1a025
04-22 03:19:02.526 31315 31315 E ArmVmp : Match on catch block at 0xc3 in for 0x7bd4e1a025
04-22 03:19:02.529 31315 31315 E ArmVmp : Match on catch block at 0xc3 in for 0x7bd4e1a025
04-22 03:19:03.430 31315 31315 W libc : Access denied finding property "ro.vendor.audio.cloudctrl"
04-22 03:19:03.426 31315 31315 W com.mbwhatsapp: type=1400 audit(0.0:348776): avc: denied { read } for name="u:object_r:vendor_ro_audio_prop:s0" dev="tmpfs" ino=707 scontext=u:r:untrusted_app_32:s0:c232,c256,c512,c768 tcontext=u:object_r:vendor_ro_audio_prop:s0 tclass=file permissive=0 app=com.mbwhatsapp
04-22 03:19:03.459 31315 31315 E ArmVmp : Match on catch block at 0x0a in for 0x7bd4e1a035
04-22 03:19:03.462 31315 31315 E ArmVmp : Match on catch block at 0x0a in for 0x7bd4e1a035
04-22 03:19:03.483 31315 31410 E OpenGLRenderer: Unable to match the desired swap behavior.
04-22 03:19:03.490 31315 31315 E ArmVmp : Match on catch block at 0xc3 in for 0x7bd4e1a025
04-22 03:19:03.492 31315 31315 E ArmVmp : Match on catch block at 0xc3 in for 0x7bd4e1a025
04-22 03:19:03.501 31315 31315 E ArmVmp : Match on catch block at 0xc3 in for 0x7bd4e1a025
04-22 03:19:03.503 31315 31315 E ArmVmp : Match on catch block at 0xc3 in for 0x7bd4e1a025
04-22 03:19:03.507 31315 31315 E ArmVmp : Match on catch block at 0xc3 in for 0x7bd4e1a025
04-22 03:19:03.510 31315 31315 E ArmVmp : Match on catch block at 0xc3 in for 0x7bd4e1a025
04-22 03:19:03.524 31315 31315 E ArmVmp : Match on catch block at 0xc3 in for 0x7bd4e1a025
04-22 03:19:03.528 31315 31315 E ArmVmp : Match on catch block at 0xc3 in for 0x7bd4e1a025
04-22 03:19:03.780 31315 31315 E ArmVmp : Match on catch block at 0xc3 in for 0x7bd4e1a025
04-22 03:19:03.783 31315 31315 E ArmVmp : Match on catch block at 0xc3 in for 0x7bd4e1a025
04-22 03:19:03.858 31315 31315 E ArmVmp : Match on catch block at 0xc3 in for 0x7bd4e1a025
04-22 03:19:03.861 31315 31315 E ArmVmp : Match on catch block at 0xc3 in for 0x7bd4e1a025
04-22 03:19:03.869 31315 31315 E ArmVmp : Match on catch block at 0xc3 in for 0x7bd4e1a025
04-22 03:19:03.872 31315 31315 E ArmVmp : Match on catch block at 0xc3 in for 0x7bd4e1a025
04-22 03:19:03.882 31315 31315 E ArmVmp : Match on catch block at 0xc3 in for 0x7bd4e1a025
04-22 03:19:03.884 31315 31315 E ArmVmp : Match on catch block at 0xc3 in for 0x7bd4e1a025
04-22 03:19:03.932 31315 31315 W WindowOnBackDispatcher: sendCancelIfRunning: isInProgress=falsecallback=android.view.ViewRootImpl$ $ExternalSyntheticLambda22@dd67bd
04-22 03:19:03.951 31315 31315 E ArmVmp : Match on catch block at 0xc3 in for 0x7bd4e1a025
04-22 03:19:03.953 31315 31315 E ArmVmp : Match on catch block at 0xc3 in for 0x7bd4e1a025
04-22 03:19:03.968 31315 31315 E ArmVmp : Match on catch block at 0xc3 in for 0x7bd4e1a025
04-22 03:19:03.971 31315 31315 E ArmVmp : Match on catch block at 0xc3 in for 0x7bd4e1a025
04-22 03:19:03.975 31315 31315 E ArmVmp : Match on catch block at 0xc3 in for 0x7bd4e1a025
04-22 03:19:03.979 31315 31315 E ArmVmp : Match on catch block at 0xc3 in for 0x7bd4e1a025
04-22 03:19:03.983 31315 31315 E ArmVmp : Match on catch block at 0xc3 in for 0x7bd4e1a025
04-22 03:19:03.987 31315 31315 E ArmVmp : Match on catch block at 0xc3 in for 0x7bd4e1a025
04-22 03:19:03.992 31315 31315 E ArmVmp : Match on catch block at 0xc3 in for 0x7bd4e1a025
04-22 03:19:03.995 31315 31315 E ArmVmp : Match on catch block at 0xc3 in for 0x7bd4e1a025
04-22 03:19:04.003 31315 31315 E ArmVmp : Match on catch block at 0xc3 in for 0x7bd4e1a025
04-22 03:19:04.005 31315 31315 E ArmVmp : Match on catch block at 0xc3 in for 0x7bd4e1a025
04-22 03:19:04.014 31315 31315 E ArmVmp : Match on catch block at 0xc3 in for 0x7bd4e1a025
04-22 03:19:04.017 31315 31315 E ArmVmp : Match on catch block at 0xc3 in for 0x7bd4e1a025
04-22 03:19:04.026 31315 31315 E ArmVmp : Match on catch block at 0xc3 in for 0x7bd4e1a025
04-22 03:19:04.029 31315 31315 E ArmVmp : Match on catch block at 0xc3 in for 0x7bd4e1a025
04-22 03:19:04.037 31315 31315 E ArmVmp : Match on catch block at 0xc3 in for 0x7bd4e1a025
04-22 03:19:04.039 31315 31315 E ArmVmp : Match on catch block at 0xc3 in for 0x7bd4e1a025
04-22 03:19:04.048 31315 31315 E ArmVmp : Match on catch block at 0xc3 in for 0x7bd4e1a025
04-22 03:19:04.051 31315 31315 E ArmVmp : Match on catch block at 0xc3 in for 0x7bd4e1a025
04-22 03:19:04.060 31315 31315 E ArmVmp : Match on catch block at 0xc3 in for 0x7bd4e1a025
04-22 03:19:04.066 31315 31315 E ArmVmp : Match on catch block at 0xc3 in for 0x7bd4e1a025
04-22 03:19:04.151 31315 31315 E ArmVmp : Match on catch block at 0xc3 in for 0x7bd4e1a025
04-22 03:19:04.153 31315 31315 E ArmVmp : Match on catch block at 0xc3 in for 0x7bd4e1a025
04-22 03:19:04.178 31315 31315 E ArmVmp : Match on catch block at 0xc3 in for 0x7bd4e1a025
04-22 03:19:04.181 31315 31315 E ArmVmp : Match on catch block at 0xc3 in for 0x7bd4e1a025
04-22 03:19:04.209 31315 31410 E OpenGLRenderer: Unable to match the desired swap behavior.
04-22 03:19:04.235 31315 31315 E ArmVmp : Match on catch block at 0xc3 in for 0x7bd4e1a025
04-22 03:19:04.239 31315 31315 E ArmVmp : Match on catch block at 0xc3 in for 0x7bd4e1a025
04-22 03:19:04.250 31315 31315 E ArmVmp : Match on catch block at 0xc3 in for 0x7bd4e1a025
04-22 03:19:04.252 31315 31315 E ArmVmp : Match on catch block at 0xc3 in for 0x7bd4e1a025
04-22 03:19:04.269 31315 31315 E ArmVmp : Match on catch block at 0xc3 in for 0x7bd4e1a025
04-22 03:19:04.273 31315 31315 E ArmVmp : Match on catch block at 0xc3 in for 0x7bd4e1a025
04-22 03:19:04.287 31315 31315 E ArmVmp : Match on catch block at 0xc3 in for 0x7bd4e1a025
04-22 03:19:04.293 31315 31315 E ArmVmp : Match on catch block at 0xc3 in for 0x7bd4e1a025
04-22 03:19:04.310 31315 31315 E ArmVmp : Match on catch block at 0xc3 in for 0x7bd4e1a025
04-22 03:19:04.313 31315 31315 E ArmVmp : Match on catch block at 0xc3 in for 0x7bd4e1a025
04-22 03:19:04.323 31315 31315 E ArmVmp : Match on catch block at 0xc3 in for 0x7bd4e1a025
04-22 03:19:04.326 31315 31315 E ArmVmp : Match on catch block at 0xc3 in for 0x7bd4e1a025
04-22 03:19:04.336 31315 31315 E ArmVmp : Match on catch block at 0xc3 in for 0x7bd4e1a025
04-22 03:19:04.339 31315 31315 E ArmVmp : Match on catch block at 0xc3 in for 0x7bd4e1a025
04-22 03:19:04.347 31315 31315 E ArmVmp : Match on catch block at 0xc3 in for 0x7bd4e1a025
04-22 03:19:04.352 31315 31315 E ArmVmp : Match on catch block at 0xc3 in for 0x7bd4e1a025
04-22 03:19:04.359 31315 31315 E ArmVmp : Match on catch block at 0xc3 in for 0x7bd4e1a025
04-22 03:19:04.362 31315 31315 E ArmVmp : Match on catch block at 0xc3 in for 0x7bd4e1a025
04-22 03:19:04.373 31315 31315 E ArmVmp : Match on catch block at 0xc3 in for 0x7bd4e1a025
04-22 03:19:04.377 31315 31315 E ArmVmp : Match on catch block at 0xc3 in for 0x7bd4e1a025
04-22 03:19:04.385 31315 31315 E ArmVmp : Match on catch block at 0xc3 in for 0x7bd4e1a025
04-22 03:19:04.388 31315 31315 E ArmVmp : Match on catch block at 0xc3 in for 0x7bd4e1a025
04-22 03:19:04.398 31315 31315 E ArmVmp : Match on catch block at 0xc3 in for 0x7bd4e1a025
04-22 03:19:04.402 31315 31315 E ArmVmp : Match on catch block at 0xc3 in for 0x7bd4e1a025
04-22 03:19:04.410 31315 31315 E ArmVmp : Match on catch block at 0xc3 in for 0x7bd4e1a025
04-22 03:19:04.413 31315 31315 E ArmVmp : Match on catch block at 0xc3 in for 0x7bd4e1a025
04-22 03:19:04.422 31315 31315 E ArmVmp : Match on catch block at 0xc3 in for 0x7bd4e1a025
04-22 03:19:04.424 31315 31315 E ArmVmp : Match on catch block at 0xc3 in for 0x7bd4e1a025
04-22 03:19:04.430 31315 31315 E ArmVmp : Match on catch block at 0xc3 in for 0x7bd4e1a025
04-22 03:19:04.433 31315 31315 E ArmVmp : Match on catch block at 0xc3 in for 0x7bd4e1a025
04-22 03:19:04.440 31315 31315 E ArmVmp : Match on catch block at 0xc3 in for 0x7bd4e1a025
04-22 03:19:04.443 31315 31315 E ArmVmp : Match on catch block at 0xc3 in for 0x7bd4e1a025
04-22 03:19:04.451 31315 31315 E ArmVmp : Match on catch block at 0xc3 in for 0x7bd4e1a025
04-22 03:19:04.454 31315 31315 E ArmVmp : Match on catch block at 0xc3 in for 0x7bd4e1a025
04-22 03:19:04.462 31315 31315 E ArmVmp : Match on catch block at 0xc3 in for 0x7bd4e1a025
04-22 03:19:04.465 31315 31315 E ArmVmp : Match on catch block at 0xc3 in for 0x7bd4e1a025
04-22 03:19:04.473 31315 31315 E ArmVmp : Match on catch block at 0xc3 in for 0x7bd4e1a025
04-22 03:19:04.476 31315 31315 E ArmVmp : Match on catch block at 0xc3 in for 0x7bd4e1a025
04-22 03:19:04.484 31315 31315 E ArmVmp : Match on catch block at 0xc3 in for 0x7bd4e1a025
04-22 03:19:04.488 31315 31315 E ArmVmp : Match on catch block at 0xc3 in for 0x7bd4e1a025
04-22 03:19:04.495 31315 31315 E ArmVmp : Match on catch block at 0xc3 in for 0x7bd4e1a025
04-22 03:19:04.498 31315 31315 E ArmVmp : Match on catch block at 0xc3 in for 0x7bd4e1a025
04-22 03:19:04.507 31315 31315 E ArmVmp : Match on catch block at 0xc3 in for 0x7bd4e1a025
04-22 03:19:04.510 31315 31315 E ArmVmp : Match on catch block at 0xc3 in for 0x7bd4e1a025
04-22 03:19:04.518 31315 31315 E ArmVmp : Match on catch block at 0xc3 in for 0x7bd4e1a025
04-22 03:19:04.521 31315 31315 E ArmVmp : Match on catch block at 0xc3 in for 0x7bd4e1a025
04-22 03:19:04.529 31315 31315 E ArmVmp : Match on catch block at 0xc3 in for 0x7bd4e1a025
04-22 03:19:04.532 31315 31315 E ArmVmp : Match on catch block at 0xc3 in for 0x7bd4e1a025
04-22 03:19:04.540 31315 31315 E ArmVmp : Match on catch block at 0xc3 in for 0x7bd4e1a025
04-22 03:19:04.543 31315 31315 E ArmVmp : Match on catch block at 0xc3 in for 0x7bd4e1a025
04-22 03:19:04.551 31315 31315 E ArmVmp : Match on catch block at 0xc3 in for 0x7bd4e1a025
04-22 03:19:04.555 31315 31315 E ArmVmp : Match on catch block at 0xc3 in for 0x7bd4e1a025
04-22 03:19:04.563 31315 31315 E ArmVmp : Match on catch block at 0xc3 in for 0x7bd4e1a025
04-22 03:19:04.566 31315 31315 E ArmVmp : Match on catch block at 0xc3 in for 0x7bd4e1a025
04-22 03:19:04.574 31315 31315 E ArmVmp : Match on catch block at 0xc3 in for 0x7bd4e1a025
04-22 03:19:04.577 31315 31315 E ArmVmp : Match on catch block at 0xc3 in for 0x7bd4e1a025
04-22 03:19:04.585 31315 31315 E ArmVmp : Match on catch block at 0xc3 in for 0x7bd4e1a025
04-22 03:19:04.588 31315 31315 E ArmVmp : Match on catch block at 0xc3 in for 0x7bd4e1a025
04-22 03:19:04.596 31315 31315 E ArmVmp : Match on catch block at 0xc3 in for 0x7bd4e1a025
04-22 03:19:04.599 31315 31315 E ArmVmp : Match on catch block at 0xc3 in for 0x7bd4e1a025
04-22 03:19:04.785 31315 31315 E ArmVmp : Match on catch block at 0xc3 in for 0x7bd4e1a025
04-22 03:19:04.792 31315 31315 E ArmVmp : Match on catch block at 0xc3 in for 0x7bd4e1a025
04-22 03:19:04.808 31315 31315 W WindowOnBackDispatcher: sendCancelIfRunning: isInProgress=falsecallback=android.view.ViewRootImpl$ $ExternalSyntheticLambda22@18a63c6
04-22 03:19:13.129 31315 31315 W JobService: onNetworkChanged() not implemented in androidx.work.impl.background.systemjob.SystemJobService. Must override in a subclass.
04-22 03:19:14.817 31315 31315 W JobService: onNetworkChanged() not implemented in androidx.work.impl.background.systemjob.SystemJobService. Must override in a subclass.
04-22 03:19:26.870 31315 31315 W JobService: onNetworkChanged() not implemented in androidx.work.impl.background.systemjob.SystemJobService. Must override in a subclass.
04-22 03:19:36.212 31315 31315 W JobService: onNetworkChanged() not implemented in androidx.work.impl.background.systemjob.SystemJobService. Must override in a subclass.
04-22 03:23:33.835 31315 31410 W libc : Access denied finding property "ro.vendor.display.iris_x7.support"
04-22 03:23:33.916 31315 31315 W Activity: PerfMonitor: Slow Operation: Activity com.mbwhatsapp/com.whatsapp.voipcalling.VoipActivityV2 onStart took 103ms
04-22 03:23:33.955 31315 31410 W libc : Access denied finding property "ro.vendor.display.iris_x7.support"
04-22 03:23:33.963 31315 31315 W Looper : PerfMonitor looperActivity : package=com.mbwhatsapp/com.whatsapp.voipcalling.VoipActivityV2 time=0ms latency=326ms procState=-1 historyMsgCount=1 (msgIndex=1 wall=326ms seq=39848 h=android.app.ActivityThread$H w=159)
04-22 03:23:33.983 31315 31410 E OpenGLRenderer: Unable to match the desired swap behavior.
04-22 03:23:34.018 31315 31410 E OpenGLRenderer: Unable to match the desired swap behavior.
04-22 03:23:34.076 31315 31315 W BottomSheetBehavior: BottomSheetBehavior now supports multiple callbacks. `setBottomSheetCallback()` removes all existing callbacks, including ones set internally by library authors, which may result in unintended behavior. This may change in the future. Please use `addBottomSheetCallback()` and `removeBottomSheetCallback()` instead to set your own callbacks.
04-22 03:23:35.478 31315 31315 W libc : Access denied finding property "ro.vendor.audio.cloudctrl"
04-22 03:23:35.474 31315 31315 W com.mbwhatsapp: type=1400 audit(0.0:348778): avc: denied { read } for name="u:object_r:vendor_ro_audio_prop:s0" dev="tmpfs" ino=707 scontext=u:r:untrusted_app_32:s0:c232,c256,c512,c768 tcontext=u:object_r:vendor_ro_audio_prop:s0 tclass=file permissive=0 app=com.mbwhatsapp
04-22 03:23:37.074 31315 31315 W WindowOnBackDispatcher: sendCancelIfRunning: isInProgress=falsecallback=android.view.ViewRootImpl$ $ExternalSyntheticLambda22@3e5710a
04-22 03:23:37.080 31315 31315 W WindowOnBackDispatcher: sendCancelIfRunning: isInProgress=falsecallback=android.view.ViewRootImpl$ $ExternalSyntheticLambda22@ae0d62d
04-22 03:24:00.196 31315 31315 W JobService: onNetworkChanged() not implemented in androidx.work.impl.background.systemjob.SystemJobService. Must override in a subclass.
04-22 03:24:13.209 31315 31315 W JobService: onNetworkChanged() not implemented in androidx.work.impl.background.systemjob.SystemJobService. Must override in a subclass.
04-22 03:25:33.457 31315 31502 W com.mbwhatsapp: Accessing hidden method Landroid/app/MiuiNotification;-><init>()V (blocked, reflection, denied)
04-22 03:26:00.216 31315 31315 W JobService: onNetworkChanged() not implemented in androidx.work.impl.background.systemjob.SystemJobService. Must override in a subclass.
04-22 03:26:01.722 31315 31315 W JobService: onNetworkChanged() not implemented in androidx.work.impl.background.systemjob.SystemJobService. Must override in a subclass.
04-22 03:26:07.749 31315 31315 W JobService: onNetworkChanged() not implemented in androidx.work.impl.background.systemjob.SystemJobService. Must override in a subclass.
04-22 03:26:19.790 31315 31315 W JobService: onNetworkChanged() not implemented in androidx.work.impl.background.systemjob.SystemJobService. Must override in a subclass.
04-22 03:26:37.844 31315 31315 W JobService: onNetworkChanged() not implemented in androidx.work.impl.background.systemjob.SystemJobService. Must override in a subclass.
04-22 03:29:38.139 31315 31410 W libc : Access denied finding property "ro.vendor.display.iris_x7.support"
04-22 03:29:38.227 31315 31410 W libc : Access denied finding property "ro.vendor.display.iris_x7.support"
04-22 03:29:38.247 31315 31410 E OpenGLRenderer: Unable to match the desired swap behavior.
04-22 03:29:38.280 31315 31410 E OpenGLRenderer: Unable to match the desired swap behavior.
04-22 03:29:38.343 31315 31315 W BottomSheetBehavior: BottomSheetBehavior now supports multiple callbacks. `setBottomSheetCallback()` removes all existing callbacks, including ones set internally by library authors, which may result in unintended behavior. This may change in the future. Please use `addBottomSheetCallback()` and `removeBottomSheetCallback()` instead to set your own callbacks.
04-22 03:29:40.466 31315 31315 W com.mbwhatsapp: type=1400 audit(0.0:348813): avc: denied { read } for name="u:object_r:vendor_ro_audio_prop:s0" dev="tmpfs" ino=707 scontext=u:r:untrusted_app_32:s0:c232,c256,c512,c768 tcontext=u:object_r:vendor_ro_audio_prop:s0 tclass=file permissive=0 app=com.mbwhatsapp
04-22 03:29:40.469 31315 31315 W libc : Access denied finding property "ro.vendor.audio.cloudctrl"
04-22 03:29:41.447 31315 31315 W WindowOnBackDispatcher: sendCancelIfRunning: isInProgress=falsecallback=android.view.ViewRootImpl$ $ExternalSyntheticLambda22@d966571
04-22 03:29:41.454 31315 31315 W WindowOnBackDispatcher: sendCancelIfRunning: isInProgress=falsecallback=android.view.ViewRootImpl$ $ExternalSyntheticLambda22@f49732e
04-22 03:29:59.774 31315 31315 W JobService: onNetworkChanged() not implemented in androidx.work.impl.background.systemjob.SystemJobService. Must override in a subclass.
04-22 03:30:00.252 31315 31315 W JobService: onNetworkChanged() not implemented in androidx.work.impl.background.systemjob.SystemJobService. Must override in a subclass.
04-22 03:30:52.312 31315 31410 W libc : Access denied finding property "ro.vendor.display.iris_x7.support"
04-22 03:30:52.407 31315 31410 W libc : Access denied finding property "ro.vendor.display.iris_x7.support"
04-22 03:30:52.426 31315 31410 E OpenGLRenderer: Unable to match the desired swap behavior.
04-22 03:30:52.456 31315 31410 E OpenGLRenderer: Unable to match the desired swap behavior.
04-22 03:30:52.508 31315 31315 W BottomSheetBehavior: BottomSheetBehavior now supports multiple callbacks. `setBottomSheetCallback()` removes all existing callbacks, including ones set internally by library authors, which may result in unintended behavior. This may change in the future. Please use `addBottomSheetCallback()` and `removeBottomSheetCallback()` instead to set your own callbacks.
04-22 03:45:01.098 31315 31315 W com.mbwhatsapp: type=1400 audit(0.0:348870): avc: denied { read } for name="u:object_r:vendor_ro_audio_prop:s0" dev="tmpfs" ino=707 scontext=u:r:untrusted_app_32:s0:c232,c256,c512,c768 tcontext=u:object_r:vendor_ro_audio_prop:s0 tclass=file permissive=0 app=com.mbwhatsapp
04-22 03:45:01.102 31315 31315 W libc : Access denied finding property "ro.vendor.audio.cloudctrl"
04-22 03:45:02.682 31315 31315 W WindowOnBackDispatcher: sendCancelIfRunning: isInProgress=falsecallback=android.view.ViewRootImpl$ $ExternalSyntheticLambda22@ac05caa
04-22 03:45:02.694 31315 31315 W WindowOnBackDispatcher: sendCancelIfRunning: isInProgress=falsecallback=android.view.ViewRootImpl$ $ExternalSyntheticLambda22@4915813
04-22 03:45:06.981 31315 31315 W JobService: onNetworkChanged() not implemented in androidx.work.impl.background.systemjob.SystemJobService. Must override in a subclass.
04-22 03:45:21.186 31315 31315 W JobService: onNetworkChanged() not implemented in androidx.work.impl.background.systemjob.SystemJobService. Must override in a subclass.
04-22 03:45:26.346 31315 31410 W libc : Access denied finding property "ro.vendor.display.iris_x7.support"
04-22 03:45:26.433 31315 31410 W libc : Access denied finding property "ro.vendor.display.iris_x7.support"
04-22 03:45:26.453 31315 31410 E OpenGLRenderer: Unable to match the desired swap behavior.
04-22 03:45:26.478 31315 31410 E OpenGLRenderer: Unable to match the desired swap behavior.
04-22 03:45:26.515 31315 31315 W BottomSheetBehavior: BottomSheetBehavior now supports multiple callbacks. `setBottomSheetCallback()` removes all existing callbacks, including ones set internally by library authors, which may result in unintended behavior. This may change in the future. Please use `addBottomSheetCallback()` and `removeBottomSheetCallback()` instead to set your own callbacks.
04-22 03:45:27.144 31315 31315 W libc : Access denied finding property "ro.vendor.audio.cloudctrl"
04-22 03:45:27.142 31315 31315 W com.mbwhatsapp: type=1400 audit(0.0:348872): avc: denied { read } for name="u:object_r:vendor_ro_audio_prop:s0" dev="tmpfs" ino=707 scontext=u:r:untrusted_app_32:s0:c232,c256,c512,c768 tcontext=u:object_r:vendor_ro_audio_prop:s0 tclass=file permissive=0 app=com.mbwhatsapp
04-22 03:45:27.173 31315 31315 W JobService: onNetworkChanged() not implemented in androidx.work.impl.background.systemjob.SystemJobService. Must override in a subclass.
04-22 03:45:32.498 31315 31315 W WindowOnBackDispatcher: sendCancelIfRunning: isInProgress=falsecallback=android.view.ViewRootImpl$ $ExternalSyntheticLambda22@f9b77f2
04-22 03:45:32.506 31315 31315 W WindowOnBackDispatcher: sendCancelIfRunning: isInProgress=falsecallback=android.view.ViewRootImpl$ $ExternalSyntheticLambda22@69af2bb
04-22 03:45:40.112 31315 31410 E OpenGLRenderer: Unable to match the desired swap behavior.
04-22 03:45:40.385 31315 31410 W libc : Access denied finding property "ro.vendor.display.iris_x7.support"
04-22 03:45:40.470 31315 31410 W libc : Access denied finding property "ro.vendor.display.iris_x7.support"
04-22 03:45:40.502 31315 31410 E OpenGLRenderer: Unable to match the desired swap behavior.
04-22 03:45:40.524 31315 31410 E OpenGLRenderer: Unable to match the desired swap behavior.
04-22 03:45:40.577 31315 31315 W BottomSheetBehavior: BottomSheetBehavior now supports multiple callbacks. `setBottomSheetCallback()` removes all existing callbacks, including ones set internally by library authors, which may result in unintended behavior. This may change in the future. Please use `addBottomSheetCallback()` and `removeBottomSheetCallback()` instead to set your own callbacks.
04-22 03:45:40.638 31315 31485 E BitmapFactory: Unable to decode stream: java.io.FileNotFoundException: /storage/emulated/0/Android/media/com.mbwhatsapp/MBWhatsApp/Media/.Links/ 08e35c4a97e8ecaa6ae66070ad67fc84: open failed: ENOENT (No such file or directory)
04-22 03:45:41.337 31315 31315 W libc : Access denied finding property "ro.vendor.audio.cloudctrl"
04-22 03:45:41.334 31315 31315 W com.mbwhatsapp: type=1400 audit(0.0:348884): avc: denied { read } for name="u:object_r:vendor_ro_audio_prop:s0" dev="tmpfs" ino=707 scontext=u:r:untrusted_app_32:s0:c232,c256,c512,c768 tcontext=u:object_r:vendor_ro_audio_prop:s0 tclass=file permissive=0 app=com.mbwhatsapp
04-22 03:45:41.390 31315 31410 E OpenGLRenderer: Unable to match the desired swap behavior.
04-22 03:45:42.266 31315 31315 W WindowOnBackDispatcher: sendCancelIfRunning: isInProgress=falsecallback=android.view.ViewRootImpl$ $ExternalSyntheticLambda22@d0dc67a
04-22 03:45:42.275 31315 31315 W WindowOnBackDispatcher: sendCancelIfRunning: isInProgress=falsecallback=android.view.ViewRootImpl$ $ExternalSyntheticLambda22@d2e7a3
04-22 03:45:47.697 31315 31315 W MIUIInput: Back key is intercepted by the app
04-22 03:45:48.833 31315 31410 W libc : Access denied finding property "ro.vendor.display.iris_x7.support"
04-22 03:45:48.881 31315 31410 W libc : Access denied finding property "ro.vendor.display.iris_x7.support"
04-22 03:45:48.902 31315 31410 E OpenGLRenderer: Unable to match the desired swap behavior.
04-22 03:45:48.926 31315 31410 E OpenGLRenderer: Unable to match the desired swap behavior.
04-22 03:45:48.956 31315 31315 W BottomSheetBehavior: BottomSheetBehavior now supports multiple callbacks. `setBottomSheetCallback()` removes all existing callbacks, including ones set internally by library authors, which may result in unintended behavior. This may change in the future. Please use `addBottomSheetCallback()` and `removeBottomSheetCallback()` instead to set your own callbacks.
04-22 03:45:49.561 31315 31315 W libc : Access denied finding property "ro.vendor.audio.cloudctrl"
04-22 03:45:49.558 31315 31315 W com.mbwhatsapp: type=1400 audit(0.0:348885): avc: denied { read } for name="u:object_r:vendor_ro_audio_prop:s0" dev="tmpfs" ino=707 scontext=u:r:untrusted_app_32:s0:c232,c256,c512,c768 tcontext=u:object_r:vendor_ro_audio_prop:s0 tclass=file permissive=0 app=com.mbwhatsapp
