04-22 13:20:00.073 10225 10225 E ArmVmp : Match on catch block at 0xc3 in for 0x71cfbb8025
04-22 13:20:00.077 10225 10225 E ArmVmp : Match on catch block at 0xc3 in for 0x71cfbb8025
04-22 13:20:00.084 10225 10225 E ArmVmp : Match on catch block at 0xc3 in for 0x71cfbb8025
04-22 13:20:00.088 10225 10225 E ArmVmp : Match on catch block at 0xc3 in for 0x71cfbb8025
04-22 13:20:00.095 10225 10225 E ArmVmp : Match on catch block at 0xc3 in for 0x71cfbb8025
04-22 13:20:00.100 10225 10225 E ArmVmp : Match on catch block at 0xc3 in for 0x71cfbb8025
04-22 13:20:00.111 10225 10225 E ArmVmp : Match on catch block at 0xc3 in for 0x71cfbb8025
04-22 13:20:00.115 10225 10225 E ArmVmp : Match on catch block at 0xc3 in for 0x71cfbb8025
04-22 13:20:00.129 10225 10225 E ArmVmp : Match on catch block at 0xc3 in for 0x71cfbb8025
04-22 13:20:00.132 10225 10225 E ArmVmp : Match on catch block at 0xc3 in for 0x71cfbb8025
04-22 13:20:00.141 10225 10225 E ArmVmp : Match on catch block at 0xc3 in for 0x71cfbb8025
04-22 13:20:00.145 10225 10225 E ArmVmp : Match on catch block at 0xc3 in for 0x71cfbb8025
04-22 13:20:00.161 10225 10225 E ArmVmp : Match on catch block at 0xc3 in for 0x71cfbb8025
04-22 13:20:00.167 10225 10225 E ArmVmp : Match on catch block at 0xc3 in for 0x71cfbb8025
04-22 13:20:00.220 10225 10225 E ArmVmp : Match on catch block at 0xc3 in for 0x71cfbb8025
04-22 13:20:00.226 10225 10225 E ArmVmp : Match on catch block at 0xc3 in for 0x71cfbb8025
04-22 13:20:00.243 10225 10225 E ArmVmp : Match on catch block at 0xc3 in for 0x71cfbb8025
04-22 13:20:00.248 10225 10225 E ArmVmp : Match on catch block at 0xc3 in for 0x71cfbb8025
04-22 13:20:00.262 10225 10225 E ArmVmp : Match on catch block at 0xc3 in for 0x71cfbb8025
04-22 13:20:00.267 10225 10225 E ArmVmp : Match on catch block at 0xc3 in for 0x71cfbb8025
04-22 13:20:00.297 10225 10225 E ArmVmp : Match on catch block at 0xc3 in for 0x71cfbb8025
04-22 13:20:00.322 10225 10225 E ArmVmp : Match on catch block at 0xc3 in for 0x71cfbb8025
04-22 13:20:00.394 10225 10225 E ArmVmp : Match on catch block at 0xc3 in for 0x71cfbb8025
04-22 13:20:00.409 10225 10225 E ArmVmp : Match on catch block at 0xc3 in for 0x71cfbb8025
04-22 13:20:00.418 10225 10225 E ArmVmp : Match on catch block at 0xc3 in for 0x71cfbb8025
04-22 13:20:00.423 10225 10225 E ArmVmp : Match on catch block at 0xc3 in for 0x71cfbb8025
04-22 13:20:00.431 10225 10225 E ArmVmp : Match on catch block at 0xc3 in for 0x71cfbb8025
04-22 13:20:00.439 10225 10225 E ArmVmp : Match on catch block at 0xc3 in for 0x71cfbb8025
04-22 13:20:02.265 10225 10303 E SQLiteDatabase: Error inserting transferred=0 media_job_uuid=59551e59-2110-4e8b-aba2-b8ba029bc59d transcoded=1 gif_attribution=0 first_scan_length=0 direct_path=null thumbnail_height_width_ratio=1.3125 is_animated_sticker=0 file_hash=null file_path=/data/user/0/com.mbwhatsapp/files/.Shared/d1c5bc0e-1161-467a-8745- f84ca10c6949.jpg file_size=1897708 partial_media_hash=null face_x=0 face_y=0 height=4000 trim_to=0 media_key_timestamp=0 message_url=null media_caption=null trim_from=0 mime_type=null partial_media_enc_hash=null width=3011 original_file_hash=R4u/ITOSph6UAe3+1kslHvGnKjcWnMytf9YApI2cNT8= has_streaming_sidecar=0 autotransfer_retry_enabled=1 media_upload_handle=null message_row_id=10969 multicast_id=null enc_file_hash=null mute_video=0 page_count=0 first_scan_sidecar=null suspicious_content=0 file_length=1897708 media_name=d1c5bc0e-1161-467a-8745-f84ca10c6949.jpg media_duration=0 chat_row_id=164 media_key=null
04-22 13:20:02.265 10225 10303 E SQLiteDatabase: android.database.sqlite.SQLiteConstraintException: UNIQUE constraint failed: message_media.message_row_id (code 1555 SQLITE_CONSTRAINT_PRIMARYKEY)
04-22 13:20:02.265 10225 10303 E SQLiteDatabase: at android.database.sqlite.SQLiteConnection.nativeExecuteForLastInsertedRowId(Native Method)
04-22 13:20:02.265 10225 10303 E SQLiteDatabase: at android.database.sqlite.SQLiteConnection.executeForLastInsertedRowId(SQLiteConnecti on.java:961)
04-22 13:20:02.265 10225 10303 E SQLiteDatabase: at android.database.sqlite.SQLiteSession.executeForLastInsertedRowId(SQLiteSession.jav a:790)
04-22 13:20:02.265 10225 10303 E SQLiteDatabase: at android.database.sqlite.SQLiteStatement.executeInsert(SQLiteStatement.java:89)
04-22 13:20:02.265 10225 10303 E SQLiteDatabase: at android.database.sqlite.SQLiteDatabase.insertWithOnConflict(SQLiteDatabase.java:187 0)
04-22 13:20:02.265 10225 10303 E SQLiteDatabase: at android.database.sqlite.SQLiteDatabase.insert(SQLiteDatabase.java:1739)
04-22 13:20:02.265 10225 10303 E SQLiteDatabase: at X.2tm.A08(Unknown Source:6)
04-22 13:20:02.265 10225 10303 E SQLiteDatabase: at X.35Y.A07(Unknown Source:212)
04-22 13:20:02.265 10225 10303 E SQLiteDatabase: at X.3QF.A14(Unknown Source:470)
04-22 13:20:02.265 10225 10303 E SQLiteDatabase: at X.3gU.run(Unknown Source:982)
04-22 13:20:02.265 10225 10303 E SQLiteDatabase: at android.os.Handler.handleCallback(Handler.java:958)
04-22 13:20:02.265 10225 10303 E SQLiteDatabase: at android.os.Handler.dispatchMessage(Handler.java:99)
04-22 13:20:02.265 10225 10303 E SQLiteDatabase: at X.0zq.dispatchMessage(Unknown Source:4)
04-22 13:20:02.265 10225 10303 E SQLiteDatabase: at android.os.Looper.loopOnce(Looper.java:222)
04-22 13:20:02.265 10225 10303 E SQLiteDatabase: at android.os.Looper.loop(Looper.java:314)
04-22 13:20:02.265 10225 10303 E SQLiteDatabase: at android.os.HandlerThread.run(HandlerThread.java:67)
04-22 13:20:02.584 10225 13146 W System : ClassLoader referenced unknown path:
04-22 13:20:02.865 10225 10303 E SQLiteDatabase: Error inserting transferred=0 media_job_uuid=146a2ad0-2afb-43db-9989-f344561cf651 transcoded=1 gif_attribution=0 first_scan_length=0 direct_path=null thumbnail_height_width_ratio=1.3125 is_animated_sticker=0 file_hash=null file_path=/data/user/0/com.mbwhatsapp/files/.Shared/ead57023-99ff-438a-b1f2- faf229853ae1.jpg file_size=2159070 partial_media_hash=null face_x=0 face_y=0 height=4000 trim_to=0 media_key_timestamp=0 message_url=null media_caption=null trim_from=0 mime_type=null partial_media_enc_hash=null width=3011 original_file_hash=Fewy+LlVbNNMviNc1MrLbLhrtHvqztuvDIES6joAz00= has_streaming_sidecar=0 autotransfer_retry_enabled=1 media_upload_handle=null message_row_id=10970 multicast_id=null enc_file_hash=null mute_video=0 page_count=0 first_scan_sidecar=null suspicious_content=0 file_length=2159070 media_name=ead57023-99ff-438a-b1f2-faf229853ae1.jpg media_duration=0 chat_row_id=164 media_key=null
04-22 13:20:02.865 10225 10303 E SQLiteDatabase: android.database.sqlite.SQLiteConstraintException: UNIQUE constraint failed: message_media.message_row_id (code 1555 SQLITE_CONSTRAINT_PRIMARYKEY)
04-22 13:20:02.865 10225 10303 E SQLiteDatabase: at android.database.sqlite.SQLiteConnection.nativeExecuteForLastInsertedRowId(Native Method)
04-22 13:20:02.865 10225 10303 E SQLiteDatabase: at android.database.sqlite.SQLiteConnection.executeForLastInsertedRowId(SQLiteConnecti on.java:961)
04-22 13:20:02.865 10225 10303 E SQLiteDatabase: at android.database.sqlite.SQLiteSession.executeForLastInsertedRowId(SQLiteSession.jav a:790)
04-22 13:20:02.865 10225 10303 E SQLiteDatabase: at android.database.sqlite.SQLiteStatement.executeInsert(SQLiteStatement.java:89)
04-22 13:20:02.865 10225 10303 E SQLiteDatabase: at android.database.sqlite.SQLiteDatabase.insertWithOnConflict(SQLiteDatabase.java:187 0)
04-22 13:20:02.865 10225 10303 E SQLiteDatabase: at android.database.sqlite.SQLiteDatabase.insert(SQLiteDatabase.java:1739)
04-22 13:20:02.865 10225 10303 E SQLiteDatabase: at X.2tm.A08(Unknown Source:6)
04-22 13:20:02.865 10225 10303 E SQLiteDatabase: at X.35Y.A07(Unknown Source:212)
04-22 13:20:02.865 10225 10303 E SQLiteDatabase: at X.3QF.A14(Unknown Source:470)
04-22 13:20:02.865 10225 10303 E SQLiteDatabase: at X.3gU.run(Unknown Source:982)
04-22 13:20:02.865 10225 10303 E SQLiteDatabase: at android.os.Handler.handleCallback(Handler.java:958)
04-22 13:20:02.865 10225 10303 E SQLiteDatabase: at android.os.Handler.dispatchMessage(Handler.java:99)
04-22 13:20:02.865 10225 10303 E SQLiteDatabase: at X.0zq.dispatchMessage(Unknown Source:4)
04-22 13:20:02.865 10225 10303 E SQLiteDatabase: at android.os.Looper.loopOnce(Looper.java:222)
04-22 13:20:02.865 10225 10303 E SQLiteDatabase: at android.os.Looper.loop(Looper.java:314)
04-22 13:20:02.865 10225 10303 E SQLiteDatabase: at android.os.HandlerThread.run(HandlerThread.java:67)
04-22 13:20:02.936 10225 13160 W chromium: [0422/132002.936088:WARNING:dns_config_service_android.cc(81)] Failed to read DnsConfig.
04-22 13:20:03.005 10225 13166 E chromium: [0422/132003.005937:ERROR:cronet_context.cc(158)] Invalid QUIC hint host: .whatsapp.com
04-22 13:20:03.006 10225 13166 E chromium: [0422/132003.006027:ERROR:cronet_context.cc(158)] Invalid QUIC hint host: .cdninstagram.com
04-22 13:20:03.006 10225 13166 E chromium: [0422/132003.006054:ERROR:cronet_context.cc(158)] Invalid QUIC hint host: .fbcdn.net
04-22 13:20:03.006 10225 13166 E chromium: [0422/132003.006078:ERROR:cronet_context.cc(158)] Invalid QUIC hint host: .facebook.com
04-22 13:20:03.006 10225 13166 E chromium: [0422/132003.006101:ERROR:cronet_context.cc(158)] Invalid QUIC hint host: .instagram.com
04-22 13:20:03.006 10225 13166 E chromium: [0422/132003.006124:ERROR:cronet_context.cc(158)] Invalid QUIC hint host: .whatsapp.net
04-22 13:20:03.172 10225 10246 W com.mbwhatsapp: Suspending all threads took: 9.414ms
04-22 13:20:03.436 10225 10303 E SQLiteDatabase: Error inserting transferred=0 media_job_uuid=a540ab91-2002-46bb-88a0-460a7a0425b4 transcoded=1 gif_attribution=0 first_scan_length=0 direct_path=null thumbnail_height_width_ratio=1.3125 is_animated_sticker=0 file_hash=null file_path=/data/user/0/com.mbwhatsapp/files/.Shared/5fe3ef6e-3b88-4314-bfb4- 8fff91605de9.jpg file_size=2286964 partial_media_hash=null face_x=0 face_y=0 height=4000 trim_to=0 media_key_timestamp=0 message_url=null media_caption=null trim_from=0 mime_type=null partial_media_enc_hash=null width=3011 original_file_hash=7XI/gikTruKlxVRT0I4J+WRVGeTVVnRO4z2Ux2V/i9k= has_streaming_sidecar=0 autotransfer_retry_enabled=1 media_upload_handle=null message_row_id=10972 multicast_id=null enc_file_hash=null mute_video=0 page_count=0 first_scan_sidecar=null suspicious_content=0 file_length=2286964 media_name=5fe3ef6e-3b88-4314-bfb4-8fff91605de9.jpg media_duration=0 chat_row_id=164 media_key=null
04-22 13:20:03.436 10225 10303 E SQLiteDatabase: android.database.sqlite.SQLiteConstraintException: UNIQUE constraint failed: message_media.message_row_id (code 1555 SQLITE_CONSTRAINT_PRIMARYKEY)
04-22 13:20:03.436 10225 10303 E SQLiteDatabase: at android.database.sqlite.SQLiteConnection.nativeExecuteForLastInsertedRowId(Native Method)
04-22 13:20:03.436 10225 10303 E SQLiteDatabase: at android.database.sqlite.SQLiteConnection.executeForLastInsertedRowId(SQLiteConnecti on.java:961)
04-22 13:20:03.436 10225 10303 E SQLiteDatabase: at android.database.sqlite.SQLiteSession.executeForLastInsertedRowId(SQLiteSession.jav a:790)
04-22 13:20:03.436 10225 10303 E SQLiteDatabase: at android.database.sqlite.SQLiteStatement.executeInsert(SQLiteStatement.java:89)
04-22 13:20:03.436 10225 10303 E SQLiteDatabase: at android.database.sqlite.SQLiteDatabase.insertWithOnConflict(SQLiteDatabase.java:187 0)
04-22 13:20:03.436 10225 10303 E SQLiteDatabase: at android.database.sqlite.SQLiteDatabase.insert(SQLiteDatabase.java:1739)
04-22 13:20:03.436 10225 10303 E SQLiteDatabase: at X.2tm.A08(Unknown Source:6)
04-22 13:20:03.436 10225 10303 E SQLiteDatabase: at X.35Y.A07(Unknown Source:212)
04-22 13:20:03.436 10225 10303 E SQLiteDatabase: at X.3QF.A14(Unknown Source:470)
04-22 13:20:03.436 10225 10303 E SQLiteDatabase: at X.3gU.run(Unknown Source:982)
04-22 13:20:03.436 10225 10303 E SQLiteDatabase: at android.os.Handler.handleCallback(Handler.java:958)
04-22 13:20:03.436 10225 10303 E SQLiteDatabase: at android.os.Handler.dispatchMessage(Handler.java:99)
04-22 13:20:03.436 10225 10303 E SQLiteDatabase: at X.0zq.dispatchMessage(Unknown Source:4)
04-22 13:20:03.436 10225 10303 E SQLiteDatabase: at android.os.Looper.loopOnce(Looper.java:222)
04-22 13:20:03.436 10225 10303 E SQLiteDatabase: at android.os.Looper.loop(Looper.java:314)
04-22 13:20:03.436 10225 10303 E SQLiteDatabase: at android.os.HandlerThread.run(HandlerThread.java:67)
04-22 13:20:04.126 10225 10303 E SQLiteDatabase: Error inserting transferred=0 media_job_uuid=4abeaea1-e8c5-4e49-baa5-b50f908f6ec8 transcoded=1 gif_attribution=0 first_scan_length=0 direct_path=null thumbnail_height_width_ratio=1.3125 is_animated_sticker=0 file_hash=null file_path=/data/user/0/com.mbwhatsapp/files/.Shared/4e4334d4-58df-4bbb-9141- f23314958b9c.jpg file_size=2257841 partial_media_hash=null face_x=0 face_y=0 height=4000 trim_to=0 media_key_timestamp=0 message_url=null media_caption=null trim_from=0 mime_type=null partial_media_enc_hash=null width=3011 original_file_hash=CsDnHELwyHzLZotG4+qBsJoO73IPlGIjS6/vvqPyDiU= has_streaming_sidecar=0 autotransfer_retry_enabled=1 media_upload_handle=null message_row_id=10971 multicast_id=null enc_file_hash=null mute_video=0 page_count=0 first_scan_sidecar=null suspicious_content=0 file_length=2257841 media_name=4e4334d4-58df-4bbb-9141-f23314958b9c.jpg media_duration=0 chat_row_id=164 media_key=null
04-22 13:20:04.126 10225 10303 E SQLiteDatabase: android.database.sqlite.SQLiteConstraintException: UNIQUE constraint failed: message_media.message_row_id (code 1555 SQLITE_CONSTRAINT_PRIMARYKEY)
04-22 13:20:04.126 10225 10303 E SQLiteDatabase: at android.database.sqlite.SQLiteConnection.nativeExecuteForLastInsertedRowId(Native Method)
04-22 13:20:04.126 10225 10303 E SQLiteDatabase: at android.database.sqlite.SQLiteConnection.executeForLastInsertedRowId(SQLiteConnecti on.java:961)
04-22 13:20:04.126 10225 10303 E SQLiteDatabase: at android.database.sqlite.SQLiteSession.executeForLastInsertedRowId(SQLiteSession.jav a:790)
04-22 13:20:04.126 10225 10303 E SQLiteDatabase: at android.database.sqlite.SQLiteStatement.executeInsert(SQLiteStatement.java:89)
04-22 13:20:04.126 10225 10303 E SQLiteDatabase: at android.database.sqlite.SQLiteDatabase.insertWithOnConflict(SQLiteDatabase.java:187 0)
04-22 13:20:04.126 10225 10303 E SQLiteDatabase: at android.database.sqlite.SQLiteDatabase.insert(SQLiteDatabase.java:1739)
04-22 13:20:04.126 10225 10303 E SQLiteDatabase: at X.2tm.A08(Unknown Source:6)
04-22 13:20:04.126 10225 10303 E SQLiteDatabase: at X.35Y.A07(Unknown Source:212)
04-22 13:20:04.126 10225 10303 E SQLiteDatabase: at X.3QF.A14(Unknown Source:470)
04-22 13:20:04.126 10225 10303 E SQLiteDatabase: at X.3gU.run(Unknown Source:982)
04-22 13:20:04.126 10225 10303 E SQLiteDatabase: at android.os.Handler.handleCallback(Handler.java:958)
04-22 13:20:04.126 10225 10303 E SQLiteDatabase: at android.os.Handler.dispatchMessage(Handler.java:99)
04-22 13:20:04.126 10225 10303 E SQLiteDatabase: at X.0zq.dispatchMessage(Unknown Source:4)
04-22 13:20:04.126 10225 10303 E SQLiteDatabase: at android.os.Looper.loopOnce(Looper.java:222)
04-22 13:20:04.126 10225 10303 E SQLiteDatabase: at android.os.Looper.loop(Looper.java:314)
04-22 13:20:04.126 10225 10303 E SQLiteDatabase: at android.os.HandlerThread.run(HandlerThread.java:67)
04-22 13:20:10.825 10225 10303 E SQLiteDatabase: Error inserting transferred=0 media_job_uuid=ec5a1580-5f47-4851-ab4c-2427405a4c03 transcoded=1 gif_attribution=0 first_scan_length=0 direct_path=null thumbnail_height_width_ratio=1.3125 is_animated_sticker=0 file_hash=null file_path=/data/user/0/com.mbwhatsapp/files/.Shared/0bb02a9c-4449-4805-b105- 9fecb371fffa.jpg file_size=2343753 partial_media_hash=null face_x=0 face_y=0 height=4000 trim_to=0 media_key_timestamp=0 message_url=null media_caption=null trim_from=0 mime_type=null partial_media_enc_hash=null width=3011 original_file_hash=WN4JMHT34IOcdVJyXD1uVWZuUF/+G182YnhziI/D1gw= has_streaming_sidecar=0 autotransfer_retry_enabled=1 media_upload_handle=null message_row_id=10974 multicast_id=null enc_file_hash=null mute_video=0 page_count=0 first_scan_sidecar=null suspicious_content=0 file_length=2343753 media_name=0bb02a9c-4449-4805-b105-9fecb371fffa.jpg media_duration=0 chat_row_id=164 media_key=null
04-22 13:20:10.825 10225 10303 E SQLiteDatabase: android.database.sqlite.SQLiteConstraintException: UNIQUE constraint failed: message_media.message_row_id (code 1555 SQLITE_CONSTRAINT_PRIMARYKEY)
04-22 13:20:10.825 10225 10303 E SQLiteDatabase: at android.database.sqlite.SQLiteConnection.nativeExecuteForLastInsertedRowId(Native Method)
04-22 13:20:10.825 10225 10303 E SQLiteDatabase: at android.database.sqlite.SQLiteConnection.executeForLastInsertedRowId(SQLiteConnecti on.java:961)
04-22 13:20:10.825 10225 10303 E SQLiteDatabase: at android.database.sqlite.SQLiteSession.executeForLastInsertedRowId(SQLiteSession.jav a:790)
04-22 13:20:10.825 10225 10303 E SQLiteDatabase: at android.database.sqlite.SQLiteStatement.executeInsert(SQLiteStatement.java:89)
04-22 13:20:10.825 10225 10303 E SQLiteDatabase: at android.database.sqlite.SQLiteDatabase.insertWithOnConflict(SQLiteDatabase.java:187 0)
04-22 13:20:10.825 10225 10303 E SQLiteDatabase: at android.database.sqlite.SQLiteDatabase.insert(SQLiteDatabase.java:1739)
04-22 13:20:10.825 10225 10303 E SQLiteDatabase: at X.2tm.A08(Unknown Source:6)
04-22 13:20:10.825 10225 10303 E SQLiteDatabase: at X.35Y.A07(Unknown Source:212)
04-22 13:20:10.825 10225 10303 E SQLiteDatabase: at X.3QF.A14(Unknown Source:470)
04-22 13:20:10.825 10225 10303 E SQLiteDatabase: at X.3gU.run(Unknown Source:982)
04-22 13:20:10.825 10225 10303 E SQLiteDatabase: at android.os.Handler.handleCallback(Handler.java:958)
04-22 13:20:10.825 10225 10303 E SQLiteDatabase: at android.os.Handler.dispatchMessage(Handler.java:99)
04-22 13:20:10.825 10225 10303 E SQLiteDatabase: at X.0zq.dispatchMessage(Unknown Source:4)
04-22 13:20:10.825 10225 10303 E SQLiteDatabase: at android.os.Looper.loopOnce(Looper.java:222)
04-22 13:20:10.825 10225 10303 E SQLiteDatabase: at android.os.Looper.loop(Looper.java:314)
04-22 13:20:10.825 10225 10303 E SQLiteDatabase: at android.os.HandlerThread.run(HandlerThread.java:67)
04-22 13:20:11.199 10225 10303 E SQLiteDatabase: Error inserting transferred=0 media_job_uuid=9c0ae925-6ee0-4bdb-9a28-fce7c0d65f99 transcoded=1 gif_attribution=0 first_scan_length=0 direct_path=null thumbnail_height_width_ratio=1.3125 is_animated_sticker=0 file_hash=null file_path=/data/user/0/com.mbwhatsapp/files/.Shared/cba6b954-0f37-451d-acaa- 58375ae2e0a7.jpg file_size=2424814 partial_media_hash=null face_x=0 face_y=0 height=4000 trim_to=0 media_key_timestamp=0 message_url=null media_caption=null trim_from=0 mime_type=null partial_media_enc_hash=null width=3011 original_file_hash=5HByKehVqFmftg3eqDzQOGXMiqpoFEc+W8r3lPAnfJA= has_streaming_sidecar=0 autotransfer_retry_enabled=1 media_upload_handle=null message_row_id=10973 multicast_id=null enc_file_hash=null mute_video=0 page_count=0 first_scan_sidecar=null suspicious_content=0 file_length=2424814 media_name=cba6b954-0f37-451d-acaa-58375ae2e0a7.jpg media_duration=0 chat_row_id=164 media_key=null
04-22 13:20:11.199 10225 10303 E SQLiteDatabase: android.database.sqlite.SQLiteConstraintException: UNIQUE constraint failed: message_media.message_row_id (code 1555 SQLITE_CONSTRAINT_PRIMARYKEY)
04-22 13:20:11.199 10225 10303 E SQLiteDatabase: at android.database.sqlite.SQLiteConnection.nativeExecuteForLastInsertedRowId(Native Method)
04-22 13:20:11.199 10225 10303 E SQLiteDatabase: at android.database.sqlite.SQLiteConnection.executeForLastInsertedRowId(SQLiteConnecti on.java:961)
04-22 13:20:11.199 10225 10303 E SQLiteDatabase: at android.database.sqlite.SQLiteSession.executeForLastInsertedRowId(SQLiteSession.jav a:790)
04-22 13:20:11.199 10225 10303 E SQLiteDatabase: at android.database.sqlite.SQLiteStatement.executeInsert(SQLiteStatement.java:89)
04-22 13:20:11.199 10225 10303 E SQLiteDatabase: at android.database.sqlite.SQLiteDatabase.insertWithOnConflict(SQLiteDatabase.java:187 0)
04-22 13:20:11.199 10225 10303 E SQLiteDatabase: at android.database.sqlite.SQLiteDatabase.insert(SQLiteDatabase.java:1739)
04-22 13:20:11.199 10225 10303 E SQLiteDatabase: at X.2tm.A08(Unknown Source:6)
04-22 13:20:11.199 10225 10303 E SQLiteDatabase: at X.35Y.A07(Unknown Source:212)
04-22 13:20:11.199 10225 10303 E SQLiteDatabase: at X.3QF.A14(Unknown Source:470)
04-22 13:20:11.199 10225 10303 E SQLiteDatabase: at X.3gU.run(Unknown Source:982)
04-22 13:20:11.199 10225 10303 E SQLiteDatabase: at android.os.Handler.handleCallback(Handler.java:958)
04-22 13:20:11.199 10225 10303 E SQLiteDatabase: at android.os.Handler.dispatchMessage(Handler.java:99)
04-22 13:20:11.199 10225 10303 E SQLiteDatabase: at X.0zq.dispatchMessage(Unknown Source:4)
04-22 13:20:11.199 10225 10303 E SQLiteDatabase: at android.os.Looper.loopOnce(Looper.java:222)
04-22 13:20:11.199 10225 10303 E SQLiteDatabase: at android.os.Looper.loop(Looper.java:314)
04-22 13:20:11.199 10225 10303 E SQLiteDatabase: at android.os.HandlerThread.run(HandlerThread.java:67)
04-22 13:20:11.539 10225 10225 E ArmVmp : Match on catch block at 0x0a in for 0x71cfbb8035
04-22 13:20:11.561 10225 12627 E ArmVmp : Match on catch block at 0x48 in for 0x71cc8bd421
04-22 13:20:11.561 10225 12627 W System.err: java.net.UnknownHostException: Unable to resolve host "translate.googleapis.com": No address associated with hostname
04-22 13:20:11.562 10225 12627 W System.err: at java.net.Inet6AddressImpl.lookupHostByName(Inet6AddressImpl.java:156)
04-22 13:20:11.562 10225 12627 W System.err: at java.net.Inet6AddressImpl.lookupAllHostAddr(Inet6AddressImpl.java:103)
04-22 13:20:11.562 10225 12627 W System.err: at java.net.InetAddress.getAllByName(InetAddress.java:1152)
04-22 13:20:11.562 10225 12627 W System.err: at com.android.okhttp.Dns$1.lookup(Dns.java:41)
04-22 13:20:11.562 10225 12627 W System.err: at com.android.okhttp.internal.http.RouteSelector.resetNextInetSocketAddress(RouteSele ctor.java:178)
04-22 13:20:11.562 10225 12627 W System.err: at com.android.okhttp.internal.http.RouteSelector.nextProxy(RouteSelector.java:144)
04-22 13:20:11.564 10225 12627 W System.err: at com.android.okhttp.internal.http.RouteSelector.next(RouteSelector.java:86)
04-22 13:20:11.564 10225 10225 E ArmVmp : Match on catch block at 0x0a in for 0x71cfbb8035
04-22 13:20:11.565 10225 12627 W System.err: at com.android.okhttp.internal.http.StreamAllocation.findConnection(StreamAllocation.j ava:176)
04-22 13:20:11.565 10225 12627 W System.err: at com.android.okhttp.internal.http.StreamAllocation.findHealthyConnection(StreamAlloc ation.java:128)
04-22 13:20:11.565 10225 12627 W System.err: at com.android.okhttp.internal.http.StreamAllocation.newStream(StreamAllocation.java:9 7)
04-22 13:20:11.565 10225 12627 W System.err: at com.android.okhttp.internal.http.HttpEngine.connect(HttpEngine.java:289)
04-22 13:20:11.565 10225 12627 W System.err: at com.android.okhttp.internal.http.HttpEngine.sendRequest(HttpEngine.java:232)
04-22 13:20:11.565 10225 12627 W System.err: at com.android.okhttp.internal.huc.HttpURLConnectionImpl.execute(HttpURLConnectionImpl .java:465)
04-22 13:20:11.565 10225 12627 W System.err: at com.android.okhttp.internal.huc.HttpURLConnectionImpl.connect(HttpURLConnectionImpl .java:131)
04-22 13:20:11.565 10225 12627 W System.err: at com.android.okhttp.internal.huc.DelegatingHttpsURLConnection.connect(DelegatingHttp sURLConnection.java:90)
04-22 13:20:11.565 10225 12627 W System.err: at com.android.okhttp.internal.huc.HttpsURLConnectionImpl.connect(HttpsURLConnectionIm pl.java:30)
04-22 13:20:11.565 10225 12627 W System.err: at mbmodsd.mbmodsw.home.MBTranslator.translate(Native Method)
04-22 13:20:11.565 10225 12627 W System.err: at mbmodsd.mbmodsw.home.MBTranslator$Async.doInBackground(Native Method)
04-22 13:20:11.567 10225 12627 W System.err: at mbmodsd.mbmodsw.home.MBTranslator$Async.doInBackground(Native Method)
04-22 13:20:11.567 10225 12627 W System.err: at android.os.AsyncTask$3.call(AsyncTask.java:394)
04-22 13:20:11.567 10225 12627 W System.err: at java.util.concurrent.FutureTask.run(FutureTask.java:264)
04-22 13:20:11.567 10225 12627 W System.err: at android.os.AsyncTask$SerialExecutor$1.run(AsyncTask.java:305)
04-22 13:20:11.567 10225 12627 W System.err: at java.util.concurrent.ThreadPoolExecutor.runWorker(ThreadPoolExecutor.java:1145)
04-22 13:20:11.567 10225 12627 W System.err: at java.util.concurrent.ThreadPoolExecutor$Worker.run(ThreadPoolExecutor.java:644)
04-22 13:20:11.568 10225 12627 W System.err: at java.lang.Thread.run(Thread.java:1012)
04-22 13:20:11.568 10225 12627 W System.err: Caused by: android.system.GaiException: android_getaddrinfo failed: EAI_NODATA (No address associated with hostname)
04-22 13:20:11.568 10225 12627 W System.err: at libcore.io.Linux.android_getaddrinfo(Native Method)
04-22 13:20:11.568 10225 12627 W System.err: at libcore.io.ForwardingOs.android_getaddrinfo(ForwardingOs.java:133)
04-22 13:20:11.568 10225 12627 W System.err: at libcore.io.BlockGuardOs.android_getaddrinfo(BlockGuardOs.java:222)
04-22 13:20:11.568 10225 12627 W System.err: at libcore.io.ForwardingOs.android_getaddrinfo(ForwardingOs.java:133)
04-22 13:20:11.568 10225 12627 W System.err: at java.net.Inet6AddressImpl.lookupHostByName(Inet6AddressImpl.java:135)
04-22 13:20:11.568 10225 12627 W System.err: ... 24 more
04-22 13:20:11.569 10225 12627 E ArmVmp : Match on catch block at 0x48 in for 0x71cc8bd425
04-22 13:20:11.570 10225 12627 W System.err: java.net.UnknownHostException: Unable to resolve host "translate.googleapis.com": No address associated with hostname
04-22 13:20:11.570 10225 12627 W System.err: at java.net.Inet6AddressImpl.lookupHostByName(Inet6AddressImpl.java:124)
04-22 13:20:11.570 10225 12627 W System.err: at java.net.Inet6AddressImpl.lookupAllHostAddr(Inet6AddressImpl.java:103)
04-22 13:20:11.572 10225 12627 W System.err: at java.net.InetAddress.getAllByName(InetAddress.java:1152)
04-22 13:20:11.572 10225 12627 W System.err: at com.android.okhttp.Dns$1.lookup(Dns.java:41)
04-22 13:20:11.572 10225 12627 W System.err: at com.android.okhttp.internal.http.RouteSelector.resetNextInetSocketAddress(RouteSele ctor.java:178)
04-22 13:20:11.572 10225 12627 W System.err: at com.android.okhttp.internal.http.RouteSelector.nextProxy(RouteSelector.java:144)
04-22 13:20:11.572 10225 12627 W System.err: at com.android.okhttp.internal.http.RouteSelector.next(RouteSelector.java:86)
04-22 13:20:11.572 10225 12627 W System.err: at com.android.okhttp.internal.http.StreamAllocation.findConnection(StreamAllocation.j ava:176)
04-22 13:20:11.572 10225 12627 W System.err: at com.android.okhttp.internal.http.StreamAllocation.findHealthyConnection(StreamAlloc ation.java:128)
04-22 13:20:11.572 10225 12627 W System.err: at com.android.okhttp.internal.http.StreamAllocation.newStream(StreamAllocation.java:9 7)
04-22 13:20:11.572 10225 12627 W System.err: at com.android.okhttp.internal.http.HttpEngine.connect(HttpEngine.java:289)
04-22 13:20:11.573 10225 12627 W System.err: at com.android.okhttp.internal.http.HttpEngine.sendRequest(HttpEngine.java:232)
04-22 13:20:11.573 10225 12627 W System.err: at com.android.okhttp.internal.huc.HttpURLConnectionImpl.execute(HttpURLConnectionImpl .java:465)
04-22 13:20:11.573 10225 12627 W System.err: at com.android.okhttp.internal.huc.HttpURLConnectionImpl.connect(HttpURLConnectionImpl .java:131)
04-22 13:20:11.573 10225 12627 W System.err: at com.android.okhttp.internal.huc.DelegatingHttpsURLConnection.connect(DelegatingHttp sURLConnection.java:90)
04-22 13:20:11.573 10225 12627 W System.err: at com.android.okhttp.internal.huc.HttpsURLConnectionImpl.connect(HttpsURLConnectionIm pl.java:30)
04-22 13:20:11.573 10225 12627 W System.err: at mbmodsd.mbmodsw.home.MBTranslator.translate(Native Method)
04-22 13:20:11.573 10225 12627 W System.err: at mbmodsd.mbmodsw.home.MBTranslator$Async.doInBackground(Native Method)
04-22 13:20:11.573 10225 12627 W System.err: at mbmodsd.mbmodsw.home.MBTranslator$Async.doInBackground(Native Method)
04-22 13:20:11.573 10225 12627 W System.err: at android.os.AsyncTask$3.call(AsyncTask.java:394)
04-22 13:20:11.573 10225 12627 W System.err: at java.util.concurrent.FutureTask.run(FutureTask.java:264)
04-22 13:20:11.573 10225 12627 W System.err: at android.os.AsyncTask$SerialExecutor$1.run(AsyncTask.java:305)
04-22 13:20:11.573 10225 12627 W System.err: at java.util.concurrent.ThreadPoolExecutor.runWorker(ThreadPoolExecutor.java:1145)
04-22 13:20:11.573 10225 12627 W System.err: at java.util.concurrent.ThreadPoolExecutor$Worker.run(ThreadPoolExecutor.java:644)
04-22 13:20:11.573 10225 12627 W System.err: at java.lang.Thread.run(Thread.java:1012)
04-22 13:20:11.580 10225 10225 W Activity: PerfMonitor: Slow Operation: Activity com.mbwhatsapp/.Conversation onStart took 126ms
04-22 13:20:11.727 10225 12147 E OpenGLRenderer: Unable to match the desired swap behavior.
04-22 13:20:11.770 10225 10303 E SQLiteDatabase: Error inserting transferred=0 media_job_uuid=39efb777-23fb-462d-a815-8e7edf8005d5 transcoded=1 gif_attribution=0 first_scan_length=0 direct_path=null thumbnail_height_width_ratio=1.3125 is_animated_sticker=0 file_hash=null file_path=/data/user/0/com.mbwhatsapp/files/.Shared/067dc1f3-f92e-490f-90f3- 9f9d3d7b4232.jpg file_size=2643803 partial_media_hash=null face_x=0 face_y=0 height=4000 trim_to=0 media_key_timestamp=0 message_url=null media_caption=null trim_from=0 mime_type=null partial_media_enc_hash=null width=3011 original_file_hash=KVzSL7PK9yZpzGHALMVrDY4/IBMotjkua7bHaRVCbuE= has_streaming_sidecar=0 autotransfer_retry_enabled=1 media_upload_handle=null message_row_id=10975 multicast_id=null enc_file_hash=null mute_video=0 page_count=0 first_scan_sidecar=null suspicious_content=0 file_length=2643803 media_name=067dc1f3-f92e-490f-90f3-9f9d3d7b4232.jpg media_duration=0 chat_row_id=164 media_key=null
04-22 13:20:11.770 10225 10303 E SQLiteDatabase: android.database.sqlite.SQLiteConstraintException: UNIQUE constraint failed: message_media.message_row_id (code 1555 SQLITE_CONSTRAINT_PRIMARYKEY)
04-22 13:20:11.770 10225 10303 E SQLiteDatabase: at android.database.sqlite.SQLiteConnection.nativeExecuteForLastInsertedRowId(Native Method)
04-22 13:20:11.770 10225 10303 E SQLiteDatabase: at android.database.sqlite.SQLiteConnection.executeForLastInsertedRowId(SQLiteConnecti on.java:961)
04-22 13:20:11.770 10225 10303 E SQLiteDatabase: at android.database.sqlite.SQLiteSession.executeForLastInsertedRowId(SQLiteSession.jav a:790)
04-22 13:20:11.770 10225 10303 E SQLiteDatabase: at android.database.sqlite.SQLiteStatement.executeInsert(SQLiteStatement.java:89)
04-22 13:20:11.770 10225 10303 E SQLiteDatabase: at android.database.sqlite.SQLiteDatabase.insertWithOnConflict(SQLiteDatabase.java:187 0)
04-22 13:20:11.770 10225 10303 E SQLiteDatabase: at android.database.sqlite.SQLiteDatabase.insert(SQLiteDatabase.java:1739)
04-22 13:20:11.770 10225 10303 E SQLiteDatabase: at X.2tm.A08(Unknown Source:6)
04-22 13:20:11.770 10225 10303 E SQLiteDatabase: at X.35Y.A07(Unknown Source:212)
04-22 13:20:11.770 10225 10303 E SQLiteDatabase: at X.3QF.A14(Unknown Source:470)
04-22 13:20:11.770 10225 10303 E SQLiteDatabase: at X.3gU.run(Unknown Source:982)
04-22 13:20:11.770 10225 10303 E SQLiteDatabase: at android.os.Handler.handleCallback(Handler.java:958)
04-22 13:20:11.770 10225 10303 E SQLiteDatabase: at android.os.Handler.dispatchMessage(Handler.java:99)
04-22 13:20:11.770 10225 10303 E SQLiteDatabase: at X.0zq.dispatchMessage(Unknown Source:4)
04-22 13:20:11.770 10225 10303 E SQLiteDatabase: at android.os.Looper.loopOnce(Looper.java:222)
04-22 13:20:11.770 10225 10303 E SQLiteDatabase: at android.os.Looper.loop(Looper.java:314)
04-22 13:20:11.770 10225 10303 E SQLiteDatabase: at android.os.HandlerThread.run(HandlerThread.java:67)
04-22 13:20:11.786 10225 10225 E ArmVmp : Match on catch block at 0xc3 in for 0x71cfbb8025
04-22 13:20:11.795 10225 10225 E ArmVmp : Match on catch block at 0xc3 in for 0x71cfbb8025
04-22 13:20:11.975 10225 10303 E SQLiteDatabase: Error inserting transferred=0 media_job_uuid=146a2ad0-2afb-43db-9989-f344561cf651 transcoded=1 gif_attribution=0 first_scan_length=0 direct_path=null thumbnail_height_width_ratio=1.3125 is_animated_sticker=0 file_hash=9gTbIZQYtKdfrulLkicfeZlg+Qhh7hHQTCvVEl1ek5A= file_path=Media/MBWhatsApp Images/Sent/IMG-20240422-WA0001.jpg file_size=2159070 partial_media_hash=null face_x=0 face_y=0 height=4000 trim_to=0 media_key_timestamp=1713770406269 message_url=null media_caption=null trim_from=0 mime_type=null partial_media_enc_hash=null width=3011 original_file_hash=Fewy+LlVbNNMviNc1MrLbLhrtHvqztuvDIES6joAz00= has_streaming_sidecar=0 autotransfer_retry_enabled=1 media_upload_handle=null message_row_id=10970 multicast_id=null enc_file_hash=Au1+7ceZtYqZL4N+bmtJMfciSmcQYuDlqG5iG0MJ9LE= mute_video=0 page_count=0 first_scan_sidecar=null suspicious_content=0 file_length=2159070 media_name=ead57023-99ff-438a-b1f2-faf229853ae1.jpg media_duration=0 chat_row_id=164 media_key=[B@50e003e
04-22 13:20:11.975 10225 10303 E SQLiteDatabase: android.database.sqlite.SQLiteConstraintException: UNIQUE constraint failed: message_media.message_row_id (code 1555 SQLITE_CONSTRAINT_PRIMARYKEY)
04-22 13:20:11.975 10225 10303 E SQLiteDatabase: at android.database.sqlite.SQLiteConnection.nativeExecuteForLastInsertedRowId(Native Method)
04-22 13:20:11.975 10225 10303 E SQLiteDatabase: at android.database.sqlite.SQLiteConnection.executeForLastInsertedRowId(SQLiteConnecti on.java:961)
04-22 13:20:11.975 10225 10303 E SQLiteDatabase: at android.database.sqlite.SQLiteSession.executeForLastInsertedRowId(SQLiteSession.jav a:790)
04-22 13:20:11.975 10225 10303 E SQLiteDatabase: at android.database.sqlite.SQLiteStatement.executeInsert(SQLiteStatement.java:89)
04-22 13:20:11.975 10225 10303 E SQLiteDatabase: at android.database.sqlite.SQLiteDatabase.insertWithOnConflict(SQLiteDatabase.java:187 0)
04-22 13:20:11.975 10225 10303 E SQLiteDatabase: at android.database.sqlite.SQLiteDatabase.insert(SQLiteDatabase.java:1739)
04-22 13:20:11.975 10225 10303 E SQLiteDatabase: at X.2tm.A08(Unknown Source:6)
04-22 13:20:11.975 10225 10303 E SQLiteDatabase: at X.35Y.A07(Unknown Source:212)
04-22 13:20:11.975 10225 10303 E SQLiteDatabase: at X.3QF.A14(Unknown Source:470)
04-22 13:20:11.975 10225 10303 E SQLiteDatabase: at X.3gU.run(Unknown Source:982)
04-22 13:20:11.975 10225 10303 E SQLiteDatabase: at android.os.Handler.handleCallback(Handler.java:958)
04-22 13:20:11.975 10225 10303 E SQLiteDatabase: at android.os.Handler.dispatchMessage(Handler.java:99)
04-22 13:20:11.975 10225 10303 E SQLiteDatabase: at X.0zq.dispatchMessage(Unknown Source:4)
04-22 13:20:11.975 10225 10303 E SQLiteDatabase: at android.os.Looper.loopOnce(Looper.java:222)
04-22 13:20:11.975 10225 10303 E SQLiteDatabase: at android.os.Looper.loop(Looper.java:314)
04-22 13:20:11.975 10225 10303 E SQLiteDatabase: at android.os.HandlerThread.run(HandlerThread.java:67)
04-22 13:20:12.012 10225 10225 E ArmVmp : Match on catch block at 0xc3 in for 0x71cfbb8025
04-22 13:20:12.017 10225 10225 E ArmVmp : Match on catch block at 0xc3 in for 0x71cfbb8025
04-22 13:20:12.088 10225 10225 E ArmVmp : Match on catch block at 0xc3 in for 0x71cfbb8025
04-22 13:20:12.092 10225 10225 E ArmVmp : Match on catch block at 0xc3 in for 0x71cfbb8025
04-22 13:20:12.112 10225 10225 E ArmVmp : Match on catch block at 0xc3 in for 0x71cfbb8025
04-22 13:20:12.117 10225 10225 E ArmVmp : Match on catch block at 0xc3 in for 0x71cfbb8025
04-22 13:20:12.147 10225 10225 E ArmVmp : Match on catch block at 0xc3 in for 0x71cfbb8025
04-22 13:20:12.150 10225 10225 E ArmVmp : Match on catch block at 0xc3 in for 0x71cfbb8025
04-22 13:20:12.158 10225 10225 E ArmVmp : Match on catch block at 0xc3 in for 0x71cfbb8025
04-22 13:20:12.163 10225 10225 E ArmVmp : Match on catch block at 0xc3 in for 0x71cfbb8025
04-22 13:20:12.173 10225 10225 E ArmVmp : Match on catch block at 0xc3 in for 0x71cfbb8025
04-22 13:20:12.181 10225 10225 E ArmVmp : Match on catch block at 0xc3 in for 0x71cfbb8025
04-22 13:20:12.188 10225 10225 E ArmVmp : Match on catch block at 0xc3 in for 0x71cfbb8025
04-22 13:20:12.192 10225 10225 E ArmVmp : Match on catch block at 0xc3 in for 0x71cfbb8025
04-22 13:20:12.200 10225 10225 E ArmVmp : Match on catch block at 0xc3 in for 0x71cfbb8025
04-22 13:20:12.211 10225 10225 E ArmVmp : Match on catch block at 0xc3 in for 0x71cfbb8025
04-22 13:20:12.218 10225 10225 E ArmVmp : Match on catch block at 0xc3 in for 0x71cfbb8025
04-22 13:20:12.223 10225 10225 E ArmVmp : Match on catch block at 0xc3 in for 0x71cfbb8025
04-22 13:20:12.230 10225 10225 E ArmVmp : Match on catch block at 0xc3 in for 0x71cfbb8025
04-22 13:20:12.234 10225 10225 E ArmVmp : Match on catch block at 0xc3 in for 0x71cfbb8025
04-22 13:20:12.243 10225 10225 E ArmVmp : Match on catch block at 0xc3 in for 0x71cfbb8025
04-22 13:20:12.247 10225 10225 E ArmVmp : Match on catch block at 0xc3 in for 0x71cfbb8025
04-22 13:20:12.259 10225 10303 E SQLiteDatabase: Error inserting transferred=0 media_job_uuid=a540ab91-2002-46bb-88a0-460a7a0425b4 transcoded=1 gif_attribution=0 first_scan_length=0 direct_path=null thumbnail_height_width_ratio=1.3125 is_animated_sticker=0 file_hash=QtTFzRFRIGp0He74NnS08DPez5yKZMF/99ITZMeO7C4= file_path=Media/MBWhatsApp Images/Sent/IMG-20240422-WA0002.jpg file_size=2286964 partial_media_hash=null face_x=0 face_y=0 height=4000 trim_to=0 media_key_timestamp=1713770406972 message_url=null media_caption=null trim_from=0 mime_type=null partial_media_enc_hash=null width=3011 original_file_hash=7XI/gikTruKlxVRT0I4J+WRVGeTVVnRO4z2Ux2V/i9k= has_streaming_sidecar=0 autotransfer_retry_enabled=1 media_upload_handle=null message_row_id=10972 multicast_id=null enc_file_hash=qTpNwIPIhJcBfcSmB59vxyVfWyr97UJGBHAdNHyUKhU= mute_video=0 page_count=0 first_scan_sidecar=null suspicious_content=0 file_length=2286964 media_name=5fe3ef6e-3b88-4314-bfb4-8fff91605de9.jpg media_duration=0 chat_row_id=164 media_key=[B@171e911
04-22 13:20:12.259 10225 10303 E SQLiteDatabase: android.database.sqlite.SQLiteConstraintException: UNIQUE constraint failed: message_media.message_row_id (code 1555 SQLITE_CONSTRAINT_PRIMARYKEY)
04-22 13:20:12.259 10225 10303 E SQLiteDatabase: at android.database.sqlite.SQLiteConnection.nativeExecuteForLastInsertedRowId(Native Method)
04-22 13:20:12.259 10225 10303 E SQLiteDatabase: at android.database.sqlite.SQLiteConnection.executeForLastInsertedRowId(SQLiteConnecti on.java:961)
04-22 13:20:12.259 10225 10303 E SQLiteDatabase: at android.database.sqlite.SQLiteSession.executeForLastInsertedRowId(SQLiteSession.jav a:790)
04-22 13:20:12.259 10225 10303 E SQLiteDatabase: at android.database.sqlite.SQLiteStatement.executeInsert(SQLiteStatement.java:89)
04-22 13:20:12.259 10225 10303 E SQLiteDatabase: at android.database.sqlite.SQLiteDatabase.insertWithOnConflict(SQLiteDatabase.java:187 0)
04-22 13:20:12.259 10225 10303 E SQLiteDatabase: at android.database.sqlite.SQLiteDatabase.insert(SQLiteDatabase.java:1739)
04-22 13:20:12.259 10225 10303 E SQLiteDatabase: at X.2tm.A08(Unknown Source:6)
04-22 13:20:12.259 10225 10303 E SQLiteDatabase: at X.35Y.A07(Unknown Source:212)
04-22 13:20:12.259 10225 10303 E SQLiteDatabase: at X.3QF.A14(Unknown Source:470)
04-22 13:20:12.259 10225 10303 E SQLiteDatabase: at X.3gU.run(Unknown Source:982)
04-22 13:20:12.259 10225 10303 E SQLiteDatabase: at android.os.Handler.handleCallback(Handler.java:958)
04-22 13:20:12.259 10225 10303 E SQLiteDatabase: at android.os.Handler.dispatchMessage(Handler.java:99)
04-22 13:20:12.259 10225 10303 E SQLiteDatabase: at X.0zq.dispatchMessage(Unknown Source:4)
04-22 13:20:12.259 10225 10303 E SQLiteDatabase: at android.os.Looper.loopOnce(Looper.java:222)
04-22 13:20:12.259 10225 10303 E SQLiteDatabase: at android.os.Looper.loop(Looper.java:314)
04-22 13:20:12.259 10225 10303 E SQLiteDatabase: at android.os.HandlerThread.run(HandlerThread.java:67)
04-22 13:20:12.286 10225 10225 E ArmVmp : Match on catch block at 0xc3 in for 0x71cfbb8025
04-22 13:20:12.290 10225 10225 E ArmVmp : Match on catch block at 0xc3 in for 0x71cfbb8025
04-22 13:20:12.298 10225 10225 E ArmVmp : Match on catch block at 0xc3 in for 0x71cfbb8025
04-22 13:20:12.304 10225 10225 E ArmVmp : Match on catch block at 0xc3 in for 0x71cfbb8025
04-22 13:20:12.322 10225 10303 E SQLiteDatabase: Error inserting transferred=0 media_job_uuid=59551e59-2110-4e8b-aba2-b8ba029bc59d transcoded=1 gif_attribution=0 first_scan_length=0 direct_path=null thumbnail_height_width_ratio=1.3125 is_animated_sticker=0 file_hash=4y9avJa3NY7JojjBxW5Gl1C/14l0VG3qaHQyXrM7UIM= file_path=Media/MBWhatsApp Images/Sent/IMG-20240422-WA0003.jpg file_size=1897708 partial_media_hash=null face_x=0 face_y=0 height=4000 trim_to=0 media_key_timestamp=1713770406147 message_url=null media_caption=null trim_from=0 mime_type=null partial_media_enc_hash=null width=3011 original_file_hash=R4u/ITOSph6UAe3+1kslHvGnKjcWnMytf9YApI2cNT8= has_streaming_sidecar=0 autotransfer_retry_enabled=1 media_upload_handle=null message_row_id=10969 multicast_id=null enc_file_hash=yCYDwfu/q5u0dF4RWbA7D2Sci77aY5mKDE+wk9bbxVw= mute_video=0 page_count=0 first_scan_sidecar=null suspicious_content=0 file_length=1897708 media_name=d1c5bc0e-1161-467a-8745-f84ca10c6949.jpg media_duration=0 chat_row_id=164 media_key=[B@865824e
04-22 13:20:12.322 10225 10303 E SQLiteDatabase: android.database.sqlite.SQLiteConstraintException: UNIQUE constraint failed: message_media.message_row_id (code 1555 SQLITE_CONSTRAINT_PRIMARYKEY)
04-22 13:20:12.322 10225 10303 E SQLiteDatabase: at android.database.sqlite.SQLiteConnection.nativeExecuteForLastInsertedRowId(Native Method)
04-22 13:20:12.322 10225 10303 E SQLiteDatabase: at android.database.sqlite.SQLiteConnection.executeForLastInsertedRowId(SQLiteConnecti on.java:961)
04-22 13:20:12.322 10225 10303 E SQLiteDatabase: at android.database.sqlite.SQLiteSession.executeForLastInsertedRowId(SQLiteSession.jav a:790)
04-22 13:20:12.322 10225 10303 E SQLiteDatabase: at android.database.sqlite.SQLiteStatement.executeInsert(SQLiteStatement.java:89)
04-22 13:20:12.322 10225 10303 E SQLiteDatabase: at android.database.sqlite.SQLiteDatabase.insertWithOnConflict(SQLiteDatabase.java:187 0)
04-22 13:20:12.322 10225 10303 E SQLiteDatabase: at android.database.sqlite.SQLiteDatabase.insert(SQLiteDatabase.java:1739)
04-22 13:20:12.322 10225 10303 E SQLiteDatabase: at X.2tm.A08(Unknown Source:6)
04-22 13:20:12.322 10225 10303 E SQLiteDatabase: at X.35Y.A07(Unknown Source:212)
04-22 13:20:12.322 10225 10303 E SQLiteDatabase: at X.3QF.A14(Unknown Source:470)
04-22 13:20:12.322 10225 10303 E SQLiteDatabase: at X.3gU.run(Unknown Source:982)
04-22 13:20:12.322 10225 10303 E SQLiteDatabase: at android.os.Handler.handleCallback(Handler.java:958)
04-22 13:20:12.322 10225 10303 E SQLiteDatabase: at android.os.Handler.dispatchMessage(Handler.java:99)
04-22 13:20:12.322 10225 10303 E SQLiteDatabase: at X.0zq.dispatchMessage(Unknown Source:4)
04-22 13:20:12.322 10225 10303 E SQLiteDatabase: at android.os.Looper.loopOnce(Looper.java:222)
04-22 13:20:12.322 10225 10303 E SQLiteDatabase: at android.os.Looper.loop(Looper.java:314)
04-22 13:20:12.322 10225 10303 E SQLiteDatabase: at android.os.HandlerThread.run(HandlerThread.java:67)
04-22 13:20:12.348 10225 10225 E ArmVmp : Match on catch block at 0xc3 in for 0x71cfbb8025
04-22 13:20:12.352 10225 10225 E ArmVmp : Match on catch block at 0xc3 in for 0x71cfbb8025
04-22 13:20:12.369 10225 10225 E ArmVmp : Match on catch block at 0xc3 in for 0x71cfbb8025
04-22 13:20:12.374 10225 10225 E ArmVmp : Match on catch block at 0xc3 in for 0x71cfbb8025
04-22 13:20:12.469 10225 10225 E ArmVmp : Match on catch block at 0xc3 in for 0x71cfbb8025
04-22 13:20:12.473 10225 10225 E ArmVmp : Match on catch block at 0xc3 in for 0x71cfbb8025
04-22 13:20:12.479 10225 10225 E ArmVmp : Match on catch block at 0xc3 in for 0x71cfbb8025
04-22 13:20:12.484 10225 10225 E ArmVmp : Match on catch block at 0xc3 in for 0x71cfbb8025
04-22 13:20:12.490 10225 10225 E ArmVmp : Match on catch block at 0xc3 in for 0x71cfbb8025
04-22 13:20:12.495 10225 10225 E ArmVmp : Match on catch block at 0xc3 in for 0x71cfbb8025
04-22 13:20:12.501 10225 10225 E ArmVmp : Match on catch block at 0xc3 in for 0x71cfbb8025
04-22 13:20:12.504 10225 10225 E ArmVmp : Match on catch block at 0xc3 in for 0x71cfbb8025
04-22 13:20:12.513 10225 10225 E ArmVmp : Match on catch block at 0xc3 in for 0x71cfbb8025
04-22 13:20:12.515 10225 10225 E ArmVmp : Match on catch block at 0xc3 in for 0x71cfbb8025
04-22 13:20:12.525 10225 10225 E ArmVmp : Match on catch block at 0xc3 in for 0x71cfbb8025
04-22 13:20:12.531 10225 10225 E ArmVmp : Match on catch block at 0xc3 in for 0x71cfbb8025
04-22 13:20:12.547 10225 10225 E ArmVmp : Match on catch block at 0xc3 in for 0x71cfbb8025
04-22 13:20:12.552 10225 10225 E ArmVmp : Match on catch block at 0xc3 in for 0x71cfbb8025
04-22 13:20:12.562 10225 10225 E ArmVmp : Match on catch block at 0xc3 in for 0x71cfbb8025
04-22 13:20:12.565 10225 10225 E ArmVmp : Match on catch block at 0xc3 in for 0x71cfbb8025
04-22 13:20:12.580 10225 10225 E ArmVmp : Match on catch block at 0xc3 in for 0x71cfbb8025
04-22 13:20:12.584 10225 10225 E ArmVmp : Match on catch block at 0xc3 in for 0x71cfbb8025
04-22 13:20:12.592 10225 10225 E ArmVmp : Match on catch block at 0xc3 in for 0x71cfbb8025
04-22 13:20:12.596 10225 10225 E ArmVmp : Match on catch block at 0xc3 in for 0x71cfbb8025
04-22 13:20:12.603 10225 10225 E ArmVmp : Match on catch block at 0xc3 in for 0x71cfbb8025
04-22 13:20:12.608 10225 10225 E ArmVmp : Match on catch block at 0xc3 in for 0x71cfbb8025
04-22 13:20:12.618 10225 10225 E ArmVmp : Match on catch block at 0xc3 in for 0x71cfbb8025
04-22 13:20:12.621 10225 10225 E ArmVmp : Match on catch block at 0xc3 in for 0x71cfbb8025
04-22 13:20:12.635 10225 10225 E ArmVmp : Match on catch block at 0xc3 in for 0x71cfbb8025
04-22 13:20:12.639 10225 10225 E ArmVmp : Match on catch block at 0xc3 in for 0x71cfbb8025
04-22 13:20:12.648 10225 10225 E ArmVmp : Match on catch block at 0xc3 in for 0x71cfbb8025
04-22 13:20:12.653 10225 10225 E ArmVmp : Match on catch block at 0xc3 in for 0x71cfbb8025
04-22 13:20:12.661 10225 10225 E ArmVmp : Match on catch block at 0xc3 in for 0x71cfbb8025
04-22 13:20:12.664 10225 10225 E ArmVmp : Match on catch block at 0xc3 in for 0x71cfbb8025
04-22 13:20:12.673 10225 10225 E ArmVmp : Match on catch block at 0xc3 in for 0x71cfbb8025
04-22 13:20:12.677 10225 10225 E ArmVmp : Match on catch block at 0xc3 in for 0x71cfbb8025
04-22 13:20:12.693 10225 10225 E ArmVmp : Match on catch block at 0xc3 in for 0x71cfbb8025
04-22 13:20:12.698 10225 10225 E ArmVmp : Match on catch block at 0xc3 in for 0x71cfbb8025
04-22 13:20:12.715 10225 10225 E ArmVmp : Match on catch block at 0xc3 in for 0x71cfbb8025
04-22 13:20:12.719 10225 10225 E ArmVmp : Match on catch block at 0xc3 in for 0x71cfbb8025
04-22 13:20:12.727 10225 10225 E ArmVmp : Match on catch block at 0xc3 in for 0x71cfbb8025
04-22 13:20:12.730 10225 10225 E ArmVmp : Match on catch block at 0xc3 in for 0x71cfbb8025
04-22 13:20:12.737 10225 10225 E ArmVmp : Match on catch block at 0xc3 in for 0x71cfbb8025
04-22 13:20:12.739 10225 10225 E ArmVmp : Match on catch block at 0xc3 in for 0x71cfbb8025
04-22 13:20:12.749 10225 10225 E ArmVmp : Match on catch block at 0xc3 in for 0x71cfbb8025
04-22 13:20:12.753 10225 10225 E ArmVmp : Match on catch block at 0xc3 in for 0x71cfbb8025
04-22 13:20:12.760 10225 10225 E ArmVmp : Match on catch block at 0xc3 in for 0x71cfbb8025
04-22 13:20:12.766 10225 10225 E ArmVmp : Match on catch block at 0xc3 in for 0x71cfbb8025
04-22 13:20:12.781 10225 10225 E ArmVmp : Match on catch block at 0xc3 in for 0x71cfbb8025
04-22 13:20:12.784 10225 10225 E ArmVmp : Match on catch block at 0xc3 in for 0x71cfbb8025
04-22 13:20:12.793 10225 10225 E ArmVmp : Match on catch block at 0xc3 in for 0x71cfbb8025
04-22 13:20:12.797 10225 10225 E ArmVmp : Match on catch block at 0xc3 in for 0x71cfbb8025
04-22 13:20:12.812 10225 10225 E ArmVmp : Match on catch block at 0xc3 in for 0x71cfbb8025
04-22 13:20:12.821 10225 10225 E ArmVmp : Match on catch block at 0xc3 in for 0x71cfbb8025
04-22 13:20:12.906 10225 10225 E ArmVmp : Match on catch block at 0xc3 in for 0x71cfbb8025
04-22 13:20:12.922 10225 10225 E ArmVmp : Match on catch block at 0xc3 in for 0x71cfbb8025
04-22 13:20:12.935 10225 10225 E ArmVmp : Match on catch block at 0xc3 in for 0x71cfbb8025
04-22 13:20:12.941 10225 10225 E ArmVmp : Match on catch block at 0xc3 in for 0x71cfbb8025
04-22 13:20:13.105 10225 10225 E ArmVmp : Match on catch block at 0xc3 in for 0x71cfbb8025
04-22 13:20:13.108 10225 10225 E ArmVmp : Match on catch block at 0xc3 in for 0x71cfbb8025
04-22 13:20:13.122 10225 10303 E SQLiteDatabase: Error inserting transferred=0 media_job_uuid=0805efbc-a239-454d-a3b1-93aad66fd7fa transcoded=1 gif_attribution=0 first_scan_length=0 direct_path=null thumbnail_height_width_ratio=1.3125 is_animated_sticker=0 file_hash=null file_path=/data/user/0/com.mbwhatsapp/files/.Shared/7bede355-ca6c-4174-9cc9- 532e99d328f7.jpg file_size=2850357 partial_media_hash=null face_x=0 face_y=0 height=4000 trim_to=0 media_key_timestamp=0 message_url=null media_caption=null trim_from=0 mime_type=null partial_media_enc_hash=null width=3011 original_file_hash=3ytCeUso0WWMB6y14qwuAtyihnggXni5Epx2qXnqneM= has_streaming_sidecar=0 autotransfer_retry_enabled=1 media_upload_handle=null message_row_id=10976 multicast_id=null enc_file_hash=null mute_video=0 page_count=0 first_scan_sidecar=null suspicious_content=0 file_length=2850357 media_name=7bede355-ca6c-4174-9cc9-532e99d328f7.jpg media_duration=0 chat_row_id=164 media_key=null
04-22 13:20:13.122 10225 10303 E SQLiteDatabase: android.database.sqlite.SQLiteConstraintException: UNIQUE constraint failed: message_media.message_row_id (code 1555 SQLITE_CONSTRAINT_PRIMARYKEY)
