04-22 13:20:13.122 10225 10303 E SQLiteDatabase: at android.database.sqlite.SQLiteConnection.nativeExecuteForLastInsertedRowId(Native Method)
04-22 13:20:13.122 10225 10303 E SQLiteDatabase: at android.database.sqlite.SQLiteConnection.executeForLastInsertedRowId(SQLiteConnecti on.java:961)
04-22 13:20:13.122 10225 10303 E SQLiteDatabase: at android.database.sqlite.SQLiteSession.executeForLastInsertedRowId(SQLiteSession.jav a:790)
04-22 13:20:13.122 10225 10303 E SQLiteDatabase: at android.database.sqlite.SQLiteStatement.executeInsert(SQLiteStatement.java:89)
04-22 13:20:13.122 10225 10303 E SQLiteDatabase: at android.database.sqlite.SQLiteDatabase.insertWithOnConflict(SQLiteDatabase.java:187 0)
04-22 13:20:13.122 10225 10303 E SQLiteDatabase: at android.database.sqlite.SQLiteDatabase.insert(SQLiteDatabase.java:1739)
04-22 13:20:13.122 10225 10303 E SQLiteDatabase: at X.2tm.A08(Unknown Source:6)
04-22 13:20:13.122 10225 10303 E SQLiteDatabase: at X.35Y.A07(Unknown Source:212)
04-22 13:20:13.122 10225 10303 E SQLiteDatabase: at X.3QF.A14(Unknown Source:470)
04-22 13:20:13.122 10225 10303 E SQLiteDatabase: at X.3gU.run(Unknown Source:982)
04-22 13:20:13.122 10225 10303 E SQLiteDatabase: at android.os.Handler.handleCallback(Handler.java:958)
04-22 13:20:13.122 10225 10303 E SQLiteDatabase: at android.os.Handler.dispatchMessage(Handler.java:99)
04-22 13:20:13.122 10225 10303 E SQLiteDatabase: at X.0zq.dispatchMessage(Unknown Source:4)
04-22 13:20:13.122 10225 10303 E SQLiteDatabase: at android.os.Looper.loopOnce(Looper.java:222)
04-22 13:20:13.122 10225 10303 E SQLiteDatabase: at android.os.Looper.loop(Looper.java:314)
04-22 13:20:13.122 10225 10303 E SQLiteDatabase: at android.os.HandlerThread.run(HandlerThread.java:67)
04-22 13:20:13.145 10225 10225 E ArmVmp : Match on catch block at 0xc3 in for 0x71cfbb8025
04-22 13:20:13.149 10225 10225 E ArmVmp : Match on catch block at 0xc3 in for 0x71cfbb8025
04-22 13:20:13.175 10225 10225 E ArmVmp : Match on catch block at 0xc3 in for 0x71cfbb8025
04-22 13:20:13.177 10225 10225 E ArmVmp : Match on catch block at 0xc3 in for 0x71cfbb8025
04-22 13:20:13.194 10225 10225 E ArmVmp : Match on catch block at 0xc3 in for 0x71cfbb8025
04-22 13:20:13.198 10225 10225 E ArmVmp : Match on catch block at 0xc3 in for 0x71cfbb8025
04-22 13:20:13.212 10225 10225 E ArmVmp : Match on catch block at 0xc3 in for 0x71cfbb8025
04-22 13:20:13.215 10225 10225 E ArmVmp : Match on catch block at 0xc3 in for 0x71cfbb8025
04-22 13:20:13.317 10225 10225 E ArmVmp : Match on catch block at 0xc3 in for 0x71cfbb8025
04-22 13:20:13.320 10225 10225 E ArmVmp : Match on catch block at 0xc3 in for 0x71cfbb8025
04-22 13:20:13.482 10225 10303 E SQLiteDatabase: Error inserting transferred=0 media_job_uuid=4abeaea1-e8c5-4e49-baa5-b50f908f6ec8 transcoded=1 gif_attribution=0 first_scan_length=0 direct_path=null thumbnail_height_width_ratio=1.3125 is_animated_sticker=0 file_hash=zNsElGu5JhvQn3h+cg9HjHKxF0ZlTPWNd1dWdTx7GSk= file_path=Media/MBWhatsApp Images/Sent/IMG-20240422-WA0004.jpg file_size=2257841 partial_media_hash=null face_x=0 face_y=0 height=4000 trim_to=0 media_key_timestamp=1713770407509 message_url=null media_caption=null trim_from=0 mime_type=null partial_media_enc_hash=null width=3011 original_file_hash=CsDnHELwyHzLZotG4+qBsJoO73IPlGIjS6/vvqPyDiU= has_streaming_sidecar=0 autotransfer_retry_enabled=1 media_upload_handle=null message_row_id=10971 multicast_id=null enc_file_hash=A22gbY3iXWcuenspiFcMAGXN1yvRNO/Mzrm16GK+HOo= mute_video=0 page_count=0 first_scan_sidecar=null suspicious_content=0 file_length=2257841 media_name=4e4334d4-58df-4bbb-9141-f23314958b9c.jpg media_duration=0 chat_row_id=164 media_key=[B@7a0d2a6
04-22 13:20:13.482 10225 10303 E SQLiteDatabase: android.database.sqlite.SQLiteConstraintException: UNIQUE constraint failed: message_media.message_row_id (code 1555 SQLITE_CONSTRAINT_PRIMARYKEY)
04-22 13:20:13.482 10225 10303 E SQLiteDatabase: at android.database.sqlite.SQLiteConnection.nativeExecuteForLastInsertedRowId(Native Method)
04-22 13:20:13.482 10225 10303 E SQLiteDatabase: at android.database.sqlite.SQLiteConnection.executeForLastInsertedRowId(SQLiteConnecti on.java:961)
04-22 13:20:13.482 10225 10303 E SQLiteDatabase: at android.database.sqlite.SQLiteSession.executeForLastInsertedRowId(SQLiteSession.jav a:790)
04-22 13:20:13.482 10225 10303 E SQLiteDatabase: at android.database.sqlite.SQLiteStatement.executeInsert(SQLiteStatement.java:89)
04-22 13:20:13.482 10225 10303 E SQLiteDatabase: at android.database.sqlite.SQLiteDatabase.insertWithOnConflict(SQLiteDatabase.java:187 0)
04-22 13:20:13.482 10225 10303 E SQLiteDatabase: at android.database.sqlite.SQLiteDatabase.insert(SQLiteDatabase.java:1739)
04-22 13:20:13.482 10225 10303 E SQLiteDatabase: at X.2tm.A08(Unknown Source:6)
04-22 13:20:13.482 10225 10303 E SQLiteDatabase: at X.35Y.A07(Unknown Source:212)
04-22 13:20:13.482 10225 10303 E SQLiteDatabase: at X.3QF.A14(Unknown Source:470)
04-22 13:20:13.482 10225 10303 E SQLiteDatabase: at X.3gU.run(Unknown Source:982)
04-22 13:20:13.482 10225 10303 E SQLiteDatabase: at android.os.Handler.handleCallback(Handler.java:958)
04-22 13:20:13.482 10225 10303 E SQLiteDatabase: at android.os.Handler.dispatchMessage(Handler.java:99)
04-22 13:20:13.482 10225 10303 E SQLiteDatabase: at X.0zq.dispatchMessage(Unknown Source:4)
04-22 13:20:13.482 10225 10303 E SQLiteDatabase: at android.os.Looper.loopOnce(Looper.java:222)
04-22 13:20:13.482 10225 10303 E SQLiteDatabase: at android.os.Looper.loop(Looper.java:314)
04-22 13:20:13.482 10225 10303 E SQLiteDatabase: at android.os.HandlerThread.run(HandlerThread.java:67)
04-22 13:20:13.507 10225 10225 E ArmVmp : Match on catch block at 0xc3 in for 0x71cfbb8025
04-22 13:20:13.511 10225 10225 E ArmVmp : Match on catch block at 0xc3 in for 0x71cfbb8025
04-22 13:20:13.516 10225 10225 E ArmVmp : Match on catch block at 0xc3 in for 0x71cfbb8025
04-22 13:20:13.518 10225 10225 E ArmVmp : Match on catch block at 0xc3 in for 0x71cfbb8025
04-22 13:20:13.609 10225 10225 E ArmVmp : Match on catch block at 0xc3 in for 0x71cfbb8025
04-22 13:20:13.613 10225 10225 E ArmVmp : Match on catch block at 0xc3 in for 0x71cfbb8025
04-22 13:20:13.644 10225 10225 E ArmVmp : Match on catch block at 0xc3 in for 0x71cfbb8025
04-22 13:20:13.645 10225 10225 E ArmVmp : Match on catch block at 0xc3 in for 0x71cfbb8025
04-22 13:20:13.654 10225 10225 E ArmVmp : Match on catch block at 0xc3 in for 0x71cfbb8025
04-22 13:20:13.656 10225 10225 E ArmVmp : Match on catch block at 0xc3 in for 0x71cfbb8025
04-22 13:20:13.674 10225 10225 E ArmVmp : Match on catch block at 0xc3 in for 0x71cfbb8025
04-22 13:20:13.677 10225 10225 E ArmVmp : Match on catch block at 0xc3 in for 0x71cfbb8025
04-22 13:20:13.683 10225 10225 E ArmVmp : Match on catch block at 0xc3 in for 0x71cfbb8025
04-22 13:20:13.686 10225 10225 E ArmVmp : Match on catch block at 0xc3 in for 0x71cfbb8025
04-22 13:20:13.811 10225 10225 E ArmVmp : Match on catch block at 0xc3 in for 0x71cfbb8025
04-22 13:20:13.813 10225 10225 E ArmVmp : Match on catch block at 0xc3 in for 0x71cfbb8025
04-22 13:20:14.080 10225 10225 E ArmVmp : Match on catch block at 0xc3 in for 0x71cfbb8025
04-22 13:20:14.084 10225 10225 E ArmVmp : Match on catch block at 0xc3 in for 0x71cfbb8025
04-22 13:20:14.091 10225 10225 E ArmVmp : Match on catch block at 0xc3 in for 0x71cfbb8025
04-22 13:20:14.095 10225 10225 E ArmVmp : Match on catch block at 0xc3 in for 0x71cfbb8025
04-22 13:20:14.111 10225 10225 E ArmVmp : Match on catch block at 0xc3 in for 0x71cfbb8025
04-22 13:20:14.115 10225 10225 E ArmVmp : Match on catch block at 0xc3 in for 0x71cfbb8025
04-22 13:20:14.470 10225 10225 E ArmVmp : Match on catch block at 0xc3 in for 0x71cfbb8025
04-22 13:20:14.475 10225 10225 E ArmVmp : Match on catch block at 0xc3 in for 0x71cfbb8025
04-22 13:20:14.483 10225 10225 E ArmVmp : Match on catch block at 0xc3 in for 0x71cfbb8025
04-22 13:20:14.487 10225 10225 E ArmVmp : Match on catch block at 0xc3 in for 0x71cfbb8025
04-22 13:20:14.615 10225 10225 E ArmVmp : Match on catch block at 0xc3 in for 0x71cfbb8025
04-22 13:20:14.625 10225 10225 E ArmVmp : Match on catch block at 0xc3 in for 0x71cfbb8025
04-22 13:20:14.925 10225 10225 E ArmVmp : Match on catch block at 0xc3 in for 0x71cfbb8025
04-22 13:20:14.928 10225 10225 E ArmVmp : Match on catch block at 0xc3 in for 0x71cfbb8025
04-22 13:20:14.936 10225 10225 E ArmVmp : Match on catch block at 0xc3 in for 0x71cfbb8025
04-22 13:20:14.941 10225 10225 E ArmVmp : Match on catch block at 0xc3 in for 0x71cfbb8025
04-22 13:20:14.945 10225 10303 E SQLiteDatabase: Error inserting transferred=0 media_job_uuid=651d4322-5009-47a1-84ef-6e38af129b77 transcoded=1 gif_attribution=0 first_scan_length=0 direct_path=null thumbnail_height_width_ratio=1.3125 is_animated_sticker=0 file_hash=null file_path=/data/user/0/com.mbwhatsapp/files/.Shared/88d00612-a533-4369-964a- cbe09e09440d.jpg file_size=2509620 partial_media_hash=null face_x=0 face_y=0 height=4000 trim_to=0 media_key_timestamp=0 message_url=null media_caption=null trim_from=0 mime_type=null partial_media_enc_hash=null width=3011 original_file_hash=ZCcLNYbHUqmdEqI86JgSmYUAUkdm3fiZf9jauzWpFzA= has_streaming_sidecar=0 autotransfer_retry_enabled=1 media_upload_handle=null message_row_id=10977 multicast_id=null enc_file_hash=null mute_video=0 page_count=0 first_scan_sidecar=null suspicious_content=0 file_length=2509620 media_name=88d00612-a533-4369-964a-cbe09e09440d.jpg media_duration=0 chat_row_id=164 media_key=null
04-22 13:20:14.945 10225 10303 E SQLiteDatabase: android.database.sqlite.SQLiteConstraintException: UNIQUE constraint failed: message_media.message_row_id (code 1555 SQLITE_CONSTRAINT_PRIMARYKEY)
04-22 13:20:14.945 10225 10303 E SQLiteDatabase: at android.database.sqlite.SQLiteConnection.nativeExecuteForLastInsertedRowId(Native Method)
04-22 13:20:14.945 10225 10303 E SQLiteDatabase: at android.database.sqlite.SQLiteConnection.executeForLastInsertedRowId(SQLiteConnecti on.java:961)
04-22 13:20:14.945 10225 10303 E SQLiteDatabase: at android.database.sqlite.SQLiteSession.executeForLastInsertedRowId(SQLiteSession.jav a:790)
04-22 13:20:14.945 10225 10303 E SQLiteDatabase: at android.database.sqlite.SQLiteStatement.executeInsert(SQLiteStatement.java:89)
04-22 13:20:14.945 10225 10303 E SQLiteDatabase: at android.database.sqlite.SQLiteDatabase.insertWithOnConflict(SQLiteDatabase.java:187 0)
04-22 13:20:14.945 10225 10303 E SQLiteDatabase: at android.database.sqlite.SQLiteDatabase.insert(SQLiteDatabase.java:1739)
04-22 13:20:14.945 10225 10303 E SQLiteDatabase: at X.2tm.A08(Unknown Source:6)
04-22 13:20:14.945 10225 10303 E SQLiteDatabase: at X.35Y.A07(Unknown Source:212)
04-22 13:20:14.945 10225 10303 E SQLiteDatabase: at X.3QF.A14(Unknown Source:470)
04-22 13:20:14.945 10225 10303 E SQLiteDatabase: at X.3gU.run(Unknown Source:982)
04-22 13:20:14.945 10225 10303 E SQLiteDatabase: at android.os.Handler.handleCallback(Handler.java:958)
04-22 13:20:14.945 10225 10303 E SQLiteDatabase: at android.os.Handler.dispatchMessage(Handler.java:99)
04-22 13:20:14.945 10225 10303 E SQLiteDatabase: at X.0zq.dispatchMessage(Unknown Source:4)
04-22 13:20:14.945 10225 10303 E SQLiteDatabase: at android.os.Looper.loopOnce(Looper.java:222)
04-22 13:20:14.945 10225 10303 E SQLiteDatabase: at android.os.Looper.loop(Looper.java:314)
04-22 13:20:14.945 10225 10303 E SQLiteDatabase: at android.os.HandlerThread.run(HandlerThread.java:67)
04-22 13:20:14.962 10225 10225 E ArmVmp : Match on catch block at 0xc3 in for 0x71cfbb8025
04-22 13:20:14.964 10225 10225 E ArmVmp : Match on catch block at 0xc3 in for 0x71cfbb8025
04-22 13:20:14.970 10225 10225 E ArmVmp : Match on catch block at 0xc3 in for 0x71cfbb8025
04-22 13:20:14.972 10225 10225 E ArmVmp : Match on catch block at 0xc3 in for 0x71cfbb8025
04-22 13:20:15.118 10225 10225 E ArmVmp : Match on catch block at 0xc3 in for 0x71cfbb8025
04-22 13:20:15.122 10225 10225 E ArmVmp : Match on catch block at 0xc3 in for 0x71cfbb8025
04-22 13:20:15.612 10225 10225 E ArmVmp : Match on catch block at 0xc3 in for 0x71cfbb8025
04-22 13:20:15.619 10225 10225 E ArmVmp : Match on catch block at 0xc3 in for 0x71cfbb8025
04-22 13:20:16.122 10225 10225 E ArmVmp : Match on catch block at 0xc3 in for 0x71cfbb8025
04-22 13:20:16.129 10225 10225 E ArmVmp : Match on catch block at 0xc3 in for 0x71cfbb8025
04-22 13:20:16.208 10225 10225 E ArmVmp : Match on catch block at 0xc3 in for 0x71cfbb8025
04-22 13:20:16.211 10225 10225 E ArmVmp : Match on catch block at 0xc3 in for 0x71cfbb8025
04-22 13:20:16.219 10225 10225 E ArmVmp : Match on catch block at 0xc3 in for 0x71cfbb8025
04-22 13:20:16.221 10225 10225 E ArmVmp : Match on catch block at 0xc3 in for 0x71cfbb8025
04-22 13:20:16.623 10225 10225 E ArmVmp : Match on catch block at 0xc3 in for 0x71cfbb8025
04-22 13:20:16.628 10225 10225 E ArmVmp : Match on catch block at 0xc3 in for 0x71cfbb8025
04-22 13:20:17.135 10225 10225 E ArmVmp : Match on catch block at 0xc3 in for 0x71cfbb8025
04-22 13:20:17.144 10225 10225 E ArmVmp : Match on catch block at 0xc3 in for 0x71cfbb8025
04-22 13:20:17.633 10225 10225 E ArmVmp : Match on catch block at 0xc3 in for 0x71cfbb8025
04-22 13:20:17.641 10225 10225 E ArmVmp : Match on catch block at 0xc3 in for 0x71cfbb8025
04-22 13:20:17.816 10225 10225 E ArmVmp : Match on catch block at 0xc3 in for 0x71cfbb8025
04-22 13:20:17.825 10225 10225 E ArmVmp : Match on catch block at 0xc3 in for 0x71cfbb8025
04-22 13:20:17.846 10225 10225 E ArmVmp : Match on catch block at 0xc3 in for 0x71cfbb8025
04-22 13:20:17.851 10225 10225 E ArmVmp : Match on catch block at 0xc3 in for 0x71cfbb8025
04-22 13:20:17.878 10225 10225 E ArmVmp : Match on catch block at 0xc3 in for 0x71cfbb8025
04-22 13:20:17.884 10225 10225 E ArmVmp : Match on catch block at 0xc3 in for 0x71cfbb8025
04-22 13:20:17.914 10225 10225 E ArmVmp : Match on catch block at 0xc3 in for 0x71cfbb8025
04-22 13:20:17.920 10225 10225 E ArmVmp : Match on catch block at 0xc3 in for 0x71cfbb8025
04-22 13:20:17.948 10225 10225 E ArmVmp : Match on catch block at 0xc3 in for 0x71cfbb8025
04-22 13:20:17.952 10225 10225 E ArmVmp : Match on catch block at 0xc3 in for 0x71cfbb8025
04-22 13:20:17.998 10225 10225 E ArmVmp : Match on catch block at 0xc3 in for 0x71cfbb8025
04-22 13:20:18.004 10225 10225 E ArmVmp : Match on catch block at 0xc3 in for 0x71cfbb8025
04-22 13:20:18.019 10225 10225 E ArmVmp : Match on catch block at 0xc3 in for 0x71cfbb8025
04-22 13:20:18.024 10225 10225 E ArmVmp : Match on catch block at 0xc3 in for 0x71cfbb8025
04-22 13:20:18.052 10225 10225 E ArmVmp : Match on catch block at 0xc3 in for 0x71cfbb8025
04-22 13:20:18.054 10225 10225 E ArmVmp : Match on catch block at 0xc3 in for 0x71cfbb8025
04-22 13:20:18.059 10225 10225 E ArmVmp : Match on catch block at 0xc3 in for 0x71cfbb8025
04-22 13:20:18.062 10225 10225 E ArmVmp : Match on catch block at 0xc3 in for 0x71cfbb8025
04-22 13:20:18.118 10225 10225 E ArmVmp : Match on catch block at 0xc3 in for 0x71cfbb8025
04-22 13:20:18.122 10225 10225 E ArmVmp : Match on catch block at 0xc3 in for 0x71cfbb8025
04-22 13:20:18.622 10225 10225 E ArmVmp : Match on catch block at 0xc3 in for 0x71cfbb8025
04-22 13:20:18.623 10225 10225 E ArmVmp : Match on catch block at 0xc3 in for 0x71cfbb8025
04-22 13:20:18.689 10225 10225 E ArmVmp : Match on catch block at 0xc3 in for 0x71cfbb8025
04-22 13:20:18.690 10225 10225 E ArmVmp : Match on catch block at 0xc3 in for 0x71cfbb8025
04-22 13:20:18.700 10225 10225 E ArmVmp : Match on catch block at 0xc3 in for 0x71cfbb8025
04-22 13:20:18.702 10225 10225 E ArmVmp : Match on catch block at 0xc3 in for 0x71cfbb8025
04-22 13:20:18.767 10225 10225 E ArmVmp : Match on catch block at 0xc3 in for 0x71cfbb8025
04-22 13:20:18.768 10225 10225 E ArmVmp : Match on catch block at 0xc3 in for 0x71cfbb8025
04-22 13:20:18.778 10225 10225 E ArmVmp : Match on catch block at 0xc3 in for 0x71cfbb8025
04-22 13:20:18.780 10225 10225 E ArmVmp : Match on catch block at 0xc3 in for 0x71cfbb8025
04-22 13:20:18.975 10225 10303 E SQLiteDatabase: Error inserting transferred=0 media_job_uuid=ec5a1580-5f47-4851-ab4c-2427405a4c03 transcoded=1 gif_attribution=0 first_scan_length=0 direct_path=null thumbnail_height_width_ratio=1.3125 is_animated_sticker=0 file_hash=B+LVMLCq0XGyGoy/iHOQJBtZFpIiGHtja9A4NMjX6TM= file_path=Media/MBWhatsApp Images/Sent/IMG-20240422-WA0005.jpg file_size=2343753 partial_media_hash=null face_x=0 face_y=0 height=4000 trim_to=0 media_key_timestamp=1713770414124 message_url=null media_caption=null trim_from=0 mime_type=null partial_media_enc_hash=null width=3011 original_file_hash=WN4JMHT34IOcdVJyXD1uVWZuUF/+G182YnhziI/D1gw= has_streaming_sidecar=0 autotransfer_retry_enabled=1 media_upload_handle=null message_row_id=10974 multicast_id=null enc_file_hash=txjxOk8qK4TvEIRwUkrM/JP3A29NJ9TuFIz9cNOLNoQ= mute_video=0 page_count=0 first_scan_sidecar=null suspicious_content=0 file_length=2343753 media_name=0bb02a9c-4449-4805-b105-9fecb371fffa.jpg media_duration=0 chat_row_id=164 media_key=[B@8b34b9e
04-22 13:20:18.975 10225 10303 E SQLiteDatabase: android.database.sqlite.SQLiteConstraintException: UNIQUE constraint failed: message_media.message_row_id (code 1555 SQLITE_CONSTRAINT_PRIMARYKEY)
04-22 13:20:18.975 10225 10303 E SQLiteDatabase: at android.database.sqlite.SQLiteConnection.nativeExecuteForLastInsertedRowId(Native Method)
04-22 13:20:18.975 10225 10303 E SQLiteDatabase: at android.database.sqlite.SQLiteConnection.executeForLastInsertedRowId(SQLiteConnecti on.java:961)
04-22 13:20:18.975 10225 10303 E SQLiteDatabase: at android.database.sqlite.SQLiteSession.executeForLastInsertedRowId(SQLiteSession.jav a:790)
04-22 13:20:18.975 10225 10303 E SQLiteDatabase: at android.database.sqlite.SQLiteStatement.executeInsert(SQLiteStatement.java:89)
04-22 13:20:18.975 10225 10303 E SQLiteDatabase: at android.database.sqlite.SQLiteDatabase.insertWithOnConflict(SQLiteDatabase.java:187 0)
04-22 13:20:18.975 10225 10303 E SQLiteDatabase: at android.database.sqlite.SQLiteDatabase.insert(SQLiteDatabase.java:1739)
04-22 13:20:18.975 10225 10303 E SQLiteDatabase: at X.2tm.A08(Unknown Source:6)
04-22 13:20:18.975 10225 10303 E SQLiteDatabase: at X.35Y.A07(Unknown Source:212)
04-22 13:20:18.975 10225 10303 E SQLiteDatabase: at X.3QF.A14(Unknown Source:470)
04-22 13:20:18.975 10225 10303 E SQLiteDatabase: at X.3gU.run(Unknown Source:982)
04-22 13:20:18.975 10225 10303 E SQLiteDatabase: at android.os.Handler.handleCallback(Handler.java:958)
04-22 13:20:18.975 10225 10303 E SQLiteDatabase: at android.os.Handler.dispatchMessage(Handler.java:99)
04-22 13:20:18.975 10225 10303 E SQLiteDatabase: at X.0zq.dispatchMessage(Unknown Source:4)
04-22 13:20:18.975 10225 10303 E SQLiteDatabase: at android.os.Looper.loopOnce(Looper.java:222)
04-22 13:20:18.975 10225 10303 E SQLiteDatabase: at android.os.Looper.loop(Looper.java:314)
04-22 13:20:18.975 10225 10303 E SQLiteDatabase: at android.os.HandlerThread.run(HandlerThread.java:67)
04-22 13:20:18.999 10225 10225 E ArmVmp : Match on catch block at 0xc3 in for 0x71cfbb8025
04-22 13:20:19.003 10225 10225 E ArmVmp : Match on catch block at 0xc3 in for 0x71cfbb8025
04-22 13:20:19.015 10225 10225 E ArmVmp : Match on catch block at 0xc3 in for 0x71cfbb8025
04-22 13:20:19.019 10225 10225 E ArmVmp : Match on catch block at 0xc3 in for 0x71cfbb8025
04-22 13:20:19.124 10225 10225 E ArmVmp : Match on catch block at 0xc3 in for 0x71cfbb8025
04-22 13:20:19.126 10225 10225 E ArmVmp : Match on catch block at 0xc3 in for 0x71cfbb8025
04-22 13:20:19.619 10225 10225 E ArmVmp : Match on catch block at 0xc3 in for 0x71cfbb8025
04-22 13:20:19.622 10225 10225 E ArmVmp : Match on catch block at 0xc3 in for 0x71cfbb8025
04-22 13:20:19.673 10225 10225 E ArmVmp : Match on catch block at 0xc3 in for 0x71cfbb8025
04-22 13:20:19.675 10225 10225 E ArmVmp : Match on catch block at 0xc3 in for 0x71cfbb8025
04-22 13:20:19.798 10225 10303 E SQLiteDatabase: Error inserting transferred=0 media_job_uuid=39efb777-23fb-462d-a815-8e7edf8005d5 transcoded=1 gif_attribution=0 first_scan_length=0 direct_path=null thumbnail_height_width_ratio=1.3125 is_animated_sticker=0 file_hash=fzWk1GjYlY3kKYnq9aNcXdVJ2ZyO71ZQBxTVguklTcc= file_path=Media/MBWhatsApp Images/Sent/IMG-20240422-WA0006.jpg file_size=2643803 partial_media_hash=null face_x=0 face_y=0 height=4000 trim_to=0 media_key_timestamp=1713770414963 message_url=null media_caption=null trim_from=0 mime_type=null partial_media_enc_hash=null width=3011 original_file_hash=KVzSL7PK9yZpzGHALMVrDY4/IBMotjkua7bHaRVCbuE= has_streaming_sidecar=0 autotransfer_retry_enabled=1 media_upload_handle=null message_row_id=10975 multicast_id=null enc_file_hash=WUGXT0njRI2S+lsLOxK9rnLxKXl8GN12YhSbsLsmzAQ= mute_video=0 page_count=0 first_scan_sidecar=null suspicious_content=0 file_length=2643803 media_name=067dc1f3-f92e-490f-90f3-9f9d3d7b4232.jpg media_duration=0 chat_row_id=164 media_key=[B@f4f5f05
04-22 13:20:19.798 10225 10303 E SQLiteDatabase: android.database.sqlite.SQLiteConstraintException: UNIQUE constraint failed: message_media.message_row_id (code 1555 SQLITE_CONSTRAINT_PRIMARYKEY)
04-22 13:20:19.798 10225 10303 E SQLiteDatabase: at android.database.sqlite.SQLiteConnection.nativeExecuteForLastInsertedRowId(Native Method)
04-22 13:20:19.798 10225 10303 E SQLiteDatabase: at android.database.sqlite.SQLiteConnection.executeForLastInsertedRowId(SQLiteConnecti on.java:961)
04-22 13:20:19.798 10225 10303 E SQLiteDatabase: at android.database.sqlite.SQLiteSession.executeForLastInsertedRowId(SQLiteSession.jav a:790)
04-22 13:20:19.798 10225 10303 E SQLiteDatabase: at android.database.sqlite.SQLiteStatement.executeInsert(SQLiteStatement.java:89)
04-22 13:20:19.798 10225 10303 E SQLiteDatabase: at android.database.sqlite.SQLiteDatabase.insertWithOnConflict(SQLiteDatabase.java:187 0)
04-22 13:20:19.798 10225 10303 E SQLiteDatabase: at android.database.sqlite.SQLiteDatabase.insert(SQLiteDatabase.java:1739)
04-22 13:20:19.798 10225 10303 E SQLiteDatabase: at X.2tm.A08(Unknown Source:6)
04-22 13:20:19.798 10225 10303 E SQLiteDatabase: at X.35Y.A07(Unknown Source:212)
04-22 13:20:19.798 10225 10303 E SQLiteDatabase: at X.3QF.A14(Unknown Source:470)
04-22 13:20:19.798 10225 10303 E SQLiteDatabase: at X.3gU.run(Unknown Source:982)
04-22 13:20:19.798 10225 10303 E SQLiteDatabase: at android.os.Handler.handleCallback(Handler.java:958)
04-22 13:20:19.798 10225 10303 E SQLiteDatabase: at android.os.Handler.dispatchMessage(Handler.java:99)
04-22 13:20:19.798 10225 10303 E SQLiteDatabase: at X.0zq.dispatchMessage(Unknown Source:4)
04-22 13:20:19.798 10225 10303 E SQLiteDatabase: at android.os.Looper.loopOnce(Looper.java:222)
04-22 13:20:19.798 10225 10303 E SQLiteDatabase: at android.os.Looper.loop(Looper.java:314)
04-22 13:20:19.798 10225 10303 E SQLiteDatabase: at android.os.HandlerThread.run(HandlerThread.java:67)
04-22 13:20:19.811 10225 10225 E ArmVmp : Match on catch block at 0xc3 in for 0x71cfbb8025
04-22 13:20:19.812 10225 10225 E ArmVmp : Match on catch block at 0xc3 in for 0x71cfbb8025
04-22 13:20:19.822 10225 10225 E ArmVmp : Match on catch block at 0xc3 in for 0x71cfbb8025
04-22 13:20:19.824 10225 10225 E ArmVmp : Match on catch block at 0xc3 in for 0x71cfbb8025
04-22 13:20:19.830 10225 10225 E ArmVmp : Match on catch block at 0xc3 in for 0x71cfbb8025
04-22 13:20:19.831 10225 10225 E ArmVmp : Match on catch block at 0xc3 in for 0x71cfbb8025
04-22 13:20:19.841 10225 10225 E ArmVmp : Match on catch block at 0xc3 in for 0x71cfbb8025
04-22 13:20:19.842 10225 10225 E ArmVmp : Match on catch block at 0xc3 in for 0x71cfbb8025
04-22 13:20:19.852 10225 10225 E ArmVmp : Match on catch block at 0xc3 in for 0x71cfbb8025
04-22 13:20:19.853 10225 10225 E ArmVmp : Match on catch block at 0xc3 in for 0x71cfbb8025
04-22 13:20:19.874 10225 10225 E ArmVmp : Match on catch block at 0xc3 in for 0x71cfbb8025
04-22 13:20:19.876 10225 10225 E ArmVmp : Match on catch block at 0xc3 in for 0x71cfbb8025
04-22 13:20:19.922 10225 10225 E ArmVmp : Match on catch block at 0xc3 in for 0x71cfbb8025
04-22 13:20:19.926 10225 10225 E ArmVmp : Match on catch block at 0xc3 in for 0x71cfbb8025
04-22 13:20:19.934 10225 10225 E ArmVmp : Match on catch block at 0xc3 in for 0x71cfbb8025
04-22 13:20:19.936 10225 10225 E ArmVmp : Match on catch block at 0xc3 in for 0x71cfbb8025
04-22 13:20:20.120 10225 10225 E ArmVmp : Match on catch block at 0xc3 in for 0x71cfbb8025
04-22 13:20:20.122 10225 10225 E ArmVmp : Match on catch block at 0xc3 in for 0x71cfbb8025
04-22 13:20:20.229 10225 10225 E ArmVmp : Match on catch block at 0xc3 in for 0x71cfbb8025
04-22 13:20:20.231 10225 10225 E ArmVmp : Match on catch block at 0xc3 in for 0x71cfbb8025
04-22 13:20:20.243 10225 12147 W libc : Access denied finding property "ro.vendor.display.iris_x7.support"
04-22 13:20:20.247 10225 12147 E FrameEvents: updateAcquireFence: Did not find frame.
04-22 13:20:20.247 10225 12147 E com.mbwhatsapp: mali-debug: still pending callback,wait...
04-22 13:20:20.254 10225 12147 W libc : Access denied finding property "ro.vendor.display.iris_x7.support"
04-22 13:20:20.256 10225 12147 E FrameEvents: updateAcquireFence: Did not find frame.
04-22 13:20:20.257 10225 12147 W libc : Access denied finding property "ro.vendor.display.iris_x7.support"
04-22 13:20:20.259 10225 12147 E FrameEvents: updateAcquireFence: Did not find frame.
04-22 13:20:20.260 10225 12147 W libc : Access denied finding property "ro.vendor.display.iris_x7.support"
04-22 13:20:20.261 10225 12147 E FrameEvents: updateAcquireFence: Did not find frame.
04-22 13:20:20.262 10225 12147 W libc : Access denied finding property "ro.vendor.display.iris_x7.support"
04-22 13:20:20.264 10225 12147 E FrameEvents: updateAcquireFence: Did not find frame.
04-22 13:20:20.265 10225 12147 W libc : Access denied finding property "ro.vendor.display.iris_x7.support"
04-22 13:20:20.266 10225 12147 E FrameEvents: updateAcquireFence: Did not find frame.
04-22 13:20:20.327 10225 12147 W libc : Access denied finding property "ro.vendor.display.iris_x7.support"
04-22 13:20:20.378 10225 12147 E OpenGLRenderer: Unable to match the desired swap behavior.
04-22 13:20:20.420 10225 10225 E ArmVmp : Match on catch block at 0xc3 in for 0x71cfbb8025
04-22 13:20:20.422 10225 10225 E ArmVmp : Match on catch block at 0xc3 in for 0x71cfbb8025
04-22 13:20:20.429 10225 10303 E SQLiteDatabase: Error inserting transferred=0 media_job_uuid=9c0ae925-6ee0-4bdb-9a28-fce7c0d65f99 transcoded=1 gif_attribution=0 first_scan_length=0 direct_path=null thumbnail_height_width_ratio=1.3125 is_animated_sticker=0 file_hash=AG8qi0xVpBEtaxV426r8kIWWUYLZ7YEKRQQGg1Vpiwo= file_path=Media/MBWhatsApp Images/Sent/IMG-20240422-WA0007.jpg file_size=2424814 partial_media_hash=null face_x=0 face_y=0 height=4000 trim_to=0 media_key_timestamp=1713770414510 message_url=null media_caption=null trim_from=0 mime_type=null partial_media_enc_hash=null width=3011 original_file_hash=5HByKehVqFmftg3eqDzQOGXMiqpoFEc+W8r3lPAnfJA= has_streaming_sidecar=0 autotransfer_retry_enabled=1 media_upload_handle=null message_row_id=10973 multicast_id=null enc_file_hash=Zk6/HI4K4Vu09/GLs/9Cz83eVHR860ptc+ZU3mG3E0Y= mute_video=0 page_count=0 first_scan_sidecar=null suspicious_content=0 file_length=2424814 media_name=cba6b954-0f37-451d-acaa-58375ae2e0a7.jpg media_duration=0 chat_row_id=164 media_key=[B@2005f51
04-22 13:20:20.429 10225 10303 E SQLiteDatabase: android.database.sqlite.SQLiteConstraintException: UNIQUE constraint failed: message_media.message_row_id (code 1555 SQLITE_CONSTRAINT_PRIMARYKEY)
04-22 13:20:20.429 10225 10303 E SQLiteDatabase: at android.database.sqlite.SQLiteConnection.nativeExecuteForLastInsertedRowId(Native Method)
04-22 13:20:20.429 10225 10303 E SQLiteDatabase: at android.database.sqlite.SQLiteConnection.executeForLastInsertedRowId(SQLiteConnecti on.java:961)
04-22 13:20:20.429 10225 10303 E SQLiteDatabase: at android.database.sqlite.SQLiteSession.executeForLastInsertedRowId(SQLiteSession.jav a:790)
04-22 13:20:20.429 10225 10303 E SQLiteDatabase: at android.database.sqlite.SQLiteStatement.executeInsert(SQLiteStatement.java:89)
04-22 13:20:20.429 10225 10303 E SQLiteDatabase: at android.database.sqlite.SQLiteDatabase.insertWithOnConflict(SQLiteDatabase.java:187 0)
04-22 13:20:20.429 10225 10303 E SQLiteDatabase: at android.database.sqlite.SQLiteDatabase.insert(SQLiteDatabase.java:1739)
04-22 13:20:20.429 10225 10303 E SQLiteDatabase: at X.2tm.A08(Unknown Source:6)
04-22 13:20:20.429 10225 10303 E SQLiteDatabase: at X.35Y.A07(Unknown Source:212)
04-22 13:20:20.429 10225 10303 E SQLiteDatabase: at X.3QF.A14(Unknown Source:470)
04-22 13:20:20.429 10225 10303 E SQLiteDatabase: at X.3gU.run(Unknown Source:982)
04-22 13:20:20.429 10225 10303 E SQLiteDatabase: at android.os.Handler.handleCallback(Handler.java:958)
04-22 13:20:20.429 10225 10303 E SQLiteDatabase: at android.os.Handler.dispatchMessage(Handler.java:99)
04-22 13:20:20.429 10225 10303 E SQLiteDatabase: at X.0zq.dispatchMessage(Unknown Source:4)
04-22 13:20:20.429 10225 10303 E SQLiteDatabase: at android.os.Looper.loopOnce(Looper.java:222)
04-22 13:20:20.429 10225 10303 E SQLiteDatabase: at android.os.Looper.loop(Looper.java:314)
04-22 13:20:20.429 10225 10303 E SQLiteDatabase: at android.os.HandlerThread.run(HandlerThread.java:67)
04-22 13:20:20.435 10225 10225 E ArmVmp : Match on catch block at 0xc3 in for 0x71cfbb8025
04-22 13:20:20.438 10225 10225 E ArmVmp : Match on catch block at 0xc3 in for 0x71cfbb8025
04-22 13:20:20.474 10225 12147 E com.mbwhatsapp: == MALI DEBUG ===eglp_winsys_populate_image_templates ==12288
04-22 13:20:20.474 10225 12147 E com.mbwhatsapp: == MALI DEBUG ===eglp_winsys_populate_image_templates ==12288
04-22 13:20:20.512 10225 10225 E ArmVmp : Match on catch block at 0xc3 in for 0x71cfbb8025
04-22 13:20:20.515 10225 10225 E ArmVmp : Match on catch block at 0xc3 in for 0x71cfbb8025
04-22 13:20:20.525 10225 10225 E ArmVmp : Match on catch block at 0xc3 in for 0x71cfbb8025
04-22 13:20:20.530 10225 10225 E ArmVmp : Match on catch block at 0xc3 in for 0x71cfbb8025
04-22 13:20:20.558 10225 10225 E ArmVmp : Match on catch block at 0xc3 in for 0x71cfbb8025
04-22 13:20:20.561 10225 10225 E ArmVmp : Match on catch block at 0xc3 in for 0x71cfbb8025
04-22 13:20:20.573 10225 10225 E ArmVmp : Match on catch block at 0xc3 in for 0x71cfbb8025
04-22 13:20:20.575 10225 10225 E ArmVmp : Match on catch block at 0xc3 in for 0x71cfbb8025
04-22 13:20:20.584 10225 10225 E ArmVmp : Match on catch block at 0xc3 in for 0x71cfbb8025
04-22 13:20:20.586 10225 10225 E ArmVmp : Match on catch block at 0xc3 in for 0x71cfbb8025
04-22 13:20:20.594 10225 10225 E ArmVmp : Match on catch block at 0xc3 in for 0x71cfbb8025
04-22 13:20:20.595 10225 10303 E SQLiteDatabase: Error inserting transferred=0 media_job_uuid=0805efbc-a239-454d-a3b1-93aad66fd7fa transcoded=1 gif_attribution=0 first_scan_length=0 direct_path=null thumbnail_height_width_ratio=1.3125 is_animated_sticker=0 file_hash=Ri+DDRDqRg+OfFZXSPS835EjLx4bzfJdZ+yseHYXChQ= file_path=Media/MBWhatsApp Images/Sent/IMG-20240422-WA0008.jpg file_size=2850357 partial_media_hash=null face_x=0 face_y=0 height=4000 trim_to=0 media_key_timestamp=1713770416248 message_url=null media_caption=null trim_from=0 mime_type=null partial_media_enc_hash=null width=3011 original_file_hash=3ytCeUso0WWMB6y14qwuAtyihnggXni5Epx2qXnqneM= has_streaming_sidecar=0 autotransfer_retry_enabled=1 media_upload_handle=null message_row_id=10976 multicast_id=null enc_file_hash=nP9MtOa7L2FMCK/qKVXJOhvX/7vuNcFO5UuUFCswi+8= mute_video=0 page_count=0 first_scan_sidecar=null suspicious_content=0 file_length=2850357 media_name=7bede355-ca6c-4174-9cc9-532e99d328f7.jpg media_duration=0 chat_row_id=164 media_key=[B@9952c2
04-22 13:20:20.595 10225 10303 E SQLiteDatabase: android.database.sqlite.SQLiteConstraintException: UNIQUE constraint failed: message_media.message_row_id (code 1555 SQLITE_CONSTRAINT_PRIMARYKEY)
04-22 13:20:20.595 10225 10303 E SQLiteDatabase: at android.database.sqlite.SQLiteConnection.nativeExecuteForLastInsertedRowId(Native Method)
04-22 13:20:20.595 10225 10303 E SQLiteDatabase: at android.database.sqlite.SQLiteConnection.executeForLastInsertedRowId(SQLiteConnecti on.java:961)
04-22 13:20:20.595 10225 10303 E SQLiteDatabase: at android.database.sqlite.SQLiteSession.executeForLastInsertedRowId(SQLiteSession.jav a:790)
04-22 13:20:20.595 10225 10303 E SQLiteDatabase: at android.database.sqlite.SQLiteStatement.executeInsert(SQLiteStatement.java:89)
04-22 13:20:20.595 10225 10303 E SQLiteDatabase: at android.database.sqlite.SQLiteDatabase.insertWithOnConflict(SQLiteDatabase.java:187 0)
04-22 13:20:20.595 10225 10303 E SQLiteDatabase: at android.database.sqlite.SQLiteDatabase.insert(SQLiteDatabase.java:1739)
04-22 13:20:20.595 10225 10303 E SQLiteDatabase: at X.2tm.A08(Unknown Source:6)
04-22 13:20:20.595 10225 10303 E SQLiteDatabase: at X.35Y.A07(Unknown Source:212)
04-22 13:20:20.595 10225 10303 E SQLiteDatabase: at X.3QF.A14(Unknown Source:470)
04-22 13:20:20.595 10225 10303 E SQLiteDatabase: at X.3gU.run(Unknown Source:982)
04-22 13:20:20.595 10225 10303 E SQLiteDatabase: at android.os.Handler.handleCallback(Handler.java:958)
04-22 13:20:20.595 10225 10303 E SQLiteDatabase: at android.os.Handler.dispatchMessage(Handler.java:99)
04-22 13:20:20.595 10225 10303 E SQLiteDatabase: at X.0zq.dispatchMessage(Unknown Source:4)
04-22 13:20:20.595 10225 10303 E SQLiteDatabase: at android.os.Looper.loopOnce(Looper.java:222)
04-22 13:20:20.595 10225 10303 E SQLiteDatabase: at android.os.Looper.loop(Looper.java:314)
04-22 13:20:20.595 10225 10303 E SQLiteDatabase: at android.os.HandlerThread.run(HandlerThread.java:67)
04-22 13:20:20.597 10225 10225 E ArmVmp : Match on catch block at 0xc3 in for 0x71cfbb8025
04-22 13:20:20.614 10225 10225 E ArmVmp : Match on catch block at 0xc3 in for 0x71cfbb8025
04-22 13:20:20.616 10225 10225 E ArmVmp : Match on catch block at 0xc3 in for 0x71cfbb8025
04-22 13:20:20.625 10225 10225 E ArmVmp : Match on catch block at 0xc3 in for 0x71cfbb8025
04-22 13:20:20.626 10225 10225 E ArmVmp : Match on catch block at 0xc3 in for 0x71cfbb8025
04-22 13:20:20.773 10225 10225 W VRI[MediaAlbumActivity]: Dropping event (paused for transition):MotionEvent { action=ACTION_DOWN, actionButton=0, id[0]=0, x[0]=1058.0205, y[0]=1520.3691, toolType[0]=TOOL_TYPE_FINGER, buttonState=0, classification=NONE, metaState=0, flags=0x0, edgeFlags=0x0, pointerCount=1, historySize=0, eventTime=314187, downTime=314187, deviceId=5, source=0x1002, displayId=0, eventId=270881489 }
04-22 13:20:20.807 10225 10225 W VRI[MediaAlbumActivity]: Cancelling event (paused for transition):MotionEvent { action=ACTION_CANCEL, actionButton=0, id[0]=0, x[0]=1058.0205, y[0]=1520.3691, toolType[0]=TOOL_TYPE_FINGER, buttonState=0, classification=NONE, metaState=0, flags=0x100000, edgeFlags=0x0, pointerCount=1, historySize=0, eventTime=314191, downTime=314187, deviceId=5, source=0x1002, displayId=0, eventId=219913399 }
04-22 13:20:20.807 10225 10225 W VRI[MediaAlbumActivity]: Cancelling event (paused for transition):MotionEvent { action=ACTION_CANCEL, actionButton=0, id[0]=0, x[0]=1058.0205, y[0]=1520.3691, toolType[0]=TOOL_TYPE_FINGER, buttonState=0, classification=NONE, metaState=0, flags=0x100000, edgeFlags=0x0, pointerCount=1, historySize=0, eventTime=314191, downTime=314187, deviceId=5, source=0x1002, displayId=0, eventId=219913399 }
04-22 13:20:20.807 10225 10225 W VRI[MediaAlbumActivity]: Cancelling event (paused for transition):MotionEvent { action=ACTION_CANCEL, actionButton=0, id[0]=0, x[0]=1058.0205, y[0]=1520.3691, toolType[0]=TOOL_TYPE_FINGER, buttonState=0, classification=NONE, metaState=0, flags=0x100000, edgeFlags=0x0, pointerCount=1, historySize=0, eventTime=314191, downTime=314187, deviceId=5, source=0x1002, displayId=0, eventId=219913399 }
04-22 13:20:20.807 10225 10225 W VRI[MediaAlbumActivity]: Cancelling event (paused for transition):MotionEvent { action=ACTION_CANCEL, actionButton=0, id[0]=0, x[0]=1058.0205, y[0]=1520.3691, toolType[0]=TOOL_TYPE_FINGER, buttonState=0, classification=NONE, metaState=0, flags=0x100000, edgeFlags=0x0, pointerCount=1, historySize=0, eventTime=314191, downTime=314187, deviceId=5, source=0x1002, displayId=0, eventId=219913399 }
04-22 13:20:22.031 10225 10225 E ArmVmp : Match on catch block at 0xc3 in for 0x71cfbb8025
04-22 13:20:22.035 10225 10225 E ArmVmp : Match on catch block at 0xc3 in for 0x71cfbb8025
04-22 13:20:23.221 10225 10303 E SQLiteDatabase: Error inserting transferred=0 media_job_uuid=651d4322-5009-47a1-84ef-6e38af129b77 transcoded=1 gif_attribution=0 first_scan_length=0 direct_path=null thumbnail_height_width_ratio=1.3125 is_animated_sticker=0 file_hash=QiotQ85BZ0kTn8PaI2eEoHlAxEz20NJ6Jl8GLW/gY+Q= file_path=Media/MBWhatsApp Images/Sent/IMG-20240422-WA0009.jpg file_size=2509620 partial_media_hash=null face_x=0 face_y=0 height=4000 trim_to=0 media_key_timestamp=1713770418090 message_url=null media_caption=null trim_from=0 mime_type=null partial_media_enc_hash=null width=3011 original_file_hash=ZCcLNYbHUqmdEqI86JgSmYUAUkdm3fiZf9jauzWpFzA= has_streaming_sidecar=0 autotransfer_retry_enabled=1 media_upload_handle=null message_row_id=10977 multicast_id=null enc_file_hash=vlGsE5ICIde+d5LpjqRl7b5fBSqJMxmqqfAr7+zIazk= mute_video=0 page_count=0 first_scan_sidecar=null suspicious_content=0 file_length=2509620 media_name=88d00612-a533-4369-964a-cbe09e09440d.jpg media_duration=0 chat_row_id=164 media_key=[B@e13dd21
04-22 13:20:23.221 10225 10303 E SQLiteDatabase: android.database.sqlite.SQLiteConstraintException: UNIQUE constraint failed: message_media.message_row_id (code 1555 SQLITE_CONSTRAINT_PRIMARYKEY)
04-22 13:20:23.221 10225 10303 E SQLiteDatabase: at android.database.sqlite.SQLiteConnection.nativeExecuteForLastInsertedRowId(Native Method)
04-22 13:20:23.221 10225 10303 E SQLiteDatabase: at android.database.sqlite.SQLiteConnection.executeForLastInsertedRowId(SQLiteConnecti on.java:961)
04-22 13:20:23.221 10225 10303 E SQLiteDatabase: at android.database.sqlite.SQLiteSession.executeForLastInsertedRowId(SQLiteSession.jav a:790)
04-22 13:20:23.221 10225 10303 E SQLiteDatabase: at android.database.sqlite.SQLiteStatement.executeInsert(SQLiteStatement.java:89)
04-22 13:20:23.221 10225 10303 E SQLiteDatabase: at android.database.sqlite.SQLiteDatabase.insertWithOnConflict(SQLiteDatabase.java:187 0)
04-22 13:20:23.221 10225 10303 E SQLiteDatabase: at android.database.sqlite.SQLiteDatabase.insert(SQLiteDatabase.java:1739)
04-22 13:20:23.221 10225 10303 E SQLiteDatabase: at X.2tm.A08(Unknown Source:6)
04-22 13:20:23.221 10225 10303 E SQLiteDatabase: at X.35Y.A07(Unknown Source:212)
04-22 13:20:23.221 10225 10303 E SQLiteDatabase: at X.3QF.A14(Unknown Source:470)
04-22 13:20:23.221 10225 10303 E SQLiteDatabase: at X.3gU.run(Unknown Source:982)
04-22 13:20:23.221 10225 10303 E SQLiteDatabase: at android.os.Handler.handleCallback(Handler.java:958)
04-22 13:20:23.221 10225 10303 E SQLiteDatabase: at android.os.Handler.dispatchMessage(Handler.java:99)
04-22 13:20:23.221 10225 10303 E SQLiteDatabase: at X.0zq.dispatchMessage(Unknown Source:4)
04-22 13:20:23.221 10225 10303 E SQLiteDatabase: at android.os.Looper.loopOnce(Looper.java:222)
04-22 13:20:23.221 10225 10303 E SQLiteDatabase: at android.os.Looper.loop(Looper.java:314)
04-22 13:20:23.221 10225 10303 E SQLiteDatabase: at android.os.HandlerThread.run(HandlerThread.java:67)
04-22 13:20:28.325 10225 10225 E ArmVmp : Match on catch block at 0x0a in for 0x71cfbb8035
04-22 13:20:28.328 10225 10225 E ArmVmp : Match on catch block at 0x0a in for 0x71cfbb8035
04-22 13:20:28.330 10225 12627 E ArmVmp : Match on catch block at 0x48 in for 0x71cc8bd421
04-22 13:20:28.330 10225 12627 W System.err: java.net.UnknownHostException: Unable to resolve host "translate.googleapis.com": No address associated with hostname
04-22 13:20:28.331 10225 12627 W System.err: at java.net.Inet6AddressImpl.lookupHostByName(Inet6AddressImpl.java:156)
04-22 13:20:28.331 10225 12627 W System.err: at java.net.Inet6AddressImpl.lookupAllHostAddr(Inet6AddressImpl.java:103)
04-22 13:20:28.331 10225 12627 W System.err: at java.net.InetAddress.getAllByName(InetAddress.java:1152)
04-22 13:20:28.331 10225 12627 W System.err: at com.android.okhttp.Dns$1.lookup(Dns.java:41)
04-22 13:20:28.331 10225 12627 W System.err: at com.android.okhttp.internal.http.RouteSelector.resetNextInetSocketAddress(RouteSele ctor.java:178)
04-22 13:20:28.331 10225 12627 W System.err: at com.android.okhttp.internal.http.RouteSelector.nextProxy(RouteSelector.java:144)
04-22 13:20:28.331 10225 12627 W System.err: at com.android.okhttp.internal.http.RouteSelector.next(RouteSelector.java:86)
04-22 13:20:28.331 10225 12627 W System.err: at com.android.okhttp.internal.http.StreamAllocation.findConnection(StreamAllocation.j ava:176)
04-22 13:20:28.331 10225 12627 W System.err: at com.android.okhttp.internal.http.StreamAllocation.findHealthyConnection(StreamAlloc ation.java:128)
04-22 13:20:28.331 10225 12627 W System.err: at com.android.okhttp.internal.http.StreamAllocation.newStream(StreamAllocation.java:9 7)
04-22 13:20:28.331 10225 12627 W System.err: at com.android.okhttp.internal.http.HttpEngine.connect(HttpEngine.java:289)
04-22 13:20:28.332 10225 12627 W System.err: at com.android.okhttp.internal.http.HttpEngine.sendRequest(HttpEngine.java:232)
04-22 13:20:28.332 10225 12627 W System.err: at com.android.okhttp.internal.huc.HttpURLConnectionImpl.execute(HttpURLConnectionImpl .java:465)
04-22 13:20:28.332 10225 12627 W System.err: at com.android.okhttp.internal.huc.HttpURLConnectionImpl.connect(HttpURLConnectionImpl .java:131)
04-22 13:20:28.332 10225 12627 W System.err: at com.android.okhttp.internal.huc.DelegatingHttpsURLConnection.connect(DelegatingHttp sURLConnection.java:90)
04-22 13:20:28.332 10225 12627 W System.err: at com.android.okhttp.internal.huc.HttpsURLConnectionImpl.connect(HttpsURLConnectionIm pl.java:30)
04-22 13:20:28.332 10225 12627 W System.err: at mbmodsd.mbmodsw.home.MBTranslator.translate(Native Method)
04-22 13:20:28.332 10225 12627 W System.err: at mbmodsd.mbmodsw.home.MBTranslator$Async.doInBackground(Native Method)
04-22 13:20:28.332 10225 12627 W System.err: at mbmodsd.mbmodsw.home.MBTranslator$Async.doInBackground(Native Method)
04-22 13:20:28.332 10225 12627 W System.err: at android.os.AsyncTask$3.call(AsyncTask.java:394)
04-22 13:20:28.332 10225 12627 W System.err: at java.util.concurrent.FutureTask.run(FutureTask.java:264)
04-22 13:20:28.333 10225 12627 W System.err: at android.os.AsyncTask$SerialExecutor$1.run(AsyncTask.java:305)
04-22 13:20:28.333 10225 12627 W System.err: at java.util.concurrent.ThreadPoolExecutor.runWorker(ThreadPoolExecutor.java:1145)
04-22 13:20:28.333 10225 12627 W System.err: at java.util.concurrent.ThreadPoolExecutor$Worker.run(ThreadPoolExecutor.java:644)
04-22 13:20:28.333 10225 12627 W System.err: at java.lang.Thread.run(Thread.java:1012)
04-22 13:20:28.333 10225 12627 W System.err: Caused by: android.system.GaiException: android_getaddrinfo failed: EAI_NODATA (No address associated with hostname)
04-22 13:20:28.333 10225 12627 W System.err: at libcore.io.Linux.android_getaddrinfo(Native Method)
04-22 13:20:28.333 10225 12627 W System.err: at libcore.io.ForwardingOs.android_getaddrinfo(ForwardingOs.java:133)
04-22 13:20:28.333 10225 12627 W System.err: at libcore.io.BlockGuardOs.android_getaddrinfo(BlockGuardOs.java:222)
04-22 13:20:28.334 10225 12627 W System.err: at libcore.io.ForwardingOs.android_getaddrinfo(ForwardingOs.java:133)
04-22 13:20:28.334 10225 12627 W System.err: at java.net.Inet6AddressImpl.lookupHostByName(Inet6AddressImpl.java:135)
04-22 13:20:28.334 10225 12627 W System.err: ... 24 more
04-22 13:20:28.335 10225 12627 E ArmVmp : Match on catch block at 0x48 in for 0x71cc8bd425
04-22 13:20:28.335 10225 12627 W System.err: java.net.UnknownHostException: Unable to resolve host "translate.googleapis.com": No address associated with hostname
04-22 13:20:28.335 10225 12627 W System.err: at java.net.Inet6AddressImpl.lookupHostByName(Inet6AddressImpl.java:124)
04-22 13:20:28.335 10225 12627 W System.err: at java.net.Inet6AddressImpl.lookupAllHostAddr(Inet6AddressImpl.java:103)
04-22 13:20:28.335 10225 12627 W System.err: at java.net.InetAddress.getAllByName(InetAddress.java:1152)
04-22 13:20:28.335 10225 12627 W System.err: at com.android.okhttp.Dns$1.lookup(Dns.java:41)
04-22 13:20:28.335 10225 12627 W System.err: at com.android.okhttp.internal.http.RouteSelector.resetNextInetSocketAddress(RouteSele ctor.java:178)
04-22 13:20:28.336 10225 12627 W System.err: at com.android.okhttp.internal.http.RouteSelector.nextProxy(RouteSelector.java:144)
04-22 13:20:28.336 10225 12627 W System.err: at com.android.okhttp.internal.http.RouteSelector.next(RouteSelector.java:86)
04-22 13:20:28.336 10225 12627 W System.err: at com.android.okhttp.internal.http.StreamAllocation.findConnection(StreamAllocation.j ava:176)
04-22 13:20:28.336 10225 12627 W System.err: at com.android.okhttp.internal.http.StreamAllocation.findHealthyConnection(StreamAlloc ation.java:128)
04-22 13:20:28.336 10225 12627 W System.err: at com.android.okhttp.internal.http.StreamAllocation.newStream(StreamAllocation.java:9 7)
04-22 13:20:28.336 10225 12627 W System.err: at com.android.okhttp.internal.http.HttpEngine.connect(HttpEngine.java:289)
04-22 13:20:28.336 10225 12627 W System.err: at com.android.okhttp.internal.http.HttpEngine.sendRequest(HttpEngine.java:232)
04-22 13:20:28.336 10225 12627 W System.err: at com.android.okhttp.internal.huc.HttpURLConnectionImpl.execute(HttpURLConnectionImpl .java:465)
04-22 13:20:28.336 10225 12627 W System.err: at com.android.okhttp.internal.huc.HttpURLConnectionImpl.connect(HttpURLConnectionImpl .java:131)
04-22 13:20:28.337 10225 12627 W System.err: at com.android.okhttp.internal.huc.DelegatingHttpsURLConnection.connect(DelegatingHttp sURLConnection.java:90)
04-22 13:20:28.337 10225 12627 W System.err: at com.android.okhttp.internal.huc.HttpsURLConnectionImpl.connect(HttpsURLConnectionIm pl.java:30)
04-22 13:20:28.337 10225 12627 W System.err: at mbmodsd.mbmodsw.home.MBTranslator.translate(Native Method)
04-22 13:20:28.337 10225 12627 W System.err: at mbmodsd.mbmodsw.home.MBTranslator$Async.doInBackground(Native Method)
04-22 13:20:28.337 10225 12627 W System.err: at mbmodsd.mbmodsw.home.MBTranslator$Async.doInBackground(Native Method)
04-22 13:20:28.337 10225 12627 W System.err: at android.os.AsyncTask$3.call(AsyncTask.java:394)
04-22 13:20:28.337 10225 12627 W System.err: at java.util.concurrent.FutureTask.run(FutureTask.java:264)
04-22 13:20:28.337 10225 12627 W System.err: at android.os.AsyncTask$SerialExecutor$1.run(AsyncTask.java:305)
04-22 13:20:28.337 10225 12627 W System.err: at java.util.concurrent.ThreadPoolExecutor.runWorker(ThreadPoolExecutor.java:1145)
04-22 13:20:28.337 10225 12627 W System.err: at java.util.concurrent.ThreadPoolExecutor$Worker.run(ThreadPoolExecutor.java:644)
04-22 13:20:28.337 10225 12627 W System.err: at java.lang.Thread.run(Thread.java:1012)
04-22 13:20:28.362 10225 12147 E OpenGLRenderer: Unable to match the desired swap behavior.
04-22 13:20:28.387 10225 10225 E ArmVmp : Match on catch block at 0xc3 in for 0x71cfbb8025
04-22 13:20:28.389 10225 10225 E ArmVmp : Match on catch block at 0xc3 in for 0x71cfbb8025
04-22 13:20:28.529 10225 10225 E ArmVmp : Match on catch block at 0xc3 in for 0x71cfbb8025
04-22 13:20:28.532 10225 10225 E ArmVmp : Match on catch block at 0xc3 in for 0x71cfbb8025
04-22 13:20:28.562 10225 12147 E OpenGLRenderer: Unable to match the desired swap behavior.
04-22 13:20:28.599 10225 10225 E ArmVmp : Match on catch block at 0xc3 in for 0x71cfbb8025
04-22 13:20:28.602 10225 10225 E ArmVmp : Match on catch block at 0xc3 in for 0x71cfbb8025
04-22 13:20:29.154 10225 10225 E ArmVmp : Match on catch block at 0xc3 in for 0x71cfbb8025
04-22 13:20:29.156 10225 10225 E ArmVmp : Match on catch block at 0xc3 in for 0x71cfbb8025
04-22 13:20:29.165 10225 10225 E ArmVmp : Match on catch block at 0xc3 in for 0x71cfbb8025
04-22 13:20:29.167 10225 10225 E ArmVmp : Match on catch block at 0xc3 in for 0x71cfbb8025
04-22 13:20:29.176 10225 10225 E ArmVmp : Match on catch block at 0xc3 in for 0x71cfbb8025
04-22 13:20:29.178 10225 10225 E ArmVmp : Match on catch block at 0xc3 in for 0x71cfbb8025
04-22 13:20:29.187 10225 10225 E ArmVmp : Match on catch block at 0xc3 in for 0x71cfbb8025
04-22 13:20:29.189 10225 10225 E ArmVmp : Match on catch block at 0xc3 in for 0x71cfbb8025
04-22 13:20:29.199 10225 10225 E ArmVmp : Match on catch block at 0xc3 in for 0x71cfbb8025
04-22 13:20:29.200 10225 10225 E ArmVmp : Match on catch block at 0xc3 in for 0x71cfbb8025
04-22 13:20:29.210 10225 10225 E ArmVmp : Match on catch block at 0xc3 in for 0x71cfbb8025
04-22 13:20:29.212 10225 10225 E ArmVmp : Match on catch block at 0xc3 in for 0x71cfbb8025
04-22 13:20:29.221 10225 10225 E ArmVmp : Match on catch block at 0xc3 in for 0x71cfbb8025
04-22 13:20:29.223 10225 10225 E ArmVmp : Match on catch block at 0xc3 in for 0x71cfbb8025
04-22 13:20:29.230 10225 10225 W libc : Access denied finding property "ro.vendor.audio.cloudctrl"
04-22 13:20:29.228 10225 10225 W com.mbwhatsapp: type=1400 audit(0.0:5669): avc: denied { read } for name="u:object_r:vendor_ro_audio_prop:s0" dev="tmpfs" ino=707 scontext=u:r:untrusted_app_32:s0:c232,c256,c512,c768 tcontext=u:object_r:vendor_ro_audio_prop:s0 tclass=file permissive=0 app=com.mbwhatsapp
04-22 13:20:29.234 10225 10225 E ArmVmp : Match on catch block at 0xc3 in for 0x71cfbb8025
04-22 13:20:29.235 10225 10225 E ArmVmp : Match on catch block at 0xc3 in for 0x71cfbb8025
04-22 13:20:29.245 10225 10225 E ArmVmp : Match on catch block at 0xc3 in for 0x71cfbb8025
04-22 13:20:29.247 10225 10225 E ArmVmp : Match on catch block at 0xc3 in for 0x71cfbb8025
04-22 13:20:29.266 10225 10225 E ArmVmp : Match on catch block at 0xc3 in for 0x71cfbb8025
04-22 13:20:29.268 10225 10225 E ArmVmp : Match on catch block at 0xc3 in for 0x71cfbb8025
