04-21 22:04:01.865 12669 12669 W Looper : PerfMonitor looperActivity : package=com.mbwhatsapp/.Conversation time=0ms latency=504ms procState=-1 historyMsgCount=1 (msgIndex=1 wall=507ms seq=50266 h=android.app.ActivityThread$H w=159)
04-21 22:04:02.305 12669 12669 W Looper : PerfMonitor doFrame : time=433ms vsyncFrame=0 latency=6ms procState=-1 historyMsgCount=24
04-21 22:04:02.337 12669 12669 W Looper : PerfMonitor doFrame : time=24ms vsyncFrame=0 latency=430ms procState=-1 historyMsgCount=12 (msgIndex=1 wall=433ms seq=50306 late=6ms h=android.view.Choreographer$FrameHandler c=android.view.Choreographer$FrameDisplayEventReceiver)
04-21 22:04:46.127 12669 12669 W Looper : PerfMonitor looperActivity : package=com.mbwhatsapp/.HomeActivity time=0ms latency=323ms procState=-1 historyMsgCount=5 (msgIndex=5 wall=319ms seq=56612 late=5ms h=android.app.ActivityThread$H w=159)
04-21 22:04:46.632 12669 12669 W Looper : PerfMonitor doFrame : time=504ms vsyncFrame=0 latency=318ms procState=-1 historyMsgCount=3 (msgIndex=1 wall=319ms seq=56612 late=5ms h=android.app.ActivityThread$H w=159)
04-21 22:04:46.636 12669 12669 W Looper : PerfMonitor looperActivity : package=com.mbwhatsapp/.HomeActivity time=1ms latency=603ms procState=-1 historyMsgCount=13 (msgIndex=1 wall=319ms seq=56612 late=5ms h=android.app.ActivityThread$H w=159) (msgIndex=4 wall=504ms seq=56615 late=318ms h=android.view.Choreographer$FrameHandler c=android.view.Choreographer$FrameDisplayEventReceiver)
04-21 22:04:46.660 12669 12669 W Looper : PerfMonitor looperActivity : package=com.mbwhatsapp/.HomeActivity time=23ms latency=605ms procState=-1 historyMsgCount=14 (msgIndex=1 wall=319ms seq=56612 late=5ms h=android.app.ActivityThread$H w=159) (msgIndex=4 wall=504ms seq=56615 late=318ms h=android.view.Choreographer$FrameHandler c=android.view.Choreographer$FrameDisplayEventReceiver)
04-21 22:04:46.722 12669 12669 W Looper : PerfMonitor doFrame : time=55ms vsyncFrame=0 latency=533ms procState=-1 historyMsgCount=26 (msgIndex=1 wall=504ms seq=56615 late=318ms h=android.view.Choreographer$FrameHandler c=android.view.Choreographer$FrameDisplayEventReceiver)
04-21 22:06:30.732 12669 12669 W Looper : PerfMonitor looperActivity : package=com.mbwhatsapp/.Conversation time=0ms latency=392ms procState=-1 historyMsgCount=1 (msgIndex=1 wall=392ms seq=65103 late=2ms h=android.app.ActivityThread$H w=159)
04-21 22:06:31.065 12669 12669 W Looper : PerfMonitor doFrame : time=328ms vsyncFrame=0 latency=10ms procState=-1 historyMsgCount=39 (msgIndex=1 wall=392ms seq=65103 late=2ms h=android.app.ActivityThread$H w=159)
04-21 22:06:31.102 12669 12669 W Looper : PerfMonitor doFrame : time=30ms vsyncFrame=0 latency=323ms procState=-1 historyMsgCount=11 (msgIndex=1 wall=328ms seq=65142 late=10ms h=android.view.Choreographer$FrameHandler c=android.view.Choreographer$FrameDisplayEventReceiver)
04-21 22:38:47.809 12669 12743 W Looper : PerfMonitor longMsg : seq=1102 plan=22:38:46.547 late=0ms wall=1255ms h=X.10H w=0 procState=-1
04-21 22:39:44.543 12669 12743 W Looper : PerfMonitor longMsg : seq=1128 plan=22:39:41.656 late=3ms wall=2882ms h=X.10H w=0 procState=-1
04-21 22:40:56.721 12669 12669 W Activity: PerfMonitor: Slow Operation: Activity com.mbwhatsapp/.Conversation onStart took 103ms
04-21 22:40:56.767 12669 12669 W Looper : PerfMonitor looperActivity : package=com.mbwhatsapp/.Conversation time=0ms latency=571ms procState=-1 historyMsgCount=4 (msgIndex=1 wall=109ms seq=66084 late=1ms h=android.app.ActivityThread$H w=159) (msgIndex=4 wall=522ms seq=66087 late=50ms h=android.app.ActivityThread$H w=159)
04-21 22:40:57.244 12669 14087 W BpBinder: Slow Binder: BpBinder transact took 239 ms, interface=android.media.IMediaMetadataRetriever, code=5 oneway=false
04-21 22:40:57.261 12669 12669 W Looper : PerfMonitor doFrame : time=493ms vsyncFrame=0 latency=520ms procState=-1 historyMsgCount=2 (msgIndex=1 wall=522ms seq=66087 late=50ms h=android.app.ActivityThread$H w=159)
04-21 22:40:57.319 12669 12669 W Looper : PerfMonitor doFrame : time=46ms vsyncFrame=0 latency=500ms procState=-1 historyMsgCount=48 (msgIndex=1 wall=493ms seq=66089 late=520ms h=android.view.Choreographer$FrameHandler c=android.view.Choreographer$FrameDisplayEventReceiver)
04-21 22:41:07.367 12669 12669 W Looper : PerfMonitor looperActivity : package=com.mbwhatsapp/.HomeActivity time=1ms latency=360ms procState=-1 historyMsgCount=9 (msgIndex=9 wall=346ms seq=66618 late=15ms h=android.app.ActivityThread$H w=159)
04-21 22:41:07.938 12669 12669 W Looper : PerfMonitor doFrame : time=570ms vsyncFrame=0 latency=355ms procState=-1 historyMsgCount=7 (msgIndex=6 wall=346ms seq=66618 late=15ms h=android.app.ActivityThread$H w=159)
04-21 22:41:07.945 12669 12669 W Looper : PerfMonitor looperActivity : package=com.mbwhatsapp/.HomeActivity time=3ms latency=674ms procState=-1 historyMsgCount=15 (msgIndex=1 wall=346ms seq=66618 late=15ms h=android.app.ActivityThread$H w=159) (msgIndex=3 wall=570ms seq=66620 late=355ms h=android.view.Choreographer$FrameHandler c=android.view.Choreographer$FrameDisplayEventReceiver)
04-21 22:41:07.955 12669 12669 W Looper : PerfMonitor looperActivity : package=com.mbwhatsapp/.HomeActivity time=10ms latency=676ms procState=-1 historyMsgCount=16 (msgIndex=1 wall=346ms seq=66618 late=15ms h=android.app.ActivityThread$H w=159) (msgIndex=3 wall=570ms seq=66620 late=355ms h=android.view.Choreographer$FrameHandler c=android.view.Choreographer$FrameDisplayEventReceiver)
04-21 22:41:07.993 12669 12669 W Looper : PerfMonitor doFrame : time=38ms vsyncFrame=0 latency=573ms procState=-1 historyMsgCount=25 (msgIndex=1 wall=570ms seq=66620 late=355ms h=android.view.Choreographer$FrameHandler c=android.view.Choreographer$FrameDisplayEventReceiver)
04-21 22:42:53.885 12669 12669 W Activity: PerfMonitor: Slow Operation: Activity com.mbwhatsapp/.contact.picker.ContactPicker onStart took 101ms
04-21 22:44:45.061 18372 18372 W Looper : PerfMonitor looperActivity : package=com.mbwhatsapp/.Icon67 time=110ms latency=442ms procState=-1 historyMsgCount=2 (msgIndex=2 wall=439ms seq=2 late=7ms h=android.app.ActivityThread$H w=110)
04-21 22:44:45.061 18372 18372 W Looper : PerfMonitor looperActivity : package=com.mbwhatsapp/.Icon67 time=0ms latency=552ms procState=-1 historyMsgCount=3 (msgIndex=2 wall=439ms seq=2 late=7ms h=android.app.ActivityThread$H w=110) (msgIndex=3 wall=110ms seq=3 late=442ms h=android.app.ActivityThread$H w=159)
04-21 22:44:45.472 18372 18372 W Looper : PerfMonitor looperActivity : package=com.mbwhatsapp/.HomeActivity time=0ms latency=400ms procState=-1 historyMsgCount=3 (msgIndex=3 wall=396ms seq=17 late=4ms h=android.app.ActivityThread$H w=159)
04-21 22:44:46.264 18372 18372 W Looper : PerfMonitor doFrame : time=769ms vsyncFrame=0 latency=27ms procState=-1 historyMsgCount=26 (msgIndex=1 wall=396ms seq=17 late=4ms h=android.app.ActivityThread$H w=159)
04-21 22:44:46.284 18372 18372 W Looper : PerfMonitor looperActivity : package=com.mbwhatsapp/mbmodsd.mbmodsw.mbsettings.yo.PauseActivity time=20ms latency=772ms procState=-1 historyMsgCount=19 (msgIndex=15 wall=769ms seq=43 late=27ms h=android.view.Choreographer$FrameHandler c=android.view.Choreographer$FrameDisplayEventReceiver)
04-21 22:44:46.335 18372 18372 W Looper : PerfMonitor doFrame : time=50ms vsyncFrame=0 latency=783ms procState=-1 historyMsgCount=8 (msgIndex=1 wall=769ms seq=43 late=27ms h=android.view.Choreographer$FrameHandler c=android.view.Choreographer$FrameDisplayEventReceiver)
04-21 22:44:46.359 18372 18372 W Looper : PerfMonitor looperActivity : package=com.mbwhatsapp/.HomeActivity time=6ms latency=371ms procState=-1 historyMsgCount=94 (msgIndex=1 wall=769ms seq=43 late=27ms h=android.view.Choreographer$FrameHandler c=android.view.Choreographer$FrameDisplayEventReceiver)
04-21 22:44:46.379 18372 18372 W Looper : PerfMonitor looperActivity : package=com.mbwhatsapp/mbmodsd.mbmodsw.mbsettings.yo.PauseActivity time=0ms latency=330ms procState=-1 historyMsgCount=109 (msgIndex=1 wall=769ms seq=43 late=27ms h=android.view.Choreographer$FrameHandler c=android.view.Choreographer$FrameDisplayEventReceiver)
04-21 22:44:46.379 18372 18372 W Looper : PerfMonitor looperActivity : package=com.mbwhatsapp/mbmodsd.mbmodsw.mbsettings.yo.PauseActivity time=0ms latency=330ms procState=-1 historyMsgCount=110 (msgIndex=1 wall=769ms seq=43 late=27ms h=android.view.Choreographer$FrameHandler c=android.view.Choreographer$FrameDisplayEventReceiver)
04-21 22:44:48.858 18372 18372 W Looper : PerfMonitor looperActivity : package=com.mbwhatsapp/.Conversation time=0ms latency=401ms procState=-1 historyMsgCount=4 (msgIndex=4 wall=391ms seq=602 late=12ms h=android.app.ActivityThread$H w=159)
04-21 22:44:49.241 18372 18372 W Looper : PerfMonitor doFrame : time=382ms vsyncFrame=0 latency=384ms procState=-1 historyMsgCount=4 (msgIndex=1 wall=391ms seq=602 late=12ms h=android.app.ActivityThread$H w=159)
04-21 22:44:49.317 18372 18372 W Looper : PerfMonitor doFrame : time=45ms vsyncFrame=0 latency=406ms procState=-1 historyMsgCount=57 (msgIndex=1 wall=382ms seq=606 late=384ms h=android.view.Choreographer$FrameHandler c=android.view.Choreographer$FrameDisplayEventReceiver)
04-21 22:59:29.433 18372 18451 W Looper : PerfMonitor longMsg : seq=102 plan=22:59:28.346 late=0ms wall=1086ms h=X.10H w=0 procState=-1 --------- beginning of main
04-21 23:34:54.723 25282 25282 E com.mbwhatsapp: Not starting debugger since process cannot load the jdwp agent.
04-21 23:34:54.955 25282 25282 W System.err: java.lang.ClassNotFoundException: mbmodsd.mbmodsw.ui.views.btn.BtnBK
04-21 23:34:54.955 25282 25282 W System.err: at java.lang.Runtime.nativeLoad(Native Method)
04-21 23:34:54.955 25282 25282 W System.err: at java.lang.Runtime.nativeLoad(Runtime.java:1126)
04-21 23:34:54.955 25282 25282 W System.err: at java.lang.Runtime.loadLibrary0(Runtime.java:1080)
04-21 23:34:54.955 25282 25282 W System.err: at java.lang.Runtime.loadLibrary0(Runtime.java:1003)
04-21 23:34:54.956 25282 25282 W System.err: at java.lang.System.loadLibrary(System.java:1661)
04-21 23:34:54.956 25282 25282 W System.err: at arm.EpicVm.<clinit>(Unknown Source:2)
04-21 23:34:54.956 25282 25282 W System.err: at java.lang.Class.newInstance(Native Method)
04-21 23:34:54.956 25282 25282 W System.err: at android.app.AppComponentFactory.instantiateApplication(AppComponentFactory.java:76)
04-21 23:34:54.956 25282 25282 W System.err: at androidx.core.app.CoreComponentFactory.instantiateApplication(Unknown Source:0)
04-21 23:34:54.956 25282 25282 W System.err: at android.app.Instrumentation.newApplication(Instrumentation.java:1288)
04-21 23:34:54.956 25282 25282 W System.err: at android.app.LoadedApk.makeApplicationInner(LoadedApk.java:1500)
04-21 23:34:54.956 25282 25282 W System.err: at android.app.LoadedApk.makeApplicationInner(LoadedApk.java:1433)
04-21 23:34:54.956 25282 25282 W System.err: at android.app.ActivityThread.handleBindApplication(ActivityThread.java:7420)
04-21 23:34:54.956 25282 25282 W System.err: at android.app.ActivityThread.-$ $Nest$mhandleBindApplication(Unknown Source:0)
04-21 23:34:54.956 25282 25282 W System.err: at android.app.ActivityThread$H.handleMessage(ActivityThread.java:2409)
04-21 23:34:54.956 25282 25282 W System.err: at android.os.Handler.dispatchMessage(Handler.java--------- beginning of main
04-22 00:42:11.579 30604 30604 E com.mbwhatsapp: Not starting debugger since process cannot load the jdwp agent.
04-22 00:42:11.919 30604 30604 W System.err: java.lang.ClassNotFoundException: mbmodsd.mbmodsw.ui.views.btn.BtnBK
04-22 00:42:11.922 30604 30604 W System.err: at java.lang.Runtime.nativeLoad(Native Method)
04-22 00:42:11.922 30604 30604 W System.err: at java.lang.Runtime.nativeLoad(Runtime.java:1126)
04-22 00:42:11.922 30604 30604 W System.err: at java.lang.Runtime.loadLibrary0(Runtime.java:1080)
04-22 00:42:11.922 30604 30604 W System.err: at java.lang.Runtime.loadLibrary0(Runtime.java:1003)
04-22 00:42:11.922 30604 30604 W System.err: at java.lang.System.loadLibrary(System.java:1661)
04-22 00:42:11.922 30604 30604 W System.err: at arm.EpicVm.<clinit>(Unknown Source:2)
04-22 00:42:11.922 30604 30604 W System.err: at java.lang.Class.newInstance(Native Method)
04-22 00:42:11.922 30604 30604 W System.err: at android.app.AppComponentFactory.instantiateApplication(AppComponentFactory.java:76)
04-22 00:42:11.922 30604 30604 W System.err: at androidx.core.app.CoreComponentFactory.instantiateApplication(Unknown Source:0)
04-22 00:42:11.922 30604 30604 W System.err: at android.app.Instrumentation.newApplication(Instrumentation.java:1288)
04-22 00:42:11.922 30604 30604 W System.err: at android.app.LoadedApk.makeApplicationInner(LoadedApk.java:1500)
04-22 00:42:11.922 30604 30604 W System.err: at android.app.LoadedApk.makeApplicationInner(LoadedApk.java:1433)
04-22 00:42:11.922 30604 30604 W System.err: at android.app.ActivityThread.handleBindApplication(ActivityThread.java:7420)
04-22 00:42:11.922 30604 30604 W System.err: at android.app.ActivityThread.-$ $Nest$mhandleBindApplication(Unknown Source:0)
04-22 00:42:11.922 30604 30604 W System.err: at android.app.ActivityThread$H.handleMessage(ActivityThread.java:2409)
04-22 00:42:11.922 30604 30604 W System.err: at android.os.Handler.dispatchMessage(Handler.java:106)
04-22 00:42:11.922 30604 30604 W System.err: at android.os.Looper.loopOnce(Looper.java:222)
04-22 00:42:11.922 30604 30604 W System.err: at android.os.Looper.loop(Looper.java:314)
04-22 00:42:11.922 30604 30604 W System.err: at android.app.ActivityThread.main(ActivityThread.java:8706)
04-22 00:42:11.922 30604 30604 W System.err: at java.lang.reflect.Method.invoke(Native Method)
04-22 00:42:11.922 30604 30604 W System.err: at com.android.internal.os.RuntimeInit$MethodAndArgsCaller.run(RuntimeInit.java:565)
04-22 00:42:11.922 30604 30604 W System.err: at com.android.internal.os.ZygoteInit.main(ZygoteInit.java:1081)
04-22 00:42:11.947 30604 30604 E CustomActivityOnCrash: IMPORTANT WARNING! You already have an UncaughtExceptionHandler, are you sure this is correct? If you use a custom UncaughtExceptionHandler, you must initialize it AFTER CustomActivityOnCrash! Installing anyway, but your original handler will not be called.
04-22 00:42:12.200 30604 30604 W com.mbwhatsapp: Accessing hidden method Lcom/android/org/conscrypt/OpenSSLSocketImpl;->setUseSessionTickets(Z)V (max- target-q,core-platform-api, reflection, denied)
04-22 00:42:12.200 30604 30604 W com.mbwhatsapp: Accessing hidden method Lcom/android/org/conscrypt/AbstractConscryptSocket;->setUseSessionTickets(Z)V (max- target-q, reflection, denied)
04-22 00:42:12.238 30604 30604 W com.mbwhatsapp: type=1400 audit(0.0:341869): avc: granted { execute } for path="/data/data/com.mbwhatsapp/files/decompressed/libs.spk.zst/libc++_shared.so" dev="dm-48" ino=116686 scontext=u:r:untrusted_app_32:s0:c232,c256,c512,c768 tcontext=u:object_r:app_data_file:s0:c232,c256,c512,c768 tclass=file app=com.mbwhatsapp
04-22 00:42:12.242 30604 30604 W com.mbwhatsapp: type=1400 audit(0.0:341870): avc: granted { execute } for path="/data/data/com.mbwhatsapp/files/decompressed/libs.spk.zst/libvlc.so" dev="dm- 48" ino=179280 scontext=u:r:untrusted_app_32:s0:c232,c256,c512,c768 tcontext=u:object_r:app_data_file:s0:c232,c256,c512,c768 tclass=file app=com.mbwhatsapp
04-22 00:42:12.254 30604 30604 W com.mbwhatsapp: type=1400 audit(0.0:341--------- beginning of main
04-22 01:03:40.710 9256 9256 E com.mbwhatsapp: Not starting debugger since process cannot load the jdwp agent.
04-22 01:03:40.905 9256 9256 W System.err: java.lang.ClassNotFoundException: mbmodsd.mbmodsw.ui.views.btn.BtnBK
04-22 01:03:40.907 9256 9256 W System.err: at java.lang.Runtime.nativeLoad(Native Method)
04-22 01:03:40.907 9256 9256 W System.err: at java.lang.Runtime.nativeLoad(Runtime.java:1126)
04-22 01:03:40.907 9256 9256 W System.err: at java.lang.Runtime.loadLibrary0(Runtime.java:1080)
04-22 01:03:40.907 9256 9256 W System.err: at java.lang.Runtime.loadLibrary0(Runtime.java:1003)
04-22 01:03:40.907 9256 9256 W System.err: at java.lang.System.loadLibrary(System.java:1661)
04-22 01:03:40.907 9256 9256 W System.err: at arm.EpicVm.<clinit>(Unknown Source:2)
04-22 01:03:40.907 9256 9256 W System.err: at java.lang.Class.newInstance(Native Method)
04-22 01:03:40.907 9256 9256 W System.err: at android.app.AppComponentFactory.instantiateApplication(AppComponentFactory.java:76)
04-22 01:03:40.907 9256 9256 W System.err: at androidx.core.app.CoreComponentFactory.instantiateApplication(Unknown Source:0)
04-22 01:03:40.907 9256 9256 W System.err: at android.app.Instrumentation.newApplication(Instrumentation.java:1288)
04-22 01:03:40.907 9256 9256 W System.err: at android.app.LoadedApk.makeApplicationInner(LoadedApk.java:1500)
04-22 01:03:40.907 9256 9256 W System.err: at android.app.LoadedApk.makeApplicationInner(LoadedApk.java:1433)
04-22 01:03:40.907 9256 9256 W System.err: at android.app.ActivityThread.handleBindApplication(ActivityThread.java:7420)
04-22 01:03:40.907 9256 9256 W System.err: at android.app.ActivityThread.-$ $Nest$mhandleBindApplication(Unknown Source:0)
04-22 01:03:40.907 9256 9256 W System.err: at android.app.ActivityThread$H.handleMessage(ActivityThread.java:2409)
04-22 01:03:40.907 9256 9256 W System.err: at android.os.Handler.dispatchMessage(Handler.java:106)
04-22 01:03:40.907 9256 9256 W System.err: at android.os.Looper.loopOnce(Looper.java:222)
04-22 01:03:40.907 9256 9256 W System.err: at android.os.Looper.loop(Looper.java:314)
04-22 01:03:40.907 9256 9256 W System.err: at android.app.ActivityThread.main(ActivityThread.java:8706)
04-22 01:03:40.907 9256 9256 W System.err: at java.lang.reflect.Method.invoke(Native Method)
04-22 01:03:40.907 9256 9256 W System.err: at com.android.internal.os.RuntimeInit$MethodAndArgsCaller.run(RuntimeInit.java:565)
04-22 01:03:40.907 9256 9256 W System.err: at com.android.internal.os.ZygoteInit.main(ZygoteInit.java:1081)
04-22 01:03:40.920 9256 9256 E CustomActivityOnCrash: IMPORTANT WARNING! You already have an UncaughtExceptionHandler, are you sure this is correct? If you use a custom UncaughtExceptionHandler, you must initialize it AFTER CustomActivityOnCrash! Installing anyway, but your original handler will not be called.
04-22 01:03:41.368 9256 9256 W com.mbwhatsapp: Accessing hidden method Lcom/android/org/conscrypt/OpenSSLSocketImpl;->setUseSessionTickets(Z)V (max- target-q,core-platform-api, reflection, denied)
04-22 01:03:41.369 9256 9256 W com.mbwhatsapp: Accessing hidden method Lcom/android/org/conscrypt/AbstractConscryptSocket;->setUseSessionTickets(Z)V (max- target-q, reflection, denied)
04-22 01:03:41.462 9256 9309 W com.mbwhatsapp: Method void X.2rL.A03(java.lang.Integer) failed lock verification and will run slower.
04-22 01:03:41.462 9256 9309 W com.mbwhatsapp: Common causes for lock verification issues are non-optimized dex code
04-22 01:03:41.462 9256 9309 W com.mbwhatsapp: and incorrect proguard optimizations.
04-22 01:03:41.390 9256 9256 W com.mbwhatsapp: type=1400 audit(0.0:342824): avc: granted { execute } for path="/data/data/com.mbwhatsapp/files/decompressed/libs.spk.zst/libc++_shared.so" dev="dm-48" ino=116686 scontext=u:r:untrusted_app_32:s0:c232,c256,c512,c768 tcontext=u:object_r:app_data_file:s0:c232,c256,c512,c768 tclass=file app=com.mbwhatsapp
04-22 01:03:41.390 9256 9256 W com.mbwhatsapp: type=1400 audit(0.0:342825): avc: granted { execute } for path="/data/data/com.mbwhatsapp/files/decompressed/libs.spk.zst/libvlc.so" dev="dm- 48" ino=179280 scontext=u:r:untrusted_app_32:s0:c232,c256,c512,c768 tcontext=u:object_r:app_data_file:s0:c232,c256,c512,c768 tclass=file app=com.mbwhatsapp
04-22 01:03:41.398 9256 9256 W com.mbwhatsapp: type=1400 audit(0.0:342826): avc: granted { execute } for path="/data/data/com.mbwhatsapp/files/decompressed/libs.spk.zst/libwhatsapp.so" dev="dm-48" ino=179021 scontext=u:r:untrusted_app_32:s0:c232,c256,c512,c768 tcontext=u:object_r:app_data_file:s0:c232,c256,c512,c768 tclass=file app=com.mbwhatsapp
04-22 01:03:41.422 9256 9256 W com.mbwhatsapp: type=1400 audit(0.0:342827): avc: granted { execute } for path="/data/data/com.mbwhatsapp/files/decompressed/libs.spk.zst/libcurve25519.so" dev="dm-48" ino=160235 scontext=u:r:untrusted_app_32:s0:c232,c256,c512,c768 tcontext=u:object_r:app_data_file:s0:c232,c256,c512,c768 tclass=file app=com.mbwhatsapp
04-22 01:03:41.426 9256 9256 W com.mbwhatsapp: type=1400 audit(0.0:342828): avc: granted { execute } for path="/data/data/com.mbwhatsapp/files/decompressed/libs.spk.zst/libwhatsapp.so" dev="dm-48" ino=179021 scontext=u:r:untrusted_app_32:s0:c232,c256,c512,c768 tcontext=u:object_r:app_data_file:s0:c232,c256,c512,c768 tclass=file app=com.mbwhatsapp
04-22 01:03:41.426 9256 9256 W com.mbwhatsapp: type=1400 audit(0.0:342829): avc: granted { execute } for path="/data/data/com.mbwhatsapp/files/decompressed/libs.spk.zst/libwhatsapp.so" dev="dm-48" ino=179021 scontext=u:r:untrusted_app_32:s0:c232,c256,c512,c768 tcontext=u:object_r:app_data_file:s0:c232,c256,c512,c768 tclass=file app=com.mbwhatsapp
04-22 01:03:42.426 9256 9357 W com.mbwhatsapp: Accessing hidden field Landroid/app/Notification;->extraNotification:Landroid/app/MiuiNotification; (blocked, reflection, denied)
04-22 01:03:42.437 9256 9357 W EpFrameworkFactory: activated: false jar exist: false
04-22 01:03:42.446 9256 9357 W com.mbwhatsapp: Accessing hidden field Landroid/app/Notification;->extraNotification:Landroid/app/MiuiNotification; (blocked, reflection, denied)
04-22 01:03:42.460 9256 9361 W com.mbwhatsapp: Accessing hidden method Landroid/app/MiuiNotification;-><init>()V (blocked, reflection, denied)
04-22 01:03:50.366 9256 9399 E QT : [QT]file does not exist
04-22 01:03:50.382 9256 9256 W com.mbwhatsapp: Method void X.0eU.A0h(X.0tK, boolean) failed lock verification and will run slower.
04-22 01:03:50.524 9256 9256 W libc : Access denied finding property "ro.vendor.df.effect.conflict"
04-22 01:03:50.522 9256 9256 W com.mbwhatsapp: type=1400 audit(0.0:342835): avc: denied { read } for name="u:object_r:vendor_displayfeature_prop:s0" dev="tmpfs" ino=471 scontext=u:r:untrusted_app_32:s0:c232,c256,c512,c768 tcontext=u:object_r:vendor_displayfeature_prop:s0 tclass=file permissive=0 app=com.mbwhatsapp
04-22 01:03:50.594 9256 9409 E RenderScript: Failed to find hal setup entry points: undefined symbol: rsdHalAbort
04-22 01:03:50.594 9256 9409 E RenderScript: Failed to load runtime , loading default
04-22 01:03:50.839 9256 9256 E ArmVmp : Match on catch block at 0x4c in for 0x7bd4e1a039
04-22 01:03:50.848 9256 9256 E ArmVmp : Match on catch block at 0x8d in for 0x7bd4e1a039
04-22 01:03:50.859 9256 9256 E ArmVmp : Match on catch block at 0x8d in for 0x7bd4e1a039
04-22 01:03:50.912 9256 9256 E ArmVmp : Match on catch block at 0x0a in for 0x7bd4e1a035
04-22 01:03:50.926 9256 9256 E ArmVmp : Match on catch block at 0x0a in for 0x7bd4e1a035
04-22 01:03:51.003 9256 9256 W OpenGLRenderer: Unknown dataspace 0
04-22 01:03:51.012 9256 9397 W libc : Access denied finding property "ro.vendor.display.iris_x7.support" --------- beginning of system
04-22 01:03:51.026 9256 9256 W Looper : PerfMonitor looperActivity : package=com.mbwhatsapp/.Conversation time=0ms latency=683ms procState=-1 historyMsgCount=1 (msgIndex=1 wall=689ms seq=133 h=android.app.ActivityThread$H w=159)
04-22 01:03:51.092 9256 9397 E GED : Failed to get GED Log Buf, err(0)
04-22 01:03:51.108 9256 9397 W libc : Access denied finding property "vendor.migl.debug"
04-22 01:03:51.109 9256 9397 E libMiGL : libmigl:This GPU version is note support Variable Shading Rate
04-22 01:03:51.112 9256 9397 E libEGL : pre_cache appList: ,,,,,,
04-22 01:03:51.138 9256 9397 E OpenGLRenderer: Unable to match the desired swap behavior.
04-22 01:03:51.328 9256 9256 E ArmVmp : Match on catch block at 0xc3 in for 0x7bd4e1a021
04-22 01:03:51.337 9256 9256 E ArmVmp : Match on catch block at 0xc3 in for 0x7bd4e1a021
04-22 01:03:51.340 9256 9256 E ArmVmp : Match on catch block at 0xc3 in for 0x7bd4e1a021
04-22 01:03:51.355 9256 9256 W MirrorManager: this model don't Support
04-22 01:03:51.356 9256 9256 W libc : Access denied finding property "ro.vendor.display.iris_x7.support"
04-22 01:03:51.362 9256 9397 W libc : Access denied finding property "ro.vendor.magt.mtk_magt_support"
04-22 01:03:51.365 9256 9397 W libc : Access denied finding property "ro.vendor.display.iris_x7.support"
04-22 01:03:51.390 9256 9397 E LB : fail to open file: No such file or directory
04-22 01:03:51.390 9256 9397 E LB : fail to open node: No such file or directory
04-22 01:03:51.390 9256 9397 W libc : Access denied finding property "ro.vendor.display.iris_x7.support"
04-22 01:03:51.391 9256 9256 W Looper : PerfMonitor doFrame : time=350ms vsyncFrame=0 latency=13ms procState=-1 historyMsgCount=8
04-22 01:03:51.410 9256 9256 E ArmVmp : Match on catch block at 0xc3 in for 0x7bd4e1a025
04-22 01:03:51.413 9256 9256 E ArmVmp : Match on catch block at 0xc3 in for 0x7bd4e1a025
04-22 01:03:51.414 9256 9256 E ArmVmp : Match on catch block at 0xc3 in for 0x7bd4e1a025
04-22 01:03:51.420 9256 9256 W Looper : PerfMonitor doFrame : time=20ms vsyncFrame=0 latency=351ms procState=-1 historyMsgCount=11 (msgIndex=1 wall=350ms seq=173 late=13ms h=android.view.Choreographer$FrameHandler c=android.view.Choreographer$FrameDisplayEventReceiver)
04-22 01:03:51.432 9256 9256 E ArmVmp : Match on catch block at 0xc3 in for 0x7bd4e1a025
04-22 01:03:51.435 9256 9256 E ArmVmp : Match on catch block at 0xc3 in for 0x7bd4e1a025
04-22 01:03:51.440 9256 9256 E ArmVmp : Match on catch block at 0xc3 in for 0x7bd4e1a025
04-22 01:03:51.457 9256 9256 E ArmVmp : Match on catch block at 0xc3 in for 0x7bd4e1a025
04-22 01:03:51.461 9256 9256 E ArmVmp : Match on catch block at 0xc3 in for 0x7bd4e1a025
04-22 01:03:51.463 9256 9256 E ArmVmp : Match on catch block at 0xc3 in for 0x7bd4e1a025
04-22 01:03:51.475 9256 9361 W com.mbwhatsapp: Accessing hidden method Landroid/app/MiuiNotification;-><init>()V (blocked, reflection, denied)
04-22 01:03:51.477 9256 9256 E ArmVmp : Match on catch block at 0xc3 in for 0x7bd4e1a025
04-22 01:03:51.480 9256 9256 E ArmVmp : Match on catch block at 0xc3 in for 0x7bd4e1a025
04-22 01:03:51.484 9256 9256 E ArmVmp : Match on catch block at 0xc3 in for 0x7bd4e1a025
04-22 01:03:51.492 9256 9256 E ArmVmp : Match on catch block at 0xc3 in for 0x7bd4e1a025
04-22 01:03:51.495 9256 9256 E ArmVmp : Match on catch block at 0xc3 in for 0x7bd4e1a025
04-22 01:03:51.497 9256 9256 E ArmVmp : Match on catch block at 0xc3 in for 0x7bd4e1a025
04-22 01:03:51.500 9256 9256 E ArmVmp : Match on catch block at 0xc3 in for 0x7bd4e1a025
04-22 01:03:51.504 9256 9256 E ArmVmp : Match on catch block at 0xc3 in for 0x7bd4e1a025
04-22 01:03:51.506 9256 9256 E ArmVmp : Match on catch block at 0xc3 in for 0x7bd4e1a025
04-22 01:03:51.513 9256 9256 E ArmVmp : Match on catch block at 0xc3 in for 0x7bd4e1a025
04-22 01:03:51.517 9256 9256 E ArmVmp : Match on catch block at 0xc3 in for 0x7bd4e1a025
04-22 01:03:51.518 9256 9256 E ArmVmp : Match on catch block at 0xc3 in for 0x7bd4e1a025
04-22 01:03:51.526 9256 9256 E ArmVmp : Match on catch block at 0xc3 in for 0x7bd4e1a025
04-22 01:03:51.530 9256 9256 E ArmVmp : Match on catch block at 0xc3 in for 0x7bd4e1a025
04-22 01:03:51.533 9256 9256 E ArmVmp : Match on catch block at 0xc3 in for 0x7bd4e1a025
04-22 01:03:51.537 9256 9256 E ArmVmp : Match on catch block at 0xc3 in for 0x7bd4e1a025
04-22 01:03:51.539 9256 9256 E ArmVmp : Match on catch block at 0xc3 in for 0x7bd4e1a025
04-22 01:03:51.542 9256 9256 E ArmVmp : Match on catch block at 0xc3 in for 0x7bd4e1a025
04-22 01:03:51.545 9256 9256 E ArmVmp : Match on catch block at 0xc3 in for 0x7bd4e1a025
04-22 01:03:51.549 9256 9256 E ArmVmp : Match on catch block at 0xc3 in for 0x7bd4e1a025
04-22 01:03:51.551 9256 9256 E ArmVmp : Match on catch block at 0xc3 in for 0x7bd4e1a025
04-22 01:03:51.555 9256 9256 E ArmVmp : Match on catch block at 0xc3 in for 0x7bd4e1a025
04-22 01:03:51.567 9256 9256 E ArmVmp : Match on catch block at 0xc3 in for 0x7bd4e1a025
04-22 01:03:51.572 9256 9256 E ArmVmp : Match on catch block at 0xc3 in for 0x7bd4e1a025
04-22 01:03:51.579 9256 9256 E ArmVmp : Match on catch block at 0xc3 in for 0x7bd4e1a025
04-22 01:03:51.583 9256 9256 E ArmVmp : Match on catch block at 0xc3 in for 0x7bd4e1a025
04-22 01:03:51.584 9256 9256 E ArmVmp : Match on catch block at 0xc3 in for 0x7bd4e1a025
04-22 01:03:51.747 9256 9361 W com.mbwhatsapp: Accessing hidden method Landroid/app/MiuiNotification;-><init>()V (blocked, reflection, denied)
04-22 01:03:51.799 9256 9256 W libc : Access denied finding property "ro.vendor.audio.cloudctrl"
04-22 01:03:51.794 9256 9256 W com.mbwhatsapp: type=1400 audit(0.0:342836): avc: denied { read } for name="u:object_r:vendor_ro_audio_prop:s0" dev="tmpfs" ino=707 scontext=u:r:untrusted_app_32:s0:c232,c256,c512,c768 tcontext=u:object_r:vendor_ro_audio_prop:s0 tclass=file permissive=0 app=com.mbwhatsapp
04-22 01:03:51.820 9256 9256 E ArmVmp : Match on catch block at 0xc3 in for 0x7bd4e1a025
04-22 01:03:51.823 9256 9256 E ArmVmp : Match on catch block at 0xc3 in for 0x7bd4e1a025
04-22 01:03:51.824 9256 9256 E ArmVmp : Match on catch block at 0xc3 in for 0x7bd4e1a025
04-22 01:03:51.830 9256 9256 E ArmVmp : Match on catch block at 0xc3 in for 0x7bd4e1a025
04-22 01:03:51.832 9256 9256 E ArmVmp : Match on catch block at 0xc3 in for 0x7bd4e1a025
04-22 01:03:51.834 9256 9256 E ArmVmp : Match on catch block at 0xc3 in for 0x7bd4e1a025
04-22 01:03:51.846 9256 9256 E ArmVmp : Match on catch block at 0xc3 in for 0x7bd4e1a025
04-22 01:03:51.849 9256 9256 E ArmVmp : Match on catch block at 0xc3 in for 0x7bd4e1a025
04-22 01:03:51.851 9256 9256 E ArmVmp : Match on catch block at 0xc3 in for 0x7bd4e1a025
04-22 01:03:51.857 9256 9256 E ArmVmp : Match on catch block at 0xc3 in for 0x7bd4e1a025
04-22 01:03:51.860 9256 9256 E ArmVmp : Match on catch block at 0xc3 in for 0x7bd4e1a025
04-22 01:03:51.862 9256 9256 E ArmVmp : Match on catch block at 0xc3 in for 0x7bd4e1a025
04-22 01:03:51.870 9256 9256 E ArmVmp : Match on catch block at 0xc3 in for 0x7bd4e1a025
04-22 01:03:51.876 9256 9256 E ArmVmp : Match on catch block at 0xc3 in for 0x7bd4e1a025
04-22 01:03:51.878 9256 9256 E ArmVmp : Match on catch block at 0xc3 in for 0x7bd4e1a025
04-22 01:03:51.905 9256 9256 E ArmVmp : Match on catch block at 0xc3 in for 0x7bd4e1a025
04-22 01:03:51.907 9256 9256 E ArmVmp : Match on catch block at 0xc3 in for 0x7bd4e1a025
04-22 01:03:51.909 9256 9256 E ArmVmp : Match on catch block at 0xc3 in for 0x7bd4e1a025
04-22 01:03:51.915 9256 9256 E ArmVmp : Match on catch block at 0xc3 in for 0x7bd4e1a025
04-22 01:03:51.917 9256 9256 E ArmVmp : Match on catch block at 0xc3 in for 0x7bd4e1a025
04-22 01:03:51.919 9256 9256 E ArmVmp : Match on catch block at 0xc3 in for 0x7bd4e1a025
04-22 01:03:51.924 9256 9256 E ArmVmp : Match on catch block at 0xc3 in for 0x7bd4e1a025
04-22 01:03:51.927 9256 9256 E ArmVmp : Match on catch block at 0xc3 in for 0x7bd4e1a025
04-22 01:03:51.929 9256 9256 E ArmVmp : Match on catch block at 0xc3 in for 0x7bd4e1a025
04-22 01:03:51.935 9256 9256 E ArmVmp : Match on catch block at 0xc3 in for 0x7bd4e1a025
04-22 01:03:51.938 9256 9256 E ArmVmp : Match on catch block at 0xc3 in for 0x7bd4e1a025
04-22 01:03:51.939 9256 9256 E ArmVmp : Match on catch block at 0xc3 in for 0x7bd4e1a025
04-22 01:03:51.946 9256 9256 E ArmVmp : Match on catch block at 0xc3 in for 0x7bd4e1a025
04-22 01:03:51.948 9256 9256 E ArmVmp : Match on catch block at 0xc3 in for 0x7bd4e1a025
04-22 01:03:51.950 9256 9256 E ArmVmp : Match on catch block at 0xc3 in for 0x7bd4e1a025
04-22 01:03:51.958 9256 9256 E ArmVmp : Match on catch block at 0xc3 in for 0x7bd4e1a025
04-22 01:03:51.960 9256 9256 E ArmVmp : Match on catch block at 0xc3 in for 0x7bd4e1a025
04-22 01:03:51.962 9256 9256 E ArmVmp : Match on catch block at 0xc3 in for 0x7bd4e1a025
04-22 01:03:51.969 9256 9256 E ArmVmp : Match on catch block at 0xc3 in for 0x7bd4e1a025
04-22 01:03:51.971 9256 9256 E ArmVmp : Match on catch block at 0xc3 in for 0x7bd4e1a025
04-22 01:03:51.973 9256 9256 E ArmVmp : Match on catch block at 0xc3 in for 0x7bd4e1a025
04-22 01:03:51.980 9256 9256 E ArmVmp : Match on catch block at 0xc3 in for 0x7bd4e1a025
04-22 01:03:51.982 9256 9256 E ArmVmp : Match on catch block at 0xc3 in for 0x7bd4e1a025
04-22 01:03:51.985 9256 9256 E ArmVmp : Match on catch block at 0xc3 in for 0x7bd4e1a025
04-22 01:03:51.991 9256 9256 E ArmVmp : Match on catch block at 0xc3 in for 0x7bd4e1a025
04-22 01:03:51.993 9256 9256 E ArmVmp : Match on catch block at 0xc3 in for 0x7bd4e1a025
04-22 01:03:51.995 9256 9256 E ArmVmp : Match on catch block at 0xc3 in for 0x7bd4e1a025
04-22 01:03:52.002 9256 9256 E ArmVmp : Match on catch block at 0xc3 in for 0x7bd4e1a025
04-22 01:03:52.004 9256 9256 E ArmVmp : Match on catch block at 0xc3 in for 0x7bd4e1a025
04-22 01:03:52.006 9256 9256 E ArmVmp : Match on catch block at 0xc3 in for 0x7bd4e1a025
04-22 01:03:52.013 9256 9256 E ArmVmp : Match on catch block at 0xc3 in for 0x7bd4e1a025
04-22 01:03:52.015 9256 9256 E ArmVmp : Match on catch block at 0xc3 in for 0x7bd4e1a025
04-22 01:03:52.017 9256 9256 E ArmVmp : Match on catch block at 0xc3 in for 0x7bd4e1a025
04-22 01:03:52.024 9256 9256 E ArmVmp : Match on catch block at 0xc3 in for 0x7bd4e1a025
04-22 01:03:52.026 9256 9256 E ArmVmp : Match on catch block at 0xc3 in for 0x7bd4e1a025
04-22 01:03:52.028 9256 9256 E ArmVmp : Match on catch block at 0xc3 in for 0x7bd4e1a025
04-22 01:03:52.036 9256 9256 E ArmVmp : Match on catch block at 0xc3 in for 0x7bd4e1a025
04-22 01:03:52.038 9256 9256 E ArmVmp : Match on catch block at 0xc3 in for 0x7bd4e1a025
04-22 01:03:52.040 9256 9256 E ArmVmp : Match on catch block at 0xc3 in for 0x7bd4e1a025
04-22 01:03:52.047 9256 9256 E ArmVmp : Match on catch block at 0xc3 in for 0x7bd4e1a025
04-22 01:03:52.049 9256 9256 E ArmVmp : Match on catch block at 0xc3 in for 0x7bd4e1a025
04-22 01:03:52.051 9256 9256 E ArmVmp : Match on catch block at 0xc3 in for 0x7bd4e1a025
04-22 01:03:52.058 9256 9256 E ArmVmp : Match on catch block at 0xc3 in for 0x7bd4e1a025
04-22 01:03:52.060 9256 9256 E ArmVmp : Match on catch block at 0xc3 in for 0x7bd4e1a025
04-22 01:03:52.062 9256 9256 E ArmVmp : Match on catch block at 0xc3 in for 0x7bd4e1a025
04-22 01:03:52.071 9256 9256 E ArmVmp : Match on catch block at 0xc3 in for 0x7bd4e1a025
04-22 01:03:52.076 9256 9256 E ArmVmp : Match on catch block at 0xc3 in for 0x7bd4e1a025
04-22 01:03:52.079 9256 9256 E ArmVmp : Match on catch block at 0xc3 in for 0x7bd4e1a025
04-22 01:03:52.094 9256 9256 E ArmVmp : Match on catch block at 0xc3 in for 0x7bd4e1a025
04-22 01:03:52.098 9256 9256 E ArmVmp : Match on catch block at 0xc3 in for 0x7bd4e1a025
04-22 01:03:52.102 9256 9256 E ArmVmp : Match on catch block at 0xc3 in for 0x7bd4e1a025
04-22 01:03:52.116 9256 9256 E ArmVmp : Match on catch block at 0xc3 in for 0x7bd4e1a025
04-22 01:03:52.121 9256 9256 E ArmVmp : Match on catch block at 0xc3 in for 0x7bd4e1a025
04-22 01:03:52.124 9256 9256 E ArmVmp : Match on catch block at 0xc3 in for 0x7bd4e1a025
04-22 01:03:52.138 9256 9256 E ArmVmp : Match on catch block at 0xc3 in for 0x7bd4e1a025
04-22 01:03:52.143 9256 9256 E ArmVmp : Match on catch block at 0xc3 in for 0x7bd4e1a025
04-22 01:03:52.145 9256 9256 E ArmVmp : Match on catch block at 0xc3 in for 0x7bd4e1a025
04-22 01:03:52.161 9256 9256 E ArmVmp : Match on catch block at 0xc3 in for 0x7bd4e1a025
04-22 01:03:52.165 9256 9256 E ArmVmp : Match on catch block at 0xc3 in for 0x7bd4e1a025
04-22 01:03:52.169 9256 9256 E ArmVmp : Match on catch block at 0xc3 in for 0x7bd4e1a025
04-22 01:03:52.461 9256 9256 E ArmVmp : Match on catch block at 0xc3 in for 0x7bd4e1a025
04-22 01:03:52.463 9256 9256 E ArmVmp : Match on catch block at 0xc3 in for 0x7bd4e1a025
04-22 01:03:52.465 9256 9256 E ArmVmp : Match on catch block at 0xc3 in for 0x7bd4e1a025
04-22 01:03:52.487 9256 9256 E ArmVmp : Match on catch block at 0xc3 in for 0x7bd4e1a025
04-22 01:03:52.491 9256 9256 E ArmVmp : Match on catch block at 0xc3 in for 0x7bd4e1a025
04-22 01:03:52.494 9256 9256 E ArmVmp : Match on catch block at 0xc3 in for 0x7bd4e1a025
04-22 01:03:52.506 9256 9256 E ArmVmp : Match on catch block at 0xc3 in for 0x7bd4e1a025
04-22 01:03:52.508 9256 9256 E ArmVmp : Match on catch block at 0xc3 in for 0x7bd4e1a025
04-22 01:03:52.510 9256 9256 E ArmVmp : Match on catch block at 0xc3 in for 0x7bd4e1a025
04-22 01:03:52.517 9256 9256 E ArmVmp : Match on catch block at 0xc3 in for 0x7bd4e1a025
04-22 01:03:52.520 9256 9256 E ArmVmp : Match on catch block at 0xc3 in for 0x7bd4e1a025
04-22 01:03:52.521 9256 9256 E ArmVmp : Match on catch block at 0xc3 in for 0x7bd4e1a025
04-22 01:03:52.525 9256 9397 W libc : Access denied finding property "ro.vendor.display.iris_x7.support"
04-22 01:03:52.528 9256 9256 E ArmVmp : Match on catch block at 0xc3 in for 0x7bd4e1a025
04-22 01:03:52.531 9256 9256 E ArmVmp : Match on catch block at 0xc3 in for 0x7bd4e1a025
04-22 01:03:52.533 9256 9256 E ArmVmp : Match on catch block at 0xc3 in for 0x7bd4e1a025
04-22 01:03:52.540 9256 9256 E ArmVmp : Match on catch block at 0xc3 in for 0x7bd4e1a025
04-22 01:03:52.542 9256 9256 E ArmVmp : Match on catch block at 0xc3 in for 0x7bd4e1a025
04-22 01:03:52.543 9256 9256 E ArmVmp : Match on catch block at 0xc3 in for 0x7bd4e1a025
04-22 01:03:52.551 9256 9256 E ArmVmp : Match on catch block at 0xc3 in for 0x7bd4e1a025
04-22 01:03:52.553 9256 9256 E ArmVmp : Match on catch block at 0xc3 in for 0x7bd4e1a025
04-22 01:03:52.554 9256 9256 E ArmVmp : Match on catch block at 0xc3 in for 0x7bd4e1a025
04-22 01:03:52.562 9256 9256 E ArmVmp : Match on catch block at 0xc3 in for 0x7bd4e1a025
04-22 01:03:52.564 9256 9256 E ArmVmp : Match on catch block at 0xc3 in for 0x7bd4e1a025
04-22 01:03:52.566 9256 9256 E ArmVmp : Match on catch block at 0xc3 in for 0x7bd4e1a025
04-22 01:03:52.573 9256 9256 E ArmVmp : Match on catch block at 0xc3 in for 0x7bd4e1a025
04-22 01:03:52.575 9256 9256 E ArmVmp : Match on catch block at 0xc3 in for 0x7bd4e1a025
04-22 01:03:52.577 9256 9256 E ArmVmp : Match on catch block at 0xc3 in for 0x7bd4e1a025
04-22 01:03:52.584 9256 9256 E ArmVmp : Match on catch block at 0xc3 in for 0x7bd4e1a025
04-22 01:03:52.587 9256 9256 E ArmVmp : Match on catch block at 0xc3 in for 0x7bd4e1a025
04-22 01:03:52.589 9256 9256 E ArmVmp : Match on catch block at 0xc3 in for 0x7bd4e1a025
04-22 01:03:52.597 9256 9256 E ArmVmp : Match on catch block at 0xc3 in for 0x7bd4e1a025
04-22 01:03:52.599 9256 9256 E ArmVmp : Match on catch block at 0xc3 in for 0x7bd4e1a025
04-22 01:03:52.602 9256 9256 E ArmVmp : Match on catch block at 0xc3 in for 0x7bd4e1a025
04-22 01:03:52.607 9256 9256 E ArmVmp : Match on catch block at 0xc3 in for 0x7bd4e1a025
04-22 01:03:52.610 9256 9256 E ArmVmp : Match on catch block at 0xc3 in for 0x7bd4e1a025
04-22 01:03:52.612 9256 9256 E ArmVmp : Match on catch block at 0xc3 in for 0x7bd4e1a025
04-22 01:03:52.618 9256 9256 E ArmVmp : Match on catch block at 0xc3 in for 0x7bd4e1a025
04-22 01:03:52.620 9256 9256 E ArmVmp : Match on catch block at 0xc3 in for 0x7bd4e1a025
04-22 01:03:52.622 9256 9256 E ArmVmp : Match on catch block at 0xc3 in for 0x7bd4e1a025
04-22 01:03:52.629 9256 9256 E ArmVmp : Match on catch block at 0xc3 in for 0x7bd4e1a025
04-22 01:03:52.631 9256 9256 E ArmVmp : Match on catch block at 0xc3 in for 0x7bd4e1a025
04-22 01:03:52.633 9256 9256 E ArmVmp : Match on catch block at 0xc3 in for 0x7bd4e1a025
04-22 01:03:52.640 9256 9256 E ArmVmp : Match on catch block at 0xc3 in for 0x7bd4e1a025
04-22 01:03:52.643 9256 9256 E ArmVmp : Match on catch block at 0xc3 in for 0x7bd4e1a025
04-22 01:03:52.644 9256 9256 E ArmVmp : Match on catch block at 0xc3 in for 0x7bd4e1a025
04-22 01:03:52.653 9256 9256 E ArmVmp : Match on catch block at 0xc3 in for 0x7bd4e1a025
04-22 01:03:52.657 9256 9256 E ArmVmp : Match on catch block at 0xc3 in for 0x7bd4e1a025
04-22 01:03:52.660 9256 9256 E ArmVmp : Match on catch block at 0xc3 in for 0x7bd4e1a025
04-22 01:03:52.676 9256 9256 E ArmVmp : Match on catch block at 0xc3 in for 0x7bd4e1a025
04-22 01:03:52.679 9256 9256 E ArmVmp : Match on catch block at 0xc3 in for 0x7bd4e1a025
04-22 01:03:52.682 9256 9256 E ArmVmp : Match on catch block at 0xc3 in for 0x7bd4e1a025
04-22 01:03:52.686 9256 9256 E ArmVmp : Match on catch block at 0xc3 in for 0x7bd4e1a025
04-22 01:03:52.691 9256 9256 E ArmVmp : Match on catch block at 0xc3 in for 0x7bd4e1a025
04-22 01:03:52.694 9256 9256 E ArmVmp : Match on catch block at 0xc3 in for 0x7bd4e1a025
04-22 01:03:52.819 9256 9256 E ArmVmp : Match on catch block at 0xc3 in for 0x7bd4e1a025
04-22 01:03:52.822 9256 9256 E ArmVmp : Match on catch block at 0xc3 in for 0x7bd4e1a025
04-22 01:03:52.824 9256 9256 E ArmVmp : Match on catch block at 0xc3 in for 0x7bd4e1a025
04-22 01:03:53.211 9256 9256 E ArmVmp : Match on catch block at 0xc3 in for 0x7bd4e1a025
04-22 01:03:53.214 9256 9256 E ArmVmp : Match on catch block at 0xc3 in for 0x7bd4e1a025
04-22 01:03:53.216 9256 9256 E ArmVmp : Match on catch block at 0xc3 in for 0x7bd4e1a025
04-22 01:03:53.504 9256 9256 E ArmVmp : Match on catch block at 0xc3 in for 0x7bd4e1a025
04-22 01:03:53.509 9256 9256 E ArmVmp : Match on catch block at 0xc3 in for 0x7bd4e1a025
04-22 01:03:53.513 9256 9256 E ArmVmp : Match on catch block at 0xc3 in for 0x7bd4e1a025
04-22 01:03:53.520 9256 9256 E ArmVmp : Match on catch block at 0xc3 in for 0x7bd4e1a025
04-22 01:03:53.525 9256 9256 E ArmVmp : Match on catch block at 0xc3 in for 0x7bd4e1a025
04-22 01:03:53.527 9256 9256 E ArmVmp : Match on catch block at 0xc3 in for 0x7bd4e1a025
04-22 01:03:53.537 9256 9256 E ArmVmp : Match on catch block at 0xc3 in for 0x7bd4e1a025
04-22 01:03:53.540 9256 9256 E ArmVmp : Match on catch block at 0xc3 in for 0x7bd4e1a025
04-22 01:03:53.542 9256 9256 E ArmVmp : Match on catch block at 0xc3 in for 0x7bd4e1a025
04-22 01:03:53.546 9256 9256 E ArmVmp : Match on catch block at 0xc3 in for 0x7bd4e1a025
04-22 01:03:53.550 9256 9256 E ArmVmp : Match on catch block at 0xc3 in for 0x7bd4e1a025
04-22 01:03:53.553 9256 9256 E ArmVmp : Match on catch block at 0xc3 in for 0x7bd4e1a025
04-22 01:03:53.557 9256 9256 E ArmVmp : Match on catch block at 0xc3 in for 0x7bd4e1a025
04-22 01:03:53.560 9256 9256 E ArmVmp : Match on catch block at 0xc3 in for 0x7bd4e1a025
04-22 01:03:53.562 9256 9256 E ArmVmp : Match on catch block at 0xc3 in for 0x7bd4e1a025
04-22 01:03:53.572 9256 9256 E ArmVmp : Match on catch block at 0xc3 in for 0x7bd4e1a025
04-22 01:03:53.577 9256 9256 E ArmVmp : Match on catch block at 0xc3 in for 0x7bd4e1a025
04-22 01:03:53.580 9256 9256 E ArmVmp : Match on catch block at 0xc3 in for 0x7bd4e1a025
04-22 01:03:53.587 9256 9256 E ArmVmp : Match on catch block at 0xc3 in for 0x7bd4e1a025
04-22 01:03:53.592 9256 9256 E ArmVmp : Match on catch block at 0xc3 in for 0x7bd4e1a025
04-22 01:03:53.596 9256 9256 E ArmVmp : Match on catch block at 0xc3 in for 0x7bd4e1a025
04-22 01:03:53.604 9256 9256 E ArmVmp : Match on catch block at 0xc3 in for 0x7bd4e1a025
04-22 01:03:53.609 9256 9256 E ArmVmp : Match on catch block at 0xc3 in for 0x7bd4e1a025
04-22 01:03:53.611 9256 9256 E ArmVmp : Match on catch block at 0xc3 in for 0x7bd4e1a025
04-22 01:03:53.616 9256 9256 E ArmVmp : Match on catch block at 0xc3 in for 0x7bd4e1a025
04-22 01:03:53.619 9256 9256 E ArmVmp : Match on catch block at 0xc3 in for 0x7bd4e1a025
04-22 01:03:53.620 9256 9256 E ArmVmp : Match on catch block at 0xc3 in for 0x7bd4e1a025
04-22 01:03:53.627 9256 9256 E ArmVmp : Match on catch block at 0xc3 in for 0x7bd4e1a025
04-22 01:03:53.630 9256 9256 E ArmVmp : Match on catch block at 0xc3 in for 0x7bd4e1a025
04-22 01:03:53.632 9256 9256 E ArmVmp : Match on catch block at 0xc3 in for 0x7bd4e1a025
04-22 01:03:53.638 9256 9256 E ArmVmp : Match on catch block at 0xc3 in for 0x7bd4e1a025
04-22 01:03:53.641 9256 9256 E ArmVmp : Match on catch block at 0xc3 in for 0x7bd4e1a025
04-22 01:03:53.643 9256 9256 E ArmVmp : Match on catch block at 0xc3 in for 0x7bd4e1a025
04-22 01:03:53.650 9256 9256 E ArmVmp : Match on catch block at 0xc3 in for 0x7bd4e1a025
04-22 01:03:53.652 9256 9256 E ArmVmp : Match on catch block at 0xc3 in for 0x7bd4e1a025
04-22 01:03:53.654 9256 9256 E ArmVmp : Match on catch block at 0xc3 in for 0x7bd4e1a025
04-22 01:03:53.661 9256 9256 E ArmVmp : Match on catch block at 0xc3 in for 0x7bd4e1a025
04-22 01:03:53.663 9256 9256 E ArmVmp : Match on catch block at 0xc3 in for 0x7bd4e1a025
04-22 01:03:53.665 9256 9256 E ArmVmp : Match on catch block at 0xc3 in for 0x7bd4e1a025
04-22 01:03:53.672 9256 9256 E ArmVmp : Match on catch block at 0xc3 in for 0x7bd4e1a025
04-22 01:03:53.675 9256 9256 E ArmVmp : Match on catch block at 0xc3 in for 0x7bd4e1a025
04-22 01:03:53.677 9256 9256 E ArmVmp : Match on catch block at 0xc3 in for 0x7bd4e1a025
04-22 01:03:53.683 9256 9256 E ArmVmp : Match on catch block at 0xc3 in for 0x7bd4e1a025
04-22 01:03:53.687 9256 9256 E ArmVmp : Match on catch block at 0xc3 in for 0x7bd4e1a025
04-22 01:03:53.689 9256 9256 E ArmVmp : Match on catch block at 0xc3 in for 0x7bd4e1a025
04-22 01:03:53.694 9256 9256 E ArmVmp : Match on catch block at 0xc3 in for 0x7bd4e1a025
04-22 01:03:53.697 9256 9256 E ArmVmp : Match on catch block at 0xc3 in for 0x7bd4e1a025
04-22 01:03:53.701 9256 9256 E ArmVmp : Match on catch block at 0xc3 in for 0x7bd4e1a025
04-22 01:03:53.706 9256 9256 E ArmVmp : Match on catch block at 0xc3 in for 0x7bd4e1a025
04-22 01:03:53.708 9256 9256 E ArmVmp : Match on catch block at 0xc3 in for 0x7bd4e1a025
04-22 01:03:53.710 9256 9256 E ArmVmp : Match on catch block at 0xc3 in for 0x7bd4e1a025
04-22 01:03:53.716 9256 9256 E ArmVmp : Match on catch block at 0xc3 in for 0x7bd4e1a025
04-22 01:03:53.719 9256 9256 E ArmVmp : Match on catch block at 0xc3 in for 0x7bd4e1a025
04-22 01:03:53.720 9256 9256 E ArmVmp : Match on catch block at 0xc3 in for 0x7bd4e1a025
04-22 01:03:53.728 9256 9256 E ArmVmp : Match on catch block at 0xc3 in for 0x7bd4e1a025
04-22 01:03:53.730 9256 9256 E ArmVmp : Match on catch block at 0xc3 in for 0x7bd4e1a025
04-22 01:03:53.732 9256 9256 E ArmVmp : Match on catch block at 0xc3 in for 0x7bd4e1a025
04-22 01:03:53.739 9256 9256 E ArmVmp : Match on catch block at 0xc3 in for 0x7bd4e1a025
04-22 01:03:53.741 9256 9256 E ArmVmp : Match on catch block at 0xc3 in for 0x7bd4e1a025
04-22 01:03:53.743 9256 9256 E ArmVmp : Match on catch block at 0xc3 in for 0x7bd4e1a025
04-22 01:03:53.750 9256 9256 E ArmVmp : Match on catch block at 0xc3 in for 0x7bd4e1a025
04-22 01:03:53.752 9256 9256 E ArmVmp : Match on catch block at 0xc3 in for 0x7bd4e1a025
04-22 01:03:53.754 9256 9256 E ArmVmp : Match on catch block at 0xc3 in for 0x7bd4e1a025
04-22 01:03:54.198 9256 9256 E ArmVmp : Match on catch block at 0xc3 in for 0x7bd4e1a025
04-22 01:03:54.202 9256 9256 E ArmVmp : Match on catch block at 0xc3 in for 0x7bd4e1a025
04-22 01:03:54.204 9256 9256 E ArmVmp : Match on catch block at 0xc3 in for 0x7bd4e1a025
04-22 01:03:54.289 9256 9256 E ArmVmp : Match on catch block at 0xc3 in for 0x7bd4e1a025
04-22 01:03:54.291 9256 9256 E ArmVmp : Match on catch block at 0xc3 in for 0x7bd4e1a025
04-22 01:03:54.293 9256 9256 E ArmVmp : Match on catch block at 0xc3 in for 0x7bd4e1a025
04-22 01:03:54.302 9256 9256 E ArmVmp : Match on catch block at 0xc3 in for 0x7bd4e1a025
04-22 01:03:54.304 9256 9256 E ArmVmp : Match on catch block at 0xc3 in for 0x7bd4e1a025
04-22 01:03:54.307 9256 9256 E ArmVmp : Match on catch block at 0xc3 in for 0x7bd4e1a025
04-22 01:03:54.331 9256 9256 E ArmVmp : Match on catch block at 0xc3 in for 0x7bd4e1a025
04-22 01:03:54.334 9256 9256 E ArmVmp : Match on catch block at 0xc3 in for 0x7bd4e1a025
04-22 01:03:54.338 9256 9256 E ArmVmp : Match on catch block at 0xc3 in for 0x7bd4e1a025
04-22 01:03:54.347 9256 9397 W libc : Access denied finding property "ro.vendor.display.iris_x7.support"
04-22 01:03:54.372 9256 9397 E OpenGLRenderer: Unable to match the desired swap behavior.
04-22 01:03:54.387 9256 9256 E ArmVmp : Match on catch block at 0xc3 in for 0x7bd4e1a025
04-22 01:03:54.391 9256 9256 E ArmVmp : Match on catch block at 0xc3 in for 0x7bd4e1a025
04-22 01:03:54.394 9256 9256 E ArmVmp : Match on catch block at 0xc3 in for 0x7bd4e1a025
04-22 01:03:54.400 9256 9397 W com.mbwhatsapp: remote service is not exist
04-22 01:03:54.403 9256 9256 E ArmVmp : Match on catch block at 0xc3 in for 0x7bd4e1a025
04-22 01:03:54.406 9256 9256 E ArmVmp : Match on catch block at 0xc3 in for 0x7bd4e1a025
04-22 01:03:54.407 9256 9256 E ArmVmp : Match on catch block at 0xc3 in for 0x7bd4e1a025
04-22 01:03:54.414 9256 9256 E ArmVmp : Match on catch block at 0xc3 in for 0x7bd4e1a025
04-22 01:03:54.418 9256 9256 E ArmVmp : Match on catch block at 0xc3 in for 0x7bd4e1a025
04-22 01:03:54.420 9256 9256 E ArmVmp : Match on catch block at 0xc3 in for 0x7bd4e1a025
04-22 01:03:54.426 9256 9256 E ArmVmp : Match on catch block at 0xc3 in for 0x7bd4e1a025
04-22 01:03:54.429 9256 9256 E ArmVmp : Match on catch block at 0xc3 in for 0x7bd4e1a025
04-22 01:03:54.431 9256 9256 E ArmVmp : Match on catch block at 0xc3 in for 0x7bd4e1a025
04-22 01:03:54.440 9256 9256 E ArmVmp : Match on catch block at 0xc3 in for 0x7bd4e1a025
04-22 01:03:54.441 9256 9256 E ArmVmp : Match on catch block at 0xc3 in for 0x7bd4e1a025
04-22 01:03:54.445 9256 9256 E ArmVmp : Match on catch block at 0xc3 in for 0x7bd4e1a025
04-22 01:03:54.458 9256 9256 E ArmVmp : Match on catch block at 0xc3 in for 0x7bd4e1a025
04-22 01:03:54.463 9256 9256 E ArmVmp : Match on catch block at 0xc3 in for 0x7bd4e1a025
04-22 01:03:54.464 9256 9256 E ArmVmp : Match on catch block at 0xc3 in for 0x7bd4e1a025
04-22 01:03:54.475 9256 9256 E ArmVmp : Match on catch block at 0xc3 in for 0x7bd4e1a025
04-22 01:03:54.477 9256 9256 E ArmVmp : Match on catch block at 0xc3 in for 0x7bd4e1a025
04-22 01:03:54.480 9256 9256 E ArmVmp : Match on catch block at 0xc3 in for 0x7bd4e1a025
04-22 01:03:54.486 9256 9256 E ArmVmp : Match on catch block at 0xc3 in for 0x7bd4e1a025
