04-22 07:14:07.778 7367 9199 W BufferQueueProducer: [MediaCodec.release] (id:1cc70000000d,api:3,p:7367,c:7367) detachBuffer: slot 62 is not owned by the producer (state = FREE)
04-22 07:14:07.778 7367 9199 W BufferQueueProducer: [MediaCodec.release] (id:1cc70000000d,api:3,p:7367,c:7367) detachBuffer: slot 63 is not owned by the producer (state = FREE)
04-22 07:14:07.780 7367 7367 W WindowOnBackDispatcher: sendCancelIfRunning: isInProgress=falsecallback=android.view.ViewRootImpl$ $ExternalSyntheticLambda22@1358fb6
04-22 07:14:07.782 7367 9132 W MediaCodec: no metrics handle found
04-22 07:14:07.800 7367 9079 E BufferQueueProducer: [MediaCodec.release] (id:1cc70000000d,api:0,p:-1,c:7367) cancelBuffer: BufferQueue has no connected producer
04-22 07:14:07.802 7367 9079 E BufferQueueProducer: [MediaCodec.release] (id:1cc70000000d,api:0,p:-1,c:7367) cancelBuffer: BufferQueue has no connected producer
04-22 07:14:07.810 7367 9079 E BufferQueueProducer: [MediaCodec.release] (id:1cc70000000d,api:0,p:-1,c:7367) cancelBuffer: BufferQueue has no connected producer
04-22 07:14:07.810 7367 9079 E BufferQueueProducer: [MediaCodec.release] (id:1cc70000000d,api:0,p:-1,c:7367) cancelBuffer: BufferQueue has no connected producer
04-22 07:14:07.811 7367 9079 E BufferQueueProducer: [MediaCodec.release] (id:1cc70000000d,api:0,p:-1,c:7367) cancelBuffer: BufferQueue has no connected producer
04-22 07:14:07.811 7367 9079 E BufferQueueProducer: [MediaCodec.release] (id:1cc70000000d,api:0,p:-1,c:7367) cancelBuffer: BufferQueue has no connected producer
04-22 07:14:07.811 7367 9079 E BufferQueueProducer: [MediaCodec.release] (id:1cc70000000d,api:0,p:-1,c:7367) cancelBuffer: BufferQueue has no connected producer
04-22 07:14:07.812 7367 9079 E BufferQueueProducer: [MediaCodec.release] (id:1cc70000000d,api:0,p:-1,c:7367) cancelBuffer: BufferQueue has no connected producer
04-22 07:14:07.812 7367 9079 E BufferQueueProducer: [MediaCodec.release] (id:1cc70000000d,api:0,p:-1,c:7367) cancelBuffer: BufferQueue has no connected producer
04-22 07:14:07.812 7367 9079 E BufferQueueProducer: [MediaCodec.release] (id:1cc70000000d,api:0,p:-1,c:7367) cancelBuffer: BufferQueue has no connected producer
04-22 07:14:07.813 7367 9079 E BufferQueueProducer: [MediaCodec.release] (id:1cc70000000d,api:0,p:-1,c:7367) cancelBuffer: BufferQueue has no connected producer
04-22 07:14:07.813 7367 9079 E BufferQueueProducer: [MediaCodec.release] (id:1cc70000000d,api:0,p:-1,c:7367) cancelBuffer: BufferQueue has no connected producer
04-22 07:14:07.819 7367 9079 E BufferQueueProducer: [MediaCodec.release] (id:1cc70000000d,api:0,p:-1,c:7367) cancelBuffer: BufferQueue has no connected producer
04-22 07:14:07.820 7367 9079 E BufferQueueProducer: [MediaCodec.release] (id:1cc70000000d,api:0,p:-1,c:7367) cancelBuffer: BufferQueue has no connected producer
04-22 07:14:07.821 7367 9079 E BufferQueueProducer: [MediaCodec.release] (id:1cc70000000d,api:0,p:-1,c:7367) cancelBuffer: BufferQueue has no connected producer
04-22 07:14:07.821 7367 9079 E BufferQueueProducer: [MediaCodec.release] (id:1cc70000000d,api:0,p:-1,c:7367) cancelBuffer: BufferQueue has no connected producer
04-22 07:14:08.020 7367 7619 W com.mbwhatsapp: Accessing hidden method Landroid/app/MiuiNotification;-><init>()V (blocked, reflection, denied)
04-22 07:14:08.071 7367 8182 E OpenGLRenderer: Unable to match the desired swap behavior.
04-22 07:14:08.598 7367 7367 W WindowOnBackDispatcher: sendCancelIfRunning: isInProgress=falsecallback=android.view.ViewRootImpl$ $ExternalSyntheticLambda22@7348b16
04-22 07:14:14.244 7367 7367 W JobService: onNetworkChanged() not implemented in androidx.work.impl.background.systemjob.SystemJobService. Must override in a subclass.
04-22 07:14:20.113 7367 7367 W JobService: onNetworkChanged() not implemented in androidx.work.impl.background.systemjob.SystemJobService. Must override in a subclass.
04-22 07:15:14.250 7367 7367 W JobService: onNetworkChanged() not implemented in androidx.work.impl.background.systemjob.SystemJobService. Must override in a subclass.
04-22 07:15:31.117 7367 7367 W JobService: onNetworkChanged() not implemented in androidx.work.impl.background.systemjob.SystemJobService. Must override in a subclass.
04-22 07:16:10.497 7367 7367 W JobService: onNetworkChanged() not implemented in androidx.work.impl.background.systemjob.SystemJobService. Must override in a subclass.
04-22 07:16:14.258 7367 7367 W JobService: onNetworkChanged() not implemented in androidx.work.impl.background.systemjob.SystemJobService. Must override in a subclass.
04-22 07:16:59.424 7367 7367 W JobService: onNetworkChanged() not implemented in androidx.work.impl.background.systemjob.SystemJobService. Must override in a subclass.
04-22 07:28:55.470 7367 15188 W LibraryVersion: Failed to get app version for libraryName: firebase-iid
04-22 07:28:55.633 7367 7614 W com.mbwhatsapp: Accessing hidden field Landroid/app/Notification;->extraNotification:Landroid/app/MiuiNotification; (blocked, reflection, denied)
04-22 07:28:55.647 7367 7614 W com.mbwhatsapp: Accessing hidden field Landroid/app/Notification;->extraNotification:Landroid/app/MiuiNotification; (blocked, reflection, denied)
04-22 07:28:55.662 7367 7619 W com.mbwhatsapp: Accessing hidden method Landroid/app/MiuiNotification;-><init>()V (blocked, reflection, denied)
04-22 07:28:59.960 7367 7619 W com.mbwhatsapp: Accessing hidden method Landroid/app/MiuiNotification;-><init>()V (blocked, reflection, denied)
04-22 07:28:59.966 7367 7614 W com.mbwhatsapp: Accessing hidden field Landroid/app/Notification;->extraNotification:Landroid/app/MiuiNotification; (blocked, reflection, denied)
04-22 07:29:00.134 7367 7619 W com.mbwhatsapp: Accessing hidden method Landroid/app/MiuiNotification;-><init>()V (blocked, reflection, denied)
04-22 07:29:07.272 7367 7614 W com.mbwhatsapp: Accessing hidden field Landroid/app/Notification;->extraNotification:Landroid/app/MiuiNotification; (blocked, reflection, denied)
04-22 07:29:07.282 7367 7614 W com.mbwhatsapp: Accessing hidden field Landroid/app/Notification;->extraNotification:Landroid/app/MiuiNotification; (blocked, reflection, denied)
04-22 07:29:07.302 7367 7619 W com.mbwhatsapp: Accessing hidden method Landroid/app/MiuiNotification;-><init>()V (blocked, reflection, denied)
04-22 07:29:07.909 7367 7367 W JobService: onNetworkChanged() not implemented in androidx.work.impl.background.systemjob.SystemJobService. Must override in a subclass.
04-22 07:29:07.919 7367 7367 W JobService: onNetworkChanged() not implemented in androidx.work.impl.background.systemjob.SystemJobService. Must override in a subclass.
04-22 07:29:14.388 7367 7619 W com.mbwhatsapp: Accessing hidden method Landroid/app/MiuiNotification;-><init>()V (blocked, reflection, denied)
04-22 07:29:14.411 7367 7614 W com.mbwhatsapp: Accessing hidden field Landroid/app/Notification;->extraNotification:Landroid/app/MiuiNotification; (blocked, reflection, denied)
04-22 07:29:14.651 7367 7619 W com.mbwhatsapp: Accessing hidden method Landroid/app/MiuiNotification;-><init>()V (blocked, reflection, denied)
04-22 07:29:39.932 7367 7614 W com.mbwhatsapp: Accessing hidden field Landroid/app/Notification;->extraNotification:Landroid/app/MiuiNotification; (blocked, reflection, denied)
04-22 07:29:39.943 7367 7614 W com.mbwhatsapp: Accessing hidden field Landroid/app/Notification;->extraNotification:Landroid/app/MiuiNotification; (blocked, reflection, denied)
04-22 07:29:39.962 7367 7619 W com.mbwhatsapp: Accessing hidden method Landroid/app/MiuiNotification;-><init>()V (blocked, reflection, denied)
04-22 07:29:44.336 7367 7619 W com.mbwhatsapp: Accessing hidden method Landroid/app/MiuiNotification;-><init>()V (blocked, reflection, denied)
04-22 07:29:44.394 7367 7614 W com.mbwhatsapp: Accessing hidden field Landroid/app/Notification;->extraNotification:Landroid/app/MiuiNotification; (blocked, reflection, denied)
04-22 07:29:44.613 7367 7619 W com.mbwhatsapp: Accessing hidden method Landroid/app/MiuiNotification;-><init>()V (blocked, reflection, denied)
04-22 07:29:59.399 7367 7614 W com.mbwhatsapp: Accessing hidden field Landroid/app/Notification;->extraNotification:Landroid/app/MiuiNotification; (blocked, reflection, denied)
04-22 07:29:59.410 7367 7614 W com.mbwhatsapp: Accessing hidden field Landroid/app/Notification;->extraNotificat--------- beginning of main
04-22 07:29:59.426 7367 7619 W com.mbwhatsapp: Accessing hidden method Landroid/app/MiuiNotification;-><init>()V (blocked, reflection, denied)
04-22 07:31:00.916 7367 7378 W com.mbwhatsapp: Suspending all threads took: 5.422ms
04-22 07:32:12.622 7367 7614 W com.mbwhatsapp: Accessing hidden field Landroid/app/Notification;->extraNotification:Landroid/app/MiuiNotification; (blocked, reflection, denied)
04-22 07:32:12.632 7367 7614 W com.mbwhatsapp: Accessing hidden field Landroid/app/Notification;->extraNotification:Landroid/app/MiuiNotification; (blocked, reflection, denied)
04-22 07:32:12.641 7367 7619 W com.mbwhatsapp: Accessing hidden method Landroid/app/MiuiNotification;-><init>()V (blocked, reflection, denied)
04-22 07:33:33.144 7367 7378 W com.mbwhatsapp: Suspending all threads took: 5.119ms
04-22 07:33:54.711 17174 17174 E com.mbwhatsapp: Not starting debugger since process cannot load the jdwp agent.
04-22 07:33:54.940 17174 17174 W System.err: java.lang.ClassNotFoundException: mbmodsd.mbmodsw.ui.views.btn.BtnBK
04-22 07:33:54.942 17174 17174 W System.err: at java.lang.Runtime.nativeLoad(Native Method)
04-22 07:33:54.942 17174 17174 W System.err: at java.lang.Runtime.nativeLoad(Runtime.java:1126)
04-22 07:33:54.942 17174 17174 W System.err: at java.lang.Runtime.loadLibrary0(Runtime.java:1080)
04-22 07:33:54.942 17174 17174 W System.err: at java.lang.Runtime.loadLibrary0(Runtime.java:1003)
04-22 07:33:54.942 17174 17174 W System.err: at java.lang.System.loadLibrary(System.java:1661)
04-22 07:33:54.942 17174 17174 W System.err: at arm.EpicVm.<clinit>(Unknown Source:2)
04-22 07:33:54.942 17174 17174 W System.err: at java.lang.Class.newInstance(Native Method)
04-22 07:33:54.942 17174 17174 W System.err: at android.app.AppComponentFactory.instantiateApplication(AppComponentFactory.java:76)
04-22 07:33:54.942 17174 17174 W System.err: at androidx.core.app.CoreComponentFactory.instantiateApplication(Unknown Source:0)
04-22 07:33:54.942 17174 17174 W System.err: at android.app.Instrumentation.newApplication(Instrumentation.java:1288)
04-22 07:33:54.942 17174 17174 W System.err: at android.app.LoadedApk.makeApplicationInner(LoadedApk.java:1500)
04-22 07:33:54.942 17174 17174 W System.err: at android.app.LoadedApk.makeApplicationInner(LoadedApk.java:1433)
04-22 07:33:54.942 17174 17174 W System.err: at android.app.ActivityThread.handleBindApplication(ActivityThread.java:7420)
04-22 07:33:54.942 17174 17174 W System.err: at android.app.ActivityThread.-$ $Nest$mhandleBindApplication(Unknown Source:0)
04-22 07:33:54.942 17174 17174 W System.err: at android.app.ActivityThread$H.handleMessage(ActivityThread.java:2409)
04-22 07:33:54.942 17174 17174 W System.err: at android.os.Handler.dispatchMessage(Handler.java:106)
04-22 07:33:54.942 17174 17174 W System.err: at android.os.Looper.loopOnce(Looper.java:222)
04-22 07:33:54.942 17174 17174 W System.err: at android.os.Looper.loop(Looper.java:314)
04-22 07:33:54.942 17174 17174 W System.err: at android.app.ActivityThread.main(ActivityThread.java:8706)
04-22 07:33:54.942 17174 17174 W System.err: at java.lang.reflect.Method.invoke(Native Method)
04-22 07:33:54.942 17174 17174 W System.err: at com.android.internal.os.RuntimeInit$MethodAndArgsCaller.run(RuntimeInit.java:565)
04-22 07:33:54.942 17174 17174 W System.err: at com.android.internal.os.ZygoteInit.main(ZygoteInit.java:1081)
04-22 07:33:54.962 17174 17174 E CustomActivityOnCrash: IMPORTANT WARNING! You already have an UncaughtExceptionHandler, are you sure this is correct? If you use a custom UncaughtExceptionHandler, you must initialize it AFTER CustomActivityOnCrash! Installing anyway, but your original handler will not be called.
04-22 07:33:55.370 17174 17174 W com.mbwhatsapp: Accessing hidden method Lcom/android/org/conscrypt/OpenSSLSocketImpl;->setUseSessionTickets(Z)V (max- target-q,core-platform-api, reflection, denied)
04-22 07:33:55.370 17174 17174 W com.mbwhatsapp: Accessing hidden method Lcom/android/org/conscrypt/AbstractConscryptSocket;->setUseSessionTick--------- beginning of main
04-22 07:37:54.721 18973 18973 E com.mbwhatsapp: Not starting debugger since process cannot load the jdwp agent.
04-22 07:37:55.000 18973 18973 W System.err: java.lang.ClassNotFoundException: mbmodsd.mbmodsw.ui.views.btn.BtnBK
04-22 07:37:55.000 18973 18973 W System.err: at java.lang.Runtime.nativeLoad(Native Method)
04-22 07:37:55.001 18973 18973 W System.err: at java.lang.Runtime.nativeLoad(Runtime.java:1126)
04-22 07:37:55.001 18973 18973 W System.err: at java.lang.Runtime.loadLibrary0(Runtime.java:1080)
04-22 07:37:55.001 18973 18973 W System.err: at java.lang.Runtime.loadLibrary0(Runtime.java:1003)
04-22 07:37:55.001 18973 18973 W System.err: at java.lang.System.loadLibrary(System.java:1661)
04-22 07:37:55.001 18973 18973 W System.err: at arm.EpicVm.<clinit>(Unknown Source:2)
04-22 07:37:55.001 18973 18973 W System.err: at java.lang.Class.newInstance(Native Method)
04-22 07:37:55.001 18973 18973 W System.err: at android.app.AppComponentFactory.instantiateApplication(AppComponentFactory.java:76)
04-22 07:37:55.001 18973 18973 W System.err: at androidx.core.app.CoreComponentFactory.instantiateApplication(Unknown Source:0)
04-22 07:37:55.001 18973 18973 W System.err: at android.app.Instrumentation.newApplication(Instrumentation.java:1288)
04-22 07:37:55.001 18973 18973 W System.err: at android.app.LoadedApk.makeApplicationInner(LoadedApk.java:1500)
04-22 07:37:55.001 18973 18973 W System.err: at android.app.LoadedApk.makeApplicationInner(LoadedApk.java:1433)
04-22 07:37:55.001 18973 18973 W System.err: at android.app.ActivityThread.handleBindApplication(ActivityThread.java:7420)
04-22 07:37:55.002 18973 18973 W System.err: at android.app.ActivityThread.-$ $Nest$mhandleBindApplication(Unknown Source:0)
04-22 07:37:55.002 18973 18973 W System.err: at android.app.ActivityThread$H.handleMessage(ActivityThread.java:2409)
04-22 07:37:55.002 18973 18973 W System.err: at android.os.Handler.dispatchMessage(Handler.java:106)
04-22 07:37:55.002 18973 18973 W System.err: at android.os.Looper.loopOnce(Looper.java:222)
04-22 07:37:55.002 18973 18973 W System.err: at android.os.Looper.loop(Looper.java:314)
04-22 07:37:55.002 18973 18973 W System.err: at android.app.ActivityThread.main(ActivityThread.java:8706)
04-22 07:37:55.002 18973 18973 W System.err: at java.lang.reflect.Method.invoke(Native Method)
04-22 07:37:55.002 18973 18973 W System.err: at com.android.internal.os.RuntimeInit$MethodAndArgsCaller.run(RuntimeInit.java:565)
04-22 07:37:55.002 18973 18973 W System.err: at com.android.internal.os.ZygoteInit.main(ZygoteInit.java:1081)
04-22 07:37:55.021 18973 18973 E CustomActivityOnCrash: IMPORTANT WARNING! You already have an UncaughtExceptionHandler, are you sure this is correct? If you use a custom UncaughtExceptionHandler, you must initialize it AFTER CustomActivityOnCrash! Installing anyway, but your original handler will not be called.
04-22 07:37:55.363 18973 18973 W com.mbwhatsapp: Accessing hidden method Lcom/android/org/conscrypt/OpenSSLSocketImpl;->setUseSessionTickets(Z)V (max- target-q,core-platform-api, reflection, denied)
04-22 07:37:55.364 18973 18973 W com.mbwhatsapp: Accessing hidden method Lcom/android/org/conscrypt/AbstractConscryptSocket;->setUseSessionTickets(Z)V (max- target-q, reflection, denied)
04-22 07:37:55.388 18973 18973 W com.mbwhatsapp: type=1400 audit(0.0:482744): avc: granted { execute } for path="/data/data/com.mbwhatsapp/files/decompressed/libs.spk.zst/libc++_shared.so" dev="dm-48" ino=116686 scontext=u:r:untrusted_app_32:s0:c232,c256,c512,c768 tcontext=u:object_r:app_data_file:s0:c232,c256,c512,c768 tclass=file app=com.mbwhatsapp
04-22 07:37:55.392 18973 18973 W com.mbwhatsapp: type=1400 audit(0.0:482745): avc: granted { execute } for path="/data/data/com.mbwhatsapp/files/decompressed/libs.spk.zst/libvlc.so" dev="dm- 48" ino=179280 scontext=u:r:untrusted_app_32:s0:c232,c256,c512,c768 tcontext=u:object_r:app_data_file:s0:c232,c256,c512,c768 tclass=file app=com.mbwhatsapp
04-22 07:37:55.404 18973 18973 W com.mbwhatsapp: type=1400 audit(0.0:482--------- beginning of main
04-22 07:37:55.432 18973 18973 W com.mbwhatsapp: type=1400 audit(0.0:482747): avc: granted { execute } for path="/data/data/com.mbwhatsapp/files/decompressed/libs.spk.zst/libcurve25519.so" dev="dm-48" ino=160235 scontext=u:r:untrusted_app_32:s0:c232,c256,c512,c768 tcontext=u:object_r:app_data_file:s0:c232,c256,c512,c768 tclass=file app=com.mbwhatsapp
04-22 07:37:55.440 18973 18973 W com.mbwhatsapp: type=1400 audit(0.0:482748): avc: granted { execute } for path="/data/data/com.mbwhatsapp/files/decompressed/libs.spk.zst/libwhatsapp.so" dev="dm-48" ino=179021 scontext=u:r:untrusted_app_32:s0:c232,c256,c512,c768 tcontext=u:object_r:app_data_file:s0:c232,c256,c512,c768 tclass=file app=com.mbwhatsapp
04-22 07:37:55.440 18973 18973 W com.mbwhatsapp: type=1400 audit(0.0:482749): avc: granted { execute } for path="/data/data/com.mbwhatsapp/files/decompressed/libs.spk.zst/libwhatsapp.so" dev="dm-48" ino=179021 scontext=u:r:untrusted_app_32:s0:c232,c256,c512,c768 tcontext=u:object_r:app_data_file:s0:c232,c256,c512,c768 tclass=file app=com.mbwhatsapp
04-22 07:37:55.497 18973 19029 W com.mbwhatsapp: Method void X.2rL.A03(java.lang.Integer) failed lock verification and will run slower.
04-22 07:37:55.497 18973 19029 W com.mbwhatsapp: Common causes for lock verification issues are non-optimized dex code
04-22 07:37:55.497 18973 19029 W com.mbwhatsapp: and incorrect proguard optimizations.
04-22 07:38:25.496 19522 19522 E com.mbwhatsapp: Not starting debugger since process cannot load the jdwp agent.
04-22 07:38:25.587 19522 19522 W System.err: java.lang.ClassNotFoundException: mbmodsd.mbmodsw.ui.views.btn.BtnBK
04-22 07:38:25.588 19522 19522 W System.err: at java.lang.Runtime.nativeLoad(Native Method)
04-22 07:38:25.588 19522 19522 W System.err: at java.lang.Runtime.nativeLoad(Runtime.java:1126)
04-22 07:38:25.588 19522 19522 W System.err: at java.lang.Runtime.loadLibrary0(Runtime.java:1080)
04-22 07:38:25.588 19522 19522 W System.err: at java.lang.Runtime.loadLibrary0(Runtime.java:1003)
04-22 07:38:25.588 19522 19522 W System.err: at java.lang.System.loadLibrary(System.java:1661)
04-22 07:38:25.588 19522 19522 W System.err: at arm.EpicVm.<clinit>(Unknown Source:2)
04-22 07:38:25.588 19522 19522 W System.err: at java.lang.Class.newInstance(Native Method)
04-22 07:38:25.588 19522 19522 W System.err: at android.app.AppComponentFactory.instantiateApplication(AppComponentFactory.java:76)
04-22 07:38:25.588 19522 19522 W System.err: at androidx.core.app.CoreComponentFactory.instantiateApplication(Unknown Source:0)
04-22 07:38:25.588 19522 19522 W System.err: at android.app.Instrumentation.newApplication(Instrumentation.java:1288)
04-22 07:38:25.588 19522 19522 W System.err: at android.app.LoadedApk.makeApplicationInner(LoadedApk.java:1500)
04-22 07:38:25.588 19522 19522 W System.err: at android.app.LoadedApk.makeApplicationInner(LoadedApk.java:1433)
04-22 07:38:25.588 19522 19522 W System.err: at android.app.ActivityThread.handleBindApplication(ActivityThread.java:7420)
04-22 07:38:25.588 19522 19522 W System.err: at android.app.ActivityThread.-$ $Nest$mhandleBindApplication(Unknown Source:0)
04-22 07:38:25.588 19522 19522 W System.err: at android.app.ActivityThread$H.handleMessage(ActivityThread.java:2409)
04-22 07:38:25.588 19522 19522 W System.err: at android.os.Handler.dispatchMessage(Handler.java:106)
04-22 07:38:25.588 19522 19522 W System.err: at android.os.Looper.loopOnce(Looper.java:222)
04-22 07:38:25.588 19522 19522 W System.err: at android.os.Looper.loop(Looper.java:314)
04-22 07:38:25.588 19522 19522 W System.err: at android.app.ActivityThread.main(ActivityThread.java:8706)
04-22 07:38:25.588 19522 19522 W System.err: at java.lang.reflect.Method.invoke(Native Method)
04-22 07:38:25.588 19522 19522 W System.err: at com.android.internal.os.RuntimeInit$MethodAndArgsCaller.run(RuntimeInit.java:565)
04-22 07:38:25.588 19522 19522 W System.err: at com.android.internal.os.ZygoteInit.main(ZygoteInit.java:1081)
04-22 07:38:25.595 19522 19522 E CustomActivityOnCrash: IMPORTANT WAR--------- beginning of main
04-22 07:38:25.716 19522 19522 W com.mbwhatsapp: Accessing hidden method Lcom/android/org/conscrypt/OpenSSLSocketImpl;->setUseSessionTickets(Z)V (max- target-q,core-platform-api, reflection, denied)
04-22 07:38:25.716 19522 19522 W com.mbwhatsapp: Accessing hidden method Lcom/android/org/conscrypt/AbstractConscryptSocket;->setUseSessionTickets(Z)V (max- target-q, reflection, denied)
04-22 07:38:25.867 19522 19577 W com.mbwhatsapp: Method void X.2rL.A03(java.lang.Integer) failed lock verification and will run slower.
04-22 07:38:25.867 19522 19577 W com.mbwhatsapp: Common causes for lock verification issues are non-optimized dex code
04-22 07:38:25.867 19522 19577 W com.mbwhatsapp: and incorrect proguard optimizations.
04-22 08:53:04.309 22506 22506 E com.mbwhatsapp: Not starting debugger since process cannot load the jdwp agent.
04-22 08:53:04.590 22506 22506 W System.err: java.lang.ClassNotFoundException: mbmodsd.mbmodsw.ui.views.btn.BtnBK
04-22 08:53:04.590 22506 22506 W System.err: at java.lang.Runtime.nativeLoad(Native Method)
04-22 08:53:04.591 22506 22506 W System.err: at java.lang.Runtime.nativeLoad(Runtime.java:1126)
04-22 08:53:04.591 22506 22506 W System.err: at java.lang.Runtime.loadLibrary0(Runtime.java:1080)
04-22 08:53:04.591 22506 22506 W System.err: at java.lang.Runtime.loadLibrary0(Runtime.java:1003)
04-22 08:53:04.591 22506 22506 W System.err: at java.lang.System.loadLibrary(System.java:1661)
04-22 08:53:04.591 22506 22506 W System.err: at arm.EpicVm.<clinit>(Unknown Source:2)
04-22 08:53:04.591 22506 22506 W System.err: at java.lang.Class.newInstance(Native Method)
04-22 08:53:04.591 22506 22506 W System.err: at android.app.AppComponentFactory.instantiateApplication(AppComponentFactory.java:76)
04-22 08:53:04.591 22506 22506 W System.err: at androidx.core.app.CoreComponentFactory.instantiateApplication(Unknown Source:0)
04-22 08:53:04.592 22506 22506 W System.err: at android.app.Instrumentation.newApplication(Instrumentation.java:1288)
04-22 08:53:04.592 22506 22506 W System.err: at android.app.LoadedApk.makeApplicationInner(LoadedApk.java:1500)
04-22 08:53:04.592 22506 22506 W System.err: at android.app.LoadedApk.makeApplicationInner(LoadedApk.java:1433)
04-22 08:53:04.592 22506 22506 W System.err: at android.app.ActivityThread.handleBindApplication(ActivityThread.java:7420)
04-22 08:53:04.592 22506 22506 W System.err: at android.app.ActivityThread.-$ $Nest$mhandleBindApplication(Unknown Source:0)
04-22 08:53:04.592 22506 22506 W System.err: at android.app.ActivityThread$H.handleMessage(ActivityThread.java:2409)
04-22 08:53:04.592 22506 22506 W System.err: at android.os.Handler.dispatchMessage(Handler.java:106)
04-22 08:53:04.592 22506 22506 W System.err: at android.os.Looper.loopOnce(Looper.java:222)
04-22 08:53:04.592 22506 22506 W System.err: at android.os.Looper.loop(Looper.java:314)
04-22 08:53:04.592 22506 22506 W System.err: at android.app.ActivityThread.main(ActivityThread.java:8706)
04-22 08:53:04.592 22506 22506 W System.err: at java.lang.reflect.Method.invoke(Native Method)
04-22 08:53:04.592 22506 22506 W System.err: at com.android.internal.os.RuntimeInit$MethodAndArgsCaller.run(RuntimeInit.java:565)
04-22 08:53:04.592 22506 22506 W System.err: at com.android.internal.os.ZygoteInit.main(ZygoteInit.java:1081)
04-22 08:53:04.634 22506 22506 E CustomActivityOnCrash: IMPORTANT WARNING! You already have an UncaughtExceptionHandler, are you sure this is correct? If you use a custom UncaughtExceptionHandler, you must initialize it AFTER CustomActivityOnCrash! Installing anyway, but your original handler will not be called.
04-22 08:53:05.409 22506 22506 W com.mbwhatsapp: Accessing hidden method Lcom/android/org/conscrypt/OpenSSLSocketImpl;->setUseSessionTickets(Z)V (max- target-q,core-platform-api, reflection, denied)
04-22 08:53:05.409 22506 22506 W com.mbwhatsapp: Accessing hidden method Lcom/android/org/conscrypt/AbstractConscryptSocket;->setUseSessionTickets(Z)V (max- target-q, reflection, denied)
04-22 08:53:05.544 22506 22506 W com.mbwhatsapp: type=1400 audit(0.0:482989): avc: granted { execute } for path="/data/data/com.mbwhatsapp/files/decompressed/libs.spk.zst/libc++_shared.so" dev="dm-48" ino=116686 scontext=u:r:untrusted_app_32:s0:c232,c256,c512,c768 tcontext=u:object_r:app_data_file:s0:c232,c256,c512,c768 tclass=file app=com.mbwhatsapp
04-22 08:53:05.548 22506 22506 W com.mbwhatsapp: type=1400 audit(0.0:482990): avc: granted { execute } for path="/data/data/com.mbwhatsapp/files/decompressed/libs.spk.zst/libvlc.so" dev="dm- 48" ino=179280 scontext=u:r:untrusted_app_32:s0:c232,c256,c512,c768 tcontext=u:object_r:app_data_file:s0:c232,c256,c512,c768 tclass=file app=com.mbwhatsapp
04-22 08:53:05.771 22506 22903 W com.mbwhatsapp: Method void X.2rL.A03(java.lang.Integer) failed lock verification and will run slower.
04-22 08:53:05.771 22506 22903 W com.mbwhatsapp: Common causes for lock verification issues are non-optimized dex code
04-22 08:53:05.771 22506 22903 W com.mbwhatsapp: and incorrect proguard optimizations. --------- beginning of system
04-22 08:53:05.799 22506 22506 W Looper : PerfMonitor longMsg : seq=2 plan=08:53:04.335 late=11ms wall=1387ms h=android.app.ActivityThread$H w=110 procState=-1
04-22 08:54:06.158 22506 22517 W System : A resource failed to call close.
04-22 08:54:06.158 22506 22517 W System : A resource failed to call close.
04-22 08:54:06.159 22506 22517 W System : A resource failed to call close.
04-22 08:54:06.159 22506 22517 W System : A resource failed to call close.
04-22 08:54:06.159 22506 22517 W System : A resource failed to call close.
04-22 08:54:06.159 22506 22517 W System : A resource failed to call close.
04-22 08:54:06.159 22506 22517 W System : A resource failed to call close.
04-22 08:54:06.159 22506 22517 W System : A resource failed to call close.
04-22 08:54:06.160 22506 22517 W System : A resource failed to call close.
04-22 08:54:06.160 22506 22517 W System : A resource failed to call close.
04-22 08:54:06.160 22506 22517 W System : A resource failed to call close.
04-22 08:54:06.160 22506 22517 W System : A resource failed to call close.
04-22 08:54:06.161 22506 22517 W System : A resource failed to call close.
04-22 08:54:06.161 22506 22517 W System : A resource failed to call close.
04-22 08:54:06.161 22506 22517 W System : A resource failed to call close.
04-22 08:54:06.161 22506 22517 W System : A resource failed to call close.
04-22 08:54:06.161 22506 22517 W System : A resource failed to call close.
04-22 08:54:06.161 22506 22517 W System : A resource failed to call close.
04-22 08:54:06.162 22506 22517 W System : A resource failed to call close.
04-22 08:54:06.162 22506 22517 W System : A resource failed to call close.
04-22 08:54:06.162 22506 22517 W System : A resource failed to call close.
04-22 08:54:06.162 22506 22517 W System : A resource failed to call close.
04-22 08:54:06.162 22506 22517 W System : A resource failed to call close.
04-22 08:54:06.162 22506 22517 W System : A resource failed to call close.
04-22 08:54:06.163 22506 22517 W System : A resource failed to call close.
04-22 08:54:06.163 22506 22517 W System : A resource failed to call close.
04-22 08:54:06.163 22506 22517 W System : A resource failed to call close.
04-22 08:54:06.163 22506 22517 W System : A resource failed to call close.
04-22 08:54:06.163 22506 22517 W System : A resource failed to call close.
04-22 08:54:06.163 22506 22517 W System : A resource failed to call close.
04-22 08:54:06.163 22506 22517 W System : A resource failed to call close.
04-22 08:54:06.163 22506 22517 W System : A resource failed to call close.
04-22 08:54:06.164 22506 22517 W System : A resource failed to call close.
04-22 08:54:06.164 22506 22517 W System : A resource failed to call close.
04-22 08:54:06.164 22506 22517 W System : A resource failed to call close.
04-22 08:54:06.164 22506 22517 W System : A resource failed to call close.
04-22 08:54:06.164 22506 22517 W System : A resource failed to call close.
04-22 08:54:06.165 22506 22517 W System : A resource failed to call close.
04-22 08:54:06.165 22506 22517 W System : A resource failed to call close.
04-22 08:54:06.165 22506 22517 W System : A resource failed to call close.
04-22 08:54:06.165 22506 22517 W System : A resource failed to call close.
04-22 08:54:06.165 22506 22517 W System : A resource failed to call close.
04-22 08:54:06.166 22506 22517 W System : A resource failed to call close.
04-22 08:54:06.166 22506 22517 W System : A resource failed to call close.
04-22 08:54:06.166 22506 22517 W System : A resource failed to call close.
04-22 08:54:06.166 22506 22517 W System : A resource failed to call close.
04-22 08:54:06.166 22506 22517 W System : A resource failed to call close.
04-22 08:54:06.166 22506 22517 W System : A resource failed to call close.
04-22 08:54:06.167 22506 22517 W System : A resource failed to call close.
04-22 08:54:06.167 22506 22517 W System : A resource failed to call close.
04-22 08:54:06.167 22506 22517 W System : A resource failed to call close.
04-22 08:54:06.167 22506 22517 W System : A resource failed to call close.
04-22 08:54:06.167 22506 22517 W System : A resource failed to call close.
04-22 08:54:06.167 22506 22517 W System : A resource failed to call close.
04-22 08:54:06.167 22506 22517 W System : A resource failed to call close.
04-22 08:54:06.167 22506 22517 W System : A resource failed to call close.
04-22 08:54:06.168 22506 22517 W System : A resource failed to call close.
04-22 08:54:06.168 22506 22517 W System : A resource failed to call close.
04-22 08:54:06.168 22506 22517 W System : A resource failed to call close.
04-22 08:54:06.168 22506 22517 W System : A resource failed to call close.
04-22 08:54:06.168 22506 22517 W System : A resource failed to call close.
04-22 08:54:06.168 22506 22517 W System : A resource failed to call close.
04-22 08:54:06.169 22506 22517 W System : A resource failed to call close.
04-22 08:54:06.169 22506 22517 W System : A resource failed to call close.
04-22 08:54:06.169 22506 22517 W System : A resource failed to call close.
04-22 08:54:06.169 22506 22517 W System : A resource failed to call close.
04-22 08:54:06.170 22506 22517 W System : A resource failed to call close.
04-22 08:54:06.170 22506 22517 W System : A resource failed to call close.
04-22 08:54:06.170 22506 22517 W System : A resource failed to call close.
04-22 08:54:06.170 22506 22517 W System : A resource failed to call close.
04-22 08:54:06.170 22506 22517 W System : A resource failed to call close.
04-22 08:54:06.170 22506 22517 W System : A resource failed to call close.
04-22 08:54:06.170 22506 22517 W System : A resource failed to call close.
04-22 08:54:06.171 22506 22517 W System : A resource failed to call close.
04-22 08:54:06.171 22506 22517 W System : A resource failed to call close.
04-22 08:54:06.171 22506 22517 W System : A resource failed to call close.
04-22 08:54:06.171 22506 22517 W System : A resource failed to call close.
04-22 08:54:06.171 22506 22517 W System : A resource failed to call close.
04-22 08:54:06.171 22506 22517 W System : A resource failed to call close.
04-22 08:54:06.172 22506 22517 W System : A resource failed to call close.
04-22 08:54:06.172 22506 22517 W System : A resource failed to call close.
04-22 08:54:06.174 22506 22517 W System : A resource failed to call close.
04-22 08:54:06.174 22506 22517 W System : A resource failed to call close.
04-22 08:54:06.174 22506 22517 W System : A resource failed to call close.
04-22 08:54:06.174 22506 22517 W System : A resource failed to call close.
04-22 08:54:06.174 22506 22517 W System : A resource failed to call close.
04-22 08:54:06.174 22506 22517 W System : A resource failed to call close.
04-22 08:54:06.174 22506 22517 W System : A resource failed to call close.
04-22 08:54:06.174 22506 22517 W System : A resource failed to call close.
04-22 08:54:06.174 22506 22517 W System : A resource failed to call close.
04-22 08:54:06.174 22506 22517 W System : A resource failed to call close.
04-22 08:54:06.174 22506 22517 W System : A resource failed to call close.
04-22 08:54:06.174 22506 22517 W System : A resource failed to call close.
04-22 08:54:06.174 22506 22517 W System : A resource failed to call close.
04-22 08:54:06.174 22506 22517 W System : A resource failed to call close.
04-22 08:54:06.174 22506 22517 W System : A resource failed to call close.
04-22 08:54:06.174 22506 22517 W System : A resource failed to call close.
04-22 08:54:06.174 22506 22517 W System : A resource failed to call close.
04-22 08:54:06.174 22506 22517 W System : A resource failed to call close.
04-22 08:54:06.174 22506 22517 W System : A resource failed to call close.
04-22 08:54:06.174 22506 22517 W System : A resource failed to call close.
04-22 08:54:06.174 22506 22517 W System : A resource failed to call close.
04-22 08:54:06.174 22506 22517 W System : A resource failed to call close.
04-22 08:54:06.174 22506 22517 W System : A resource failed to call close.
04-22 08:54:06.174 22506 22517 W System : A resource failed to call close.
04-22 08:54:06.174 22506 22517 W System : A resource failed to call close.
04-22 08:54:06.174 22506 22517 W System : A resource failed to call close.
04-22 08:54:06.174 22506 22517 W System : A resource failed to call close.
04-22 08:54:06.175 22506 22517 W System : A resource failed to call close.
04-22 08:54:06.175 22506 22517 W System : A resource failed to call close.
04-22 08:54:06.175 22506 22517 W System : A resource failed to call close.
04-22 08:54:06.175 22506 22517 W System : A resource failed to call close.
04-22 08:54:06.175 22506 22517 W System : A resource failed to call close.
04-22 08:54:06.175 22506 22517 W System : A resource failed to call close.
04-22 08:54:06.175 22506 22517 W System : A resource failed to call close.
04-22 08:54:06.175 22506 22517 W System : A resource failed to call close.
04-22 08:54:06.175 22506 22517 W System : A resource failed to call close.
04-22 08:54:06.175 22506 22517 W System : A resource failed to call close.
04-22 08:54:06.175 22506 22517 W System : A resource failed to call close.
04-22 08:54:06.175 22506 22517 W System : A resource failed to call close.
04-22 08:54:06.175 22506 22517 W System : A resource failed to call close.
04-22 08:54:06.175 22506 22517 W System : A resource failed to call close.
04-22 08:54:06.175 22506 22517 W System : A resource failed to call close.
04-22 08:54:06.175 22506 22517 W System : A resource failed to call close.
04-22 08:54:06.175 22506 22517 W System : A resource failed to call close.
04-22 08:54:06.175 22506 22517 W System : A resource failed to call close.
04-22 08:54:06.175 22506 22517 W System : A resource failed to call close.
04-22 08:54:06.175 22506 22517 W System : A resource failed to call close.
04-22 08:54:06.175 22506 22517 W System : A resource failed to call close.
04-22 08:54:06.176 22506 22517 W System : A resource failed to call close.
04-22 08:54:06.176 22506 22517 W System : A resource failed to call close.
04-22 08:54:06.176 22506 22517 W System : A resource failed to call close.
04-22 08:54:06.176 22506 22517 W System : A resource failed to call close.
04-22 08:54:06.176 22506 22517 W System : A resource failed to call close.
04-22 08:54:06.176 22506 22517 W System : A resource failed to call close.
04-22 08:54:06.176 22506 22517 W System : A resource failed to call close.
04-22 08:54:06.176 22506 22517 W System : A resource failed to call close.
04-22 08:54:06.176 22506 22517 W System : A resource failed to call close.
04-22 08:54:06.176 22506 22517 W System : A resource failed to call close.
04-22 08:54:06.176 22506 22517 W System : A resource failed to call close.
04-22 08:54:06.176 22506 22517 W System : A resource failed to call close.
04-22 08:54:06.176 22506 22517 W System : A resource failed to call close.
04-22 08:54:06.176 22506 22517 W System : A resource failed to call close.
04-22 08:54:06.176 22506 22517 W System : A resource failed to call close.
04-22 08:54:06.176 22506 22517 W System : A resource failed to call close.
04-22 08:54:06.176 22506 22517 W System : A resource failed to call close.
04-22 08:54:06.176 22506 22517 W System : A resource failed to call close.
04-22 08:54:06.176 22506 22517 W System : A resource failed to call close.
04-22 08:54:06.176 22506 22517 W System : A resource failed to call close.
04-22 08:54:06.176 22506 22517 W System : A resource failed to call close.
04-22 08:54:06.176 22506 22517 W System : A resource failed to call close.
04-22 08:54:06.177 22506 22517 W System : A resource failed to call close.
04-22 08:54:06.177 22506 22517 W System : A resource failed to call close.
04-22 08:54:06.177 22506 22517 W System : A resource failed to call close.
04-22 08:54:06.177 22506 22517 W System : A resource failed to call close.
04-22 08:54:06.177 22506 22517 W System : A resource failed to call close.
04-22 08:54:06.177 22506 22517 W System : A resource failed to call close.
04-22 08:54:06.177 22506 22517 W System : A resource failed to call close.
04-22 08:54:06.177 22506 22517 W System : A resource failed to call close.
04-22 08:54:06.177 22506 22517 W System : A resource failed to call close.
04-22 08:54:06.177 22506 22517 W System : A resource failed to call close.
04-22 08:54:06.177 22506 22517 W System : A resource failed to call close.
04-22 08:54:06.177 22506 22517 W System : A resource failed to call close.
04-22 08:54:06.177 22506 22517 W System : A resource failed to call close.
04-22 08:54:06.177 22506 22517 W System : A resource failed to call close.
04-22 08:54:06.177 22506 22517 W System : A resource failed to call close.
04-22 08:54:06.177 22506 22517 W System : A resource failed to call close.
04-22 08:54:06.177 22506 22517 W System : A resource failed to call close.
04-22 08:54:06.177 22506 22517 W System : A resource failed to call close.
04-22 08:54:06.177 22506 22517 W System : A resource failed to call close.
04-22 08:54:06.177 22506 22517 W System : A resource failed to call close.
04-22 08:54:06.177 22506 22517 W System : A resource failed to call close.
04-22 08:54:06.177 22506 22517 W System : A resource failed to call close.
04-22 08:54:06.177 22506 22517 W System : A resource failed to call close.
04-22 08:54:06.177 22506 22517 W System : A resource failed to call close.
04-22 08:54:06.177 22506 22517 W System : A resource failed to call close.
04-22 08:54:06.177 22506 22517 W System : A resource failed to call close.
04-22 08:54:06.177 22506 22517 W System : A resource failed to call close.
04-22 08:54:06.178 22506 22517 W System : A resource failed to call close.
04-22 08:54:06.178 22506 22517 W System : A resource failed to call close.
04-22 08:54:06.178 22506 22517 W System : A resource failed to call close.
04-22 08:54:06.178 22506 22517 W System : A resource failed to call close.
04-22 08:54:06.178 22506 22517 W System : A resource failed to call close.
04-22 08:54:06.178 22506 22517 W System : A resource failed to call close.
04-22 08:54:06.178 22506 22517 W System : A resource failed to call close.
04-22 08:54:06.178 22506 22517 W System : A resource failed to call close.
04-22 08:54:06.178 22506 22517 W System : A resource failed to call close.
04-22 08:54:06.178 22506 22517 W System : A resource failed to call close.
04-22 08:54:06.178 22506 22517 W System : A resource failed to call close.
04-22 08:54:06.178 22506 22517 W System : A resource failed to call close.
04-22 08:54:06.178 22506 22517 W System : A resource failed to call close.
04-22 08:54:06.178 22506 22517 W System : A resource failed to call close.
04-22 08:54:06.178 22506 22517 W System : A resource failed to call close.
04-22 08:54:06.178 22506 22517 W System : A resource failed to call close.
04-22 08:54:06.178 22506 22517 W System : A resource failed to call close.
04-22 08:54:06.178 22506 22517 W System : A resource failed to call close.
04-22 08:54:06.178 22506 22517 W System : A resource failed to call close.
04-22 08:54:06.178 22506 22517 W System : A resource failed to call close.
04-22 08:54:06.178 22506 22517 W System : A resource failed to call close.
04-22 08:54:06.178 22506 22517 W System : A resource failed to call close.
04-22 08:54:06.178 22506 22517 W System : A resource failed to call close.
04-22 08:54:06.178 22506 22517 W System : A resource failed to call close.
04-22 08:54:06.178 22506 22517 W System : A resource failed to call close.
04-22 08:54:06.178 22506 22517 W System : A resource failed to call close.
04-22 08:54:06.178 22506 22517 W System : A resource failed to call close.
04-22 08:54:06.178 22506 22517 W System : A resource failed to call close.
04-22 08:54:06.178 22506 22517 W System : A resource failed to call close.
04-22 08:54:06.178 22506 22517 W System : A resource failed to call close.
04-22 08:54:06.178 22506 22517 W System : A resource failed to call close.
04-22 08:54:06.178 22506 22517 W System : A resource failed to call close.
04-22 08:54:06.178 22506 22517 W System : A resource failed to call close.
04-22 08:54:06.178 22506 22517 W System : A resource failed to call close.
04-22 08:54:06.178 22506 22517 W System : A resource failed to call close.
04-22 08:54:06.178 22506 22517 W System : A resource failed to call close.
04-22 08:54:06.178 22506 22517 W System : A resource failed to call close.
04-22 08:54:06.178 22506 22517 W System : A resource failed to call close.
04-22 08:54:06.178 22506 22517 W System : A resource failed to call close.
04-22 08:54:06.178 22506 22517 W System : A resource failed to call close.
04-22 08:54:06.178 22506 22517 W System : A resource failed to call close.
04-22 08:54:06.178 22506 22517 W System : A resource failed to call close.
04-22 08:54:06.178 22506 22517 W System : A resource failed to call close.
04-22 08:54:06.178 22506 22517 W System : A resource failed to call close.
04-22 08:54:06.178 22506 22517 W System : A resource failed to call close.
04-22 08:54:06.178 22506 22517 W System : A resource failed to call close.
04-22 08:54:06.178 22506 22517 W System : A resource failed to call close.
04-22 08:54:06.179 22506 22517 W System : A resource failed to call close.
04-22 08:54:06.179 22506 22517 W System : A resource failed to call close.
04-22 08:54:06.179 22506 22517 W System : A resource failed to call close.
04-22 08:54:06.179 22506 22517 W System : A resource failed to call close.
04-22 08:54:06.179 22506 22517 W System : A resource failed to call close.
04-22 08:54:06.179 22506 22517 W System : A resource failed to call close.
04-22 08:54:06.179 22506 22517 W System : A resource failed to call close.
04-22 08:54:06.179 22506 22517 W System : A resource failed to call close.
04-22 08:54:06.179 22506 22517 W System : A resource failed to call close.
04-22 08:54:06.179 22506 22517 W System : A resource failed to call close.
04-22 08:54:06.179 22506 22517 W System : A resource failed to call close.
04-22 08:54:06.179 22506 22517 W System : A resource failed to call close.
04-22 08:54:06.179 22506 22517 W System : A resource failed to call close.
04-22 08:54:06.179 22506 22517 W System : A resource failed to call close.
04-22 08:54:06.179 22506 22517 W System : A resource failed to call close.
04-22 08:54:06.179 22506 22517 W System : A resource failed to call close.
04-22 08:54:06.179 22506 22517 W System : A resource failed to call close.
04-22 08:54:06.179 22506 22517 W System : A resource failed to call close.
04-22 08:54:06.179 22506 22517 W System : A resource failed to call close.
04-22 08:54:06.179 22506 22517 W System : A resource failed to call close.
04-22 08:54:06.179 22506 22517 W System : A resource failed to call close.
04-22 08:54:06.179 22506 22517 W System : A resource failed to call close.
04-22 08:54:06.179 22506 22517 W System : A resource failed to call close.
04-22 08:54:06.179 22506 22517 W System : A resource failed to call close.
04-22 08:54:06.179 22506 22517 W System : A resource failed to call close.
04-22 08:54:14.094 22506 22517 W System : A resource failed to call close.
04-22 08:54:14.094 22506 22517 W System : A resource failed to call close.
04-22 08:54:14.094 22506 22517 W System : A resource failed to call close.
04-22 08:54:14.095 22506 22517 W System : A resource failed to call close.
04-22 08:54:14.095 22506 22517 W System : A resource failed to call close.
04-22 08:54:14.095 22506 22517 W System : A resource failed to call close.
04-22 08:54:14.095 22506 22517 W System : A resource failed to call close.
04-22 08:54:14.095 22506 22517 W System : A resource failed to call close.
04-22 08:54:14.095 22506 22517 W System : A resource failed to call close.
04-22 08:54:14.095 22506 22517 W System : A resource failed to call close.
04-22 08:54:14.095 22506 22517 W System : A resource failed to call close.
04-22 08:54:14.095 22506 22517 W System : A resource failed to call close.
04-22 08:54:14.096 22506 22517 W System : A resource failed to call close.
04-22 08:54:14.096 22506 22517 W System : A resource failed to call close.
04-22 08:54:14.096 22506 22517 W System : A resource failed to call close.
04-22 08:54:14.096 22506 22517 W System : A resource failed to call close.
04-22 08:54:14.096 22506 22517 W System : A resource failed to call close.
04-22 08:54:14.096 22506 22517 W System : A resource failed to call close.
04-22 08:54:14.096 22506 22517 W System : A resource failed to call close.
04-22 08:54:14.096 22506 22517 W System : A resource failed to call close.
04-22 08:54:14.096 22506 22517 W System : A resource failed to call close.
04-22 08:54:14.097 22506 22517 W System : A resource failed to call close.
04-22 08:54:14.097 22506 22517 W System : A resource failed to call close.
04-22 08:54:14.097 22506 22517 W System : A resource failed to call close.
04-22 08:54:14.097 22506 22517 W System : A resource failed to call close.
04-22 08:54:14.097 22506 22517 W System : A resource failed to call close.
04-22 08:54:14.097 22506 22517 W System : A resource failed to call close.
04-22 08:54:14.097 22506 22517 W System : A resource failed to call close.
04-22 08:54:14.097 22506 22517 W System : A resource failed to call close.
04-22 08:54:14.097 22506 22517 W System : A resource failed to call close.
04-22 08:54:14.098 22506 22517 W System : A resource failed to call close.
04-22 08:54:14.098 22506 22517 W System : A resource failed to call close.
04-22 08:54:14.098 22506 22517 W System : A resource failed to call close.
04-22 08:54:14.098 22506 22517 W System : A resource failed to call close.
04-22 08:54:14.098 22506 22517 W System : A resource failed to call close.
04-22 08:54:14.098 22506 22517 W System : A resource failed to call close.
04-22 08:54:14.098 22506 22517 W System : A resource failed to call close.
04-22 08:54:14.098 22506 22517 W System : A resource failed to call close.
04-22 08:54:14.098 22506 22517 W System : A resource failed to call close.
04-22 08:54:14.098 22506 22517 W System : A resource failed to call close.
04-22 08:54:14.099 22506 22517 W System : A resource failed to call close.
04-22 08:54:14.099 22506 22517 W System : A resource failed to call close.
04-22 08:54:14.099 22506 22517 W System : A resource failed to call close.
04-22 08:54:14.099 22506 22517 W System : A resource failed to call close.
04-22 08:54:14.099 22506 22517 W System : A resource failed to call close.
04-22 08:54:14.099 22506 22517 W System : A resource failed to call close.
04-22 08:54:14.099 22506 22517 W System : A resource failed to call close.
04-22 08:54:14.099 22506 22517 W System : A resource failed to call close.
04-22 08:54:14.099 22506 22517 W System : A resource failed to call close.
04-22 08:54:14.099 22506 22517 W System : A resource failed to call close.
04-22 08:54:14.100 22506 22517 W System : A resource failed to call close.
04-22 08:54:14.100 22506 22517 W System : A resource failed to call close.
04-22 08:54:14.100 22506 22517 W System : A resource failed to call close.
04-22 08:54:14.100 22506 22517 W System : A resource failed to call close.
04-22 08:54:14.100 22506 22517 W System : A resource failed to call close.
04-22 08:54:14.100 22506 22517 W System : A resource failed to call close.
04-22 08:54:14.100 22506 22517 W System : A resource failed to call close.
04-22 08:54:14.100 22506 22517 W System : A resource failed to call close.
04-22 08:54:14.100 22506 22517 W System : A resource failed to call close.
04-22 08:54:14.100 22506 22517 W System : A resource failed to call close.
04-22 08:54:14.100 22506 22517 W System : A resource failed to call close.
04-22 08:54:14.101 22506 22517 W System : A resource failed to call close.
04-22 08:54:14.101 22506 22517 W System : A resource failed to call close.
04-22 08:54:14.101 22506 22517 W System : A resource failed to call close.
04-22 08:54:14.101 22506 22517 W System : A resource failed to call close.
04-22 08:54:14.101 22506 22517 W System : A resource failed to call close.
04-22 08:54:14.101 22506 22517 W System : A resource failed to call close.
04-22 08:54:14.101 22506 22517 W System : A resource failed to call close.
04-22 08:54:14.101 22506 22517 W System : A resource failed to call close.
04-22 08:54:14.101 22506 22517 W System : A resource failed to call close.
04-22 08:54:14.101 22506 22517 W System : A resource failed to call close.
04-22 08:54:14.102 22506 22517 W System : A resource failed to call close.
