04-22 03:46:06.994 31315 31315 W JobService: onNetworkChanged() not implemented in androidx.work.impl.background.systemjob.SystemJobService. Must override in a subclass.
04-22 03:52:59.420 31315 31410 E OpenGLRenderer: Unable to match the desired swap behavior.
04-22 03:52:59.490 31315 31485 E BitmapFactory: Unable to decode stream: java.io.FileNotFoundException: /storage/emulated/0/Android/media/com.mbwhatsapp/MBWhatsApp/Media/.Links/ 08e35c4a97e8ecaa6ae66070ad67fc84: open failed: ENOENT (No such file or directory)
04-22 03:53:00.326 31315 31315 W WindowOnBackDispatcher: sendCancelIfRunning: isInProgress=falsecallback=android.view.ViewRootImpl$ $ExternalSyntheticLambda22@a0360cd
04-22 03:53:00.330 31315 31315 W WindowOnBackDispatcher: sendCancelIfRunning: isInProgress=falsecallback=android.view.ViewRootImpl$ $ExternalSyntheticLambda22@cd8dc85
04-22 03:53:03.146 31315 31315 W Choreographer: Frame time is 0.20759399 now = 110651698853055 timestampNanos = 110651699060649 ms in the future! Check that graphics HAL is generating vsync timestamps using the correct timebase.
04-22 03:53:05.710 31315 31315 W WindowOnBackDispatcher: sendCancelIfRunning: isInProgress=falsecallback=android.view.ViewRootImpl$ $ExternalSyntheticLambda22@3d22891
04-22 03:55:38.650 31315 31410 W libc : Access denied finding property "ro.vendor.display.iris_x7.support"
04-22 03:55:38.737 31315 10830 E GED : Failed to get GED Log Buf, err(0)
04-22 03:55:38.752 31315 31410 W libc : Access denied finding property "ro.vendor.display.iris_x7.support"
04-22 03:55:38.763 31315 31315 W Looper : PerfMonitor looperActivity : package=com.mbwhatsapp/com.whatsapp.voipcalling.VoipActivityV2 time=0ms latency=316ms procState=-1 historyMsgCount=1 (msgIndex=1 wall=319ms seq=54383 h=android.app.ActivityThread$H w=159)
04-22 03:55:38.806 31315 31410 E libEGL : pre_cache appList: ,,,,,,
04-22 03:55:38.834 31315 31410 E OpenGLRenderer: Unable to match the desired swap behavior.
04-22 03:55:38.891 31315 31410 E OpenGLRenderer: Unable to match the desired swap behavior.
04-22 03:55:38.963 31315 31315 W BottomSheetBehavior: BottomSheetBehavior now supports multiple callbacks. `setBottomSheetCallback()` removes all existing callbacks, including ones set internally by library authors, which may result in unintended behavior. This may change in the future. Please use `addBottomSheetCallback()` and `removeBottomSheetCallback()` instead to set your own callbacks.
04-22 03:55:39.649 31315 31315 W libc : Access denied finding property "ro.vendor.audio.cloudctrl"
04-22 03:55:39.646 31315 31315 W com.mbwhatsapp: type=1400 audit(0.0:348944): avc: denied { read } for name="u:object_r:vendor_ro_audio_prop:s0" dev="tmpfs" ino=707 scontext=u:r:untrusted_app_32:s0:c232,c256,c512,c768 tcontext=u:object_r:vendor_ro_audio_prop:s0 tclass=file permissive=0 app=com.mbwhatsapp
04-22 03:56:01.297 31315 31315 W WindowOnBackDispatcher: sendCancelIfRunning: isInProgress=falsecallback=android.view.ViewRootImpl$ $ExternalSyntheticLambda22@1965693
04-22 03:56:01.315 31315 31315 W WindowOnBackDispatcher: sendCancelIfRunning: isInProgress=falsecallback=android.view.ViewRootImpl$ $ExternalSyntheticLambda22@21dbcda
04-22 03:56:02.692 31315 31315 W JobService: onNetworkChanged() not implemented in androidx.work.impl.background.systemjob.SystemJobService. Must override in a subclass.
04-22 03:56:26.320 31315 31410 W libc : Access denied finding property "ro.vendor.display.iris_x7.support"
04-22 03:56:26.390 31315 11011 E GED : Failed to get GED Log Buf, err(0)
04-22 03:56:26.409 31315 31410 W libc : Access denied finding property "ro.vendor.display.iris_x7.support"
04-22 03:56:26.444 31315 31410 E libEGL : pre_cache appList: ,,,,,,
04-22 03:56:26.467 31315 31410 E OpenGLRenderer: Unable to match the desired swap behavior.
04-22 03:56:26.501 31315 31410 E OpenGLRenderer: Unable to match the desired swap behavior.
04-22 03:56:26.589 31315 31315 W BottomSheetBehavior: BottomSheetBehavior now supports multiple callbacks. `setBottomSheetCallback()` removes all existing callbacks, including ones set internally by library authors, which may result in unintended behavior. This may change in the future. Please use `addBottomSheetCallback()` and `removeBottomSheetCallback()` instead to set your own callbacks.
04-22 03:57:14.190 31315 31315 W com.mbwhatsapp: type=1400 audit(0.0:348947): avc: denied { read } for name="u:object_r:vendor_ro_audio_prop:s0" dev="tmpfs" ino=707 scontext=u:r:untrusted_app_32:s0:c232,c256,c512,c768 tcontext=u:object_r:vendor_ro_audio_prop:s0 tclass=file permissive=0 app=com.mbwhatsapp
04-22 03:57:14.192 31315 31315 W libc : Access denied finding property "ro.vendor.audio.cloudctrl"
04-22 03:57:15.178 31315 31315 W WindowOnBackDispatcher: sendCancelIfRunning: isInProgress=falsecallback=android.view.ViewRootImpl$ $ExternalSyntheticLambda22@8878e87
04-22 03:57:15.187 31315 31315 W WindowOnBackDispatcher: sendCancelIfRunning: isInProgress=falsecallback=android.view.ViewRootImpl$ $ExternalSyntheticLambda22@86cd34c
04-22 03:57:51.610 31315 31410 W libc : Access denied finding property "ro.vendor.display.iris_x7.support"
04-22 03:57:51.689 31315 11687 E GED : Failed to get GED Log Buf, err(0)
04-22 03:57:51.711 31315 31410 W libc : Access denied finding property "ro.vendor.display.iris_x7.support"
04-22 03:57:51.716 31315 31315 W Looper : PerfMonitor looperActivity : package=com.mbwhatsapp/com.whatsapp.voipcalling.VoipActivityV2 time=0ms latency=342ms procState=-1 historyMsgCount=1 (msgIndex=1 wall=342ms seq=55607 h=android.app.ActivityThread$H w=159)
04-22 03:57:51.751 31315 31410 E libEGL : pre_cache appList: ,,,,,,
04-22 03:57:51.769 31315 31410 E OpenGLRenderer: Unable to match the desired swap behavior.
04-22 03:57:51.813 31315 31410 E OpenGLRenderer: Unable to match the desired swap behavior.
04-22 03:57:51.871 31315 31315 W BottomSheetBehavior: BottomSheetBehavior now supports multiple callbacks. `setBottomSheetCallback()` removes all existing callbacks, including ones set internally by library authors, which may result in unintended behavior. This may change in the future. Please use `addBottomSheetCallback()` and `removeBottomSheetCallback()` instead to set your own callbacks.
04-22 03:57:52.358 31315 31315 W libc : Access denied finding property "ro.vendor.audio.cloudctrl"
04-22 03:57:52.354 31315 31315 W com.mbwhatsapp: type=1400 audit(0.0:349001): avc: denied { read } for name="u:object_r:vendor_ro_audio_prop:s0" dev="tmpfs" ino=707 scontext=u:r:untrusted_app_32:s0:c232,c256,c512,c768 tcontext=u:object_r:vendor_ro_audio_prop:s0 tclass=file permissive=0 app=com.mbwhatsapp
04-22 03:58:31.182 31315 31328 E LongScreenshotUtils: inLargeScreen false
04-22 04:06:50.618 31315 31645 E LongScreenshotUtils: inLargeScreen false
04-22 04:10:20.536 31315 31645 E LongScreenshotUtils: inLargeScreen false
04-22 04:11:53.709 31315 31315 W WindowOnBackDispatcher: sendCancelIfRunning: isInProgress=falsecallback=android.view.ViewRootImpl$ $ExternalSyntheticLambda22@914c407
04-22 04:11:53.730 31315 31315 W WindowOnBackDispatcher: sendCancelIfRunning: isInProgress=falsecallback=android.view.ViewRootImpl$ $ExternalSyntheticLambda22@4bb0acc
04-22 04:11:55.482 31315 31315 E ArmVmp : Match on catch block at 0x8d in for 0x7bd4e1a039
04-22 04:11:55.515 31315 31315 E ArmVmp : Match on catch block at 0x4c in for 0x7bd4e1a039
04-22 04:11:55.535 31315 31315 E ArmVmp : Match on catch block at 0x8d in for 0x7bd4e1a039
04-22 04:11:55.674 31315 31315 E ArmVmp : Match on catch block at 0x0a in for 0x7bd4e1a031
04-22 04:11:55.689 31315 31315 E ArmVmp : Match on catch block at 0x0a in for 0x7bd4e1a04d
04-22 04:11:55.730 31315 31315 W Activity: Can request only one set of permissions at a time
04-22 04:11:55.794 31315 31410 W libc : Access denied finding property "ro.vendor.display.iris_x7.support"
04-22 04:11:55.801 31315 31315 W Looper : PerfMonitor looperActivity : package=com.mbwhatsapp/.HomeActivity time=0ms latency=360ms procState=-1 historyMsgCount=2 (msgIndex=2 wall=352ms seq=61203 late=8ms h=android.app.ActivityThread$H w=159)
04-22 04:11:55.827 31315 12264 W com.mbwhatsapp: Accessing hidden method Lcom/android/org/conscrypt/ConscryptEngineSocket;->setUseSessionTickets(Z)V (max- target-q,core-platform-api, reflection, denied)
04-22 04:11:55.827 31315 12264 W com.mbwhatsapp: Accessing hidden method Lcom/android/org/conscrypt/OpenSSLSocketImpl;->setUseSessionTickets(Z)V (max- target-q,core-platform-api, reflection, denied)
04-22 04:11:55.827 31315 12264 W com.mbwhatsapp: Accessing hidden method Lcom/android/org/conscrypt/AbstractConscryptSocket;->setUseSessionTickets(Z)V (max- target-q, reflection, denied)
04-22 04:11:55.829 31315 12264 W com.mbwhatsapp: Accessing hidden method Lcom/android/org/conscrypt/ConscryptEngineSocket;->setHostname(Ljava/lang/String;)V (max-target-q,core-platform-api, reflection, denied)
04-22 04:11:55.829 31315 12264 W com.mbwhatsapp: Accessing hidden method Lcom/android/org/conscrypt/OpenSSLSocketImpl;->setHostname(Ljava/lang/String;)V (max-target-q,core-platform-api, reflection, denied)
04-22 04:11:55.829 31315 12264 W com.mbwhatsapp: Accessing hidden method Lcom/android/org/conscrypt/AbstractConscryptSocket;->setHostname(Ljava/lang/ String;)V (max-target-q, reflection, denied)
04-22 04:11:55.829 31315 12264 W com.mbwhatsapp: Accessing hidden method Lcom/android/org/conscrypt/OpenSSLSocketImpl;->setAlpnProtocols([B)V (max-target- q,core-platform-api, reflection, denied)
04-22 04:11:55.829 31315 12264 W com.mbwhatsapp: Accessing hidden method Lcom/android/org/conscrypt/AbstractConscryptSocket;->setAlpnProtocols([B)V (max- target-q, reflection, denied)
04-22 04:11:55.966 31315 31315 E ArmVmp : Match on catch block at 0x8d in for 0x7bd4e1a03d
04-22 04:11:56.013 31315 31315 E ArmVmp : Match on catch block at 0x8d in for 0x7bd4e1a03d
04-22 04:11:56.063 31315 31315 E ArmVmp : Match on catch block at 0x8d in for 0x7bd4e1a03d
04-22 04:11:56.073 31315 12264 W com.mbwhatsapp: Accessing hidden method Lcom/android/org/conscrypt/OpenSSLSocketImpl;->getAlpnSelectedProtocol()[B (max- target-q,core-platform-api, reflection, denied)
04-22 04:11:56.073 31315 12264 W com.mbwhatsapp: Accessing hidden method Lcom/android/org/conscrypt/AbstractConscryptSocket;->getAlpnSelectedProtocol()[B (max-target-q, reflection, denied)
04-22 04:11:56.106 31315 31315 E ArmVmp : Match on catch block at 0x8d in for 0x7bd4e1a03d
04-22 04:11:56.176 31315 31315 E ArmVmp : Match on catch block at 0x8d in for 0x7bd4e1a03d
04-22 04:11:56.222 31315 31315 E ArmVmp : Match on catch block at 0x8d in for 0x7bd4e1a03d
04-22 04:11:56.261 31315 31315 E ArmVmp : Match on catch block at 0x8d in for 0x7bd4e1a03d
04-22 04:11:56.300 31315 31315 E ArmVmp : Match on catch block at 0x8d in for 0x7bd4e1a03d
04-22 04:11:56.340 31315 31315 E ArmVmp : Match on catch block at 0x8d in for 0x7bd4e1a03d
04-22 04:11:56.371 31315 31315 E RecyclerView: No adapter attached; skipping layout
04-22 04:11:56.378 31315 31315 W Looper : PerfMonitor doFrame : time=531ms vsyncFrame=0 latency=49ms procState=-1 historyMsgCount=26 (msgIndex=1 wall=352ms seq=61203 late=8ms h=android.app.ActivityThread$H w=159)
04-22 04:11:56.384 31315 31315 E ArmVmp : Match on catch block at 0x0a in for 0x7bd4e1a035
04-22 04:11:56.389 31315 31315 W Looper : PerfMonitor looperActivity : package=com.mbwhatsapp/mbmodsd.mbmodsw.mbsettings.yo.PauseActivity time=10ms latency=560ms procState=-1 historyMsgCount=17 (msgIndex=15 wall=531ms seq=61229 late=49ms h=android.view.Choreographer$FrameHandler c=android.view.Choreographer$FrameDisplayEventReceiver)
04-22 04:11:56.499 31315 31410 W libc : Access denied finding property "ro.vendor.display.iris_x7.support"
04-22 04:11:56.578 31315 31410 W libc : Access denied finding property "ro.vendor.display.iris_x7.support"
04-22 04:11:56.584 31315 31315 W Looper : PerfMonitor looperActivity : package=com.mbwhatsapp/com.whatsapp.voipcalling.VoipActivityV2 time=195ms latency=546ms procState=-1 historyMsgCount=8 (msgIndex=4 wall=531ms seq=61229 late=49ms h=android.view.Choreographer$FrameHandler c=android.view.Choreographer$FrameDisplayEventReceiver)
04-22 04:11:56.584 31315 31315 W Looper : PerfMonitor looperActivity : package=com.mbwhatsapp/com.whatsapp.voipcalling.VoipActivityV2 time=0ms latency=741ms procState=-1 historyMsgCount=9 (msgIndex=4 wall=531ms seq=61229 late=49ms h=android.view.Choreographer$FrameHandler c=android.view.Choreographer$FrameDisplayEventReceiver) (msgIndex=9 wall=195ms seq=61234 late=546ms h=android.app.ActivityThread$H w=159)
04-22 04:11:56.607 31315 31315 E RecyclerView: No adapter attached; skipping layout
04-22 04:11:56.620 31315 31410 E OpenGLRenderer: Unable to match the desired swap behavior.
04-22 04:11:56.641 31315 31410 E OpenGLRenderer: Unable to match the desired swap behavior.
04-22 04:11:56.681 31315 31315 W Looper : PerfMonitor doFrame : time=97ms vsyncFrame=0 latency=729ms procState=-1 historyMsgCount=9 (msgIndex=1 wall=531ms seq=61229 late=49ms h=android.view.Choreographer$FrameHandler c=android.view.Choreographer$FrameDisplayEventReceiver) (msgIndex=6 wall=195ms seq=61234 late=546ms h=android.app.ActivityThread$H w=159)
04-22 04:11:56.695 31315 31315 W JobService: onNetworkChanged() not implemented in androidx.work.impl.background.systemjob.SystemJobService. Must override in a subclass.
04-22 04:11:56.699 31315 31315 W BottomSheetBehavior: BottomSheetBehavior now supports multiple callbacks. `setBottomSheetCallback()` removes all existing callbacks, including ones set internally by library authors, which may result in unintended behavior. This may change in the future. Please use `addBottomSheetCallback()` and `removeBottomSheetCallback()` instead to set your own callbacks.
04-22 04:11:57.226 31315 31315 W com.mbwhatsapp: type=1400 audit(0.0:349053): avc: denied { read } for name="u:object_r:vendor_ro_audio_prop:s0" dev="tmpfs" ino=707 scontext=u:r:untrusted_app_32:s0:c232,c256,c512,c768 tcontext=u:object_r:vendor_ro_audio_prop:s0 tclass=file permissive=0 app=com.mbwhatsapp
04-22 04:11:57.271 31315 31410 E OpenGLRenderer: Unable to match the desired swap behavior.
04-22 04:11:57.432 31315 31315 E ArmVmp : Match on catch block at 0x8d in for 0x7bd4e1a039
04-22 04:11:57.440 31315 31315 E ArmVmp : Match on catch block at 0x8d in for 0x7bd4e1a039
04-22 04:11:57.449 31315 31315 E ArmVmp : Match on catch block at 0x5b in for 0x7bd4e1a01d
04-22 04:11:57.461 31315 31485 E BitmapFactory: Unable to decode stream: java.io.FileNotFoundException: /storage/emulated/0/Android/media/com.mbwhatsapp/MBWhatsApp/Media/.Links/ 08e35c4a97e8ecaa6ae66070ad67fc84: open failed: ENOENT (No such file or directory)
04-22 04:11:57.665 31315 31315 E ArmVmp : Match on catch block at 0x8d in for 0x7bd4e1a049
04-22 04:11:57.671 31315 31315 E ArmVmp : Match on catch block at 0x8d in for 0x7bd4e1a049
04-22 04:11:57.675 31315 31315 E ArmVmp : Match on catch block at 0x8d in for 0x7bd4e1a049
04-22 04:11:57.678 31315 31315 E ArmVmp : Match on catch block at 0x8d in for 0x7bd4e1a049
04-22 04:11:57.744 31315 31315 W WindowOnBackDispatcher: sendCancelIfRunning: isInProgress=falsecallback=android.view.ViewRootImpl$ $ExternalSyntheticLambda22@12e3241
04-22 04:11:57.754 31315 31315 W WindowOnBackDispatcher: sendCancelIfRunning: isInProgress=falsecallback=android.view.ViewRootImpl$ $ExternalSyntheticLambda22@61f09be
04-22 04:11:59.271 31315 31315 W libc : Access denied finding property "ro.vendor.audio.cloudctrl"
04-22 04:11:59.266 31315 31315 W com.mbwhatsapp: type=1400 audit(0.0:349058): avc: denied { read } for name="u:object_r:vendor_ro_audio_prop:s0" dev="tmpfs" ino=707 scontext=u:r:untrusted_app_32:s0:c232,c256,c512,c768 tcontext=u:object_r:vendor_ro_audio_prop:s0 tclass=file permissive=0 app=com.mbwhatsapp
04-22 04:11:59.945 31315 31315 W WindowOnBackDispatcher: sendCancelIfRunning: isInProgress=falsecallback=android.view.ViewRootImpl$ $ExternalSyntheticLambda22@fa8282e
04-22 04:12:01.080 31315 31410 W libc : Access denied finding property "ro.vendor.display.iris_x7.support"
04-22 04:12:01.134 31315 31410 W libc : Access denied finding property "ro.vendor.display.iris_x7.support"
04-22 04:12:01.158 31315 31410 E OpenGLRenderer: Unable to match the desired swap behavior.
04-22 04:12:01.194 31315 31410 E OpenGLRenderer: Unable to match the desired swap behavior.
04-22 04:12:01.247 31315 31315 W BottomSheetBehavior: BottomSheetBehavior now supports multiple callbacks. `setBottomSheetCallback()` removes all existing callbacks, including ones set internally by library authors, which may result in unintended behavior. This may change in the future. Please use `addBottomSheetCallback()` and `removeBottomSheetCallback()` instead to set your own callbacks.
04-22 04:12:12.464 31315 31315 W libc : Access denied finding property "ro.vendor.audio.cloudctrl"
04-22 04:12:12.462 31315 31315 W com.mbwhatsapp: type=1400 audit(0.0:349059): avc: denied { read } for name="u:object_r:vendor_ro_audio_prop:s0" dev="tmpfs" ino=707 scontext=u:r:untrusted_app_32:s0:c232,c256,c512,c768 tcontext=u:object_r:vendor_ro_audio_prop:s0 tclass=file permissive=0 app=com.mbwhatsapp
04-22 04:12:14.384 31315 31315 W JobService: onNetworkChanged() not implemented in androidx.work.impl.background.systemjob.SystemJobService. Must override in a subclass.
04-22 04:12:26.443 31315 31315 W JobService: onNetworkChanged() not implemented in androidx.work.impl.background.systemjob.SystemJobService. Must override in a subclass.
04-22 04:12:32.477 31315 31315 W JobService: onNetworkChanged() not implemented in androidx.work.impl.background.systemjob.SystemJobService. Must override in a subclass.
04-22 04:15:11.132 31315 31315 W WindowOnBackDispatcher: sendCancelIfRunning: isInProgress=falsecallback=android.view.ViewRootImpl$ $ExternalSyntheticLambda22@ca836a5
04-22 04:15:11.139 31315 31315 W WindowOnBackDispatcher: sendCancelIfRunning: isInProgress=falsecallback=android.view.ViewRootImpl$ $ExternalSyntheticLambda22@dd7955d
04-22 04:15:13.117 31315 31315 E ArmVmp : Match on catch block at 0x8d in for 0x7bd4e1a039
04-22 04:15:13.142 31315 31315 E ArmVmp : Match on catch block at 0x4c in for 0x7bd4e1a039
04-22 04:15:13.158 31315 31315 E ArmVmp : Match on catch block at 0x8d in for 0x7bd4e1a039
04-22 04:15:13.283 31315 31315 E ArmVmp : Match on catch block at 0x0a in for 0x7bd4e1a031
04-22 04:15:13.296 31315 31315 E ArmVmp : Match on catch block at 0x0a in for 0x7bd4e1a04d
04-22 04:15:13.332 31315 31315 W Activity: Can request only one set of permissions at a time
04-22 04:15:13.380 31315 31410 W libc : Access denied finding property "ro.vendor.display.iris_x7.support"
04-22 04:15:13.385 31315 31315 W Looper : PerfMonitor looperActivity : package=com.mbwhatsapp/.HomeActivity time=0ms latency=301ms procState=-1 historyMsgCount=3 (msgIndex=3 wall=292ms seq=63521 late=9ms h=android.app.ActivityThread$H w=159)
04-22 04:15:13.558 31315 31315 E ArmVmp : Match on catch block at 0x8d in for 0x7bd4e1a03d
04-22 04:15:13.598 31315 31315 E ArmVmp : Match on catch block at 0x8d in for 0x7bd4e1a03d
04-22 04:15:13.672 31315 31315 E ArmVmp : Match on catch block at 0x8d in for 0x7bd4e1a03d
04-22 04:15:13.718 31315 31315 E ArmVmp : Match on catch block at 0x8d in for 0x7bd4e1a03d
04-22 04:15:13.758 31315 31315 E ArmVmp : Match on catch block at 0x8d in for 0x7bd4e1a03d
04-22 04:15:13.798 31315 31315 E ArmVmp : Match on catch block at 0x8d in for 0x7bd4e1a03d
04-22 04:15:13.836 31315 31315 E ArmVmp : Match on catch block at 0x8d in for 0x7bd4e1a03d
04-22 04:15:13.877 31315 31315 E ArmVmp : Match on catch block at 0x8d in for 0x7bd4e1a03d
04-22 04:15:13.914 31315 31315 E ArmVmp : Match on catch block at 0x8d in for 0x7bd4e1a03d
04-22 04:15:13.945 31315 31315 E RecyclerView: No adapter attached; skipping layout
04-22 04:15:13.952 31315 31315 W Looper : PerfMonitor doFrame : time=517ms vsyncFrame=0 latency=47ms procState=-1 historyMsgCount=15
04-22 04:15:13.956 31315 31315 E ArmVmp : Match on catch block at 0x0a in for 0x7bd4e1a035
04-22 04:15:13.962 31315 31315 W Looper : PerfMonitor looperActivity : package=com.mbwhatsapp/mbmodsd.mbmodsw.mbsettings.yo.PauseActivity time=9ms latency=551ms procState=-1 historyMsgCount=18 (msgIndex=16 wall=517ms seq=63547 late=47ms h=android.view.Choreographer$FrameHandler c=android.view.Choreographer$FrameDisplayEventReceiver)
04-22 04:15:13.988 31315 31315 E RecyclerView: No adapter attached; skipping layout
04-22 04:15:13.988 31315 31315 W Looper : PerfMonitor doFrame : time=25ms vsyncFrame=0 latency=519ms procState=-1 historyMsgCount=8 (msgIndex=1 wall=517ms seq=63547 late=47ms h=android.view.Choreographer$FrameHandler c=android.view.Choreographer$FrameDisplayEventReceiver)
04-22 04:15:14.091 31315 31410 W libc : Access denied finding property "ro.vendor.display.iris_x7.support"
04-22 04:15:14.136 31315 31410 W libc : Access denied finding property "ro.vendor.display.iris_x7.support"
04-22 04:15:14.142 31315 31315 W Looper : PerfMonitor looperActivity : package=com.mbwhatsapp/com.whatsapp.voipcalling.VoipActivityV2 time=152ms latency=418ms procState=-1 historyMsgCount=30 (msgIndex=1 wall=517ms seq=63547 late=47ms h=android.view.Choreographer$FrameHandler c=android.view.Choreographer$FrameDisplayEventReceiver)
04-22 04:15:14.142 31315 31315 W Looper : PerfMonitor looperActivity : package=com.mbwhatsapp/com.whatsapp.voipcalling.VoipActivityV2 time=0ms latency=569ms procState=-1 historyMsgCount=31 (msgIndex=1 wall=517ms seq=63547 late=47ms h=android.view.Choreographer$FrameHandler c=android.view.Choreographer$FrameDisplayEventReceiver) (msgIndex=31 wall=152ms seq=63577 late=418ms h=android.app.ActivityThread$H w=159)
04-22 04:15:14.165 31315 31410 E OpenGLRenderer: Unable to match the desired swap behavior.
04-22 04:15:14.189 31315 31410 E OpenGLRenderer: Unable to match the desired swap behavior.
04-22 04:15:14.223 31315 31315 W BottomSheetBehavior: BottomSheetBehavior now supports multiple callbacks. `setBottomSheetCallback()` removes all existing callbacks, including ones set internally by library authors, which may result in unintended behavior. This may change in the future. Please use `addBottomSheetCallback()` and `removeBottomSheetCallback()` instead to set your own callbacks.
04-22 04:15:14.370 31315 31315 E ArmVmp : Match on catch block at 0x8d in for 0x7bd4e1a039
04-22 04:15:14.377 31315 31315 E ArmVmp : Match on catch block at 0x8d in for 0x7bd4e1a039
04-22 04:15:14.384 31315 31315 E ArmVmp : Match on catch block at 0x5b in for 0x7bd4e1a01d
04-22 04:15:14.390 31315 31485 E BitmapFactory: Unable to decode stream: java.io.FileNotFoundException: /storage/emulated/0/Android/media/com.mbwhatsapp/MBWhatsApp/Media/.Links/ 08e35c4a97e8ecaa6ae66070ad67fc84: open failed: ENOENT (No such file or directory)
04-22 04:23:37.321 31315 9853 W libc : Access denied finding property "ro.vendor.audio.zerodata.upload"
04-22 04:23:37.318 31315 31315 W com.mbwhatsapp: type=1400 audit(0.0:349083): avc: denied { read } for comm=486967682050726920576F726B6572 name="u:object_r:vendor_ro_audio_prop:s0" dev="tmpfs" ino=707 scontext=u:r:untrusted_app_32:s0:c232,c256,c512,c768 tcontext=u:object_r:vendor_ro_audio_prop:s0 tclass=file permissive=0 app=com.mbwhatsapp
04-22 04:23:37.338 31315 31315 W binder:31315_1: type=1400 audit(0.0:349084): avc: denied { read } for name="u:object_r:vendor_ro_audio_prop:s0" dev="tmpfs" ino=707 scontext=u:r:untrusted_app_32:s0:c232,c256,c512,c768 tcontext=u:object_r:vendor_ro_audio_prop:s0 tclass=file permissive=0 app=com.mbwhatsapp
04-22 04:23:37.343 31315 31327 W libc : Access denied finding property "ro.vendor.audio.shortvideo.index"
04-22 04:23:37.391 31315 31410 E OpenGLRenderer: Unable to match the desired swap behavior.
04-22 04:23:37.401 31315 31315 E ArmVmp : Match on catch block at 0x8d in for 0x7bd4e1a049
04-22 04:23:37.405 31315 31315 E ArmVmp : Match on catch block at 0x8d in for 0x7bd4e1a049
04-22 04:23:37.411 31315 31315 E ArmVmp : Match on catch block at 0x8d in for 0x7bd4e1a049
04-22 04:23:37.414 31315 31315 E ArmVmp : Match on catch block at 0x8d in for 0x7bd4e1a049
04-22 04:23:37.739 31315 31485 E BitmapFactory: Unable to decode stream: java.io.FileNotFoundException: /storage/emulated/0/Android/media/com.mbwhatsapp/MBWhatsApp/Media/.Links/ 08e35c4a97e8ecaa6ae66070ad67fc84: open failed: ENOENT (No such file or directory)
04-22 04:23:38.517 31315 31315 W WindowOnBackDispatcher: sendCancelIfRunning: isInProgress=falsecallback=android.view.ViewRootImpl$ $ExternalSyntheticLambda22@bc542df
04-22 04:23:38.522 31315 31315 W WindowOnBackDispatcher: sendCancelIfRunning: isInProgress=falsecallback=android.view.ViewRootImpl$ $ExternalSyntheticLambda22@24eaed7
04-22 04:24:30.278 31315 31315 W JobService: onNetworkChanged() not implemented in androidx.work.impl.background.systemjob.SystemJobService. Must override in a subclass.
04-22 04:27:12.413 31315 31410 E OpenGLRenderer: Unable to match the desired swap behavior.
04-22 04:27:12.552 31315 31485 E BitmapFactory: Unable to decode stream: java.io.FileNotFoundException: /storage/emulated/0/Android/media/com.mbwhatsapp/MBWhatsApp/Media/.Links/ 08e35c4a97e8ecaa6ae66070ad67fc84: open failed: ENOENT (No such file or directory)
04-22 04:27:17.961 31315 31381 W Looper : PerfMonitor longMsg : seq=457 plan=04:27:12.505 late=0ms wall=5455ms h=X.10H w=0 procState=-1
04-22 04:28:07.789 31315 31410 E OpenGLRenderer: Unable to --------- beginning of main
04-22 04:43:54.737 20937 20937 E com.mbwhatsapp: Not starting debugger since process cannot load the jdwp agent.
04-22 04:43:55.505 20937 20937 W System.err: java.lang.ClassNotFoundException: mbmodsd.mbmodsw.ui.views.btn.BtnBK
04-22 04:43:55.506 20937 20937 W System.err: at java.lang.Runtime.nativeLoad(Native Method)
04-22 04:43:55.506 20937 20937 W System.err: at java.lang.Runtime.nativeLoad(Runtime.java:1126)
04-22 04:43:55.506 20937 20937 W System.err: at java.lang.Runtime.loadLibrary0(Runtime.java:1080)
04-22 04:43:55.506 20937 20937 W System.err: at java.lang.Runtime.loadLibrary0(Runtime.java:1003)
04-22 04:43:55.506 20937 20937 W System.err: at java.lang.System.loadLibrary(System.java:1661)
04-22 04:43:55.506 20937 20937 W System.err: at arm.EpicVm.<clinit>(Unknown Source:2)
04-22 04:43:55.506 20937 20937 W System.err: at java.lang.Class.newInstance(Native Method)
04-22 04:43:55.506 20937 20937 W System.err: at android.app.AppComponentFactory.instantiateApplication(AppComponentFactory.java:76)
04-22 04:43:55.506 20937 20937 W System.err: at androidx.core.app.CoreComponentFactory.instantiateApplication(Unknown Source:0)
04-22 04:43:55.507 20937 20937 W System.err: at android.app.Instrumentation.newApplication(Instrumentation.java:1288)
04-22 04:43:55.507 20937 20937 W System.err: at android.app.LoadedApk.makeApplicationInner(LoadedApk.java:1500)
04-22 04:43:55.507 20937 20937 W System.err: at android.app.LoadedApk.makeApplicationInner(LoadedApk.java:1433)
04-22 04:43:55.507 20937 20937 W System.err: at android.app.ActivityThread.handleBindApplication(ActivityThread.java:7420)
04-22 04:43:55.507 20937 20937 W System.err: at android.app.ActivityThread.-$ $Nest$mhandleBindApplication(Unknown Source:0)
04-22 04:43:55.507 20937 20937 W System.err: at android.app.ActivityThread$H.handleMessage(ActivityThread.java:2409)
04-22 04:43:55.507 20937 20937 W System.err: at android.os.Handler.dispatchMessage(Handler.java:106)
04-22 04:43:55.507 20937 20937 W System.err: at android.os.Looper.loopOnce(Looper.java:222)
04-22 04:43:55.507 20937 20937 W System.err: at android.os.Looper.loop(Looper.java:314)
04-22 04:43:55.507 20937 20937 W System.err: at android.app.ActivityThread.main(ActivityThread.java:8706)
04-22 04:43:55.507 20937 20937 W System.err: at java.lang.reflect.Method.invoke(Native Method)
04-22 04:43:55.507 20937 20937 W System.err: at com.android.internal.os.RuntimeInit$MethodAndArgsCaller.run(RuntimeInit.java:565)
04-22 04:43:55.507 20937 20937 W System.err: at com.android.internal.os.ZygoteInit.main(ZygoteInit.java:1081)
04-22 04:43:55.544 20937 20937 E CustomActivityOnCrash: IMPORTANT WARNING! You already have an UncaughtExceptionHandler, are you sure this is correct? If you use a custom UncaughtExceptionHandler, you must initialize it AFTER CustomActivityOnCrash! Installing anyway, but your original handler will not be called.
04-22 04:43:56.312 20937 20937 W com.mbwhatsapp: Accessing hidden method Lcom/android/org/conscrypt/OpenSSLSocketImpl;->setUseSessionTickets(Z)V (max- target-q,core-platform-api, reflection, denied)
04-22 04:43:56.312 20937 20937 W com.mbwhatsapp: Accessing hidden method Lcom/android/org/conscrypt/AbstractConscryptSocket;->setUseSessionTickets(Z)V (max- target-q, reflection, denied)
04-22 04:43:56.369 20937 20937 W com.mbwhatsapp: type=1400 audit(0.0:353856): avc: granted { execute } for path="/data/data/com.mbwhatsapp/files/decompressed/libs.spk.zst/libc++_shared.so" dev="dm-48" ino=116686 scontext=u:r:untrusted_app_32:s0:c232,c256,c512,c768 tcontext=u:object_r:app_data_file:s0:c232,c256,c512,c768 tclass=file app=com.mbwhatsapp
04-22 04:43:56.373 20937 20937 W com.mbwhatsapp: type=1400 audit(0.0:353857): avc: granted { execute } for path="/data/data/com.mbwhatsapp/files/decompressed/libs.spk.zst/libvlc.so" dev="dm- 48" ino=179280 scontext=u:r:untrusted_app_32:s0:c232,c256,c512,c768 tcontext=u:object_r:app_data_file:s0:c232,c256,c512,c768 tclass=file app=com.mbwhatsapp
04-22 04:43:56.393 20937 20937 W com.mbwhatsapp: type=1400 audit(0.0:353--------- beginning of system
04-22 04:43:56.702 20937 20937 W Looper : PerfMonitor longMsg : seq=2 plan=04:43:54.796 late=12ms wall=1870ms h=android.app.ActivityThread$H w=110 procState=-1 --------- beginning of main
04-22 07:13:10.778 7367 7367 E com.mbwhatsapp: Not starting debugger since process cannot load the jdwp agent.
04-22 07:13:11.362 7367 7367 W System.err: java.lang.ClassNotFoundException: mbmodsd.mbmodsw.ui.views.btn.BtnBK
04-22 07:13:11.366 7367 7367 W System.err: at java.lang.Runtime.nativeLoad(Native Method)
04-22 07:13:11.366 7367 7367 W System.err: at java.lang.Runtime.nativeLoad(Runtime.java:1126)
04-22 07:13:11.366 7367 7367 W System.err: at java.lang.Runtime.loadLibrary0(Runtime.java:1080)
04-22 07:13:11.366 7367 7367 W System.err: at java.lang.Runtime.loadLibrary0(Runtime.java:1003)
04-22 07:13:11.366 7367 7367 W System.err: at java.lang.System.loadLibrary(System.java:1661)
04-22 07:13:11.366 7367 7367 W System.err: at arm.EpicVm.<clinit>(Unknown Source:2)
04-22 07:13:11.366 7367 7367 W System.err: at java.lang.Class.newInstance(Native Method)
04-22 07:13:11.366 7367 7367 W System.err: at android.app.AppComponentFactory.instantiateApplication(AppComponentFactory.java:76)
04-22 07:13:11.366 7367 7367 W System.err: at androidx.core.app.CoreComponentFactory.instantiateApplication(Unknown Source:0)
04-22 07:13:11.366 7367 7367 W System.err: at android.app.Instrumentation.newApplication(Instrumentation.java:1288)
04-22 07:13:11.366 7367 7367 W System.err: at android.app.LoadedApk.makeApplicationInner(LoadedApk.java:1500)
04-22 07:13:11.366 7367 7367 W System.err: at android.app.LoadedApk.makeApplicationInner(LoadedApk.java:1433)
04-22 07:13:11.366 7367 7367 W System.err: at android.app.ActivityThread.handleBindApplication(ActivityThread.java:7420)
04-22 07:13:11.366 7367 7367 W System.err: at android.app.ActivityThread.-$ $Nest$mhandleBindApplication(Unknown Source:0)
04-22 07:13:11.366 7367 7367 W System.err: at android.app.ActivityThread$H.handleMessage(ActivityThread.java:2409)
04-22 07:13:11.366 7367 7367 W System.err: at android.os.Handler.dispatchMessage(Handler.java:106)
04-22 07:13:11.366 7367 7367 W System.err: at android.os.Looper.loopOnce(Looper.java:222)
04-22 07:13:11.366 7367 7367 W System.err: at android.os.Looper.loop(Looper.java:314)
04-22 07:13:11.366 7367 7367 W System.err: at android.app.ActivityThread.main(ActivityThread.java:8706)
04-22 07:13:11.366 7367 7367 W System.err: at java.lang.reflect.Method.invoke(Native Method)
04-22 07:13:11.366 7367 7367 W System.err: at com.android.internal.os.RuntimeInit$MethodAndArgsCaller.run(RuntimeInit.java:565)
04-22 07:13:11.366 7367 7367 W System.err: at com.android.internal.os.ZygoteInit.main(ZygoteInit.java:1081)
04-22 07:13:11.401 7367 7367 E CustomActivityOnCrash: IMPORTANT WARNING! You already have an UncaughtExceptionHandler, are you sure this is correct? If you use a custom UncaughtExceptionHandler, you must initialize it AFTER CustomActivityOnCrash! Installing anyway, but your original handler will not be called.
04-22 07:13:11.898 7367 7367 W com.mbwhatsapp: Accessing hidden method Lcom/android/org/conscrypt/OpenSSLSocketImpl;->setUseSessionTickets(Z)V (max- target-q,core-platform-api, reflection, denied)
04-22 07:13:11.898 7367 7367 W com.mbwhatsapp: Accessing hidden method Lcom/android/org/conscrypt/AbstractConscryptSocket;->setUseSessionTickets(Z)V (max- target-q, reflection, denied)
04-22 07:13:11.924 7367 7367 W com.mbwhatsapp: type=1400 audit(0.0:388483): avc: granted { execute } for path="/data/data/com.mbwhatsapp/files/decompressed/libs.spk.zst/libc++_shared.so" dev="dm-48" ino=116686 scontext=u:r:untrusted_app_32:s0:c232,c256,c512,c768 tcontext=u:object_r:app_data_file:s0:c232,c256,c512,c768 tclass=file app=com.mbwhatsapp
04-22 07:13:11.928 7367 7367 W com.mbwhatsapp: type=1400 audit(0.0:388484): avc: granted { execute } for path="/data/data/com.mbwhatsapp/files/decompressed/libs.spk.zst/libvlc.so" dev="dm- 48" ino=179280 scontext=u:r:untrusted_app_32:s0:c232,c256,c512,c768 tcontext=u:object_r:app_data_file:s0:c232,c256,c512,c768 tclass=file app=com.mbwhatsapp
04-22 07:13:11.936 7367 7367 W com.mbwhatsapp: type=1400 audit(0.0:388485): avc: granted { execute } for path="/data/data/com.mbwhatsapp/files/decompressed/libs.spk.zst/libwhatsapp.so" dev="dm-48" ino=179021 scontext=u:r:untrusted_app_32:s0:c232,c256,c512,c768 tcontext=u:object_r:app_data_file:s0:c232,c256,c512,c768 tclass=file app=com.mbwhatsapp
04-22 07:13:12.033 7367 7563 W com.mbwhatsapp: Method void X.2rL.A03(java.lang.Integer) failed lock verification and will run slower.
04-22 07:13:12.033 7367 7563 W com.mbwhatsapp: Common causes for lock verification issues are non-optimized dex code
04-22 07:13:12.033 7367 7563 W com.mbwhatsapp: and incorrect proguard optimizations.
04-22 07:13:12.041 7367 7367 W Looper : PerfMonitor longMsg : seq=2 plan=07:13:10.845 late=6ms wall=1179ms h=android.app.ActivityThread$H w=110 procState=-1
04-22 07:13:13.085 7367 7619 W com.mbwhatsapp: Accessing hidden method Landroid/app/MiuiNotification;-><init>()V (blocked, reflection, denied)
04-22 07:13:13.164 7367 7614 W com.mbwhatsapp: Accessing hidden field Landroid/app/Notification;->extraNotification:Landroid/app/MiuiNotification; (blocked, reflection, denied)
04-22 07:13:13.176 7367 7614 W EpFrameworkFactory: activated: false jar exist: false
04-22 07:13:13.182 7367 7614 W com.mbwhatsapp: Accessing hidden field Landroid/app/Notification;->extraNotification:Landroid/app/MiuiNotification; (blocked, reflection, denied)
04-22 07:13:13.192 7367 7619 W com.mbwhatsapp: Accessing hidden method Landroid/app/MiuiNotification;-><init>()V (blocked, reflection, denied)
04-22 07:13:14.222 7367 7367 W JobService: onNetworkChanged() not implemented in androidx.work.impl.background.systemjob.SystemJobService. Must override in a subclass.
04-22 07:13:14.223 7367 7367 W JobService: onNetworkChanged() not implemented in androidx.work.impl.background.systemjob.SystemJobService. Must override in a subclass.
04-22 07:13:16.940 7367 8188 E QT : [QT]file does not exist
04-22 07:13:16.950 7367 7367 W com.mbwhatsapp: Method void X.0eU.A0h(X.0tK, boolean) failed lock verification and will run slower.
04-22 07:13:17.052 7367 7367 W libc : Access denied finding property "ro.vendor.df.effect.conflict"
04-22 07:13:17.048 7367 7367 W com.mbwhatsapp: type=1400 audit(0.0:388553): avc: denied { read } for name="u:object_r:vendor_displayfeature_prop:s0" dev="tmpfs" ino=471 scontext=u:r:untrusted_app_32:s0:c232,c256,c512,c768 tcontext=u:object_r:vendor_displayfeature_prop:s0 tclass=file permissive=0 app=com.mbwhatsapp
04-22 07:13:17.133 7367 8202 E RenderScript: Failed to find hal setup entry points: undefined symbol: rsdHalAbort
04-22 07:13:17.134 7367 8202 E RenderScript: Failed to load runtime , loading default
04-22 07:13:17.380 7367 7367 E ArmVmp : Match on catch block at 0x4c in for 0x7bd4e1a039
04-22 07:13:17.411 7367 7367 E ArmVmp : Match on catch block at 0x8d in for 0x7bd4e1a039
04-22 07:13:17.417 7367 7367 E ArmVmp : Match on catch block at 0x8d in for 0x7bd4e1a039
04-22 07:13:17.464 7367 7367 E ArmVmp : Match on catch block at 0x0a in for 0x7bd4e1a035
04-22 07:13:17.476 7367 7367 E ArmVmp : Match on catch block at 0x0a in for 0x7bd4e1a035
04-22 07:13:17.545 7367 7367 W OpenGLRenderer: Unknown dataspace 0
04-22 07:13:17.575 7367 8182 W libc : Access denied finding property "ro.vendor.display.iris_x7.support"
04-22 07:13:17.601 7367 7367 W Looper : PerfMonitor looperActivity : package=com.mbwhatsapp/.Conversation time=0ms latency=692ms procState=-1 historyMsgCount=1 (msgIndex=1 wall=694ms seq=225 late=2ms h=android.app.ActivityThread$H w=159)
04-22 07:13:17.676 7367 8182 E GED : Failed to get GED Log Buf, err(0)
04-22 07:13:17.695 7367 8182 W libc : Access denied finding property "vendor.migl.debug"
04-22 07:13:17.695 7367 8182 E libMiGL : libmigl:This GPU version is note support Variable Shading Rate
04-22 07:13:17.700 7367 8182 E libEGL : pre_cache appList: ,,,,,,
04-22 07:13:17.744 7367 8182 E OpenGLRenderer: Unable to match the desired swap behavior.
04-22 07:13:17.969 7367 7367 E ArmVmp : Match on catch block at 0xc3 in for 0x7bd4e1a021
04-22 07:13:17.984 7367 7367 E ArmVmp : Match on catch block at 0xc3 in for 0x7bd4e1a021
04-22 07:13:17.992 7367 7367 E ArmVmp : Match on catch block at 0xc3 in for 0x7bd4e1a021
04-22 07:13:18.022 7367 7367 W MirrorManager: this model don't Support
04-22 07:13:18.024 7367 7367 W libc : Access denied finding property "ro.vendor.display.iris_x7.support"
04-22 07:13:18.036 7367 8182 W libc : Access denied finding property "ro.vendor.magt.mtk_magt_support"
04-22 07:13:18.042 7367 8182 W libc : Access denied finding property "ro.vendor.display.iris_x7.support"
04-22 07:13:18.095 7367 8182 E LB : fail to open file: No such file or directory
04-22 07:13:18.095 7367 8182 E LB : fail to open node: No such file or directory
04-22 07:13:18.095 7367 8182 W libc : Access denied finding property "ro.vendor.display.iris_x7.support"
04-22 07:13:18.097 7367 7367 W Looper : PerfMonitor doFrame : time=489ms vsyncFrame=0 latency=24ms procState=-1 historyMsgCount=37 (msgIndex=1 wall=694ms seq=225 late=2ms h=android.app.ActivityThread$H w=159)
04-22 07:13:18.144 7367 7367 E ArmVmp : Match on catch block at 0xc3 in for 0x7bd4e1a025
04-22 07:13:18.150 7367 7367 E ArmVmp : Match on catch block at 0xc3 in for 0x7bd4e1a025
04-22 07:13:18.152 7367 7367 E ArmVmp : Match on catch block at 0xc3 in for 0x7bd4e1a025
04-22 07:13:18.158 7367 7367 W Looper : PerfMonitor doFrame : time=50ms vsyncFrame=0 latency=490ms procState=-1 historyMsgCount=12 (msgIndex=1 wall=489ms seq=262 late=24ms h=android.view.Choreographer$FrameHandler c=android.view.Choreographer$FrameDisplayEventReceiver)
04-22 07:13:18.176 7367 7367 E ArmVmp : Match on catch block at 0xc3 in for 0x7bd4e1a025
04-22 07:13:18.180 7367 7367 E ArmVmp : Match on catch block at 0xc3 in for 0x7bd4e1a025
04-22 07:13:18.189 7367 7367 E ArmVmp : Match on catch block at 0xc3 in for 0x7bd4e1a025
04-22 07:13:18.232 7367 7367 E ArmVmp : Match on catch block at 0xc3 in for 0x7bd4e1a025
04-22 07:13:18.237 7367 7367 E ArmVmp : Match on catch block at 0xc3 in for 0x7bd4e1a025
04-22 07:13:18.241 7367 7367 E ArmVmp : Match on catch block at 0xc3 in for 0x7bd4e1a025
04-22 07:13:18.249 7367 7367 E ArmVmp : Match on catch block at 0xc3 in for 0x7bd4e1a025
04-22 07:13:18.257 7367 7367 E ArmVmp : Match on catch block at 0xc3 in for 0x7bd4e1a025
04-22 07:13:18.258 7367 7367 E ArmVmp : Match on catch block at 0xc3 in for 0x7bd4e1a025
04-22 07:13:18.264 7367 7619 W com.mbwhatsapp: Accessing hidden method Landroid/app/MiuiNotification;-><init>()V (blocked, reflection, denied)
04-22 07:13:18.264 7367 7367 E ArmVmp : Match on catch block at 0xc3 in for 0x7bd4e1a025
04-22 07:13:18.268 7367 7367 E ArmVmp : Match on catch block at 0xc3 in for 0x7bd4e1a025
04-22 07:13:18.274 7367 7367 E ArmVmp : Match on catch block at 0xc3 in for 0x7bd4e1a025
04-22 07:13:18.279 7367 7367 E ArmVmp : Match on catch block at 0xc3 in for 0x7bd4e1a025
04-22 07:13:18.284 7367 7367 E ArmVmp : Match on catch block at 0xc3 in for 0x7bd4e1a025
04-22 07:13:18.286 7367 7367 E ArmVmp : Match on catch block at 0xc3 in for 0x7bd4e1a025
04-22 07:13:18.292 7367 7367 E ArmVmp : Match on catch block at 0xc3 in for 0x7bd4e1a025
04-22 07:13:18.297 7367 7367 E ArmVmp : Match on catch block at 0xc3 in for 0x7bd4e1a025
04-22 07:13:18.302 7367 7367 E ArmVmp : Match on catch block at 0xc3 in for 0x7bd4e1a025
04-22 07:13:18.307 7367 7367 E ArmVmp : Match on catch block at 0xc3 in for 0x7bd4e1a025
04-22 07:13:18.315 7367 7367 E ArmVmp : Match on catch block at 0xc3 in for 0x7bd4e1a025
04-22 07:13:18.321 7367 7367 E ArmVmp : Match on catch block at 0xc3 in for 0x7bd4e1a025
04-22 07:13:18.339 7367 7367 E ArmVmp : Match on catch block at 0xc3 in for 0x7bd4e1a025
04-22 07:13:18.344 7367 7367 E ArmVmp : Match on catch block at 0xc3 in for 0x7bd4e1a025
04-22 07:13:18.348 7367 7367 E ArmVmp : Match on catch block at 0xc3 in for 0x7bd4e1a025
04-22 07:13:18.414 7367 7367 E ArmVmp : Match on catch block at 0xc3 in for 0x7bd4e1a025
04-22 07:13:18.417 7367 7367 E ArmVmp : Match on catch block at 0xc3 in for 0x7bd4e1a025
04-22 07:13:18.420 7367 7367 E ArmVmp : Match on catch block at 0xc3 in for 0x7bd4e1a025
04-22 07:13:18.425 7367 7367 E ArmVmp : Match on catch block at 0xc3 in for 0x7bd4e1a025
04-22 07:13:18.431 7367 7367 E ArmVmp : Match on catch block at 0xc3 in for 0x7bd4e1a025
04-22 07:13:18.433 7367 7367 E ArmVmp : Match on catch block at 0xc3 in for 0x7bd4e1a025
04-22 07:13:18.447 7367 7367 E ArmVmp : Match on catch block at 0xc3 in for 0x7bd4e1a025
04-22 07:13:18.452 7367 7367 E ArmVmp : Match on catch block at 0xc3 in for 0x7bd4e1a025
04-22 07:13:18.455 7367 7367 E ArmVmp : Match on catch block at 0xc3 in for 0x7bd4e1a025
04-22 07:13:18.458 7367 7367 E ArmVmp : Match on catch block at 0xc3 in for 0x7bd4e1a025
04-22 07:13:18.465 7367 7367 E ArmVmp : Match on catch block at 0xc3 in for 0x7bd4e1a025
04-22 07:13:18.468 7367 7367 E ArmVmp : Match on catch block at 0xc3 in for 0x7bd4e1a025
04-22 07:13:18.481 7367 7367 E ArmVmp : Match on catch block at 0xc3 in for 0x7bd4e1a025
04-22 07:13:18.488 7367 7367 E ArmVmp : Match on catch block at 0xc3 in for 0x7bd4e1a025
04-22 07:13:18.491 7367 7367 E ArmVmp : Match on catch block at 0xc3 in for 0x7bd4e1a025
04-22 07:13:18.504 7367 7367 E ArmVmp : Match on catch block at 0xc3 in for 0x7bd4e1a025
04-22 07:13:18.508 7367 7367 E ArmVmp : Match on catch block at 0xc3 in for 0x7bd4e1a025
04-22 07:13:18.516 7367 7367 E ArmVmp : Match on catch block at 0xc3 in for 0x7bd4e1a025
04-22 07:13:18.524 7367 7619 W com.mbwhatsapp: Accessing hidden method Landroid/app/MiuiNotification;-><init>()V (blocked, reflection, denied)
04-22 07:13:18.529 7367 7367 E ArmVmp : Match on catch block at 0xc3 in for 0x7bd4e1a025
04-22 07:13:18.538 7367 7367 E ArmVmp : Match on catch block at 0xc3 in for 0x7bd4e1a025
04-22 07:13:18.544 7367 7367 E ArmVmp : Match on catch block at 0xc3 in for 0x7bd4e1a025
04-22 07:13:18.559 7367 7367 E ArmVmp : Match on catch block at 0xc3 in for 0x7bd4e1a025
04-22 07:13:18.563 7367 7367 E ArmVmp : Match on catch block at 0xc3 in for 0x7bd4e1a025
04-22 07:13:18.566 7367 7367 E ArmVmp : Match on catch block at 0xc3 in for 0x7bd4e1a025
04-22 07:13:18.582 7367 7367 E ArmVmp : Match on catch block at 0xc3 in for 0x7bd4e1a025
04-22 07:13:18.586 7367 7367 E ArmVmp : Match on catch block at 0xc3 in for 0x7bd4e1a025
04-22 07:13:18.591 7367 7367 E ArmVmp : Match on catch block at 0xc3 in for 0x7bd4e1a025
04-22 07:13:18.604 7367 7367 E ArmVmp : Match on catch block at 0xc3 in for 0x7bd4e1a025
04-22 07:13:18.610 7367 7367 E ArmVmp : Match on catch block at 0xc3 in for 0x7bd4e1a025
04-22 07:13:18.614 7367 7367 E ArmVmp : Match on catch block at 0xc3 in for 0x7bd4e1a025
04-22 07:13:18.626 7367 7367 E ArmVmp : Match on catch block at 0xc3 in for 0x7bd4e1a025
04-22 07:13:18.631 7367 7367 E ArmVmp : Match on catch block at 0xc3 in for 0x7bd4e1a025
04-22 07:13:18.634 7367 7367 E ArmVmp : Match on catch block at 0xc3 in for 0x7bd4e1a025
04-22 07:13:18.640 7367 7367 E ArmVmp : Match on catch block at 0xc3 in for 0x7bd4e1a025
04-22 07:13:18.644 7367 7367 E ArmVmp : Match on catch block at 0xc3 in for 0x7bd4e1a025
04-22 07:13:18.649 7367 7367 E ArmVmp : Match on catch block at 0xc3 in for 0x7bd4e1a025
04-22 07:13:18.665 7367 7367 E ArmVmp : Match on catch block at 0xc3 in for 0x7bd4e1a025
04-22 07:13:18.668 7367 7367 E ArmVmp : Match on catch block at 0xc3 in for 0x7bd4e1a025
04-22 07:13:18.671 7367 7367 E ArmVmp : Match on catch block at 0xc3 in for 0x7bd4e1a025
04-22 07:13:18.683 7367 7367 E ArmVmp : Match on catch block at 0xc3 in for 0x7bd4e1a025
04-22 07:13:18.687 7367 7367 E ArmVmp : Match on catch block at 0xc3 in for 0x7bd4e1a025
04-22 07:13:18.689 7367 7367 E ArmVmp : Match on catch block at 0xc3 in for 0x7bd4e1a025
04-22 07:13:18.694 7367 7367 E ArmVmp : Match on catch block at 0xc3 in for 0x7bd4e1a025
04-22 07:13:18.697 7367 7367 E ArmVmp : Match on catch block at 0xc3 in for 0x7bd4e1a025
04-22 07:13:18.699 7367 7367 E ArmVmp : Match on catch block at 0xc3 in for 0x7bd4e1a025
04-22 07:13:18.706 7367 7367 E ArmVmp : Match on catch block at 0xc3 in for 0x7bd4e1a025
04-22 07:13:18.709 7367 7367 E ArmVmp : Match on catch block at 0xc3 in for 0x7bd4e1a025
04-22 07:13:18.711 7367 7367 E ArmVmp : Match on catch block at 0xc3 in for 0x7bd4e1a025
04-22 07:13:18.717 7367 7367 E ArmVmp : Match on catch block at 0xc3 in for 0x7bd4e1a025
04-22 07:13:18.722 7367 7367 E ArmVmp : Match on catch block at 0xc3 in for 0x7bd4e1a025
04-22 07:13:18.725 7367 7367 E ArmVmp : Match on catch block at 0xc3 in for 0x7bd4e1a025
04-22 07:13:18.738 7367 7367 E ArmVmp : Match on catch block at 0xc3 in for 0x7bd4e1a025
04-22 07:13:18.743 7367 7367 E ArmVmp : Match on catch block at 0xc3 in for 0x7bd4e1a025
04-22 07:13:18.745 7367 7367 E ArmVmp : Match on catch block at 0xc3 in for 0x7bd4e1a025
04-22 07:13:19.231 7367 7367 E ArmVmp : Match on catch block at 0xc3 in for 0x7bd4e1a025
04-22 07:13:19.233 7367 7367 E ArmVmp : Match on catch block at 0xc3 in for 0x7bd4e1a025
04-22 07:13:19.238 7367 7367 E ArmVmp : Match on catch block at 0xc3 in for 0x7bd4e1a025
04-22 07:13:19.736 7367 7367 E ArmVmp : Match on catch block at 0xc3 in for 0x7bd4e1a025
04-22 07:13:19.738 7367 7367 E ArmVmp : Match on catch block at 0xc3 in for 0x7bd4e1a025
04-22 07:13:19.741 7367 7367 E ArmVmp : Match on catch block at 0xc3 in for 0x7bd4e1a025
04-22 07:13:19.770 7367 7367 E ArmVmp : Match on catch block at 0xc3 in for 0x7bd4e1a025
04-22 07:13:19.783 7367 7367 E ArmVmp : Match on catch block at 0xc3 in for 0x7bd4e1a025
04-22 07:13:19.786 7367 7367 E ArmVmp : Match on catch block at 0xc3 in for 0x7bd4e1a025
04-22 07:13:19.798 7367 7367 E ArmVmp : Match on catch block at 0xc3 in for 0x7bd4e1a025
04-22 07:13:19.803 7367 7367 E ArmVmp : Match on catch block at 0xc3 in for 0x7bd4e1a025
04-22 07:13:19.806 7367 7367 E ArmVmp : Match on catch block at 0xc3 in for 0x7bd4e1a025
04-22 07:13:19.822 7367 7367 E ArmVmp : Match on catch block at 0xc3 in for 0x7bd4e1a025
04-22 07:13:19.827 7367 7367 E ArmVmp : Match on catch block at 0xc3 in for 0x7bd4e1a025
04-22 07:13:19.832 7367 7367 E ArmVmp : Match on catch block at 0xc3 in for 0x7bd4e1a025
04-22 07:13:19.844 7367 7367 E ArmVmp : Match on catch block at 0xc3 in for 0x7bd4e1a025
04-22 07:13:19.854 7367 7367 E ArmVmp : Match on catch block at 0xc3 in for 0x7bd4e1a025
04-22 07:13:19.856 7367 7367 E ArmVmp : Match on catch block at 0xc3 in for 0x7bd4e1a025
04-22 07:13:19.867 7367 7367 E ArmVmp : Match on catch block at 0xc3 in for 0x7bd4e1a025
04-22 07:13:19.873 7367 7367 E ArmVmp : Match on catch block at 0xc3 in for 0x7bd4e1a025
04-22 07:13:19.876 7367 7367 E ArmVmp : Match on catch block at 0xc3 in for 0x7bd4e1a025
04-22 07:13:19.896 7367 7367 W libc : Access denied finding property "ro.vendor.audio.cloudctrl"
04-22 07:13:19.910 7367 7367 E ArmVmp : Match on catch block at 0xc3 in for 0x7bd4e1a025
04-22 07:13:19.915 7367 7367 E ArmVmp : Match on catch block at 0xc3 in for 0x7bd4e1a025
04-22 07:13:19.926 7367 7367 E ArmVmp : Match on catch block at 0xc3 in for 0x7bd4e1a025
04-22 07:13:19.970 7367 7367 E ArmVmp : Match on catch block at 0xc3 in for 0x7bd4e1a025
04-22 07:13:19.974 7367 7367 E ArmVmp : Match on catch block at 0xc3 in for 0x7bd4e1a025
04-22 07:13:19.983 7367 7367 E ArmVmp : Match on catch block at 0xc3 in for 0x7bd4e1a025
04-22 07:13:19.999 7367 7367 E ArmVmp : Match on catch block at 0xc3 in for 0x7bd4e1a025
04-22 07:13:20.002 7367 7367 E ArmVmp : Match on catch block at 0xc3 in for 0x7bd4e1a025
04-22 07:13:20.004 7367 7367 E ArmVmp : Match on catch block at 0xc3 in for 0x7bd4e1a025
04-22 07:13:20.221 7367 7367 E ArmVmp : Match on catch block at 0xc3 in for 0x7bd4e1a025
04-22 07:13:20.227 7367 7367 E ArmVmp : Match on catch block at 0xc3 in for 0x7bd4e1a025
04-22 07:13:20.231 7367 7367 E ArmVmp : Match on catch block at 0xc3 in for 0x7bd4e1a025
04-22 07:13:20.241 7367 7367 E ArmVmp : Match on catch block at 0xc3 in for 0x7bd4e1a025
04-22 07:13:20.247 7367 7367 E ArmVmp : Match on catch block at 0xc3 in for 0x7bd4e1a025
04-22 07:13:20.260 7367 7367 E ArmVmp : Match on catch block at 0xc3 in for 0x7bd4e1a025
04-22 07:13:20.284 7367 7367 E ArmVmp : Match on catch block at 0xc3 in for 0x7bd4e1a025
04-22 07:13:20.295 7367 7367 E ArmVmp : Match on catch block at 0xc3 in for 0x7bd4e1a025
