04-22 01:59:53.099 27900 27900 E ArmVmp : Match on catch block at 0xc3 in for 0x7bd4e1a025
04-22 01:59:53.108 27900 27900 E ArmVmp : Match on catch block at 0xc3 in for 0x7bd4e1a025
04-22 01:59:53.113 27900 27900 E ArmVmp : Match on catch block at 0xc3 in for 0x7bd4e1a025
04-22 01:59:53.123 27900 27900 E ArmVmp : Match on catch block at 0xc3 in for 0x7bd4e1a025
04-22 01:59:53.129 27900 27900 E ArmVmp : Match on catch block at 0xc3 in for 0x7bd4e1a025
04-22 01:59:53.136 27900 27900 E ArmVmp : Match on catch block at 0xc3 in for 0x7bd4e1a025
04-22 01:59:53.142 27900 27900 E ArmVmp : Match on catch block at 0xc3 in for 0x7bd4e1a025
04-22 01:59:53.501 27900 27900 E ArmVmp : Match on catch block at 0xc3 in for 0x7bd4e1a025
04-22 01:59:53.508 27900 27900 E ArmVmp : Match on catch block at 0xc3 in for 0x7bd4e1a025
04-22 01:59:54.004 27900 27900 E ArmVmp : Match on catch block at 0xc3 in for 0x7bd4e1a025
04-22 01:59:54.013 27900 27900 E ArmVmp : Match on catch block at 0xc3 in for 0x7bd4e1a025
04-22 01:59:54.511 27900 27900 E ArmVmp : Match on catch block at 0xc3 in for 0x7bd4e1a025
04-22 01:59:54.516 27900 27900 E ArmVmp : Match on catch block at 0xc3 in for 0x7bd4e1a025
04-22 01:59:55.032 27900 27900 E ArmVmp : Match on catch block at 0xc3 in for 0x7bd4e1a025
04-22 01:59:55.044 27900 27900 E ArmVmp : Match on catch block at 0xc3 in for 0x7bd4e1a025
04-22 01:59:55.527 27900 27900 E ArmVmp : Match on catch block at 0xc3 in for 0x7bd4e1a025
04-22 01:59:55.535 27900 27900 E ArmVmp : Match on catch block at 0xc3 in for 0x7bd4e1a025
04-22 01:59:56.037 27900 27900 E ArmVmp : Match on catch block at 0xc3 in for 0x7bd4e1a025
04-22 01:59:56.046 27900 27900 E ArmVmp : Match on catch block at 0xc3 in for 0x7bd4e1a025
04-22 01:59:56.529 27900 27900 E ArmVmp : Match on catch block at 0xc3 in for 0x7bd4e1a025
04-22 01:59:56.539 27900 27900 E ArmVmp : Match on catch block at 0xc3 in for 0x7bd4e1a025
04-22 01:59:57.022 27900 27900 E ArmVmp : Match on catch block at 0xc3 in for 0x7bd4e1a025
04-22 01:59:57.031 27900 27900 E ArmVmp : Match on catch block at 0xc3 in for 0x7bd4e1a025
04-22 01:59:57.515 27900 27900 E ArmVmp : Match on catch block at 0xc3 in for 0x7bd4e1a025
04-22 01:59:57.523 27900 27900 E ArmVmp : Match on catch block at 0xc3 in for 0x7bd4e1a025
04-22 01:59:58.040 27900 27900 E ArmVmp : Match on catch block at 0xc3 in for 0x7bd4e1a025
04-22 01:59:58.048 27900 27900 E ArmVmp : Match on catch block at 0xc3 in for 0x7bd4e1a025
04-22 01:59:58.532 27900 27900 E ArmVmp : Match on catch block at 0xc3 in for 0x7bd4e1a025
04-22 01:59:58.540 27900 27900 E ArmVmp : Match on catch block at 0xc3 in for 0x7bd4e1a025
04-22 01:59:59.024 27900 27900 E ArmVmp : Match on catch block at 0xc3 in for 0x7bd4e1a025
04-22 01:59:59.032 27900 27900 E ArmVmp : Match on catch block at 0xc3 in for 0x7bd4e1a025
04-22 01:59:59.517 27900 27900 E ArmVmp : Match on catch block at 0xc3 in for 0x7bd4e1a025
04-22 01:59:59.524 27900 27900 E ArmVmp : Match on catch block at 0xc3 in for 0x7bd4e1a025
04-22 02:00:00.042 27900 27900 E ArmVmp : Match on catch block at 0xc3 in for 0x7bd4e1a025
04-22 02:00:00.050 27900 27900 E ArmVmp : Match on catch block at 0xc3 in for 0x7bd4e1a025
04-22 02:00:00.534 27900 27900 E ArmVmp : Match on catch block at 0xc3 in for 0x7bd4e1a025
04-22 02:00:00.543 27900 27900 E ArmVmp : Match on catch block at 0xc3 in for 0x7bd4e1a025
04-22 02:00:01.026 27900 27900 E ArmVmp : Match on catch block at 0xc3 in for 0x7bd4e1a025
04-22 02:00:01.031 27900 27900 E ArmVmp : Match on catch block at 0xc3 in for 0x7bd4e1a025
04-22 02:00:01.551 27900 27900 E ArmVmp : Match on catch block at 0xc3 in for 0x7bd4e1a025
04-22 02:00:01.556 27900 27900 E ArmVmp : Match on catch block at 0xc3 in for 0x7bd4e1a025
04-22 02:00:02.000 27900 27900 E ArmVmp : Match on catch block at 0xc3 in for 0x7bd4e1a025
04-22 02:00:02.002 27900 27900 E ArmVmp : Match on catch block at 0xc3 in for 0x7bd4e1a025
04-22 02:00:02.010 27900 27900 E ArmVmp : Match on catch block at 0xc3 in for 0x7bd4e1a025
04-22 02:00:02.012 27900 27900 E ArmVmp : Match on catch block at 0xc3 in for 0x7bd4e1a025
04-22 02:00:02.019 27900 27900 E ArmVmp : Match on catch block at 0xc3 in for 0x7bd4e1a025
04-22 02:00:02.021 27900 27900 E ArmVmp : Match on catch block at 0xc3 in for 0x7bd4e1a025
04-22 02:00:02.030 27900 27900 E ArmVmp : Match on catch block at 0xc3 in for 0x7bd4e1a025
04-22 02:00:02.032 27900 27900 E ArmVmp : Match on catch block at 0xc3 in for 0x7bd4e1a025
04-22 02:00:02.041 27900 27900 E ArmVmp : Match on catch block at 0xc3 in for 0x7bd4e1a025
04-22 02:00:02.044 27900 27900 E ArmVmp : Match on catch block at 0xc3 in for 0x7bd4e1a025
04-22 02:00:02.097 27900 27900 E ArmVmp : Match on catch block at 0xc3 in for 0x7bd4e1a025
04-22 02:00:02.099 27900 27900 E ArmVmp : Match on catch block at 0xc3 in for 0x7bd4e1a025
04-22 02:00:02.108 27900 27900 E ArmVmp : Match on catch block at 0xc3 in for 0x7bd4e1a025
04-22 02:00:02.111 27900 27900 E ArmVmp : Match on catch block at 0xc3 in for 0x7bd4e1a025
04-22 02:00:02.132 27900 27900 E ArmVmp : Match on catch block at 0xc3 in for 0x7bd4e1a025
04-22 02:00:02.134 27900 27900 E ArmVmp : Match on catch block at 0xc3 in for 0x7bd4e1a025
04-22 02:00:02.142 27900 27900 E ArmVmp : Match on catch block at 0xc3 in for 0x7bd4e1a025
04-22 02:00:02.145 27900 27900 E ArmVmp : Match on catch block at 0xc3 in for 0x7bd4e1a025
04-22 02:00:02.153 27900 27900 E ArmVmp : Match on catch block at 0xc3 in for 0x7bd4e1a025
04-22 02:00:02.156 27900 27900 E ArmVmp : Match on catch block at 0xc3 in for 0x7bd4e1a025
04-22 02:00:02.165 27900 27900 E ArmVmp : Match on catch block at 0xc3 in for 0x7bd4e1a025
04-22 02:00:02.167 27900 27900 E ArmVmp : Match on catch block at 0xc3 in for 0x7bd4e1a025
04-22 02:00:02.176 27900 27900 E ArmVmp : Match on catch block at 0xc3 in for 0x7bd4e1a025
04-22 02:00:02.178 27900 27900 E ArmVmp : Match on catch block at 0xc3 in for 0x7bd4e1a025
04-22 02:00:02.187 27900 27900 E ArmVmp : Match on catch block at 0xc3 in for 0x7bd4e1a025
04-22 02:00:02.189 27900 27900 E ArmVmp : Match on catch block at 0xc3 in for 0x7bd4e1a025
04-22 02:00:02.198 27900 27900 E ArmVmp : Match on catch block at 0xc3 in for 0x7bd4e1a025
04-22 02:00:02.200 27900 27900 E ArmVmp : Match on catch block at 0xc3 in for 0x7bd4e1a025
04-22 02:00:02.211 27900 27900 E ArmVmp : Match on catch block at 0xc3 in for 0x7bd4e1a025
04-22 02:00:02.214 27900 27900 E ArmVmp : Match on catch block at 0xc3 in for 0x7bd4e1a025
04-22 02:00:02.220 27900 27900 E ArmVmp : Match on catch block at 0xc3 in for 0x7bd4e1a025
04-22 02:00:02.222 27900 27900 E ArmVmp : Match on catch block at 0xc3 in for 0x7bd4e1a025
04-22 02:00:02.232 27900 27900 E ArmVmp : Match on catch block at 0xc3 in for 0x7bd4e1a025
04-22 02:00:02.234 27900 27900 E ArmVmp : Match on catch block at 0xc3 in for 0x7bd4e1a025
04-22 02:00:02.243 27900 27900 E ArmVmp : Match on catch block at 0xc3 in for 0x7bd4e1a025
04-22 02:00:02.245 27900 27900 E ArmVmp : Match on catch block at 0xc3 in for 0x7bd4e1a025
04-22 02:00:02.254 27900 27900 E ArmVmp : Match on catch block at 0xc3 in for 0x7bd4e1a025
04-22 02:00:02.257 27900 27900 E ArmVmp : Match on catch block at 0xc3 in for 0x7bd4e1a025
04-22 02:00:02.266 27900 27900 E ArmVmp : Match on catch block at 0xc3 in for 0x7bd4e1a025
04-22 02:00:02.269 27900 27900 E ArmVmp : Match on catch block at 0xc3 in for 0x7bd4e1a025
04-22 02:00:02.278 27900 27900 E ArmVmp : Match on catch block at 0xc3 in for 0x7bd4e1a025
04-22 02:00:02.281 27900 27900 E ArmVmp : Match on catch block at 0xc3 in for 0x7bd4e1a025
04-22 02:00:02.288 27900 27900 E ArmVmp : Match on catch block at 0xc3 in for 0x7bd4e1a025
04-22 02:00:02.290 27900 27900 E ArmVmp : Match on catch block at 0xc3 in for 0x7bd4e1a025
04-22 02:00:02.299 27900 27900 E ArmVmp : Match on catch block at 0xc3 in for 0x7bd4e1a025
04-22 02:00:02.302 27900 27900 E ArmVmp : Match on catch block at 0xc3 in for 0x7bd4e1a025
04-22 02:00:02.310 27900 27900 E ArmVmp : Match on catch block at 0xc3 in for 0x7bd4e1a025
04-22 02:00:02.313 27900 27900 E ArmVmp : Match on catch block at 0xc3 in for 0x7bd4e1a025
04-22 02:00:02.323 27900 27900 E ArmVmp : Match on catch block at 0xc3 in for 0x7bd4e1a025
04-22 02:00:02.326 27900 27900 E ArmVmp : Match on catch block at 0xc3 in for 0x7bd4e1a025
04-22 02:00:02.333 27900 27900 E ArmVmp : Match on catch block at 0xc3 in for 0x7bd4e1a025
04-22 02:00:02.335 27900 27900 E ArmVmp : Match on catch block at 0xc3 in for 0x7bd4e1a025
04-22 02:00:02.344 27900 27900 E ArmVmp : Match on catch block at 0xc3 in for 0x7bd4e1a025
04-22 02:00:02.347 27900 27900 E ArmVmp : Match on catch block at 0xc3 in for 0x7bd4e1a025
04-22 02:00:02.355 27900 27900 E ArmVmp : Match on catch block at 0xc3 in for 0x7bd4e1a025
04-22 02:00:02.357 27900 27900 E ArmVmp : Match on catch block at 0xc3 in for 0x7bd4e1a025
04-22 02:00:02.366 27900 27900 E ArmVmp : Match on catch block at 0xc3 in for 0x7bd4e1a025
04-22 02:00:02.369 27900 27900 E ArmVmp : Match on catch block at 0xc3 in for 0x7bd4e1a025
04-22 02:00:02.377 27900 27900 E ArmVmp : Match on catch block at 0xc3 in for 0x7bd4e1a025
04-22 02:00:02.380 27900 27900 E ArmVmp : Match on catch block at 0xc3 in for 0x7bd4e1a025
04-22 02:00:02.390 27900 27900 E ArmVmp : Match on catch block at 0xc3 in for 0x7bd4e1a025
04-22 02:00:02.393 27900 27900 E ArmVmp : Match on catch block at 0xc3 in for 0x7bd4e1a025
04-22 02:00:02.400 27900 27900 E ArmVmp : Match on catch block at 0xc3 in for 0x7bd4e1a025
04-22 02:00:02.403 27900 27900 E ArmVmp : Match on catch block at 0xc3 in for 0x7bd4e1a025
04-22 02:00:02.411 27900 27900 E ArmVmp : Match on catch block at 0xc3 in for 0x7bd4e1a025
04-22 02:00:02.414 27900 27900 E ArmVmp : Match on catch block at 0xc3 in for 0x7bd4e1a025
04-22 02:00:02.422 27900 27900 E ArmVmp : Match on catch block at 0xc3 in for 0x7bd4e1a025
04-22 02:00:02.425 27900 27900 E ArmVmp : Match on catch block at 0xc3 in for 0x7bd4e1a025
04-22 02:00:02.433 27900 27900 E ArmVmp : Match on catch block at 0xc3 in for 0x7bd4e1a025
04-22 02:00:02.436 27900 27900 E ArmVmp : Match on catch block at 0xc3 in for 0x7bd4e1a025
04-22 02:00:02.446 27900 27900 E ArmVmp : Match on catch block at 0xc3 in for 0x7bd4e1a025
04-22 02:00:02.449 27900 27900 E ArmVmp : Match on catch block at 0xc3 in for 0x7bd4e1a025
04-22 02:00:02.456 27900 27900 E ArmVmp : Match on catch block at 0xc3 in for 0x7bd4e1a025
04-22 02:00:02.458 27900 27900 E ArmVmp : Match on catch block at 0xc3 in for 0x7bd4e1a025
04-22 02:00:02.467 27900 27900 E ArmVmp : Match on catch block at 0xc3 in for 0x7bd4e1a025
04-22 02:00:02.469 27900 27900 E ArmVmp : Match on catch block at 0xc3 in for 0x7bd4e1a025
04-22 02:00:02.478 27900 27900 E ArmVmp : Match on catch block at 0xc3 in for 0x7bd4e1a025
04-22 02:00:02.481 27900 27900 E ArmVmp : Match on catch block at 0xc3 in for 0x7bd4e1a025
04-22 02:00:02.489 27900 27900 E ArmVmp : Match on catch block at 0xc3 in for 0x7bd4e1a025
04-22 02:00:02.492 27900 27900 E ArmVmp : Match on catch block at 0xc3 in for 0x7bd4e1a025
04-22 02:00:02.500 27900 27900 E ArmVmp : Match on catch block at 0xc3 in for 0x7bd4e1a025
04-22 02:00:02.503 27900 27900 E ArmVmp : Match on catch block at 0xc3 in for 0x7bd4e1a025
04-22 02:00:02.512 27900 27900 E ArmVmp : Match on catch block at 0xc3 in for 0x7bd4e1a025
04-22 02:00:02.514 27900 27900 E ArmVmp : Match on catch block at 0xc3 in for 0x7bd4e1a025
04-22 02:00:02.522 27900 27900 E ArmVmp : Match on catch block at 0xc3 in for 0x7bd4e1a025
04-22 02:00:02.525 27900 27900 E ArmVmp : Match on catch block at 0xc3 in for 0x7bd4e1a025
04-22 02:00:02.537 27900 27900 E ArmVmp : Match on catch block at 0xc3 in for 0x7bd4e1a025
04-22 02:00:02.539 27900 27900 E ArmVmp : Match on catch block at 0xc3 in for 0x7bd4e1a025
04-22 02:00:02.546 27900 27900 E ArmVmp : Match on catch block at 0xc3 in for 0x7bd4e1a025
04-22 02:00:02.549 27900 27900 E ArmVmp : Match on catch block at 0xc3 in for 0x7bd4e1a025
04-22 02:00:02.556 27900 27900 E ArmVmp : Match on catch block at 0xc3 in for 0x7bd4e1a025
04-22 02:00:02.561 27900 27900 E ArmVmp : Match on catch block at 0xc3 in for 0x7bd4e1a025
04-22 02:00:02.567 27900 27900 E ArmVmp : Match on catch block at 0xc3 in for 0x7bd4e1a025
04-22 02:00:02.570 27900 27900 E ArmVmp : Match on catch block at 0xc3 in for 0x7bd4e1a025
04-22 02:00:02.578 27900 27900 E ArmVmp : Match on catch block at 0xc3 in for 0x7bd4e1a025
04-22 02:00:02.582 27900 27900 E ArmVmp : Match on catch block at 0xc3 in for 0x7bd4e1a025
04-22 02:00:02.590 27900 27900 E ArmVmp : Match on catch block at 0xc3 in for 0x7bd4e1a025
04-22 02:00:02.592 27900 27900 E ArmVmp : Match on catch block at 0xc3 in for 0x7bd4e1a025
04-22 02:00:02.601 27900 27900 E ArmVmp : Match on catch block at 0xc3 in for 0x7bd4e1a025
04-22 02:00:02.603 27900 27900 E ArmVmp : Match on catch block at 0xc3 in for 0x7bd4e1a025
04-22 02:00:02.612 27900 27900 E ArmVmp : Match on catch block at 0xc3 in for 0x7bd4e1a025
04-22 02:00:02.616 27900 27900 E ArmVmp : Match on catch block at 0xc3 in for 0x7bd4e1a025
04-22 02:00:02.661 27900 27900 E ArmVmp : Match on catch block at 0xc3 in for 0x7bd4e1a025
04-22 02:00:02.663 27900 27900 E ArmVmp : Match on catch block at 0xc3 in for 0x7bd4e1a025
04-22 02:00:02.669 27900 27900 W WindowOnBackDispatcher: sendCancelIfRunning: isInProgress=falsecallback=ImeCallback=ImeOnBackInvokedCallback@181647795 Callback=android.window.IOnBackInvokedCallback$Stub$Proxy@b543904
04-22 02:00:02.672 27900 27900 E ArmVmp : Match on catch block at 0xc3 in for 0x7bd4e1a025
04-22 02:00:02.674 27900 27900 E ArmVmp : Match on catch block at 0xc3 in for 0x7bd4e1a025
04-22 02:00:02.682 27900 27900 E ArmVmp : Match on catch block at 0xc3 in for 0x7bd4e1a025
04-22 02:00:02.684 27900 27900 E ArmVmp : Match on catch block at 0xc3 in for 0x7bd4e1a025
04-22 02:00:02.691 27900 27900 E ArmVmp : Match on catch block at 0xc3 in for 0x7bd4e1a025
04-22 02:00:02.693 27900 27900 E ArmVmp : Match on catch block at 0xc3 in for 0x7bd4e1a025
04-22 02:00:02.702 27900 27900 E ArmVmp : Match on catch block at 0xc3 in for 0x7bd4e1a025
04-22 02:00:02.703 27900 27900 E ArmVmp : Match on catch block at 0xc3 in for 0x7bd4e1a025
04-22 02:00:02.713 27900 27900 E ArmVmp : Match on catch block at 0xc3 in for 0x7bd4e1a025
04-22 02:00:02.715 27900 27900 E ArmVmp : Match on catch block at 0xc3 in for 0x7bd4e1a025
04-22 02:00:02.724 27900 27900 E ArmVmp : Match on catch block at 0xc3 in for 0x7bd4e1a025
04-22 02:00:02.726 27900 27900 E ArmVmp : Match on catch block at 0xc3 in for 0x7bd4e1a025
04-22 02:00:02.735 27900 27900 E ArmVmp : Match on catch block at 0xc3 in for 0x7bd4e1a025
04-22 02:00:02.739 27900 27900 E ArmVmp : Match on catch block at 0xc3 in for 0x7bd4e1a025
04-22 02:00:02.747 27900 27900 E ArmVmp : Match on catch block at 0xc3 in for 0x7bd4e1a025
04-22 02:00:02.749 27900 27900 E ArmVmp : Match on catch block at 0xc3 in for 0x7bd4e1a025
04-22 02:00:02.760 27900 27900 E ArmVmp : Match on catch block at 0xc3 in for 0x7bd4e1a025
04-22 02:00:02.763 27900 27900 E ArmVmp : Match on catch block at 0xc3 in for 0x7bd4e1a025
04-22 02:00:02.769 27900 27900 E ArmVmp : Match on catch block at 0xc3 in for 0x7bd4e1a025
04-22 02:00:02.772 27900 27900 E ArmVmp : Match on catch block at 0xc3 in for 0x7bd4e1a025
04-22 02:00:02.780 27900 27900 E ArmVmp : Match on catch block at 0xc3 in for 0x7bd4e1a025
04-22 02:00:02.783 27900 27900 E ArmVmp : Match on catch block at 0xc3 in for 0x7bd4e1a025
04-22 02:00:02.791 27900 27900 E ArmVmp : Match on catch block at 0xc3 in for 0x7bd4e1a025
04-22 02:00:02.794 27900 27900 E ArmVmp : Match on catch block at 0xc3 in for 0x7bd4e1a025
04-22 02:00:02.802 27900 27900 E ArmVmp : Match on catch block at 0xc3 in for 0x7bd4e1a025
04-22 02:00:02.805 27900 27900 E ArmVmp : Match on catch block at 0xc3 in for 0x7bd4e1a025
04-22 02:00:02.814 27900 27900 E ArmVmp : Match on catch block at 0xc3 in for 0x7bd4e1a025
04-22 02:00:02.816 27900 27900 E ArmVmp : Match on catch block at 0xc3 in for 0x7bd4e1a025
04-22 02:00:02.825 27900 27900 E ArmVmp : Match on catch block at 0xc3 in for 0x7bd4e1a025
04-22 02:00:02.828 27900 27900 E ArmVmp : Match on catch block at 0xc3 in for 0x7bd4e1a025
04-22 02:00:02.836 27900 27900 E ArmVmp : Match on catch block at 0xc3 in for 0x7bd4e1a025
04-22 02:00:02.839 27900 27900 E ArmVmp : Match on catch block at 0xc3 in for 0x7bd4e1a025
04-22 02:00:02.847 27900 27900 E ArmVmp : Match on catch block at 0xc3 in for 0x7bd4e1a025
04-22 02:00:02.851 27900 27900 E ArmVmp : Match on catch block at 0xc3 in for 0x7bd4e1a025
04-22 02:00:02.859 27900 27900 E ArmVmp : Match on catch block at 0xc3 in for 0x7bd4e1a025
04-22 02:00:02.862 27900 27900 E ArmVmp : Match on catch block at 0xc3 in for 0x7bd4e1a025
04-22 02:00:02.870 27900 27900 E ArmVmp : Match on catch block at 0xc3 in for 0x7bd4e1a025
04-22 02:00:02.873 27900 27900 E ArmVmp : Match on catch block at 0xc3 in for 0x7bd4e1a025
04-22 02:00:02.881 27900 27900 E ArmVmp : Match on catch block at 0xc3 in for 0x7bd4e1a025
04-22 02:00:02.884 27900 27900 E ArmVmp : Match on catch block at 0xc3 in for 0x7bd4e1a025
04-22 02:00:02.892 27900 27900 E ArmVmp : Match on catch block at 0xc3 in for 0x7bd4e1a025
04-22 02:00:02.895 27900 27900 E ArmVmp : Match on catch block at 0xc3 in for 0x7bd4e1a025
04-22 02:00:02.903 27900 27900 E ArmVmp : Match on catch block at 0xc3 in for 0x7bd4e1a025
04-22 02:00:02.906 27900 27900 E ArmVmp : Match on catch block at 0xc3 in for 0x7bd4e1a025
04-22 02:00:02.917 27900 27900 E ArmVmp : Match on catch block at 0xc3 in for 0x7bd4e1a025
04-22 02:00:02.920 27900 27900 E ArmVmp : Match on catch block at 0xc3 in for 0x7bd4e1a025
04-22 02:00:02.926 27900 27900 E ArmVmp : Match on catch block at 0xc3 in for 0x7bd4e1a025
04-22 02:00:02.929 27900 27900 E ArmVmp : Match on catch block at 0xc3 in for 0x7bd4e1a025
04-22 02:00:02.937 27900 27900 E ArmVmp : Match on catch block at 0xc3 in for 0x7bd4e1a025
04-22 02:00:02.940 27900 27900 E ArmVmp : Match on catch block at 0xc3 in for 0x7bd4e1a025
04-22 02:00:02.948 27900 27900 E ArmVmp : Match on catch block at 0xc3 in for 0x7bd4e1a025
04-22 02:00:02.951 27900 27900 E ArmVmp : Match on catch block at 0xc3 in for 0x7bd4e1a025
04-22 02:00:02.959 27900 27900 E ArmVmp : Match on catch block at 0xc3 in for 0x7bd4e1a025
04-22 02:00:02.962 27900 27900 E ArmVmp : Match on catch block at 0xc3 in for 0x7bd4e1a025
04-22 02:00:02.970 27900 27900 E ArmVmp : Match on catch block at 0xc3 in for 0x7bd4e1a025
04-22 02:00:02.973 27900 27900 E ArmVmp : Match on catch block at 0xc3 in for 0x7bd4e1a025
04-22 02:00:02.983 27900 27900 E ArmVmp : Match on catch block at 0xc3 in for 0x7bd4e1a025
04-22 02:00:02.986 27900 27900 E ArmVmp : Match on catch block at 0xc3 in for 0x7bd4e1a025
04-22 02:00:02.993 27900 27900 E ArmVmp : Match on catch block at 0xc3 in for 0x7bd4e1a025
04-22 02:00:02.995 27900 27900 E ArmVmp : Match on catch block at 0xc3 in for 0x7bd4e1a025
04-22 02:00:03.004 27900 27900 E ArmVmp : Match on catch block at 0xc3 in for 0x7bd4e1a025
04-22 02:00:03.007 27900 27900 E ArmVmp : Match on catch block at 0xc3 in for 0x7bd4e1a025
04-22 02:00:03.015 27900 27900 E ArmVmp : Match on catch block at 0xc3 in for 0x7bd4e1a025
04-22 02:00:03.018 27900 27900 E ArmVmp : Match on catch block at 0xc3 in for 0x7bd4e1a025
04-22 02:00:03.028 27900 27900 E ArmVmp : Match on catch block at 0xc3 in for 0x7bd4e1a025
04-22 02:00:03.031 27900 27900 E ArmVmp : Match on catch block at 0xc3 in for 0x7bd4e1a025
04-22 02:00:03.038 27900 27900 E ArmVmp : Match on catch block at 0xc3 in for 0x7bd4e1a025
04-22 02:00:03.041 27900 27900 E ArmVmp : Match on catch block at 0xc3 in for 0x7bd4e1a025
04-22 02:00:03.049 27900 27900 E ArmVmp : Match on catch block at 0xc3 in for 0x7bd4e1a025
04-22 02:00:03.052 27900 27900 E ArmVmp : Match on catch block at 0xc3 in for 0x7bd4e1a025
04-22 02:00:03.060 27900 27900 E ArmVmp : Match on catch block at 0xc3 in for 0x7bd4e1a025
04-22 02:00:03.063 27900 27900 E ArmVmp : Match on catch block at 0xc3 in for 0x7bd4e1a025
04-22 02:00:03.071 27900 27900 E ArmVmp : Match on catch block at 0xc3 in for 0x7bd4e1a025
04-22 02:00:03.074 27900 27900 E ArmVmp : Match on catch block at 0xc3 in for 0x7bd4e1a025
04-22 02:00:03.082 27900 27900 E ArmVmp : Match on catch block at 0xc3 in for 0x7bd4e1a025
04-22 02:00:03.088 27900 27900 E ArmVmp : Match on catch block at 0xc3 in for 0x7bd4e1a025
04-22 02:00:03.094 27900 27900 E ArmVmp : Match on catch block at 0xc3 in for 0x7bd4e1a025
04-22 02:00:03.097 27900 27900 E ArmVmp : Match on catch block at 0xc3 in for 0x7bd4e1a025
04-22 02:00:03.105 27900 27900 E ArmVmp : Match on catch block at 0xc3 in for 0x7bd4e1a025
04-22 02:00:03.108 27900 27900 E ArmVmp : Match on catch block at 0xc3 in for 0x7bd4e1a025
04-22 02:00:03.116 27900 27900 E ArmVmp : Match on catch block at 0xc3 in for 0x7bd4e1a025
04-22 02:00:03.118 27900 27900 E ArmVmp : Match on catch block at 0xc3 in for 0x7bd4e1a025
04-22 02:00:03.127 27900 27900 E ArmVmp : Match on catch block at 0xc3 in for 0x7bd4e1a025
04-22 02:00:03.129 27900 27900 E ArmVmp : Match on catch block at 0xc3 in for 0x7bd4e1a025
04-22 02:00:03.138 27900 27900 E ArmVmp : Match on catch block at 0xc3 in for 0x7bd4e1a025
04-22 02:00:03.141 27900 27900 E ArmVmp : Match on catch block at 0xc3 in for 0x7bd4e1a025
04-22 02:00:03.149 27900 27900 E ArmVmp : Match on catch block at 0xc3 in for 0x7bd4e1a025
04-22 02:00:03.152 27900 27900 E ArmVmp : Match on catch block at 0xc3 in for 0x7bd4e1a025
04-22 02:00:03.161 27900 27900 E ArmVmp : Match on catch block at 0xc3 in for 0x7bd4e1a025
04-22 02:00:03.163 27900 27900 E ArmVmp : Match on catch block at 0xc3 in for 0x7bd4e1a025
04-22 02:00:03.172 27900 27900 E ArmVmp : Match on catch block at 0xc3 in for 0x7bd4e1a025
04-22 02:00:03.176 27900 27900 E ArmVmp : Match on catch block at 0xc3 in for 0x7bd4e1a025
04-22 02:00:03.186 27900 27900 E ArmVmp : Match on catch block at 0xc3 in for 0x7bd4e1a025
04-22 02:00:03.189 27900 27900 E ArmVmp : Match on catch block at 0xc3 in for 0x7bd4e1a025
04-22 02:00:03.201 27900 27900 E ArmVmp : Match on catch block at 0xc3 in for 0x7bd4e1a025
04-22 02:00:03.203 27900 27900 E ArmVmp : Match on catch block at 0xc3 in for 0x7bd4e1a025
04-22 02:00:03.218 27900 27900 E ArmVmp : Match on catch block at 0xc3 in for 0x7bd4e1a025
04-22 02:00:03.221 27900 27900 E ArmVmp : Match on catch block at 0xc3 in for 0x7bd4e1a025
04-22 02:00:03.252 27900 28746 E OpenGLRenderer: Unable to match the desired swap behavior.
04-22 02:00:03.296 27900 27900 E ArmVmp : Match on catch block at 0xc3 in for 0x7bd4e1a025
04-22 02:00:03.299 27900 27900 E ArmVmp : Match on catch block at 0xc3 in for 0x7bd4e1a025
04-22 02:00:03.309 27900 27900 E ArmVmp : Match on catch block at 0xc3 in for 0x7bd4e1a025
04-22 02:00:03.315 27900 27900 E ArmVmp : Match on catch block at 0xc3 in for 0x7bd4e1a025
04-22 02:00:03.336 27900 27900 E ArmVmp : Match on catch block at 0xc3 in for 0x7bd4e1a025
04-22 02:00:03.339 27900 27900 E ArmVmp : Match on catch block at 0xc3 in for 0x7bd4e1a025
04-22 02:00:03.356 27900 27900 E ArmVmp : Match on catch block at 0xc3 in for 0x7bd4e1a025
04-22 02:00:03.359 27900 27900 E ArmVmp : Match on catch block at 0xc3 in for 0x7bd4e1a025
04-22 02:00:03.367 27900 27900 E ArmVmp : Match on catch block at 0xc3 in for 0x7bd4e1a025
04-22 02:00:03.370 27900 27900 E ArmVmp : Match on catch block at 0xc3 in for 0x7bd4e1a025
04-22 02:00:03.380 27900 27900 E ArmVmp : Match on catch block at 0xc3 in for 0x7bd4e1a025
04-22 02:00:03.386 27900 27900 E ArmVmp : Match on catch block at 0xc3 in for 0x7bd4e1a025
04-22 02:00:03.391 27900 27900 E ArmVmp : Match on catch block at 0xc3 in for 0x7bd4e1a025
04-22 02:00:03.393 27900 27900 E ArmVmp : Match on catch block at 0xc3 in for 0x7bd4e1a025
04-22 02:00:03.402 27900 27900 E ArmVmp : Match on catch block at 0xc3 in for 0x7bd4e1a025
04-22 02:00:03.405 27900 27900 E ArmVmp : Match on catch block at 0xc3 in for 0x7bd4e1a025
04-22 02:00:03.619 27900 27900 E ArmVmp : Match on catch block at 0xc3 in for 0x7bd4e1a025
04-22 02:00:03.623 27900 27900 E ArmVmp : Match on catch block at 0xc3 in for 0x7bd4e1a025
04-22 02:00:03.631 27900 27900 E ArmVmp : Match on catch block at 0xc3 in for 0x7bd4e1a025
04-22 02:00:03.635 27900 27900 E ArmVmp : Match on catch block at 0xc3 in for 0x7bd4e1a025
04-22 02:00:03.642 27900 27900 E ArmVmp : Match on catch block at 0xc3 in for 0x7bd4e1a025
04-22 02:00:03.645 27900 27900 E ArmVmp : Match on catch block at 0xc3 in for 0x7bd4e1a025
04-22 02:00:03.653 27900 27900 E ArmVmp : Match on catch block at 0xc3 in for 0x7bd4e1a025
04-22 02:00:03.656 27900 27900 E ArmVmp : Match on catch block at 0xc3 in for 0x7bd4e1a025
04-22 02:00:03.664 27900 27900 E ArmVmp : Match on catch block at 0xc3 in for 0x7bd4e1a025
04-22 02:00:03.667 27900 27900 E ArmVmp : Match on catch block at 0xc3 in for 0x7bd4e1a025
04-22 02:00:03.675 27900 27900 E ArmVmp : Match on catch block at 0xc3 in for 0x7bd4e1a025
04-22 02:00:03.678 27900 27900 E ArmVmp : Match on catch block at 0xc3 in for 0x7bd4e1a025
04-22 02:00:03.686 27900 27900 E ArmVmp : Match on catch block at 0xc3 in for 0x7bd4e1a025
04-22 02:00:03.689 27900 27900 E ArmVmp : Match on catch block at 0xc3 in for 0x7bd4e1a025
04-22 02:00:03.698 27900 27900 E ArmVmp : Match on catch block at 0xc3 in for 0x7bd4e1a025
04-22 02:00:03.701 27900 27900 E ArmVmp : Match on catch block at 0xc3 in for 0x7bd4e1a025
04-22 02:00:03.709 27900 27900 E ArmVmp : Match on catch block at 0xc3 in for 0x7bd4e1a025
04-22 02:00:03.712 27900 27900 E ArmVmp : Match on catch block at 0xc3 in for 0x7bd4e1a025
04-22 02:00:03.720 27900 27900 E ArmVmp : Match on catch block at 0xc3 in for 0x7bd4e1a025
04-22 02:00:03.723 27900 27900 E ArmVmp : Match on catch block at 0xc3 in for 0x7bd4e1a025
04-22 02:00:03.731 27900 27900 E ArmVmp : Match on catch block at 0xc3 in for 0x7bd4e1a025
04-22 02:00:03.734 27900 27900 E ArmVmp : Match on catch block at 0xc3 in for 0x7bd4e1a025
04-22 02:00:03.742 27900 27900 E ArmVmp : Match on catch block at 0xc3 in for 0x7bd4e1a025
04-22 02:00:03.746 27900 27900 E ArmVmp : Match on catch block at 0xc3 in for 0x7bd4e1a025
04-22 02:00:03.754 27900 27900 E ArmVmp : Match on catch block at 0xc3 in for 0x7bd4e1a025
04-22 02:00:03.757 27900 27900 E ArmVmp : Match on catch block at 0xc3 in for 0x7bd4e1a025
04-22 02:00:03.764 27900 27900 E ArmVmp : Match on catch block at 0xc3 in for 0x7bd4e1a025
04-22 02:00:03.767 27900 27900 E ArmVmp : Match on catch block at 0xc3 in for 0x7bd4e1a025
04-22 02:00:03.776 27900 27900 E ArmVmp : Match on catch block at 0xc3 in for 0x7bd4e1a025
04-22 02:00:03.780 27900 27900 E ArmVmp : Match on catch block at 0xc3 in for 0x7bd4e1a025
04-22 02:00:03.787 27900 27900 E ArmVmp : Match on catch block at 0xc3 in for 0x7bd4e1a025
04-22 02:00:03.790 27900 27900 E ArmVmp : Match on catch block at 0xc3 in for 0x7bd4e1a025
04-22 02:00:03.798 27900 27900 E ArmVmp : Match on catch block at 0xc3 in for 0x7bd4e1a025
04-22 02:00:03.801 27900 27900 E ArmVmp : Match on catch block at 0xc3 in for 0x7bd4e1a025
04-22 02:00:03.810 27900 27900 E ArmVmp : Match on catch block at 0xc3 in for 0x7bd4e1a025
04-22 02:00:03.813 27900 27900 E ArmVmp : Match on catch block at 0xc3 in for 0x7bd4e1a025
04-22 02:00:03.821 27900 27900 E ArmVmp : Match on catch block at 0xc3 in for 0x7bd4e1a025
04-22 02:00:03.824 27900 27900 E ArmVmp : Match on catch block at 0xc3 in for 0x7bd4e1a025
04-22 02:00:03.832 27900 27900 E ArmVmp : Match on catch block at 0xc3 in for 0x7bd4e1a025
04-22 02:00:03.836 27900 27900 E ArmVmp : Match on catch block at 0xc3 in for 0x7bd4e1a025
04-22 02:00:03.843 27900 27900 E ArmVmp : Match on catch block at 0xc3 in for 0x7bd4e1a025
04-22 02:00:03.846 27900 27900 E ArmVmp : Match on catch block at 0xc3 in for 0x7bd4e1a025
04-22 02:00:03.857 27900 27900 W WindowOnBackDispatcher: sendCancelIfRunning: isInProgress=falsecallback=android.view.ViewRootImpl$ $ExternalSyntheticLambda22@12762bc
04-22 02:00:06.098 27900 27900 W WindowOnBackDispatcher: sendCancelIfRunning: isInProgress=falsecallback=android.view.ViewRootImpl$ $ExternalSyntheticLambda22@f1f5266
04-22 02:00:09.854 27900 27910 W System : A resource failed to call end.
04-22 02:00:09.854 27900 27910 W System : A resource failed to call end.
04-22 02:00:09.854 27900 27910 W System : A resource failed to call end.
04-22 02:00:09.854 27900 27910 W System : A resource failed to call end.
04-22 02:00:11.231 27900 27910 W System : A resource failed to call end.
04-22 02:00:13.816 27900 27900 W JobService: onNetworkChanged() not implemented in androidx.work.impl.background.systemjob.SystemJobService. Must override in a subclass.
04-22 02:00:18.824 27900 27900 W JobService: onNetworkChanged() not implemented in androidx.work.impl.background.systemjob.SystemJobService. Must override in a subclass.
04-22 02:00:24.873 27900 27900 W JobService: onNetworkChanged() not implemented in androidx.work.impl.background.systemjob.SystemJobService. Must override in a subclass.
04-22 02:00:43.939 27900 27900 W JobService: onNetworkChanged() not implemented in androidx.work.impl.background.systemjob.SystemJobService. Must override in a subclass.
04-22 02:00:48.354 27900 27900 W JobService: onNetworkChanged() not implemented in androidx.work.impl.background.systemjob.SystemJobService. Must override in a subclass.
04-22 02:01:40.761 27900 27900 E ArmVmp : Match on catch block at 0x8d in for 0x7bd4e1a039
04-22 02:01:40.793 27900 27900 E ArmVmp : Match on catch block at 0x4c in for 0x7bd4e1a039
04-22 02:01:40.808 27900 27900 E ArmVmp : Match on catch block at 0x8d in for 0x7bd4e1a039
04-22 02:01:40.932 27900 27900 E ArmVmp : Match on catch block at 0x0a in for 0x7bd4e1a031
04-22 02:01:40.946 27900 27900 E ArmVmp : Match on catch block at 0x0a in for 0x7bd4e1a04d
04-22 02:01:40.974 27900 27900 W Activity: Can request only one set of permissions at a time
04-22 02:01:41.028 27900 28746 W libc : Access denied finding property "ro.vendor.display.iris_x7.support"
04-22 02:01:41.033 27900 27900 W Looper : PerfMonitor looperActivity : package=com.mbwhatsapp/.HomeActivity time=0ms latency=308ms procState=-1 historyMsgCount=2 (msgIndex=2 wall=304ms seq=17898 late=5ms h=android.app.ActivityThread$H w=159)
04-22 02:01:41.078 27900 31093 W com.mbwhatsapp: Accessing hidden method Lcom/android/org/conscrypt/ConscryptEngineSocket;->setUseSessionTickets(Z)V (max- target-q,core-platform-api, reflection, denied)
04-22 02:01:41.078 27900 31093 W com.mbwhatsapp: Accessing hidden method Lcom/android/org/conscrypt/OpenSSLSocketImpl;->setUseSessionTickets(Z)V (max- target-q,core-platform-api, reflection, denied)
04-22 02:01:41.078 27900 31093 W com.mbwhatsapp: Accessing hidden method Lcom/android/org/conscrypt/AbstractConscryptSocket;->setUseSessionTickets(Z)V (max- target-q, reflection, denied)
04-22 02:01:41.079 27900 31093 W com.mbwhatsapp: Accessing hidden method Lcom/android/org/conscrypt/ConscryptEngineSocket;->setHostname(Ljava/lang/String;)V (max-target-q,core-platform-api, reflection, denied)
04-22 02:01:41.079 27900 31093 W com.mbwhatsapp: Accessing hidden method Lcom/android/org/conscrypt/OpenSSLSocketImpl;->setHostname(Ljava/lang/String;)V (max-target-q,core-platform-api, reflection, denied)
04-22 02:01:41.079 27900 31093 W com.mbwhatsapp: Accessing hidden method Lcom/android/org/conscrypt/AbstractConscryptSocket;->setHostname(Ljava/lang/ String;)V (max-target-q, reflection, denied)
04-22 02:01:41.079 27900 31093 W com.mbwhatsapp: Accessing hidden method Lcom/android/org/conscrypt/OpenSSLSocketImpl;->setAlpnProtocols([B)V (max-target- q,core-platform-api, reflection, denied)
04-22 02:01:41.079 27900 31093 W com.mbwhatsapp: Accessing hidden method Lcom/android/org/conscrypt/AbstractConscryptSocket;->setAlpnProtocols([B)V (max- target-q, reflection, denied)
04-22 02:01:41.180 27900 31093 W com.mbwhatsapp: Accessing hidden method Lcom/android/org/conscrypt/OpenSSLSocketImpl;->getAlpnSelectedProtocol()[B (max- target-q,core-platform-api, reflection, denied)
04-22 02:01:41.180 27900 31093 W com.mbwhatsapp: Accessing hidden method Lcom/android/org/conscrypt/AbstractConscryptSocket;->getAlpnSelectedProtocol()[B (max-target-q, reflection, denied)
04-22 02:01:41.213 27900 27900 E ArmVmp : Match on catch block at 0x8d in for 0x7bd4e1a03d
04-22 02:01:41.297 27900 27900 E ArmVmp : Match on catch block at 0x8d in for 0x7bd4e1a03d
04-22 02:01:41.343 27900 27900 E ArmVmp : Match on catch block at 0x8d in for 0x7bd4e1a03d
04-22 02:01:41.378 27900 27900 E ArmVmp : Match on catch block at 0x8d in for 0x7bd4e1a03d
04-22 02:01:41.410 27900 27900 E ArmVmp : Match on catch block at 0x8d in for 0x7bd4e1a03d
04-22 02:01:41.441 27900 27900 E ArmVmp : Match on catch block at 0x8d in for 0x7bd4e1a03d
04-22 02:01:41.475 27900 27900 E ArmVmp : Match on catch block at 0x8d in for 0x7bd4e1a03d
04-22 02:01:41.504 27900 27900 E ArmVmp : Match on catch block at 0x8d in for 0x7bd4e1a03d
04-22 02:01:41.535 27900 27900 E ArmVmp : Match on catch block at 0x8d in for 0x7bd4e1a03d
04-22 02:01:41.556 27900 27900 E RecyclerView: No adapter attached; skipping layout
04-22 02:01:41.562 27900 27900 W Looper : PerfMonitor doFrame : time=508ms vsyncFrame=0 latency=20ms procState=-1 historyMsgCount=24
04-22 02:01:41.567 27900 27900 E ArmVmp : Match on catch block at 0x0a in for 0x7bd4e1a035
04-22 02:01:41.575 27900 27900 W Looper : PerfMonitor looperActivity : package=com.mbwhatsapp/mbmodsd.mbmodsw.mbsettings.yo.PauseActivity time=14ms latency=515ms procState=-1 historyMsgCount=16 (msgIndex=15 wall=508ms seq=17924 late=20ms h=android.view.Choreographer$FrameHandler c=android.view.Choreographer$FrameDisplayEventReceiver)
04-22 02:01:41.592 27900 27900 E RecyclerView: No adapter attached; skipping layout
04-22 02:01:41.594 27900 27900 W Looper : PerfMonitor doFrame : time=17ms vsyncFrame=0 latency=520ms procState=-1 historyMsgCount=6 (msgIndex=1 wall=508ms seq=17924 late=20ms h=android.view.Choreographer$FrameHandler c=android.view.Choreographer$FrameDisplayEventReceiver)
04-22 02:01:41.596 27900 27900 W Looper : PerfMonitor looperActivity : package=com.mbwhatsapp/mbmodsd.mbmodsw.mbsettings.yo.PauseActivity time=0ms latency=362ms procState=-1 historyMsgCount=29 (msgIndex=1 wall=508ms seq=17924 late=20ms h=android.view.Choreographer$FrameHandler c=android.view.Choreographer$FrameDisplayEventReceiver)
04-22 02:01:41.596 27900 27900 W Looper : PerfMonitor looperActivity : package=com.mbwhatsapp/mbmodsd.mbmodsw.mbsettings.yo.PauseActivity time=0ms latency=358ms procState=-1 historyMsgCount=31 (msgIndex=1 wall=508ms seq=17924 late=20ms h=android.view.Choreographer$FrameHandler c=android.view.Choreographer$FrameDisplayEventReceiver)
04-22 02:01:41.598 27900 27900 W Looper : PerfMonitor looperActivity : package=com.mbwhatsapp/.HomeActivity time=2ms latency=348ms procState=-1 historyMsgCount=32 (msgIndex=1 wall=508ms seq=17924 late=20ms h=android.view.Choreographer$FrameHandler c=android.view.Choreographer$FrameDisplayEventReceiver)
04-22 02:01:41.714 27900 28746 E GED : Failed to get GED Log Buf, err(0)
04-22 02:01:41.725 27900 27900 E ArmVmp : Match on catch block at 0x8d in for 0x7bd4e1a049
04-22 02:01:41.725 27900 28746 E libEGL : pre_cache appList: ,,,,,,
04-22 02:01:41.729 27900 27900 E ArmVmp : Match on catch block at 0x8d in for 0x7bd4e1a049
04-22 02:01:41.733 27900 27900 E ArmVmp : Match on catch block at 0x8d in for 0x7bd4e1a049
04-22 02:01:41.737 27900 27900 E ArmVmp : Match on catch block at 0x8d in for 0x7bd4e1a049
04-22 02:01:41.744 27900 28746 E OpenGLRenderer: Unable to match the desired swap behavior.
04-22 02:01:41.990 27900 27900 E ArmVmp : Match on catch block at 0x8d in for 0x7bd4e1a039
04-22 02:01:41.997 27900 27900 E ArmVmp : Match on catch block at 0x8d in for 0x7bd4e1a039
04-22 02:01:42.004 27900 27900 E ArmVmp : Match on catch block at 0x5b in for 0x7bd4e1a01d
04-22 02:01:42.080 27900 31140 W LibraryVersion: Failed to get app version for libraryName: firebase-iid
04-22 02:01:42.101 27900 28746 E OpenGLRenderer: Unable to match the desired swap behavior.
04-22 02:01:42.990 27900 27900 W com.mbwhatsapp: type=1400 audit(0.0:348175): avc: denied { read } for name="u:object_r:vendor_ro_audio_prop:s0" dev="tmpfs" ino=707 scontext=u:r:untrusted_app_32:s0:c232,c256,c512,c768 tcontext=u:object_r:vendor_ro_audio_prop:s0 tclass=file permissive=0 app=com.mbwhatsapp
04-22 02:01:42.994 27900 27900 W libc : Access denied finding property "ro.vendor.audio.cloudctrl"
04-22 02:01:43.008 27900 27900 E ArmVmp : Match on catch block at 0x8d in for 0x7bd4e1a075
04-22 02:01:43.016 27900 27900 E ArmVmp : Match on catch block at 0x4c in for 0x7bd4e1a075
04-22 02:01:43.018 27900 27900 E ArmVmp : Match on catch block at 0x4c in for 0x7bd4e1a075
04-22 02:01:43.020 27900 27900 E ArmVmp : Match on catch block at 0x4c in for 0x7bd4e1a075
04-22 02:01:43.022 27900 27900 E ArmVmp : Match on catch block at 0x4c in for 0x7bd4e1a075
04-22 02:01:43.032 27900 27900 E ArmVmp : Match on catch block at 0x0a in for 0x7bd4e1a05d
04-22 02:01:43.034 27900 28746 W libc : Access denied finding property "ro.vendor.display.iris_x7.support"
04-22 02:01:43.055 27900 28746 E OpenGLRenderer: Unable to match the desired swap behavior.
04-22 02:01:44.085 27900 27900 E RippleDrawable: The RippleDrawable.STYLE_PATTERNED animation is not supported for a non-hardware accelerated Canvas. Skipping animation.
04-22 02:01:44.091 27900 27900 E RippleDrawable: The RippleDrawable.STYLE_PATTERNED animation is not supported for a non-hardware accelerated Canvas. Skipping animation.
04-22 02:01:44.103 27900 27900 E RippleDrawable: The RippleDrawable.STYLE_PATTERNED animation is not supported for a non-hardware accelerated Canvas. Skipping animation.
04-22 02:01:44.114 27900 27900 E RippleDrawable: The RippleDrawable.STYLE_PATTERNED animation is not supported for a non-hardware accelerated Canvas. Skipping animation.
04-22 02:01:44.125 27900 27900 E RippleDrawable: The RippleDrawable.STYLE_PATTERNED animation is not supported for a non-hardware accelerated Canvas. Skipping animation.
04-22 02:01:44.133 27900 27900 W WindowOnBackDispatcher: sendCancelIfRunning: isInProgress=falsecallback=android.view.ViewRootImpl$ $ExternalSyntheticLambda22@c3be47d
04-22 02:01:44.309 27900 27900 W Activity: PerfMonitor: Slow Operation: Activity com.mbwhatsapp/.contact.picker.ContactPicker onStart took 107ms
04-22 02:01:44.316 27900 28746 W libc : Access denied finding property "ro.vendor.display.iris_x7.support"
04-22 02:01:44.338 27900 28746 E OpenGLRenderer: Unable to match the desired swap behavior.
04-22 02:01:48.364 27900 27900 W JobService: onNetworkChanged() not implemented in androidx.work.impl.background.systemjob.SystemJobService. Must override in a subclass.
04-22 02:01:48.986 27900 27900 W com.mbwhatsapp: type=1400 audit(0.0:348176): avc: denied { read } for name="u:object_r:vendor_ro_audio_prop:s0" dev="tmpfs" ino=707 scontext=u:r:untrusted_app_32:s0:c232,c256,c512,c768 tcontext=u:object_r:vendor_ro_audio_prop:s0 tclass=file permissive=0 app=com.mbwhatsapp
04-22 02:01:48.990 27900 27900 W libc : Access denied finding property "ro.vendor.audio.cloudctrl"
04-22 02:01:49.067 27900 28746 E OpenGLRenderer: Unable to match the desired swap behavior.
04-22 02:01:49.233 27900 27900 E ArmVmp : Match on catch block at 0x4c in for 0x7bd4e1a039
04-22 02:01:49.238 27900 27900 E ArmVmp : Match on catch block at 0x8d in for 0x7bd4e1a039
04-22 02:01:49.242 27900 27900 E ArmVmp : Match on catch block at 0x8d in for 0x7bd4e1a039
04-22 02:01:49.266 27900 27900 E ArmVmp : Match on catch block at 0x0a in for 0x7bd4e1a035
04-22 02:01:49.269 27900 27900 E ArmVmp : Match on catch block at 0x0a in for 0x7bd4e1a035
04-22 02:01:49.291 27900 28746 W libc : Access denied finding property "ro.vendor.display.iris_x7.support"
04-22 02:01:49.324 27900 28746 E OpenGLRenderer: Unable to match the desired swap behavior.
04-22 02:01:49.336 27900 27900 E ArmVmp : Match on catch block at 0xc3 in for 0x7bd4e1a021
04-22 02:01:49.338 27900 27900 E ArmVmp : Match on catch block at 0xc3 in for 0x7bd4e1a021
04-22 02:01:49.377 27900 27900 E ArmVmp : Match on catch block at 0xc3 in for 0x7bd4e1a025
04-22 02:01:49.379 27900 27900 E ArmVmp : Match on catch block at 0xc3 in for 0x7bd4e1a025
04-22 02:01:49.415 27900 27900 E ArmVmp : Match on catch block at 0xc3 in for 0x7bd4e1a025
04-22 02:01:49.417 27900 27900 E ArmVmp : Match on catch block at 0xc3 in for 0x7bd4e1a025
04-22 02:01:49.441 27900 27900 E ArmVmp : Match on catch block at 0xc3 in for 0x7bd4e1a025
04-22 02:01:49.444 27900 27900 E ArmVmp : Match on catch block at 0xc3 in for 0x7bd4e1a025
04-22 02:01:49.460 27900 27900 E ArmVmp : Match on catch block at 0xc3 in for 0x7bd4e1a025
04-22 02:01:49.462 27900 27900 E ArmVmp : Match on catch block at 0xc3 in for 0x7bd4e1a025
04-22 02:01:49.556 27900 27900 E ArmVmp : Match on catch block at 0xc3 in for 0x7bd4e1a025
04-22 02:01:49.561 27900 27900 E ArmVmp : Match on catch block at 0xc3 in for 0x7bd4e1a025
04-22 02:01:49.588 27900 27900 E ArmVmp : Match on catch block at 0xc3 in for 0x7bd4e1a025
04-22 02:01:49.592 27900 27900 E ArmVmp : Match on catch block at 0xc3 in for 0x7bd4e1a025
04-22 02:01:49.595 27900 27900 E ArmVmp : Match on catch block at 0xc3 in for 0x7bd4e1a025
04-22 02:01:49.598 27900 27900 E ArmVmp : Match on catch block at 0xc3 in for 0x7bd4e1a025
04-22 02:01:49.693 27900 27900 E ArmVmp : Match on catch block at 0xc3 in for 0x7bd4e1a025
04-22 02:01:49.695 27900 27900 E ArmVmp : Match on catch block at 0xc3 in for 0x7bd4e1a025
04-22 02:01:49.705 27900 27900 E ArmVmp : Match on catch block at 0xc3 in for 0x7bd4e1a025
04-22 02:01:49.707 27900 27900 E ArmVmp : Match on catch block at 0xc3 in for 0x7bd4e1a025
04-22 02:01:49.712 27900 27900 E ArmVmp : Match on catch block at 0xc3 in for 0x7bd4e1a025
04-22 02:01:49.715 27900 27900 E ArmVmp : Match on catch block at 0xc3 in for 0x7bd4e1a025
04-22 02:01:49.721 27900 27900 E ArmVmp : Match on catch block at 0xc3 in for 0x7bd4e1a025
04-22 02:01:49.724 27900 27900 E ArmVmp : Match on catch block at 0xc3 in for 0x7bd4e1a025
04-22 02:01:49.733 27900 27900 E ArmVmp : Match on catch block at 0xc3 in for 0x7bd4e1a025
04-22 02:01:49.735 27900 27900 E ArmVmp : Match on catch block at 0xc3 in for 0x7bd4e1a025
04-22 02:01:49.746 27900 27900 E ArmVmp : Match on catch block at 0xc3 in for 0x7bd4e1a025
04-22 02:01:49.751 27900 27900 E ArmVmp : Match on catch block at 0xc3 in for 0x7bd4e1a025
04-22 02:01:49.755 27900 27900 E ArmVmp : Match on catch block at 0xc3 in for 0x7bd4e1a025
04-22 02:01:49.758 27900 27900 E ArmVmp : Match on catch block at 0xc3 in for 0x7bd4e1a025
04-22 02:01:49.766 27900 27900 E ArmVmp : Match on catch block at 0xc3 in for 0x7bd4e1a025
04-22 02:01:49.770 27900 27900 E ArmVmp : Match on catch block at 0xc3 in for 0x7bd4e1a025
04-22 02:01:49.777 27900 27900 E ArmVmp : Match on catch block at 0xc3 in for 0x7bd4e1a025
04-22 02:01:49.780 27900 27900 E ArmVmp : Match on catch block at 0xc3 in for 0x7bd4e1a025
04-22 02:01:49.788 27900 27900 E ArmVmp : Match on catch block at 0xc3 in for 0x7bd4e1a025
04-22 02:01:49.792 27900 27900 E ArmVmp : Match on catch block at 0xc3 in for 0x7bd4e1a025
04-22 02:01:49.801 27900 27900 E ArmVmp : Match on catch block at 0xc3 in for 0x7bd4e1a025
04-22 02:01:49.803 27900 27900 E ArmVmp : Match on catch block at 0xc3 in for 0x7bd4e1a025
04-22 02:01:49.811 27900 27900 E ArmVmp : Match on catch block at 0xc3 in for 0x7bd4e1a025
04-22 02:01:49.816 27900 27900 E ArmVmp : Match on catch block at 0xc3 in for 0x7bd4e1a025
04-22 02:01:49.822 27900 27900 E ArmVmp : Match on catch block at 0xc3 in for 0x7bd4e1a025
04-22 02:01:49.824 27900 27900 E ArmVmp : Match on catch block at 0xc3 in for 0x7bd4e1a025
04-22 02:01:49.834 27900 27900 E ArmVmp : Match on catch block at 0xc3 in for 0x7bd4e1a025
04-22 02:01:49.837 27900 27900 E ArmVmp : Match on catch block at 0xc3 in for 0x7bd4e1a025
04-22 02:01:49.845 27900 27900 E ArmVmp : Match on catch block at 0xc3 in for 0x7bd4e1a025
04-22 02:01:49.849 27900 27900 E ArmVmp : Match on catch block at 0xc3 in for 0x7bd4e1a025
04-22 02:01:49.855 27900 27900 E ArmVmp : Match on catch block at 0xc3 in for 0x7bd4e1a025
04-22 02:01:49.858 27900 27900 E ArmVmp : Match on catch block at 0xc3 in for 0x7bd4e1a025
04-22 02:01:49.866 27900 27900 E ArmVmp : Match on catch block at 0xc3 in for 0x7bd4e1a025
04-22 02:01:49.869 27900 27900 E ArmVmp : Match on catch block at 0xc3 in for 0x7bd4e1a025
04-22 02:01:49.878 27900 27900 E ArmVmp : Match on catch block at 0xc3 in for 0x7bd4e1a025
04-22 02:01:49.880 27900 27900 E ArmVmp : Match on catch block at 0xc3 in for 0x7bd4e1a025
04-22 02:01:49.897 27900 27900 E ArmVmp : Match on catch block at 0xc3 in for 0x7bd4e1a025
04-22 02:01:49.899 27900 27900 E ArmVmp : Match on catch block at 0xc3 in for 0x7bd4e1a025
04-22 02:01:49.910 27900 27900 W WindowOnBackDispatcher: sendCancelIfRunning: isInProgress=falsecallback=android.view.ViewRootImpl$ $ExternalSyntheticLambda22@3bf86f4
04-22 02:01:49.936 27900 27900 E ArmVmp : Match on catch block at 0xc3 in for 0x7bd4e1a025
04-22 02:01:49.937 27900 27900 E ArmVmp : Match on catch block at 0xc3 in for 0x7bd4e1a025
04-22 02:01:49.934 27900 27900 W com.mbwhatsapp: type=1400 audit(0.0:348177): avc: denied { read } for name="u:object_r:vendor_ro_audio_prop:s0" dev="tmpfs" ino=707 scontext=u:r:untrusted_app_32:s0:c232,c256,c512,c768 tcontext=u:object_r:vendor_ro_audio_prop:s0 tclass=file permissive=0 app=com.mbwhatsapp
04-22 02:01:49.939 27900 27900 W libc : Access denied finding property "ro.vendor.audio.cloudctrl"
04-22 02:01:49.941 27900 27900 E ArmVmp : Match on catch block at 0xc3 in for 0x7bd4e1a025
04-22 02:01:49.944 27900 27900 E ArmVmp : Match on catch block at 0xc3 in for 0x7bd4e1a025
04-22 02:01:49.952 27900 27900 E ArmVmp : Match on catch block at 0xc3 in for 0x7bd4e1a025
04-22 02:01:49.953 27900 27900 E ArmVmp : Match on catch block at 0xc3 in for 0x7bd4e1a025
04-22 02:01:49.962 27900 27900 E ArmVmp : Match on catch block at 0xc3 in for 0x7bd4e1a025
04-22 02:01:49.964 27900 27900 E ArmVmp : Match on catch block at 0xc3 in for 0x7bd4e1a025
04-22 02:01:49.970 27900 27900 E ArmVmp : Match on catch block at 0xc3 in for 0x7bd4e1a025
04-22 02:01:49.974 27900 27900 E ArmVmp : Match on catch block at 0xc3 in for 0x7bd4e1a025
04-22 02:01:49.979 27900 27900 E ArmVmp : Match on catch block at 0xc3 in for 0x7bd4e1a025
04-22 02:01:49.988 27900 27900 E ArmVmp : Match on catch block at 0xc3 in for 0x7bd4e1a025
04-22 02:01:49.995 27900 27900 E ArmVmp : Match on catch block at 0xc3 in for 0x7bd4e1a025
04-22 02:01:49.996 27900 27900 E ArmVmp : Match on catch block at 0xc3 in for 0x7bd4e1a025
04-22 02:01:50.015 27900 27900 E ArmVmp : Match on catch block at 0xc3 in for 0x7bd4e1a025
04-22 02:01:50.016 27900 27900 E ArmVmp : Match on catch block at 0xc3 in for 0x7bd4e1a025
04-22 02:01:50.021 27900 27900 E ArmVmp : Match on catch block at 0xc3 in for 0x7bd4e1a025
04-22 02:01:50.024 27900 27900 E ArmVmp : Match on catch block at 0xc3 in for 0x7bd4e1a025
04-22 02:01:50.103 27900 27900 E ArmVmp : Match on catch block at 0xc3 in for 0x7bd4e1a025
04-22 02:01:50.107 27900 27900 E ArmVmp : Match on catch block at 0xc3 in for 0x7bd4e1a025
04-22 02:01:50.116 27900 27900 E ArmVmp : Match on catch block at 0xc3 in for 0x7bd4e1a025
04-22 02:01:50.120 27900 27900 E ArmVmp : Match on catch block at 0xc3 in for 0x7bd4e1a025
04-22 02:01:50.126 27900 27900 E ArmVmp : Match on catch block at 0xc3 in for 0x7bd4e1a025
04-22 02:01:50.130 27900 27900 E ArmVmp : Match on catch block at 0xc3 in for 0x7bd4e1a025
04-22 02:01:50.137 27900 27900 E ArmVmp : Match on catch block at 0xc3 in for 0x7bd4e1a025
04-22 02:01:50.141 27900 27900 E ArmVmp : Match on catch block at 0xc3 in for 0x7bd4e1a025
04-22 02:01:50.147 27900 27900 E ArmVmp : Match on catch block at 0xc3 in for 0x7bd4e1a025
04-22 02:01:50.149 27900 27900 E ArmVmp : Match on catch block at 0xc3 in for 0x7bd4e1a025
04-22 02:01:50.159 27900 27900 E ArmVmp : Match on catch block at 0xc3 in for 0x7bd4e1a025
04-22 02:01:50.162 27900 27900 E ArmVmp : Match on catch block at 0xc3 in for 0x7bd4e1a025
04-22 02:01:50.170 27900 27900 E ArmVmp : Match on catch block at 0xc3 in for 0x7bd4e1a025
04-22 02:01:50.172 27900 27900 E ArmVmp : Match on catch block at 0xc3 in for 0x7bd4e1a025
04-22 02:01:50.181 27900 27900 E ArmVmp : Match on catch block at 0xc3 in for 0x7bd4e1a025
04-22 02:01:50.184 27900 27900 E ArmVmp : Match on catch block at 0xc3 in for 0x7bd4e1a025
04-22 02:01:50.192 27900 27900 E ArmVmp : Match on catch block at 0xc3 in for 0x7bd4e1a025
04-22 02:01:50.194 27900 27900 E ArmVmp : Match on catch block at 0xc3 in for 0x7bd4e1a025
04-22 02:01:50.203 27900 27900 E ArmVmp : Match on catch block at 0xc3 in for 0x7bd4e1a025
04-22 02:01:50.205 27900 27900 E ArmVmp : Match on catch block at 0xc3 in for 0x7bd4e1a025
04-22 02:01:50.215 27900 27900 E ArmVmp : Match on catch block at 0xc3 in for 0x7bd4e1a025
04-22 02:01:50.218 27900 27900 E ArmVmp : Match on catch block at 0xc3 in for 0x7bd4e1a025
04-22 02:01:50.226 27900 27900 E ArmVmp : Match on catch block at 0xc3 in for 0x7bd4e1a025
04-22 02:01:50.229 27900 27900 E ArmVmp : Match on catch block at 0xc3 in for 0x7bd4e1a025
04-22 02:01:50.237 27900 27900 E ArmVmp : Match on catch block at 0xc3 in for 0x7bd4e1a025
04-22 02:01:50.240 27900 27900 E ArmVmp : Match on catch block at 0xc3 in for 0x7bd4e1a025
04-22 02:01:50.249 27900 27900 E ArmVmp : Match on catch block at 0xc3 in for 0x7bd4e1a025
04-22 02:01:50.252 27900 27900 E ArmVmp : Match on catch block at 0xc3 in for 0x7bd4e1a025
04-22 02:01:50.260 27900 27900 E ArmVmp : Match on catch block at 0xc3 in for 0x7bd4e1a025
04-22 02:01:50.263 27900 27900 E ArmVmp : Match on catch block at 0xc3 in for 0x7bd4e1a025
04-22 02:01:50.271 27900 27900 E ArmVmp : Match on catch block at 0xc3 in for 0x7bd4e1a025
04-22 02:01:50.274 27900 27900 E ArmVmp : Match on catch block at 0xc3 in for 0x7bd4e1a025
04-22 02:01:50.283 27900 27900 E ArmVmp : Match on catch block at 0xc3 in for 0x7bd4e1a025
