04-22 13:21:06.848 10225 10225 E ArmVmp : Match on catch block at 0xc3 in for 0x71cfbb8025
04-22 13:21:06.855 10225 10225 E ArmVmp : Match on catch block at 0xc3 in for 0x71cfbb8025
04-22 13:21:07.338 10225 10225 E ArmVmp : Match on catch block at 0xc3 in for 0x71cfbb8025
04-22 13:21:07.342 10225 10225 E ArmVmp : Match on catch block at 0xc3 in for 0x71cfbb8025
04-22 13:21:07.832 10225 10225 E ArmVmp : Match on catch block at 0xc3 in for 0x71cfbb8025
04-22 13:21:07.837 10225 10225 E ArmVmp : Match on catch block at 0xc3 in for 0x71cfbb8025
04-22 13:21:08.357 10225 10225 E ArmVmp : Match on catch block at 0xc3 in for 0x71cfbb8025
04-22 13:21:08.362 10225 10225 E ArmVmp : Match on catch block at 0xc3 in for 0x71cfbb8025
04-22 13:21:08.850 10225 10225 E ArmVmp : Match on catch block at 0xc3 in for 0x71cfbb8025
04-22 13:21:08.856 10225 10225 E ArmVmp : Match on catch block at 0xc3 in for 0x71cfbb8025
04-22 13:21:09.342 10225 10225 E ArmVmp : Match on catch block at 0xc3 in for 0x71cfbb8025
04-22 13:21:09.349 10225 10225 E ArmVmp : Match on catch block at 0xc3 in for 0x71cfbb8025
04-22 13:21:09.870 10225 10225 E ArmVmp : Match on catch block at 0xc3 in for 0x71cfbb8025
04-22 13:21:09.877 10225 10225 E ArmVmp : Match on catch block at 0xc3 in for 0x71cfbb8025
04-22 13:21:10.345 10225 10225 E ArmVmp : Match on catch block at 0xc3 in for 0x71cfbb8025
04-22 13:21:10.358 10225 10225 E ArmVmp : Match on catch block at 0xc3 in for 0x71cfbb8025
04-22 13:21:10.844 10225 10225 E ArmVmp : Match on catch block at 0xc3 in for 0x71cfbb8025
04-22 13:21:10.849 10225 10225 E ArmVmp : Match on catch block at 0xc3 in for 0x71cfbb8025
04-22 13:21:11.345 10225 10225 E ArmVmp : Match on catch block at 0xc3 in for 0x71cfbb8025
04-22 13:21:11.347 10225 10225 E ArmVmp : Match on catch block at 0xc3 in for 0x71cfbb8025
04-22 13:21:11.464 10225 10225 E ArmVmp : Match on catch block at 0xc3 in for 0x71cfbb8025
04-22 13:21:11.475 10225 10225 E ArmVmp : Match on catch block at 0xc3 in for 0x71cfbb8025
04-22 13:21:19.170 10225 10225 W JobService: onNetworkChanged() not implemented in androidx.work.impl.background.systemjob.SystemJobService. Must override in a subclass.
04-22 13:21:50.934 10225 10225 W JobService: onNetworkChanged() not implemented in androidx.work.impl.background.systemjob.SystemJobService. Must override in a subclass.
04-22 13:21:51.024 10225 10225 W JobService: onNetworkChanged() not implemented in androidx.work.impl.background.systemjob.SystemJobService. Must override in a subclass.
04-22 13:26:33.290 10225 10225 E ArmVmp : Match on catch block at 0x0a in for 0x71cfbb8035
04-22 13:26:33.295 10225 10225 E ArmVmp : Match on catch block at 0x0a in for 0x71cfbb8035
04-22 13:26:33.406 10225 12147 E OpenGLRenderer: Unable to match the desired swap behavior.
04-22 13:26:33.431 10225 10225 E ArmVmp : Match on catch block at 0xc3 in for 0x71cfbb8025
04-22 13:26:33.434 10225 10225 E ArmVmp : Match on catch block at 0xc3 in for 0x71cfbb8025
04-22 13:26:33.504 10225 10225 E ArmVmp : Match on catch block at 0xc3 in for 0x71cfbb8025
04-22 13:26:33.506 10225 10225 E ArmVmp : Match on catch block at 0xc3 in for 0x71cfbb8025
04-22 13:26:33.515 10225 10225 E ArmVmp : Match on catch block at 0xc3 in for 0x71cfbb8025
04-22 13:26:33.517 10225 10225 E ArmVmp : Match on catch block at 0xc3 in for 0x71cfbb8025
04-22 13:26:33.533 10225 10225 E ArmVmp : Match on catch block at 0xc3 in for 0x71cfbb8025
04-22 13:26:33.537 10225 10225 E ArmVmp : Match on catch block at 0xc3 in for 0x71cfbb8025
04-22 13:26:33.548 10225 10225 E ArmVmp : Match on catch block at 0xc3 in for 0x71cfbb8025
04-22 13:26:33.551 10225 10225 E ArmVmp : Match on catch block at 0xc3 in for 0x71cfbb8025
04-22 13:26:33.557 10225 10225 E ArmVmp : Match on catch block at 0xc3 in for 0x71cfbb8025
04-22 13:26:33.561 10225 10225 E ArmVmp : Match on catch block at 0xc3 in for 0x71cfbb8025
04-22 13:26:33.568 10225 10225 E ArmVmp : Match on catch block at 0xc3 in for 0x71cfbb8025
04-22 13:26:33.571 10225 10225 E ArmVmp : Match on catch block at 0xc3 in for 0x71cfbb8025
04-22 13:26:33.579 10225 10225 E ArmVmp : Match on catch block at 0xc3 in for 0x71cfbb8025
04-22 13:26:33.585 10225 10225 E ArmVmp : Match on catch block at 0xc3 in for 0x71cfbb8025
04-22 13:26:33.589 10225 10225 E ArmVmp : Match on catch block at 0xc3 in for 0x71cfbb8025
04-22 13:26:33.594 10225 10225 E ArmVmp : Match on catch block at 0xc3 in for 0x71cfbb8025
04-22 13:26:33.602 10225 10225 E ArmVmp : Match on catch block at 0xc3 in for 0x71cfbb8025
04-22 13:26:33.604 10225 10225 E ArmVmp : Match on catch block at 0xc3 in for 0x71cfbb8025
04-22 13:26:33.612 10225 10225 E ArmVmp : Match on catch block at 0xc3 in for 0x71cfbb8025
04-22 13:26:33.615 10225 10225 E ArmVmp : Match on catch block at 0xc3 in for 0x71cfbb8025
04-22 13:26:33.622 10225 10225 E ArmVmp : Match on catch block at 0xc3 in for 0x71cfbb8025
04-22 13:26:33.624 10225 10225 E ArmVmp : Match on catch block at 0xc3 in for 0x71cfbb8025
04-22 13:26:33.633 10225 10225 E ArmVmp : Match on catch block at 0xc3 in for 0x71cfbb8025
04-22 13:26:33.635 10225 10225 E ArmVmp : Match on catch block at 0xc3 in for 0x71cfbb8025
04-22 13:26:33.649 10225 10225 E ArmVmp : Match on catch block at 0xc3 in for 0x71cfbb8025
04-22 13:26:33.652 10225 10225 E ArmVmp : Match on catch block at 0xc3 in for 0x71cfbb8025
04-22 13:26:33.658 10225 10225 E ArmVmp : Match on catch block at 0xc3 in for 0x71cfbb8025
04-22 13:26:33.661 10225 10225 E ArmVmp : Match on catch block at 0xc3 in for 0x71cfbb8025
04-22 13:26:33.826 10225 10225 E ArmVmp : Match on catch block at 0xc3 in for 0x71cfbb8025
04-22 13:26:33.827 10225 10225 E ArmVmp : Match on catch block at 0xc3 in for 0x71cfbb8025
04-22 13:26:33.835 10225 10225 E ArmVmp : Match on catch block at 0xc3 in for 0x71cfbb8025
04-22 13:26:33.836 10225 10225 E ArmVmp : Match on catch block at 0xc3 in for 0x71cfbb8025
04-22 13:26:34.072 10225 10225 E ArmVmp : Match on catch block at 0xc3 in for 0x71cfbb8025
04-22 13:26:34.076 10225 10225 E ArmVmp : Match on catch block at 0xc3 in for 0x71cfbb8025
04-22 13:26:34.179 10225 10225 E ArmVmp : Match on catch block at 0xc3 in for 0x71cfbb8025
04-22 13:26:34.181 10225 10225 E ArmVmp : Match on catch block at 0xc3 in for 0x71cfbb8025
04-22 13:26:34.188 10225 10225 E ArmVmp : Match on catch block at 0xc3 in for 0x71cfbb8025
04-22 13:26:34.191 10225 10225 E ArmVmp : Match on catch block at 0xc3 in for 0x71cfbb8025
04-22 13:26:34.201 10225 10225 E ArmVmp : Match on catch block at 0xc3 in for 0x71cfbb8025
04-22 13:26:34.205 10225 10225 E ArmVmp : Match on catch block at 0xc3 in for 0x71cfbb8025
04-22 13:26:34.212 10225 10225 E ArmVmp : Match on catch block at 0xc3 in for 0x71cfbb8025
04-22 13:26:34.215 10225 10225 E ArmVmp : Match on catch block at 0xc3 in for 0x71cfbb8025
04-22 13:26:34.223 10225 10225 E ArmVmp : Match on catch block at 0xc3 in for 0x71cfbb8025
04-22 13:26:34.225 10225 10225 E ArmVmp : Match on catch block at 0xc3 in for 0x71cfbb8025
04-22 13:26:34.235 10225 10225 E ArmVmp : Match on catch block at 0xc3 in for 0x71cfbb8025
04-22 13:26:34.238 10225 10225 E ArmVmp : Match on catch block at 0xc3 in for 0x71cfbb8025
04-22 13:26:34.246 10225 10225 E ArmVmp : Match on catch block at 0xc3 in for 0x71cfbb8025
04-22 13:26:34.249 10225 10225 E ArmVmp : Match on catch block at 0xc3 in for 0x71cfbb8025
04-22 13:26:34.257 10225 10225 E ArmVmp : Match on catch block at 0xc3 in for 0x71cfbb8025
04-22 13:26:34.259 10225 10225 E ArmVmp : Match on catch block at 0xc3 in for 0x71cfbb8025
04-22 13:26:34.268 10225 10225 E ArmVmp : Match on catch block at 0xc3 in for 0x71cfbb8025
04-22 13:26:34.270 10225 10225 E ArmVmp : Match on catch block at 0xc3 in for 0x71cfbb8025
04-22 13:26:34.279 10225 10225 E ArmVmp : Match on catch block at 0xc3 in for 0x71cfbb8025
04-22 13:26:34.281 10225 10225 E ArmVmp : Match on catch block at 0xc3 in for 0x71cfbb8025
04-22 13:26:34.290 10225 10225 E ArmVmp : Match on catch block at 0xc3 in for 0x71cfbb8025
04-22 13:26:34.294 10225 10225 E ArmVmp : Match on catch block at 0xc3 in for 0x71cfbb8025
04-22 13:26:34.302 10225 10225 E ArmVmp : Match on catch block at 0xc3 in for 0x71cfbb8025
04-22 13:26:34.305 10225 10225 E ArmVmp : Match on catch block at 0xc3 in for 0x71cfbb8025
04-22 13:26:34.313 10225 10225 E ArmVmp : Match on catch block at 0xc3 in for 0x71cfbb8025
04-22 13:26:34.316 10225 10225 E ArmVmp : Match on catch block at 0xc3 in for 0x71cfbb8025
04-22 13:26:34.325 10225 10225 E ArmVmp : Match on catch block at 0xc3 in for 0x71cfbb8025
04-22 13:26:34.328 10225 10225 E ArmVmp : Match on catch block at 0xc3 in for 0x71cfbb8025
04-22 13:26:34.335 10225 10225 E ArmVmp : Match on catch block at 0xc3 in for 0x71cfbb8025
04-22 13:26:34.340 10225 10225 E ArmVmp : Match on catch block at 0xc3 in for 0x71cfbb8025
04-22 13:26:34.347 10225 10225 E ArmVmp : Match on catch block at 0xc3 in for 0x71cfbb8025
04-22 13:26:34.350 10225 10225 E ArmVmp : Match on catch block at 0xc3 in for 0x71cfbb8025
04-22 13:26:34.360 10225 10225 E ArmVmp : Match on catch block at 0xc3 in for 0x71cfbb8025
04-22 13:26:34.362 10225 10225 E ArmVmp : Match on catch block at 0xc3 in for 0x71cfbb8025
04-22 13:26:34.369 10225 10225 E ArmVmp : Match on catch block at 0xc3 in for 0x71cfbb8025
04-22 13:26:34.372 10225 10225 E ArmVmp : Match on catch block at 0xc3 in for 0x71cfbb8025
04-22 13:26:34.380 10225 10225 E ArmVmp : Match on catch block at 0xc3 in for 0x71cfbb8025
04-22 13:26:34.383 10225 10225 E ArmVmp : Match on catch block at 0xc3 in for 0x71cfbb8025
04-22 13:26:34.392 10225 10225 E ArmVmp : Match on catch block at 0xc3 in for 0x71cfbb8025
04-22 13:26:34.395 10225 10225 E ArmVmp : Match on catch block at 0xc3 in for 0x71cfbb8025
04-22 13:26:34.403 10225 10225 E ArmVmp : Match on catch block at 0xc3 in for 0x71cfbb8025
04-22 13:26:34.404 10225 10225 E ArmVmp : Match on catch block at 0xc3 in for 0x71cfbb8025
04-22 13:26:34.414 10225 10225 E ArmVmp : Match on catch block at 0xc3 in for 0x71cfbb8025
04-22 13:26:34.420 10225 10225 E ArmVmp : Match on catch block at 0xc3 in for 0x71cfbb8025
04-22 13:26:34.438 10225 10225 E ArmVmp : Match on catch block at 0xc3 in for 0x71cfbb8025
04-22 13:26:34.441 10225 10225 E ArmVmp : Match on catch block at 0xc3 in for 0x71cfbb8025
04-22 13:26:34.448 10225 10225 E ArmVmp : Match on catch block at 0xc3 in for 0x71cfbb8025
04-22 13:26:34.450 10225 10225 E ArmVmp : Match on catch block at 0xc3 in for 0x71cfbb8025
04-22 13:26:34.459 10225 10225 E ArmVmp : Match on catch block at 0xc3 in for 0x71cfbb8025
04-22 13:26:34.461 10225 10225 E ArmVmp : Match on catch block at 0xc3 in for 0x71cfbb8025
04-22 13:26:34.470 10225 10225 E ArmVmp : Match on catch block at 0xc3 in for 0x71cfbb8025
04-22 13:26:34.473 10225 10225 E ArmVmp : Match on catch block at 0xc3 in for 0x71cfbb8025
04-22 13:26:34.481 10225 10225 E ArmVmp : Match on catch block at 0xc3 in for 0x71cfbb8025
04-22 13:26:34.484 10225 10225 E ArmVmp : Match on catch block at 0xc3 in for 0x71cfbb8025
04-22 13:26:34.493 10225 10225 E ArmVmp : Match on catch block at 0xc3 in for 0x71cfbb8025
04-22 13:26:34.495 10225 10225 E ArmVmp : Match on catch block at 0xc3 in for 0x71cfbb8025
04-22 13:26:34.503 10225 10225 E ArmVmp : Match on catch block at 0xc3 in for 0x71cfbb8025
04-22 13:26:34.506 10225 10225 E ArmVmp : Match on catch block at 0xc3 in for 0x71cfbb8025
04-22 13:26:34.514 10225 10225 E ArmVmp : Match on catch block at 0xc3 in for 0x71cfbb8025
04-22 13:26:34.518 10225 10225 E ArmVmp : Match on catch block at 0xc3 in for 0x71cfbb8025
04-22 13:26:34.525 10225 10225 E ArmVmp : Match on catch block at 0xc3 in for 0x71cfbb8025
04-22 13:26:34.527 10225 10225 E ArmVmp : Match on catch block at 0xc3 in for 0x71cfbb8025
04-22 13:26:34.538 10225 10225 E ArmVmp : Match on catch block at 0xc3 in for 0x71cfbb8025
04-22 13:26:34.540 10225 10225 E ArmVmp : Match on catch block at 0xc3 in for 0x71cfbb8025
04-22 13:26:34.548 10225 10225 E ArmVmp : Match on catch block at 0xc3 in for 0x71cfbb8025
04-22 13:26:34.552 10225 10225 E ArmVmp : Match on catch block at 0xc3 in for 0x71cfbb8025
04-22 13:26:34.559 10225 10225 E ArmVmp : Match on catch block at 0xc3 in for 0x71cfbb8025
04-22 13:26:34.563 10225 10225 E ArmVmp : Match on catch block at 0xc3 in for 0x71cfbb8025
04-22 13:26:34.571 10225 10225 E ArmVmp : Match on catch block at 0xc3 in for 0x71cfbb8025
04-22 13:26:34.572 10225 10225 E ArmVmp : Match on catch block at 0xc3 in for 0x71cfbb8025
04-22 13:26:34.582 10225 10225 E ArmVmp : Match on catch block at 0xc3 in for 0x71cfbb8025
04-22 13:26:34.583 10225 10225 E ArmVmp : Match on catch block at 0xc3 in for 0x71cfbb8025
04-22 13:26:34.594 10225 10225 E ArmVmp : Match on catch block at 0xc3 in for 0x71cfbb8025
04-22 13:26:34.597 10225 10225 E ArmVmp : Match on catch block at 0xc3 in for 0x71cfbb8025
04-22 13:26:34.609 10225 10225 E ArmVmp : Match on catch block at 0xc3 in for 0x71cfbb8025
04-22 13:26:34.612 10225 10225 E ArmVmp : Match on catch block at 0xc3 in for 0x71cfbb8025
04-22 13:26:34.619 10225 10225 E ArmVmp : Match on catch block at 0xc3 in for 0x71cfbb8025
04-22 13:26:34.622 10225 10225 E ArmVmp : Match on catch block at 0xc3 in for 0x71cfbb8025
04-22 13:26:34.627 10225 10225 E ArmVmp : Match on catch block at 0xc3 in for 0x71cfbb8025
04-22 13:26:34.629 10225 10225 E ArmVmp : Match on catch block at 0xc3 in for 0x71cfbb8025
04-22 13:26:34.637 10225 10225 E ArmVmp : Match on catch block at 0xc3 in for 0x71cfbb8025
04-22 13:26:34.639 10225 10225 E ArmVmp : Match on catch block at 0xc3 in for 0x71cfbb8025
04-22 13:26:34.649 10225 10225 E ArmVmp : Match on catch block at 0xc3 in for 0x71cfbb8025
04-22 13:26:34.652 10225 10225 E ArmVmp : Match on catch block at 0xc3 in for 0x71cfbb8025
04-22 13:26:34.660 10225 10225 E ArmVmp : Match on catch block at 0xc3 in for 0x71cfbb8025
04-22 13:26:34.663 10225 10225 E ArmVmp : Match on catch block at 0xc3 in for 0x71cfbb8025
04-22 13:26:34.671 10225 10225 E ArmVmp : Match on catch block at 0xc3 in for 0x71cfbb8025
04-22 13:26:34.673 10225 10225 E ArmVmp : Match on catch block at 0xc3 in for 0x71cfbb8025
04-22 13:26:34.682 10225 10225 E ArmVmp : Match on catch block at 0xc3 in for 0x71cfbb8025
04-22 13:26:34.685 10225 10225 E ArmVmp : Match on catch block at 0xc3 in for 0x71cfbb8025
04-22 13:26:34.695 10225 10225 E ArmVmp : Match on catch block at 0xc3 in for 0x71cfbb8025
04-22 13:26:34.698 10225 10225 E ArmVmp : Match on catch block at 0xc3 in for 0x71cfbb8025
04-22 13:26:34.705 10225 10225 E ArmVmp : Match on catch block at 0xc3 in for 0x71cfbb8025
04-22 13:26:34.707 10225 10225 E ArmVmp : Match on catch block at 0xc3 in for 0x71cfbb8025
04-22 13:26:34.719 10225 10225 E ArmVmp : Match on catch block at 0xc3 in for 0x71cfbb8025
04-22 13:26:34.722 10225 10225 E ArmVmp : Match on catch block at 0xc3 in for 0x71cfbb8025
04-22 13:26:34.732 10225 10225 E ArmVmp : Match on catch block at 0xc3 in for 0x71cfbb8025
04-22 13:26:34.736 10225 10303 E SQLiteDatabase: Error inserting transferred=1 media_job_uuid=146a2ad0-2afb-43db-9989-f344561cf651 transcoded=1 gif_attribution=0 first_scan_length=0 direct_path=/v/t62.7118- 24/11974367_788568629886545_4872109658785524136_n.enc?ccb=11-4&oh=01_Q5AaIET- 7eCPQnldb-X4_EfHu284Lhsj8-EMsAtHBVm9Aqvh&oe=664D955A&_nc_sid=5e03e0 thumbnail_height_width_ratio=1.3125 is_animated_sticker=0 file_hash=9gTbIZQYtKdfrulLkicfeZlg+Qhh7hHQTCvVEl1ek5A= file_path=Media/MBWhatsApp Images/Sent/IMG-20240422-WA0001.jpg file_size=2159070 partial_media_hash=Ds08h0bkCaXq3holqNy8QhccSoFC5lScDkCCId/q8bo= face_x=0 face_y=0 height=4000 trim_to=0 media_key_timestamp=1713770406269 message_url=https://mmg.whatsapp.net/v/t62.7118- 24/11974367_788568629886545_4872109658785524136_n.enc?ccb=11-4&oh=01_Q5AaIET- 7eCPQnldb-X4_EfHu284Lhsj8-EMsAtHBVm9Aqvh&oe=664D955A&_nc_sid=5e03e0&mms3=true media_caption=null trim_from=0 mime_type=null partial_media_enc_hash=null width=3011 original_file_hash=Fewy+LlVbNNMviNc1MrLbLhrtHvqztuvDIES6joAz00= has_streaming_sidecar=1 autotransfer_retry_enabled=0 media_upload_handle=null message_row_id=10970 multicast_id=null enc_file_hash=Au1+7ceZtYqZL4N+bmtJMfciSmcQYuDlqG5iG0MJ9LE= mute_video=0 page_count=0 first_scan_sidecar=null suspicious_content=0 file_length=2159070 media_name=ead57023-99ff-438a-b1f2-faf229853ae1.jpg media_duration=0 chat_row_id=164 media_key=[B@50e003e
04-22 13:26:34.736 10225 10303 E SQLiteDatabase: android.database.sqlite.SQLiteConstraintException: UNIQUE constraint failed: message_media.message_row_id (code 1555 SQLITE_CONSTRAINT_PRIMARYKEY)
04-22 13:26:34.736 10225 10303 E SQLiteDatabase: at android.database.sqlite.SQLiteConnection.nativeExecuteForLastInsertedRowId(Native Method)
04-22 13:26:34.736 10225 10303 E SQLiteDatabase: at android.database.sqlite.SQLiteConnection.executeForLastInsertedRowId(SQLiteConnecti on.java:961)
04-22 13:26:34.736 10225 10303 E SQLiteDatabase: at android.database.sqlite.SQLiteSession.executeForLastInsertedRowId(SQLiteSession.jav a:790)
04-22 13:26:34.736 10225 10303 E SQLiteDatabase: at android.database.sqlite.SQLiteStatement.executeInsert(SQLiteStatement.java:89)
04-22 13:26:34.736 10225 10303 E SQLiteDatabase: at android.database.sqlite.SQLiteDatabase.insertWithOnConflict(SQLiteDatabase.java:187 0)
04-22 13:26:34.736 10225 10303 E SQLiteDatabase: at android.database.sqlite.SQLiteDatabase.insert(SQLiteDatabase.java:1739)
04-22 13:26:34.736 10225 10303 E SQLiteDatabase: at X.2tm.A08(Unknown Source:6)
04-22 13:26:34.736 10225 10303 E SQLiteDatabase: at X.35Y.A07(Unknown Source:212)
04-22 13:26:34.736 10225 10303 E SQLiteDatabase: at X.3QF.A14(Unknown Source:470)
04-22 13:26:34.736 10225 10303 E SQLiteDatabase: at X.3gU.run(Unknown Source:982)
04-22 13:26:34.736 10225 10303 E SQLiteDatabase: at android.os.Handler.handleCallback(Handler.java:958)
04-22 13:26:34.736 10225 10303 E SQLiteDatabase: at android.os.Handler.dispatchMessage(Handler.java:99)
04-22 13:26:34.736 10225 10303 E SQLiteDatabase: at X.0zq.dispatchMessage(Unknown Source:4)
04-22 13:26:34.736 10225 10303 E SQLiteDatabase: at android.os.Looper.loopOnce(Looper.java:222)
04-22 13:26:34.736 10225 10303 E SQLiteDatabase: at android.os.Looper.loop(Looper.java:314)
04-22 13:26:34.736 10225 10303 E SQLiteDatabase: at android.os.HandlerThread.run(HandlerThread.java:67)
04-22 13:26:34.742 10225 10225 E ArmVmp : Match on catch block at 0xc3 in for 0x71cfbb8025
04-22 13:26:34.751 10225 10225 E ArmVmp : Match on catch block at 0xc3 in for 0x71cfbb8025
04-22 13:26:34.755 10225 10225 E ArmVmp : Match on catch block at 0xc3 in for 0x71cfbb8025
04-22 13:26:34.775 10225 10303 E SQLiteDatabase: Error inserting transferred=1 media_job_uuid=4abeaea1-e8c5-4e49-baa5-b50f908f6ec8 transcoded=1 gif_attribution=0 first_scan_length=0 direct_path=/v/t62.7118- 24/11248172_953724982735966_1783192415935874357_n.enc?ccb=11- 4&oh=01_Q5AaIJoO5HC0SBdi77Cn7e559y7ra5KnRgwXuk4Lq6PzOPA3&oe=664D67AC&_nc_sid=5e03e0 thumbnail_height_width_ratio=1.3125 is_animated_sticker=0 file_hash=zNsElGu5JhvQn3h+cg9HjHKxF0ZlTPWNd1dWdTx7GSk= file_path=Media/MBWhatsApp Images/Sent/IMG-20240422-WA0004.jpg file_size=2257841 partial_media_hash=TSRcAYq/j7tBzkqBWhvudJVdj7cD4apF439qdArlk2A= face_x=0 face_y=0 height=4000 trim_to=0 media_key_timestamp=1713770407509 message_url=https://mmg.whatsapp.net/v/t62.7118- 24/11248172_953724982735966_1783192415935874357_n.enc?ccb=11- 4&oh=01_Q5AaIJoO5HC0SBdi77Cn7e559y7ra5KnRgwXuk4Lq6PzOPA3&oe=664D67AC&_nc_sid=5e03e0 &mms3=true media_caption=null trim_from=0 mime_type=null partial_media_enc_hash=null width=3011 original_file_hash=CsDnHELwyHzLZotG4+qBsJoO73IPlGIjS6/vvqPyDiU= has_streaming_sidecar=1 autotransfer_retry_enabled=0 media_upload_handle=null message_row_id=10971 multicast_id=null enc_file_hash=A22gbY3iXWcuenspiFcMAGXN1yvRNO/Mzrm16GK+HOo= mute_video=0 page_count=0 first_scan_sidecar=null suspicious_content=0 file_length=2257841 media_name=4e4334d4-58df-4bbb-9141-f23314958b9c.jpg media_duration=0 chat_row_id=164 media_key=[B@7a0d2a6
04-22 13:26:34.775 10225 10303 E SQLiteDatabase: android.database.sqlite.SQLiteConstraintException: UNIQUE constraint failed: message_media.message_row_id (code 1555 SQLITE_CONSTRAINT_PRIMARYKEY)
04-22 13:26:34.775 10225 10303 E SQLiteDatabase: at android.database.sqlite.SQLiteConnection.nativeExecuteForLastInsertedRowId(Native Method)
04-22 13:26:34.775 10225 10303 E SQLiteDatabase: at android.database.sqlite.SQLiteConnection.executeForLastInsertedRowId(SQLiteConnecti on.java:961)
04-22 13:26:34.775 10225 10303 E SQLiteDatabase: at android.database.sqlite.SQLiteSession.executeForLastInsertedRowId(SQLiteSession.jav a:790)
04-22 13:26:34.775 10225 10303 E SQLiteDatabase: at android.database.sqlite.SQLiteStatement.executeInsert(SQLiteStatement.java:89)
04-22 13:26:34.775 10225 10303 E SQLiteDatabase: at android.database.sqlite.SQLiteDatabase.insertWithOnConflict(SQLiteDatabase.java:187 0)
04-22 13:26:34.775 10225 10303 E SQLiteDatabase: at android.database.sqlite.SQLiteDatabase.insert(SQLiteDatabase.java:1739)
04-22 13:26:34.775 10225 10303 E SQLiteDatabase: at X.2tm.A08(Unknown Source:6)
04-22 13:26:34.775 10225 10303 E SQLiteDatabase: at X.35Y.A07(Unknown Source:212)
04-22 13:26:34.775 10225 10303 E SQLiteDatabase: at X.3QF.A14(Unknown Source:470)
04-22 13:26:34.775 10225 10303 E SQLiteDatabase: at X.3gU.run(Unknown Source:982)
04-22 13:26:34.775 10225 10303 E SQLiteDatabase: at android.os.Handler.handleCallback(Handler.java:958)
04-22 13:26:34.775 10225 10303 E SQLiteDatabase: at android.os.Handler.dispatchMessage(Handler.java:99)
04-22 13:26:34.775 10225 10303 E SQLiteDatabase: at X.0zq.dispatchMessage(Unknown Source:4)
04-22 13:26:34.775 10225 10303 E SQLiteDatabase: at android.os.Looper.loopOnce(Looper.java:222)
04-22 13:26:34.775 10225 10303 E SQLiteDatabase: at android.os.Looper.loop(Looper.java:314)
04-22 13:26:34.775 10225 10303 E SQLiteDatabase: at android.os.HandlerThread.run(HandlerThread.java:67)
04-22 13:26:34.794 10225 10225 E ArmVmp : Match on catch block at 0xc3 in for 0x71cfbb8025
04-22 13:26:34.798 10225 10225 E ArmVmp : Match on catch block at 0xc3 in for 0x71cfbb8025
04-22 13:26:34.807 10225 10225 E ArmVmp : Match on catch block at 0xc3 in for 0x71cfbb8025
04-22 13:26:34.813 10225 10225 E ArmVmp : Match on catch block at 0xc3 in for 0x71cfbb8025
04-22 13:26:34.843 10225 10225 E ArmVmp : Match on catch block at 0xc3 in for 0x71cfbb8025
04-22 13:26:34.845 10225 10225 E ArmVmp : Match on catch block at 0xc3 in for 0x71cfbb8025
04-22 13:26:34.853 10225 10225 E ArmVmp : Match on catch block at 0xc3 in for 0x71cfbb8025
04-22 13:26:34.855 10225 10225 E ArmVmp : Match on catch block at 0xc3 in for 0x71cfbb8025
04-22 13:26:34.863 10225 10303 E SQLiteDatabase: Error inserting transferred=1 media_job_uuid=ec5a1580-5f47-4851-ab4c-2427405a4c03 transcoded=1 gif_attribution=0 first_scan_length=0 direct_path=/v/t62.7118- 24/40781921_821646133325887_2313433301737904607_n.enc?ccb=11- 4&oh=01_Q5AaIIAw_RVX933HMmeaUSbzV0yfoEn-dQSlvxpahF_CssMu&oe=664D6EF9&_nc_sid=5e03e0 thumbnail_height_width_ratio=1.3125 is_animated_sticker=0 file_hash=B+LVMLCq0XGyGoy/iHOQJBtZFpIiGHtja9A4NMjX6TM= file_path=Media/MBWhatsApp Images/Sent/IMG-20240422-WA0005.jpg file_size=2343753 partial_media_hash=k7qXUfBBGZnX6g8A0GZfqSebCdiG2WPkD4w/v8WMfbQ= face_x=0 face_y=0 height=4000 trim_to=0 media_key_timestamp=1713770414124 message_url=https://mmg.whatsapp.net/v/t62.7118- 24/40781921_821646133325887_2313433301737904607_n.enc?ccb=11- 4&oh=01_Q5AaIIAw_RVX933HMmeaUSbzV0yfoEn- dQSlvxpahF_CssMu&oe=664D6EF9&_nc_sid=5e03e0&mms3=true media_caption=null trim_from=0 mime_type=null partial_media_enc_hash=null width=3011 original_file_hash=WN4JMHT34IOcdVJyXD1uVWZuUF/+G182YnhziI/D1gw= has_streaming_sidecar=1 autotransfer_retry_enabled=0 media_upload_handle=null message_row_id=10974 multicast_id=null enc_file_hash=txjxOk8qK4TvEIRwUkrM/JP3A29NJ9TuFIz9cNOLNoQ= mute_video=0 page_count=0 first_scan_sidecar=null suspicious_content=0 file_length=2343753 media_name=0bb02a9c-4449-4805-b105-9fecb371fffa.jpg media_duration=0 chat_row_id=164 media_key=[B@8b34b9e
04-22 13:26:34.863 10225 10303 E SQLiteDatabase: android.database.sqlite.SQLiteConstraintException: UNIQUE constraint failed: message_media.message_row_id (code 1555 SQLITE_CONSTRAINT_PRIMARYKEY)
04-22 13:26:34.863 10225 10303 E SQLiteDatabase: at android.database.sqlite.SQLiteConnection.nativeExecuteForLastInsertedRowId(Native Method)
04-22 13:26:34.863 10225 10303 E SQLiteDatabase: at android.database.sqlite.SQLiteConnection.executeForLastInsertedRowId(SQLiteConnecti on.java:961)
04-22 13:26:34.863 10225 10303 E SQLiteDatabase: at android.database.sqlite.SQLiteSession.executeForLastInsertedRowId(SQLiteSession.jav a:790)
04-22 13:26:34.863 10225 10303 E SQLiteDatabase: at android.database.sqlite.SQLiteStatement.executeInsert(SQLiteStatement.java:89)
04-22 13:26:34.863 10225 10303 E SQLiteDatabase: at android.database.sqlite.SQLiteDatabase.insertWithOnConflict(SQLiteDatabase.java:187 0)
04-22 13:26:34.863 10225 10303 E SQLiteDatabase: at android.database.sqlite.SQLiteDatabase.insert(SQLiteDatabase.java:1739)
04-22 13:26:34.863 10225 10303 E SQLiteDatabase: at X.2tm.A08(Unknown Source:6)
04-22 13:26:34.863 10225 10303 E SQLiteDatabase: at X.35Y.A07(Unknown Source:212)
04-22 13:26:34.863 10225 10303 E SQLiteDatabase: at X.3QF.A14(Unknown Source:470)
04-22 13:26:34.863 10225 10303 E SQLiteDatabase: at X.3gU.run(Unknown Source:982)
04-22 13:26:34.863 10225 10303 E SQLiteDatabase: at android.os.Handler.handleCallback(Handler.java:958)
04-22 13:26:34.863 10225 10303 E SQLiteDatabase: at android.os.Handler.dispatchMessage(Handler.java:99)
04-22 13:26:34.863 10225 10303 E SQLiteDatabase: at X.0zq.dispatchMessage(Unknown Source:4)
04-22 13:26:34.863 10225 10303 E SQLiteDatabase: at android.os.Looper.loopOnce(Looper.java:222)
04-22 13:26:34.863 10225 10303 E SQLiteDatabase: at android.os.Looper.loop(Looper.java:314)
04-22 13:26:34.863 10225 10303 E SQLiteDatabase: at android.os.HandlerThread.run(HandlerThread.java:67)
04-22 13:26:34.867 10225 10303 E SQLiteDatabase: Error inserting transferred=1 media_job_uuid=a540ab91-2002-46bb-88a0-460a7a0425b4 transcoded=1 gif_attribution=0 first_scan_length=0 direct_path=/v/t62.7118- 24/32245243_925872052553842_1407755681610801828_n.enc?ccb=11- 4&oh=01_Q5AaIISi1bRHtWgstqwFC5btXHRYvM64SF5iwe2KFbY32mIA&oe=664D7F05&_nc_sid=5e03e0 thumbnail_height_width_ratio=1.3125 is_animated_sticker=0 file_hash=QtTFzRFRIGp0He74NnS08DPez5yKZMF/99ITZMeO7C4= file_path=Media/MBWhatsApp Images/Sent/IMG-20240422-WA0002.jpg file_size=2286964 partial_media_hash=2oiicYoDrdTL1RJOM51x3p1VOZYFVQAnS0/cQ/Nyq8Q= face_x=0 face_y=0 height=4000 trim_to=0 media_key_timestamp=1713770406972 message_url=https://mmg.whatsapp.net/v/t62.7118- 24/32245243_925872052553842_1407755681610801828_n.enc?ccb=11- 4&oh=01_Q5AaIISi1bRHtWgstqwFC5btXHRYvM64SF5iwe2KFbY32mIA&oe=664D7F05&_nc_sid=5e03e0 &mms3=true media_caption=null trim_from=0 mime_type=null partial_media_enc_hash=null width=3011 original_file_hash=7XI/gikTruKlxVRT0I4J+WRVGeTVVnRO4z2Ux2V/i9k= has_streaming_sidecar=1 autotransfer_retry_enabled=0 media_upload_handle=null message_row_id=10972 multicast_id=null enc_file_hash=qTpNwIPIhJcBfcSmB59vxyVfWyr97UJGBHAdNHyUKhU= mute_video=0 page_count=0 first_scan_sidecar=null suspicious_content=0 file_length=2286964 media_name=5fe3ef6e-3b88-4314-bfb4-8fff91605de9.jpg media_duration=0 chat_row_id=164 media_key=[B@171e911
04-22 13:26:34.867 10225 10303 E SQLiteDatabase: android.database.sqlite.SQLiteConstraintException: UNIQUE constraint failed: message_media.message_row_id (code 1555 SQLITE_CONSTRAINT_PRIMARYKEY)
04-22 13:26:34.867 10225 10303 E SQLiteDatabase: at android.database.sqlite.SQLiteConnection.nativeExecuteForLastInsertedRowId(Native Method)
04-22 13:26:34.867 10225 10303 E SQLiteDatabase: at android.database.sqlite.SQLiteConnection.executeForLastInsertedRowId(SQLiteConnecti on.java:961)
04-22 13:26:34.867 10225 10303 E SQLiteDatabase: at android.database.sqlite.SQLiteSession.executeForLastInsertedRowId(SQLiteSession.jav a:790)
04-22 13:26:34.867 10225 10303 E SQLiteDatabase: at android.database.sqlite.SQLiteStatement.executeInsert(SQLiteStatement.java:89)
04-22 13:26:34.867 10225 10303 E SQLiteDatabase: at android.database.sqlite.SQLiteDatabase.insertWithOnConflict(SQLiteDatabase.java:187 0)
04-22 13:26:34.867 10225 10303 E SQLiteDatabase: at android.database.sqlite.SQLiteDatabase.insert(SQLiteDatabase.java:1739)
04-22 13:26:34.867 10225 10303 E SQLiteDatabase: at X.2tm.A08(Unknown Source:6)
04-22 13:26:34.867 10225 10303 E SQLiteDatabase: at X.35Y.A07(Unknown Source:212)
04-22 13:26:34.867 10225 10303 E SQLiteDatabase: at X.3QF.A14(Unknown Source:470)
04-22 13:26:34.867 10225 10303 E SQLiteDatabase: at X.3gU.run(Unknown Source:982)
04-22 13:26:34.867 10225 10303 E SQLiteDatabase: at android.os.Handler.handleCallback(Handler.java:958)
04-22 13:26:34.867 10225 10303 E SQLiteDatabase: at android.os.Handler.dispatchMessage(Handler.java:99)
04-22 13:26:34.867 10225 10303 E SQLiteDatabase: at X.0zq.dispatchMessage(Unknown Source:4)
04-22 13:26:34.867 10225 10303 E SQLiteDatabase: at android.os.Looper.loopOnce(Looper.java:222)
04-22 13:26:34.867 10225 10303 E SQLiteDatabase: at android.os.Looper.loop(Looper.java:314)
04-22 13:26:34.867 10225 10303 E SQLiteDatabase: at android.os.HandlerThread.run(HandlerThread.java:67)
04-22 13:26:34.890 10225 10225 E ArmVmp : Match on catch block at 0xc3 in for 0x71cfbb8025
04-22 13:26:34.893 10225 10225 E ArmVmp : Match on catch block at 0xc3 in for 0x71cfbb8025
04-22 13:26:34.898 10225 10225 E ArmVmp : Match on catch block at 0xc3 in for 0x71cfbb8025
04-22 13:26:34.901 10225 10225 E ArmVmp : Match on catch block at 0xc3 in for 0x71cfbb8025
04-22 13:26:35.109 10225 10225 E ArmVmp : Match on catch block at 0xc3 in for 0x71cfbb8025
04-22 13:26:35.113 10225 10225 E ArmVmp : Match on catch block at 0xc3 in for 0x71cfbb8025
04-22 13:26:35.173 10225 10225 E ArmVmp : Match on catch block at 0xc3 in for 0x71cfbb8025
04-22 13:26:35.175 10225 10225 E ArmVmp : Match on catch block at 0xc3 in for 0x71cfbb8025
04-22 13:26:35.183 10225 10225 E ArmVmp : Match on catch block at 0xc3 in for 0x71cfbb8025
04-22 13:26:35.186 10225 10225 E ArmVmp : Match on catch block at 0xc3 in for 0x71cfbb8025
04-22 13:26:35.190 10225 18645 W MediaPlayer: Use of stream types is deprecated for operations other than volume control
04-22 13:26:35.190 10225 18645 W MediaPlayer: See the documentation of setAudioStreamType() for what to use instead with android.media.AudioAttributes to qualify your playback use case
04-22 13:26:35.538 10225 10225 E ArmVmp : Match on catch block at 0xc3 in for 0x71cfbb8025
04-22 13:26:35.541 10225 10225 E ArmVmp : Match on catch block at 0xc3 in for 0x71cfbb8025
04-22 13:26:35.548 10225 10225 E ArmVmp : Match on catch block at 0xc3 in for 0x71cfbb8025
04-22 13:26:35.550 10225 10225 E ArmVmp : Match on catch block at 0xc3 in for 0x71cfbb8025
04-22 13:26:35.552 10225 18645 W MediaPlayer: Use of stream types is deprecated for operations other than volume control
04-22 13:26:35.552 10225 18645 W MediaPlayer: See the documentation of setAudioStreamType() for what to use instead with android.media.AudioAttributes to qualify your playback use case
04-22 13:26:35.611 10225 10225 E ArmVmp : Match on catch block at 0xc3 in for 0x71cfbb8025
04-22 13:26:35.615 10225 10225 E ArmVmp : Match on catch block at 0xc3 in for 0x71cfbb8025
04-22 13:26:35.913 10225 10225 E ArmVmp : Match on catch block at 0xc3 in for 0x71cfbb8025
04-22 13:26:35.916 10225 10225 E ArmVmp : Match on catch block at 0xc3 in for 0x71cfbb8025
04-22 13:26:35.923 10225 10225 E ArmVmp : Match on catch block at 0xc3 in for 0x71cfbb8025
04-22 13:26:35.923 10225 18645 W MediaPlayer: Use of stream types is deprecated for operations other than volume control
04-22 13:26:35.923 10225 18645 W MediaPlayer: See the documentation of setAudioStreamType() for what to use instead with android.media.AudioAttributes to qualify your playback use case
04-22 13:26:35.925 10225 10225 E ArmVmp : Match on catch block at 0xc3 in for 0x71cfbb8025
04-22 13:26:36.113 10225 10225 E ArmVmp : Match on catch block at 0xc3 in for 0x71cfbb8025
04-22 13:26:36.119 10225 10225 E ArmVmp : Match on catch block at 0xc3 in for 0x71cfbb8025
04-22 13:26:36.303 10225 10225 E ArmVmp : Match on catch block at 0xc3 in for 0x71cfbb8025
04-22 13:26:36.306 10225 10225 E ArmVmp : Match on catch block at 0xc3 in for 0x71cfbb8025
04-22 13:26:36.316 10225 10225 E ArmVmp : Match on catch block at 0xc3 in for 0x71cfbb8025
04-22 13:26:36.319 10225 10225 E ArmVmp : Match on catch block at 0xc3 in for 0x71cfbb8025
04-22 13:26:36.320 10225 18645 W MediaPlayer: Use of stream types is deprecated for operations other than volume control
04-22 13:26:36.321 10225 18645 W MediaPlayer: See the documentation of setAudioStreamType() for what to use instead with android.media.AudioAttributes to qualify your playback use case
04-22 13:26:36.608 10225 10225 E ArmVmp : Match on catch block at 0xc3 in for 0x71cfbb8025
04-22 13:26:36.609 10225 10225 E ArmVmp : Match on catch block at 0xc3 in for 0x71cfbb8025
04-22 13:26:36.942 10225 10225 E ArmVmp : Match on catch block at 0xc3 in for 0x71cfbb8025
04-22 13:26:36.946 10225 10225 E ArmVmp : Match on catch block at 0xc3 in for 0x71cfbb8025
04-22 13:26:36.992 10225 10225 E ArmVmp : Match on catch block at 0xc3 in for 0x71cfbb8025
04-22 13:26:36.995 10225 10225 E ArmVmp : Match on catch block at 0xc3 in for 0x71cfbb8025
04-22 13:26:37.008 10225 10225 E ArmVmp : Match on catch block at 0xc3 in for 0x71cfbb8025
04-22 13:26:37.010 10225 10225 E ArmVmp : Match on catch block at 0xc3 in for 0x71cfbb8025
04-22 13:26:37.108 10225 10225 E ArmVmp : Match on catch block at 0xc3 in for 0x71cfbb8025
04-22 13:26:37.112 10225 10225 E ArmVmp : Match on catch block at 0xc3 in for 0x71cfbb8025
04-22 13:26:37.290 10225 10225 E ArmVmp : Match on catch block at 0xc3 in for 0x71cfbb8025
04-22 13:26:37.293 10225 10225 E ArmVmp : Match on catch block at 0xc3 in for 0x71cfbb8025
04-22 13:26:37.303 10225 10225 E ArmVmp : Match on catch block at 0xc3 in for 0x71cfbb8025
04-22 13:26:37.306 10225 10225 E ArmVmp : Match on catch block at 0xc3 in for 0x71cfbb8025
04-22 13:26:37.609 10225 10225 E ArmVmp : Match on catch block at 0xc3 in for 0x71cfbb8025
04-22 13:26:37.615 10225 10225 E ArmVmp : Match on catch block at 0xc3 in for 0x71cfbb8025
04-22 13:26:38.113 10225 10225 E ArmVmp : Match on catch block at 0xc3 in for 0x71cfbb8025
04-22 13:26:38.122 10225 10225 E ArmVmp : Match on catch block at 0xc3 in for 0x71cfbb8025
04-22 13:26:38.616 10225 10225 E ArmVmp : Match on catch block at 0xc3 in for 0x71cfbb8025
04-22 13:26:38.624 10225 10225 E ArmVmp : Match on catch block at 0xc3 in for 0x71cfbb8025
04-22 13:26:38.896 10225 10225 E ArmVmp : Match on catch block at 0xc3 in for 0x71cfbb8025
04-22 13:26:38.901 10225 10225 E ArmVmp : Match on catch block at 0xc3 in for 0x71cfbb8025
04-22 13:26:38.908 10225 10225 E ArmVmp : Match on catch block at 0xc3 in for 0x71cfbb8025
04-22 13:26:38.914 10225 10225 E ArmVmp : Match on catch block at 0xc3 in for 0x71cfbb8025
04-22 13:26:38.923 10225 10225 E ArmVmp : Match on catch block at 0xc3 in for 0x71cfbb8025
04-22 13:26:38.926 10225 10225 E ArmVmp : Match on catch block at 0xc3 in for 0x71cfbb8025
04-22 13:26:38.932 10225 10225 E ArmVmp : Match on catch block at 0xc3 in for 0x71cfbb8025
04-22 13:26:38.936 10225 10225 E ArmVmp : Match on catch block at 0xc3 in for 0x71cfbb8025
04-22 13:26:38.943 10225 10225 E ArmVmp : Match on catch block at 0xc3 in for 0x71cfbb8025
04-22 13:26:38.946 10225 10225 E ArmVmp : Match on catch block at 0xc3 in for 0x71cfbb8025
04-22 13:26:38.951 10225 10225 E ArmVmp : Match on catch block at 0xc3 in for 0x71cfbb8025
04-22 13:26:38.953 10225 10225 E ArmVmp : Match on catch block at 0xc3 in for 0x71cfbb8025
04-22 13:26:38.962 10225 10225 E ArmVmp : Match on catch block at 0xc3 in for 0x71cfbb8025
04-22 13:26:38.965 10225 10225 E ArmVmp : Match on catch block at 0xc3 in for 0x71cfbb8025
04-22 13:26:38.975 10225 10225 E ArmVmp : Match on catch block at 0xc3 in for 0x71cfbb8025
04-22 13:26:38.978 10225 10225 E ArmVmp : Match on catch block at 0xc3 in for 0x71cfbb8025
04-22 13:26:38.986 10225 10225 E ArmVmp : Match on catch block at 0xc3 in for 0x71cfbb8025
04-22 13:26:38.989 10225 10225 E ArmVmp : Match on catch block at 0xc3 in for 0x71cfbb8025
04-22 13:26:38.996 10225 10225 E ArmVmp : Match on catch block at 0xc3 in for 0x71cfbb8025
04-22 13:26:39.000 10225 10225 E ArmVmp : Match on catch block at 0xc3 in for 0x71cfbb8025
04-22 13:26:39.007 10225 10225 E ArmVmp : Match on catch block at 0xc3 in for 0x71cfbb8025
04-22 13:26:39.010 10225 10225 E ArmVmp : Match on catch block at 0xc3 in for 0x71cfbb8025
04-22 13:26:39.019 10225 10225 E ArmVmp : Match on catch block at 0xc3 in for 0x71cfbb8025
04-22 13:26:39.024 10225 10225 E ArmVmp : Match on catch block at 0xc3 in for 0x71cfbb8025
04-22 13:26:39.030 10225 10225 E ArmVmp : Match on catch block at 0xc3 in for 0x71cfbb8025
04-22 13:26:39.033 10225 10225 E ArmVmp : Match on catch block at 0xc3 in for 0x71cfbb8025
04-22 13:26:39.041 10225 10225 E ArmVmp : Match on catch block at 0xc3 in for 0x71cfbb8025
04-22 13:26:39.043 10225 10225 E ArmVmp : Match on catch block at 0xc3 in for 0x71cfbb8025
04-22 13:26:39.052 10225 10225 E ArmVmp : Match on catch block at 0xc3 in for 0x71cfbb8025
04-22 13:26:39.055 10225 10225 E ArmVmp : Match on catch block at 0xc3 in for 0x71cfbb8025
04-22 13:26:39.063 10225 10225 E ArmVmp : Match on catch block at 0xc3 in for 0x71cfbb8025
04-22 13:26:39.066 10225 10225 E ArmVmp : Match on catch block at 0xc3 in for 0x71cfbb8025
04-22 13:26:39.075 10225 10225 E ArmVmp : Match on catch block at 0xc3 in for 0x71cfbb8025
04-22 13:26:39.078 10225 10225 E ArmVmp : Match on catch block at 0xc3 in for 0x71cfbb8025
04-22 13:26:39.086 10225 10225 E ArmVmp : Match on catch block at 0xc3 in for 0x71cfbb8025
04-22 13:26:39.090 10225 10225 E ArmVmp : Match on catch block at 0xc3 in for 0x71cfbb8025
04-22 13:26:39.097 10225 10225 E ArmVmp : Match on catch block at 0xc3 in for 0x71cfbb8025
04-22 13:26:39.101 10225 10225 E ArmVmp : Match on catch block at 0xc3 in for 0x71cfbb8025
04-22 13:26:39.108 10225 10225 E ArmVmp : Match on catch block at 0xc3 in for 0x71cfbb8025
04-22 13:26:39.112 10225 10225 E ArmVmp : Match on catch block at 0xc3 in for 0x71cfbb8025
04-22 13:26:39.119 10225 10225 E ArmVmp : Match on catch block at 0xc3 in for 0x71cfbb8025
04-22 13:26:39.123 10225 10225 E ArmVmp : Match on catch block at 0xc3 in for 0x71cfbb8025
04-22 13:26:39.130 10225 10225 E ArmVmp : Match on catch block at 0xc3 in for 0x71cfbb8025
04-22 13:26:39.135 10225 10225 E ArmVmp : Match on catch block at 0xc3 in for 0x71cfbb8025
04-22 13:26:39.142 10225 10225 E ArmVmp : Match on catch block at 0xc3 in for 0x71cfbb8025
04-22 13:26:39.146 10225 10225 E ArmVmp : Match on catch block at 0xc3 in for 0x71cfbb8025
04-22 13:26:39.623 10225 10225 E ArmVmp : Match on catch block at 0xc3 in for 0x71cfbb8025
04-22 13:26:39.627 10225 10225 E ArmVmp : Match on catch block at 0xc3 in for 0x71cfbb8025
04-22 13:26:40.127 10225 10225 E ArmVmp : Match on catch block at 0xc3 in for 0x71cfbb8025
04-22 13:26:40.132 10225 10225 E ArmVmp : Match on catch block at 0xc3 in for 0x71cfbb8025
04-22 13:26:40.631 10225 10225 E ArmVmp : Match on catch block at 0xc3 in for 0x71cfbb8025
04-22 13:26:40.634 10225 10225 E ArmVmp : Match on catch block at 0xc3 in for 0x71cfbb8025
04-22 13:26:41.135 10225 10225 E ArmVmp : Match on catch block at 0xc3 in for 0x71cfbb8025
04-22 13:26:41.138 10225 10225 E ArmVmp : Match on catch block at 0xc3 in for 0x71cfbb8025
04-22 13:26:41.627 10225 10225 E ArmVmp : Match on catch block at 0xc3 in for 0x71cfbb8025
04-22 13:26:41.633 10225 10225 E ArmVmp : Match on catch block at 0xc3 in for 0x71cfbb8025
04-22 13:26:42.132 10225 10225 E ArmVmp : Match on catch block at 0xc3 in for 0x71cfbb8025
04-22 13:26:42.140 10225 10225 E ArmVmp : Match on catch block at 0xc3 in for 0x71cfbb8025
04-22 13:26:42.637 10225 10225 E ArmVmp : Match on catch block at 0xc3 in for 0x71cfbb8025
04-22 13:26:42.643 10225 10225 E ArmVmp : Match on catch block at 0xc3 in for 0x71cfbb8025
04-22 13:26:43.139 10225 10225 E ArmVmp : Match on catch block at 0xc3 in for 0x71cfbb8025
04-22 13:26:43.146 10225 10225 E ArmVmp : Match on catch block at 0xc3 in for 0x71cfbb8025
04-22 13:26:43.630 10225 10225 E ArmVmp : Match on catch block at 0xc3 in for 0x71cfbb8025
04-22 13:26:43.633 10225 10225 E ArmVmp : Match on catch block at 0xc3 in for 0x71cfbb8025
04-22 13:26:44.136 10225 10225 E ArmVmp : Match on catch block at 0xc3 in for 0x71cfbb8025
04-22 13:26:44.143 10225 10225 E ArmVmp : Match on catch block at 0xc3 in for 0x71cfbb8025
04-22 13:26:44.637 10225 10225 E ArmVmp : Match on catch block at 0xc3 in for 0x71cfbb8025
04-22 13:26:44.643 10225 10225 E ArmVmp : Match on catch block at 0xc3 in for 0x71cfbb8025
04-22 13:26:45.145 10225 10225 E ArmVmp : Match on catch block at 0xc3 in for 0x71cfbb8025
04-22 13:26:45.156 10225 10225 E ArmVmp : Match on catch block at 0xc3 in for 0x71cfbb8025
04-22 13:26:45.646 10225 10225 E ArmVmp : Match on catch block at 0xc3 in for 0x71cfbb8025
04-22 13:26:45.654 10225 10225 E ArmVmp : Match on catch block at 0xc3 in for 0x71cfbb8025
04-22 13:26:46.136 10225 10225 E ArmVmp : Match on catch block at 0xc3 in for 0x71cfbb8025
04-22 13:26:46.144 10225 10225 E ArmVmp : Match on catch block at 0xc3 in for 0x71cfbb8025
04-22 13:26:46.653 10225 10225 E ArmVmp : Match on catch block at 0xc3 in for 0x71cfbb8025
04-22 13:26:46.661 10225 10225 E ArmVmp : Match on catch block at 0xc3 in for 0x71cfbb8025
04-22 13:26:47.155 10225 10225 E ArmVmp : Match on catch block at 0xc3 in for 0x71cfbb8025
04-22 13:26:47.163 10225 10225 E ArmVmp : Match on catch block at 0xc3 in for 0x71cfbb8025
04-22 13:26:47.652 10225 10225 E ArmVmp : Match on catch block at 0xc3 in for 0x71cfbb8025
04-22 13:26:47.658 10225 10225 E ArmVmp : Match on catch block at 0xc3 in for 0x71cfbb8025
04-22 13:26:48.171 10225 10225 E ArmVmp : Match on catch block at 0xc3 in for 0x71cfbb8025
04-22 13:26:48.178 10225 10225 E ArmVmp : Match on catch block at 0xc3 in for 0x71cfbb8025
04-22 13:26:48.672 10225 10225 E ArmVmp : Match on catch block at 0xc3 in for 0x71cfbb8025
04-22 13:26:48.681 10225 10225 E ArmVmp : Match on catch block at 0xc3 in for 0x71cfbb8025
04-22 13:26:49.148 10225 10225 E ArmVmp : Match on catch block at 0xc3 in for 0x71cfbb8025
04-22 13:26:49.156 10225 10225 E ArmVmp : Match on catch block at 0xc3 in for 0x71cfbb8025
04-22 13:26:49.675 10225 10225 E ArmVmp : Match on catch block at 0xc3 in for 0x71cfbb8025
04-22 13:26:49.683 10225 10225 E ArmVmp : Match on catch block at 0xc3 in for 0x71cfbb8025
04-22 13:26:50.167 10225 10225 E ArmVmp : Match on catch block at 0xc3 in for 0x71cfbb8025
04-22 13:26:50.176 10225 10225 E ArmVmp : Match on catch block at 0xc3 in for 0x71cfbb8025
04-22 13:26:50.658 10225 10225 E ArmVmp : Match on catch block at 0xc3 in for 0x71cfbb8025
04-22 13:26:50.666 10225 10225 E ArmVmp : Match on catch block at 0xc3 in for 0x71cfbb8025
04-22 13:26:51.185 10225 10225 E ArmVmp : Match on catch block at 0xc3 in for 0x71cfbb8025
04-22 13:26:51.193 10225 10225 E ArmVmp : Match on catch block at 0xc3 in for 0x71cfbb8025
04-22 13:26:51.678 10225 10225 E ArmVmp : Match on catch block at 0xc3 in for 0x71cfbb8025
04-22 13:26:51.688 10225 10225 E ArmVmp : Match on catch block at 0xc3 in for 0x71cfbb8025
04-22 13:26:52.168 10225 10225 E ArmVmp : Match on catch block at 0xc3 in for 0x71cfbb8025
04-22 13:26:52.176 10225 10225 E ArmVmp : Match on catch block at 0xc3 in for 0x71cfbb8025
04-22 13:26:52.662 10225 10225 E ArmVmp : Match on catch block at 0xc3 in for 0x71cfbb8025
04-22 13:26:52.671 10225 10225 E ArmVmp : Match on catch block at 0xc3 in for 0x71cfbb8025
04-22 13:26:53.182 10225 10225 E ArmVmp : Match on catch block at 0xc3 in for 0x71cfbb8025
04-22 13:26:53.187 10225 10225 E ArmVmp : Match on catch block at 0xc3 in for 0x71cfbb8025
04-22 13:26:53.676 10225 10225 E ArmVmp : Match on catch block at 0xc3 in for 0x71cfbb8025
04-22 13:26:53.682 10225 10225 E ArmVmp : Match on catch block at 0xc3 in for 0x71cfbb8025
04-22 13:26:54.167 10225 10225 E ArmVmp : Match on catch block at 0xc3 in for 0x71cfbb8025
04-22 13:26:54.173 10225 10225 E ArmVmp : Match on catch block at 0xc3 in for 0x71cfbb8025
04-22 13:26:54.697 10225 10225 E ArmVmp : Match on catch block at 0xc3 in for 0x71cfbb8025
04-22 13:26:54.704 10225 10225 E ArmVmp : Match on catch block at 0xc3 in for 0x71cfbb8025
04-22 13:26:55.190 10225 10225 E ArmVmp : Match on catch block at 0xc3 in for 0x71cfbb8025
04-22 13:26:55.198 10225 10225 E ArmVmp : Match on catch block at 0xc3 in for 0x71cfbb8025
04-22 13:26:55.685 10225 10225 E ArmVmp : Match on catch block at 0xc3 in for 0x71cfbb8025
04-22 13:26:55.694 10225 10225 E ArmVmp : Match on catch block at 0xc3 in for 0x71cfbb8025
04-22 13:26:56.182 10225 10225 E ArmVmp : Match on catch block at 0xc3 in for 0x71cfbb8025
04-22 13:26:56.190 10225 10225 E ArmVmp : Match on catch block at 0xc3 in for 0x71cfbb8025
04-22 13:26:56.700 10225 10225 E ArmVmp : Match on catch block at 0xc3 in for 0x71cfbb8025
04-22 13:26:56.710 10225 10225 E ArmVmp : Match on catch block at 0xc3 in for 0x71cfbb8025
04-22 13:26:57.190 10225 10225 E ArmVmp : Match on catch block at 0xc3 in for 0x71cfbb8025
04-22 13:26:57.199 10225 10225 E ArmVmp : Match on catch block at 0xc3 in for 0x71cfbb8025
04-22 13:26:57.681 10225 10225 E ArmVmp : Match on catch block at 0xc3 in for 0x71cfbb8025
04-22 13:26:57.689 10225 10225 E ArmVmp : Match on catch block at 0xc3 in for 0x71cfbb8025
04-22 13:26:58.207 10225 10225 E ArmVmp : Match on catch block at 0xc3 in for 0x71cfbb8025
04-22 13:26:58.215 10225 10225 E ArmVmp : Match on catch block at 0xc3 in for 0x71cfbb8025
04-22 13:26:58.701 10225 10225 E ArmVmp : Match on catch block at 0xc3 in for 0x71cfbb8025
04-22 13:26:58.711 10225 10225 E ArmVmp : Match on catch block at 0xc3 in for 0x71cfbb8025
04-22 13:26:59.193 10225 10225 E ArmVmp : Match on catch block at 0xc3 in for 0x71cfbb8025
04-22 13:26:59.203 10225 10225 E ArmVmp : Match on catch block at 0xc3 in for 0x71cfbb8025
04-22 13:26:59.718 10225 10225 E ArmVmp : Match on catch block at 0xc3 in for 0x71cfbb8025
04-22 13:26:59.728 10225 10225 E ArmVmp : Match on catch block at 0xc3 in for 0x71cfbb8025
04-22 13:27:00.206 10225 10225 E ArmVmp : Match on catch block at 0xc3 in for 0x71cfbb8025
04-22 13:27:00.210 10225 10225 E ArmVmp : Match on catch block at 0xc3 in for 0x71cfbb8025
04-22 13:27:00.699 10225 10225 E ArmVmp : Match on catch block at 0xc3 in for 0x71cfbb8025
04-22 13:27:00.704 10225 10225 E ArmVmp : Match on catch block at 0xc3 in for 0x71cfbb8025
04-22 13:27:01.191 10225 10225 E ArmVmp : Match on catch block at 0xc3 in for 0x71cfbb8025
04-22 13:27:01.197 10225 10225 E ArmVmp : Match on catch block at 0xc3 in for 0x71cfbb8025
04-22 13:27:01.717 10225 10225 E ArmVmp : Match on catch block at 0xc3 in for 0x71cfbb8025
04-22 13:27:01.723 10225 10225 E ArmVmp : Match on catch block at 0xc3 in for 0x71cfbb8025
04-22 13:27:02.211 10225 10225 E ArmVmp : Match on catch block at 0xc3 in for 0x71cfbb8025
04-22 13:27:02.219 10225 10225 E ArmVmp : Match on catch block at 0xc3 in for 0x71cfbb8025
04-22 13:27:02.700 10225 10225 E ArmVmp : Match on catch block at 0xc3 in for 0x71cfbb8025
04-22 13:27:02.706 10225 10225 E ArmVmp : Match on catch block at 0xc3 in for 0x71cfbb8025
04-22 13:27:03.229 10225 10225 E ArmVmp : Match on catch block at 0xc3 in for 0x71cfbb8025
04-22 13:27:03.236 10225 10225 E ArmVmp : Match on catch block at 0xc3 in for 0x71cfbb8025
04-22 13:27:03.722 10225 10225 E ArmVmp : Match on catch block at 0xc3 in for 0x71cfbb8025
04-22 13:27:03.731 10225 10225 E ArmVmp : Match on catch block at 0xc3 in for 0x71cfbb8025
04-22 13:27:04.215 10225 10225 E ArmVmp : Match on catch block at 0xc3 in for 0x71cfbb8025
04-22 13:27:04.224 10225 10225 E ArmVmp : Match on catch block at 0xc3 in for 0x71cfbb8025
04-22 13:27:04.703 10225 10225 E ArmVmp : Match on catch block at 0xc3 in for 0x71cfbb8025
04-22 13:27:04.709 10225 10225 E ArmVmp : Match on catch block at 0xc3 in for 0x71cfbb8025
04-22 13:27:05.231 10225 10225 E ArmVmp : Match on catch block at 0xc3 in for 0x71cfbb8025
04-22 13:27:05.238 10225 10225 E ArmVmp : Match on catch block at 0xc3 in for 0x71cfbb8025
04-22 13:27:05.724 10225 10225 E ArmVmp : Match on catch block at 0xc3 in for 0x71cfbb8025
04-22 13:27:05.734 10225 10225 E ArmVmp : Match on catch block at 0xc3 in for 0x71cfbb8025
04-22 13:27:06.218 10225 10225 E ArmVmp : Match on catch block at 0xc3 in for 0x71cfbb8025
04-22 13:27:06.227 10225 10225 E ArmVmp : Match on catch block at 0xc3 in for 0x71cfbb8025
04-22 13:27:06.744 10225 10225 E ArmVmp : Match on catch block at 0xc3 in for 0x71cfbb8025
04-22 13:27:06.754 10225 10225 E ArmVmp : Match on catch block at 0xc3 in for 0x71cfbb8025
04-22 13:27:07.235 10225 10225 E ArmVmp : Match on catch block at 0xc3 in for 0x71cfbb8025
04-22 13:27:07.244 10225 10225 E ArmVmp : Match on catch block at 0xc3 in for 0x71cfbb8025
04-22 13:27:07.739 10225 10225 E ArmVmp : Match on catch block at 0xc3 in for 0x71cfbb8025
04-22 13:27:07.747 10225 10225 E ArmVmp : Match on catch block at 0xc3 in for 0x71cfbb8025
04-22 13:27:08.235 10225 10225 E ArmVmp : Match on catch block at 0xc3 in for 0x71cfbb8025
04-22 13:27:08.243 10225 10225 E ArmVmp : Match on catch block at 0xc3 in for 0x71cfbb8025
04-22 13:27:08.720 10225 10225 E ArmVmp : Match on catch block at 0xc3 in for 0x71cfbb8025
04-22 13:27:08.724 10225 10225 E ArmVmp : Match on catch block at 0xc3 in for 0x71cfbb8025
04-22 13:27:09.245 10225 10225 E ArmVmp : Match on catch block at 0xc3 in for 0x71cfbb8025
04-22 13:27:09.251 10225 10225 E ArmVmp : Match on catch block at 0xc3 in for 0x71cfbb8025
