04-22 13:19:29.480 10225 10270 W System.err: at libcore.io.ForwardingOs.android_getaddrinfo(ForwardingOs.java:133)
04-22 13:19:29.480 10225 10270 W System.err: at libcore.io.BlockGuardOs.android_getaddrinfo(BlockGuardOs.java:222)
04-22 13:19:29.480 10225 10270 W System.err: at libcore.io.ForwardingOs.android_getaddrinfo(ForwardingOs.java:133)
04-22 13:19:29.480 10225 10270 W System.err: at java.net.Inet6AddressImpl.lookupHostByName(Inet6AddressImpl.java:135)
04-22 13:19:29.480 10225 10270 W System.err: ... 27 more
04-22 13:19:29.562 10225 10225 W OpenGLRenderer: Unknown dataspace 0
04-22 13:19:29.566 10225 12147 W libc : Access denied finding property "ro.vendor.display.iris_x7.support" --------- beginning of system
04-22 13:19:29.578 10225 10225 W Looper : PerfMonitor looperActivity : package=com.mbwhatsapp/.HomeActivity time=0ms latency=508ms procState=-1 historyMsgCount=2 (msgIndex=2 wall=499ms seq=87 late=10ms h=android.app.ActivityThread$H w=159)
04-22 13:19:29.814 10225 10225 E ArmVmp : Match on catch block at 0x8d in for 0x71cfbb803d
04-22 13:19:29.913 10225 10225 E ArmVmp : Match on catch block at 0x8d in for 0x71cfbb803d
04-22 13:19:29.962 10225 10225 E ArmVmp : Match on catch block at 0x8d in for 0x71cfbb803d
04-22 13:19:30.015 10225 10225 E ArmVmp : Match on catch block at 0x8d in for 0x71cfbb803d
04-22 13:19:30.091 10225 10225 E ArmVmp : Match on catch block at 0x8d in for 0x71cfbb803d
04-22 13:19:30.152 10225 10225 E ArmVmp : Match on catch block at 0x8d in for 0x71cfbb803d
04-22 13:19:30.208 10225 10225 E ArmVmp : Match on catch block at 0x8d in for 0x71cfbb803d
04-22 13:19:30.268 10225 10225 E ArmVmp : Match on catch block at 0x8d in for 0x71cfbb803d
04-22 13:19:30.330 10225 10225 E ArmVmp : Match on catch block at 0x8d in for 0x71cfbb803d
04-22 13:19:30.360 10225 10225 E RecyclerView: No adapter attached; skipping layout
04-22 13:19:30.371 10225 10225 W Looper : PerfMonitor doFrame : time=769ms vsyncFrame=0 latency=30ms procState=-1 historyMsgCount=28 (msgIndex=1 wall=499ms seq=87 late=10ms h=android.app.ActivityThread$H w=159)
04-22 13:19:30.376 10225 10225 E ArmVmp : Match on catch block at 0x0a in for 0x71cfbb8035
04-22 13:19:30.385 10225 10225 W Looper : PerfMonitor looperActivity : package=com.mbwhatsapp/mbmodsd.mbmodsw.mbsettings.yo.PauseActivity time=14ms latency=779ms procState=-1 historyMsgCount=17 (msgIndex=16 wall=769ms seq=115 late=30ms h=android.view.Choreographer$FrameHandler c=android.view.Choreographer$FrameDisplayEventReceiver)
04-22 13:19:30.409 10225 10225 W MiuiStubRegistry: Failed to collect stub providers in android.magicpointer.util.MiuiMagicPointerUtilsStubHeadManifest$$: /system_ext/framework/miui-framework-pointer-pad.jar not exist
04-22 13:19:30.422 10225 10225 E RecyclerView: No adapter attached; skipping layout
04-22 13:19:30.423 10225 10225 W Looper : PerfMonitor doFrame : time=36ms vsyncFrame=0 latency=781ms procState=-1 historyMsgCount=7 (msgIndex=1 wall=769ms seq=115 late=30ms h=android.view.Choreographer$FrameHandler c=android.view.Choreographer$FrameDisplayEventReceiver)
04-22 13:19:30.444 10225 10225 W Looper : PerfMonitor looperActivity : package=com.mbwhatsapp/.HomeActivity time=8ms latency=484ms procState=-1 historyMsgCount=62 (msgIndex=1 wall=769ms seq=115 late=30ms h=android.view.Choreographer$FrameHandler c=android.view.Choreographer$FrameDisplayEventReceiver)
04-22 13:19:30.446 10225 10225 W Looper : PerfMonitor looperActivity : package=com.mbwhatsapp/mbmodsd.mbmodsw.mbsettings.yo.PauseActivity time=0ms latency=442ms procState=-1 historyMsgCount=73 (msgIndex=1 wall=769ms seq=115 late=30ms h=android.view.Choreographer$FrameHandler c=android.view.Choreographer$FrameDisplayEventReceiver)
04-22 13:19:30.446 10225 10225 W Looper : PerfMonitor looperActivity : package=com.mbwhatsapp/mbmodsd.mbmodsw.mbsettings.yo.PauseActivity time=0ms latency=439ms procState=-1 historyMsgCount=74 (msgIndex=1 wall=769ms seq=115 late=30ms h=android.view.Choreographer$FrameHandler c=android.view.Choreographer$FrameDisplayEventReceiver)
04-22 13:19:30.551 10225 12194 W LOTTIE : Animation contains merge paths. Merge paths are only supported on KitKat+ and must be manually enabled by calling enableMergePathsForKitKatAndAbove().
04-22 13:19:30.615 10225 12147 E GED : Failed to get GED Log Buf, err(0)
04-22 13:19:30.620 10225 10225 E ArmVmp : Match on catch block at 0x8d in for 0x71cfbb8049
04-22 13:19:30.626 10225 10225 E ArmVmp : Match on catch block at 0x8d in for 0x71cfbb8049
04-22 13:19:30.628 10225 12147 W libc : Access denied finding property "vendor.migl.debug"
04-22 13:19:30.628 10225 12147 E libMiGL : libmigl:This GPU version is note support Variable Shading Rate
04-22 13:19:30.630 10225 12147 E libEGL : pre_cache appList: ,,,,,,
04-22 13:19:30.631 10225 10225 E ArmVmp : Match on catch block at 0x8d in for 0x71cfbb8049
04-22 13:19:30.635 10225 10225 E ArmVmp : Match on catch block at 0x8d in for 0x71cfbb8049
04-22 13:19:30.642 10225 12147 E OpenGLRenderer: Unable to match the desired swap behavior.
04-22 13:19:30.694 10225 10225 W libc : Access denied finding property "ro.vendor.display.iris_x7.support"
04-22 13:19:30.705 10225 12147 W libc : Access denied finding property "ro.vendor.magt.mtk_magt_support"
04-22 13:19:30.707 10225 12147 W libc : Access denied finding property "ro.vendor.display.iris_x7.support"
04-22 13:19:30.752 10225 12147 E LB : fail to open file: No such file or directory
04-22 13:19:30.752 10225 12147 E LB : fail to open node: No such file or directory
04-22 13:19:30.753 10225 12147 W libc : Access denied finding property "ro.vendor.display.iris_x7.support"
04-22 13:19:30.758 10225 10225 W LOTTIE : Animation contains merge paths but they are disabled.
04-22 13:19:30.932 10225 10225 E ArmVmp : Match on catch block at 0x8d in for 0x71cfbb8039
04-22 13:19:30.941 10225 10225 E ArmVmp : Match on catch block at 0x8d in for 0x71cfbb8039
04-22 13:19:30.951 10225 10225 E ArmVmp : Match on catch block at 0x5b in for 0x71cfbb801d
04-22 13:19:31.130 10225 12147 E OpenGLRenderer: Unable to match the desired swap behavior.
04-22 13:19:31.179 10225 10225 W com.mbwhatsapp: type=1400 audit(0.0:5203): avc: denied { read } for name="u:object_r:vendor_ro_audio_prop:s0" dev="tmpfs" ino=707 scontext=u:r:untrusted_app_32:s0:c232,c256,c512,c768 tcontext=u:object_r:vendor_ro_audio_prop:s0 tclass=file permissive=0 app=com.mbwhatsapp
04-22 13:19:31.183 10225 10225 W libc : Access denied finding property "ro.vendor.audio.cloudctrl"
04-22 13:19:35.108 10225 12147 W com.mbwhatsapp: remote service is not exist
04-22 13:19:41.977 10225 10225 W MirrorManager: this model don't Support
04-22 13:19:42.019 10225 10225 E ArmVmp : Match on catch block at 0x8d in for 0x71cfbb8045
04-22 13:19:44.189 10225 10225 W Choreographer: Frame time is 0.041782 now = 277608962246 timestampNanos = 277609004028 ms in the future! Check that graphics HAL is generating vsync timestamps using the correct timebase.
04-22 13:19:45.387 10225 12297 E RenderScript: Failed to find hal setup entry points: undefined symbol: rsdHalAbort
04-22 13:19:45.388 10225 12297 E RenderScript: Failed to load runtime , loading default
04-22 13:19:45.505 10225 10225 E ArmVmp : Match on catch block at 0x4c in for 0x71cfbb8039
04-22 13:19:45.516 10225 10225 E ArmVmp : Match on catch block at 0x8d in for 0x71cfbb8039
04-22 13:19:45.523 10225 10225 E ArmVmp : Match on catch block at 0x8d in for 0x71cfbb8039
04-22 13:19:45.555 10225 10225 E ArmVmp : Match on catch block at 0x0a in for 0x71cfbb8035
04-22 13:19:45.559 10225 10225 E ArmVmp : Match on catch block at 0x0a in for 0x71cfbb8035
04-22 13:19:45.560 10225 10270 E ArmVmp : Match on catch block at 0x48 in for 0x71ce670821
04-22 13:19:45.560 10225 10270 W System.err: java.net.UnknownHostException: Unable to resolve host "translate.googleapis.com": No address associated with hostname
04-22 13:19:45.560 10225 10270 W System.err: at java.net.Inet6AddressImpl.lookupHostByName(Inet6AddressImpl.java:156)
04-22 13:19:45.560 10225 10270 W System.err: at java.net.Inet6AddressImpl.lookupAllHostAddr(Inet6AddressImpl.java:103)
04-22 13:19:45.560 10225 10270 W System.err: at java.net.InetAddress.getAllByName(InetAddress.java:1152)
04-22 13:19:45.560 10225 10270 W System.err: at com.android.okhttp.Dns$1.lookup(Dns.java:41)
04-22 13:19:45.560 10225 10270 W System.err: at com.android.okhttp.internal.http.RouteSelector.resetNextInetSocketAddress(RouteSele ctor.java:178)
04-22 13:19:45.560 10225 10270 W System.err: at com.android.okhttp.internal.http.RouteSelector.nextProxy(RouteSelector.java:144)
04-22 13:19:45.560 10225 10270 W System.err: at com.android.okhttp.internal.http.RouteSelector.next(RouteSelector.java:86)
04-22 13:19:45.560 10225 10270 W System.err: at com.android.okhttp.internal.http.StreamAllocation.findConnection(StreamAllocation.j ava:176)
04-22 13:19:45.560 10225 10270 W System.err: at com.android.okhttp.internal.http.StreamAllocation.findHealthyConnection(StreamAlloc ation.java:128)
04-22 13:19:45.560 10225 10270 W System.err: at com.android.okhttp.internal.http.StreamAllocation.newStream(StreamAllocation.java:9 7)
04-22 13:19:45.560 10225 10270 W System.err: at com.android.okhttp.internal.http.HttpEngine.connect(HttpEngine.java:289)
04-22 13:19:45.560 10225 10270 W System.err: at com.android.okhttp.internal.http.HttpEngine.sendRequest(HttpEngine.java:232)
04-22 13:19:45.560 10225 10270 W System.err: at com.android.okhttp.internal.huc.HttpURLConnectionImpl.execute(HttpURLConnectionImpl .java:465)
04-22 13:19:45.560 10225 10270 W System.err: at com.android.okhttp.internal.huc.HttpURLConnectionImpl.connect(HttpURLConnectionImpl .java:131)
04-22 13:19:45.560 10225 10270 W System.err: at com.android.okhttp.internal.huc.DelegatingHttpsURLConnection.connect(DelegatingHttp sURLConnection.java:90)
04-22 13:19:45.560 10225 10270 W System.err: at com.android.okhttp.internal.huc.HttpsURLConnectionImpl.connect(HttpsURLConnectionIm pl.java:30)
04-22 13:19:45.560 10225 10270 W System.err: at mbmodsd.mbmodsw.home.MBTranslator.translate(Native Method)
04-22 13:19:45.561 10225 10270 W System.err: at mbmodsd.mbmodsw.home.MBTranslator$Async.doInBackground(Native Method)
04-22 13:19:45.561 10225 10270 W System.err: at mbmodsd.mbmodsw.home.MBTranslator$Async.doInBackground(Native Method)
04-22 13:19:45.561 10225 10270 W System.err: at android.os.AsyncTask$3.call(AsyncTask.java:394)
04-22 13:19:45.561 10225 10270 W System.err: at java.util.concurrent.FutureTask.run(FutureTask.java:264)
04-22 13:19:45.561 10225 10270 W System.err: at android.os.AsyncTask$SerialExecutor$1.run(AsyncTask.java:305)
04-22 13:19:45.561 10225 10270 W System.err: at java.util.concurrent.ThreadPoolExecutor.runWorker(ThreadPoolExecutor.java:1145)
04-22 13:19:45.561 10225 10270 W System.err: at java.util.concurrent.ThreadPoolExecutor$Worker.run(ThreadPoolExecutor.java:644)
04-22 13:19:45.561 10225 10270 W System.err: at java.lang.Thread.run(Thread.java:1012)
04-22 13:19:45.561 10225 10270 W System.err: Caused by: android.system.GaiException: android_getaddrinfo failed: EAI_NODATA (No address associated with hostname)
04-22 13:19:45.561 10225 10270 W System.err: at libcore.io.Linux.android_getaddrinfo(Native Method)
04-22 13:19:45.561 10225 10270 W System.err: at libcore.io.ForwardingOs.android_getaddrinfo(ForwardingOs.java:133)
04-22 13:19:45.561 10225 10270 W System.err: at libcore.io.BlockGuardOs.android_getaddrinfo(BlockGuardOs.java:222)
04-22 13:19:45.561 10225 10270 W System.err: at libcore.io.ForwardingOs.android_getaddrinfo(ForwardingOs.java:133)
04-22 13:19:45.561 10225 10270 W System.err: at java.net.Inet6AddressImpl.lookupHostByName(Inet6AddressImpl.java:135)
04-22 13:19:45.561 10225 10270 W System.err: ... 24 more
04-22 13:19:45.562 10225 10270 E ArmVmp : Match on catch block at 0x48 in for 0x71ce670825
04-22 13:19:45.562 10225 10270 W System.err: java.net.UnknownHostException: Unable to resolve host "translate.googleapis.com": No address associated with hostname
04-22 13:19:45.562 10225 10270 W System.err: at java.net.Inet6AddressImpl.lookupHostByName(Inet6AddressImpl.java:124)
04-22 13:19:45.562 10225 10270 W System.err: at java.net.Inet6AddressImpl.lookupAllHostAddr(Inet6AddressImpl.java:103)
04-22 13:19:45.562 10225 10270 W System.err: at java.net.InetAddress.getAllByName(InetAddress.java:1152)
04-22 13:19:45.562 10225 10270 W System.err: at com.android.okhttp.Dns$1.lookup(Dns.java:41)
04-22 13:19:45.562 10225 10270 W System.err: at com.android.okhttp.internal.http.RouteSelector.resetNextInetSocketAddress(RouteSele ctor.java:178)
04-22 13:19:45.562 10225 10270 W System.err: at com.android.okhttp.internal.http.RouteSelector.nextProxy(RouteSelector.java:144)
04-22 13:19:45.562 10225 10270 W System.err: at com.android.okhttp.internal.http.RouteSelector.next(RouteSelector.java:86)
04-22 13:19:45.562 10225 10270 W System.err: at com.android.okhttp.internal.http.StreamAllocation.findConnection(StreamAllocation.j ava:176)
04-22 13:19:45.562 10225 10270 W System.err: at com.android.okhttp.internal.http.StreamAllocation.findHealthyConnection(StreamAlloc ation.java:128)
04-22 13:19:45.562 10225 10270 W System.err: at com.android.okhttp.internal.http.StreamAllocation.newStream(StreamAllocation.java:9 7)
04-22 13:19:45.562 10225 10270 W System.err: at com.android.okhttp.internal.http.HttpEngine.connect(HttpEngine.java:289)
04-22 13:19:45.562 10225 10270 W System.err: at com.android.okhttp.internal.http.HttpEngine.sendRequest(HttpEngine.java:232)
04-22 13:19:45.562 10225 10270 W System.err: at com.android.okhttp.internal.huc.HttpURLConnectionImpl.execute(HttpURLConnectionImpl .java:465)
04-22 13:19:45.562 10225 10270 W System.err: at com.android.okhttp.internal.huc.HttpURLConnectionImpl.connect(HttpURLConnectionImpl .java:131)
04-22 13:19:45.562 10225 10270 W System.err: at com.android.okhttp.internal.huc.DelegatingHttpsURLConnection.connect(DelegatingHttp sURLConnection.java:90)
04-22 13:19:45.562 10225 10270 W System.err: at com.android.okhttp.internal.huc.HttpsURLConnectionImpl.connect(HttpsURLConnectionIm pl.java:30)
04-22 13:19:45.562 10225 10270 W System.err: at mbmodsd.mbmodsw.home.MBTranslator.translate(Native Method)
04-22 13:19:45.563 10225 10270 W System.err: at mbmodsd.mbmodsw.home.MBTranslator$Async.doInBackground(Native Method)
04-22 13:19:45.563 10225 10270 W System.err: at mbmodsd.mbmodsw.home.MBTranslator$Async.doInBackground(Native Method)
04-22 13:19:45.563 10225 10270 W System.err: at android.os.AsyncTask$3.call(AsyncTask.java:394)
04-22 13:19:45.563 10225 10270 W System.err: at java.util.concurrent.FutureTask.run(FutureTask.java:264)
04-22 13:19:45.563 10225 10270 W System.err: at android.os.AsyncTask$SerialExecutor$1.run(AsyncTask.java:305)
04-22 13:19:45.563 10225 10270 W System.err: at java.util.concurrent.ThreadPoolExecutor.runWorker(ThreadPoolExecutor.java:1145)
04-22 13:19:45.563 10225 10270 W System.err: at java.util.concurrent.ThreadPoolExecutor$Worker.run(ThreadPoolExecutor.java:644)
04-22 13:19:45.563 10225 10270 W System.err: at java.lang.Thread.run(Thread.java:1012)
04-22 13:19:45.590 10225 12147 W libc : Access denied finding property "ro.vendor.display.iris_x7.support"
04-22 13:19:45.622 10225 12147 E OpenGLRenderer: Unable to match the desired swap behavior.
04-22 13:19:45.735 10225 10225 W pool-6-thread-1: type=1400 audit(0.0:5208): avc: granted { execute } for path="/data/data/com.mbwhatsapp/files/decompressed/libs.spk.zst/libgifimage.so" dev="dm-48" ino=160429 scontext=u:r:untrusted_app_32:s0:c232,c256,c512,c768 tcontext=u:object_r:app_data_file:s0:c232,c256,c512,c768 tclass=file app=com.mbwhatsapp
04-22 13:19:45.762 10225 10225 E ArmVmp : Match on catch block at 0xc3 in for 0x71cfbb8021
04-22 13:19:45.765 10225 10225 E ArmVmp : Match on catch block at 0xc3 in for 0x71cfbb8021
04-22 13:19:45.810 10225 10225 E ArmVmp : Match on catch block at 0xc3 in for 0x71cfbb8025
04-22 13:19:45.812 10225 10225 E ArmVmp : Match on catch block at 0xc3 in for 0x71cfbb8025
04-22 13:19:45.854 10225 10225 E ArmVmp : Match on catch block at 0xc3 in for 0x71cfbb8025
04-22 13:19:45.861 10225 10225 E ArmVmp : Match on catch block at 0xc3 in for 0x71cfbb8025
04-22 13:19:45.893 10225 10225 E ArmVmp : Match on catch block at 0xc3 in for 0x71cfbb8025
04-22 13:19:45.895 10225 10225 E ArmVmp : Match on catch block at 0xc3 in for 0x71cfbb8025
04-22 13:19:45.909 10225 10225 E ArmVmp : Match on catch block at 0xc3 in for 0x71cfbb8025
04-22 13:19:45.913 10225 10225 E ArmVmp : Match on catch block at 0xc3 in for 0x71cfbb8025
04-22 13:19:45.937 10225 10225 E ArmVmp : Match on catch block at 0xc3 in for 0x71cfbb8025
04-22 13:19:45.942 10225 10225 E ArmVmp : Match on catch block at 0xc3 in for 0x71cfbb8025
04-22 13:19:45.951 10225 10225 E ArmVmp : Match on catch block at 0xc3 in for 0x71cfbb8025
04-22 13:19:45.954 10225 10225 E ArmVmp : Match on catch block at 0xc3 in for 0x71cfbb8025
04-22 13:19:45.967 10225 10225 E ArmVmp : Match on catch block at 0xc3 in for 0x71cfbb8025
04-22 13:19:45.972 10225 10225 E ArmVmp : Match on catch block at 0xc3 in for 0x71cfbb8025
04-22 13:19:45.983 10225 10225 E ArmVmp : Match on catch block at 0xc3 in for 0x71cfbb8025
04-22 13:19:45.989 10225 10225 E ArmVmp : Match on catch block at 0xc3 in for 0x71cfbb8025
04-22 13:19:46.002 10225 10225 E ArmVmp : Match on catch block at 0xc3 in for 0x71cfbb8025
04-22 13:19:46.005 10225 10225 E ArmVmp : Match on catch block at 0xc3 in for 0x71cfbb8025
04-22 13:19:46.019 10225 10225 E ArmVmp : Match on catch block at 0xc3 in for 0x71cfbb8025
04-22 13:19:46.023 10225 10225 E ArmVmp : Match on catch block at 0xc3 in for 0x71cfbb8025
04-22 13:19:46.214 10225 10225 E ArmVmp : Match on catch block at 0xc3 in for 0x71cfbb8025
04-22 13:19:46.217 10225 10225 E ArmVmp : Match on catch block at 0xc3 in for 0x71cfbb8025
04-22 13:19:46.230 10225 10225 E ArmVmp : Match on catch block at 0xc3 in for 0x71cfbb8025
04-22 13:19:46.236 10225 10225 E ArmVmp : Match on catch block at 0xc3 in for 0x71cfbb8025
04-22 13:19:46.389 10225 10225 E ArmVmp : Match on catch block at 0xc3 in for 0x71cfbb8025
04-22 13:19:46.391 10225 10225 E ArmVmp : Match on catch block at 0xc3 in for 0x71cfbb8025
04-22 13:19:46.400 10225 10225 E ArmVmp : Match on catch block at 0xc3 in for 0x71cfbb8025
04-22 13:19:46.405 10225 10225 E ArmVmp : Match on catch block at 0xc3 in for 0x71cfbb8025
04-22 13:19:46.412 10225 10225 E ArmVmp : Match on catch block at 0xc3 in for 0x71cfbb8025
04-22 13:19:46.414 10225 10225 E ArmVmp : Match on catch block at 0xc3 in for 0x71cfbb8025
04-22 13:19:46.422 10225 10225 E ArmVmp : Match on catch block at 0xc3 in for 0x71cfbb8025
04-22 13:19:46.425 10225 10225 E ArmVmp : Match on catch block at 0xc3 in for 0x71cfbb8025
04-22 13:19:46.435 10225 10225 E ArmVmp : Match on catch block at 0xc3 in for 0x71cfbb8025
04-22 13:19:46.437 10225 10225 E ArmVmp : Match on catch block at 0xc3 in for 0x71cfbb8025
04-22 13:19:46.456 10225 10225 E ArmVmp : Match on catch block at 0xc3 in for 0x71cfbb8025
04-22 13:19:46.459 10225 10225 E ArmVmp : Match on catch block at 0xc3 in for 0x71cfbb8025
04-22 13:19:46.472 10225 10225 E ArmVmp : Match on catch block at 0xc3 in for 0x71cfbb8025
04-22 13:19:46.473 10225 10225 E ArmVmp : Match on catch block at 0xc3 in for 0x71cfbb8025
04-22 13:19:46.483 10225 10225 E ArmVmp : Match on catch block at 0xc3 in for 0x71cfbb8025
04-22 13:19:46.485 10225 10225 E ArmVmp : Match on catch block at 0xc3 in for 0x71cfbb8025
04-22 13:19:46.489 10225 10225 E ArmVmp : Match on catch block at 0xc3 in for 0x71cfbb8025
04-22 13:19:46.492 10225 10225 E ArmVmp : Match on catch block at 0xc3 in for 0x71cfbb8025
04-22 13:19:46.501 10225 10225 E ArmVmp : Match on catch block at 0xc3 in for 0x71cfbb8025
04-22 13:19:46.504 10225 10225 E ArmVmp : Match on catch block at 0xc3 in for 0x71cfbb8025
04-22 13:19:46.513 10225 10225 E ArmVmp : Match on catch block at 0xc3 in for 0x71cfbb8025
04-22 13:19:46.515 10225 10225 E ArmVmp : Match on catch block at 0xc3 in for 0x71cfbb8025
04-22 13:19:46.523 10225 10225 E ArmVmp : Match on catch block at 0xc3 in for 0x71cfbb8025
04-22 13:19:46.525 10225 10225 E ArmVmp : Match on catch block at 0xc3 in for 0x71cfbb8025
04-22 13:19:46.535 10225 10225 E ArmVmp : Match on catch block at 0xc3 in for 0x71cfbb8025
04-22 13:19:46.538 10225 10225 E ArmVmp : Match on catch block at 0xc3 in for 0x71cfbb8025
04-22 13:19:46.546 10225 10225 E ArmVmp : Match on catch block at 0xc3 in for 0x71cfbb8025
04-22 13:19:46.549 10225 10225 E ArmVmp : Match on catch block at 0xc3 in for 0x71cfbb8025
04-22 13:19:46.558 10225 10225 E ArmVmp : Match on catch block at 0xc3 in for 0x71cfbb8025
04-22 13:19:46.561 10225 10225 E ArmVmp : Match on catch block at 0xc3 in for 0x71cfbb8025
04-22 13:19:46.569 10225 10225 E ArmVmp : Match on catch block at 0xc3 in for 0x71cfbb8025
04-22 13:19:46.572 10225 10225 E ArmVmp : Match on catch block at 0xc3 in for 0x71cfbb8025
04-22 13:19:46.580 10225 10225 E ArmVmp : Match on catch block at 0xc3 in for 0x71cfbb8025
04-22 13:19:46.583 10225 10225 E ArmVmp : Match on catch block at 0xc3 in for 0x71cfbb8025
04-22 13:19:46.591 10225 10225 E ArmVmp : Match on catch block at 0xc3 in for 0x71cfbb8025
04-22 13:19:46.595 10225 10225 E ArmVmp : Match on catch block at 0xc3 in for 0x71cfbb8025
04-22 13:19:46.601 10225 10225 E ArmVmp : Match on catch block at 0xc3 in for 0x71cfbb8025
04-22 13:19:46.608 10225 10225 E ArmVmp : Match on catch block at 0xc3 in for 0x71cfbb8025
04-22 13:19:46.624 10225 10225 E ArmVmp : Match on catch block at 0xc3 in for 0x71cfbb8025
04-22 13:19:46.626 10225 10225 E ArmVmp : Match on catch block at 0xc3 in for 0x71cfbb8025
04-22 13:19:46.634 10225 10225 E ArmVmp : Match on catch block at 0xc3 in for 0x71cfbb8025
04-22 13:19:46.636 10225 10225 E ArmVmp : Match on catch block at 0xc3 in for 0x71cfbb8025
04-22 13:19:46.648 10225 10225 E ArmVmp : Match on catch block at 0xc3 in for 0x71cfbb8025
04-22 13:19:46.651 10225 10225 E ArmVmp : Match on catch block at 0xc3 in for 0x71cfbb8025
04-22 13:19:46.657 10225 10225 E ArmVmp : Match on catch block at 0xc3 in for 0x71cfbb8025
04-22 13:19:46.659 10225 10225 E ArmVmp : Match on catch block at 0xc3 in for 0x71cfbb8025
04-22 13:19:46.669 10225 10225 E ArmVmp : Match on catch block at 0xc3 in for 0x71cfbb8025
04-22 13:19:46.671 10225 10225 E ArmVmp : Match on catch block at 0xc3 in for 0x71cfbb8025
04-22 13:19:46.680 10225 10225 E ArmVmp : Match on catch block at 0xc3 in for 0x71cfbb8025
04-22 13:19:46.684 10225 10225 E ArmVmp : Match on catch block at 0xc3 in for 0x71cfbb8025
04-22 13:19:46.690 10225 10225 E ArmVmp : Match on catch block at 0xc3 in for 0x71cfbb8025
04-22 13:19:46.693 10225 10225 E ArmVmp : Match on catch block at 0xc3 in for 0x71cfbb8025
04-22 13:19:46.702 10225 10225 E ArmVmp : Match on catch block at 0xc3 in for 0x71cfbb8025
04-22 13:19:46.705 10225 10225 E ArmVmp : Match on catch block at 0xc3 in for 0x71cfbb8025
04-22 13:19:46.718 10225 10225 E ArmVmp : Match on catch block at 0xc3 in for 0x71cfbb8025
04-22 13:19:46.720 10225 10225 E ArmVmp : Match on catch block at 0xc3 in for 0x71cfbb8025
04-22 13:19:46.730 10225 10225 E ArmVmp : Match on catch block at 0xc3 in for 0x71cfbb8025
04-22 13:19:46.731 10225 10225 E ArmVmp : Match on catch block at 0xc3 in for 0x71cfbb8025
04-22 13:19:46.731 10225 10225 W com.mbwhatsapp: type=1400 audit(0.0:5213): avc: denied { read } for name="u:object_r:vendor_ro_audio_prop:s0" dev="tmpfs" ino=707 scontext=u:r:untrusted_app_32:s0:c232,c256,c512,c768 tcontext=u:object_r:vendor_ro_audio_prop:s0 tclass=file permissive=0 app=com.mbwhatsapp
04-22 13:19:46.735 10225 10225 W libc : Access denied finding property "ro.vendor.audio.cloudctrl"
04-22 13:19:46.754 10225 10225 E ArmVmp : Match on catch block at 0xc3 in for 0x71cfbb8025
04-22 13:19:46.755 10225 10225 E ArmVmp : Match on catch block at 0xc3 in for 0x71cfbb8025
04-22 13:19:46.775 10225 10225 E ArmVmp : Match on catch block at 0xc3 in for 0x71cfbb8025
04-22 13:19:46.778 10225 10225 E ArmVmp : Match on catch block at 0xc3 in for 0x71cfbb8025
04-22 13:19:46.829 10225 10225 W TabLayout: MODE_SCROLLABLE + GRAVITY_FILL is not supported, GRAVITY_START will be used instead
04-22 13:19:46.861 10225 12392 W CameraExtImplXiaoMi: ignore the status update of camera: 2
04-22 13:19:46.861 10225 12392 W CameraExtImplXiaoMi: ignore the status update of camera: 3
04-22 13:19:46.861 10225 12392 W CameraExtImplXiaoMi: ignore the status update of camera: 4
04-22 13:19:46.861 10225 10293 W CameraManagerGlobal: ignore the torch status update of camera: 2
04-22 13:19:46.861 10225 10293 W CameraManagerGlobal: ignore the torch status update of camera: 3
04-22 13:19:46.861 10225 10293 W CameraManagerGlobal: ignore the torch status update of camera: 4
04-22 13:19:46.892 10225 10225 W BottomSheetBehavior: BottomSheetBehavior now supports multiple callbacks. `setBottomSheetCallback()` removes all existing callbacks, including ones set internally by library authors, which may result in unintended behavior. This may change in the future. Please use `addBottomSheetCallback()` and `removeBottomSheetCallback()` instead to set your own callbacks.
04-22 13:19:46.908 10225 12393 W EpFrameworkFactory: activated: false jar exist: false
04-22 13:19:46.908 10225 12393 W EpFrameworkFactory: activated: false jar exist: false
04-22 13:19:46.939 10225 10293 W CameraManagerGlobal: ignore the torch status update of camera: 2
04-22 13:19:46.940 10225 10293 W CameraManagerGlobal: ignore the torch status update of camera: 3
04-22 13:19:46.941 10225 10293 W CameraManagerGlobal: ignore the torch status update of camera: 4
04-22 13:19:46.950 10225 10307 W IconCustomizer: getCustomizedIconW 184
04-22 13:19:46.950 10225 10293 E CameraManagerGlobal: Camera 4 is not present. Ignore physical camera status change
04-22 13:19:46.954 10225 12147 W libc : Access denied finding property "ro.vendor.display.iris_x7.support"
04-22 13:19:46.970 10225 10225 E ArmVmp : Match on catch block at 0xc3 in for 0x71cfbb8025
04-22 13:19:46.973 10225 10225 E ArmVmp : Match on catch block at 0xc3 in for 0x71cfbb8025
04-22 13:19:47.043 10225 10307 W Bitmap : Called getDensity() on a recycle()'d bitmap! This is undefined behavior!
04-22 13:19:47.094 10225 12147 E OpenGLRenderer: Unable to match the desired swap behavior.
04-22 13:19:47.111 10225 10225 W View : requestLayout() improperly called by com.mbwhatsapp.WaImageView{bb82383 VF.D..CL. ......ID 0,0-176,176 #7f0b1814 app:id/shutter} during layout: running second layout pass
04-22 13:19:47.111 10225 10225 W View : requestLayout() improperly called by com.mbwhatsapp.CircularProgressBar{28b3900 V.ED..... ......ID 0,0-176,176 #7f0b14fc app:id/recording_progress} during layout: running second layout pass
04-22 13:19:47.111 10225 10225 W View : requestLayout() improperly called by com.mbwhatsapp.WaImageView{6a57539 VF.D..C.. ......ID 0,0-132,132 #7f0b1976 app:id/switch_camera_btn} during layout: running second layout pass
04-22 13:19:47.111 10225 10225 W View : requestLayout() improperly called by com.mbwhatsapp.WaImageView{140777e VFED..C.. ......ID 0,0-132,132 #7f0b0b0d app:id/gallery_btn} during layout: running second layout pass
04-22 13:19:47.111 10225 10225 W View : requestLayout() improperly called by com.mbwhatsapp.WaImageView{64f74df VF.D..C.. ......ID 0,0-132,132 #7f0b0a9c app:id/flash_btn} during layout: running second layout pass
04-22 13:19:47.111 10225 10225 W View : requestLayout() improperly called by com.mbwhatsapp.WaImageView{8eae52c VFED..C.. ......ID 0,0-132,132 #7f0b057f app:id/close_camera_btn} during layout: running second layout pass
04-22 13:19:47.111 10225 10225 W View : requestLayout() improperly called by X.4Ki{9df2bf5 V.ED..... ......ID 0,6-1080,138} during layout: running second layout pass
04-22 13:19:47.131 10225 12392 E libEGL : pre_cache appList: ,,,,,,
04-22 13:19:47.167 10225 10225 W View : requestLayout() improperly called by com.mbwhatsapp.WaImageView{bb82383 VF.D..CL. ......ID 452,1696-628,1872 #7f0b1814 app:id/shutter} during layout: running second layout pass
04-22 13:19:47.167 10225 10225 W View : requestLayout() improperly called by com.mbwhatsapp.CircularProgressBar{28b3900 V.ED..... ......ID 452,1696-628,1872 #7f0b14fc app:id/recording_progress} during layout: running second layout pass
04-22 13:19:47.167 10225 10225 W View : requestLayout() improperly called by com.mbwhatsapp.WaImageView{6a57539 VF.D..C.. ......ID 924,1716-1056,1848 #7f0b1976 app:id/switch_camera_btn} during layout: running second layout pass
04-22 13:19:47.167 10225 10225 W View : requestLayout() improperly called by com.mbwhatsapp.WaImageView{140777e VFED..C.. ......ID 24,1716-156,1848 #7f0b0b0d app:id/gallery_btn} during layout: running second layout pass
04-22 13:19:47.167 10225 10225 W View : requestLayout() improperly called by com.mbwhatsapp.WaImageView{64f74df VF.D..C.. ......I. 924,24-1056,156 #7f0b0a9c app:id/flash_btn} during layout: running second layout pass
04-22 13:19:47.167 10225 10225 W View : requestLayout() improperly called by com.mbwhatsapp.WaImageView{8eae52c VFED..C.. ......I. 24,24-156,156 #7f0b057f app:id/close_camera_btn} during layout: running second layout pass
04-22 13:19:47.173 10225 10225 E ArmVmp : Match on catch block at 0xc3 in for 0x71cfbb8025
04-22 13:19:47.180 10225 10225 E ArmVmp : Match on catch block at 0xc3 in for 0x71cfbb8025
04-22 13:19:47.250 10225 10225 E ArmVmp : Match on catch block at 0xc3 in for 0x71cfbb8025
04-22 13:19:47.256 10225 10225 E ArmVmp : Match on catch block at 0xc3 in for 0x71cfbb8025
04-22 13:19:47.279 10225 10225 E ArmVmp : Match on catch block at 0xc3 in for 0x71cfbb8025
04-22 13:19:47.281 10225 10225 E ArmVmp : Match on catch block at 0xc3 in for 0x71cfbb8025
04-22 13:19:47.319 10225 10225 E ArmVmp : Match on catch block at 0xc3 in for 0x71cfbb8025
04-22 13:19:47.324 10225 10225 E ArmVmp : Match on catch block at 0xc3 in for 0x71cfbb8025
04-22 13:19:47.452 10225 12147 W libc : Access denied finding property "ro.vendor.display.iris_x7.support"
04-22 13:19:47.547 10225 10225 W Optic-Task-Hand: type=1400 audit(0.0:5220): avc: denied { getattr } for name="/" dev="dmabuf" ino=1 scontext=u:r:untrusted_app_32:s0:c232,c256,c512,c768 tcontext=u:object_r:unlabeled:s0 tclass=filesystem permissive=0 app=com.mbwhatsapp
04-22 13:19:47.551 10225 10225 W Optic-Task-Hand: type=1400 audit(0.0:5222): avc: denied { getattr } for name="/" dev="dmabuf" ino=1 scontext=u:r:untrusted_app_32:s0:c232,c256,c512,c768 tcontext=u:object_r:unlabeled:s0 tclass=filesystem permissive=0 app=com.mbwhatsapp
04-22 13:19:47.552 10225 12392 E com.mbwhatsapp: == MALI DEBUG ===eglp_winsys_populate_image_templates ==12288
04-22 13:19:47.555 10225 12392 E com.mbwhatsapp: == MALI DEBUG ===eglp_winsys_populate_image_templates ==12288
04-22 13:19:47.588 10225 12392 E com.mbwhatsapp: == MALI DEBUG ===eglp_winsys_populate_image_templates ==12288
04-22 13:19:47.583 10225 10225 W Optic-Task-Hand: type=1400 audit(0.0:5223): avc: denied { getattr } for name="/" dev="dmabuf" ino=1 scontext=u:r:untrusted_app_32:s0:c232,c256,c512,c768 tcontext=u:object_r:unlabeled:s0 tclass=filesystem permissive=0 app=com.mbwhatsapp
04-22 13:19:47.593 10225 12392 E com.mbwhatsapp: == MALI DEBUG ===eglp_winsys_populate_image_templates ==12288
04-22 13:19:47.619 10225 12392 E com.mbwhatsapp: == MALI DEBUG ===eglp_winsys_populate_image_templates ==12288
04-22 13:19:47.628 10225 12392 E com.mbwhatsapp: == MALI DEBUG ===eglp_winsys_populate_image_templates ==12288
04-22 13:19:47.651 10225 12147 E com.mbwhatsapp: == MALI DEBUG ===eglp_winsys_populate_image_templates ==12288
04-22 13:19:47.652 10225 12147 W libc : Access denied finding property "ro.vendor.display.iris_x7.support"
04-22 13:19:47.652 10225 12392 E com.mbwhatsapp: == MALI DEBUG ===eglp_winsys_populate_image_templates ==12288
04-22 13:19:47.652 10225 12147 W libc : Access denied finding property "ro.vendor.display.iris_x7.support"
04-22 13:19:47.659 10225 12392 E com.mbwhatsapp: == MALI DEBUG ===eglp_winsys_populate_image_templates ==12288
04-22 13:19:47.659 10225 12415 W BpBinder: Slow Binder: BpBinder transact took 301 ms, interface=android.media.IMediaMetadataRetriever, code=5 oneway=false
04-22 13:19:47.686 10225 10225 E ArmVmp : Match on catch block at 0xc3 in for 0x71cfbb8025
04-22 13:19:47.690 10225 10225 E ArmVmp : Match on catch block at 0xc3 in for 0x71cfbb8025
04-22 13:19:47.695 10225 12392 E com.mbwhatsapp: == MALI DEBUG ===eglp_winsys_populate_image_templates ==12288
04-22 13:19:47.697 10225 12392 E com.mbwhatsapp: == MALI DEBUG ===eglp_winsys_populate_image_templates ==12288
04-22 13:19:47.731 10225 12392 E com.mbwhatsapp: == MALI DEBUG ===eglp_winsys_populate_image_templates ==12288
04-22 13:19:47.733 10225 12392 E com.mbwhatsapp: == MALI DEBUG ===eglp_winsys_populate_image_templates ==12288
04-22 13:19:47.758 10225 12392 E com.mbwhatsapp: == MALI DEBUG ===eglp_winsys_populate_image_templates ==12288
04-22 13:19:47.766 10225 12392 E com.mbwhatsapp: == MALI DEBUG ===eglp_winsys_populate_image_templates ==12288
04-22 13:19:47.795 10225 12392 E com.mbwhatsapp: == MALI DEBUG ===eglp_winsys_populate_image_templates ==12288
04-22 13:19:47.796 10225 12392 E com.mbwhatsapp: == MALI DEBUG ===eglp_winsys_populate_image_templates ==12288
04-22 13:19:47.797 10225 12147 E com.mbwhatsapp: == MALI DEBUG ===eglp_winsys_populate_image_templates ==12288
04-22 13:19:47.820 10225 12147 E com.mbwhatsapp: == MALI DEBUG ===eglp_winsys_populate_image_templates ==12288
04-22 13:19:47.828 10225 12392 E com.mbwhatsapp: == MALI DEBUG ===eglp_winsys_populate_image_templates ==12288
04-22 13:19:47.833 10225 12392 E com.mbwhatsapp: == MALI DEBUG ===eglp_winsys_populate_image_templates ==12288
04-22 13:19:47.864 10225 12392 E com.mbwhatsapp: == MALI DEBUG ===eglp_winsys_populate_image_templates ==12288
04-22 13:19:47.865 10225 12392 E com.mbwhatsapp: == MALI DEBUG ===eglp_winsys_populate_image_templates ==12288
04-22 13:19:47.894 10225 12392 E com.mbwhatsapp: == MALI DEBUG ===eglp_winsys_populate_image_templates ==12288
04-22 13:19:47.895 10225 12392 E com.mbwhatsapp: == MALI DEBUG ===eglp_winsys_populate_image_templates ==12288
04-22 13:19:47.921 10225 12392 E com.mbwhatsapp: == MALI DEBUG ===eglp_winsys_populate_image_templates ==12288
04-22 13:19:47.922 10225 12392 E com.mbwhatsapp: == MALI DEBUG ===eglp_winsys_populate_image_templates ==12288
04-22 13:19:47.954 10225 12392 E com.mbwhatsapp: == MALI DEBUG ===eglp_winsys_populate_image_templates ==12288
04-22 13:19:47.956 10225 12392 E com.mbwhatsapp: == MALI DEBUG ===eglp_winsys_populate_image_templates ==12288
04-22 13:19:47.991 10225 12392 E com.mbwhatsapp: == MALI DEBUG ===eglp_winsys_populate_image_templates ==12288
04-22 13:19:47.993 10225 12392 E com.mbwhatsapp: == MALI DEBUG ===eglp_winsys_populate_image_templates ==12288
04-22 13:19:48.016 10225 12392 E com.mbwhatsapp: == MALI DEBUG ===eglp_winsys_populate_image_templates ==12288
04-22 13:19:48.017 10225 12392 E com.mbwhatsapp: == MALI DEBUG ===eglp_winsys_populate_image_templates ==12288
04-22 13:19:48.037 10225 12416 W BpBinder: Slow Binder: BpBinder transact took 245 ms, interface=android.media.IMediaMetadataRetriever, code=5 oneway=false
04-22 13:19:48.051 10225 12392 E com.mbwhatsapp: == MALI DEBUG ===eglp_winsys_populate_image_templates ==12288
04-22 13:19:48.053 10225 12392 E com.mbwhatsapp: == MALI DEBUG ===eglp_winsys_populate_image_templates ==12288
04-22 13:19:48.084 10225 12392 E com.mbwhatsapp: == MALI DEBUG ===eglp_winsys_populate_image_templates ==12288
04-22 13:19:48.085 10225 12392 E com.mbwhatsapp: == MALI DEBUG ===eglp_winsys_populate_image_templates ==12288
04-22 13:19:48.118 10225 12392 E com.mbwhatsapp: == MALI DEBUG ===eglp_winsys_populate_image_templates ==12288
04-22 13:19:48.119 10225 12392 E com.mbwhatsapp: == MALI DEBUG ===eglp_winsys_populate_image_templates ==12288
04-22 13:19:48.152 10225 12392 E com.mbwhatsapp: == MALI DEBUG ===eglp_winsys_populate_image_templates ==12288
04-22 13:19:48.154 10225 12392 E com.mbwhatsapp: == MALI DEBUG ===eglp_winsys_populate_image_templates ==12288
04-22 13:19:48.185 10225 12392 E com.mbwhatsapp: == MALI DEBUG ===eglp_winsys_populate_image_templates ==12288
04-22 13:19:48.187 10225 12392 E com.mbwhatsapp: == MALI DEBUG ===eglp_winsys_populate_image_templates ==12288
04-22 13:19:48.218 10225 12392 E com.mbwhatsapp: == MALI DEBUG ===eglp_winsys_populate_image_templates ==12288
04-22 13:19:48.220 10225 12392 E com.mbwhatsapp: == MALI DEBUG ===eglp_winsys_populate_image_templates ==12288
04-22 13:19:48.224 10225 12415 W BpBinder: Slow Binder: BpBinder transact took 411 ms, interface=android.media.IMediaMetadataRetriever, code=5 oneway=false
04-22 13:19:48.252 10225 12392 E com.mbwhatsapp: == MALI DEBUG ===eglp_winsys_populate_image_templates ==12288
04-22 13:19:48.253 10225 12392 E com.mbwhatsapp: == MALI DEBUG ===eglp_winsys_populate_image_templates ==12288
04-22 13:19:48.284 10225 12392 E com.mbwhatsapp: == MALI DEBUG ===eglp_winsys_populate_image_templates ==12288
04-22 13:19:48.285 10225 12392 E com.mbwhatsapp: == MALI DEBUG ===eglp_winsys_populate_image_templates ==12288
04-22 13:19:48.317 10225 12392 E com.mbwhatsapp: == MALI DEBUG ===eglp_winsys_populate_image_templates ==12288
04-22 13:19:48.320 10225 12392 E com.mbwhatsapp: == MALI DEBUG ===eglp_winsys_populate_image_templates ==12288
04-22 13:19:48.363 10225 12392 E com.mbwhatsapp: == MALI DEBUG ===eglp_winsys_populate_image_templates ==12288
04-22 13:19:48.364 10225 12392 E com.mbwhatsapp: == MALI DEBUG ===eglp_winsys_populate_image_templates ==12288
04-22 13:19:48.395 10225 12392 E com.mbwhatsapp: == MALI DEBUG ===eglp_winsys_populate_image_templates ==12288
04-22 13:19:48.396 10225 12392 E com.mbwhatsapp: == MALI DEBUG ===eglp_winsys_populate_image_templates ==12288
04-22 13:19:48.423 10225 10225 W Optic-Task-Hand: type=1400 audit(0.0:5276): avc: denied { getattr } for name="/" dev="dmabuf" ino=1 scontext=u:r:untrusted_app_32:s0:c232,c256,c512,c768 tcontext=u:object_r:unlabeled:s0 tclass=filesystem permissive=0 app=com.mbwhatsapp
04-22 13:19:48.427 10225 12392 E com.mbwhatsapp: == MALI DEBUG ===eglp_winsys_populate_image_templates ==12288
04-22 13:19:48.427 10225 10225 W Optic-Task-Hand: type=1400 audit(0.0:5277): avc: denied { getattr } for name="/" dev="dmabuf" ino=1 scontext=u:r:untrusted_app_32:s0:c232,c256,c512,c768 tcontext=u:object_r:unlabeled:s0 tclass=filesystem permissive=0 app=com.mbwhatsapp
04-22 13:19:48.429 10225 12392 E com.mbwhatsapp: == MALI DEBUG ===eglp_winsys_populate_image_templates ==12288
04-22 13:19:48.431 10225 12416 W BpBinder: Slow Binder: BpBinder transact took 264 ms, interface=android.media.IMediaMetadataRetriever, code=5 oneway=false
04-22 13:19:48.455 10225 10225 W Optic-Task-Hand: type=1400 audit(0.0:5278): avc: denied { getattr } for name="/" dev="dmabuf" ino=1 scontext=u:r:untrusted_app_32:s0:c232,c256,c512,c768 tcontext=u:object_r:unlabeled:s0 tclass=filesystem permissive=0 app=com.mbwhatsapp
04-22 13:19:48.457 10225 12392 E com.mbwhatsapp: == MALI DEBUG ===eglp_winsys_populate_image_templates ==12288
04-22 13:19:48.455 10225 10225 W Optic-Task-Hand: type=1400 audit(0.0:5279): avc: denied { getattr } for name="/" dev="dmabuf" ino=1 scontext=u:r:untrusted_app_32:s0:c232,c256,c512,c768 tcontext=u:object_r:unlabeled:s0 tclass=filesystem permissive=0 app=com.mbwhatsapp
04-22 13:19:48.458 10225 12392 E com.mbwhatsapp: == MALI DEBUG ===eglp_winsys_populate_image_templates ==12288
04-22 13:19:48.488 10225 12392 E com.mbwhatsapp: == MALI DEBUG ===eglp_winsys_populate_image_templates ==12288
04-22 13:19:48.483 10225 10225 W Optic-Task-Hand: type=1400 audit(0.0:5280): avc: denied { getattr } for name="/" dev="dmabuf" ino=1 scontext=u:r:untrusted_app_32:s0:c232,c256,c512,c768 tcontext=u:object_r:unlabeled:s0 tclass=filesystem permissive=0 app=com.mbwhatsapp
04-22 13:19:48.490 10225 12392 E com.mbwhatsapp: == MALI DEBUG ===eglp_winsys_populate_image_templates ==12288
04-22 13:19:48.520 10225 12392 E com.mbwhatsapp: == MALI DEBUG ===eglp_winsys_populate_image_templates ==12288
04-22 13:19:48.522 10225 12392 E com.mbwhatsapp: == MALI DEBUG ===eglp_winsys_populate_image_templates ==12288
04-22 13:19:48.552 10225 12392 E com.mbwhatsapp: == MALI DEBUG ===eglp_winsys_populate_image_templates ==12288
04-22 13:19:48.554 10225 12392 E com.mbwhatsapp: == MALI DEBUG ===eglp_winsys_populate_image_templates ==12288
04-22 13:19:48.585 10225 12392 E com.mbwhatsapp: == MALI DEBUG ===eglp_winsys_populate_image_templates ==12288
04-22 13:19:48.587 10225 12392 E com.mbwhatsapp: == MALI DEBUG ===eglp_winsys_populate_image_templates ==12288
04-22 13:19:48.617 10225 12392 E com.mbwhatsapp: == MALI DEBUG ===eglp_winsys_populate_image_templates ==12288
04-22 13:19:48.617 10225 12392 E com.mbwhatsapp: == MALI DEBUG ===eglp_winsys_populate_image_templates ==12288
04-22 13:19:48.651 10225 12392 E com.mbwhatsapp: == MALI DEBUG ===eglp_winsys_populate_image_templates ==12288
04-22 13:19:48.653 10225 12392 E com.mbwhatsapp: == MALI DEBUG ===eglp_winsys_populate_image_templates ==12288
04-22 13:19:48.688 10225 12392 E com.mbwhatsapp: == MALI DEBUG ===eglp_winsys_populate_image_templates ==12288
04-22 13:19:48.690 10225 12392 E com.mbwhatsapp: == MALI DEBUG ===eglp_winsys_populate_image_templates ==12288
04-22 13:19:48.723 10225 12392 E com.mbwhatsapp: == MALI DEBUG ===eglp_winsys_populate_image_templates ==12288
04-22 13:19:48.725 10225 12392 E com.mbwhatsapp: == MALI DEBUG ===eglp_winsys_populate_image_templates ==12288
04-22 13:19:48.755 10225 12392 E com.mbwhatsapp: == MALI DEBUG ===eglp_winsys_populate_image_templates ==12288
04-22 13:19:48.756 10225 12392 E com.mbwhatsapp: == MALI DEBUG ===eglp_winsys_populate_image_templates ==12288
04-22 13:19:48.788 10225 12392 E com.mbwhatsapp: == MALI DEBUG ===eglp_winsys_populate_image_templates ==12288
04-22 13:19:48.793 10225 12392 E com.mbwhatsapp: == MALI DEBUG ===eglp_winsys_populate_image_templates ==12288
04-22 13:19:48.819 10225 12392 E com.mbwhatsapp: == MALI DEBUG ===eglp_winsys_populate_image_templates ==12288
04-22 13:19:48.820 10225 12392 E com.mbwhatsapp: == MALI DEBUG ===eglp_winsys_populate_image_templates ==12288
04-22 13:19:48.853 10225 12392 E com.mbwhatsapp: == MALI DEBUG ===eglp_winsys_populate_image_templates ==12288
04-22 13:19:48.855 10225 12392 E com.mbwhatsapp: == MALI DEBUG ===eglp_winsys_populate_image_templates ==12288
04-22 13:19:48.889 10225 12392 E com.mbwhatsapp: == MALI DEBUG ===eglp_winsys_populate_image_templates ==12288
04-22 13:19:48.890 10225 12392 E com.mbwhatsapp: == MALI DEBUG ===eglp_winsys_populate_image_templates ==12288
04-22 13:19:48.920 10225 12392 E com.mbwhatsapp: == MALI DEBUG ===eglp_winsys_populate_image_templates ==12288
04-22 13:19:48.921 10225 12392 E com.mbwhatsapp: == MALI DEBUG ===eglp_winsys_populate_image_templates ==12288
04-22 13:19:48.954 10225 12392 E com.mbwhatsapp: == MALI DEBUG ===eglp_winsys_populate_image_templates ==12288
04-22 13:19:48.955 10225 12392 E com.mbwhatsapp: == MALI DEBUG ===eglp_winsys_populate_image_templates ==12288
04-22 13:19:48.991 10225 12392 E com.mbwhatsapp: == MALI DEBUG ===eglp_winsys_populate_image_templates ==12288
04-22 13:19:48.993 10225 12392 E com.mbwhatsapp: == MALI DEBUG ===eglp_winsys_populate_image_templates ==12288
04-22 13:19:49.021 10225 12392 E com.mbwhatsapp: == MALI DEBUG ===eglp_winsys_populate_image_templates ==12288
04-22 13:19:49.022 10225 12392 E com.mbwhatsapp: == MALI DEBUG ===eglp_winsys_populate_image_templates ==12288
04-22 13:19:49.053 10225 12392 E com.mbwhatsapp: == MALI DEBUG ===eglp_winsys_populate_image_templates ==12288
04-22 13:19:49.055 10225 12392 E com.mbwhatsapp: == MALI DEBUG ===eglp_winsys_populate_image_templates ==12288
04-22 13:19:49.086 10225 12392 E com.mbwhatsapp: == MALI DEBUG ===eglp_winsys_populate_image_templates ==12288
04-22 13:19:49.087 10225 12392 E com.mbwhatsapp: == MALI DEBUG ===eglp_winsys_populate_image_templates ==12288
04-22 13:19:49.118 10225 12392 E com.mbwhatsapp: == MALI DEBUG ===eglp_winsys_populate_image_templates ==12288
04-22 13:19:49.119 10225 12392 E com.mbwhatsapp: == MALI DEBUG ===eglp_winsys_populate_image_templates ==12288
04-22 13:19:49.152 10225 12392 E com.mbwhatsapp: == MALI DEBUG ===eglp_winsys_populate_image_templates ==12288
04-22 13:19:49.154 10225 12392 E com.mbwhatsapp: == MALI DEBUG ===eglp_winsys_populate_image_templates ==12288
04-22 13:19:49.185 10225 12392 E com.mbwhatsapp: == MALI DEBUG ===eglp_winsys_populate_image_templates ==12288
04-22 13:19:49.186 10225 12392 E com.mbwhatsapp: == MALI DEBUG ===eglp_winsys_populate_image_templates ==12288
04-22 13:19:49.221 10225 12392 E com.mbwhatsapp: == MALI DEBUG ===eglp_winsys_populate_image_templates ==12288
04-22 13:19:49.223 10225 12392 E com.mbwhatsapp: == MALI DEBUG ===eglp_winsys_populate_image_templates ==12288
04-22 13:19:49.255 10225 12392 E com.mbwhatsapp: == MALI DEBUG ===eglp_winsys_populate_image_templates ==12288
04-22 13:19:49.257 10225 12392 E com.mbwhatsapp: == MALI DEBUG ===eglp_winsys_populate_image_templates ==12288
04-22 13:19:49.287 10225 12392 E com.mbwhatsapp: == MALI DEBUG ===eglp_winsys_populate_image_templates ==12288
04-22 13:19:49.288 10225 12392 E com.mbwhatsapp: == MALI DEBUG ===eglp_winsys_populate_image_templates ==12288
04-22 13:19:49.322 10225 12392 E com.mbwhatsapp: == MALI DEBUG ===eglp_winsys_populate_image_templates ==12288
04-22 13:19:49.324 10225 12392 E com.mbwhatsapp: == MALI DEBUG ===eglp_winsys_populate_image_templates ==12288
04-22 13:19:49.354 10225 12392 E com.mbwhatsapp: == MALI DEBUG ===eglp_winsys_populate_image_templates ==12288
04-22 13:19:49.355 10225 12392 E com.mbwhatsapp: == MALI DEBUG ===eglp_winsys_populate_image_templates ==12288
04-22 13:19:49.388 10225 12392 E com.mbwhatsapp: == MALI DEBUG ===eglp_winsys_populate_image_templates ==12288
04-22 13:19:49.390 10225 12392 E com.mbwhatsapp: == MALI DEBUG ===eglp_winsys_populate_image_templates ==12288
04-22 13:19:49.420 10225 12392 E com.mbwhatsapp: == MALI DEBUG ===eglp_winsys_populate_image_templates ==12288
04-22 13:19:49.421 10225 12392 E com.mbwhatsapp: == MALI DEBUG ===eglp_winsys_populate_image_templates ==12288
04-22 13:19:49.442 10225 10248 W com.mbwhatsapp: ApkAssets: Deleting an ApkAssets object '<empty> and /data/app/~~aBYiOIbwozQ00UduplWuaQ==/com.mi.android.globalFileexplorer- iqULQLcJLTCx0tm6DiIwkA==/base.apk' with 1 weak references
04-22 13:19:49.442 10225 10248 W System : A resource failed to call AbstractCursor.close.
04-22 13:19:49.446 10225 10248 W com.mbwhatsapp: ApkAssets: Deleting an ApkAssets object '<empty> and /system_ext/priv-app/RtMiCloudSDK/RtMiCloudSDK.apk' with 2 weak references
04-22 13:19:49.446 10225 10248 W System : A resource failed to call CursorWrapperInner.close.
04-22 13:19:49.446 10225 10248 W com.mbwhatsapp: ApkAssets: Deleting an ApkAssets object '<empty> and /data/app/~~ZUJVGahrInEo1Naux6B8cg==/com.miui.gallery- LI_Uj3nwSJgGtgHz79HHpA==/base.apk' with 1 weak references
04-22 13:19:49.446 10225 10248 W com.mbwhatsapp: ApkAssets: Deleting an ApkAssets object '<empty> and /system_ext/app/miuisystem/miuisystem.apk' with 1 weak references
04-22 13:19:49.447 10225 10225 W Optic-Task-Hand: type=1400 audit(0.0:5342): avc: denied { getattr } for name="/" dev="dmabuf" ino=1 scontext=u:r:untrusted_app_32:s0:c232,c256,c512,c768 tcontext=u:object_r:unlabeled:s0 tclass=filesystem permissive=0 app=com.mbwhatsapp
04-22 13:19:49.451 10225 10225 W Optic-Task-Hand: type=1400 audit(0.0:5343): avc: denied { getattr } for name="/" dev="dmabuf" ino=1 scontext=u:r:untrusted_app_32:s0:c232,c256,c512,c768 tcontext=u:object_r:unlabeled:s0 tclass=filesystem permissive=0 app=com.mbwhatsapp
04-22 13:19:49.453 10225 12392 E com.mbwhatsapp: == MALI DEBUG ===eglp_winsys_populate_image_templates ==12288
04-22 13:19:49.483 10225 10225 W Optic-Task-Hand: type=1400 audit(0.0:5344): avc: denied { getattr } for name="/" dev="dmabuf" ino=1 scontext=u:r:untrusted_app_32:s0:c232,c256,c512,c768 tcontext=u:object_r:unlabeled:s0 tclass=filesystem permissive=0 app=com.mbwhatsapp
04-22 13:19:49.486 10225 12392 E com.mbwhatsapp: == MALI DEBUG ===eglp_winsys_populate_image_templates ==12288
04-22 13:19:49.483 10225 10225 W Optic-Task-Hand: type=1400 audit(0.0:5345): avc: denied { getattr } for name="/" dev="dmabuf" ino=1 scontext=u:r:untrusted_app_32:s0:c232,c256,c512,c768 tcontext=u:object_r:unlabeled:s0 tclass=filesystem permissive=0 app=com.mbwhatsapp
04-22 13:19:49.487 10225 12392 E com.mbwhatsapp: == MALI DEBUG ===eglp_winsys_populate_image_templates ==12288
04-22 13:19:49.521 10225 12392 E com.mbwhatsapp: == MALI DEBUG ===eglp_winsys_populate_image_templates ==12288
04-22 13:19:49.522 10225 12392 E com.mbwhatsapp: == MALI DEBUG ===eglp_winsys_populate_image_templates ==12288
04-22 13:19:49.552 10225 12392 E com.mbwhatsapp: == MALI DEBUG ===eglp_winsys_populate_image_templates ==12288
04-22 13:19:49.553 10225 12392 E com.mbwhatsapp: == MALI DEBUG ===eglp_winsys_populate_image_templates ==12288
04-22 13:19:49.586 10225 12392 E com.mbwhatsapp: == MALI DEBUG ===eglp_winsys_populate_image_templates ==12288
04-22 13:19:49.587 10225 12392 E com.mbwhatsapp: == MALI DEBUG ===eglp_winsys_populate_image_templates ==12288
04-22 13:19:49.618 10225 12392 E com.mbwhatsapp: == MALI DEBUG ===eglp_winsys_populate_image_templates ==12288
04-22 13:19:49.619 10225 12392 E com.mbwhatsapp: == MALI DEBUG ===eglp_winsys_populate_image_templates ==12288
04-22 13:19:49.652 10225 12392 E com.mbwhatsapp: == MALI DEBUG ===eglp_winsys_populate_image_templates ==12288
04-22 13:19:49.652 10225 12392 E com.mbwhatsapp: == MALI DEBUG ===eglp_winsys_populate_image_templates ==12288
04-22 13:19:49.685 10225 12392 E com.mbwhatsapp: == MALI DEBUG ===eglp_winsys_populate_image_templates ==12288
04-22 13:19:49.686 10225 12392 E com.mbwhatsapp: == MALI DEBUG ===eglp_winsys_populate_image_templates ==12288
04-22 13:19:49.719 10225 12392 E com.mbwhatsapp: == MALI DEBUG ===eglp_winsys_populate_image_templates ==12288
