04-22 01:53:32.218 27900 27900 E ArmVmp : Match on catch block at 0xc3 in for 0x7bd4e1a025
04-22 01:53:32.225 27900 27900 E ArmVmp : Match on catch block at 0xc3 in for 0x7bd4e1a025
04-22 01:53:32.228 27900 27900 E ArmVmp : Match on catch block at 0xc3 in for 0x7bd4e1a025
04-22 01:53:32.230 27900 27900 E ArmVmp : Match on catch block at 0xc3 in for 0x7bd4e1a025
04-22 01:53:32.236 27900 27900 E ArmVmp : Match on catch block at 0xc3 in for 0x7bd4e1a025
04-22 01:53:32.239 27900 27900 E ArmVmp : Match on catch block at 0xc3 in for 0x7bd4e1a025
04-22 01:53:32.240 27900 27900 E ArmVmp : Match on catch block at 0xc3 in for 0x7bd4e1a025
04-22 01:53:32.248 27900 27900 E ArmVmp : Match on catch block at 0xc3 in for 0x7bd4e1a025
04-22 01:53:32.250 27900 27900 E ArmVmp : Match on catch block at 0xc3 in for 0x7bd4e1a025
04-22 01:53:32.251 27900 27900 E ArmVmp : Match on catch block at 0xc3 in for 0x7bd4e1a025
04-22 01:53:32.259 27900 27900 E ArmVmp : Match on catch block at 0xc3 in for 0x7bd4e1a025
04-22 01:53:32.261 27900 27900 E ArmVmp : Match on catch block at 0xc3 in for 0x7bd4e1a025
04-22 01:53:32.263 27900 27900 E ArmVmp : Match on catch block at 0xc3 in for 0x7bd4e1a025
04-22 01:53:32.270 27900 27900 E ArmVmp : Match on catch block at 0xc3 in for 0x7bd4e1a025
04-22 01:53:32.272 27900 27900 E ArmVmp : Match on catch block at 0xc3 in for 0x7bd4e1a025
04-22 01:53:32.273 27900 27900 E ArmVmp : Match on catch block at 0xc3 in for 0x7bd4e1a025
04-22 01:53:32.281 27900 27900 E ArmVmp : Match on catch block at 0xc3 in for 0x7bd4e1a025
04-22 01:53:32.284 27900 27900 E ArmVmp : Match on catch block at 0xc3 in for 0x7bd4e1a025
04-22 01:53:32.286 27900 27900 E ArmVmp : Match on catch block at 0xc3 in for 0x7bd4e1a025
04-22 01:53:32.292 27900 27900 E ArmVmp : Match on catch block at 0xc3 in for 0x7bd4e1a025
04-22 01:53:32.294 27900 27900 E ArmVmp : Match on catch block at 0xc3 in for 0x7bd4e1a025
04-22 01:53:32.296 27900 27900 E ArmVmp : Match on catch block at 0xc3 in for 0x7bd4e1a025
04-22 01:53:32.304 27900 27900 E ArmVmp : Match on catch block at 0xc3 in for 0x7bd4e1a025
04-22 01:53:32.306 27900 27900 E ArmVmp : Match on catch block at 0xc3 in for 0x7bd4e1a025
04-22 01:53:32.307 27900 27900 E ArmVmp : Match on catch block at 0xc3 in for 0x7bd4e1a025
04-22 01:53:32.315 27900 27900 E ArmVmp : Match on catch block at 0xc3 in for 0x7bd4e1a025
04-22 01:53:32.317 27900 27900 E ArmVmp : Match on catch block at 0xc3 in for 0x7bd4e1a025
04-22 01:53:32.319 27900 27900 E ArmVmp : Match on catch block at 0xc3 in for 0x7bd4e1a025
04-22 01:53:32.326 27900 27900 E ArmVmp : Match on catch block at 0xc3 in for 0x7bd4e1a025
04-22 01:53:32.329 27900 27900 E ArmVmp : Match on catch block at 0xc3 in for 0x7bd4e1a025
04-22 01:53:32.331 27900 27900 E ArmVmp : Match on catch block at 0xc3 in for 0x7bd4e1a025
04-22 01:53:32.337 27900 27900 E ArmVmp : Match on catch block at 0xc3 in for 0x7bd4e1a025
04-22 01:53:32.340 27900 27900 E ArmVmp : Match on catch block at 0xc3 in for 0x7bd4e1a025
04-22 01:53:32.342 27900 27900 E ArmVmp : Match on catch block at 0xc3 in for 0x7bd4e1a025
04-22 01:53:32.348 27900 27900 E ArmVmp : Match on catch block at 0xc3 in for 0x7bd4e1a025
04-22 01:53:32.351 27900 27900 E ArmVmp : Match on catch block at 0xc3 in for 0x7bd4e1a025
04-22 01:53:32.353 27900 27900 E ArmVmp : Match on catch block at 0xc3 in for 0x7bd4e1a025
04-22 01:53:32.360 27900 27900 E ArmVmp : Match on catch block at 0xc3 in for 0x7bd4e1a025
04-22 01:53:32.362 27900 27900 E ArmVmp : Match on catch block at 0xc3 in for 0x7bd4e1a025
04-22 01:53:32.363 27900 27900 E ArmVmp : Match on catch block at 0xc3 in for 0x7bd4e1a025
04-22 01:53:32.373 27900 27900 E ArmVmp : Match on catch block at 0xc3 in for 0x7bd4e1a025
04-22 01:53:32.378 27900 27900 E ArmVmp : Match on catch block at 0xc3 in for 0x7bd4e1a025
04-22 01:53:32.380 27900 27900 E ArmVmp : Match on catch block at 0xc3 in for 0x7bd4e1a025
04-22 01:53:32.386 27900 27900 E ArmVmp : Match on catch block at 0xc3 in for 0x7bd4e1a025
04-22 01:53:32.391 27900 27900 E ArmVmp : Match on catch block at 0xc3 in for 0x7bd4e1a025
04-22 01:53:32.393 27900 27900 E ArmVmp : Match on catch block at 0xc3 in for 0x7bd4e1a025
04-22 01:53:32.398 27900 27900 E ArmVmp : Match on catch block at 0xc3 in for 0x7bd4e1a025
04-22 01:53:32.403 27900 27900 E ArmVmp : Match on catch block at 0xc3 in for 0x7bd4e1a025
04-22 01:53:32.406 27900 27900 E ArmVmp : Match on catch block at 0xc3 in for 0x7bd4e1a025
04-22 01:53:32.597 27900 27900 E ArmVmp : Match on catch block at 0xc3 in for 0x7bd4e1a025
04-22 01:53:32.602 27900 27900 E ArmVmp : Match on catch block at 0xc3 in for 0x7bd4e1a025
04-22 01:53:32.605 27900 27900 E ArmVmp : Match on catch block at 0xc3 in for 0x7bd4e1a025
04-22 01:53:33.098 27900 27900 E ArmVmp : Match on catch block at 0xc3 in for 0x7bd4e1a025
04-22 01:53:33.106 27900 27900 E ArmVmp : Match on catch block at 0xc3 in for 0x7bd4e1a025
04-22 01:53:33.110 27900 27900 E ArmVmp : Match on catch block at 0xc3 in for 0x7bd4e1a025
04-22 01:53:33.622 27900 27900 E ArmVmp : Match on catch block at 0xc3 in for 0x7bd4e1a025
04-22 01:53:33.627 27900 27900 E ArmVmp : Match on catch block at 0xc3 in for 0x7bd4e1a025
04-22 01:53:33.630 27900 27900 E ArmVmp : Match on catch block at 0xc3 in for 0x7bd4e1a025
04-22 01:53:33.674 27900 27900 E ArmVmp : Match on catch block at 0xc3 in for 0x7bd4e1a025
04-22 01:53:33.679 27900 27900 E ArmVmp : Match on catch block at 0xc3 in for 0x7bd4e1a025
04-22 01:53:33.682 27900 27900 E ArmVmp : Match on catch block at 0xc3 in for 0x7bd4e1a025
04-22 01:53:33.687 27900 28746 W libc : Access denied finding property "ro.vendor.display.iris_x7.support"
04-22 01:53:33.690 27900 27900 E ArmVmp : Match on catch block at 0xc3 in for 0x7bd4e1a025
04-22 01:53:33.692 27900 27900 E ArmVmp : Match on catch block at 0xc3 in for 0x7bd4e1a025
04-22 01:53:33.694 27900 27900 E ArmVmp : Match on catch block at 0xc3 in for 0x7bd4e1a025
04-22 01:53:33.698 27900 27900 E ArmVmp : Match on catch block at 0xc3 in for 0x7bd4e1a025
04-22 01:53:33.701 27900 27900 E ArmVmp : Match on catch block at 0xc3 in for 0x7bd4e1a025
04-22 01:53:33.703 27900 27900 E ArmVmp : Match on catch block at 0xc3 in for 0x7bd4e1a025
04-22 01:53:33.709 27900 27900 E ArmVmp : Match on catch block at 0xc3 in for 0x7bd4e1a025
04-22 01:53:33.712 27900 27900 E ArmVmp : Match on catch block at 0xc3 in for 0x7bd4e1a025
04-22 01:53:33.714 27900 27900 E ArmVmp : Match on catch block at 0xc3 in for 0x7bd4e1a025
04-22 01:53:33.719 27900 27900 E ArmVmp : Match on catch block at 0xc3 in for 0x7bd4e1a025
04-22 01:53:33.721 27900 27900 E ArmVmp : Match on catch block at 0xc3 in for 0x7bd4e1a025
04-22 01:53:33.722 27900 27900 E ArmVmp : Match on catch block at 0xc3 in for 0x7bd4e1a025
04-22 01:53:33.729 27900 27900 E ArmVmp : Match on catch block at 0xc3 in for 0x7bd4e1a025
04-22 01:53:33.732 27900 27900 E ArmVmp : Match on catch block at 0xc3 in for 0x7bd4e1a025
04-22 01:53:33.737 27900 27900 E ArmVmp : Match on catch block at 0xc3 in for 0x7bd4e1a025
04-22 01:53:33.740 27900 27900 E ArmVmp : Match on catch block at 0xc3 in for 0x7bd4e1a025
04-22 01:53:33.742 27900 27900 E ArmVmp : Match on catch block at 0xc3 in for 0x7bd4e1a025
04-22 01:53:33.744 27900 27900 E ArmVmp : Match on catch block at 0xc3 in for 0x7bd4e1a025
04-22 01:53:33.747 27900 27900 E ArmVmp : Match on catch block at 0xc3 in for 0x7bd4e1a025
04-22 01:53:33.750 27900 27900 E ArmVmp : Match on catch block at 0xc3 in for 0x7bd4e1a025
04-22 01:53:33.751 27900 27900 E ArmVmp : Match on catch block at 0xc3 in for 0x7bd4e1a025
04-22 01:53:33.754 27900 27900 W com.mbwhatsapp: type=1400 audit(0.0:347045): avc: denied { read } for name="u:object_r:vendor_ro_audio_prop:s0" dev="tmpfs" ino=707 scontext=u:r:untrusted_app_32:s0:c232,c256,c512,c768 tcontext=u:object_r:vendor_ro_audio_prop:s0 tclass=file permissive=0 app=com.mbwhatsapp
04-22 01:53:33.757 27900 27900 W libc : Access denied finding property "ro.vendor.audio.cloudctrl"
04-22 01:53:33.759 27900 27900 E ArmVmp : Match on catch block at 0xc3 in for 0x7bd4e1a025
04-22 01:53:33.763 27900 27900 E ArmVmp : Match on catch block at 0xc3 in for 0x7bd4e1a025
04-22 01:53:33.766 27900 27900 E ArmVmp : Match on catch block at 0xc3 in for 0x7bd4e1a025
04-22 01:53:33.781 27900 27900 E ArmVmp : Match on catch block at 0xc3 in for 0x7bd4e1a025
04-22 01:53:33.784 27900 27900 E ArmVmp : Match on catch block at 0xc3 in for 0x7bd4e1a025
04-22 01:53:33.785 27900 27900 E ArmVmp : Match on catch block at 0xc3 in for 0x7bd4e1a025
04-22 01:53:33.791 27900 27900 E ArmVmp : Match on catch block at 0xc3 in for 0x7bd4e1a025
04-22 01:53:33.795 27900 27900 E ArmVmp : Match on catch block at 0xc3 in for 0x7bd4e1a025
04-22 01:53:33.796 27900 27900 E ArmVmp : Match on catch block at 0xc3 in for 0x7bd4e1a025
04-22 01:53:33.801 27900 27900 E ArmVmp : Match on catch block at 0xc3 in for 0x7bd4e1a025
04-22 01:53:33.803 27900 27900 E ArmVmp : Match on catch block at 0xc3 in for 0x7bd4e1a025
04-22 01:53:33.805 27900 27900 E ArmVmp : Match on catch block at 0xc3 in for 0x7bd4e1a025
04-22 01:53:33.813 27900 27900 E ArmVmp : Match on catch block at 0xc3 in for 0x7bd4e1a025
04-22 01:53:33.815 27900 27900 E ArmVmp : Match on catch block at 0xc3 in for 0x7bd4e1a025
04-22 01:53:33.817 27900 27900 E ArmVmp : Match on catch block at 0xc3 in for 0x7bd4e1a025
04-22 01:53:33.824 27900 27900 E ArmVmp : Match on catch block at 0xc3 in for 0x7bd4e1a025
04-22 01:53:33.827 27900 27900 E ArmVmp : Match on catch block at 0xc3 in for 0x7bd4e1a025
04-22 01:53:33.829 27900 27900 E ArmVmp : Match on catch block at 0xc3 in for 0x7bd4e1a025
04-22 01:53:33.836 27900 27900 E ArmVmp : Match on catch block at 0xc3 in for 0x7bd4e1a025
04-22 01:53:33.840 27900 27900 E ArmVmp : Match on catch block at 0xc3 in for 0x7bd4e1a025
04-22 01:53:33.842 27900 27900 E ArmVmp : Match on catch block at 0xc3 in for 0x7bd4e1a025
04-22 01:53:33.846 27900 27900 E ArmVmp : Match on catch block at 0xc3 in for 0x7bd4e1a025
04-22 01:53:33.849 27900 27900 E ArmVmp : Match on catch block at 0xc3 in for 0x7bd4e1a025
04-22 01:53:33.851 27900 27900 E ArmVmp : Match on catch block at 0xc3 in for 0x7bd4e1a025
04-22 01:53:33.857 27900 27900 E ArmVmp : Match on catch block at 0xc3 in for 0x7bd4e1a025
04-22 01:53:33.860 27900 27900 E ArmVmp : Match on catch block at 0xc3 in for 0x7bd4e1a025
04-22 01:53:33.863 27900 27900 E ArmVmp : Match on catch block at 0xc3 in for 0x7bd4e1a025
04-22 01:53:33.869 27900 27900 E ArmVmp : Match on catch block at 0xc3 in for 0x7bd4e1a025
04-22 01:53:33.874 27900 27900 E ArmVmp : Match on catch block at 0xc3 in for 0x7bd4e1a025
04-22 01:53:33.877 27900 27900 E ArmVmp : Match on catch block at 0xc3 in for 0x7bd4e1a025
04-22 01:53:33.880 27900 27900 E ArmVmp : Match on catch block at 0xc3 in for 0x7bd4e1a025
04-22 01:53:33.884 27900 27900 E ArmVmp : Match on catch block at 0xc3 in for 0x7bd4e1a025
04-22 01:53:33.887 27900 27900 E ArmVmp : Match on catch block at 0xc3 in for 0x7bd4e1a025
04-22 01:53:33.893 27900 27900 E ArmVmp : Match on catch block at 0xc3 in for 0x7bd4e1a025
04-22 01:53:33.898 27900 27900 E ArmVmp : Match on catch block at 0xc3 in for 0x7bd4e1a025
04-22 01:53:33.901 27900 27900 E ArmVmp : Match on catch block at 0xc3 in for 0x7bd4e1a025
04-22 01:53:33.912 27900 27900 E ArmVmp : Match on catch block at 0xc3 in for 0x7bd4e1a025
04-22 01:53:33.916 27900 27900 E ArmVmp : Match on catch block at 0xc3 in for 0x7bd4e1a025
04-22 01:53:33.920 27900 27900 E ArmVmp : Match on catch block at 0xc3 in for 0x7bd4e1a025
04-22 01:53:33.926 27900 27900 E ArmVmp : Match on catch block at 0xc3 in for 0x7bd4e1a025
04-22 01:53:33.930 27900 27900 E ArmVmp : Match on catch block at 0xc3 in for 0x7bd4e1a025
04-22 01:53:33.933 27900 27900 E ArmVmp : Match on catch block at 0xc3 in for 0x7bd4e1a025
04-22 01:53:34.005 27900 27900 E ArmVmp : Match on catch block at 0xc3 in for 0x7bd4e1a025
04-22 01:53:34.009 27900 27900 E ArmVmp : Match on catch block at 0xc3 in for 0x7bd4e1a025
04-22 01:53:34.013 27900 27900 E ArmVmp : Match on catch block at 0xc3 in for 0x7bd4e1a025
04-22 01:53:34.028 27900 27900 E ArmVmp : Match on catch block at 0xc3 in for 0x7bd4e1a025
04-22 01:53:34.032 27900 27900 E ArmVmp : Match on catch block at 0xc3 in for 0x7bd4e1a025
04-22 01:53:34.034 27900 27900 E ArmVmp : Match on catch block at 0xc3 in for 0x7bd4e1a025
04-22 01:53:34.045 27900 27900 E ArmVmp : Match on catch block at 0xc3 in for 0x7bd4e1a025
04-22 01:53:34.051 27900 27900 E ArmVmp : Match on catch block at 0xc3 in for 0x7bd4e1a025
04-22 01:53:34.055 27900 27900 E ArmVmp : Match on catch block at 0xc3 in for 0x7bd4e1a025
04-22 01:53:34.183 27900 27900 E ArmVmp : Match on catch block at 0xc3 in for 0x7bd4e1a025
04-22 01:53:34.189 27900 27900 E ArmVmp : Match on catch block at 0xc3 in for 0x7bd4e1a025
04-22 01:53:34.194 27900 27900 E ArmVmp : Match on catch block at 0xc3 in for 0x7bd4e1a025
04-22 01:53:34.687 27900 27900 E ArmVmp : Match on catch block at 0xc3 in for 0x7bd4e1a025
04-22 01:53:34.696 27900 27900 E ArmVmp : Match on catch block at 0xc3 in for 0x7bd4e1a025
04-22 01:53:34.702 27900 27900 E ArmVmp : Match on catch block at 0xc3 in for 0x7bd4e1a025
04-22 01:53:35.183 27900 27900 E ArmVmp : Match on catch block at 0xc3 in for 0x7bd4e1a025
04-22 01:53:35.192 27900 27900 E ArmVmp : Match on catch block at 0xc3 in for 0x7bd4e1a025
04-22 01:53:35.198 27900 27900 E ArmVmp : Match on catch block at 0xc3 in for 0x7bd4e1a025
04-22 01:53:35.479 27900 27900 E ArmVmp : Match on catch block at 0xc3 in for 0x7bd4e1a025
04-22 01:53:35.482 27900 27900 E ArmVmp : Match on catch block at 0xc3 in for 0x7bd4e1a025
04-22 01:53:35.484 27900 27900 E ArmVmp : Match on catch block at 0xc3 in for 0x7bd4e1a025
04-22 01:53:35.497 27900 27900 E ArmVmp : Match on catch block at 0xc3 in for 0x7bd4e1a025
04-22 01:53:35.501 27900 27900 E ArmVmp : Match on catch block at 0xc3 in for 0x7bd4e1a025
04-22 01:53:35.503 27900 27900 E ArmVmp : Match on catch block at 0xc3 in for 0x7bd4e1a025
04-22 01:53:35.508 27900 27900 E ArmVmp : Match on catch block at 0xc3 in for 0x7bd4e1a025
04-22 01:53:35.511 27900 27900 E ArmVmp : Match on catch block at 0xc3 in for 0x7bd4e1a025
04-22 01:53:35.512 27900 27900 E ArmVmp : Match on catch block at 0xc3 in for 0x7bd4e1a025
04-22 01:53:35.520 27900 27900 E ArmVmp : Match on catch block at 0xc3 in for 0x7bd4e1a025
04-22 01:53:35.523 27900 27900 E ArmVmp : Match on catch block at 0xc3 in for 0x7bd4e1a025
04-22 01:53:35.525 27900 27900 E ArmVmp : Match on catch block at 0xc3 in for 0x7bd4e1a025
04-22 01:53:35.530 27900 27900 E ArmVmp : Match on catch block at 0xc3 in for 0x7bd4e1a025
04-22 01:53:35.532 27900 27900 E ArmVmp : Match on catch block at 0xc3 in for 0x7bd4e1a025
04-22 01:53:35.534 27900 27900 E ArmVmp : Match on catch block at 0xc3 in for 0x7bd4e1a025
04-22 01:53:35.542 27900 27900 E ArmVmp : Match on catch block at 0xc3 in for 0x7bd4e1a025
04-22 01:53:35.545 27900 27900 E ArmVmp : Match on catch block at 0xc3 in for 0x7bd4e1a025
04-22 01:53:35.547 27900 27900 E ArmVmp : Match on catch block at 0xc3 in for 0x7bd4e1a025
04-22 01:53:35.553 27900 27900 E ArmVmp : Match on catch block at 0xc3 in for 0x7bd4e1a025
04-22 01:53:35.556 27900 27900 E ArmVmp : Match on catch block at 0xc3 in for 0x7bd4e1a025
04-22 01:53:35.557 27900 27900 E ArmVmp : Match on catch block at 0xc3 in for 0x7bd4e1a025
04-22 01:53:35.564 27900 27900 E ArmVmp : Match on catch block at 0xc3 in for 0x7bd4e1a025
04-22 01:53:35.566 27900 27900 E ArmVmp : Match on catch block at 0xc3 in for 0x7bd4e1a025
04-22 01:53:35.568 27900 27900 E ArmVmp : Match on catch block at 0xc3 in for 0x7bd4e1a025
04-22 01:53:35.576 27900 27900 E ArmVmp : Match on catch block at 0xc3 in for 0x7bd4e1a025
04-22 01:53:35.579 27900 27900 E ArmVmp : Match on catch block at 0xc3 in for 0x7bd4e1a025
04-22 01:53:35.581 27900 27900 E ArmVmp : Match on catch block at 0xc3 in for 0x7bd4e1a025
04-22 01:53:35.589 27900 27900 E ArmVmp : Match on catch block at 0xc3 in for 0x7bd4e1a025
04-22 01:53:35.593 27900 27900 E ArmVmp : Match on catch block at 0xc3 in for 0x7bd4e1a025
04-22 01:53:35.595 27900 27900 E ArmVmp : Match on catch block at 0xc3 in for 0x7bd4e1a025
04-22 01:53:35.609 27900 27900 E ArmVmp : Match on catch block at 0xc3 in for 0x7bd4e1a025
04-22 01:53:35.612 27900 27900 E ArmVmp : Match on catch block at 0xc3 in for 0x7bd4e1a025
04-22 01:53:35.614 27900 27900 E ArmVmp : Match on catch block at 0xc3 in for 0x7bd4e1a025
04-22 01:53:35.620 27900 27900 E ArmVmp : Match on catch block at 0xc3 in for 0x7bd4e1a025
04-22 01:53:35.623 27900 27900 E ArmVmp : Match on catch block at 0xc3 in for 0x7bd4e1a025
04-22 01:53:35.625 27900 27900 E ArmVmp : Match on catch block at 0xc3 in for 0x7bd4e1a025
04-22 01:53:35.631 27900 27900 E ArmVmp : Match on catch block at 0xc3 in for 0x7bd4e1a025
04-22 01:53:35.634 27900 27900 E ArmVmp : Match on catch block at 0xc3 in for 0x7bd4e1a025
04-22 01:53:35.637 27900 27900 E ArmVmp : Match on catch block at 0xc3 in for 0x7bd4e1a025
04-22 01:53:35.643 27900 27900 E ArmVmp : Match on catch block at 0xc3 in for 0x7bd4e1a025
04-22 01:53:35.646 27900 27900 E ArmVmp : Match on catch block at 0xc3 in for 0x7bd4e1a025
04-22 01:53:35.648 27900 27900 E ArmVmp : Match on catch block at 0xc3 in for 0x7bd4e1a025
04-22 01:53:35.654 27900 27900 E ArmVmp : Match on catch block at 0xc3 in for 0x7bd4e1a025
04-22 01:53:35.658 27900 27900 E ArmVmp : Match on catch block at 0xc3 in for 0x7bd4e1a025
04-22 01:53:35.660 27900 27900 E ArmVmp : Match on catch block at 0xc3 in for 0x7bd4e1a025
04-22 01:53:35.665 27900 27900 E ArmVmp : Match on catch block at 0xc3 in for 0x7bd4e1a025
04-22 01:53:35.668 27900 27900 E ArmVmp : Match on catch block at 0xc3 in for 0x7bd4e1a025
04-22 01:53:35.670 27900 27900 E ArmVmp : Match on catch block at 0xc3 in for 0x7bd4e1a025
04-22 01:53:35.676 27900 27900 E ArmVmp : Match on catch block at 0xc3 in for 0x7bd4e1a025
04-22 01:53:35.679 27900 27900 E ArmVmp : Match on catch block at 0xc3 in for 0x7bd4e1a025
04-22 01:53:35.681 27900 27900 E ArmVmp : Match on catch block at 0xc3 in for 0x7bd4e1a025
04-22 01:53:35.687 27900 27900 E ArmVmp : Match on catch block at 0xc3 in for 0x7bd4e1a025
04-22 01:53:35.689 27900 27900 E ArmVmp : Match on catch block at 0xc3 in for 0x7bd4e1a025
04-22 01:53:35.691 27900 27900 E ArmVmp : Match on catch block at 0xc3 in for 0x7bd4e1a025
04-22 01:53:35.698 27900 27900 E ArmVmp : Match on catch block at 0xc3 in for 0x7bd4e1a025
04-22 01:53:35.701 27900 27900 E ArmVmp : Match on catch block at 0xc3 in for 0x7bd4e1a025
04-22 01:53:35.703 27900 27900 E ArmVmp : Match on catch block at 0xc3 in for 0x7bd4e1a025
04-22 01:53:35.709 27900 27900 E ArmVmp : Match on catch block at 0xc3 in for 0x7bd4e1a025
04-22 01:53:35.712 27900 27900 E ArmVmp : Match on catch block at 0xc3 in for 0x7bd4e1a025
04-22 01:53:35.714 27900 27900 E ArmVmp : Match on catch block at 0xc3 in for 0x7bd4e1a025
04-22 01:53:35.720 27900 27900 E ArmVmp : Match on catch block at 0xc3 in for 0x7bd4e1a025
04-22 01:53:35.723 27900 27900 E ArmVmp : Match on catch block at 0xc3 in for 0x7bd4e1a025
04-22 01:53:35.725 27900 27900 E ArmVmp : Match on catch block at 0xc3 in for 0x7bd4e1a025
04-22 01:53:35.732 27900 27900 E ArmVmp : Match on catch block at 0xc3 in for 0x7bd4e1a025
04-22 01:53:35.734 27900 27900 E ArmVmp : Match on catch block at 0xc3 in for 0x7bd4e1a025
04-22 01:53:35.736 27900 27900 E ArmVmp : Match on catch block at 0xc3 in for 0x7bd4e1a025
04-22 01:53:35.743 27900 27900 E ArmVmp : Match on catch block at 0xc3 in for 0x7bd4e1a025
04-22 01:53:35.746 27900 27900 E ArmVmp : Match on catch block at 0xc3 in for 0x7bd4e1a025
04-22 01:53:35.748 27900 27900 E ArmVmp : Match on catch block at 0xc3 in for 0x7bd4e1a025
04-22 01:53:35.754 27900 27900 E ArmVmp : Match on catch block at 0xc3 in for 0x7bd4e1a025
04-22 01:53:35.756 27900 27900 E ArmVmp : Match on catch block at 0xc3 in for 0x7bd4e1a025
04-22 01:53:35.758 27900 27900 E ArmVmp : Match on catch block at 0xc3 in for 0x7bd4e1a025
04-22 01:53:35.765 27900 27900 E ArmVmp : Match on catch block at 0xc3 in for 0x7bd4e1a025
04-22 01:53:35.769 27900 27900 E ArmVmp : Match on catch block at 0xc3 in for 0x7bd4e1a025
04-22 01:53:35.771 27900 27900 E ArmVmp : Match on catch block at 0xc3 in for 0x7bd4e1a025
04-22 01:53:35.777 27900 27900 E ArmVmp : Match on catch block at 0xc3 in for 0x7bd4e1a025
04-22 01:53:35.779 27900 27900 E ArmVmp : Match on catch block at 0xc3 in for 0x7bd4e1a025
04-22 01:53:35.781 27900 27900 E ArmVmp : Match on catch block at 0xc3 in for 0x7bd4e1a025
04-22 01:53:35.788 27900 27900 E ArmVmp : Match on catch block at 0xc3 in for 0x7bd4e1a025
04-22 01:53:35.790 27900 27900 E ArmVmp : Match on catch block at 0xc3 in for 0x7bd4e1a025
04-22 01:53:35.792 27900 27900 E ArmVmp : Match on catch block at 0xc3 in for 0x7bd4e1a025
04-22 01:53:35.799 27900 27900 E ArmVmp : Match on catch block at 0xc3 in for 0x7bd4e1a025
04-22 01:53:35.802 27900 27900 E ArmVmp : Match on catch block at 0xc3 in for 0x7bd4e1a025
04-22 01:53:35.804 27900 27900 E ArmVmp : Match on catch block at 0xc3 in for 0x7bd4e1a025
04-22 01:53:35.810 27900 27900 E ArmVmp : Match on catch block at 0xc3 in for 0x7bd4e1a025
04-22 01:53:35.813 27900 27900 E ArmVmp : Match on catch block at 0xc3 in for 0x7bd4e1a025
04-22 01:53:35.815 27900 27900 E ArmVmp : Match on catch block at 0xc3 in for 0x7bd4e1a025
04-22 01:53:35.821 27900 27900 E ArmVmp : Match on catch block at 0xc3 in for 0x7bd4e1a025
04-22 01:53:35.824 27900 27900 E ArmVmp : Match on catch block at 0xc3 in for 0x7bd4e1a025
04-22 01:53:35.826 27900 27900 E ArmVmp : Match on catch block at 0xc3 in for 0x7bd4e1a025
04-22 01:53:35.833 27900 27900 E ArmVmp : Match on catch block at 0xc3 in for 0x7bd4e1a025
04-22 01:53:35.836 27900 27900 E ArmVmp : Match on catch block at 0xc3 in for 0x7bd4e1a025
04-22 01:53:35.838 27900 27900 E ArmVmp : Match on catch block at 0xc3 in for 0x7bd4e1a025
04-22 01:53:35.844 27900 27900 E ArmVmp : Match on catch block at 0xc3 in for 0x7bd4e1a025
04-22 01:53:35.846 27900 27900 E ArmVmp : Match on catch block at 0xc3 in for 0x7bd4e1a025
04-22 01:53:35.848 27900 27900 E ArmVmp : Match on catch block at 0xc3 in for 0x7bd4e1a025
04-22 01:53:35.856 27900 27900 E ArmVmp : Match on catch block at 0xc3 in for 0x7bd4e1a025
04-22 01:53:35.858 27900 27900 E ArmVmp : Match on catch block at 0xc3 in for 0x7bd4e1a025
04-22 01:53:35.860 27900 27900 E ArmVmp : Match on catch block at 0xc3 in for 0x7bd4e1a025
04-22 01:53:35.866 27900 27900 E ArmVmp : Match on catch block at 0xc3 in for 0x7bd4e1a025
04-22 01:53:35.868 27900 27900 E ArmVmp : Match on catch block at 0xc3 in for 0x7bd4e1a025
04-22 01:53:35.870 27900 27900 E ArmVmp : Match on catch block at 0xc3 in for 0x7bd4e1a025
04-22 01:53:35.877 27900 27900 E ArmVmp : Match on catch block at 0xc3 in for 0x7bd4e1a025
04-22 01:53:35.880 27900 27900 E ArmVmp : Match on catch block at 0xc3 in for 0x7bd4e1a025
04-22 01:53:35.882 27900 27900 E ArmVmp : Match on catch block at 0xc3 in for 0x7bd4e1a025
04-22 01:53:36.012 27900 27900 E ArmVmp : Match on catch block at 0xc3 in for 0x7bd4e1a025
04-22 01:53:36.015 27900 27900 E ArmVmp : Match on catch block at 0xc3 in for 0x7bd4e1a025
04-22 01:53:36.017 27900 27900 E ArmVmp : Match on catch block at 0xc3 in for 0x7bd4e1a025
04-22 01:53:36.190 27900 27900 E ArmVmp : Match on catch block at 0xc3 in for 0x7bd4e1a025
04-22 01:53:36.194 27900 27900 E ArmVmp : Match on catch block at 0xc3 in for 0x7bd4e1a025
04-22 01:53:36.196 27900 27900 E ArmVmp : Match on catch block at 0xc3 in for 0x7bd4e1a025
04-22 01:53:36.351 27900 27900 E ArmVmp : Match on catch block at 0xc3 in for 0x7bd4e1a025
04-22 01:53:36.353 27900 27900 E ArmVmp : Match on catch block at 0xc3 in for 0x7bd4e1a025
04-22 01:53:36.355 27900 27900 E ArmVmp : Match on catch block at 0xc3 in for 0x7bd4e1a025
04-22 01:53:36.853 27900 27900 E ArmVmp : Match on catch block at 0xc3 in for 0x7bd4e1a025
04-22 01:53:36.862 27900 27900 E ArmVmp : Match on catch block at 0xc3 in for 0x7bd4e1a025
04-22 01:53:36.868 27900 27900 E ArmVmp : Match on catch block at 0xc3 in for 0x7bd4e1a025
04-22 01:53:37.290 27900 27900 E ArmVmp : Match on catch block at 0xc3 in for 0x7bd4e1a025
04-22 01:53:37.292 27900 27900 E ArmVmp : Match on catch block at 0xc3 in for 0x7bd4e1a025
04-22 01:53:37.294 27900 27900 E ArmVmp : Match on catch block at 0xc3 in for 0x7bd4e1a025
04-22 01:53:37.668 27900 27900 E ArmVmp : Match on catch block at 0xc3 in for 0x7bd4e1a025
04-22 01:53:37.672 27900 27900 E ArmVmp : Match on catch block at 0xc3 in for 0x7bd4e1a025
04-22 01:53:37.674 27900 27900 E ArmVmp : Match on catch block at 0xc3 in for 0x7bd4e1a025
04-22 01:53:38.123 27900 27900 E ArmVmp : Match on catch block at 0xc3 in for 0x7bd4e1a025
04-22 01:53:38.126 27900 27900 E ArmVmp : Match on catch block at 0xc3 in for 0x7bd4e1a025
04-22 01:53:38.129 27900 27900 E ArmVmp : Match on catch block at 0xc3 in for 0x7bd4e1a025
04-22 01:53:38.370 27900 27900 E ArmVmp : Match on catch block at 0xc3 in for 0x7bd4e1a025
04-22 01:53:38.373 27900 27900 E ArmVmp : Match on catch block at 0xc3 in for 0x7bd4e1a025
04-22 01:53:38.376 27900 27900 E ArmVmp : Match on catch block at 0xc3 in for 0x7bd4e1a025
04-22 01:53:38.695 27900 27900 E ArmVmp : Match on catch block at 0xc3 in for 0x7bd4e1a025
04-22 01:53:38.698 27900 27900 E ArmVmp : Match on catch block at 0xc3 in for 0x7bd4e1a025
04-22 01:53:38.700 27900 27900 E ArmVmp : Match on catch block at 0xc3 in for 0x7bd4e1a025
04-22 01:53:39.199 27900 27900 E ArmVmp : Match on catch block at 0xc3 in for 0x7bd4e1a025
04-22 01:53:39.202 27900 27900 E ArmVmp : Match on catch block at 0xc3 in for 0x7bd4e1a025
04-22 01:53:39.204 27900 27900 E ArmVmp : Match on catch block at 0xc3 in for 0x7bd4e1a025
04-22 01:53:39.245 27900 27900 E ArmVmp : Match on catch block at 0xc3 in for 0x7bd4e1a025
04-22 01:53:39.247 27900 27900 E ArmVmp : Match on catch block at 0xc3 in for 0x7bd4e1a025
04-22 01:53:39.249 27900 27900 E ArmVmp : Match on catch block at 0xc3 in for 0x7bd4e1a025
04-22 01:53:39.261 27900 27900 E ArmVmp : Match on catch block at 0xc3 in for 0x7bd4e1a025
04-22 01:53:39.263 27900 27900 E ArmVmp : Match on catch block at 0xc3 in for 0x7bd4e1a025
04-22 01:53:39.265 27900 27900 E ArmVmp : Match on catch block at 0xc3 in for 0x7bd4e1a025
04-22 01:53:39.285 27900 27900 E ArmVmp : Match on catch block at 0xc3 in for 0x7bd4e1a025
04-22 01:53:39.287 27900 27900 E ArmVmp : Match on catch block at 0xc3 in for 0x7bd4e1a025
04-22 01:53:39.317 27900 27900 E ArmVmp : Match on catch block at 0xc3 in for 0x7bd4e1a025
04-22 01:53:39.319 27900 27900 E ArmVmp : Match on catch block at 0xc3 in for 0x7bd4e1a025
04-22 01:53:39.334 27900 27900 E ArmVmp : Match on catch block at 0xc3 in for 0x7bd4e1a025
04-22 01:53:39.339 27900 27900 E ArmVmp : Match on catch block at 0xc3 in for 0x7bd4e1a025
04-22 01:53:39.350 27900 27900 E ArmVmp : Match on catch block at 0xc3 in for 0x7bd4e1a025
04-22 01:53:39.352 27900 27900 E ArmVmp : Match on catch block at 0xc3 in for 0x7bd4e1a025
04-22 01:53:39.356 27900 27900 E ArmVmp : Match on catch block at 0xc3 in for 0x7bd4e1a025
04-22 01:53:39.359 27900 27900 E ArmVmp : Match on catch block at 0xc3 in for 0x7bd4e1a025
04-22 01:53:39.368 27900 27900 E ArmVmp : Match on catch block at 0xc3 in for 0x7bd4e1a025
04-22 01:53:39.371 27900 27900 E ArmVmp : Match on catch block at 0xc3 in for 0x7bd4e1a025
04-22 01:53:39.380 27900 27900 E ArmVmp : Match on catch block at 0xc3 in for 0x7bd4e1a025
04-22 01:53:39.386 27900 27900 E ArmVmp : Match on catch block at 0xc3 in for 0x7bd4e1a025
04-22 01:53:39.390 27900 27900 E ArmVmp : Match on catch block at 0xc3 in for 0x7bd4e1a025
04-22 01:53:39.394 27900 27900 E ArmVmp : Match on catch block at 0xc3 in for 0x7bd4e1a025
04-22 01:53:39.401 27900 27900 E ArmVmp : Match on catch block at 0xc3 in for 0x7bd4e1a025
04-22 01:53:39.406 27900 27900 E ArmVmp : Match on catch block at 0xc3 in for 0x7bd4e1a025
04-22 01:53:39.413 27900 27900 E ArmVmp : Match on catch block at 0xc3 in for 0x7bd4e1a025
04-22 01:53:39.417 27900 27900 E ArmVmp : Match on catch block at 0xc3 in for 0x7bd4e1a025
04-22 01:53:39.425 27900 27900 E ArmVmp : Match on catch block at 0xc3 in for 0x7bd4e1a025
04-22 01:53:39.432 27900 27900 E ArmVmp : Match on catch block at 0xc3 in for 0x7bd4e1a025
04-22 01:53:39.447 27900 27900 E ArmVmp : Match on catch block at 0xc3 in for 0x7bd4e1a025
04-22 01:53:39.454 27900 27900 E ArmVmp : Match on catch block at 0xc3 in for 0x7bd4e1a025
04-22 01:53:39.469 27900 27900 E ArmVmp : Match on catch block at 0xc3 in for 0x7bd4e1a025
04-22 01:53:39.477 27900 27900 E ArmVmp : Match on catch block at 0xc3 in for 0x7bd4e1a025
04-22 01:53:39.612 27900 27900 E ArmVmp : Match on catch block at 0xc3 in for 0x7bd4e1a025
04-22 01:53:39.614 27900 27900 E ArmVmp : Match on catch block at 0xc3 in for 0x7bd4e1a025
04-22 01:53:39.619 27900 27900 W WindowOnBackDispatcher: sendCancelIfRunning: isInProgress=falsecallback=ImeCallback=ImeOnBackInvokedCallback@181647795 Callback=android.window.IOnBackInvokedCallback$Stub$Proxy@1e71cf7
04-22 01:53:39.622 27900 27900 E ArmVmp : Match on catch block at 0xc3 in for 0x7bd4e1a025
04-22 01:53:39.624 27900 27900 E ArmVmp : Match on catch block at 0xc3 in for 0x7bd4e1a025
04-22 01:53:39.649 27900 27900 E ArmVmp : Match on catch block at 0xc3 in for 0x7bd4e1a025
04-22 01:53:39.651 27900 27900 E ArmVmp : Match on catch block at 0xc3 in for 0x7bd4e1a025
04-22 01:53:39.658 27900 27900 E ArmVmp : Match on catch block at 0xc3 in for 0x7bd4e1a025
04-22 01:53:39.662 27900 28761 W MediaPlayer: Use of stream types is deprecated for operations other than volume control
04-22 01:53:39.662 27900 28761 W MediaPlayer: See the documentation of setAudioStreamType() for what to use instead with android.media.AudioAttributes to qualify your playback use case
04-22 01:53:39.663 27900 27900 E ArmVmp : Match on catch block at 0xc3 in for 0x7bd4e1a025
04-22 01:53:39.761 27900 27900 E ArmVmp : Match on catch block at 0xc3 in for 0x7bd4e1a025
04-22 01:53:39.766 27900 27900 E ArmVmp : Match on catch block at 0xc3 in for 0x7bd4e1a025
04-22 01:53:39.829 27900 27900 E ArmVmp : Match on catch block at 0xc3 in for 0x7bd4e1a025
04-22 01:53:39.833 27900 27900 E ArmVmp : Match on catch block at 0xc3 in for 0x7bd4e1a025
04-22 01:53:39.941 27900 27900 E ArmVmp : Match on catch block at 0xc3 in for 0x7bd4e1a025
04-22 01:53:39.944 27900 27900 E ArmVmp : Match on catch block at 0xc3 in for 0x7bd4e1a025
04-22 01:53:39.954 27900 27900 E ArmVmp : Match on catch block at 0xc3 in for 0x7bd4e1a025
04-22 01:53:39.956 27900 27900 E ArmVmp : Match on catch block at 0xc3 in for 0x7bd4e1a025
04-22 01:53:40.001 27900 28746 E OpenGLRenderer: Unable to match the desired swap behavior.
04-22 01:53:40.028 27900 27900 E ArmVmp : Match on catch block at 0xc3 in for 0x7bd4e1a025
04-22 01:53:40.031 27900 27900 E ArmVmp : Match on catch block at 0xc3 in for 0x7bd4e1a025
04-22 01:53:40.042 27900 27900 E ArmVmp : Match on catch block at 0xc3 in for 0x7bd4e1a025
04-22 01:53:40.045 27900 27900 E ArmVmp : Match on catch block at 0xc3 in for 0x7bd4e1a025
04-22 01:53:40.060 27900 27900 E ArmVmp : Match on catch block at 0xc3 in for 0x7bd4e1a025
04-22 01:53:40.066 27900 27900 E ArmVmp : Match on catch block at 0xc3 in for 0x7bd4e1a025
04-22 01:53:40.072 27900 27900 E ArmVmp : Match on catch block at 0xc3 in for 0x7bd4e1a025
04-22 01:53:40.076 27900 27900 E ArmVmp : Match on catch block at 0xc3 in for 0x7bd4e1a025
04-22 01:53:40.090 27900 27900 E ArmVmp : Match on catch block at 0xc3 in for 0x7bd4e1a025
04-22 01:53:40.094 27900 27900 E ArmVmp : Match on catch block at 0xc3 in for 0x7bd4e1a025
04-22 01:53:40.111 27900 27900 E ArmVmp : Match on catch block at 0xc3 in for 0x7bd4e1a025
04-22 01:53:40.113 27900 27900 E ArmVmp : Match on catch block at 0xc3 in for 0x7bd4e1a025
04-22 01:53:40.120 27900 27900 E ArmVmp : Match on catch block at 0xc3 in for 0x7bd4e1a025
04-22 01:53:40.122 27900 27900 E ArmVmp : Match on catch block at 0xc3 in for 0x7bd4e1a025
04-22 01:53:40.574 27900 27900 E ArmVmp : Match on catch block at 0xc3 in for 0x7bd4e1a025
04-22 01:53:40.576 27900 27900 E ArmVmp : Match on catch block at 0xc3 in for 0x7bd4e1a025
04-22 01:53:40.582 27900 27900 W WindowOnBackDispatcher: sendCancelIfRunning: isInProgress=falsecallback=android.view.ViewRootImpl$ $ExternalSyntheticLambda22@ad966e1
04-22 01:54:20.856 27900 27900 W JobService: onNetworkChanged() not implemented in androidx.work.impl.background.systemjob.SystemJobService. Must override in a subclass.
04-22 01:54:21.411 27900 28746 E OpenGLRenderer: Unable to match the desired swap behavior.
04-22 01:54:24.241 27900 27900 W JobService: onNetworkChanged() not implemented in androidx.work.impl.background.systemjob.SystemJobService. Must override in a subclass.
04-22 01:54:25.419 27900 27900 W MIUIInput: Back key is intercepted by the app
04-22 01:54:26.705 27900 27900 W WindowOnBackDispatcher: sendCancelIfRunning: isInProgress=falsecallback=android.view.ViewRootImpl$ $ExternalSyntheticLambda22@ab4aafb
04-22 01:54:42.160 27900 28882 W com.mbwhatsapp: Accessing hidden field Landroid/app/Notification;->extraNotification:Landroid/app/MiuiNotification; (blocked, reflection, denied)
04-22 01:54:42.167 27900 28882 W EpFrameworkFactory: activated: false jar exist: false
04-22 01:54:42.187 27900 28882 W com.mbwhatsapp: Accessing hidden field Landroid/app/Notification;->extraNotification:Landroid/app/MiuiNotification; (blocked, reflection, denied)
04-22 01:54:42.206 27900 28911 W com.mbwhatsapp: Accessing hidden method Landroid/app/MiuiNotification;-><init>()V (blocked, reflection, denied)
04-22 01:54:52.004 27900 27900 E ArmVmp : Match on catch block at 0x8d in for 0x7bd4e1a039
04-22 01:54:52.029 27900 27900 E ArmVmp : Match on catch block at 0x4c in for 0x7bd4e1a039
04-22 01:54:52.044 27900 27900 E ArmVmp : Match on catch block at 0x8d in for 0x7bd4e1a039
04-22 01:54:52.167 27900 27900 E ArmVmp : Match on catch block at 0x0a in for 0x7bd4e1a031
04-22 01:54:52.180 27900 27900 E ArmVmp : Match on catch block at 0x0a in for 0x7bd4e1a04d
04-22 01:54:52.218 27900 27900 W Activity: Can request only one set of permissions at a time
04-22 01:54:52.262 27900 28746 W libc : Access denied finding property "ro.vendor.display.iris_x7.support"
04-22 01:54:52.267 27900 27900 W Looper : PerfMonitor looperActivity : package=com.mbwhatsapp/.HomeActivity time=0ms latency=302ms procState=-1 historyMsgCount=2 (msgIndex=2 wall=298ms seq=2379 late=4ms h=android.app.ActivityThread$H w=159)
04-22 01:54:52.487 27900 27900 E ArmVmp : Match on catch block at 0x8d in for 0x7bd4e1a03d
04-22 01:54:52.525 27900 27900 E ArmVmp : Match on catch block at 0x8d in for 0x7bd4e1a03d
04-22 01:54:52.554 27900 27900 E ArmVmp : Match on catch block at 0x8d in for 0x7bd4e1a03d
04-22 01:54:52.585 27900 27900 E ArmVmp : Match on catch block at 0x8d in for 0x7bd4e1a03d
04-22 01:54:52.614 27900 27900 E ArmVmp : Match on catch block at 0x8d in for 0x7bd4e1a03d
04-22 01:54:52.645 27900 27900 E ArmVmp : Match on catch block at 0x8d in for 0x7bd4e1a03d
04-22 01:54:52.676 27900 27900 E ArmVmp : Match on catch block at 0x8d in for 0x7bd4e1a03d
04-22 01:54:52.703 27900 27900 E ArmVmp : Match on catch block at 0x8d in for 0x7bd4e1a03d
04-22 01:54:52.733 27900 27900 E ArmVmp : Match on catch block at 0x8d in for 0x7bd4e1a03d
04-22 01:54:52.752 27900 27900 E RecyclerView: No adapter attached; skipping layout
04-22 01:54:52.757 27900 27900 W Looper : PerfMonitor doFrame : time=467ms vsyncFrame=0 latency=19ms procState=-1 historyMsgCount=13
04-22 01:54:52.763 27900 27900 E ArmVmp : Match on catch block at 0x0a in for 0x7bd4e1a035
04-22 01:54:52.771 27900 27900 W Looper : PerfMonitor looperActivity : package=com.mbwhatsapp/mbmodsd.mbmodsw.mbsettings.yo.PauseActivity time=11ms latency=474ms procState=-1 historyMsgCount=18 (msgIndex=14 wall=467ms seq=2403 late=19ms h=android.view.Choreographer$FrameHandler c=android.view.Choreographer$FrameDisplayEventReceiver)
04-22 01:54:52.788 27900 27900 E RecyclerView: No adapter attached; skipping layout
04-22 01:54:52.788 27900 27900 W Looper : PerfMonitor doFrame : time=18ms vsyncFrame=0 latency=477ms procState=-1 historyMsgCount=8 (msgIndex=1 wall=467ms seq=2403 late=19ms h=android.view.Choreographer$FrameHandler c=android.view.Choreographer$FrameDisplayEventReceiver)
04-22 01:54:52.791 27900 27900 W Looper : PerfMonitor looperActivity : package=com.mbwhatsapp/mbmodsd.mbmodsw.mbsettings.yo.PauseActivity time=0ms latency=350ms procState=-1 historyMsgCount=24 (msgIndex=1 wall=467ms seq=2403 late=19ms h=android.view.Choreographer$FrameHandler c=android.view.Choreographer$FrameDisplayEventReceiver)
04-22 01:54:52.791 27900 27900 W Looper : PerfMonitor looperActivity : package=com.mbwhatsapp/mbmodsd.mbmodsw.mbsettings.yo.PauseActivity time=0ms latency=348ms procState=-1 historyMsgCount=25 (msgIndex=1 wall=467ms seq=2403 late=19ms h=android.view.Choreographer$FrameHandler c=android.view.Choreographer$FrameDisplayEventReceiver)
04-22 01:54:52.795 27900 27900 W Looper : PerfMonitor looperActivity : package=com.mbwhatsapp/.HomeActivity time=4ms latency=325ms procState=-1 historyMsgCount=27 (msgIndex=1 wall=467ms seq=2403 late=19ms h=android.view.Choreographer$FrameHandler c=android.view.Choreographer$FrameDisplayEventReceiver)
04-22 01:54:52.934 27900 28746 E GED : Failed to get GED Log Buf, err(0)
04-22 01:54:52.944 27900 28746 E libEGL : pre_cache appList: ,,,,,,
04-22 01:54:52.944 27900 27900 E ArmVmp : Match on catch block at 0x8d in for 0x7bd4e1a049
04-22 01:54:52.947 27900 27900 E ArmVmp : Match on catch block at 0x8d in for 0x7bd4e1a049
04-22 01:54:52.951 27900 27900 E ArmVmp : Match on catch block at 0x8d in for 0x7bd4e1a049
04-22 01:54:52.953 27900 28746 E OpenGLRenderer: Unable to match the desired swap behavior.
04-22 01:54:52.954 27900 27900 E ArmVmp : Match on catch block at 0x8d in for 0x7bd4e1a049
04-22 01:54:53.247 27900 28746 E OpenGLRenderer: Unable to match the desired swap behavior.
04-22 01:54:53.252 27900 27900 E ArmVmp : Match on catch block at 0x8d in for 0x7bd4e1a039
04-22 01:54:53.258 27900 27900 E ArmVmp : Match on catch block at 0x8d in for 0x7bd4e1a039
04-22 01:54:53.265 27900 27900 E ArmVmp : Match on catch block at 0x5b in for 0x7bd4e1a01d
04-22 01:54:55.882 27900 27900 W com.mbwhatsapp: type=1400 audit(0.0:347121): avc: denied { read } for name="u:object_r:vendor_ro_audio_prop:s0" dev="tmpfs" ino=707 scontext=u:r:untrusted_app_32:s0:c232,c256,c512,c768 tcontext=u:object_r:vendor_ro_audio_prop:s0 tclass=file permissive=0 app=com.mbwhatsapp
04-22 01:54:55.885 27900 27900 W libc : Access denied finding property "ro.vendor.audio.cloudctrl"
04-22 01:54:56.010 27900 27900 E ArmVmp : Match on catch block at 0x4c in for 0x7bd4e1a039
04-22 01:54:56.017 27900 27900 E ArmVmp : Match on catch block at 0x8d in for 0x7bd4e1a039
04-22 01:54:56.022 27900 27900 E ArmVmp : Match on catch block at 0x8d in for 0x7bd4e1a039
04-22 01:54:56.051 27900 27900 E ArmVmp : Match on catch block at 0x0a in for 0x7bd4e1a035
04-22 01:54:56.054 27900 27900 E ArmVmp : Match on catch block at 0x0a in for 0x7bd4e1a035
04-22 01:54:56.074 27900 28746 W libc : Access denied finding property "ro.vendor.display.iris_x7.support"
04-22 01:54:56.105 27900 28746 E OpenGLRenderer: Unable to match the desired swap behavior.
04-22 01:54:56.256 27900 27900 E ArmVmp : Match on catch block at 0xc3 in for 0x7bd4e1a021
04-22 01:54:56.260 27900 27900 E ArmVmp : Match on catch block at 0xc3 in for 0x7bd4e1a021
04-22 01:54:56.262 27900 27900 E ArmVmp : Match on catch block at 0xc3 in for 0x7bd4e1a021
04-22 01:54:56.307 27900 27900 E ArmVmp : Match on catch block at 0xc3 in for 0x7bd4e1a025
04-22 01:54:56.309 27900 27900 E ArmVmp : Match on catch block at 0xc3 in for 0x7bd4e1a025
04-22 01:54:56.311 27900 27900 E ArmVmp : Match on catch block at 0xc3 in for 0x7bd4e1a025
04-22 01:54:56.339 27900 27900 E ArmVmp : Match on catch block at 0xc3 in for 0x7bd4e1a025
04-22 01:54:56.341 27900 27900 E ArmVmp : Match on catch block at 0xc3 in for 0x7bd4e1a025
04-22 01:54:56.343 27900 27900 E ArmVmp : Match on catch block at 0xc3 in for 0x7bd4e1a025
04-22 01:54:56.369 27900 27900 E ArmVmp : Match on catch block at 0xc3 in for 0x7bd4e1a025
04-22 01:54:56.373 27900 27900 E ArmVmp : Match on catch block at 0xc3 in for 0x7bd4e1a025
04-22 01:54:56.375 27900 27900 E ArmVmp : Match on catch block at 0xc3 in for 0x7bd4e1a025
04-22 01:54:56.388 27900 27900 E ArmVmp : Match on catch block at 0xc3 in for 0x7bd4e1a025
04-22 01:54:56.389 27900 28911 W com.mbwhatsapp: Accessing hidden method Landroid/app/MiuiNotification;-><init>()V (blocked, reflection, denied)
04-22 01:54:56.393 27900 27900 E ArmVmp : Match on catch block at 0xc3 in for 0x7bd4e1a025
04-22 01:54:56.396 27900 27900 E ArmVmp : Match on catch block at 0xc3 in for 0x7bd4e1a025
04-22 01:54:56.428 27900 27900 E ArmVmp : Match on catch block at 0xc3 in for 0x7bd4e1a025
04-22 01:54:56.432 27900 27900 E ArmVmp : Match on catch block at 0xc3 in for 0x7bd4e1a025
04-22 01:54:56.434 27900 27900 E ArmVmp : Match on catch block at 0xc3 in for 0x7bd4e1a025
04-22 01:54:56.448 27900 27900 E ArmVmp : Match on catch block at 0xc3 in for 0x7bd4e1a025
04-22 01:54:56.451 27900 27900 E ArmVmp : Match on catch block at 0xc3 in for 0x7bd4e1a025
04-22 01:54:56.452 27900 27900 E ArmVmp : Match on catch block at 0xc3 in for 0x7bd4e1a025
04-22 01:54:56.457 27900 27900 E ArmVmp : Match on catch block at 0xc3 in for 0x7bd4e1a025
04-22 01:54:56.465 27900 27900 E ArmVmp : Match on catch block at 0xc3 in for 0x7bd4e1a025
04-22 01:54:56.468 27900 27900 E ArmVmp : Match on catch block at 0xc3 in for 0x7bd4e1a025
04-22 01:54:56.476 27900 27900 E ArmVmp : Match on catch block at 0xc3 in for 0x7bd4e1a025
04-22 01:54:56.479 27900 27900 E ArmVmp : Match on catch block at 0xc3 in for 0x7bd4e1a025
04-22 01:54:56.481 27900 27900 E ArmVmp : Match on catch block at 0xc3 in for 0x7bd4e1a025
04-22 01:54:56.662 27900 28911 W com.mbwhatsapp: Accessing hidden method Landroid/app/MiuiNotification;-><init>()V (blocked, reflection, denied)
04-22 01:54:56.812 27900 27900 W libc : Access denied finding property "ro.vendor.audio.cloudctrl"
04-22 01:54:56.810 27900 27900 W com.mbwhatsapp: type=1400 audit(0.0:347122): avc: denied { read } for name="u:object_r:vendor_ro_audio_prop:s0" dev="tmpfs" ino=707 scontext=u:r:untrusted_app_32:s0:c232,c256,c512,c768 tcontext=u:object_r:vendor_ro_audio_prop:s0 tclass=file permissive=0 app=com.mbwhatsapp
04-22 01:54:56.826 27900 27900 E ArmVmp : Match on catch block at 0xc3 in for 0x7bd4e1a025
04-22 01:54:56.829 27900 27900 E ArmVmp : Match on catch block at 0xc3 in for 0x7bd4e1a025
04-22 01:54:56.830 27900 27900 E ArmVmp : Match on catch block at 0xc3 in for 0x7bd4e1a025
04-22 01:54:56.849 27900 27900 E ArmVmp : Match on catch block at 0xc3 in for 0x7bd4e1a025
04-22 01:54:56.851 27900 27900 E ArmVmp : Match on catch block at 0xc3 in for 0x7bd4e1a025
04-22 01:54:56.853 27900 27900 E ArmVmp : Match on catch block at 0xc3 in for 0x7bd4e1a025
04-22 01:54:56.871 27900 27900 E ArmVmp : Match on catch block at 0xc3 in for 0x7bd4e1a025
04-22 01:54:56.873 27900 27900 E ArmVmp : Match on catch block at 0xc3 in for 0x7bd4e1a025
04-22 01:54:56.875 27900 27900 E ArmVmp : Match on catch block at 0xc3 in for 0x7bd4e1a025
04-22 01:54:56.895 27900 27900 E ArmVmp : Match on catch block at 0xc3 in for 0x7bd4e1a025
04-22 01:54:56.901 27900 27900 E ArmVmp : Match on catch block at 0xc3 in for 0x7bd4e1a025
04-22 01:54:56.903 27900 27900 E ArmVmp : Match on catch block at 0xc3 in for 0x7bd4e1a025
04-22 01:54:56.924 27900 27900 E ArmVmp : Match on catch block at 0xc3 in for 0x7bd4e1a025
04-22 01:54:56.927 27900 27900 E ArmVmp : Match on catch block at 0xc3 in for 0x7bd4e1a025
04-22 01:54:56.929 27900 27900 E ArmVmp : Match on catch block at 0xc3 in for 0x7bd4e1a025
04-22 01:54:56.934 27900 27900 E ArmVmp : Match on catch block at 0xc3 in for 0x7bd4e1a025
04-22 01:54:56.939 27900 27900 E ArmVmp : Match on catch block at 0xc3 in for 0x7bd4e1a025
04-22 01:54:56.942 27900 27900 E ArmVmp : Match on catch block at 0xc3 in for 0x7bd4e1a025
04-22 01:54:56.950 27900 27900 E ArmVmp : Match on catch block at 0xc3 in for 0x7bd4e1a025
04-22 01:54:56.953 27900 27900 E ArmVmp : Match on catch block at 0xc3 in for 0x7bd4e1a025
04-22 01:54:56.955 27900 27900 E ArmVmp : Match on catch block at 0xc3 in for 0x7bd4e1a025
04-22 01:54:56.961 27900 27900 E ArmVmp : Match on catch block at 0xc3 in for 0x7bd4e1a025
04-22 01:54:56.965 27900 27900 E ArmVmp : Match on catch block at 0xc3 in for 0x7bd4e1a025
04-22 01:54:56.967 27900 27900 E ArmVmp : Match on catch block at 0xc3 in for 0x7bd4e1a025
04-22 01:54:56.972 27900 27900 E ArmVmp : Match on catch block at 0xc3 in for 0x7bd4e1a025
04-22 01:54:56.976 27900 27900 E ArmVmp : Match on catch block at 0xc3 in for 0x7bd4e1a025
04-22 01:54:56.979 27900 27900 E ArmVmp : Match on catch block at 0xc3 in for 0x7bd4e1a025
04-22 01:54:56.984 27900 27900 E ArmVmp : Match on catch block at 0xc3 in for 0x7bd4e1a025
04-22 01:54:56.987 27900 27900 E ArmVmp : Match on catch block at 0xc3 in for 0x7bd4e1a025
04-22 01:54:56.989 27900 27900 E ArmVmp : Match on catch block at 0xc3 in for 0x7bd4e1a025
04-22 01:54:56.994 27900 27900 E ArmVmp : Match on catch block at 0xc3 in for 0x7bd4e1a025
04-22 01:54:56.997 27900 27900 E ArmVmp : Match on catch block at 0xc3 in for 0x7bd4e1a025
04-22 01:54:56.999 27900 27900 E ArmVmp : Match on catch block at 0xc3 in for 0x7bd4e1a025
04-22 01:54:57.006 27900 27900 E ArmVmp : Match on catch block at 0xc3 in for 0x7bd4e1a025
04-22 01:54:57.009 27900 27900 E ArmVmp : Match on catch block at 0xc3 in for 0x7bd4e1a025
04-22 01:54:57.014 27900 27900 E ArmVmp : Match on catch block at 0xc3 in for 0x7bd4e1a025
04-22 01:54:57.028 27900 27900 E ArmVmp : Match on catch block at 0xc3 in for 0x7bd4e1a025
04-22 01:54:57.032 27900 27900 E ArmVmp : Match on catch block at 0xc3 in for 0x7bd4e1a025
04-22 01:54:57.035 27900 27900 E ArmVmp : Match on catch block at 0xc3 in for 0x7bd4e1a025
04-22 01:54:57.039 27900 27900 E ArmVmp : Match on catch block at 0xc3 in for 0x7bd4e1a025
04-22 01:54:57.044 27900 27900 E ArmVmp : Match on catch block at 0xc3 in for 0x7bd4e1a025
04-22 01:54:57.046 27900 27900 E ArmVmp : Match on catch block at 0xc3 in for 0x7bd4e1a025
04-22 01:54:57.052 27900 27900 E ArmVmp : Match on catch block at 0xc3 in for 0x7bd4e1a025
04-22 01:54:57.056 27900 27900 E ArmVmp : Match on catch block at 0xc3 in for 0x7bd4e1a025
04-22 01:54:57.058 27900 27900 E ArmVmp : Match on catch block at 0xc3 in for 0x7bd4e1a025
04-22 01:54:57.063 27900 27900 E ArmVmp : Match on catch block at 0xc3 in for 0x7bd4e1a025
04-22 01:54:57.066 27900 27900 E ArmVmp : Match on catch block at 0xc3 in for 0x7bd4e1a025
04-22 01:54:57.069 27900 27900 E ArmVmp : Match on catch block at 0xc3 in for 0x7bd4e1a025
04-22 01:54:57.075 27900 27900 E ArmVmp : Match on catch block at 0xc3 in for 0x7bd4e1a025
04-22 01:54:57.080 27900 27900 E ArmVmp : Match on catch block at 0xc3 in for 0x7bd4e1a025
04-22 01:54:57.084 27900 27900 E ArmVmp : Match on catch block at 0xc3 in for 0x7bd4e1a025
04-22 01:54:57.096 27900 27900 E ArmVmp : Match on catch block at 0xc3 in for 0x7bd4e1a025
04-22 01:54:57.098 27900 27900 E ArmVmp : Match on catch block at 0xc3 in for 0x7bd4e1a025
04-22 01:54:57.101 27900 27900 E ArmVmp : Match on catch block at 0xc3 in for 0x7bd4e1a025
04-22 01:54:57.107 27900 27900 E ArmVmp : Match on catch block at 0xc3 in for 0x7bd4e1a025
04-22 01:54:57.112 27900 27900 E ArmVmp : Match on catch block at 0xc3 in for 0x7bd4e1a025
04-22 01:54:57.115 27900 27900 E ArmVmp : Match on catch block at 0xc3 in for 0x7bd4e1a025
04-22 01:54:57.129 27900 27900 E ArmVmp : Match on catch block at 0xc3 in for 0x7bd4e1a025
04-22 01:54:57.133 27900 27900 E ArmVmp : Match on catch block at 0xc3 in for 0x7bd4e1a025
04-22 01:54:57.137 27900 27900 E ArmVmp : Match on catch block at 0xc3 in for 0x7bd4e1a025
04-22 01:54:57.152 27900 27900 E ArmVmp : Match on catch block at 0xc3 in for 0x7bd4e1a025
04-22 01:54:57.157 27900 27900 E ArmVmp : Match on catch block at 0xc3 in for 0x7bd4e1a025
04-22 01:54:57.161 27900 27900 E ArmVmp : Match on catch block at 0xc3 in for 0x7bd4e1a025
04-22 01:54:57.174 27900 27900 E ArmVmp : Match on catch block at 0xc3 in for 0x7bd4e1a025
04-22 01:54:57.179 27900 27900 E ArmVmp : Match on catch block at 0xc3 in for 0x7bd4e1a025
04-22 01:54:57.183 27900 27900 E ArmVmp : Match on catch block at 0xc3 in for 0x7bd4e1a025
04-22 01:54:57.197 27900 27900 E ArmVmp : Match on catch block at 0xc3 in for 0x7bd4e1a025
04-22 01:54:57.203 27900 27900 E ArmVmp : Match on catch block at 0xc3 in for 0x7bd4e1a025
04-22 01:54:57.206 27900 27900 E ArmVmp : Match on catch block at 0xc3 in for 0x7bd4e1a025
04-22 01:54:57.365 27900 27900 E ArmVmp : Match on catch block at 0xc3 in for 0x7bd4e1a025
04-22 01:54:57.370 27900 27900 E ArmVmp : Match on catch block at 0xc3 in for 0x7bd4e1a025
04-22 01:54:57.377 27900 27900 E ArmVmp : Match on catch block at 0xc3 in for 0x7bd4e1a025
04-22 01:54:57.872 27900 27900 E ArmVmp : Match on catch block at 0xc3 in for 0x7bd4e1a025
04-22 01:54:57.878 27900 27900 E ArmVmp : Match on catch block at 0xc3 in for 0x7bd4e1a025
04-22 01:54:57.882 27900 27900 E ArmVmp : Match on catch block at 0xc3 in for 0x7bd4e1a025
04-22 01:54:58.369 27900 27900 E ArmVmp : Match on catch block at 0xc3 in for 0x7bd4e1a025
04-22 01:54:58.374 27900 27900 E ArmVmp : Match on catch block at 0xc3 in for 0x7bd4e1a025
04-22 01:54:58.378 27900 27900 E ArmVmp : Match on catch block at 0xc3 in for 0x7bd4e1a025
04-22 01:54:58.526 27900 27900 E ArmVmp : Match on catch block at 0xc3 in for 0x7bd4e1a025
04-22 01:54:58.534 27900 27900 E ArmVmp : Match on catch block at 0xc3 in for 0x7bd4e1a025
04-22 01:54:58.540 27900 27900 E ArmVmp : Match on catch block at 0xc3 in for 0x7bd4e1a025
04-22 01:54:58.547 27900 27900 E ArmVmp : Match on catch block at 0xc3 in for 0x7bd4e1a025
