04-22 02:06:29.842 31315 31315 E ArmVmp : Match on catch block at 0xc3 in for 0x7bd4e1a025
04-22 02:06:29.846 31315 31315 E ArmVmp : Match on catch block at 0xc3 in for 0x7bd4e1a025
04-22 02:06:29.853 31315 31315 E ArmVmp : Match on catch block at 0xc3 in for 0x7bd4e1a025
04-22 02:06:29.859 31315 31315 E ArmVmp : Match on catch block at 0xc3 in for 0x7bd4e1a025
04-22 02:06:29.862 31315 31315 E ArmVmp : Match on catch block at 0xc3 in for 0x7bd4e1a025
04-22 02:06:29.868 31315 31315 E ArmVmp : Match on catch block at 0xc3 in for 0x7bd4e1a025
04-22 02:06:29.874 31315 31315 E ArmVmp : Match on catch block at 0xc3 in for 0x7bd4e1a025
04-22 02:06:29.877 31315 31315 E ArmVmp : Match on catch block at 0xc3 in for 0x7bd4e1a025
04-22 02:06:29.883 31315 31315 E ArmVmp : Match on catch block at 0xc3 in for 0x7bd4e1a025
04-22 02:06:29.888 31315 31315 E ArmVmp : Match on catch block at 0xc3 in for 0x7bd4e1a025
04-22 02:06:29.891 31315 31315 E ArmVmp : Match on catch block at 0xc3 in for 0x7bd4e1a025
04-22 02:06:29.895 31315 31315 E ArmVmp : Match on catch block at 0xc3 in for 0x7bd4e1a025
04-22 02:06:29.899 31315 31315 E ArmVmp : Match on catch block at 0xc3 in for 0x7bd4e1a025
04-22 02:06:29.901 31315 31315 E ArmVmp : Match on catch block at 0xc3 in for 0x7bd4e1a025
04-22 02:06:29.905 31315 31315 E ArmVmp : Match on catch block at 0xc3 in for 0x7bd4e1a025
04-22 02:06:29.910 31315 31315 E ArmVmp : Match on catch block at 0xc3 in for 0x7bd4e1a025
04-22 02:06:29.913 31315 31315 E ArmVmp : Match on catch block at 0xc3 in for 0x7bd4e1a025
04-22 02:06:29.917 31315 31315 E ArmVmp : Match on catch block at 0xc3 in for 0x7bd4e1a025
04-22 02:06:29.922 31315 31315 E ArmVmp : Match on catch block at 0xc3 in for 0x7bd4e1a025
04-22 02:06:29.925 31315 31315 E ArmVmp : Match on catch block at 0xc3 in for 0x7bd4e1a025
04-22 02:06:29.935 31315 31315 E ArmVmp : Match on catch block at 0xc3 in for 0x7bd4e1a025
04-22 02:06:29.939 31315 31315 E ArmVmp : Match on catch block at 0xc3 in for 0x7bd4e1a025
04-22 02:06:29.942 31315 31315 E ArmVmp : Match on catch block at 0xc3 in for 0x7bd4e1a025
04-22 02:06:29.950 31315 31315 E ArmVmp : Match on catch block at 0xc3 in for 0x7bd4e1a025
04-22 02:06:29.955 31315 31315 E ArmVmp : Match on catch block at 0xc3 in for 0x7bd4e1a025
04-22 02:06:29.957 31315 31315 E ArmVmp : Match on catch block at 0xc3 in for 0x7bd4e1a025
04-22 02:06:29.962 31315 31315 E ArmVmp : Match on catch block at 0xc3 in for 0x7bd4e1a025
04-22 02:06:29.967 31315 31315 E ArmVmp : Match on catch block at 0xc3 in for 0x7bd4e1a025
04-22 02:06:29.970 31315 31315 E ArmVmp : Match on catch block at 0xc3 in for 0x7bd4e1a025
04-22 02:06:29.980 31315 31315 E ArmVmp : Match on catch block at 0xc3 in for 0x7bd4e1a025
04-22 02:06:29.984 31315 31315 E ArmVmp : Match on catch block at 0xc3 in for 0x7bd4e1a025
04-22 02:06:29.988 31315 31315 E ArmVmp : Match on catch block at 0xc3 in for 0x7bd4e1a025
04-22 02:06:29.998 31315 31315 E ArmVmp : Match on catch block at 0xc3 in for 0x7bd4e1a025
04-22 02:06:30.004 31315 31315 E ArmVmp : Match on catch block at 0xc3 in for 0x7bd4e1a025
04-22 02:06:30.007 31315 31315 E ArmVmp : Match on catch block at 0xc3 in for 0x7bd4e1a025
04-22 02:06:30.019 31315 31315 E ArmVmp : Match on catch block at 0xc3 in for 0x7bd4e1a025
04-22 02:06:30.025 31315 31315 E ArmVmp : Match on catch block at 0xc3 in for 0x7bd4e1a025
04-22 02:06:30.028 31315 31315 E ArmVmp : Match on catch block at 0xc3 in for 0x7bd4e1a025
04-22 02:06:30.041 31315 31315 E ArmVmp : Match on catch block at 0xc3 in for 0x7bd4e1a025
04-22 02:06:30.046 31315 31315 E ArmVmp : Match on catch block at 0xc3 in for 0x7bd4e1a025
04-22 02:06:30.049 31315 31315 E ArmVmp : Match on catch block at 0xc3 in for 0x7bd4e1a025
04-22 02:06:31.772 31315 31315 W WindowOnBackDispatcher: sendCancelIfRunning: isInProgress=falsecallback=android.view.ViewRootImpl$ $ExternalSyntheticLambda22@b0226e6
04-22 02:06:31.808 31315 31410 W libc : Access denied finding property "ro.vendor.display.iris_x7.support"
04-22 02:06:31.828 31315 31410 E OpenGLRenderer: Unable to match the desired swap behavior.
04-22 02:06:31.853 31315 31315 E ArmVmp : Match on catch block at 0xc3 in for 0x7bd4e1a025
04-22 02:06:31.856 31315 31315 E ArmVmp : Match on catch block at 0xc3 in for 0x7bd4e1a025
04-22 02:06:31.858 31315 31315 E ArmVmp : Match on catch block at 0xc3 in for 0x7bd4e1a025
04-22 02:06:31.863 31315 31315 E ArmVmp : Match on catch block at 0xc3 in for 0x7bd4e1a025
04-22 02:06:31.866 31315 31315 E ArmVmp : Match on catch block at 0xc3 in for 0x7bd4e1a025
04-22 02:06:31.868 31315 31315 E ArmVmp : Match on catch block at 0xc3 in for 0x7bd4e1a025
04-22 02:06:31.876 31315 31315 E ArmVmp : Match on catch block at 0xc3 in for 0x7bd4e1a025
04-22 02:06:31.878 31315 31315 E ArmVmp : Match on catch block at 0xc3 in for 0x7bd4e1a025
04-22 02:06:31.880 31315 31315 E ArmVmp : Match on catch block at 0xc3 in for 0x7bd4e1a025
04-22 02:06:31.890 31315 31315 E ArmVmp : Match on catch block at 0xc3 in for 0x7bd4e1a025
04-22 02:06:31.893 31315 31315 E ArmVmp : Match on catch block at 0xc3 in for 0x7bd4e1a025
04-22 02:06:31.895 31315 31315 E ArmVmp : Match on catch block at 0xc3 in for 0x7bd4e1a025
04-22 02:06:31.902 31315 31315 E ArmVmp : Match on catch block at 0xc3 in for 0x7bd4e1a025
04-22 02:06:31.904 31315 31315 E ArmVmp : Match on catch block at 0xc3 in for 0x7bd4e1a025
04-22 02:06:31.907 31315 31315 E ArmVmp : Match on catch block at 0xc3 in for 0x7bd4e1a025
04-22 02:06:31.911 31315 31315 E ArmVmp : Match on catch block at 0xc3 in for 0x7bd4e1a025
04-22 02:06:31.914 31315 31315 E ArmVmp : Match on catch block at 0xc3 in for 0x7bd4e1a025
04-22 02:06:31.916 31315 31315 E ArmVmp : Match on catch block at 0xc3 in for 0x7bd4e1a025
04-22 02:06:31.924 31315 31315 E ArmVmp : Match on catch block at 0xc3 in for 0x7bd4e1a025
04-22 02:06:31.928 31315 31315 E ArmVmp : Match on catch block at 0xc3 in for 0x7bd4e1a025
04-22 02:06:31.931 31315 31315 E ArmVmp : Match on catch block at 0xc3 in for 0x7bd4e1a025
04-22 02:06:31.939 31315 31315 E ArmVmp : Match on catch block at 0xc3 in for 0x7bd4e1a025
04-22 02:06:31.943 31315 31315 E ArmVmp : Match on catch block at 0xc3 in for 0x7bd4e1a025
04-22 02:06:31.946 31315 31315 E ArmVmp : Match on catch block at 0xc3 in for 0x7bd4e1a025
04-22 02:06:31.958 31315 31315 E ArmVmp : Match on catch block at 0xc3 in for 0x7bd4e1a025
04-22 02:06:31.962 31315 31315 E ArmVmp : Match on catch block at 0xc3 in for 0x7bd4e1a025
04-22 02:06:31.965 31315 31315 E ArmVmp : Match on catch block at 0xc3 in for 0x7bd4e1a025
04-22 02:06:31.974 31315 31315 E ArmVmp : Match on catch block at 0xc3 in for 0x7bd4e1a025
04-22 02:06:31.978 31315 31315 E ArmVmp : Match on catch block at 0xc3 in for 0x7bd4e1a025
04-22 02:06:31.979 31315 31315 E ArmVmp : Match on catch block at 0xc3 in for 0x7bd4e1a025
04-22 02:06:33.024 31315 31315 W WindowOnBackDispatcher: sendCancelIfRunning: isInProgress=falsecallback=android.view.ViewRootImpl$ $ExternalSyntheticLambda22@af1dff4
04-22 02:06:33.070 31315 31315 E ArmVmp : Match on catch block at 0xc3 in for 0x7bd4e1a025
04-22 02:06:33.074 31315 31315 E ArmVmp : Match on catch block at 0xc3 in for 0x7bd4e1a025
04-22 02:06:33.074 31315 31315 W com.mbwhatsapp: type=1400 audit(0.0:348468): avc: granted { execute } for comm=486967682050726920576F726B6572 path="/data/data/com.mbwhatsapp/files/decompressed/libs.spk.zst/libaom.so" dev="dm- 48" ino=160251 scontext=u:r:untrusted_app_32:s0:c232,c256,c512,c768 tcontext=u:object_r:app_data_file:s0:c232,c256,c512,c768 tclass=file app=com.mbwhatsapp
04-22 02:06:33.077 31315 31315 E ArmVmp : Match on catch block at 0xc3 in for 0x7bd4e1a025
04-22 02:06:33.088 31315 31315 E ArmVmp : Match on catch block at 0xc3 in for 0x7bd4e1a025
04-22 02:06:33.093 31315 31315 E ArmVmp : Match on catch block at 0xc3 in for 0x7bd4e1a025
04-22 02:06:33.096 31315 31315 E ArmVmp : Match on catch block at 0xc3 in for 0x7bd4e1a025
04-22 02:06:33.101 31315 31315 E ArmVmp : Match on catch block at 0xc3 in for 0x7bd4e1a025
04-22 02:06:33.110 31315 31315 E ArmVmp : Match on catch block at 0xc3 in for 0x7bd4e1a025
04-22 02:06:33.113 31315 31315 E ArmVmp : Match on catch block at 0xc3 in for 0x7bd4e1a025
04-22 02:06:33.126 31315 31315 W com.mbwhatsapp: type=1400 audit(0.0:348469): avc: denied { read } for name="u:object_r:vendor_ro_audio_prop:s0" dev="tmpfs" ino=707 scontext=u:r:untrusted_app_32:s0:c232,c256,c512,c768 tcontext=u:object_r:vendor_ro_audio_prop:s0 tclass=file permissive=0 app=com.mbwhatsapp
04-22 02:06:33.128 31315 31315 W libc : Access denied finding property "ro.vendor.audio.cloudctrl"
04-22 02:06:33.140 31315 2405 W AudioManager: Use of stream types is deprecated for operations other than volume control
04-22 02:06:33.140 31315 2405 W AudioManager: See the documentation of requestAudioFocus() for what to use instead with android.media.AudioAttributes to qualify your playback use case
04-22 02:06:33.145 31315 31315 W SoundPool: Use of stream types is deprecated for operations other than volume control
04-22 02:06:33.145 31315 31315 W SoundPool: See the documentation of SoundPool() for what to use instead with android.media.AudioAttributes to qualify your playback use case
04-22 02:06:33.226 31315 2573 W Codec2Client: query -- param skipped: index = 1107298332.
04-22 02:06:33.228 31315 2573 W Codec2Client: query -- param skipped: index = 1342179345.
04-22 02:06:33.228 31315 2573 W Codec2Client: query -- param skipped: index = 2415921170.
04-22 02:06:33.232 31315 2572 W Codec2Client: query -- param skipped: index = 1107298332.
04-22 02:06:33.233 31315 2572 W Codec2Client: query -- param skipped: index = 1342179345.
04-22 02:06:33.233 31315 2572 W Codec2Client: query -- param skipped: index = 2415921170.
04-22 02:06:33.333 31315 31315 E ArmVmp : Match on catch block at 0xc3 in for 0x7bd4e1a025
04-22 02:06:33.341 31315 31315 E ArmVmp : Match on catch block at 0xc3 in for 0x7bd4e1a025
04-22 02:06:33.343 31315 2594 W Codec2Client: query -- param skipped: index = 1107298332.
04-22 02:06:33.344 31315 31315 E ArmVmp : Match on catch block at 0xc3 in for 0x7bd4e1a025
04-22 02:06:33.345 31315 2594 W Codec2Client: query -- param skipped: index = 1342179345.
04-22 02:06:33.345 31315 2594 W Codec2Client: query -- param skipped: index = 2415921170.
04-22 02:06:33.350 31315 31315 W libc : Access denied finding property "ro.vendor.audio.cloudctrl"
04-22 02:06:33.346 31315 31315 W com.mbwhatsapp: type=1400 audit(0.0:348470): avc: denied { read } for name="u:object_r:vendor_ro_audio_prop:s0" dev="tmpfs" ino=707 scontext=u:r:untrusted_app_32:s0:c232,c256,c512,c768 tcontext=u:object_r:vendor_ro_audio_prop:s0 tclass=file permissive=0 app=com.mbwhatsapp
04-22 02:06:33.346 31315 31315 W com.mbwhatsapp: type=1400 audit(0.0:348471): avc: denied { read } for name="u:object_r:vendor_ro_audio_prop:s0" dev="tmpfs" ino=707 scontext=u:r:untrusted_app_32:s0:c232,c256,c512,c768 tcontext=u:object_r:vendor_ro_audio_prop:s0 tclass=file permissive=0 app=com.mbwhatsapp
04-22 02:06:33.351 31315 31315 W libc : Access denied finding property "ro.vendor.audio.cloudctrl"
04-22 02:06:33.368 31315 31315 W libc : Access denied finding property "ro.vendor.audio.cloudctrl"
04-22 02:06:33.366 31315 31315 W com.mbwhatsapp: type=1400 audit(0.0:348472): avc: denied { read } for name="u:object_r:vendor_ro_audio_prop:s0" dev="tmpfs" ino=707 scontext=u:r:untrusted_app_32:s0:c232,c256,c512,c768 tcontext=u:object_r:vendor_ro_audio_prop:s0 tclass=file permissive=0 app=com.mbwhatsapp
04-22 02:06:33.369 31315 31315 W libc : Access denied finding property "ro.vendor.audio.cloudctrl"
04-22 02:06:33.372 31315 2600 W Codec2Client: query -- param skipped: index = 1107298332.
04-22 02:06:33.373 31315 2600 W Codec2Client: query -- param skipped: index = 1342179345.
04-22 02:06:33.373 31315 2600 W Codec2Client: query -- param skipped: index = 2415921170.
04-22 02:06:33.418 31315 31315 E ArmVmp : Match on catch block at 0xc3 in for 0x7bd4e1a025
04-22 02:06:33.420 31315 31315 E ArmVmp : Match on catch block at 0xc3 in for 0x7bd4e1a025
04-22 02:06:33.422 31315 31315 E ArmVmp : Match on catch block at 0xc3 in for 0x7bd4e1a025
04-22 02:06:33.455 31315 2611 W Codec2Client: query -- param skipped: index = 1107298332.
04-22 02:06:33.456 31315 2611 W Codec2Client: query -- param skipped: index = 1342179345.
04-22 02:06:33.456 31315 2611 W Codec2Client: query -- param skipped: index = 2415921170.
04-22 02:06:33.572 31315 31410 W libc : Access denied finding property "ro.vendor.display.iris_x7.support"
04-22 02:06:33.666 31315 31410 W libc : Access denied finding property "ro.vendor.display.iris_x7.support"
04-22 02:06:33.675 31315 31315 E ArmVmp : Match on catch block at 0xc3 in for 0x7bd4e1a025
04-22 02:06:33.678 31315 31315 E ArmVmp : Match on catch block at 0xc3 in for 0x7bd4e1a025
04-22 02:06:33.679 31315 31315 E ArmVmp : Match on catch block at 0xc3 in for 0x7bd4e1a025
04-22 02:06:33.698 31315 31410 E OpenGLRenderer: Unable to match the desired swap behavior.
04-22 02:06:33.726 31315 31410 E OpenGLRenderer: Unable to match the desired swap behavior.
04-22 02:06:33.763 31315 31315 W BottomSheetBehavior: BottomSheetBehavior now supports multiple callbacks. `setBottomSheetCallback()` removes all existing callbacks, including ones set internally by library authors, which may result in unintended behavior. This may change in the future. Please use `addBottomSheetCallback()` and `removeBottomSheetCallback()` instead to set your own callbacks.
04-22 02:06:33.835 31315 31315 W libc : Access denied finding property "ro.vendor.audio.cloudctrl"
04-22 02:06:33.891 31315 31315 E ArmVmp : Match on catch block at 0xc3 in for 0x7bd4e1a025
04-22 02:06:33.897 31315 31315 E ArmVmp : Match on catch block at 0xc3 in for 0x7bd4e1a025
04-22 02:06:33.903 31315 31315 E ArmVmp : Match on catch block at 0xc3 in for 0x7bd4e1a025
04-22 02:06:33.922 31315 31315 E ArmVmp : Match on catch block at 0xc3 in for 0x7bd4e1a025
04-22 02:06:33.926 31315 31315 E ArmVmp : Match on catch block at 0xc3 in for 0x7bd4e1a025
04-22 02:06:33.928 31315 31315 E ArmVmp : Match on catch block at 0xc3 in for 0x7bd4e1a025
04-22 02:06:33.943 31315 31315 E ArmVmp : Match on catch block at 0xc3 in for 0x7bd4e1a025
04-22 02:06:33.947 31315 31315 E ArmVmp : Match on catch block at 0xc3 in for 0x7bd4e1a025
04-22 02:06:33.949 31315 31315 E ArmVmp : Match on catch block at 0xc3 in for 0x7bd4e1a025
04-22 02:06:33.961 31315 31315 E ArmVmp : Match on catch block at 0xc3 in for 0x7bd4e1a025
04-22 02:06:33.963 31315 31315 E ArmVmp : Match on catch block at 0xc3 in for 0x7bd4e1a025
04-22 02:06:33.966 31315 31315 E ArmVmp : Match on catch block at 0xc3 in for 0x7bd4e1a025
04-22 02:06:33.977 31315 31315 E ArmVmp : Match on catch block at 0xc3 in for 0x7bd4e1a025
04-22 02:06:33.980 31315 31315 E ArmVmp : Match on catch block at 0xc3 in for 0x7bd4e1a025
04-22 02:06:33.988 31315 31315 E ArmVmp : Match on catch block at 0xc3 in for 0x7bd4e1a025
04-22 02:06:34.005 31315 31315 E ArmVmp : Match on catch block at 0xc3 in for 0x7bd4e1a025
04-22 02:06:34.023 31315 31315 E ArmVmp : Match on catch block at 0xc3 in for 0x7bd4e1a025
04-22 02:06:34.031 31315 31315 E ArmVmp : Match on catch block at 0xc3 in for 0x7bd4e1a025
04-22 02:06:34.078 31315 31315 W com.mbwhatsapp: type=1400 audit(0.0:348478): avc: granted { execute } for comm=4D42576861747341707020576F726B path="/data/data/com.mbwhatsapp/files/decompressed/libs.spk.zst/libpytorch.so" dev="dm-48" ino=435046 scontext=u:r:untrusted_app_32:s0:c232,c256,c512,c768 tcontext=u:object_r:app_data_file:s0:c232,c256,c512,c768 tclass=file app=com.mbwhatsapp
04-22 02:06:34.098 31315 31315 W com.mbwhatsapp: type=1400 audit(0.0:348479): avc: granted { execute } for comm=4D42576861747341707020576F726B path="/data/data/com.mbwhatsapp/files/decompressed/libs.spk.zst/libtorch-code- gen.so" dev="dm-48" ino=435116 scontext=u:r:untrusted_app_32:s0:c232,c256,c512,c768 tcontext=u:object_r:app_data_file:s0:c232,c256,c512,c768 tclass=file app=com.mbwhatsapp
04-22 02:06:34.110 31315 31315 W com.mbwhatsapp: type=1400 audit(0.0:348480): avc: denied { read } for comm=566F4950205369676E616C696E6720 name="u:object_r:vendor_ro_audio_prop:s0" dev="tmpfs" ino=707 scontext=u:r:untrusted_app_32:s0:c232,c256,c512,c768 tcontext=u:object_r:vendor_ro_audio_prop:s0 tclass=file permissive=0 app=com.mbwhatsapp
04-22 02:06:34.112 31315 2588 W libc : Access denied finding property "ro.vendor.audio.zerodata.upload"
04-22 02:06:34.115 31315 31552 W com.mbwhatsapp: PlayerBase::setVolume() error -19
04-22 02:06:34.116 31315 2588 W libOpenSLES: Conversion from OpenSL ES positional channel mask 0x4 to Android mask 0 loses channels
04-22 02:06:34.234 31315 31315 W binder:31315_5: type=1400 audit(0.0:348481): avc: denied { read } for name="u:object_r:vendor_ro_audio_prop:s0" dev="tmpfs" ino=707 scontext=u:r:untrusted_app_32:s0:c232,c256,c512,c768 tcontext=u:object_r:vendor_ro_audio_prop:s0 tclass=file permissive=0 app=com.mbwhatsapp
04-22 02:06:34.239 31315 31552 W libc : Access denied finding property "ro.vendor.audio.shortvideo.index"
04-22 02:06:34.276 31315 31315 E ArmVmp : Match on catch block at 0xc3 in for 0x7bd4e1a025
04-22 02:06:34.281 31315 31315 E ArmVmp : Match on catch block at 0xc3 in for 0x7bd4e1a025
04-22 02:06:34.289 31315 31315 E ArmVmp : Match on catch block at 0xc3 in for 0x7bd4e1a025
04-22 02:06:35.858 31315 31315 W com.mbwhatsapp: type=1400 audit(0.0:348482): avc: denied { read } for name="u:object_r:vendor_ro_audio_prop:s0" dev="tmpfs" ino=707 scontext=u:r:untrusted_app_32:s0:c232,c256,c512,c768 tcontext=u:object_r:vendor_ro_audio_prop:s0 tclass=file permissive=0 app=com.mbwhatsapp
04-22 02:06:35.860 31315 31315 W libc : Access denied finding property "ro.vendor.audio.cloudctrl"
04-22 02:06:35.860 31315 31315 W libc : Access denied finding property "ro.vendor.audio.cloudctrl"
04-22 02:06:35.858 31315 31315 W com.mbwhatsapp: type=1400 audit(0.0:348483): avc: denied { read } for name="u:object_r:vendor_ro_audio_prop:s0" dev="tmpfs" ino=707 scontext=u:r:untrusted_app_32:s0:c232,c256,c512,c768 tcontext=u:object_r:vendor_ro_audio_prop:s0 tclass=file permissive=0 app=com.mbwhatsapp
04-22 02:06:38.362 31315 31315 W com.mbwhatsapp: type=1400 audit(0.0:348484): avc: denied { read } for name="u:object_r:vendor_ro_audio_prop:s0" dev="tmpfs" ino=707 scontext=u:r:untrusted_app_32:s0:c232,c256,c512,c768 tcontext=u:object_r:vendor_ro_audio_prop:s0 tclass=file permissive=0 app=com.mbwhatsapp
04-22 02:06:38.366 31315 31315 W libc : Access denied finding property "ro.vendor.audio.cloudctrl"
04-22 02:06:38.366 31315 31315 W libc : Access denied finding property "ro.vendor.audio.cloudctrl"
04-22 02:06:38.362 31315 31315 W com.mbwhatsapp: type=1400 audit(0.0:348485): avc: denied { read } for name="u:object_r:vendor_ro_audio_prop:s0" dev="tmpfs" ino=707 scontext=u:r:untrusted_app_32:s0:c232,c256,c512,c768 tcontext=u:object_r:vendor_ro_audio_prop:s0 tclass=file permissive=0 app=com.mbwhatsapp
04-22 02:06:57.878 31315 31315 W WindowOnBackDispatcher: sendCancelIfRunning: isInProgress=falsecallback=android.view.ViewRootImpl$ $ExternalSyntheticLambda22@253de61
04-22 02:08:22.189 31315 31325 W System : A resource failed to call AbstractCursor.close.
04-22 02:08:22.190 31315 31325 W System : A resource failed to call CursorWrapperInner.close.
04-22 02:11:21.771 31315 31315 E ArmVmp : Match on catch block at 0x0a in for 0x7bd4e1a035
04-22 02:11:21.773 31315 31315 E ArmVmp : Match on catch block at 0x0a in for 0x7bd4e1a035
04-22 02:11:21.809 31315 31410 E OpenGLRenderer: Unable to match the desired swap behavior.
04-22 02:11:21.844 31315 31315 E ArmVmp : Match on catch block at 0x4c in for 0x7bd4e1a039
04-22 02:11:21.846 31315 31315 E ArmVmp : Match on catch block at 0xc3 in for 0x7bd4e1a025
04-22 02:11:21.850 31315 31315 E ArmVmp : Match on catch block at 0xc3 in for 0x7bd4e1a025
04-22 02:11:21.908 31315 31315 E ArmVmp : Match on catch block at 0xc3 in for 0x7bd4e1a025
04-22 02:11:21.911 31315 31315 E ArmVmp : Match on catch block at 0xc3 in for 0x7bd4e1a025
04-22 02:11:21.929 31315 31315 E ArmVmp : Match on catch block at 0xc3 in for 0x7bd4e1a025
04-22 02:11:21.935 31315 31315 E ArmVmp : Match on catch block at 0xc3 in for 0x7bd4e1a025
04-22 02:11:21.963 31315 31315 E ArmVmp : Match on catch block at 0xc3 in for 0x7bd4e1a025
04-22 02:11:21.966 31315 31315 E ArmVmp : Match on catch block at 0xc3 in for 0x7bd4e1a025
04-22 02:11:21.976 31315 31315 E ArmVmp : Match on catch block at 0xc3 in for 0x7bd4e1a025
04-22 02:11:21.980 31315 31315 E ArmVmp : Match on catch block at 0xc3 in for 0x7bd4e1a025
04-22 02:11:21.990 31315 31315 E ArmVmp : Match on catch block at 0xc3 in for 0x7bd4e1a025
04-22 02:11:21.991 31315 31315 E ArmVmp : Match on catch block at 0xc3 in for 0x7bd4e1a025
04-22 02:11:22.001 31315 31315 E ArmVmp : Match on catch block at 0xc3 in for 0x7bd4e1a025
04-22 02:11:22.003 31315 31315 E ArmVmp : Match on catch block at 0xc3 in for 0x7bd4e1a025
04-22 02:11:22.012 31315 31315 E ArmVmp : Match on catch block at 0xc3 in for 0x7bd4e1a025
04-22 02:11:22.014 31315 31315 E ArmVmp : Match on catch block at 0xc3 in for 0x7bd4e1a025
04-22 02:11:22.025 31315 31315 E ArmVmp : Match on catch block at 0xc3 in for 0x7bd4e1a025
04-22 02:11:22.027 31315 31315 E ArmVmp : Match on catch block at 0xc3 in for 0x7bd4e1a025
04-22 02:11:22.032 31315 31315 E ArmVmp : Match on catch block at 0xc3 in for 0x7bd4e1a025
04-22 02:11:22.035 31315 31315 E ArmVmp : Match on catch block at 0xc3 in for 0x7bd4e1a025
04-22 02:11:22.040 31315 31315 E ArmVmp : Match on catch block at 0xc3 in for 0x7bd4e1a025
04-22 02:11:22.043 31315 31315 E ArmVmp : Match on catch block at 0xc3 in for 0x7bd4e1a025
04-22 02:11:22.050 31315 31315 E ArmVmp : Match on catch block at 0xc3 in for 0x7bd4e1a025
04-22 02:11:22.053 31315 31315 E ArmVmp : Match on catch block at 0xc3 in for 0x7bd4e1a025
04-22 02:11:22.061 31315 31315 E ArmVmp : Match on catch block at 0xc3 in for 0x7bd4e1a025
04-22 02:11:22.064 31315 31315 E ArmVmp : Match on catch block at 0xc3 in for 0x7bd4e1a025
04-22 02:11:22.264 31315 31315 E ArmVmp : Match on catch block at 0xc3 in for 0x7bd4e1a025
04-22 02:11:22.267 31315 31315 E ArmVmp : Match on catch block at 0xc3 in for 0x7bd4e1a025
04-22 02:11:22.453 31315 31315 E ArmVmp : Match on catch block at 0xc3 in for 0x7bd4e1a025
04-22 02:11:22.456 31315 31315 E ArmVmp : Match on catch block at 0xc3 in for 0x7bd4e1a025
04-22 02:11:22.600 31315 31315 E ArmVmp : Match on catch block at 0xc3 in for 0x7bd4e1a025
04-22 02:11:22.607 31315 31315 E ArmVmp : Match on catch block at 0xc3 in for 0x7bd4e1a025
04-22 02:11:22.622 31315 31315 E ArmVmp : Match on catch block at 0xc3 in for 0x7bd4e1a025
04-22 02:11:22.627 31315 31315 E ArmVmp : Match on catch block at 0xc3 in for 0x7bd4e1a025
04-22 02:11:22.636 31315 31315 E ArmVmp : Match on catch block at 0xc3 in for 0x7bd4e1a025
04-22 02:11:22.639 31315 31315 E ArmVmp : Match on catch block at 0xc3 in for 0x7bd4e1a025
04-22 02:11:22.646 31315 31315 E ArmVmp : Match on catch block at 0xc3 in for 0x7bd4e1a025
04-22 02:11:22.650 31315 31315 E ArmVmp : Match on catch block at 0xc3 in for 0x7bd4e1a025
04-22 02:11:22.655 31315 31315 E ArmVmp : Match on catch block at 0xc3 in for 0x7bd4e1a025
04-22 02:11:22.659 31315 31315 E ArmVmp : Match on catch block at 0xc3 in for 0x7bd4e1a025
04-22 02:11:22.666 31315 31315 E ArmVmp : Match on catch block at 0xc3 in for 0x7bd4e1a025
04-22 02:11:22.669 31315 31315 E ArmVmp : Match on catch block at 0xc3 in for 0x7bd4e1a025
04-22 02:11:22.678 31315 31315 E ArmVmp : Match on catch block at 0xc3 in for 0x7bd4e1a025
04-22 02:11:22.683 31315 31315 E ArmVmp : Match on catch block at 0xc3 in for 0x7bd4e1a025
04-22 02:11:22.689 31315 31315 E ArmVmp : Match on catch block at 0xc3 in for 0x7bd4e1a025
04-22 02:11:22.694 31315 31315 E ArmVmp : Match on catch block at 0xc3 in for 0x7bd4e1a025
04-22 02:11:22.702 31315 31315 E ArmVmp : Match on catch block at 0xc3 in for 0x7bd4e1a025
04-22 02:11:22.706 31315 31315 E ArmVmp : Match on catch block at 0xc3 in for 0x7bd4e1a025
04-22 02:11:22.713 31315 31315 E ArmVmp : Match on catch block at 0xc3 in for 0x7bd4e1a025
04-22 02:11:22.716 31315 31315 E ArmVmp : Match on catch block at 0xc3 in for 0x7bd4e1a025
04-22 02:11:22.722 31315 31315 E ArmVmp : Match on catch block at 0xc3 in for 0x7bd4e1a025
04-22 02:11:22.726 31315 31315 E ArmVmp : Match on catch block at 0xc3 in for 0x7bd4e1a025
04-22 02:11:22.733 31315 31315 E ArmVmp : Match on catch block at 0xc3 in for 0x7bd4e1a025
04-22 02:11:22.737 31315 31315 E ArmVmp : Match on catch block at 0xc3 in for 0x7bd4e1a025
04-22 02:11:22.778 31315 31315 W WindowOnBackDispatcher: sendCancelIfRunning: isInProgress=falsecallback=android.view.ViewRootImpl$ $ExternalSyntheticLambda22@eaedde7
04-22 02:11:22.783 31315 31315 W WindowOnBackDispatcher: sendCancelIfRunning: isInProgress=falsecallback=android.view.ViewRootImpl$ $ExternalSyntheticLambda22@7dc9d7e
04-22 02:11:22.794 31315 31315 E ArmVmp : Match on catch block at 0xc3 in for 0x7bd4e1a025
04-22 02:11:22.797 31315 31315 E ArmVmp : Match on catch block at 0xc3 in for 0x7bd4e1a025
04-22 02:11:22.811 31315 31315 E ArmVmp : Match on catch block at 0xc3 in for 0x7bd4e1a025
04-22 02:11:22.814 31315 31315 E ArmVmp : Match on catch block at 0xc3 in for 0x7bd4e1a025
04-22 02:11:22.822 31315 31315 E ArmVmp : Match on catch block at 0xc3 in for 0x7bd4e1a025
04-22 02:11:22.824 31315 31315 E ArmVmp : Match on catch block at 0xc3 in for 0x7bd4e1a025
04-22 02:11:22.833 31315 31315 E ArmVmp : Match on catch block at 0xc3 in for 0x7bd4e1a025
04-22 02:11:22.836 31315 31315 E ArmVmp : Match on catch block at 0xc3 in for 0x7bd4e1a025
04-22 02:11:22.862 31315 31315 W MIUIInput: Back key is intercepted by the app
04-22 02:11:22.865 31315 31315 E ArmVmp : Match on catch block at 0xc3 in for 0x7bd4e1a025
04-22 02:11:22.870 31315 31315 E ArmVmp : Match on catch block at 0xc3 in for 0x7bd4e1a025
04-22 02:11:22.901 31315 31315 E ArmVmp : Match on catch block at 0xc3 in for 0x7bd4e1a025
04-22 02:11:22.907 31315 31315 E ArmVmp : Match on catch block at 0xc3 in for 0x7bd4e1a025
04-22 02:11:22.951 31315 31315 E ArmVmp : Match on catch block at 0x8d in for 0x7bd4e1a039
04-22 02:11:22.985 31315 31315 E ArmVmp : Match on catch block at 0x4c in for 0x7bd4e1a039
04-22 02:11:23.006 31315 31315 E ArmVmp : Match on catch block at 0x8d in for 0x7bd4e1a039
04-22 02:11:23.128 31315 31315 E ArmVmp : Match on catch block at 0x0a in for 0x7bd4e1a031
04-22 02:11:23.143 31315 31315 E ArmVmp : Match on catch block at 0x0a in for 0x7bd4e1a04d
04-22 02:11:23.181 31315 31315 W Activity: Can request only one set of permissions at a time
04-22 02:11:23.225 31315 3217 W com.mbwhatsapp: Accessing hidden method Lcom/android/org/conscrypt/ConscryptEngineSocket;->setUseSessionTickets(Z)V (max- target-q,core-platform-api, reflection, denied)
04-22 02:11:23.225 31315 3217 W com.mbwhatsapp: Accessing hidden method Lcom/android/org/conscrypt/OpenSSLSocketImpl;->setUseSessionTickets(Z)V (max- target-q,core-platform-api, reflection, denied)
04-22 02:11:23.225 31315 3217 W com.mbwhatsapp: Accessing hidden method Lcom/android/org/conscrypt/AbstractConscryptSocket;->setUseSessionTickets(Z)V (max- target-q, reflection, denied)
04-22 02:11:23.228 31315 3217 W com.mbwhatsapp: Accessing hidden method Lcom/android/org/conscrypt/ConscryptEngineSocket;->setHostname(Ljava/lang/String;)V (max-target-q,core-platform-api, reflection, denied)
04-22 02:11:23.229 31315 3217 W com.mbwhatsapp: Accessing hidden method Lcom/android/org/conscrypt/OpenSSLSocketImpl;->setHostname(Ljava/lang/String;)V (max-target-q,core-platform-api, reflection, denied)
04-22 02:11:23.229 31315 3217 W com.mbwhatsapp: Accessing hidden method Lcom/android/org/conscrypt/AbstractConscryptSocket;->setHostname(Ljava/lang/ String;)V (max-target-q, reflection, denied)
04-22 02:11:23.229 31315 3217 W com.mbwhatsapp: Accessing hidden method Lcom/android/org/conscrypt/OpenSSLSocketImpl;->setAlpnProtocols([B)V (max-target- q,core-platform-api, reflection, denied)
04-22 02:11:23.229 31315 3217 W com.mbwhatsapp: Accessing hidden method Lcom/android/org/conscrypt/AbstractConscryptSocket;->setAlpnProtocols([B)V (max- target-q, reflection, denied)
04-22 02:11:23.242 31315 31410 W libc : Access denied finding property "ro.vendor.display.iris_x7.support"
04-22 02:11:23.248 31315 31315 W Looper : PerfMonitor looperActivity : package=com.mbwhatsapp/.HomeActivity time=0ms latency=352ms procState=-1 historyMsgCount=8 (msgIndex=8 wall=337ms seq=11072 late=15ms h=android.app.ActivityThread$H w=159)
04-22 02:11:23.250 31315 31315 E ArmVmp : Match on catch block at 0xc3 in for 0x7bd4e1a025
04-22 02:11:23.253 31315 31315 E ArmVmp : Match on catch block at 0xc3 in for 0x7bd4e1a025
04-22 02:11:23.341 31315 31410 E OpenGLRenderer: Unable to match the desired swap behavior.
04-22 02:11:23.354 31315 3217 W com.mbwhatsapp: Accessing hidden method Lcom/android/org/conscrypt/OpenSSLSocketImpl;->getAlpnSelectedProtocol()[B (max- target-q,core-platform-api, reflection, denied)
04-22 02:11:23.354 31315 3217 W com.mbwhatsapp: Accessing hidden method Lcom/android/org/conscrypt/AbstractConscryptSocket;->getAlpnSelectedProtocol()[B (max-target-q, reflection, denied)
04-22 02:11:23.363 31315 31315 E ArmVmp : Match on catch block at 0x8d in for 0x7bd4e1a049
04-22 02:11:23.366 31315 31315 E ArmVmp : Match on catch block at 0x8d in for 0x7bd4e1a049
04-22 02:11:23.371 31315 31315 E ArmVmp : Match on catch block at 0x8d in for 0x7bd4e1a049
04-22 02:11:23.376 31315 31315 E ArmVmp : Match on catch block at 0x8d in for 0x7bd4e1a049
04-22 02:11:23.390 31315 31315 E ArmVmp : Match on catch block at 0x8d in for 0x7bd4e1a03d
04-22 02:11:23.427 31315 31315 E ArmVmp : Match on catch block at 0x8d in for 0x7bd4e1a03d
04-22 02:11:23.467 31315 31315 E ArmVmp : Match on catch block at 0x8d in for 0x7bd4e1a03d
04-22 02:11:23.536 31315 31315 E ArmVmp : Match on catch block at 0x8d in for 0x7bd4e1a03d
04-22 02:11:23.581 31315 31315 E ArmVmp : Match on catch block at 0x8d in for 0x7bd4e1a03d
04-22 02:11:23.622 31315 31315 E ArmVmp : Match on catch block at 0x8d in for 0x7bd4e1a03d
04-22 02:11:23.655 31315 31315 E ArmVmp : Match on catch block at 0x8d in for 0x7bd4e1a03d
04-22 02:11:23.700 31315 31315 E ArmVmp : Match on catch block at 0x8d in for 0x7bd4e1a03d
04-22 02:11:23.745 31315 31315 E ArmVmp : Match on catch block at 0x8d in for 0x7bd4e1a03d
04-22 02:11:23.785 31315 31315 E RecyclerView: No adapter attached; skipping layout
04-22 02:11:23.832 31315 31315 W Looper : PerfMonitor doFrame : time=585ms vsyncFrame=0 latency=338ms procState=-1 historyMsgCount=6 (msgIndex=5 wall=337ms seq=11072 late=15ms h=android.app.ActivityThread$H w=159)
04-22 02:11:23.837 31315 31315 W Looper : PerfMonitor looperActivity : package=com.mbwhatsapp/.HomeActivity time=2ms latency=681ms procState=-1 historyMsgCount=14 (msgIndex=1 wall=337ms seq=11072 late=15ms h=android.app.ActivityThread$H w=159) (msgIndex=3 wall=585ms seq=11074 late=338ms h=android.view.Choreographer$FrameHandler c=android.view.Choreographer$FrameDisplayEventReceiver)
04-22 02:11:23.844 31315 31315 W Looper : PerfMonitor looperActivity : package=com.mbwhatsapp/.HomeActivity time=8ms latency=683ms procState=-1 historyMsgCount=15 (msgIndex=1 wall=337ms seq=11072 late=15ms h=android.app.ActivityThread$H w=159) (msgIndex=3 wall=585ms seq=11074 late=338ms h=android.view.Choreographer$FrameHandler c=android.view.Choreographer$FrameDisplayEventReceiver)
04-22 02:11:23.859 31315 31315 E ArmVmp : Match on catch block at 0xc3 in for 0x7bd4e1a025
04-22 02:11:23.861 31315 31315 E ArmVmp : Match on catch block at 0xc3 in for 0x7bd4e1a025
04-22 02:11:23.873 31315 31315 E RecyclerView: No adapter attached; skipping layout
04-22 02:11:23.880 31315 31315 W Looper : PerfMonitor doFrame : time=35ms vsyncFrame=0 latency=588ms procState=-1 historyMsgCount=25 (msgIndex=1 wall=585ms seq=11074 late=338ms h=android.view.Choreographer$FrameHandler c=android.view.Choreographer$FrameDisplayEventReceiver)
04-22 02:11:23.908 31315 31315 E ArmVmp : Match on catch block at 0x0a in for 0x7bd4e1a035
04-22 02:11:23.958 31315 31315 E ArmVmp : Match on catch block at 0xc3 in for 0x7bd4e1a025
04-22 02:11:23.960 31315 31315 E ArmVmp : Match on catch block at 0xc3 in for 0x7bd4e1a025
04-22 02:11:23.989 31315 31410 E OpenGLRenderer: Unable to match the desired swap behavior.
04-22 02:11:24.067 31315 31315 E ArmVmp : Match on catch block at 0x8d in for 0x7bd4e1a039
04-22 02:11:24.077 31315 31315 E ArmVmp : Match on catch block at 0x8d in for 0x7bd4e1a039
04-22 02:11:24.088 31315 31315 E ArmVmp : Match on catch block at 0x5b in for 0x7bd4e1a01d
04-22 02:11:24.194 31315 31315 W WindowOnBackDispatcher: sendCancelIfRunning: isInProgress=falsecallback=android.view.ViewRootImpl$ $ExternalSyntheticLambda22@f13f20f
04-22 02:11:29.841 31315 31315 W Choreographer: Frame time is 0.158501 now = 104558394185308 timestampNanos = 104558394343809 ms in the future! Check that graphics HAL is generating vsync timestamps using the correct timebase.
04-22 02:11:32.266 31315 31315 W libc : Access denied finding property "ro.vendor.audio.cloudctrl"
04-22 02:11:32.262 31315 31315 W com.mbwhatsapp: type=1400 audit(0.0:348512): avc: denied { read } for name="u:object_r:vendor_ro_audio_prop:s0" dev="tmpfs" ino=707 scontext=u:r:untrusted_app_32:s0:c232,c256,c512,c768 tcontext=u:object_r:vendor_ro_audio_prop:s0 tclass=file permissive=0 app=com.mbwhatsapp
04-22 02:11:32.450 31315 31410 W libc : Access denied finding property "ro.vendor.display.iris_x7.support"
04-22 02:11:32.540 31315 31410 W libc : Access denied finding property "ro.vendor.display.iris_x7.support"
04-22 02:11:32.583 31315 31410 E OpenGLRenderer: Unable to match the desired swap behavior.
04-22 02:11:32.621 31315 31410 E OpenGLRenderer: Unable to match the desired swap behavior.
04-22 02:11:32.675 31315 31315 W BottomSheetBehavior: BottomSheetBehavior now supports multiple callbacks. `setBottomSheetCallback()` removes all existing callbacks, including ones set internally by library authors, which may result in unintended behavior. This may change in the future. Please use `addBottomSheetCallback()` and `removeBottomSheetCallback()` instead to set your own callbacks.
04-22 02:11:43.834 31315 31315 W libc : Access denied finding property "ro.vendor.audio.cloudctrl"
04-22 02:11:43.830 31315 31315 W com.mbwhatsapp: type=1400 audit(0.0:348513): avc: denied { read } for name="u:object_r:vendor_ro_audio_prop:s0" dev="tmpfs" ino=707 scontext=u:r:untrusted_app_32:s0:c232,c256,c512,c768 tcontext=u:object_r:vendor_ro_audio_prop:s0 tclass=file permissive=0 app=com.mbwhatsapp
04-22 02:26:42.663 31315 31315 W JobService: onNetworkChanged() not implemented in androidx.work.impl.background.systemjob.SystemJobService. Must override in a subclass.
04-22 02:26:42.683 31315 31315 W JobService: onNetworkChanged() not implemented in androidx.work.impl.background.systemjob.SystemJobService. Must override in a subclass.
04-22 03:14:32.661 31315 31410 E OpenGLRenderer: Unable to match the desired swap behavior.
04-22 03:14:32.708 31315 31410 E OpenGLRenderer: Unable to match the desired swap behavior.
04-22 03:14:51.045 31315 31315 W WindowOnBackDispatcher: sendCancelIfRunning: isInProgress=falsecallback=android.view.ViewRootImpl$ $ExternalSyntheticLambda22@8b15605
04-22 03:14:51.053 31315 31315 W WindowOnBackDispatcher: sendCancelIfRunning: isInProgress=falsecallback=android.view.ViewRootImpl$ $ExternalSyntheticLambda22@4856b2
04-22 03:15:13.089 31315 31315 W JobService: onNetworkChanged() not implemented in androidx.work.impl.background.systemjob.SystemJobService. Must override in a subclass.
04-22 03:15:21.766 31315 31315 W JobService: onNetworkChanged() not implemented in androidx.work.impl.background.systemjob.SystemJobService. Must override in a subclass.
04-22 03:16:09.934 31315 31410 W libc : Access denied finding property "ro.vendor.display.iris_x7.support"
04-22 03:16:10.041 31315 31410 W libc : Access denied finding property "ro.vendor.display.iris_x7.support"
04-22 03:16:10.048 31315 31315 W Looper : PerfMonitor looperActivity : package=com.mbwhatsapp/com.whatsapp.voipcalling.VoipActivityV2 time=0ms latency=309ms procState=-1 historyMsgCount=1 (msgIndex=1 wall=311ms seq=33188 h=android.app.ActivityThread$H w=159)
04-22 03:16:10.062 31315 31410 E OpenGLRenderer: Unable to match the desired swap behavior.
04-22 03:16:10.095 31315 31410 E OpenGLRenderer: Unable to match the desired swap behavior.
04-22 03:16:10.130 31315 31315 W BottomSheetBehavior: BottomSheetBehavior now supports multiple callbacks. `setBottomSheetCallback()` removes all existing callbacks, including ones set internally by library authors, which may result in unintended behavior. This may change in the future. Please use `addBottomSheetCallback()` and `removeBottomSheetCallback()` instead to set your own callbacks.
04-22 03:16:13.441 31315 31315 W libc : Access denied finding property "ro.vendor.audio.cloudctrl"
04-22 03:16:13.438 31315 31315 W com.mbwhatsapp: type=1400 audit(0.0:348772): avc: denied { read } for name="u:object_r:vendor_ro_audio_prop:s0" dev="tmpfs" ino=707 scontext=u:r:untrusted_app_32:s0:c232,c256,c512,c768 tcontext=u:object_r:vendor_ro_audio_prop:s0 tclass=file permissive=0 app=com.mbwhatsapp
04-22 03:16:14.494 31315 31315 W WindowOnBackDispatcher: sendCancelIfRunning: isInProgress=falsecallback=android.view.ViewRootImpl$ $ExternalSyntheticLambda22@76b2f4d
04-22 03:16:14.503 31315 31315 W WindowOnBackDispatcher: sendCancelIfRunning: isInProgress=falsecallback=android.view.ViewRootImpl$ $ExternalSyntheticLambda22@4010d8b
04-22 03:16:23.214 31315 31315 W JobService: onNetworkChanged() not implemented in androidx.work.impl.background.systemjob.SystemJobService. Must override in a subclass.
04-22 03:18:37.966 31315 31410 E OpenGLRenderer: Unable to match the desired swap behavior.
04-22 03:18:38.230 31315 31410 W libc : Access denied finding property "ro.vendor.display.iris_x7.support"
04-22 03:18:38.324 31315 31410 W libc : Access denied finding property "ro.vendor.display.iris_x7.support"
04-22 03:18:38.349 31315 31410 E OpenGLRenderer: Unable to match the desired swap behavior.
04-22 03:18:38.368 31315 31410 E OpenGLRenderer: Unable to match the desired swap behavior.
04-22 03:18:38.421 31315 31315 W BottomSheetBehavior: BottomSheetBehavior now supports multiple callbacks. `setBottomSheetCallback()` removes all existing callbacks, including ones set internally by library authors, which may result in unintended behavior. This may change in the future. Please use `addBottomSheetCallback()` and `removeBottomSheetCallback()` instead to set your own callbacks.
04-22 03:18:39.008 31315 31315 W libc : Access denied finding property "ro.vendor.audio.cloudctrl"
04-22 03:18:39.006 31315 31315 W com.mbwhatsapp: type=1400 audit(0.0:348773): avc: denied { read } for name="u:object_r:vendor_ro_audio_prop:s0" dev="tmpfs" ino=707 scontext=u:r:untrusted_app_32:s0:c232,c256,c512,c768 tcontext=u:object_r:vendor_ro_audio_prop:s0 tclass=file permissive=0 app=com.mbwhatsapp
04-22 03:18:39.064 31315 31410 E OpenGLRenderer: Unable to match the desired swap behavior.
04-22 03:18:39.954 31315 31315 W WindowOnBackDispatcher: sendCancelIfRunning: isInProgress=falsecallback=android.view.ViewRootImpl$ $ExternalSyntheticLambda22@4f20b6d
04-22 03:18:39.960 31315 31315 W WindowOnBackDispatcher: sendCancelIfRunning: isInProgress=falsecallback=android.view.ViewRootImpl$ $ExternalSyntheticLambda22@9c2a4fa
04-22 03:18:40.018 31315 31315 E ArmVmp : Match on catch block at 0x8d in for 0x7bd4e1a045
04-22 03:18:48.967 31315 31315 E ArmVmp : Match on catch block at 0x4c in for 0x7bd4e1a039
04-22 03:18:48.973 31315 31315 E ArmVmp : Match on catch block at 0x8d in for 0x7bd4e1a039
04-22 03:18:48.977 31315 31315 E ArmVmp : Match on catch block at 0x8d in for 0x7bd4e1a039
04-22 03:18:49.006 31315 31315 E ArmVmp : Match on catch block at 0x0a in for 0x7bd4e1a035
04-22 03:18:49.008 31315 31315 E ArmVmp : Match on catch block at 0x0a in for 0x7bd4e1a035
04-22 03:18:49.033 31315 31410 W libc : Access denied finding property "ro.vendor.display.iris_x7.support"
04-22 03:18:49.059 31315 31410 E OpenGLRenderer: Unable to match the desired swap behavior.
04-22 03:18:49.230 31315 31315 E ArmVmp : Match on catch block at 0xc3 in for 0x7bd4e1a021
04-22 03:18:49.235 31315 31315 E ArmVmp : Match on catch block at 0xc3 in for 0x7bd4e1a021
04-22 03:18:49.272 31315 31315 E ArmVmp : Match on catch block at 0xc3 in for 0x7bd4e1a025
04-22 03:18:49.274 31315 31315 E ArmVmp : Match on catch block at 0xc3 in for 0x7bd4e1a025
04-22 03:18:49.309 31315 31315 E ArmVmp : Match on catch block at 0xc3 in for 0x7bd4e1a025
04-22 03:18:49.312 31315 31315 E ArmVmp : Match on catch block at 0xc3 in for 0x7bd4e1a025
04-22 03:18:49.328 31315 31315 E ArmVmp : Match on catch block at 0xc3 in for 0x7bd4e1a025
04-22 03:18:49.334 31315 31315 E ArmVmp : Match on catch block at 0xc3 in for 0x7bd4e1a025
04-22 03:18:49.351 31315 31315 E ArmVmp : Match on catch block at 0xc3 in for 0x7bd4e1a025
04-22 03:18:49.355 31315 31315 E ArmVmp : Match on catch block at 0xc3 in for 0x7bd4e1a025
04-22 03:18:49.366 31315 31315 E ArmVmp : Match on catch block at 0xc3 in for 0x7bd4e1a025
04-22 03:18:49.370 31315 31315 E ArmVmp : Match on catch block at 0xc3 in for 0x7bd4e1a025
04-22 03:18:49.392 31315 31315 E ArmVmp : Match on catch block at 0xc3 in for 0x7bd4e1a025
04-22 03:18:49.396 31315 31315 E ArmVmp : Match on catch block at 0xc3 in for 0x7bd4e1a025
04-22 03:18:49.402 31315 31315 E ArmVmp : Match on catch block at 0xc3 in for 0x7bd4e1a025
04-22 03:18:49.406 31315 31315 E ArmVmp : Match on catch block at 0xc3 in for 0x7bd4e1a025
04-22 03:18:49.410 31315 31315 E ArmVmp : Match on catch block at 0xc3 in for 0x7bd4e1a025
04-22 03:18:49.413 31315 31315 E ArmVmp : Match on catch block at 0xc3 in for 0x7bd4e1a025
04-22 03:18:49.423 31315 31315 E ArmVmp : Match on catch block at 0xc3 in for 0x7bd4e1a025
04-22 03:18:49.428 31315 31315 E ArmVmp : Match on catch block at 0xc3 in for 0x7bd4e1a025
04-22 03:18:49.434 31315 31315 E ArmVmp : Match on catch block at 0xc3 in for 0x7bd4e1a025
04-22 03:18:49.438 31315 31315 E ArmVmp : Match on catch block at 0xc3 in for 0x7bd4e1a025
04-22 03:18:49.747 31315 31315 E ArmVmp : Match on catch block at 0xc3 in for 0x7bd4e1a025
04-22 03:18:49.751 31315 31315 E ArmVmp : Match on catch block at 0xc3 in for 0x7bd4e1a025
04-22 03:18:49.838 31315 31315 E ArmVmp : Match on catch block at 0xc3 in for 0x7bd4e1a025
04-22 03:18:49.843 31315 31315 E ArmVmp : Match on catch block at 0xc3 in for 0x7bd4e1a025
04-22 03:18:49.859 31315 31315 E ArmVmp : Match on catch block at 0xc3 in for 0x7bd4e1a025
04-22 03:18:49.863 31315 31315 E ArmVmp : Match on catch block at 0xc3 in for 0x7bd4e1a025
04-22 03:18:49.870 31315 31315 E ArmVmp : Match on catch block at 0xc3 in for 0x7bd4e1a025
04-22 03:18:49.874 31315 31315 E ArmVmp : Match on catch block at 0xc3 in for 0x7bd4e1a025
04-22 03:18:49.881 31315 31315 E ArmVmp : Match on catch block at 0xc3 in for 0x7bd4e1a025
04-22 03:18:49.886 31315 31315 E ArmVmp : Match on catch block at 0xc3 in for 0x7bd4e1a025
04-22 03:18:49.892 31315 31315 E ArmVmp : Match on catch block at 0xc3 in for 0x7bd4e1a025
04-22 03:18:49.895 31315 31315 E ArmVmp : Match on catch block at 0xc3 in for 0x7bd4e1a025
04-22 03:18:49.903 31315 31315 E ArmVmp : Match on catch block at 0xc3 in for 0x7bd4e1a025
04-22 03:18:49.905 31315 31315 E ArmVmp : Match on catch block at 0xc3 in for 0x7bd4e1a025
04-22 03:18:49.915 31315 31315 E ArmVmp : Match on catch block at 0xc3 in for 0x7bd4e1a025
04-22 03:18:49.919 31315 31315 E ArmVmp : Match on catch block at 0xc3 in for 0x7bd4e1a025
04-22 03:18:49.927 31315 31315 E ArmVmp : Match on catch block at 0xc3 in for 0x7bd4e1a025
04-22 03:18:49.932 31315 31315 E ArmVmp : Match on catch block at 0xc3 in for 0x7bd4e1a025
04-22 03:18:49.937 31315 31315 E ArmVmp : Match on catch block at 0xc3 in for 0x7bd4e1a025
04-22 03:18:49.941 31315 31315 E ArmVmp : Match on catch block at 0xc3 in for 0x7bd4e1a025
04-22 03:18:49.948 31315 31315 E ArmVmp : Match on catch block at 0xc3 in for 0x7bd4e1a025
04-22 03:18:49.952 31315 31315 E ArmVmp : Match on catch block at 0xc3 in for 0x7bd4e1a025
04-22 03:18:49.959 31315 31315 E ArmVmp : Match on catch block at 0xc3 in for 0x7bd4e1a025
04-22 03:18:49.963 31315 31315 E ArmVmp : Match on catch block at 0xc3 in for 0x7bd4e1a025
04-22 03:18:49.970 31315 31315 E ArmVmp : Match on catch block at 0xc3 in for 0x7bd4e1a025
04-22 03:18:49.972 31315 31315 E ArmVmp : Match on catch block at 0xc3 in for 0x7bd4e1a025
04-22 03:18:49.981 31315 31315 E ArmVmp : Match on catch block at 0xc3 in for 0x7bd4e1a025
04-22 03:18:49.984 31315 31315 E ArmVmp : Match on catch block at 0xc3 in for 0x7bd4e1a025
04-22 03:18:49.993 31315 31315 E ArmVmp : Match on catch block at 0xc3 in for 0x7bd4e1a025
04-22 03:18:49.998 31315 31315 E ArmVmp : Match on catch block at 0xc3 in for 0x7bd4e1a025
04-22 03:18:50.004 31315 31315 E ArmVmp : Match on catch block at 0xc3 in for 0x7bd4e1a025
04-22 03:18:50.008 31315 31315 E ArmVmp : Match on catch block at 0xc3 in for 0x7bd4e1a025
04-22 03:18:50.017 31315 31315 E ArmVmp : Match on catch block at 0xc3 in for 0x7bd4e1a025
04-22 03:18:50.021 31315 31315 E ArmVmp : Match on catch block at 0xc3 in for 0x7bd4e1a025
04-22 03:18:50.026 31315 31315 E ArmVmp : Match on catch block at 0xc3 in for 0x7bd4e1a025
04-22 03:18:50.029 31315 31315 E ArmVmp : Match on catch block at 0xc3 in for 0x7bd4e1a025
04-22 03:18:50.039 31315 31315 E ArmVmp : Match on catch block at 0xc3 in for 0x7bd4e1a025
04-22 03:18:50.042 31315 31315 E ArmVmp : Match on catch block at 0xc3 in for 0x7bd4e1a025
04-22 03:18:50.049 31315 31315 E ArmVmp : Match on catch block at 0xc3 in for 0x7bd4e1a025
04-22 03:18:50.052 31315 31315 E ArmVmp : Match on catch block at 0xc3 in for 0x7bd4e1a025
04-22 03:18:50.060 31315 31315 E ArmVmp : Match on catch block at 0xc3 in for 0x7bd4e1a025
04-22 03:18:50.064 31315 31315 E ArmVmp : Match on catch block at 0xc3 in for 0x7bd4e1a025
04-22 03:18:50.072 31315 31315 E ArmVmp : Match on catch block at 0xc3 in for 0x7bd4e1a025
04-22 03:18:50.076 31315 31315 E ArmVmp : Match on catch block at 0xc3 in for 0x7bd4e1a025
04-22 03:18:50.082 31315 31315 E ArmVmp : Match on catch block at 0xc3 in for 0x7bd4e1a025
04-22 03:18:50.084 31315 31315 E ArmVmp : Match on catch block at 0xc3 in for 0x7bd4e1a025
04-22 03:18:50.093 31315 31315 E ArmVmp : Match on catch block at 0xc3 in for 0x7bd4e1a025
04-22 03:18:50.097 31315 31315 E ArmVmp : Match on catch block at 0xc3 in for 0x7bd4e1a025
04-22 03:18:50.104 31315 31315 E ArmVmp : Match on catch block at 0xc3 in for 0x7bd4e1a025
04-22 03:18:50.107 31315 31315 E ArmVmp : Match on catch block at 0xc3 in for 0x7bd4e1a025
04-22 03:18:50.116 31315 31315 E ArmVmp : Match on catch block at 0xc3 in for 0x7bd4e1a025
04-22 03:18:50.120 31315 31315 E ArmVmp : Match on catch block at 0xc3 in for 0x7bd4e1a025
04-22 03:18:50.126 31315 31315 E ArmVmp : Match on catch block at 0xc3 in for 0x7bd4e1a025
04-22 03:18:50.129 31315 31315 E ArmVmp : Match on catch block at 0xc3 in for 0x7bd4e1a025
04-22 03:18:50.138 31315 31315 E ArmVmp : Match on catch block at 0xc3 in for 0x7bd4e1a025
04-22 03:18:50.143 31315 31315 E ArmVmp : Match on catch block at 0xc3 in for 0x7bd4e1a025
04-22 03:18:50.150 31315 31315 E ArmVmp : Match on catch block at 0xc3 in for 0x7bd4e1a025
04-22 03:18:50.155 31315 31315 E ArmVmp : Match on catch block at 0xc3 in for 0x7bd4e1a025
04-22 03:18:50.162 31315 31315 E ArmVmp : Match on catch block at 0xc3 in for 0x7bd4e1a025
04-22 03:18:50.166 31315 31315 E ArmVmp : Match on catch block at 0xc3 in for 0x7bd4e1a025
04-22 03:18:50.329 31315 31315 E ArmVmp : Match on catch block at 0xc3 in for 0x7bd4e1a025
04-22 03:18:50.334 31315 31315 E ArmVmp : Match on catch block at 0xc3 in for 0x7bd4e1a025
04-22 03:18:50.742 31315 31315 E ArmVmp : Match on catch block at 0xc3 in for 0x7bd4e1a025
04-22 03:18:50.744 31315 31315 E ArmVmp : Match on catch block at 0xc3 in for 0x7bd4e1a025
04-22 03:18:50.776 31315 31315 E ArmVmp : Match on catch block at 0xc3 in for 0x7bd4e1a025
04-22 03:18:50.779 31315 31315 E ArmVmp : Match on catch block at 0xc3 in for 0x7bd4e1a025
04-22 03:18:50.797 31315 31315 E ArmVmp : Match on catch block at 0x4c in for 0x7bd4e1a041
04-22 03:18:50.800 31315 31315 E ArmVmp : Match on catch block at 0xc3 in for 0x7bd4e1a025
04-22 03:18:50.802 31315 31315 E ArmVmp : Match on catch block at 0xc3 in for 0x7bd4e1a025
04-22 03:18:50.816 31315 31315 E ArmVmp : Match on catch block at 0xc3 in for 0x7bd4e1a025
04-22 03:18:50.819 31315 31315 E ArmVmp : Match on catch block at 0xc3 in for 0x7bd4e1a025
04-22 03:18:50.831 31315 31315 E ArmVmp : Match on catch block at 0xc3 in for 0x7bd4e1a025
04-22 03:18:50.834 31315 31315 E ArmVmp : Match on catch block at 0xc3 in for 0x7bd4e1a025
04-22 03:18:50.842 31315 31315 E ArmVmp : Match on catch block at 0xc3 in for 0x7bd4e1a025
04-22 03:18:50.845 31315 31315 E ArmVmp : Match on catch block at 0xc3 in for 0x7bd4e1a025
04-22 03:18:50.880 31315 31315 E ArmVmp : Match on catch block at 0xc3 in for 0x7bd4e1a025
04-22 03:18:50.883 31315 31315 E ArmVmp : Match on catch block at 0xc3 in for 0x7bd4e1a025
04-22 03:18:50.890 31315 31315 E ArmVmp : Match on catch block at 0xc3 in for 0x7bd4e1a025
04-22 03:18:50.894 31315 31315 E ArmVmp : Match on catch block at 0xc3 in for 0x7bd4e1a025
04-22 03:18:50.922 31315 31315 E ArmVmp : Match on catch block at 0xc3 in for 0x7bd4e1a025
04-22 03:18:50.925 31315 31315 E ArmVmp : Match on catch block at 0xc3 in for 0x7bd4e1a025
04-22 03:18:50.935 31315 31315 E ArmVmp : Match on catch block at 0xc3 in for 0x7bd4e1a025
04-22 03:18:50.937 31315 31315 E ArmVmp : Match on catch block at 0xc3 in for 0x7bd4e1a025
04-22 03:18:50.941 31315 31315 E ArmVmp : Match on catch block at 0xc3 in for 0x7bd4e1a025
