04-23 13:27:15.200 4631 4631 E ArmVmp : Match on catch block at 0xc3 in for 0x99
04-23 13:27:15.204 4631 4631 E ArmVmp : Match on catch block at 0xc3 in for 0x91
04-23 13:27:15.207 4631 4631 E ArmVmp : Match on catch block at 0xc3 in for 0x91
04-23 13:27:15.697 4631 4631 E ArmVmp : Match on catch block at 0xc3 in for 0x95
04-23 13:27:15.701 4631 4631 E ArmVmp : Match on catch block at 0xc3 in for 0x99
04-23 13:27:15.705 4631 4631 E ArmVmp : Match on catch block at 0xc3 in for 0x99
04-23 13:27:16.194 4631 4631 E ArmVmp : Match on catch block at 0xc3 in for 0x91
04-23 13:27:16.198 4631 4631 E ArmVmp : Match on catch block at 0xc3 in for 0x95
04-23 13:27:16.201 4631 4631 E ArmVmp : Match on catch block at 0xc3 in for 0x95
04-23 13:27:16.708 4631 4631 E ArmVmp : Match on catch block at 0xc3 in for 0x99
04-23 13:27:16.713 4631 4631 E ArmVmp : Match on catch block at 0xc3 in for 0x91
04-23 13:27:16.716 4631 4631 E ArmVmp : Match on catch block at 0xc3 in for 0x91
04-23 13:27:17.204 4631 4631 E ArmVmp : Match on catch block at 0xc3 in for 0x95
04-23 13:27:17.210 4631 4631 E ArmVmp : Match on catch block at 0xc3 in for 0x99
04-23 13:27:17.213 4631 4631 E ArmVmp : Match on catch block at 0xc3 in for 0x99
04-23 13:27:17.701 4631 4631 E ArmVmp : Match on catch block at 0xc3 in for 0x91
04-23 13:27:17.706 4631 4631 E ArmVmp : Match on catch block at 0xc3 in for 0x95
04-23 13:27:17.709 4631 4631 E ArmVmp : Match on catch block at 0xc3 in for 0x95
04-23 13:27:18.198 4631 4631 E ArmVmp : Match on catch block at 0xc3 in for 0x99
04-23 13:27:18.202 4631 4631 E ArmVmp : Match on catch block at 0xc3 in for 0x91
04-23 13:27:18.205 4631 4631 E ArmVmp : Match on catch block at 0xc3 in for 0x91
04-23 13:27:18.711 4631 4631 E ArmVmp : Match on catch block at 0xc3 in for 0x95
04-23 13:27:18.716 4631 4631 E ArmVmp : Match on catch block at 0xc3 in for 0x99
04-23 13:27:18.719 4631 4631 E ArmVmp : Match on catch block at 0xc3 in for 0x99
04-23 13:27:19.208 4631 4631 E ArmVmp : Match on catch block at 0xc3 in for 0x91
04-23 13:27:19.212 4631 4631 E ArmVmp : Match on catch block at 0xc3 in for 0x95
04-23 13:27:19.216 4631 4631 E ArmVmp : Match on catch block at 0xc3 in for 0x95
04-23 13:27:19.705 4631 4631 E ArmVmp : Match on catch block at 0xc3 in for 0x99
04-23 13:27:19.710 4631 4631 E ArmVmp : Match on catch block at 0xc3 in for 0x91
04-23 13:27:19.713 4631 4631 E ArmVmp : Match on catch block at 0xc3 in for 0x91
04-23 13:27:20.202 4631 4631 E ArmVmp : Match on catch block at 0xc3 in for 0x95
04-23 13:27:20.207 4631 4631 E ArmVmp : Match on catch block at 0xc3 in for 0x99
04-23 13:27:20.210 4631 4631 E ArmVmp : Match on catch block at 0xc3 in for 0x99
04-23 13:27:20.451 4631 4631 E ArmVmp : Match on catch block at 0xc3 in for 0x95
04-23 13:27:20.455 4631 4631 E ArmVmp : Match on catch block at 0xc3 in for 0x99
04-23 13:27:20.459 4631 4631 E ArmVmp : Match on catch block at 0xc3 in for 0x99
04-23 13:27:20.536 4631 4631 E ArmVmp : Match on catch block at 0xc3 in for 0x91
04-23 13:27:20.540 4631 4631 E ArmVmp : Match on catch block at 0xc3 in for 0x95
04-23 13:27:20.543 4631 4631 E ArmVmp : Match on catch block at 0xc3 in for 0x95
04-23 13:27:20.546 4631 4631 W ActivityThread: handleWindowVisibility: no activity for token android.os.BinderProxy@a84b76f
04-23 13:27:20.659 4631 4631 W TabLayout: MODE_SCROLLABLE + GRAVITY_FILL is not supported, GRAVITY_START will be used instead
04-23 13:27:20.724 4631 4631 W BottomSheetBehavior: BottomSheetBehavior now supports multiple callbacks. `setBottomSheetCallback()` removes all existing callbacks, including ones set internally by library authors, which may result in unintended behavior. This may change in the future. Please use `addBottomSheetCallback()` and `removeBottomSheetCallback()` instead to set your own callbacks.
04-23 13:27:20.989 4631 7528 E GraphicExt: GraphicExtModuleLoader::CreateGraphicExtInstance false
04-23 13:27:20.991 4631 4631 W com.mbwhatsapp: Long monitor contention with owner MBWhatsApp Worker #2 (4736) at android.content.res.Resources android.app.ResourcesManager.getOrCreateResources(android.os.IBinder, android.content.res.ResourcesKey, java.lang.ClassLoader)(ResourcesManager.java:885) waiters=0 in android.view.Display android.app.ResourcesManager.getAdjustedDisplay(int, android.content.res.Resources) for 116ms
04-23 13:27:20.993 4631 7528 E GraphicExt: GraphicExtModuleLoader::CreateGraphicExtInstance false
04-23 13:27:21.126 4631 4631 E GraphicExt: GraphicExtModuleLoader::CreateGraphicExtInstance false
04-23 13:27:21.150 4631 4631 W View : requestLayout() improperly called by com.mbwhatsapp.WaImageView{bbfc189 VF.D..CL. ......ID 0,0-112,112 #7f0b1814 app:id/shutter} during layout: running second layout pass
04-23 13:27:21.150 4631 4631 W View : requestLayout() improperly called by com.mbwhatsapp.CircularProgressBar{693558e V.ED..... ......ID 0,0-112,112 #7f0b14fc app:id/recording_progress} during layout: running second layout pass
04-23 13:27:21.150 4631 4631 W View : requestLayout() improperly called by com.mbwhatsapp.WaImageView{aa0e1af VF.D..C.. ......ID 0,0-84,84 #7f0b1976 app:id/switch_camera_btn} during layout: running second layout pass
04-23 13:27:21.150 4631 4631 W View : requestLayout() improperly called by com.mbwhatsapp.WaImageView{79d99bc VFED..C.. ......ID 0,0-84,84 #7f0b0b0d app:id/gallery_btn} during layout: running second layout pass
04-23 13:27:21.150 4631 4631 W View : requestLayout() improperly called by com.mbwhatsapp.WaImageView{659ed45 VF.D..C.. ......ID 0,0-84,84 #7f0b0a9c app:id/flash_btn} during layout: running second layout pass
04-23 13:27:21.150 4631 4631 W View : requestLayout() improperly called by com.mbwhatsapp.WaImageView{2f33c9a VFED..C.. ......ID 0,0-84,84 #7f0b057f app:id/close_camera_btn} during layout: running second layout pass
04-23 13:27:21.150 4631 4631 W View : requestLayout() improperly called by X.4Ki{723e9cb V.ED..... ......ID 0,4-720,88} during layout: running second layout pass
04-23 13:27:21.151 4631 4631 W View : requestLayout() improperly called by androidx.appcompat.view.menu.ActionMenuItemView{98895a8 VFED..CL. ......ID 0,7- 84,91 #7f0b0fe8 app:id/more} during layout: running second layout pass
04-23 13:27:21.151 4631 4631 W View : requestLayout() improperly called by androidx.appcompat.widget.ActionMenuView{4b118c1 V.E...... ......ID 636,0-720,98} during layout: running second layout pass
04-23 13:27:21.156 4631 4631 E GraphicExt: GraphicExtModuleLoader::CreateGraphicExtInstance false
04-23 13:27:21.187 4631 7528 E GraphicExt: GraphicExtModuleLoader::CreateGraphicExtInstance false
04-23 13:27:21.192 4631 7528 E GraphicExt: GraphicExtModuleLoader::CreateGraphicExtInstance false
04-23 13:27:21.208 4631 4631 E ArmVmp : Match on catch block at 0xc3 in for 0x95
04-23 13:27:21.213 4631 4631 E ArmVmp : Match on catch block at 0xc3 in for 0x99
04-23 13:27:21.217 4631 4631 E ArmVmp : Match on catch block at 0xc3 in for 0x99
04-23 13:27:21.273 4631 4631 W View : requestLayout() improperly called by com.mbwhatsapp.WaImageView{bbfc189 VF.D..CL. ......ID 304,1136-416,1248 #7f0b1814 app:id/shutter} during layout: running second layout pass
04-23 13:27:21.273 4631 4631 W View : requestLayout() improperly called by com.mbwhatsapp.CircularProgressBar{693558e V.ED..... ......ID 304,1136-416,1248 #7f0b14fc app:id/recording_progress} during layout: running second layout pass
04-23 13:27:21.273 4631 4631 W View : requestLayout() improperly called by com.mbwhatsapp.WaImageView{aa0e1af VF.D..C.. ......ID 620,1148-704,1232 #7f0b1976 app:id/switch_camera_btn} during layout: running second layout pass
04-23 13:27:21.273 4631 4631 W View : requestLayout() improperly called by com.mbwhatsapp.WaImageView{79d99bc VFED..C.. ......ID 16,1148-100,1232 #7f0b0b0d app:id/gallery_btn} during layout: running second layout pass
04-23 13:27:21.273 4631 4631 W View : requestLayout() improperly called by com.mbwhatsapp.WaImageView{659ed45 VF.D..C.. ......I. 620,16-704,100 #7f0b0a9c app:id/flash_btn} during layout: running second layout pass
04-23 13:27:21.273 4631 4631 W View : requestLayout() improperly called by com.mbwhatsapp.WaImageView{2f33c9a VFED..C.. ......I. 16,16-100,100 #7f0b057f app:id/close_camera_btn} during layout: running second layout pass
04-23 13:27:21.429 4631 4631 W IInputConnectionWrapper: requestCursorAnchorInfo on inactive InputConnection
04-23 13:27:21.858 4631 9768 W MediaStore: Failed to obtain thumbnail for content://media/external/images/media/1604
04-23 13:27:21.858 4631 9768 W MediaStore: android.graphics.ImageDecoder$DecodeException: Failed to create image decoder with message 'unimplemented'Input contained an error.
04-23 13:27:21.858 4631 9768 W MediaStore: at android.graphics.ImageDecoder.nCreate(Native Method)
04-23 13:27:21.858 4631 9768 W MediaStore: at android.graphics.ImageDecoder.createFromAssetFileDescriptor(ImageDecoder.java:351)
04-23 13:27:21.858 4631 9768 W MediaStore: at android.graphics.ImageDecoder.access$400(ImageDecoder.java:173)
04-23 13:27:21.858 4631 9768 W MediaStore: at android.graphics.ImageDecoder$CallableSource.createImageDecoder(ImageDecoder.java:5 58)
04-23 13:27:21.858 4631 9768 W MediaStore: at android.graphics.ImageDecoder.decodeBitmapImpl(ImageDecoder.java:1847)
04-23 13:27:21.858 4631 9768 W MediaStore: at android.graphics.ImageDecoder.decodeBitmap(ImageDecoder.java:1840)
04-23 13:27:21.858 4631 9768 W MediaStore: at android.content.ContentResolver.loadThumbnail(ContentResolver.java:3622)
04-23 13:27:21.858 4631 9768 W MediaStore: at android.content.ContentResolver.loadThumbnail(ContentResolver.java:3606)
04-23 13:27:21.858 4631 9768 W MediaStore: at android.provider.MediaStore$InternalThumbnails.getThumbnail(MediaStore.java:1579)
04-23 13:27:21.858 4631 9768 W MediaStore: at android.provider.MediaStore$Images$Thumbnails.getThumbnail(MediaStore.java:1938)
04-23 13:27:21.858 4631 9768 W MediaStore: at android.provider.MediaStore$Images$Thumbnails.getThumbnail(MediaStore.java:1978)
04-23 13:27:21.858 4631 9768 W MediaStore: at X.30T.A01(Unknown Source:47)
04-23 13:27:21.858 4631 9768 W MediaStore: at X.1Xs.Bij(Unknown Source:148)
04-23 13:27:21.858 4631 9768 W MediaStore: at X.6JI.BD4(Unknown Source:29)
04-23 13:27:21.858 4631 9768 W MediaStore: at X.3dp.run(Unknown Source:1076)
04-23 13:27:21.858 4631 9768 W MediaStore: at java.lang.Thread.run(Thread.java:919)
04-23 13:27:21.918 4631 4631 E ArmVmp : Match on catch block at 0xc3 in for 0x95
04-23 13:27:21.924 4631 4631 E ArmVmp : Match on catch block at 0xc3 in for 0x99
04-23 13:27:21.929 4631 4631 E ArmVmp : Match on catch block at 0xc3 in for 0x99
04-23 13:27:22.580 4631 4648 W System : A resource failed to call close.
04-23 13:27:26.990 4631 4631 W ActivityThread: handleWindowVisibility: no activity for token android.os.BinderProxy@b32d9bb
04-23 13:27:27.154 4631 4651 W com.mbwhatsapp: Long monitor contention with owner Optic-Task-Handler-Thread (7528) at void android.hardware.camera2.impl.CameraDeviceImpl.close()(CameraDeviceImpl.java:1207) waiters=0 in void android.hardware.camera2.impl.CameraDeviceImpl$CameraDeviceCallbacks.onCaptureStart ed(android.hardware.camera2.impl.CaptureResultExtras, long) for 183ms
04-23 13:27:27.270 4631 4631 W BottomSheetBehavior: BottomSheetBehavior now supports multiple callbacks. `setBottomSheetCallback()` removes all existing callbacks, including ones set internally by library authors, which may result in unintended behavior. This may change in the future. Please use `addBottomSheetCallback()` and `removeBottomSheetCallback()` instead to set your own callbacks.
04-23 13:27:27.314 4631 4631 E GraphicExt: GraphicExtModuleLoader::CreateGraphicExtInstance false
04-23 13:27:27.344 4631 4631 E RecyclerView: No adapter attached; skipping layout
04-23 13:27:27.393 4631 4631 E RecyclerView: No adapter attached; skipping layout
04-23 13:27:29.093 4631 4631 E GraphicExt: GraphicExtModuleLoader::CreateGraphicExtInstance false
04-23 13:27:29.159 4631 4631 E DecorView: mWindow.mActivityCurrentConfig is null
04-23 13:27:29.749 4631 4631 E DecorView: mWindow.mActivityCurrentConfig is null
04-23 13:27:33.544 4631 4631 E ViewRootImpl: sendUserActionEvent() mView returned.
04-23 13:27:33.551 4631 4631 W IInputConnectionWrapper: requestCursorAnchorInfo on inactive InputConnection
04-23 13:27:33.858 4631 4631 E ArmVmp : Match on catch block at 0x0a in for 0xb9
04-23 13:27:33.865 4631 4631 E ArmVmp : Match on catch block at 0x0a in for 0xb5
04-23 13:27:33.933 4631 4631 E GraphicExt: GraphicExtModuleLoader::CreateGraphicExtInstance false
04-23 13:27:33.997 4631 4631 E ArmVmp : Match on catch block at 0xc3 in for 0x95
04-23 13:27:34.008 4631 4631 E ArmVmp : Match on catch block at 0xc3 in for 0x99
04-23 13:27:34.211 4631 4631 E ArmVmp : Match on catch block at 0xc3 in for 0x91
04-23 13:27:34.217 4631 4631 E ArmVmp : Match on catch block at 0xc3 in for 0x95
04-23 13:27:34.271 4631 4631 E ArmVmp : Match on catch block at 0xc3 in for 0x99
04-23 13:27:34.279 4631 4631 E ArmVmp : Match on catch block at 0xc3 in for 0x91
04-23 13:27:34.323 4631 4631 E ArmVmp : Match on catch block at 0xc3 in for 0x91
04-23 13:27:34.328 4631 4631 E ArmVmp : Match on catch block at 0xc3 in for 0x95
04-23 13:27:34.581 4631 4631 E ArmVmp : Match on catch block at 0xc3 in for 0x99
04-23 13:27:34.588 4631 4631 E ArmVmp : Match on catch block at 0xc3 in for 0x91
04-23 13:27:34.625 4631 4631 W BottomSheetBehavior: BottomSheetBehavior now supports multiple callbacks. `setBottomSheetCallback()` removes all existing callbacks, including ones set internally by library authors, which may result in unintended behavior. This may change in the future. Please use `addBottomSheetCallback()` and `removeBottomSheetCallback()` instead to set your own callbacks.
04-23 13:27:34.644 4631 4631 E ArmVmp : Match on catch block at 0xc3 in for 0x95
04-23 13:27:34.649 4631 4631 E ArmVmp : Match on catch block at 0xc3 in for 0x99
04-23 13:27:34.712 4631 4631 E ArmVmp : Match on catch block at 0xc3 in for 0x95
04-23 13:27:34.718 4631 4631 E ArmVmp : Match on catch block at 0xc3 in for 0x99
04-23 13:27:34.729 4631 4631 E ArmVmp : Match on catch block at 0xc3 in for 0x95
04-23 13:27:34.733 4631 4631 E ArmVmp : Match on catch block at 0xc3 in for 0x99
04-23 13:27:34.746 4631 4631 E ArmVmp : Match on catch block at 0xc3 in for 0x95
04-23 13:27:34.751 4631 4631 E ArmVmp : Match on catch block at 0xc3 in for 0x99
04-23 13:27:34.762 4631 4631 E ArmVmp : Match on catch block at 0xc3 in for 0x95
04-23 13:27:34.767 4631 4631 E ArmVmp : Match on catch block at 0xc3 in for 0x99
04-23 13:27:34.779 4631 4631 E ArmVmp : Match on catch block at 0xc3 in for 0x95
04-23 13:27:34.782 4631 4631 E ArmVmp : Match on catch block at 0xc3 in for 0x99
04-23 13:27:34.795 4631 4631 E ArmVmp : Match on catch block at 0xc3 in for 0x95
04-23 13:27:34.799 4631 4631 E ArmVmp : Match on catch block at 0xc3 in for 0x99
04-23 13:27:34.812 4631 4631 E ArmVmp : Match on catch block at 0xc3 in for 0x95
04-23 13:27:34.817 4631 4631 E ArmVmp : Match on catch block at 0xc3 in for 0x99
04-23 13:27:34.829 4631 4631 E ArmVmp : Match on catch block at 0xc3 in for 0x95
04-23 13:27:34.833 4631 4631 E ArmVmp : Match on catch block at 0xc3 in for 0x99
04-23 13:27:34.845 4631 4631 E ArmVmp : Match on catch block at 0xc3 in for 0x95
04-23 13:27:34.849 4631 4631 E ArmVmp : Match on catch block at 0xc3 in for 0x99
04-23 13:27:34.862 4631 4631 E ArmVmp : Match on catch block at 0xc3 in for 0x95
04-23 13:27:34.866 4631 4631 E ArmVmp : Match on catch block at 0xc3 in for 0x99
04-23 13:27:34.878 4631 4631 E ArmVmp : Match on catch block at 0xc3 in for 0x95
04-23 13:27:34.881 4631 4631 E ArmVmp : Match on catch block at 0xc3 in for 0x99
04-23 13:27:34.894 4631 4631 E ArmVmp : Match on catch block at 0xc3 in for 0x95
04-23 13:27:34.898 4631 4631 E ArmVmp : Match on catch block at 0xc3 in for 0x99
04-23 13:27:34.911 4631 4631 E ArmVmp : Match on catch block at 0xc3 in for 0x95
04-23 13:27:34.915 4631 4631 E ArmVmp : Match on catch block at 0xc3 in for 0x99
04-23 13:27:34.928 4631 4631 E ArmVmp : Match on catch block at 0xc3 in for 0x95
04-23 13:27:34.932 4631 4631 E ArmVmp : Match on catch block at 0xc3 in for 0x99
04-23 13:27:34.944 4631 4631 E ArmVmp : Match on catch block at 0xc3 in for 0x95
04-23 13:27:34.948 4631 4631 E ArmVmp : Match on catch block at 0xc3 in for 0x99
04-23 13:27:34.961 4631 4631 E ArmVmp : Match on catch block at 0xc3 in for 0x95
04-23 13:27:34.965 4631 4631 E ArmVmp : Match on catch block at 0xc3 in for 0x99
04-23 13:27:34.977 4631 4631 E ArmVmp : Match on catch block at 0xc3 in for 0x95
04-23 13:27:34.981 4631 4631 E ArmVmp : Match on catch block at 0xc3 in for 0x99
04-23 13:27:34.995 4631 4631 E ArmVmp : Match on catch block at 0xc3 in for 0x95
04-23 13:27:34.999 4631 4631 E ArmVmp : Match on catch block at 0xc3 in for 0x99
04-23 13:27:35.010 4631 4631 E ArmVmp : Match on catch block at 0xc3 in for 0x95
04-23 13:27:35.015 4631 4631 E ArmVmp : Match on catch block at 0xc3 in for 0x99
04-23 13:27:35.258 4631 4631 E ArmVmp : Match on catch block at 0xc3 in for 0x95
04-23 13:27:35.262 4631 4631 E ArmVmp : Match on catch block at 0xc3 in for 0x99
04-23 13:27:35.772 4631 4631 E ArmVmp : Match on catch block at 0xc3 in for 0x95
04-23 13:27:35.777 4631 4631 E ArmVmp : Match on catch block at 0xc3 in for 0x99
04-23 13:27:36.121 4631 4631 E ArmVmp : Match on catch block at 0xc3 in for 0x95
04-23 13:27:36.127 4631 4631 E ArmVmp : Match on catch block at 0xc3 in for 0x99
04-23 13:27:36.138 4631 4631 E ArmVmp : Match on catch block at 0xc3 in for 0x95
04-23 13:27:36.142 4631 4631 E ArmVmp : Match on catch block at 0xc3 in for 0x99
04-23 13:27:36.154 4631 4631 E ArmVmp : Match on catch block at 0xc3 in for 0x95
04-23 13:27:36.159 4631 4631 E ArmVmp : Match on catch block at 0xc3 in for 0x99
04-23 13:27:36.170 4631 4631 E ArmVmp : Match on catch block at 0xc3 in for 0x95
04-23 13:27:36.175 4631 4631 E ArmVmp : Match on catch block at 0xc3 in for 0x99
04-23 13:27:36.186 4631 4631 E ArmVmp : Match on catch block at 0xc3 in for 0x95
04-23 13:27:36.191 4631 4631 E ArmVmp : Match on catch block at 0xc3 in for 0x99
04-23 13:27:36.203 4631 4631 E ArmVmp : Match on catch block at 0xc3 in for 0x95
04-23 13:27:36.207 4631 4631 E ArmVmp : Match on catch block at 0xc3 in for 0x99
04-23 13:27:36.219 4631 4631 E ArmVmp : Match on catch block at 0xc3 in for 0x95
04-23 13:27:36.224 4631 4631 E ArmVmp : Match on catch block at 0xc3 in for 0x99
04-23 13:27:36.236 4631 4631 E ArmVmp : Match on catch block at 0xc3 in for 0x95
04-23 13:27:36.240 4631 4631 E ArmVmp : Match on catch block at 0xc3 in for 0x99
04-23 13:27:36.252 4631 4631 E ArmVmp : Match on catch block at 0xc3 in for 0x95
04-23 13:27:36.257 4631 4631 E ArmVmp : Match on catch block at 0xc3 in for 0x99
04-23 13:27:36.269 4631 4631 E ArmVmp : Match on catch block at 0xc3 in for 0x95
04-23 13:27:36.273 4631 4631 E ArmVmp : Match on catch block at 0xc3 in for 0x99
04-23 13:27:36.286 4631 4631 E ArmVmp : Match on catch block at 0xc3 in for 0x95
04-23 13:27:36.291 4631 4631 E ArmVmp : Match on catch block at 0xc3 in for 0x99
04-23 13:27:36.302 4631 4631 E ArmVmp : Match on catch block at 0xc3 in for 0x95
04-23 13:27:36.307 4631 4631 E ArmVmp : Match on catch block at 0xc3 in for 0x99
04-23 13:27:36.319 4631 4631 E ArmVmp : Match on catch block at 0xc3 in for 0x95
04-23 13:27:36.323 4631 4631 E ArmVmp : Match on catch block at 0xc3 in for 0x99
04-23 13:27:36.335 4631 4631 E ArmVmp : Match on catch block at 0xc3 in for 0x95
04-23 13:27:36.339 4631 4631 E ArmVmp : Match on catch block at 0xc3 in for 0x99
04-23 13:27:36.352 4631 4631 E ArmVmp : Match on catch block at 0xc3 in for 0x95
04-23 13:27:36.357 4631 4631 E ArmVmp : Match on catch block at 0xc3 in for 0x99
04-23 13:27:36.369 4631 4631 E ArmVmp : Match on catch block at 0xc3 in for 0x95
04-23 13:27:36.373 4631 4631 E ArmVmp : Match on catch block at 0xc3 in for 0x99
04-23 13:27:36.385 4631 4631 E ArmVmp : Match on catch block at 0xc3 in for 0x95
04-23 13:27:36.389 4631 4631 E ArmVmp : Match on catch block at 0xc3 in for 0x99
04-23 13:27:36.767 4631 4631 E ArmVmp : Match on catch block at 0xc3 in for 0x95
04-23 13:27:36.771 4631 4631 E ArmVmp : Match on catch block at 0xc3 in for 0x99
04-23 13:27:37.280 4631 4631 E ArmVmp : Match on catch block at 0xc3 in for 0x91
04-23 13:27:37.284 4631 4631 E ArmVmp : Match on catch block at 0xc3 in for 0x95
04-23 13:27:37.777 4631 4631 E ArmVmp : Match on catch block at 0xc3 in for 0x91
04-23 13:27:37.782 4631 4631 E ArmVmp : Match on catch block at 0xc3 in for 0x95
04-23 13:27:38.274 4631 4631 E ArmVmp : Match on catch block at 0xc3 in for 0x91
04-23 13:27:38.278 4631 4631 E ArmVmp : Match on catch block at 0xc3 in for 0x95
04-23 13:27:38.533 4631 4715 E SQLiteDatabase: Error inserting transferred=0 media_job_uuid=48cc3427-4738-4943-8040-71acb1a08e17 transcoded=1 gif_attribution=0 first_scan_length=0 direct_path=null thumbnail_height_width_ratio=1.8 is_animated_sticker=0 file_hash=null file_path=/data/user/0/com.mbwhatsapp/files/.Shared/3141cb77-d921-4618-8b52- f6ac53e3993c.jpg file_size=1182191 partial_media_hash=null face_x=0 face_y=0 height=3072 trim_to=0 media_key_timestamp=0 message_url=null media_caption=null trim_from=0 mime_type=null partial_media_enc_hash=null width=1728 original_file_hash=s0PiUseCBgInwwJ0/7KJlOn07A1A3uQc6UNgkkOGUU0= has_streaming_sidecar=0 autotransfer_retry_enabled=1 media_upload_handle=null message_row_id=28722 multicast_id=null enc_file_hash=null mute_video=0 page_count=0 first_scan_sidecar=null suspicious_content=0 file_length=1182191 media_name=3141cb77-d921-4618-8b52-f6ac53e3993c.jpg media_duration=0 chat_row_id=9 media_key=null
04-23 13:27:38.533 4631 4715 E SQLiteDatabase: android.database.sqlite.SQLiteConstraintException: UNIQUE constraint failed: message_media.message_row_id (code 1555 SQLITE_CONSTRAINT_PRIMARYKEY[1555])
04-23 13:27:38.533 4631 4715 E SQLiteDatabase: at android.database.sqlite.SQLiteConnection.nativeExecuteForLastInsertedRowId(Native Method)
04-23 13:27:38.533 4631 4715 E SQLiteDatabase: at android.database.sqlite.SQLiteConnection.executeForLastInsertedRowId(SQLiteConnecti on.java:1127)
04-23 13:27:38.533 4631 4715 E SQLiteDatabase: at android.database.sqlite.SQLiteSession.executeForLastInsertedRowId(SQLiteSession.jav a:790)
04-23 13:27:38.533 4631 4715 E SQLiteDatabase: at android.database.sqlite.SQLiteStatement.executeInsert(SQLiteStatement.java:88)
04-23 13:27:38.533 4631 4715 E SQLiteDatabase: at android.database.sqlite.SQLiteDatabase.insertWithOnConflict(SQLiteDatabase.java:211 5)
04-23 13:27:38.533 4631 4715 E SQLiteDatabase: at android.database.sqlite.SQLiteDatabase.insert(SQLiteDatabase.java:1984)
04-23 13:27:38.533 4631 4715 E SQLiteDatabase: at X.2tm.A08(Unknown Source:6)
04-23 13:27:38.533 4631 4715 E SQLiteDatabase: at X.35Y.A07(Unknown Source:212)
04-23 13:27:38.533 4631 4715 E SQLiteDatabase: at X.3QF.A14(Unknown Source:470)
04-23 13:27:38.533 4631 4715 E SQLiteDatabase: at X.3gU.run(Unknown Source:982)
04-23 13:27:38.533 4631 4715 E SQLiteDatabase: at android.os.Handler.handleCallback(Handler.java:883)
04-23 13:27:38.533 4631 4715 E SQLiteDatabase: at android.os.Handler.dispatchMessage(Handler.java:100)
04-23 13:27:38.533 4631 4715 E SQLiteDatabase: at X.0zq.dispatchMessage(Unknown Source:4)
04-23 13:27:38.533 4631 4715 E SQLiteDatabase: at android.os.Looper.loop(Looper.java:237)
04-23 13:27:38.533 4631 4715 E SQLiteDatabase: at android.os.HandlerThread.run(HandlerThread.java:67)
04-23 13:27:38.550 4631 4631 E ArmVmp : Match on catch block at 0xc3 in for 0x91
04-23 13:27:38.554 4631 4631 E ArmVmp : Match on catch block at 0xc3 in for 0x95
04-23 13:27:38.587 4631 4631 E ArmVmp : Match on catch block at 0xc3 in for 0x91
04-23 13:27:38.592 4631 4631 E ArmVmp : Match on catch block at 0xc3 in for 0x95
04-23 13:27:38.602 4631 4631 E ArmVmp : Match on catch block at 0xc3 in for 0x99
04-23 13:27:38.608 4631 4631 E ArmVmp : Match on catch block at 0xc3 in for 0x91
04-23 13:27:38.705 4631 4631 E ArmVmp : Match on catch block at 0xc3 in for 0x91
04-23 13:27:38.709 4631 4631 E ArmVmp : Match on catch block at 0xc3 in for 0x95
04-23 13:27:38.723 4631 4631 E ArmVmp : Match on catch block at 0xc3 in for 0x91
04-23 13:27:38.728 4631 4631 E ArmVmp : Match on catch block at 0xc3 in for 0x95
04-23 13:27:38.754 4631 4631 E ArmVmp : Match on catch block at 0xc3 in for 0x95
04-23 13:27:38.759 4631 4631 E ArmVmp : Match on catch block at 0xc3 in for 0x99
04-23 13:27:38.797 4631 4631 E ArmVmp : Match on catch block at 0xc3 in for 0x95
04-23 13:27:38.802 4631 4631 E ArmVmp : Match on catch block at 0xc3 in for 0x99
04-23 13:27:38.820 4631 4631 E ArmVmp : Match on catch block at 0xc3 in for 0x91
04-23 13:27:38.826 4631 4631 E ArmVmp : Match on catch block at 0xc3 in for 0x95
04-23 13:27:38.842 4631 4631 E ArmVmp : Match on catch block at 0xc3 in for 0x99
04-23 13:27:38.847 4631 4631 E ArmVmp : Match on catch block at 0xc3 in for 0x91
04-23 13:27:38.986 4631 4631 E ArmVmp : Match on catch block at 0xc3 in for 0x91
04-23 13:27:38.991 4631 4631 E ArmVmp : Match on catch block at 0xc3 in for 0x95
04-23 13:27:39.135 4631 4631 E ArmVmp : Match on catch block at 0xc3 in for 0x95
04-23 13:27:39.140 4631 4631 E ArmVmp : Match on catch block at 0xc3 in for 0x99
04-23 13:27:39.152 4631 4631 E ArmVmp : Match on catch block at 0xc3 in for 0x95
04-23 13:27:39.156 4631 4631 E ArmVmp : Match on catch block at 0xc3 in for 0x99
04-23 13:27:39.168 4631 4631 E ArmVmp : Match on catch block at 0xc3 in for 0x91
04-23 13:27:39.172 4631 4631 E ArmVmp : Match on catch block at 0xc3 in for 0x95
04-23 13:27:39.185 4631 4631 E ArmVmp : Match on catch block at 0xc3 in for 0x99
04-23 13:27:39.189 4631 4631 E ArmVmp : Match on catch block at 0xc3 in for 0x91
04-23 13:27:39.207 4631 9964 W MediaPlayer: Use of stream types is deprecated for operations other than volume control
04-23 13:27:39.207 4631 9964 W MediaPlayer: See the documentation of setAudioStreamType() for what to use instead with android.media.AudioAttributes to qualify your playback use case
04-23 13:27:39.260 4631 4650 W MediaPlayerNative: info/warning (10973, 0)
04-23 13:27:39.301 4631 4631 E ArmVmp : Match on catch block at 0xc3 in for 0x95
04-23 13:27:39.305 4631 4631 E ArmVmp : Match on catch block at 0xc3 in for 0x99
04-23 13:27:39.583 4631 4631 E ArmVmp : Match on catch block at 0xc3 in for 0x91
04-23 13:27:39.587 4631 4631 E ArmVmp : Match on catch block at 0xc3 in for 0x95
04-23 13:27:39.608 4631 4631 E ArmVmp : Match on catch block at 0xc3 in for 0x99
04-23 13:27:39.613 4631 4631 E ArmVmp : Match on catch block at 0xc3 in for 0x91
04-23 13:27:39.632 4631 4631 E ArmVmp : Match on catch block at 0xc3 in for 0x91
04-23 13:27:39.636 4631 4631 E ArmVmp : Match on catch block at 0xc3 in for 0x95
04-23 13:27:39.650 4631 4631 E ArmVmp : Match on catch block at 0xc3 in for 0x91
04-23 13:27:39.654 4631 4631 E ArmVmp : Match on catch block at 0xc3 in for 0x95
04-23 13:27:39.665 4631 4631 E ArmVmp : Match on catch block at 0xc3 in for 0x91
04-23 13:27:39.669 4631 4631 E ArmVmp : Match on catch block at 0xc3 in for 0x95
04-23 13:27:39.681 4631 4631 E ArmVmp : Match on catch block at 0xc3 in for 0x91
04-23 13:27:39.686 4631 4631 E ArmVmp : Match on catch block at 0xc3 in for 0x95
04-23 13:27:39.698 4631 4631 E ArmVmp : Match on catch block at 0xc3 in for 0x91
04-23 13:27:39.702 4631 4631 E ArmVmp : Match on catch block at 0xc3 in for 0x95
04-23 13:27:39.716 4631 4631 E ArmVmp : Match on catch block at 0xc3 in for 0x91
04-23 13:27:39.720 4631 4631 E ArmVmp : Match on catch block at 0xc3 in for 0x95
04-23 13:27:39.731 4631 4631 E ArmVmp : Match on catch block at 0xc3 in for 0x91
04-23 13:27:39.735 4631 4631 E ArmVmp : Match on catch block at 0xc3 in for 0x95
04-23 13:27:39.748 4631 4631 E ArmVmp : Match on catch block at 0xc3 in for 0x91
04-23 13:27:39.752 4631 4631 E ArmVmp : Match on catch block at 0xc3 in for 0x95
04-23 13:27:39.764 4631 4631 E ArmVmp : Match on catch block at 0xc3 in for 0x91
04-23 13:27:39.769 4631 4631 E ArmVmp : Match on catch block at 0xc3 in for 0x95
04-23 13:27:39.781 4631 4631 E ArmVmp : Match on catch block at 0xc3 in for 0x91
04-23 13:27:39.785 4631 4631 E ArmVmp : Match on catch block at 0xc3 in for 0x95
04-23 13:27:39.798 4631 4631 E ArmVmp : Match on catch block at 0xc3 in for 0x91
04-23 13:27:39.802 4631 4631 E ArmVmp : Match on catch block at 0xc3 in for 0x95
04-23 13:27:39.814 4631 4631 E ArmVmp : Match on catch block at 0xc3 in for 0x91
04-23 13:27:39.819 4631 4631 E ArmVmp : Match on catch block at 0xc3 in for 0x95
04-23 13:27:39.831 4631 4631 E ArmVmp : Match on catch block at 0xc3 in for 0x91
04-23 13:27:39.835 4631 4631 E ArmVmp : Match on catch block at 0xc3 in for 0x95
04-23 13:27:39.847 4631 4631 E ArmVmp : Match on catch block at 0xc3 in for 0x91
04-23 13:27:39.851 4631 4631 E ArmVmp : Match on catch block at 0xc3 in for 0x95
04-23 13:27:39.864 4631 4631 E ArmVmp : Match on catch block at 0xc3 in for 0x91
04-23 13:27:39.868 4631 4631 E ArmVmp : Match on catch block at 0xc3 in for 0x95
04-23 13:27:39.880 4631 4631 E ArmVmp : Match on catch block at 0xc3 in for 0x91
04-23 13:27:39.884 4631 4631 E ArmVmp : Match on catch block at 0xc3 in for 0x95
04-23 13:27:39.896 4631 4631 E ArmVmp : Match on catch block at 0xc3 in for 0x91
04-23 13:27:39.901 4631 4631 E ArmVmp : Match on catch block at 0xc3 in for 0x95
04-23 13:27:39.913 4631 4631 E ArmVmp : Match on catch block at 0xc3 in for 0x91
04-23 13:27:39.918 4631 4631 E ArmVmp : Match on catch block at 0xc3 in for 0x95
04-23 13:27:39.930 4631 4631 E ArmVmp : Match on catch block at 0xc3 in for 0x91
04-23 13:27:39.935 4631 4631 E ArmVmp : Match on catch block at 0xc3 in for 0x95
04-23 13:27:39.947 4631 4631 E ArmVmp : Match on catch block at 0xc3 in for 0x91
04-23 13:27:39.951 4631 4631 E ArmVmp : Match on catch block at 0xc3 in for 0x95
04-23 13:27:39.963 4631 4631 E ArmVmp : Match on catch block at 0xc3 in for 0x91
04-23 13:27:39.968 4631 4631 E ArmVmp : Match on catch block at 0xc3 in for 0x95
04-23 13:27:39.980 4631 4631 E ArmVmp : Match on catch block at 0xc3 in for 0x91
04-23 13:27:39.984 4631 4631 E ArmVmp : Match on catch block at 0xc3 in for 0x95
04-23 13:27:39.996 4631 4631 E ArmVmp : Match on catch block at 0xc3 in for 0x91
04-23 13:27:40.002 4631 4631 E ArmVmp : Match on catch block at 0xc3 in for 0x95
04-23 13:27:40.013 4631 4631 E ArmVmp : Match on catch block at 0xc3 in for 0x91
04-23 13:27:40.018 4631 4631 E ArmVmp : Match on catch block at 0xc3 in for 0x95
04-23 13:27:40.030 4631 4631 E ArmVmp : Match on catch block at 0xc3 in for 0x91
04-23 13:27:40.034 4631 4631 E ArmVmp : Match on catch block at 0xc3 in for 0x95
04-23 13:27:40.046 4631 4631 E ArmVmp : Match on catch block at 0xc3 in for 0x91
04-23 13:27:40.052 4631 4631 E ArmVmp : Match on catch block at 0xc3 in for 0x95
04-23 13:27:40.063 4631 4631 E ArmVmp : Match on catch block at 0xc3 in for 0x91
04-23 13:27:40.069 4631 4631 E ArmVmp : Match on catch block at 0xc3 in for 0x95
04-23 13:27:40.080 4631 4631 E ArmVmp : Match on catch block at 0xc3 in for 0x91
04-23 13:27:40.086 4631 4631 E ArmVmp : Match on catch block at 0xc3 in for 0x95
04-23 13:27:40.096 4631 4631 E ArmVmp : Match on catch block at 0xc3 in for 0x91
04-23 13:27:40.102 4631 4631 E ArmVmp : Match on catch block at 0xc3 in for 0x95
04-23 13:27:40.113 4631 4631 E ArmVmp : Match on catch block at 0xc3 in for 0x91
04-23 13:27:40.118 4631 4631 E ArmVmp : Match on catch block at 0xc3 in for 0x95
04-23 13:27:40.129 4631 4631 E ArmVmp : Match on catch block at 0xc3 in for 0x91
04-23 13:27:40.134 4631 4631 E ArmVmp : Match on catch block at 0xc3 in for 0x95
04-23 13:27:40.145 4631 4631 E ArmVmp : Match on catch block at 0xc3 in for 0x91
04-23 13:27:40.150 4631 4631 E ArmVmp : Match on catch block at 0xc3 in for 0x95
04-23 13:27:40.163 4631 4631 E ArmVmp : Match on catch block at 0xc3 in for 0x91
04-23 13:27:40.168 4631 4631 E ArmVmp : Match on catch block at 0xc3 in for 0x95
04-23 13:27:40.179 4631 4631 E ArmVmp : Match on catch block at 0xc3 in for 0x91
04-23 13:27:40.183 4631 4631 E ArmVmp : Match on catch block at 0xc3 in for 0x95
04-23 13:27:40.195 4631 4631 E ArmVmp : Match on catch block at 0xc3 in for 0x91
04-23 13:27:40.199 4631 4631 E ArmVmp : Match on catch block at 0xc3 in for 0x95
04-23 13:27:40.212 4631 4631 E ArmVmp : Match on catch block at 0xc3 in for 0x91
04-23 13:27:40.217 4631 4631 E ArmVmp : Match on catch block at 0xc3 in for 0x95
04-23 13:27:40.228 4631 4631 E ArmVmp : Match on catch block at 0xc3 in for 0x91
04-23 13:27:40.232 4631 4631 E ArmVmp : Match on catch block at 0xc3 in for 0x95
04-23 13:27:40.242 4631 4715 E SQLiteDatabase: Error inserting transferred=1 media_job_uuid=48cc3427-4738-4943-8040-71acb1a08e17 transcoded=1 gif_attribution=0 first_scan_length=0 direct_path=/v/t62.7118- 24/30691995_664660282453125_7916086654959380046_n.enc?ccb=11- 4&oh=01_Q5AaIID1ysDBurSqONmLO8ktPL2fv5SwO7-9rcQ1uiCV5o9w&oe=664F63BC&_nc_sid=5e03e0 thumbnail_height_width_ratio=1.8 is_animated_sticker=0 file_hash=oJFzSu70Xu9LVx1C0fh224+3QYeP/YBxkAC+59DYQEw= file_path=Media/MBWhatsApp Images/Sent/IMG-20240423-WA0015.jpg file_size=1182191 partial_media_hash=3aisdAK33C3VYpSVChEJKfxH87oqCcXYQKDaDX5Qbro= face_x=0 face_y=0 height=3072 trim_to=0 media_key_timestamp=1713893250736 message_url=https://mmg.whatsapp.net/v/t62.7118- 24/30691995_664660282453125_7916086654959380046_n.enc?ccb=11- 4&oh=01_Q5AaIID1ysDBurSqONmLO8ktPL2fv5SwO7- 9rcQ1uiCV5o9w&oe=664F63BC&_nc_sid=5e03e0&mms3=true media_caption=null trim_from=0 mime_type=null partial_media_enc_hash=null width=1728 original_file_hash=s0PiUseCBgInwwJ0/7KJlOn07A1A3uQc6UNgkkOGUU0= has_streaming_sidecar=1 autotransfer_retry_enabled=0 media_upload_handle=null message_row_id=28722 multicast_id=null enc_file_hash=Yg41vt8+RYletLAd8mznsXi9mfAawpO5TNs9ExuTBc0= mute_video=0 page_count=0 first_scan_sidecar=null suspicious_content=0 file_length=1182191 media_name=3141cb77-d921-4618-8b52-f6ac53e3993c.jpg media_duration=0 chat_row_id=9 media_key=[B@f56effe
04-23 13:27:40.242 4631 4715 E SQLiteDatabase: android.database.sqlite.SQLiteConstraintException: UNIQUE constraint failed: message_media.message_row_id (code 1555 SQLITE_CONSTRAINT_PRIMARYKEY[1555])
04-23 13:27:40.242 4631 4715 E SQLiteDatabase: at android.database.sqlite.SQLiteConnection.nativeExecuteForLastInsertedRowId(Native Method)
04-23 13:27:40.242 4631 4715 E SQLiteDatabase: at android.database.sqlite.SQLiteConnection.executeForLastInsertedRowId(SQLiteConnecti on.java:1127)
04-23 13:27:40.242 4631 4715 E SQLiteDatabase: at android.database.sqlite.SQLiteSession.executeForLastInsertedRowId(SQLiteSession.jav a:790)
04-23 13:27:40.242 4631 4715 E SQLiteDatabase: at android.database.sqlite.SQLiteStatement.executeInsert(SQLiteStatement.java:88)
04-23 13:27:40.242 4631 4715 E SQLiteDatabase: at android.database.sqlite.SQLiteDatabase.insertWithOnConflict(SQLiteDatabase.java:211 5)
04-23 13:27:40.242 4631 4715 E SQLiteDatabase: at android.database.sqlite.SQLiteDatabase.insert(SQLiteDatabase.java:1984)
04-23 13:27:40.242 4631 4715 E SQLiteDatabase: at X.2tm.A08(Unknown Source:6)
04-23 13:27:40.242 4631 4715 E SQLiteDatabase: at X.35Y.A07(Unknown Source:212)
04-23 13:27:40.242 4631 4715 E SQLiteDatabase: at X.3QF.A14(Unknown Source:470)
04-23 13:27:40.242 4631 4715 E SQLiteDatabase: at X.3gU.run(Unknown Source:982)
04-23 13:27:40.242 4631 4715 E SQLiteDatabase: at android.os.Handler.handleCallback(Handler.java:883)
04-23 13:27:40.242 4631 4715 E SQLiteDatabase: at android.os.Handler.dispatchMessage(Handler.java:100)
04-23 13:27:40.242 4631 4715 E SQLiteDatabase: at X.0zq.dispatchMessage(Unknown Source:4)
04-23 13:27:40.242 4631 4715 E SQLiteDatabase: at android.os.Looper.loop(Looper.java:237)
04-23 13:27:40.242 4631 4715 E SQLiteDatabase: at android.os.HandlerThread.run(HandlerThread.java:67)
04-23 13:27:40.247 4631 4631 E ArmVmp : Match on catch block at 0xc3 in for 0x95
04-23 13:27:40.251 4631 4631 E ArmVmp : Match on catch block at 0xc3 in for 0x99
04-23 13:27:40.277 4631 4631 E ArmVmp : Match on catch block at 0xc3 in for 0x91
04-23 13:27:40.283 4631 4631 E ArmVmp : Match on catch block at 0xc3 in for 0x95
04-23 13:27:40.402 4631 4631 E ArmVmp : Match on catch block at 0xc3 in for 0x95
04-23 13:27:40.408 4631 4631 E ArmVmp : Match on catch block at 0xc3 in for 0x99
04-23 13:27:40.442 4631 4631 E ArmVmp : Match on catch block at 0xc3 in for 0x99
04-23 13:27:40.447 4631 4631 E ArmVmp : Match on catch block at 0xc3 in for 0x91
04-23 13:27:40.458 4631 4631 E ArmVmp : Match on catch block at 0xc3 in for 0x95
04-23 13:27:40.465 4631 4631 E ArmVmp : Match on catch block at 0xc3 in for 0x99
04-23 13:27:40.476 4631 4631 E ArmVmp : Match on catch block at 0xc3 in for 0x99
04-23 13:27:40.480 4631 4631 E ArmVmp : Match on catch block at 0xc3 in for 0x91
04-23 13:27:40.488 4631 4631 E ArmVmp : Match on catch block at 0xc3 in for 0x95
04-23 13:27:40.493 4631 4631 E ArmVmp : Match on catch block at 0xc3 in for 0x99
04-23 13:27:40.500 4631 4631 E ArmVmp : Match on catch block at 0xc3 in for 0x91
04-23 13:27:40.505 4631 4631 E ArmVmp : Match on catch block at 0xc3 in for 0x95
04-23 13:27:40.536 4631 4631 E ArmVmp : Match on catch block at 0xc3 in for 0x99
04-23 13:27:40.541 4631 4631 E ArmVmp : Match on catch block at 0xc3 in for 0x91
04-23 13:27:40.556 4631 4631 E ArmVmp : Match on catch block at 0xc3 in for 0x95
04-23 13:27:40.561 4631 4631 E ArmVmp : Match on catch block at 0xc3 in for 0x99
04-23 13:27:40.570 4631 4631 E ArmVmp : Match on catch block at 0xc3 in for 0x91
04-23 13:27:40.576 4631 4631 E ArmVmp : Match on catch block at 0xc3 in for 0x95
04-23 13:27:40.585 4631 4631 E ArmVmp : Match on catch block at 0xc3 in for 0x99
04-23 13:27:40.590 4631 4631 E ArmVmp : Match on catch block at 0xc3 in for 0x91
04-23 13:27:40.601 4631 4631 E ArmVmp : Match on catch block at 0xc3 in for 0x95
04-23 13:27:40.606 4631 4631 E ArmVmp : Match on catch block at 0xc3 in for 0x99
04-23 13:27:40.619 4631 4631 E ArmVmp : Match on catch block at 0xc3 in for 0x91
04-23 13:27:40.619 4631 9964 W MediaPlayer: Use of stream types is deprecated for operations other than volume control
04-23 13:27:40.619 4631 9964 W MediaPlayer: See the documentation of setAudioStreamType() for what to use instead with android.media.AudioAttributes to qualify your playback use case
04-23 13:27:40.624 4631 4631 E ArmVmp : Match on catch block at 0xc3 in for 0x95
04-23 13:27:40.650 4631 4631 E ArmVmp : Match on catch block at 0xc3 in for 0x99
04-23 13:27:40.652 4631 4650 W MediaPlayerNative: info/warning (10973, 0)
04-23 13:27:40.655 4631 4631 E ArmVmp : Match on catch block at 0xc3 in for 0x91
04-23 13:27:40.669 4631 4631 E ArmVmp : Match on catch block at 0xc3 in for 0x95
04-23 13:27:40.675 4631 4631 E ArmVmp : Match on catch block at 0xc3 in for 0x99
04-23 13:27:40.687 4631 4631 E ArmVmp : Match on catch block at 0xc3 in for 0x99
04-23 13:27:40.693 4631 4631 E ArmVmp : Match on catch block at 0xc3 in for 0x91
04-23 13:27:40.702 4631 4631 E ArmVmp : Match on catch block at 0xc3 in for 0x95
04-23 13:27:40.709 4631 4631 E ArmVmp : Match on catch block at 0xc3 in for 0x99
04-23 13:27:40.735 4631 4631 E ArmVmp : Match on catch block at 0xc3 in for 0x91
04-23 13:27:40.743 4631 4631 E ArmVmp : Match on catch block at 0xc3 in for 0x95
04-23 13:27:40.751 4631 4631 E ArmVmp : Match on catch block at 0xc3 in for 0x99
04-23 13:27:40.757 4631 4631 E ArmVmp : Match on catch block at 0xc3 in for 0x91
04-23 13:27:40.764 4631 4631 E ArmVmp : Match on catch block at 0xc3 in for 0x95
04-23 13:27:40.770 4631 4631 E ArmVmp : Match on catch block at 0xc3 in for 0x99
04-23 13:27:40.776 4631 4631 E ArmVmp : Match on catch block at 0xc3 in for 0x91
04-23 13:27:40.781 4631 4631 E ArmVmp : Match on catch block at 0xc3 in for 0x95
04-23 13:27:40.793 4631 4631 E ArmVmp : Match on catch block at 0xc3 in for 0x99
04-23 13:27:40.798 4631 4631 E ArmVmp : Match on catch block at 0xc3 in for 0x91
04-23 13:27:40.809 4631 4631 E ArmVmp : Match on catch block at 0xc3 in for 0x95
04-23 13:27:40.812 4631 4631 E ArmVmp : Match on catch block at 0xc3 in for 0x99
04-23 13:27:40.827 4631 4631 E ArmVmp : Match on catch block at 0xc3 in for 0x91
04-23 13:27:40.832 4631 4631 E ArmVmp : Match on catch block at 0xc3 in for 0x95
04-23 13:27:40.842 4631 4631 E ArmVmp : Match on catch block at 0xc3 in for 0x95
04-23 13:27:40.846 4631 4631 E ArmVmp : Match on catch block at 0xc3 in for 0x99
04-23 13:27:40.860 4631 4631 E ArmVmp : Match on catch block at 0xc3 in for 0x91
04-23 13:27:40.864 4631 4631 E ArmVmp : Match on catch block at 0xc3 in for 0x95
04-23 13:27:40.877 4631 4631 E ArmVmp : Match on catch block at 0xc3 in for 0x95
04-23 13:27:40.881 4631 4631 E ArmVmp : Match on catch block at 0xc3 in for 0x99
04-23 13:27:40.893 4631 4631 E ArmVmp : Match on catch block at 0xc3 in for 0x99
04-23 13:27:40.897 4631 4631 E ArmVmp : Match on catch block at 0xc3 in for 0x91
04-23 13:27:40.926 4631 4631 E ArmVmp : Match on catch block at 0xc3 in for 0x95
04-23 13:27:40.930 4631 4631 E ArmVmp : Match on catch block at 0xc3 in for 0x99
04-23 13:27:40.941 4631 4631 E ArmVmp : Match on catch block at 0xc3 in for 0x95
04-23 13:27:40.946 4631 4631 E ArmVmp : Match on catch block at 0xc3 in for 0x99
04-23 13:27:40.959 4631 4631 E ArmVmp : Match on catch block at 0xc3 in for 0x99
04-23 13:27:40.964 4631 4631 E ArmVmp : Match on catch block at 0xc3 in for 0x91
04-23 13:27:40.979 4631 4631 E ArmVmp : Match on catch block at 0xc3 in for 0x99
04-23 13:27:40.983 4631 4631 E ArmVmp : Match on catch block at 0xc3 in for 0x91
04-23 13:27:40.992 4631 4631 E ArmVmp : Match on catch block at 0xc3 in for 0x91
04-23 13:27:40.997 4631 4631 E ArmVmp : Match on catch block at 0xc3 in for 0x95
04-23 13:27:41.009 4631 4631 E ArmVmp : Match on catch block at 0xc3 in for 0x95
04-23 13:27:41.013 4631 4631 E ArmVmp : Match on catch block at 0xc3 in for 0x99
04-23 13:27:41.026 4631 4631 E ArmVmp : Match on catch block at 0xc3 in for 0x99
04-23 13:27:41.031 4631 4631 E ArmVmp : Match on catch block at 0xc3 in for 0x91
04-23 13:27:41.040 4631 4631 E ArmVmp : Match on catch block at 0xc3 in for 0x91
04-23 13:27:41.045 4631 4631 E ArmVmp : Match on catch block at 0xc3 in for 0x95
04-23 13:27:41.057 4631 4631 E ArmVmp : Match on catch block at 0xc3 in for 0x99
04-23 13:27:41.062 4631 4631 E ArmVmp : Match on catch block at 0xc3 in for 0x91
04-23 13:27:41.074 4631 4631 E ArmVmp : Match on catch block at 0xc3 in for 0x95
04-23 13:27:41.078 4631 4631 E ArmVmp : Match on catch block at 0xc3 in for 0x99
04-23 13:27:41.092 4631 4631 E ArmVmp : Match on catch block at 0xc3 in for 0x99
04-23 13:27:41.096 4631 4631 E ArmVmp : Match on catch block at 0xc3 in for 0x91
04-23 13:27:41.107 4631 4631 E ArmVmp : Match on catch block at 0xc3 in for 0x95
04-23 13:27:41.111 4631 4631 E ArmVmp : Match on catch block at 0xc3 in for 0x99
04-23 13:27:41.135 4631 4631 E ArmVmp : Match on catch block at 0xc3 in for 0x99
04-23 13:27:41.140 4631 4631 E ArmVmp : Match on catch block at 0xc3 in for 0x91
04-23 13:27:41.153 4631 4631 E ArmVmp : Match on catch block at 0xc3 in for 0x95
04-23 13:27:41.157 4631 4631 E ArmVmp : Match on catch block at 0xc3 in for 0x99
04-23 13:27:41.164 4631 4631 E ArmVmp : Match on catch block at 0xc3 in for 0x91
04-23 13:27:41.170 4631 4631 E ArmVmp : Match on catch block at 0xc3 in for 0x95
04-23 13:27:41.177 4631 4631 E ArmVmp : Match on catch block at 0xc3 in for 0x99
04-23 13:27:41.182 4631 4631 E ArmVmp : Match on catch block at 0xc3 in for 0x91
04-23 13:27:41.190 4631 4631 E ArmVmp : Match on catch block at 0xc3 in for 0x95
04-23 13:27:41.196 4631 4631 E ArmVmp : Match on catch block at 0xc3 in for 0x99
04-23 13:27:41.207 4631 4631 E ArmVmp : Match on catch block at 0xc3 in for 0x91
04-23 13:27:41.211 4631 4631 E ArmVmp : Match on catch block at 0xc3 in for 0x95
04-23 13:27:41.224 4631 4631 E ArmVmp : Match on catch block at 0xc3 in for 0x99
04-23 13:27:41.228 4631 4631 E ArmVmp : Match on catch block at 0xc3 in for 0x91
04-23 13:27:41.240 4631 4631 E ArmVmp : Match on catch block at 0xc3 in for 0x95
04-23 13:27:41.244 4631 4631 E ArmVmp : Match on catch block at 0xc3 in for 0x99
04-23 13:27:41.258 4631 4631 E ArmVmp : Match on catch block at 0xc3 in for 0x91
04-23 13:27:41.262 4631 4631 E ArmVmp : Match on catch block at 0xc3 in for 0x95
04-23 13:27:41.273 4631 4631 E ArmVmp : Match on catch block at 0xc3 in for 0x99
04-23 13:27:41.277 4631 4631 E ArmVmp : Match on catch block at 0xc3 in for 0x91
04-23 13:27:41.290 4631 4631 E ArmVmp : Match on catch block at 0xc3 in for 0x95
04-23 13:27:41.294 4631 4631 E ArmVmp : Match on catch block at 0xc3 in for 0x99
04-23 13:27:41.306 4631 4631 E ArmVmp : Match on catch block at 0xc3 in for 0x91
04-23 13:27:41.310 4631 4631 E ArmVmp : Match on catch block at 0xc3 in for 0x95
04-23 13:27:41.323 4631 4631 E ArmVmp : Match on catch block at 0xc3 in for 0x99
04-23 13:27:41.328 4631 4631 E ArmVmp : Match on catch block at 0xc3 in for 0x91
04-23 13:27:41.340 4631 4631 E ArmVmp : Match on catch block at 0xc3 in for 0x95
04-23 13:27:41.345 4631 4631 E ArmVmp : Match on catch block at 0xc3 in for 0x99
04-23 13:27:41.356 4631 4631 E ArmVmp : Match on catch block at 0xc3 in for 0x91
04-23 13:27:41.359 4631 4631 E ArmVmp : Match on catch block at 0xc3 in for 0x95
04-23 13:27:41.372 4631 4631 E ArmVmp : Match on catch block at 0xc3 in for 0x99
04-23 13:27:41.377 4631 4631 E ArmVmp : Match on catch block at 0xc3 in for 0x91
04-23 13:27:41.390 4631 4631 E ArmVmp : Match on catch block at 0xc3 in for 0x95
04-23 13:27:41.394 4631 4631 E ArmVmp : Match on catch block at 0xc3 in for 0x99
04-23 13:27:41.406 4631 4631 E ArmVmp : Match on catch block at 0xc3 in for 0x91
04-23 13:27:41.411 4631 4631 E ArmVmp : Match on catch block at 0xc3 in for 0x95
04-23 13:27:41.423 4631 4631 E ArmVmp : Match on catch block at 0xc3 in for 0x99
04-23 13:27:41.428 4631 4631 E ArmVmp : Match on catch block at 0xc3 in for 0x91
04-23 13:27:41.439 4631 4631 E ArmVmp : Match on catch block at 0xc3 in for 0x95
04-23 13:27:41.443 4631 4631 E ArmVmp : Match on catch block at 0xc3 in for 0x99
04-23 13:27:41.455 4631 4631 E ArmVmp : Match on catch block at 0xc3 in for 0x91
04-23 13:27:41.460 4631 4631 E ArmVmp : Match on catch block at 0xc3 in for 0x95
04-23 13:27:41.472 4631 4631 E ArmVmp : Match on catch block at 0xc3 in for 0x99
04-23 13:27:41.476 4631 4631 E ArmVmp : Match on catch block at 0xc3 in for 0x91
04-23 13:27:41.488 4631 4631 E ArmVmp : Match on catch block at 0xc3 in for 0x95
04-23 13:27:41.493 4631 4631 E ArmVmp : Match on catch block at 0xc3 in for 0x99
04-23 13:27:41.504 4631 4631 E ArmVmp : Match on catch block at 0xc3 in for 0x91
04-23 13:27:41.509 4631 4631 E ArmVmp : Match on catch block at 0xc3 in for 0x95
04-23 13:27:41.521 4631 4631 E ArmVmp : Match on catch block at 0xc3 in for 0x99
04-23 13:27:41.525 4631 4631 E ArmVmp : Match on catch block at 0xc3 in for 0x91
04-23 13:27:41.538 4631 4631 E ArmVmp : Match on catch block at 0xc3 in for 0x95
04-23 13:27:41.543 4631 4631 E ArmVmp : Match on catch block at 0xc3 in for 0x99
04-23 13:27:41.555 4631 4631 E ArmVmp : Match on catch block at 0xc3 in for 0x99
04-23 13:27:41.558 4631 4631 E ArmVmp : Match on catch block at 0xc3 in for 0x91
04-23 13:27:41.573 4631 4631 E ArmVmp : Match on catch block at 0xc3 in for 0x95
04-23 13:27:41.577 4631 4631 E ArmVmp : Match on catch block at 0xc3 in for 0x99
04-23 13:27:41.590 4631 4631 E ArmVmp : Match on catch block at 0xc3 in for 0x91
04-23 13:27:41.594 4631 4631 E ArmVmp : Match on catch block at 0xc3 in for 0x95
04-23 13:27:41.605 4631 4631 E ArmVmp : Match on catch block at 0xc3 in for 0x95
04-23 13:27:41.609 4631 4631 E ArmVmp : Match on catch block at 0xc3 in for 0x99
04-23 13:27:41.622 4631 4631 E ArmVmp : Match on catch block at 0xc3 in for 0x99
04-23 13:27:41.626 4631 4631 E ArmVmp : Match on catch block at 0xc3 in for 0x91
04-23 13:27:41.639 4631 4631 E ArmVmp : Match on catch block at 0xc3 in for 0x91
04-23 13:27:41.643 4631 4631 E ArmVmp : Match on catch block at 0xc3 in for 0x95
04-23 13:27:41.656 4631 4631 E ArmVmp : Match on catch block at 0xc3 in for 0x95
04-23 13:27:41.660 4631 4631 E ArmVmp : Match on catch block at 0xc3 in for 0x99
04-23 13:27:41.672 4631 4631 E ArmVmp : Match on catch block at 0xc3 in for 0x99
04-23 13:27:41.676 4631 4631 E ArmVmp : Match on catch block at 0xc3 in for 0x91
04-23 13:27:41.688 4631 4631 E ArmVmp : Match on catch block at 0xc3 in for 0x91
04-23 13:27:41.693 4631 4631 E ArmVmp : Match on catch block at 0xc3 in for 0x95
04-23 13:27:41.705 4631 4631 E ArmVmp : Match on catch block at 0xc3 in for 0x95
04-23 13:27:41.709 4631 4631 E ArmVmp : Match on catch block at 0xc3 in for 0x99
04-23 13:27:41.722 4631 4631 E ArmVmp : Match on catch block at 0xc3 in for 0x99
04-23 13:27:41.726 4631 4631 E ArmVmp : Match on catch block at 0xc3 in for 0x91
04-23 13:27:41.740 4631 4631 E ArmVmp : Match on catch block at 0xc3 in for 0x91
04-23 13:27:41.744 4631 4631 E ArmVmp : Match on catch block at 0xc3 in for 0x95
04-23 13:27:41.753 4631 4631 E ArmVmp : Match on catch block at 0xc3 in for 0x99
04-23 13:27:41.757 4631 4631 E ArmVmp : Match on catch block at 0xc3 in for 0x91
04-23 13:27:41.769 4631 4631 E ArmVmp : Match on catch block at 0xc3 in for 0x95
04-23 13:27:41.774 4631 4631 E ArmVmp : Match on catch block at 0xc3 in for 0x99
04-23 13:27:41.786 4631 4631 E ArmVmp : Match on catch block at 0xc3 in for 0x91
04-23 13:27:41.790 4631 4631 E ArmVmp : Match on catch block at 0xc3 in for 0x95
04-23 13:27:41.802 4631 4631 E ArmVmp : Match on catch block at 0xc3 in for 0x99
04-23 13:27:41.806 4631 4631 E ArmVmp : Match on catch block at 0xc3 in for 0x91
04-23 13:27:41.820 4631 4631 E ArmVmp : Match on catch block at 0xc3 in for 0x95
04-23 13:27:41.824 4631 4631 E ArmVmp : Match on catch block at 0xc3 in for 0x99
04-23 13:27:41.836 4631 4631 E ArmVmp : Match on catch block at 0xc3 in for 0x91
