04-23 13:20:45.666 4631 4631 E ArmVmp : Match on catch block at 0xc3 in for 0x99
04-23 13:20:45.728 4631 4631 E ArmVmp : Match on catch block at 0xc3 in for 0x99
04-23 13:20:45.734 4631 4631 E ArmVmp : Match on catch block at 0xc3 in for 0x91
04-23 13:20:45.774 4631 4631 E ArmVmp : Match on catch block at 0xc3 in for 0x91
04-23 13:20:45.778 4631 4631 E ArmVmp : Match on catch block at 0xc3 in for 0x95
04-23 13:20:45.827 4631 4631 E ArmVmp : Match on catch block at 0xc3 in for 0x99
04-23 13:20:45.833 4631 4631 E ArmVmp : Match on catch block at 0xc3 in for 0x91
04-23 13:20:45.858 4631 4631 E ArmVmp : Match on catch block at 0xc3 in for 0x91
04-23 13:20:45.863 4631 4631 E ArmVmp : Match on catch block at 0xc3 in for 0x95
04-23 13:20:45.919 4631 4631 E ArmVmp : Match on catch block at 0xc3 in for 0x91
04-23 13:20:45.923 4631 4631 E ArmVmp : Match on catch block at 0xc3 in for 0x95
04-23 13:20:45.943 4631 4631 E ArmVmp : Match on catch block at 0xc3 in for 0x91
04-23 13:20:45.948 4631 4631 E ArmVmp : Match on catch block at 0xc3 in for 0x95
04-23 13:20:45.961 4631 4631 E ArmVmp : Match on catch block at 0xc3 in for 0x91
04-23 13:20:45.965 4631 4631 E ArmVmp : Match on catch block at 0xc3 in for 0x95
04-23 13:20:46.208 4631 4631 E ArmVmp : Match on catch block at 0xc3 in for 0x99
04-23 13:20:46.213 4631 4631 E ArmVmp : Match on catch block at 0xc3 in for 0x91
04-23 13:20:46.235 4631 4631 E ArmVmp : Match on catch block at 0xc3 in for 0x91
04-23 13:20:46.239 4631 4631 E ArmVmp : Match on catch block at 0xc3 in for 0x95
04-23 13:20:46.247 4631 4631 E ArmVmp : Match on catch block at 0xc3 in for 0x99
04-23 13:20:46.250 4631 5335 W MediaPlayer: Use of stream types is deprecated for operations other than volume control
04-23 13:20:46.250 4631 5335 W MediaPlayer: See the documentation of setAudioStreamType() for what to use instead with android.media.AudioAttributes to qualify your playback use case
04-23 13:20:46.254 4631 4631 E ArmVmp : Match on catch block at 0xc3 in for 0x91
04-23 13:20:46.278 4631 4676 W MediaPlayerNative: info/warning (10973, 0)
04-23 13:20:46.705 4631 4631 E ArmVmp : Match on catch block at 0xc3 in for 0x95
04-23 13:20:46.712 4631 4631 E ArmVmp : Match on catch block at 0xc3 in for 0x99
04-23 13:20:46.804 4631 4631 E ArmVmp : Match on catch block at 0xc3 in for 0x91
04-23 13:20:46.811 4631 4631 E ArmVmp : Match on catch block at 0xc3 in for 0x95
04-23 13:20:46.833 4631 4631 E ArmVmp : Match on catch block at 0xc3 in for 0x99
04-23 13:20:46.839 4631 4631 E ArmVmp : Match on catch block at 0xc3 in for 0x91
04-23 13:20:46.864 4631 4631 E ArmVmp : Match on catch block at 0xc3 in for 0x91
04-23 13:20:46.868 4631 4631 E ArmVmp : Match on catch block at 0xc3 in for 0x95
04-23 13:20:46.879 4631 4631 E ArmVmp : Match on catch block at 0xc3 in for 0x91
04-23 13:20:46.884 4631 4631 E ArmVmp : Match on catch block at 0xc3 in for 0x95
04-23 13:20:46.913 4631 4631 E ArmVmp : Match on catch block at 0xc3 in for 0x95
04-23 13:20:46.919 4631 4631 E ArmVmp : Match on catch block at 0xc3 in for 0x99
04-23 13:20:47.018 4631 4631 E GraphicExt: GraphicExtModuleLoader::CreateGraphicExtInstance false
04-23 13:20:47.370 4631 4631 E ArmVmp : Match on catch block at 0xc3 in for 0x91
04-23 13:20:47.377 4631 4631 E ArmVmp : Match on catch block at 0xc3 in for 0x95
04-23 13:20:47.686 4631 4631 E ArmVmp : Match on catch block at 0xc3 in for 0x95
04-23 13:20:47.693 4631 4631 E ArmVmp : Match on catch block at 0xc3 in for 0x99
04-23 13:20:54.494 4631 4631 E GraphicExt: GraphicExtModuleLoader::CreateGraphicExtInstance false
04-23 13:21:04.719 4631 4631 E GraphicExt: GraphicExtModuleLoader::CreateGraphicExtInstance false
04-23 13:21:12.585 4631 4631 E GraphicExt: GraphicExtModuleLoader::CreateGraphicExtInstance false
04-23 13:21:22.652 4631 4631 E GraphicExt: GraphicExtModuleLoader::CreateGraphicExtInstance false
04-23 13:21:36.488 4631 4631 E GraphicExt: GraphicExtModuleLoader::CreateGraphicExtInstance false
04-23 13:21:41.190 4631 4631 E GraphicExt: GraphicExtModuleLoader::CreateGraphicExtInstance false
04-23 13:21:46.899 4631 4631 E GraphicExt: GraphicExtModuleLoader::CreateGraphicExtInstance false
04-23 13:21:58.812 4631 4631 W ActivityThread: handleWindowVisibility: no activity for token android.os.BinderProxy@ef5f5f1
04-23 13:21:59.406 4631 4631 E ArmVmp : Match on catch block at 0xb0 in for 0xd5
04-23 13:21:59.417 4631 4631 E ArmVmp : Match on catch block at 0xb0 in for 0xd9
04-23 13:21:59.565 4631 4631 E ArmVmp : Match on catch block at 0x0a in for 0xb9
04-23 13:21:59.572 4631 4631 E ArmVmp : Match on catch block at 0x0a in for 0xb5
04-23 13:21:59.776 4631 4631 E GraphicExt: GraphicExtModuleLoader::CreateGraphicExtInstance false
04-23 13:22:00.482 4631 4631 E ArmVmp : Match on catch block at 0xc3 in for 0xa1
04-23 13:22:00.489 4631 4631 E ArmVmp : Match on catch block at 0xc3 in for 0xa1
04-23 13:22:00.493 4631 4631 E ArmVmp : Match on catch block at 0xc3 in for 0xa1
04-23 13:22:00.628 4631 4631 E ArmVmp : Match on catch block at 0xc3 in for 0x95
04-23 13:22:00.634 4631 4631 E ArmVmp : Match on catch block at 0xc3 in for 0x99
04-23 13:22:00.637 4631 4631 E ArmVmp : Match on catch block at 0xc3 in for 0x99
04-23 13:22:00.731 4631 4631 E ArmVmp : Match on catch block at 0xc3 in for 0x99
04-23 13:22:00.736 4631 4631 E ArmVmp : Match on catch block at 0xc3 in for 0x91
04-23 13:22:00.739 4631 4631 E ArmVmp : Match on catch block at 0xc3 in for 0x91
04-23 13:22:00.798 4631 4631 E ArmVmp : Match on catch block at 0xc3 in for 0x99
04-23 13:22:00.804 4631 4631 E ArmVmp : Match on catch block at 0xc3 in for 0x91
04-23 13:22:00.807 4631 4631 E ArmVmp : Match on catch block at 0xc3 in for 0x91
04-23 13:22:00.814 4631 4631 E ArmVmp : Match on catch block at 0xc3 in for 0x95
04-23 13:22:00.820 4631 4631 E ArmVmp : Match on catch block at 0xc3 in for 0x99
04-23 13:22:00.823 4631 4631 E ArmVmp : Match on catch block at 0xc3 in for 0x99
04-23 13:22:00.830 4631 4631 E ArmVmp : Match on catch block at 0xc3 in for 0x91
04-23 13:22:00.835 4631 4631 E ArmVmp : Match on catch block at 0xc3 in for 0x95
04-23 13:22:00.838 4631 4631 E ArmVmp : Match on catch block at 0xc3 in for 0x95
04-23 13:22:00.847 4631 4631 E ArmVmp : Match on catch block at 0xc3 in for 0x99
04-23 13:22:00.851 4631 4631 E ArmVmp : Match on catch block at 0xc3 in for 0x91
04-23 13:22:00.855 4631 4631 E ArmVmp : Match on catch block at 0xc3 in for 0x91
04-23 13:22:00.863 4631 4631 E ArmVmp : Match on catch block at 0xc3 in for 0x95
04-23 13:22:00.869 4631 4631 E ArmVmp : Match on catch block at 0xc3 in for 0x99
04-23 13:22:00.873 4631 4631 E ArmVmp : Match on catch block at 0xc3 in for 0x99
04-23 13:22:00.880 4631 4631 E ArmVmp : Match on catch block at 0xc3 in for 0x91
04-23 13:22:00.884 4631 4631 E ArmVmp : Match on catch block at 0xc3 in for 0x95
04-23 13:22:00.887 4631 4631 E ArmVmp : Match on catch block at 0xc3 in for 0x95
04-23 13:22:00.896 4631 4631 E ArmVmp : Match on catch block at 0xc3 in for 0x99
04-23 13:22:00.901 4631 4631 E ArmVmp : Match on catch block at 0xc3 in for 0x91
04-23 13:22:00.904 4631 4631 E ArmVmp : Match on catch block at 0xc3 in for 0x91
04-23 13:22:00.913 4631 4631 E ArmVmp : Match on catch block at 0xc3 in for 0x95
04-23 13:22:00.918 4631 4631 E ArmVmp : Match on catch block at 0xc3 in for 0x99
04-23 13:22:00.921 4631 4631 E ArmVmp : Match on catch block at 0xc3 in for 0x99
04-23 13:22:00.929 4631 4631 E ArmVmp : Match on catch block at 0xc3 in for 0x91
04-23 13:22:00.934 4631 4631 E ArmVmp : Match on catch block at 0xc3 in for 0x95
04-23 13:22:00.937 4631 4631 E ArmVmp : Match on catch block at 0xc3 in for 0x95
04-23 13:22:00.965 4631 4631 E ArmVmp : Match on catch block at 0xc3 in for 0x99
04-23 13:22:00.969 4631 4631 E ArmVmp : Match on catch block at 0xc3 in for 0x91
04-23 13:22:00.972 4631 4631 E ArmVmp : Match on catch block at 0xc3 in for 0x91
04-23 13:22:00.979 4631 4631 E ArmVmp : Match on catch block at 0xc3 in for 0x95
04-23 13:22:00.984 4631 4631 E ArmVmp : Match on catch block at 0xc3 in for 0x99
04-23 13:22:00.986 4631 4631 E ArmVmp : Match on catch block at 0xc3 in for 0x99
04-23 13:22:00.995 4631 4631 E ArmVmp : Match on catch block at 0xc3 in for 0x91
04-23 13:22:00.999 4631 4631 E ArmVmp : Match on catch block at 0xc3 in for 0x95
04-23 13:22:01.002 4631 4631 E ArmVmp : Match on catch block at 0xc3 in for 0x95
04-23 13:22:01.161 4631 4631 E ArmVmp : Match on catch block at 0xc3 in for 0x99
04-23 13:22:01.166 4631 4631 E ArmVmp : Match on catch block at 0xc3 in for 0x91
04-23 13:22:01.170 4631 4631 E ArmVmp : Match on catch block at 0xc3 in for 0x91
04-23 13:22:01.659 4631 4631 E ArmVmp : Match on catch block at 0xc3 in for 0x95
04-23 13:22:01.665 4631 4631 E ArmVmp : Match on catch block at 0xc3 in for 0x99
04-23 13:22:01.669 4631 4631 E ArmVmp : Match on catch block at 0xc3 in for 0x99
04-23 13:22:02.339 4631 4631 W View : requestLayout() improperly called by X.4rg{fef61e V.E....L. ......ID 0,427-720,956} during layout: running second layout pass
04-23 13:22:02.339 4631 4631 W View : requestLayout() improperly called by android.widget.LinearLayout{4c01eff V.E...... ......ID 25,2-543,520 #7f0b0e50 app:id/main_layout} during layout: running second layout pass
04-23 13:22:02.339 4631 4631 W View : requestLayout() improperly called by com.mbwhatsapp.conversation.conversationrow.ConversationRowImage$RowImageView{77914 cc VFED..CL. ......ID 7,7-511,511 #7f0b0c84 app:id/image} during layout: running second layout pass
04-23 13:22:02.367 4631 4631 E ArmVmp : Match on catch block at 0xc3 in for 0x99
04-23 13:22:02.377 4631 4631 E ArmVmp : Match on catch block at 0xc3 in for 0x91
04-23 13:22:02.421 4631 4631 E ArmVmp : Match on catch block at 0xc3 in for 0x95
04-23 13:22:02.428 4631 4631 E ArmVmp : Match on catch block at 0xc3 in for 0x99
04-23 13:22:02.435 4631 4631 W View : requestLayout() improperly called by X.4rg{fef61e V.E....L. .......D 0,427-720,956} during second layout pass: posting in next frame
04-23 13:22:02.435 4631 4631 W View : requestLayout() improperly called by android.widget.LinearLayout{4c01eff V.E...... .......D 25,2-543,520 #7f0b0e50 app:id/main_layout} during second layout pass: posting in next frame
04-23 13:22:02.457 4631 4631 E ArmVmp : Match on catch block at 0xc3 in for 0x91
04-23 13:22:02.464 4631 4631 E ArmVmp : Match on catch block at 0xc3 in for 0x95
04-23 13:22:02.473 4631 4631 E ArmVmp : Match on catch block at 0xc3 in for 0x91
04-23 13:22:02.480 4631 4631 E ArmVmp : Match on catch block at 0xc3 in for 0x95
04-23 13:22:02.503 4631 4631 E ArmVmp : Match on catch block at 0xc3 in for 0x91
04-23 13:22:02.508 4631 4631 E ArmVmp : Match on catch block at 0xc3 in for 0x95
04-23 13:22:02.520 4631 4631 E ArmVmp : Match on catch block at 0xc3 in for 0x91
04-23 13:22:02.527 4631 4631 E ArmVmp : Match on catch block at 0xc3 in for 0x95
04-23 13:22:02.536 4631 4631 E ArmVmp : Match on catch block at 0xc3 in for 0x91
04-23 13:22:02.543 4631 4631 E ArmVmp : Match on catch block at 0xc3 in for 0x95
04-23 13:22:02.772 4631 4631 E ArmVmp : Match on catch block at 0xc3 in for 0x95
04-23 13:22:02.780 4631 4631 E ArmVmp : Match on catch block at 0xc3 in for 0x99
04-23 13:22:02.789 4631 4631 E ArmVmp : Match on catch block at 0xc3 in for 0x95
04-23 13:22:02.795 4631 4631 E ArmVmp : Match on catch block at 0xc3 in for 0x99
04-23 13:22:02.950 4631 4631 E ArmVmp : Match on catch block at 0xc3 in for 0x95
04-23 13:22:02.955 4631 4631 E ArmVmp : Match on catch block at 0xc3 in for 0x99
04-23 13:22:03.160 4631 4631 E ArmVmp : Match on catch block at 0xc3 in for 0x91
04-23 13:22:03.168 4631 4631 E ArmVmp : Match on catch block at 0xc3 in for 0x95
04-23 13:22:03.178 4631 4631 E ArmVmp : Match on catch block at 0xc3 in for 0x91
04-23 13:22:03.185 4631 4631 E ArmVmp : Match on catch block at 0xc3 in for 0x95
04-23 13:22:03.447 4631 4631 E ArmVmp : Match on catch block at 0xc3 in for 0x91
04-23 13:22:03.453 4631 4631 E ArmVmp : Match on catch block at 0xc3 in for 0x95
04-23 13:22:03.578 4631 4631 E ArmVmp : Match on catch block at 0xc3 in for 0x99
04-23 13:22:03.584 4631 4631 E ArmVmp : Match on catch block at 0xc3 in for 0x91
04-23 13:22:03.591 4631 4631 E ArmVmp : Match on catch block at 0xc3 in for 0x99
04-23 13:22:03.597 4631 4631 E ArmVmp : Match on catch block at 0xc3 in for 0x91
04-23 13:22:03.939 4631 4631 E ArmVmp : Match on catch block at 0xc3 in for 0x95
04-23 13:22:03.944 4631 4631 E ArmVmp : Match on catch block at 0xc3 in for 0x99
04-23 13:22:03.951 4631 4631 E ArmVmp : Match on catch block at 0xc3 in for 0x95
04-23 13:22:03.958 4631 4631 E ArmVmp : Match on catch block at 0xc3 in for 0x99
04-23 13:22:04.458 4631 4631 E ArmVmp : Match on catch block at 0xc3 in for 0x95
04-23 13:22:04.463 4631 4631 E ArmVmp : Match on catch block at 0xc3 in for 0x99
04-23 13:22:04.954 4631 4631 E ArmVmp : Match on catch block at 0xc3 in for 0x95
04-23 13:22:04.960 4631 4631 E ArmVmp : Match on catch block at 0xc3 in for 0x99
04-23 13:22:05.464 4631 4631 E GraphicExt: GraphicExtModuleLoader::CreateGraphicExtInstance false
04-23 13:22:05.493 4631 4631 E ArmVmp : Match on catch block at 0xc3 in for 0x99
04-23 13:22:05.498 4631 4631 E ArmVmp : Match on catch block at 0xc3 in for 0x91
04-23 13:22:05.521 4631 4631 E ArmVmp : Match on catch block at 0xc3 in for 0x99
04-23 13:22:05.527 4631 4631 E ArmVmp : Match on catch block at 0xc3 in for 0x91
04-23 13:22:06.016 4631 4631 E ArmVmp : Match on catch block at 0xc3 in for 0x99
04-23 13:22:06.022 4631 4631 E ArmVmp : Match on catch block at 0xc3 in for 0x91
04-23 13:22:06.512 4631 4631 E ArmVmp : Match on catch block at 0xc3 in for 0x99
04-23 13:22:06.517 4631 4631 E ArmVmp : Match on catch block at 0xc3 in for 0x91
04-23 13:22:07.025 4631 4631 E ArmVmp : Match on catch block at 0xc3 in for 0x95
04-23 13:22:07.030 4631 4631 E ArmVmp : Match on catch block at 0xc3 in for 0x99
04-23 13:22:07.058 4631 4631 E ArmVmp : Match on catch block at 0xc3 in for 0x95
04-23 13:22:07.064 4631 4631 E ArmVmp : Match on catch block at 0xc3 in for 0x99
04-23 13:22:07.075 4631 4631 E ArmVmp : Match on catch block at 0xc3 in for 0x95
04-23 13:22:07.081 4631 4631 E ArmVmp : Match on catch block at 0xc3 in for 0x99
04-23 13:22:07.091 4631 4631 E ArmVmp : Match on catch block at 0xc3 in for 0x95
04-23 13:22:07.097 4631 4631 E ArmVmp : Match on catch block at 0xc3 in for 0x99
04-23 13:22:07.108 4631 4631 E ArmVmp : Match on catch block at 0xc3 in for 0x95
04-23 13:22:07.113 4631 4631 E ArmVmp : Match on catch block at 0xc3 in for 0x99
04-23 13:22:07.125 4631 4631 E ArmVmp : Match on catch block at 0xc3 in for 0x95
04-23 13:22:07.130 4631 4631 E ArmVmp : Match on catch block at 0xc3 in for 0x99
04-23 13:22:07.141 4631 4631 E ArmVmp : Match on catch block at 0xc3 in for 0x95
04-23 13:22:07.146 4631 4631 E ArmVmp : Match on catch block at 0xc3 in for 0x99
04-23 13:22:07.158 4631 4631 E ArmVmp : Match on catch block at 0xc3 in for 0x95
04-23 13:22:07.163 4631 4631 E ArmVmp : Match on catch block at 0xc3 in for 0x99
04-23 13:22:07.174 4631 4631 E ArmVmp : Match on catch block at 0xc3 in for 0x95
04-23 13:22:07.179 4631 4631 E ArmVmp : Match on catch block at 0xc3 in for 0x99
04-23 13:22:07.191 4631 4631 E ArmVmp : Match on catch block at 0xc3 in for 0x95
04-23 13:22:07.195 4631 4631 E ArmVmp : Match on catch block at 0xc3 in for 0x99
04-23 13:22:07.207 4631 4631 E ArmVmp : Match on catch block at 0xc3 in for 0x95
04-23 13:22:07.212 4631 4631 E ArmVmp : Match on catch block at 0xc3 in for 0x99
04-23 13:22:07.224 4631 4631 E ArmVmp : Match on catch block at 0xc3 in for 0x95
04-23 13:22:07.229 4631 4631 E ArmVmp : Match on catch block at 0xc3 in for 0x99
04-23 13:22:07.240 4631 4631 E ArmVmp : Match on catch block at 0xc3 in for 0x95
04-23 13:22:07.245 4631 4631 E ArmVmp : Match on catch block at 0xc3 in for 0x99
04-23 13:22:07.257 4631 4631 E ArmVmp : Match on catch block at 0xc3 in for 0x95
04-23 13:22:07.262 4631 4631 E ArmVmp : Match on catch block at 0xc3 in for 0x99
04-23 13:22:07.274 4631 4631 E ArmVmp : Match on catch block at 0xc3 in for 0x95
04-23 13:22:07.278 4631 4631 E ArmVmp : Match on catch block at 0xc3 in for 0x99
04-23 13:22:07.290 4631 4631 E ArmVmp : Match on catch block at 0xc3 in for 0x95
04-23 13:22:07.295 4631 4631 E ArmVmp : Match on catch block at 0xc3 in for 0x99
04-23 13:22:07.307 4631 4631 E ArmVmp : Match on catch block at 0xc3 in for 0x95
04-23 13:22:07.312 4631 4631 E ArmVmp : Match on catch block at 0xc3 in for 0x99
04-23 13:22:07.323 4631 4631 E ArmVmp : Match on catch block at 0xc3 in for 0x95
04-23 13:22:07.329 4631 4631 E ArmVmp : Match on catch block at 0xc3 in for 0x99
04-23 13:22:07.522 4631 4631 E ArmVmp : Match on catch block at 0xc3 in for 0x95
04-23 13:22:07.527 4631 4631 E ArmVmp : Match on catch block at 0xc3 in for 0x99
04-23 13:22:08.019 4631 4631 E ArmVmp : Match on catch block at 0xc3 in for 0x95
04-23 13:22:08.024 4631 4631 E ArmVmp : Match on catch block at 0xc3 in for 0x99
04-23 13:22:08.534 4631 4631 E ArmVmp : Match on catch block at 0xc3 in for 0x95
04-23 13:22:08.539 4631 4631 E ArmVmp : Match on catch block at 0xc3 in for 0x99
04-23 13:22:08.547 4631 4631 E ArmVmp : Match on catch block at 0xc3 in for 0x95
04-23 13:22:08.553 4631 4631 E ArmVmp : Match on catch block at 0xc3 in for 0x99
04-23 13:22:08.979 4631 4631 E ArmVmp : Match on catch block at 0xc3 in for 0x95
04-23 13:22:08.986 4631 4631 E ArmVmp : Match on catch block at 0xc3 in for 0x99
04-23 13:22:09.188 4631 4631 E ArmVmp : Match on catch block at 0xc3 in for 0x95
04-23 13:22:09.192 4631 4631 E ArmVmp : Match on catch block at 0xc3 in for 0x99
04-23 13:22:09.205 4631 4631 E ArmVmp : Match on catch block at 0xc3 in for 0x91
04-23 13:22:09.211 4631 4631 E ArmVmp : Match on catch block at 0xc3 in for 0x95
04-23 13:22:09.477 4631 4631 E ArmVmp : Match on catch block at 0xc3 in for 0x91
04-23 13:22:09.481 4631 4631 E ArmVmp : Match on catch block at 0xc3 in for 0x95
04-23 13:22:09.990 4631 4631 E ArmVmp : Match on catch block at 0xc3 in for 0x91
04-23 13:22:09.994 4631 4631 E ArmVmp : Match on catch block at 0xc3 in for 0x95
04-23 13:22:10.487 4631 4631 E ArmVmp : Match on catch block at 0xc3 in for 0x91
04-23 13:22:10.491 4631 4631 E ArmVmp : Match on catch block at 0xc3 in for 0x95
04-23 13:22:10.735 4631 4631 E ArmVmp : Match on catch block at 0xc3 in for 0x91
04-23 13:22:10.740 4631 4631 E ArmVmp : Match on catch block at 0xc3 in for 0x95
04-23 13:22:10.752 4631 4631 E ArmVmp : Match on catch block at 0xc3 in for 0x91
04-23 13:22:10.757 4631 4631 E ArmVmp : Match on catch block at 0xc3 in for 0x95
04-23 13:22:10.769 4631 4631 E ArmVmp : Match on catch block at 0xc3 in for 0x91
04-23 13:22:10.773 4631 4631 E ArmVmp : Match on catch block at 0xc3 in for 0x95
04-23 13:22:10.785 4631 4631 E ArmVmp : Match on catch block at 0xc3 in for 0x91
04-23 13:22:10.789 4631 4631 E ArmVmp : Match on catch block at 0xc3 in for 0x95
04-23 13:22:10.802 4631 4631 E ArmVmp : Match on catch block at 0xc3 in for 0x91
04-23 13:22:10.806 4631 4631 E ArmVmp : Match on catch block at 0xc3 in for 0x95
04-23 13:22:10.818 4631 4631 E ArmVmp : Match on catch block at 0xc3 in for 0x91
04-23 13:22:10.823 4631 4631 E ArmVmp : Match on catch block at 0xc3 in for 0x95
04-23 13:22:10.835 4631 4631 E ArmVmp : Match on catch block at 0xc3 in for 0x91
04-23 13:22:10.840 4631 4631 E ArmVmp : Match on catch block at 0xc3 in for 0x95
04-23 13:22:10.852 4631 4631 E ArmVmp : Match on catch block at 0xc3 in for 0x91
04-23 13:22:10.856 4631 4631 E ArmVmp : Match on catch block at 0xc3 in for 0x95
04-23 13:22:10.868 4631 4631 E ArmVmp : Match on catch block at 0xc3 in for 0x91
04-23 13:22:10.872 4631 4631 E ArmVmp : Match on catch block at 0xc3 in for 0x95
04-23 13:22:10.884 4631 4631 E ArmVmp : Match on catch block at 0xc3 in for 0x91
04-23 13:22:10.889 4631 4631 E ArmVmp : Match on catch block at 0xc3 in for 0x95
04-23 13:22:10.901 4631 4631 E ArmVmp : Match on catch block at 0xc3 in for 0x91
04-23 13:22:10.906 4631 4631 E ArmVmp : Match on catch block at 0xc3 in for 0x95
04-23 13:22:10.918 4631 4631 E ArmVmp : Match on catch block at 0xc3 in for 0x91
04-23 13:22:10.922 4631 4631 E ArmVmp : Match on catch block at 0xc3 in for 0x95
04-23 13:22:10.934 4631 4631 E ArmVmp : Match on catch block at 0xc3 in for 0x91
04-23 13:22:10.940 4631 4631 E ArmVmp : Match on catch block at 0xc3 in for 0x95
04-23 13:22:10.951 4631 4631 E ArmVmp : Match on catch block at 0xc3 in for 0x91
04-23 13:22:10.956 4631 4631 E ArmVmp : Match on catch block at 0xc3 in for 0x95
04-23 13:22:10.967 4631 4631 E ArmVmp : Match on catch block at 0xc3 in for 0x91
04-23 13:22:10.972 4631 4631 E ArmVmp : Match on catch block at 0xc3 in for 0x95
04-23 13:22:10.984 4631 4631 E ArmVmp : Match on catch block at 0xc3 in for 0x91
04-23 13:22:10.989 4631 4631 E ArmVmp : Match on catch block at 0xc3 in for 0x95
04-23 13:22:11.000 4631 4631 E ArmVmp : Match on catch block at 0xc3 in for 0x91
04-23 13:22:11.004 4631 4631 E ArmVmp : Match on catch block at 0xc3 in for 0x95
04-23 13:22:11.498 4631 4631 E ArmVmp : Match on catch block at 0xc3 in for 0x91
04-23 13:22:11.503 4631 4631 E ArmVmp : Match on catch block at 0xc3 in for 0x95
04-23 13:22:12.011 4631 4631 E ArmVmp : Match on catch block at 0xc3 in for 0x91
04-23 13:22:12.016 4631 4631 E ArmVmp : Match on catch block at 0xc3 in for 0x95
04-23 13:22:12.508 4631 4631 E ArmVmp : Match on catch block at 0xc3 in for 0x91
04-23 13:22:12.513 4631 4631 E ArmVmp : Match on catch block at 0xc3 in for 0x95
04-23 13:22:13.005 4631 4631 E ArmVmp : Match on catch block at 0xc3 in for 0x91
04-23 13:22:13.009 4631 4631 E ArmVmp : Match on catch block at 0xc3 in for 0x95
04-23 13:22:13.502 4631 4631 E ArmVmp : Match on catch block at 0xc3 in for 0x91
04-23 13:22:13.507 4631 4631 E ArmVmp : Match on catch block at 0xc3 in for 0x95
04-23 13:22:14.015 4631 4631 E ArmVmp : Match on catch block at 0xc3 in for 0x91
04-23 13:22:14.019 4631 4631 E ArmVmp : Match on catch block at 0xc3 in for 0x95
04-23 13:22:14.415 4631 4631 E ArmVmp : Match on catch block at 0xc3 in for 0x99
04-23 13:22:14.419 4631 4631 E ArmVmp : Match on catch block at 0xc3 in for 0x91
04-23 13:22:14.431 4631 4631 E ArmVmp : Match on catch block at 0xc3 in for 0x99
04-23 13:22:14.435 4631 4631 E ArmVmp : Match on catch block at 0xc3 in for 0x91
04-23 13:22:14.447 4631 4631 E ArmVmp : Match on catch block at 0xc3 in for 0x99
04-23 13:22:14.452 4631 4631 E ArmVmp : Match on catch block at 0xc3 in for 0x91
04-23 13:22:14.464 4631 4631 E ArmVmp : Match on catch block at 0xc3 in for 0x99
04-23 13:22:14.468 4631 4631 E ArmVmp : Match on catch block at 0xc3 in for 0x91
04-23 13:22:14.481 4631 4631 E ArmVmp : Match on catch block at 0xc3 in for 0x99
04-23 13:22:14.485 4631 4631 E ArmVmp : Match on catch block at 0xc3 in for 0x91
04-23 13:22:14.497 4631 4631 E ArmVmp : Match on catch block at 0xc3 in for 0x99
04-23 13:22:14.502 4631 4631 E ArmVmp : Match on catch block at 0xc3 in for 0x91
04-23 13:22:14.514 4631 4631 E ArmVmp : Match on catch block at 0xc3 in for 0x99
04-23 13:22:14.519 4631 4631 E ArmVmp : Match on catch block at 0xc3 in for 0x91
04-23 13:22:14.585 4631 4631 E ArmVmp : Match on catch block at 0xc3 in for 0x95
04-23 13:22:14.588 4631 4631 E ArmVmp : Match on catch block at 0xc3 in for 0x99
04-23 13:22:14.635 4631 4631 E ArmVmp : Match on catch block at 0xc3 in for 0x95
04-23 13:22:14.638 4631 4631 E ArmVmp : Match on catch block at 0xc3 in for 0x99
04-23 13:22:14.662 4631 4631 E ArmVmp : Match on catch block at 0xc3 in for 0x91
04-23 13:22:14.666 4631 4631 E ArmVmp : Match on catch block at 0xc3 in for 0x95
04-23 13:22:14.682 4631 4631 E ArmVmp : Match on catch block at 0xc3 in for 0x99
04-23 13:22:14.686 4631 4631 E ArmVmp : Match on catch block at 0xc3 in for 0x91
04-23 13:22:14.694 4631 4631 E ArmVmp : Match on catch block at 0xc3 in for 0x99
04-23 13:22:14.700 4631 4631 E ArmVmp : Match on catch block at 0xc3 in for 0x91
04-23 13:22:14.711 4631 4631 E ArmVmp : Match on catch block at 0xc3 in for 0x99
04-23 13:22:14.717 4631 4631 E ArmVmp : Match on catch block at 0xc3 in for 0x91
04-23 13:22:14.728 4631 4631 E ArmVmp : Match on catch block at 0xc3 in for 0x99
04-23 13:22:14.733 4631 4631 E ArmVmp : Match on catch block at 0xc3 in for 0x91
04-23 13:22:14.744 4631 4631 E ArmVmp : Match on catch block at 0xc3 in for 0x99
04-23 13:22:14.750 4631 4631 E ArmVmp : Match on catch block at 0xc3 in for 0x91
04-23 13:22:14.760 4631 4631 E ArmVmp : Match on catch block at 0xc3 in for 0x99
04-23 13:22:14.766 4631 4631 E ArmVmp : Match on catch block at 0xc3 in for 0x91
04-23 13:22:14.777 4631 4631 E ArmVmp : Match on catch block at 0xc3 in for 0x99
04-23 13:22:14.782 4631 4631 E ArmVmp : Match on catch block at 0xc3 in for 0x91
04-23 13:22:14.794 4631 4631 E ArmVmp : Match on catch block at 0xc3 in for 0x99
04-23 13:22:14.798 4631 4631 E ArmVmp : Match on catch block at 0xc3 in for 0x91
04-23 13:22:14.811 4631 4631 E ArmVmp : Match on catch block at 0xc3 in for 0x99
04-23 13:22:14.816 4631 4631 E ArmVmp : Match on catch block at 0xc3 in for 0x91
04-23 13:22:14.855 4631 4631 E ArmVmp : Match on catch block at 0xc3 in for 0x95
04-23 13:22:14.861 4631 4631 E ArmVmp : Match on catch block at 0xc3 in for 0x99
04-23 13:22:14.871 4631 4631 E ArmVmp : Match on catch block at 0xc3 in for 0x95
04-23 13:22:14.876 4631 4631 E ArmVmp : Match on catch block at 0xc3 in for 0x99
04-23 13:22:15.009 4631 4631 E ArmVmp : Match on catch block at 0xc3 in for 0x91
04-23 13:22:15.016 4631 4631 E ArmVmp : Match on catch block at 0xc3 in for 0x95
04-23 13:22:15.523 4631 4631 E ArmVmp : Match on catch block at 0xc3 in for 0x91
04-23 13:22:15.528 4631 4631 E ArmVmp : Match on catch block at 0xc3 in for 0x95
04-23 13:22:16.019 4631 4631 E ArmVmp : Match on catch block at 0xc3 in for 0x91
04-23 13:22:16.026 4631 4631 E ArmVmp : Match on catch block at 0xc3 in for 0x95
04-23 13:22:16.433 4631 4631 E ArmVmp : Match on catch block at 0xc3 in for 0x91
04-23 13:22:16.439 4631 4631 E ArmVmp : Match on catch block at 0xc3 in for 0x95
04-23 13:22:16.451 4631 4631 E ArmVmp : Match on catch block at 0xc3 in for 0x91
04-23 13:22:16.457 4631 4631 E ArmVmp : Match on catch block at 0xc3 in for 0x95
04-23 13:22:16.467 4631 4631 E ArmVmp : Match on catch block at 0xc3 in for 0x91
04-23 13:22:16.472 4631 4631 E ArmVmp : Match on catch block at 0xc3 in for 0x95
04-23 13:22:16.484 4631 4631 E ArmVmp : Match on catch block at 0xc3 in for 0x91
04-23 13:22:16.489 4631 4631 E ArmVmp : Match on catch block at 0xc3 in for 0x95
04-23 13:22:16.500 4631 4631 E ArmVmp : Match on catch block at 0xc3 in for 0x91
04-23 13:22:16.505 4631 4631 E ArmVmp : Match on catch block at 0xc3 in for 0x95
04-23 13:22:16.517 4631 4631 E ArmVmp : Match on catch block at 0xc3 in for 0x91
04-23 13:22:16.521 4631 4631 E ArmVmp : Match on catch block at 0xc3 in for 0x95
04-23 13:22:16.533 4631 4631 E ArmVmp : Match on catch block at 0xc3 in for 0x91
04-23 13:22:16.540 4631 4631 E ArmVmp : Match on catch block at 0xc3 in for 0x95
04-23 13:22:16.550 4631 4631 E ArmVmp : Match on catch block at 0xc3 in for 0x91
04-23 13:22:16.557 4631 4631 E ArmVmp : Match on catch block at 0xc3 in for 0x95
04-23 13:22:16.566 4631 4631 E ArmVmp : Match on catch block at 0xc3 in for 0x91
04-23 13:22:16.573 4631 4631 E ArmVmp : Match on catch block at 0xc3 in for 0x95
04-23 13:22:16.583 4631 4631 E ArmVmp : Match on catch block at 0xc3 in for 0x91
04-23 13:22:16.589 4631 4631 E ArmVmp : Match on catch block at 0xc3 in for 0x95
04-23 13:22:16.600 4631 4631 E ArmVmp : Match on catch block at 0xc3 in for 0x91
04-23 13:22:16.604 4631 4631 E ArmVmp : Match on catch block at 0xc3 in for 0x95
04-23 13:22:16.616 4631 4631 E ArmVmp : Match on catch block at 0xc3 in for 0x91
04-23 13:22:16.622 4631 4631 E ArmVmp : Match on catch block at 0xc3 in for 0x95
04-23 13:22:16.633 4631 4631 E ArmVmp : Match on catch block at 0xc3 in for 0x91
04-23 13:22:16.638 4631 4631 E ArmVmp : Match on catch block at 0xc3 in for 0x95
04-23 13:22:16.649 4631 4631 E ArmVmp : Match on catch block at 0xc3 in for 0x91
04-23 13:22:16.654 4631 4631 E ArmVmp : Match on catch block at 0xc3 in for 0x95
04-23 13:22:16.665 4631 4631 E ArmVmp : Match on catch block at 0xc3 in for 0x91
04-23 13:22:16.671 4631 4631 E ArmVmp : Match on catch block at 0xc3 in for 0x95
04-23 13:22:16.683 4631 4631 E ArmVmp : Match on catch block at 0xc3 in for 0x91
04-23 13:22:16.689 4631 4631 E ArmVmp : Match on catch block at 0xc3 in for 0x95
04-23 13:22:16.700 4631 4631 E ArmVmp : Match on catch block at 0xc3 in for 0x91
04-23 13:22:16.705 4631 4631 E ArmVmp : Match on catch block at 0xc3 in for 0x95
04-23 13:22:17.030 4631 4631 E ArmVmp : Match on catch block at 0xc3 in for 0x91
04-23 13:22:17.034 4631 4631 E ArmVmp : Match on catch block at 0xc3 in for 0x95
04-23 13:22:17.227 4631 4631 E ArmVmp : Match on catch block at 0xc3 in for 0x95
04-23 13:22:17.233 4631 4631 E ArmVmp : Match on catch block at 0xc3 in for 0x99
04-23 13:22:17.259 4631 4631 E ArmVmp : Match on catch block at 0xc3 in for 0x91
04-23 13:22:17.263 4631 4631 E ArmVmp : Match on catch block at 0xc3 in for 0x95
04-23 13:22:17.279 4631 4631 E ArmVmp : Match on catch block at 0xc3 in for 0x91
04-23 13:22:17.284 4631 4631 E ArmVmp : Match on catch block at 0xc3 in for 0x95
04-23 13:22:17.295 4631 4631 E ArmVmp : Match on catch block at 0xc3 in for 0x91
04-23 13:22:17.300 4631 4631 E ArmVmp : Match on catch block at 0xc3 in for 0x95
04-23 13:22:17.311 4631 4631 E ArmVmp : Match on catch block at 0xc3 in for 0x91
04-23 13:22:17.316 4631 4631 E ArmVmp : Match on catch block at 0xc3 in for 0x95
04-23 13:22:17.339 4631 4631 E ArmVmp : Match on catch block at 0xc3 in for 0x91
04-23 13:22:17.342 4631 4631 E ArmVmp : Match on catch block at 0xc3 in for 0x95
04-23 13:22:17.361 4631 4631 E ArmVmp : Match on catch block at 0xc3 in for 0x91
04-23 13:22:17.366 4631 4631 E ArmVmp : Match on catch block at 0xc3 in for 0x95
04-23 13:22:17.378 4631 4631 E ArmVmp : Match on catch block at 0xc3 in for 0x91
04-23 13:22:17.382 4631 4631 E ArmVmp : Match on catch block at 0xc3 in for 0x95
04-23 13:22:17.395 4631 4631 E ArmVmp : Match on catch block at 0xc3 in for 0x91
04-23 13:22:17.399 4631 4631 E ArmVmp : Match on catch block at 0xc3 in for 0x95
04-23 13:22:17.410 4631 4631 E ArmVmp : Match on catch block at 0xc3 in for 0x91
04-23 13:22:17.414 4631 4631 E ArmVmp : Match on catch block at 0xc3 in for 0x95
04-23 13:22:17.709 4631 4631 E ArmVmp : Match on catch block at 0xc3 in for 0x91
04-23 13:22:17.713 4631 4631 E ArmVmp : Match on catch block at 0xc3 in for 0x95
04-23 13:22:18.206 4631 4631 E ArmVmp : Match on catch block at 0xc3 in for 0x91
04-23 13:22:18.211 4631 4631 E ArmVmp : Match on catch block at 0xc3 in for 0x95
04-23 13:22:18.721 4631 4631 E ArmVmp : Match on catch block at 0xc3 in for 0x91
04-23 13:22:18.728 4631 4631 E ArmVmp : Match on catch block at 0xc3 in for 0x95
04-23 13:22:18.852 4631 4631 E ArmVmp : Match on catch block at 0xc3 in for 0x91
04-23 13:22:18.856 4631 4631 E ArmVmp : Match on catch block at 0xc3 in for 0x95
04-23 13:22:18.906 4631 4631 E ArmVmp : Match on catch block at 0xc3 in for 0x95
04-23 13:22:18.910 4631 4631 E ArmVmp : Match on catch block at 0xc3 in for 0x99
04-23 13:22:18.919 4631 4631 E ArmVmp : Match on catch block at 0xc3 in for 0x95
04-23 13:22:18.924 4631 4631 E ArmVmp : Match on catch block at 0xc3 in for 0x99
04-23 13:22:18.935 4631 4631 E ArmVmp : Match on catch block at 0xc3 in for 0x95
04-23 13:22:18.940 4631 4631 E ArmVmp : Match on catch block at 0xc3 in for 0x99
04-23 13:22:18.959 4631 4631 E ArmVmp : Match on catch block at 0xc3 in for 0x99
04-23 13:22:18.962 4631 4631 E ArmVmp : Match on catch block at 0xc3 in for 0x91
04-23 13:22:18.968 4631 4631 E ArmVmp : Match on catch block at 0xc3 in for 0x99
04-23 13:22:18.973 4631 4631 E ArmVmp : Match on catch block at 0xc3 in for 0x91
04-23 13:22:18.985 4631 4631 E ArmVmp : Match on catch block at 0xc3 in for 0x99
04-23 13:22:18.989 4631 4631 E ArmVmp : Match on catch block at 0xc3 in for 0x91
04-23 13:22:19.001 4631 4631 E ArmVmp : Match on catch block at 0xc3 in for 0x99
04-23 13:22:19.007 4631 4631 E ArmVmp : Match on catch block at 0xc3 in for 0x91
04-23 13:22:19.018 4631 4631 E ArmVmp : Match on catch block at 0xc3 in for 0x91
04-23 13:22:19.022 4631 4631 E ArmVmp : Match on catch block at 0xc3 in for 0x95
04-23 13:22:19.034 4631 4631 E ArmVmp : Match on catch block at 0xc3 in for 0x91
04-23 13:22:19.038 4631 4631 E ArmVmp : Match on catch block at 0xc3 in for 0x95
04-23 13:22:19.051 4631 4631 E ArmVmp : Match on catch block at 0xc3 in for 0x91
04-23 13:22:19.055 4631 4631 E ArmVmp : Match on catch block at 0xc3 in for 0x95
04-23 13:22:19.067 4631 4631 E ArmVmp : Match on catch block at 0xc3 in for 0x91
04-23 13:22:19.071 4631 4631 E ArmVmp : Match on catch block at 0xc3 in for 0x95
04-23 13:22:19.084 4631 4631 E ArmVmp : Match on catch block at 0xc3 in for 0x91
04-23 13:22:19.088 4631 4631 E ArmVmp : Match on catch block at 0xc3 in for 0x95
04-23 13:22:19.101 4631 4631 E ArmVmp : Match on catch block at 0xc3 in for 0x91
04-23 13:22:19.105 4631 4631 E ArmVmp : Match on catch block at 0xc3 in for 0x95
04-23 13:22:19.399 4631 4631 E ArmVmp : Match on catch block at 0xc3 in for 0x91
04-23 13:22:19.403 4631 4631 E ArmVmp : Match on catch block at 0xc3 in for 0x95
04-23 13:22:19.619 4631 4631 E ArmVmp : Match on catch block at 0xc3 in for 0x95
04-23 13:22:19.623 4631 4631 E ArmVmp : Match on catch block at 0xc3 in for 0x99
04-23 13:22:19.632 4631 4631 E ArmVmp : Match on catch block at 0xc3 in for 0x95
04-23 13:22:19.637 4631 4631 E ArmVmp : Match on catch block at 0xc3 in for 0x99
04-23 13:22:19.896 4631 4631 E ArmVmp : Match on catch block at 0xc3 in for 0x95
04-23 13:22:19.900 4631 4631 E ArmVmp : Match on catch block at 0xc3 in for 0x99
04-23 13:22:20.144 4631 4631 E ArmVmp : Match on catch block at 0xc3 in for 0x95
04-23 13:22:20.148 4631 4631 E ArmVmp : Match on catch block at 0xc3 in for 0x99
04-23 13:22:20.238 4631 4631 E ArmVmp : Match on catch block at 0xc3 in for 0x95
04-23 13:22:20.242 4631 4631 E ArmVmp : Match on catch block at 0xc3 in for 0x99
04-23 13:22:20.246 4631 4631 W ActivityThread: handleWindowVisibility: no activity for token android.os.BinderProxy@a599cd1
04-23 13:22:20.375 4631 4631 W TabLayout: MODE_SCROLLABLE + GRAVITY_FILL is not supported, GRAVITY_START will be used instead
04-23 13:22:20.511 4631 4631 W BottomSheetBehavior: BottomSheetBehavior now supports multiple callbacks. `setBottomSheetCallback()` removes all existing callbacks, including ones set internally by library authors, which may result in unintended behavior. This may change in the future. Please use `addBottomSheetCallback()` and `removeBottomSheetCallback()` instead to set your own callbacks.
04-23 13:22:20.643 4631 4744 E com.mbwhatsapp: Invalid ID 0x00000000.
04-23 13:22:20.809 4631 7528 E GraphicExt: GraphicExtModuleLoader::CreateGraphicExtInstance false
04-23 13:22:20.811 4631 7528 E GraphicExt: GraphicExtModuleLoader::CreateGraphicExtInstance false
04-23 13:22:20.833 4631 4631 E GraphicExt: GraphicExtModuleLoader::CreateGraphicExtInstance false
04-23 13:22:20.865 4631 4631 W View : requestLayout() improperly called by com.mbwhatsapp.WaImageView{6252676 VF.D..CL. ......ID 0,0-112,112 #7f0b1814 app:id/shutter} during layout: running second layout pass
04-23 13:22:20.865 4631 4631 W View : requestLayout() improperly called by com.mbwhatsapp.CircularProgressBar{4cd8477 V.ED..... ......ID 0,0-112,112 #7f0b14fc app:id/recording_progress} during layout: running second layout pass
04-23 13:22:20.865 4631 4631 W View : requestLayout() improperly called by com.mbwhatsapp.WaImageView{4e7d8e4 VF.D..C.. ......ID 0,0-84,84 #7f0b1976 app:id/switch_camera_btn} during layout: running second layout pass
04-23 13:22:20.866 4631 4631 W View : requestLayout() improperly called by com.mbwhatsapp.WaImageView{f25014d VFED..C.. ......ID 0,0-84,84 #7f0b0b0d app:id/gallery_btn} during layout: running second layout pass
04-23 13:22:20.866 4631 4631 W View : requestLayout() improperly called by com.mbwhatsapp.WaImageView{7b53402 VF.D..C.. ......ID 0,0-84,84 #7f0b0a9c app:id/flash_btn} during layout: running second layout pass
04-23 13:22:20.866 4631 4631 W View : requestLayout() improperly called by com.mbwhatsapp.WaImageView{98bf113 VFED..C.. ......ID 0,0-84,84 #7f0b057f app:id/close_camera_btn} during layout: running second layout pass
04-23 13:22:20.866 4631 4631 W View : requestLayout() improperly called by X.4Ki{bbb9f50 V.ED..... ......ID 0,4-720,88} during layout: running second layout pass
04-23 13:22:20.866 4631 4631 W View : requestLayout() improperly called by androidx.appcompat.view.menu.ActionMenuItemView{14d6549 VFED..CL. ......ID 0,7- 84,91 #7f0b0fe8 app:id/more} during layout: running second layout pass
04-23 13:22:20.866 4631 4631 W View : requestLayout() improperly called by androidx.appcompat.widget.ActionMenuView{2468e4e V.E...... ......ID 636,0-720,98} during layout: running second layout pass
04-23 13:22:20.875 4631 4631 E GraphicExt: GraphicExtModuleLoader::CreateGraphicExtInstance false
04-23 13:22:20.961 4631 7528 E GraphicExt: GraphicExtModuleLoader::CreateGraphicExtInstance false
04-23 13:22:20.963 4631 7528 E GraphicExt: GraphicExtModuleLoader::CreateGraphicExtInstance false
04-23 13:22:20.991 4631 4631 W View : requestLayout() improperly called by com.mbwhatsapp.WaImageView{6252676 VF.D..CL. ......ID 304,1136-416,1248 #7f0b1814 app:id/shutter} during layout: running second layout pass
04-23 13:22:20.992 4631 4631 W View : requestLayout() improperly called by com.mbwhatsapp.CircularProgressBar{4cd8477 V.ED..... ......ID 304,1136-416,1248 #7f0b14fc app:id/recording_progress} during layout: running second layout pass
04-23 13:22:20.992 4631 4631 W View : requestLayout() improperly called by com.mbwhatsapp.WaImageView{4e7d8e4 VF.D..C.. ......ID 620,1148-704,1232 #7f0b1976 app:id/switch_camera_btn} during layout: running second layout pass
04-23 13:22:20.992 4631 4631 W View : requestLayout() improperly called by com.mbwhatsapp.WaImageView{f25014d VFED..C.. ......ID 16,1148-100,1232 #7f0b0b0d app:id/gallery_btn} during layout: running second layout pass
04-23 13:22:20.992 4631 4631 W View : requestLayout() improperly called by com.mbwhatsapp.WaImageView{7b53402 VF.D..C.. ......I. 620,16-704,100 #7f0b0a9c app:id/flash_btn} during layout: running second layout pass
04-23 13:22:20.992 4631 4631 W View : requestLayout() improperly called by com.mbwhatsapp.WaImageView{98bf113 VFED..C.. ......I. 16,16-100,100 #7f0b057f app:id/close_camera_btn} during layout: running second layout pass
04-23 13:22:21.002 4631 4631 E ArmVmp : Match on catch block at 0xc3 in for 0x91
04-23 13:22:21.011 4631 4631 E ArmVmp : Match on catch block at 0xc3 in for 0x95
04-23 13:22:21.358 4631 4656 W Gralloc3: allocator 3.x is not supported
04-23 13:22:21.404 4631 4631 W IInputConnectionWrapper: requestCursorAnchorInfo on inactive InputConnection
04-23 13:22:21.465 4631 4631 E ArmVmp : Match on catch block at 0xc3 in for 0x95
04-23 13:22:21.476 4631 4631 E ArmVmp : Match on catch block at 0xc3 in for 0x99
04-23 13:22:21.712 4631 4631 E ArmVmp : Match on catch block at 0xc3 in for 0x95
04-23 13:22:21.719 4631 4631 E ArmVmp : Match on catch block at 0xc3 in for 0x99
04-23 13:22:21.737 4631 4631 E ArmVmp : Match on catch block at 0xc3 in for 0x95
04-23 13:22:21.743 4631 4631 E ArmVmp : Match on catch block at 0xc3 in for 0x99
04-23 13:22:22.631 4631 4648 W System : A resource failed to call close.
04-23 13:22:27.926 4631 4631 W ActivityThread: handleWindowVisibility: no activity for token android.os.BinderProxy@e92d162
04-23 13:22:28.143 4631 4656 W com.mbwhatsapp: Long monitor contention with owner Optic-Task-Handler-Thread (7528) at boolean android.os.BinderProxy.transactNative(int, android.os.Parcel, android.os.Parcel, int)(BinderProxy.java:-2) waiters=0 in void android.hardware.camera2.impl.CameraDeviceImpl$CameraDeviceCallbacks.onResultReceiv ed(android.hardware.camera2.impl.CameraMetadataNative, android.hardware.camera2.impl.CaptureResultExtras, android.hardware.camera2.impl.PhysicalCaptureResultInfo[]) for 243ms
04-23 13:22:28.372 4631 4631 W BottomSheetBehavior: BottomSheetBehavior now supports multiple callbacks. `setBottomSheetCallback()` removes all existing callbacks, including ones set internally by library authors, which may result in unintended behavior. This may change in the future. Please use `addBottomSheetCallback()` and `removeBottomSheetCallback()` instead to set your own callbacks.
04-23 13:22:28.421 4631 4631 E GraphicExt: GraphicExtModuleLoader::CreateGraphicExtInstance false
04-23 13:22:28.455 4631 4631 E RecyclerView: No adapter attached; skipping layout
04-23 13:22:28.559 4631 4631 E RecyclerView: No adapter attached; skipping layout
04-23 13:22:29.996 4631 4631 E GraphicExt: GraphicExtModuleLoader::CreateGraphicExtInstance false
04-23 13:22:30.108 4631 4631 E DecorView: mWindow.mActivityCurrentConfig is null
04-23 13:22:30.857 4631 4631 E DecorView: mWindow.mActivityCurrentConfig is null
04-23 13:22:35.142 4631 7842 W System : ClassLoader referenced unknown path: system/framework/mediatek-cta.jar
04-23 13:22:36.555 4631 4631 E ViewRootImpl: sendUserActionEvent() mView returned.
04-23 13:22:36.571 4631 4631 W IInputConnectionWrapper: requestCursorAnchorInfo on inactive InputConnection
04-23 13:22:37.153 4631 4631 W com.mbwhatsapp: Long monitor contention with owner High Pri Worker #3 (4771) at boolean libcore.io.Linux.access(java.lang.String, int) (Linux.java:-2) waiters=0 in boolean X.39t.getBoolean(java.lang.String, boolean) for 101ms
04-23 13:22:38.188 4631 4631 E ArmVmp : Match on catch block at 0x0a in for 0xb1
04-23 13:22:38.199 4631 4631 E ArmVmp : Match on catch block at 0x0a in for 0xb9
04-23 13:22:38.510 4631 4631 E GraphicExt: GraphicExtModuleLoader::CreateGraphicExtInstance false
04-23 13:22:38.839 4631 4631 E ArmVmp : Match on catch block at 0xc3 in for 0x91
04-23 13:22:38.852 4631 4631 E ArmVmp : Match on catch block at 0xc3 in for 0x95
04-23 13:22:39.009 4631 4631 E ArmVmp : Match on catch block at 0xc3 in for 0x91
04-23 13:22:39.019 4631 4631 E ArmVmp : Match on catch block at 0xc3 in for 0x95
04-23 13:22:39.126 4631 4631 E ArmVmp : Match on catch block at 0xc3 in for 0x91
04-23 13:22:39.136 4631 4631 E ArmVmp : Match on catch block at 0xc3 in for 0x95
04-23 13:22:39.203 4631 4631 E ArmVmp : Match on catch block at 0xc3 in for 0x91
04-23 13:22:39.209 4631 4631 E ArmVmp : Match on catch block at 0xc3 in for 0x95
04-23 13:22:39.411 4631 4631 E ArmVmp : Match on catch block at 0xc3 in for 0x95
04-23 13:22:39.419 4631 4631 E ArmVmp : Match on catch block at 0xc3 in for 0x99
04-23 13:22:39.510 4631 4631 W BottomSheetBehavior: BottomSheetBehavior now supports multiple callbacks. `setBottomSheetCallback()` removes all existing callbacks, including ones set internally by library authors, which may result in unintended behavior. This may change in the future. Please use `addBottomSheetCallback()` and `removeBottomSheetCallback()` instead to set your own callbacks.
04-23 13:22:39.535 4631 4631 E ArmVmp : Match on catch block at 0xc3 in for 0x95
04-23 13:22:39.540 4631 4631 E ArmVmp : Match on catch block at 0xc3 in for 0x99
04-23 13:22:39.562 4631 4631 E ArmVmp : Match on catch block at 0xc3 in for 0x99
04-23 13:22:39.568 4631 4631 E ArmVmp : Match on catch block at 0xc3 in for 0x91
04-23 13:22:39.591 4631 4631 E ArmVmp : Match on catch block at 0xc3 in for 0x99
04-23 13:22:39.597 4631 4631 E ArmVmp : Match on catch block at 0xc3 in for 0x91
04-23 13:22:39.646 4631 4631 E ArmVmp : Match on catch block at 0xc3 in for 0x91
04-23 13:22:39.651 4631 4631 E ArmVmp : Match on catch block at 0xc3 in for 0x95
04-23 13:22:39.667 4631 4631 E ArmVmp : Match on catch block at 0xc3 in for 0x99
04-23 13:22:39.673 4631 4631 E ArmVmp : Match on catch block at 0xc3 in for 0x91
04-23 13:22:39.690 4631 4631 E ArmVmp : Match on catch block at 0xc3 in for 0x99
04-23 13:22:39.701 4631 4631 E ArmVmp : Match on catch block at 0xc3 in for 0x91
04-23 13:22:39.723 4631 4631 E ArmVmp : Match on catch block at 0xc3 in for 0x99
04-23 13:22:39.729 4631 4631 E ArmVmp : Match on catch block at 0xc3 in for 0x91
04-23 13:22:40.087 4631 4631 E ArmVmp : Match on catch block at 0xc3 in for 0x99
04-23 13:22:40.091 4631 4631 E ArmVmp : Match on catch block at 0xc3 in for 0x91
04-23 13:22:40.584 4631 4631 E ArmVmp : Match on catch block at 0xc3 in for 0x99
04-23 13:22:40.589 4631 4631 E ArmVmp : Match on catch block at 0xc3 in for 0x91
04-23 13:22:41.023 4631 4715 E SQLiteDatabase: Error inserting transferred=0 media_job_uuid=04dde33c-3622-43ad-bafa-c2ec13b5e378 transcoded=1 gif_attribution=0 first_scan_length=0 direct_path=null thumbnail_height_width_ratio=1.8 is_animated_sticker=0 file_hash=null file_path=/data/user/0/com.mbwhatsapp/files/.Shared/cddcfae6-70c9-4ae7-89dc- db1e38c4ea24.jpg file_size=902991 partial_media_hash=null face_x=0 face_y=0 height=3072 trim_to=0 media_key_timestamp=0 message_url=null media_caption=null trim_from=0 mime_type=null partial_media_enc_hash=null width=1728 original_file_hash=v0DySixp3kmXnbS0UArS2JOkCmIGTzb9WsfNvt3F3pU= has_streaming_sidecar=0 autotransfer_retry_enabled=1 media_upload_handle=null message_row_id=28710 multicast_id=null enc_file_hash=null mute_video=0 page_count=0 first_scan_sidecar=null suspicious_content=0 file_length=902991 media_name=cddcfae6-70c9-4ae7-89dc-db1e38c4ea24.jpg media_duration=0 chat_row_id=9 media_key=null
04-23 13:22:41.023 4631 4715 E SQLiteDatabase: android.database.sqlite.SQLiteConstraintException: UNIQUE constraint failed: message_media.message_row_id (code 1555 SQLITE_CONSTRAINT_PRIMARYKEY[1555])
04-23 13:22:41.023 4631 4715 E SQLiteDatabase: at android.database.sqlite.SQLiteConnection.nativeExecuteForLastInsertedRowId(Native Method)
04-23 13:22:41.023 4631 4715 E SQLiteDatabase: at android.database.sqlite.SQLiteConnection.executeForLastInsertedRowId(SQLiteConnecti on.java:1127)
04-23 13:22:41.023 4631 4715 E SQLiteDatabase: at android.database.sqlite.SQLiteSession.executeForLastInsertedRowId(SQLiteSession.jav a:790)
04-23 13:22:41.023 4631 4715 E SQLiteDatabase: at android.database.sqlite.SQLiteStatement.executeInsert(SQLiteStatement.java:88)
04-23 13:22:41.023 4631 4715 E SQLiteDatabase: at android.database.sqlite.SQLiteDatabase.insertWithOnConflict(SQLiteDatabase.java:211 5)
04-23 13:22:41.023 4631 4715 E SQLiteDatabase: at android.database.sqlite.SQLiteDatabase.insert(SQLiteDatabase.java:1984)
04-23 13:22:41.023 4631 4715 E SQLiteDatabase: at X.2tm.A08(Unknown Source:6)
04-23 13:22:41.023 4631 4715 E SQLiteDatabase: at X.35Y.A07(Unknown Source:212)
04-23 13:22:41.023 4631 4715 E SQLiteDatabase: at X.3QF.A14(Unknown Source:470)
04-23 13:22:41.023 4631 4715 E SQLiteDatabase: at X.3gU.run(Unknown Source:982)
04-23 13:22:41.023 4631 4715 E SQLiteDatabase: at android.os.Handler.handleCallback(Handler.java:883)
04-23 13:22:41.023 4631 4715 E SQLiteDatabase: at android.os.Handler.dispatchMessage(Handler.java:100)
04-23 13:22:41.023 4631 4715 E SQLiteDatabase: at X.0zq.dispatchMessage(Unknown Source:4)
04-23 13:22:41.023 4631 4715 E SQLiteDatabase: at android.os.Looper.loop(Looper.java:237)
04-23 13:22:41.023 4631 4715 E SQLiteDatabase: at android.os.HandlerThread.run(HandlerThread.java:67)
04-23 13:22:41.035 4631 4631 E ArmVmp : Match on catch block at 0xc3 in for 0x99
04-23 13:22:41.038 4631 4631 E ArmVmp : Match on catch block at 0xc3 in for 0x91
04-23 13:22:41.066 4631 4631 E ArmVmp : Match on catch block at 0xc3 in for 0x99
04-23 13:22:41.071 4631 4631 E ArmVmp : Match on catch block at 0xc3 in for 0x91
04-23 13:22:41.132 4631 4631 E ArmVmp : Match on catch block at 0xc3 in for 0x95
04-23 13:22:41.138 4631 4631 E ArmVmp : Match on catch block at 0xc3 in for 0x99
04-23 13:22:41.158 4631 4631 E ArmVmp : Match on catch block at 0xc3 in for 0x95
04-23 13:22:41.163 4631 4631 E ArmVmp : Match on catch block at 0xc3 in for 0x99
04-23 13:22:41.238 4631 4631 E ArmVmp : Match on catch block at 0xc3 in for 0x99
04-23 13:22:41.244 4631 4631 E ArmVmp : Match on catch block at 0xc3 in for 0x91
04-23 13:22:41.252 4631 4631 E ArmVmp : Match on catch block at 0xc3 in for 0x99
04-23 13:22:41.258 4631 4631 E ArmVmp : Match on catch block at 0xc3 in for 0x91
04-23 13:22:41.340 4631 4631 E ArmVmp : Match on catch block at 0xc3 in for 0x91
04-23 13:22:41.345 4631 4631 E ArmVmp : Match on catch block at 0xc3 in for 0x95
04-23 13:22:41.377 4631 4631 E ArmVmp : Match on catch block at 0xc3 in for 0x99
04-23 13:22:41.383 4631 4631 E ArmVmp : Match on catch block at 0xc3 in for 0x91
04-23 13:22:41.401 4631 4631 E ArmVmp : Match on catch block at 0xc3 in for 0x95
04-23 13:22:41.405 4631 4631 E ArmVmp : Match on catch block at 0xc3 in for 0x99
04-23 13:22:41.414 4631 4631 E ArmVmp : Match on catch block at 0xc3 in for 0x95
04-23 13:22:41.419 4631 4631 E ArmVmp : Match on catch block at 0xc3 in for 0x99
04-23 13:22:41.429 4631 4631 E ArmVmp : Match on catch block at 0xc3 in for 0x91
04-23 13:22:41.434 4631 4631 E ArmVmp : Match on catch block at 0xc3 in for 0x95
04-23 13:22:41.445 4631 4631 E ArmVmp : Match on catch block at 0xc3 in for 0x99
04-23 13:22:41.450 4631 4631 E ArmVmp : Match on catch block at 0xc3 in for 0x91
04-23 13:22:41.466 4631 4631 E ArmVmp : Match on catch block at 0xc3 in for 0x99
04-23 13:22:41.470 4631 4631 E ArmVmp : Match on catch block at 0xc3 in for 0x91
04-23 13:22:41.479 4631 4631 E ArmVmp : Match on catch block at 0xc3 in for 0x99
04-23 13:22:41.485 4631 4631 E ArmVmp : Match on catch block at 0xc3 in for 0x91
04-23 13:22:41.495 4631 4631 E ArmVmp : Match on catch block at 0xc3 in for 0x99
04-23 13:22:41.501 4631 4631 E ArmVmp : Match on catch block at 0xc3 in for 0x91
04-23 13:22:41.512 4631 4631 E ArmVmp : Match on catch block at 0xc3 in for 0x99
04-23 13:22:41.517 4631 4631 E ArmVmp : Match on catch block at 0xc3 in for 0x91
04-23 13:22:41.528 4631 4631 E ArmVmp : Match on catch block at 0xc3 in for 0x99
