04-23 13:05:31.953 6807 6807 E ArmVmp : Match on catch block at 0xc3 in for 0x95
04-23 13:05:31.959 6807 6807 E ArmVmp : Match on catch block at 0xc3 in for 0x99
04-23 13:05:31.984 6807 6807 E ArmVmp : Match on catch block at 0xc3 in for 0x95
04-23 13:05:31.989 6807 6807 E ArmVmp : Match on catch block at 0xc3 in for 0x99
04-23 13:05:32.013 6807 6807 E ArmVmp : Match on catch block at 0xc3 in for 0x99
04-23 13:05:32.018 6807 6807 E ArmVmp : Match on catch block at 0xc3 in for 0x91
04-23 13:05:32.036 6807 6807 E ArmVmp : Match on catch block at 0xc3 in for 0x91
04-23 13:05:32.043 6807 6807 E ArmVmp : Match on catch block at 0xc3 in for 0x95
04-23 13:05:32.062 6807 6807 E ArmVmp : Match on catch block at 0xc3 in for 0x95
04-23 13:05:32.067 6807 6807 E ArmVmp : Match on catch block at 0xc3 in for 0x99
04-23 13:05:32.087 6807 6807 E ArmVmp : Match on catch block at 0xc3 in for 0x99
04-23 13:05:32.092 6807 6807 E ArmVmp : Match on catch block at 0xc3 in for 0x91
04-23 13:05:32.112 6807 6807 E ArmVmp : Match on catch block at 0xc3 in for 0x91
04-23 13:05:32.118 6807 6807 E ArmVmp : Match on catch block at 0xc3 in for 0x95
04-23 13:05:32.137 6807 6807 E ArmVmp : Match on catch block at 0xc3 in for 0x95
04-23 13:05:32.143 6807 6807 E ArmVmp : Match on catch block at 0xc3 in for 0x99
04-23 13:05:32.169 6807 6807 E ArmVmp : Match on catch block at 0xc3 in for 0x95
04-23 13:05:32.173 6807 6807 E ArmVmp : Match on catch block at 0xc3 in for 0x99
04-23 13:05:32.193 6807 6807 E ArmVmp : Match on catch block at 0xc3 in for 0x99
04-23 13:05:32.199 6807 6807 E ArmVmp : Match on catch block at 0xc3 in for 0x91
04-23 13:05:32.220 6807 6807 E ArmVmp : Match on catch block at 0xc3 in for 0x91
04-23 13:05:32.227 6807 6807 E ArmVmp : Match on catch block at 0xc3 in for 0x95
04-23 13:05:32.342 6807 6807 E ArmVmp : Match on catch block at 0xc3 in for 0x91
04-23 13:05:32.348 6807 6807 E ArmVmp : Match on catch block at 0xc3 in for 0x95
04-23 13:05:32.368 6807 6807 E ArmVmp : Match on catch block at 0xc3 in for 0x95
04-23 13:05:32.374 6807 6807 E ArmVmp : Match on catch block at 0xc3 in for 0x99
04-23 13:05:32.408 6807 6807 E ArmVmp : Match on catch block at 0xc3 in for 0x99
04-23 13:05:32.412 6807 6807 E ArmVmp : Match on catch block at 0xc3 in for 0x91
04-23 13:05:32.454 6807 6807 E ArmVmp : Match on catch block at 0xc3 in for 0x91
04-23 13:05:32.461 6807 6807 E ArmVmp : Match on catch block at 0xc3 in for 0x95
04-23 13:05:32.485 6807 6807 E ArmVmp : Match on catch block at 0xc3 in for 0x95
04-23 13:05:32.492 6807 6807 E ArmVmp : Match on catch block at 0xc3 in for 0x99
04-23 13:05:32.510 6807 6807 E ArmVmp : Match on catch block at 0xc3 in for 0x99
04-23 13:05:32.517 6807 6807 E ArmVmp : Match on catch block at 0xc3 in for 0x91
04-23 13:05:32.537 6807 6807 E ArmVmp : Match on catch block at 0xc3 in for 0x91
04-23 13:05:32.542 6807 6807 E ArmVmp : Match on catch block at 0xc3 in for 0x95
04-23 13:05:32.562 6807 6807 E ArmVmp : Match on catch block at 0xc3 in for 0x95
04-23 13:05:32.568 6807 6807 E ArmVmp : Match on catch block at 0xc3 in for 0x99
04-23 13:05:32.590 6807 6807 E ArmVmp : Match on catch block at 0xc3 in for 0x99
04-23 13:05:32.596 6807 6807 E ArmVmp : Match on catch block at 0xc3 in for 0x91
04-23 13:05:32.616 6807 6807 E ArmVmp : Match on catch block at 0xc3 in for 0x91
04-23 13:05:32.622 6807 6807 E ArmVmp : Match on catch block at 0xc3 in for 0x95
04-23 13:05:32.643 6807 6807 E ArmVmp : Match on catch block at 0xc3 in for 0x95
04-23 13:05:32.648 6807 6807 E ArmVmp : Match on catch block at 0xc3 in for 0x99
04-23 13:05:32.666 6807 6807 E ArmVmp : Match on catch block at 0xc3 in for 0x99
04-23 13:05:32.674 6807 6807 E ArmVmp : Match on catch block at 0xc3 in for 0x91
04-23 13:05:32.693 6807 6807 E ArmVmp : Match on catch block at 0xc3 in for 0x91
04-23 13:05:32.700 6807 6807 E ArmVmp : Match on catch block at 0xc3 in for 0x95
04-23 13:05:32.720 6807 6807 E ArmVmp : Match on catch block at 0xc3 in for 0x95
04-23 13:05:32.726 6807 6807 E ArmVmp : Match on catch block at 0xc3 in for 0x99
04-23 13:05:32.745 6807 6807 E ArmVmp : Match on catch block at 0xc3 in for 0x99
04-23 13:05:32.751 6807 6807 E ArmVmp : Match on catch block at 0xc3 in for 0x91
04-23 13:05:32.768 6807 6807 E ArmVmp : Match on catch block at 0xc3 in for 0x91
04-23 13:05:32.774 6807 6807 E ArmVmp : Match on catch block at 0xc3 in for 0x95
04-23 13:05:32.791 6807 6807 E ArmVmp : Match on catch block at 0xc3 in for 0x95
04-23 13:05:32.797 6807 6807 E ArmVmp : Match on catch block at 0xc3 in for 0x99
04-23 13:05:32.815 6807 6807 E ArmVmp : Match on catch block at 0xc3 in for 0x99
04-23 13:05:32.822 6807 6807 E ArmVmp : Match on catch block at 0xc3 in for 0x91
04-23 13:05:32.842 6807 6807 E ArmVmp : Match on catch block at 0xc3 in for 0x91
04-23 13:05:32.849 6807 6807 E ArmVmp : Match on catch block at 0xc3 in for 0x95
04-23 13:05:32.896 6807 6807 E ArmVmp : Match on catch block at 0xc3 in for 0x91
04-23 13:05:32.902 6807 6807 E ArmVmp : Match on catch block at 0xc3 in for 0x95
04-23 13:05:32.905 6807 6861 E SQLiteDatabase: Error inserting transferred=1 media_job_uuid=3d369af1-6404-464e-8f77-f10b01bfb23d transcoded=1 gif_attribution=0 first_scan_length=0 direct_path=/v/t62.7161- 24/23560491_1466938850911296_4345902363305486622_n.enc?ccb=11- 4&oh=01_Q5AaIIhHrpy00vSEL3YvoDoBsHqL_WGaUkV50gtRLf0ZctLl&oe=664F4A3A&_nc_sid=5e03e0 thumbnail_height_width_ratio=1.7560976 is_animated_sticker=0 file_hash=mDqj6rybHbVGQptlRemljoMXj+Sz/EP558Rj/JZB8fs= file_path=Media/MBWhatsApp Video/Sent/VID-20240423-WA0002.mp4 file_size=3494473 partial_media_hash=null face_x=0 face_y=0 height=1024 trim_to=15139 media_key_timestamp=1713891917212 message_url=https://mmg.whatsapp.net/v/t62.7161- 24/23560491_1466938850911296_4345902363305486622_n.enc?ccb=11- 4&oh=01_Q5AaIIhHrpy00vSEL3YvoDoBsHqL_WGaUkV50gtRLf0ZctLl&oe=664F4A3A&_nc_sid=5e03e0 &mms3=true media_caption=null trim_from=0 mime_type=video/mp4 partial_media_enc_hash=null width=576 original_file_hash=null has_streaming_sidecar=1 autotransfer_retry_enabled=0 media_upload_handle=null message_row_id=28698 multicast_id=null enc_file_hash=HaQmDwfXsA+HwvSfI9jemnGrBhUVgi3dIPHcacWjw4g= mute_video=0 page_count=0 first_scan_sidecar=null suspicious_content=0 file_length=3494473 media_name=bc0873f1-d9c5-4ee9-8000-c24acc4b266c.mp4 media_duration=15 chat_row_id=9 media_key=[B@3de5eb6
04-23 13:05:32.905 6807 6861 E SQLiteDatabase: android.database.sqlite.SQLiteConstraintException: UNIQUE constraint failed: message_media.message_row_id (code 1555 SQLITE_CONSTRAINT_PRIMARYKEY[1555])
04-23 13:05:32.905 6807 6861 E SQLiteDatabase: at android.database.sqlite.SQLiteConnection.nativeExecuteForLastInsertedRowId(Native Method)
04-23 13:05:32.905 6807 6861 E SQLiteDatabase: at android.database.sqlite.SQLiteConnection.executeForLastInsertedRowId(SQLiteConnecti on.java:1127)
04-23 13:05:32.905 6807 6861 E SQLiteDatabase: at android.database.sqlite.SQLiteSession.executeForLastInsertedRowId(SQLiteSession.jav a:790)
04-23 13:05:32.905 6807 6861 E SQLiteDatabase: at android.database.sqlite.SQLiteStatement.executeInsert(SQLiteStatement.java:88)
04-23 13:05:32.905 6807 6861 E SQLiteDatabase: at android.database.sqlite.SQLiteDatabase.insertWithOnConflict(SQLiteDatabase.java:211 5)
04-23 13:05:32.905 6807 6861 E SQLiteDatabase: at android.database.sqlite.SQLiteDatabase.insert(SQLiteDatabase.java:1984)
04-23 13:05:32.905 6807 6861 E SQLiteDatabase: at X.2tm.A08(Unknown Source:6)
04-23 13:05:32.905 6807 6861 E SQLiteDatabase: at X.35Y.A07(Unknown Source:212)
04-23 13:05:32.905 6807 6861 E SQLiteDatabase: at X.3QF.A14(Unknown Source:470)
04-23 13:05:32.905 6807 6861 E SQLiteDatabase: at X.3gU.run(Unknown Source:982)
04-23 13:05:32.905 6807 6861 E SQLiteDatabase: at android.os.Handler.handleCallback(Handler.java:883)
04-23 13:05:32.905 6807 6861 E SQLiteDatabase: at android.os.Handler.dispatchMessage(Handler.java:100)
04-23 13:05:32.905 6807 6861 E SQLiteDatabase: at X.0zq.dispatchMessage(Unknown Source:4)
04-23 13:05:32.905 6807 6861 E SQLiteDatabase: at android.os.Looper.loop(Looper.java:237)
04-23 13:05:32.905 6807 6861 E SQLiteDatabase: at android.os.HandlerThread.run(HandlerThread.java:67)
04-23 13:05:32.929 6807 6807 E ArmVmp : Match on catch block at 0xc3 in for 0x91
04-23 13:05:32.937 6807 6807 E ArmVmp : Match on catch block at 0xc3 in for 0x95
04-23 13:05:33.106 6807 6807 E ArmVmp : Match on catch block at 0xc3 in for 0x91
04-23 13:05:33.112 6807 6807 E ArmVmp : Match on catch block at 0xc3 in for 0x95
04-23 13:05:33.136 6807 6807 E ArmVmp : Match on catch block at 0xc3 in for 0x91
04-23 13:05:33.143 6807 6807 E ArmVmp : Match on catch block at 0xc3 in for 0x95
04-23 13:05:33.172 6807 6807 E ArmVmp : Match on catch block at 0xc3 in for 0x95
04-23 13:05:33.177 6807 6807 E ArmVmp : Match on catch block at 0xc3 in for 0x99
04-23 13:05:33.199 6807 6807 E ArmVmp : Match on catch block at 0xc3 in for 0x99
04-23 13:05:33.204 6807 6807 E ArmVmp : Match on catch block at 0xc3 in for 0x91
04-23 13:05:33.223 6807 6807 E ArmVmp : Match on catch block at 0xc3 in for 0x91
04-23 13:05:33.229 6807 6807 E ArmVmp : Match on catch block at 0xc3 in for 0x95
04-23 13:05:33.237 6807 6807 E ArmVmp : Match on catch block at 0xc3 in for 0x95
04-23 13:05:33.245 6807 6807 E ArmVmp : Match on catch block at 0xc3 in for 0x99
04-23 13:05:33.253 6807 6807 E ArmVmp : Match on catch block at 0xc3 in for 0x99
04-23 13:05:33.258 6807 6807 E ArmVmp : Match on catch block at 0xc3 in for 0x91
04-23 13:05:33.268 6807 6807 E ArmVmp : Match on catch block at 0xc3 in for 0x91
04-23 13:05:33.274 6807 6807 E ArmVmp : Match on catch block at 0xc3 in for 0x95
04-23 13:05:33.284 6807 6807 E ArmVmp : Match on catch block at 0xc3 in for 0x95
04-23 13:05:33.289 6807 6807 E ArmVmp : Match on catch block at 0xc3 in for 0x99
04-23 13:05:33.296 6807 6807 E ArmVmp : Match on catch block at 0xc3 in for 0x99
04-23 13:05:33.302 6807 6807 E ArmVmp : Match on catch block at 0xc3 in for 0x91
04-23 13:05:33.313 6807 6807 E ArmVmp : Match on catch block at 0xc3 in for 0x91
04-23 13:05:33.319 6807 6807 E ArmVmp : Match on catch block at 0xc3 in for 0x95
04-23 13:05:33.330 6807 6807 E ArmVmp : Match on catch block at 0xc3 in for 0x95
04-23 13:05:33.335 6807 6807 E ArmVmp : Match on catch block at 0xc3 in for 0x99
04-23 13:05:33.345 6807 6807 E ArmVmp : Match on catch block at 0xc3 in for 0x99
04-23 13:05:33.350 6807 6807 E ArmVmp : Match on catch block at 0xc3 in for 0x91
04-23 13:05:33.362 6807 6807 E ArmVmp : Match on catch block at 0xc3 in for 0x91
04-23 13:05:33.368 6807 6807 E ArmVmp : Match on catch block at 0xc3 in for 0x95
04-23 13:05:33.379 6807 6807 E ArmVmp : Match on catch block at 0xc3 in for 0x95
04-23 13:05:33.385 6807 6807 E ArmVmp : Match on catch block at 0xc3 in for 0x99
04-23 13:05:33.395 6807 6807 E ArmVmp : Match on catch block at 0xc3 in for 0x99
04-23 13:05:33.404 6807 6807 E ArmVmp : Match on catch block at 0xc3 in for 0x91
04-23 13:05:33.411 6807 6807 E ArmVmp : Match on catch block at 0xc3 in for 0x91
04-23 13:05:33.419 6807 6807 E ArmVmp : Match on catch block at 0xc3 in for 0x95
04-23 13:05:33.428 6807 6807 E ArmVmp : Match on catch block at 0xc3 in for 0x95
04-23 13:05:33.437 6807 6807 E ArmVmp : Match on catch block at 0xc3 in for 0x99
04-23 13:05:33.445 6807 6807 E ArmVmp : Match on catch block at 0xc3 in for 0x99
04-23 13:05:33.453 6807 6807 E ArmVmp : Match on catch block at 0xc3 in for 0x91
04-23 13:05:33.461 6807 6807 E ArmVmp : Match on catch block at 0xc3 in for 0x91
04-23 13:05:33.465 6807 6807 E ArmVmp : Match on catch block at 0xc3 in for 0x95
04-23 13:05:33.477 6807 6807 E ArmVmp : Match on catch block at 0xc3 in for 0x99
04-23 13:05:33.482 6807 6807 E ArmVmp : Match on catch block at 0xc3 in for 0x91
04-23 13:05:33.495 6807 6807 E ArmVmp : Match on catch block at 0xc3 in for 0x91
04-23 13:05:33.499 6807 6807 E ArmVmp : Match on catch block at 0xc3 in for 0x95
04-23 13:05:33.511 6807 6807 E ArmVmp : Match on catch block at 0xc3 in for 0x95
04-23 13:05:33.517 6807 6807 E ArmVmp : Match on catch block at 0xc3 in for 0x99
04-23 13:05:33.528 6807 6807 E ArmVmp : Match on catch block at 0xc3 in for 0x99
04-23 13:05:33.532 6807 6807 E ArmVmp : Match on catch block at 0xc3 in for 0x91
04-23 13:05:33.544 6807 6807 E ArmVmp : Match on catch block at 0xc3 in for 0x91
04-23 13:05:33.549 6807 6807 E ArmVmp : Match on catch block at 0xc3 in for 0x95
04-23 13:05:33.560 6807 6807 E ArmVmp : Match on catch block at 0xc3 in for 0x95
04-23 13:05:33.566 6807 6807 E ArmVmp : Match on catch block at 0xc3 in for 0x99
04-23 13:05:33.578 6807 6807 E ArmVmp : Match on catch block at 0xc3 in for 0x99
04-23 13:05:33.585 6807 6807 E ArmVmp : Match on catch block at 0xc3 in for 0x91
04-23 13:05:33.593 6807 6807 E ArmVmp : Match on catch block at 0xc3 in for 0x91
04-23 13:05:33.598 6807 6807 E ArmVmp : Match on catch block at 0xc3 in for 0x95
04-23 13:05:33.610 6807 6807 E ArmVmp : Match on catch block at 0xc3 in for 0x95
04-23 13:05:33.618 6807 6807 E ArmVmp : Match on catch block at 0xc3 in for 0x99
04-23 13:05:33.627 6807 6807 E ArmVmp : Match on catch block at 0xc3 in for 0x99
04-23 13:05:33.632 6807 6807 E ArmVmp : Match on catch block at 0xc3 in for 0x91
04-23 13:05:33.643 6807 6807 E ArmVmp : Match on catch block at 0xc3 in for 0x91
04-23 13:05:33.649 6807 6807 E ArmVmp : Match on catch block at 0xc3 in for 0x95
04-23 13:05:33.660 6807 6807 E ArmVmp : Match on catch block at 0xc3 in for 0x95
04-23 13:05:33.665 6807 6807 E ArmVmp : Match on catch block at 0xc3 in for 0x99
04-23 13:05:33.676 6807 6807 E ArmVmp : Match on catch block at 0xc3 in for 0x99
04-23 13:05:33.681 6807 6807 E ArmVmp : Match on catch block at 0xc3 in for 0x91
04-23 13:05:33.693 6807 6807 E ArmVmp : Match on catch block at 0xc3 in for 0x91
04-23 13:05:33.699 6807 6807 E ArmVmp : Match on catch block at 0xc3 in for 0x95
04-23 13:05:33.709 6807 6807 E ArmVmp : Match on catch block at 0xc3 in for 0x95
04-23 13:05:33.715 6807 6807 E ArmVmp : Match on catch block at 0xc3 in for 0x99
04-23 13:05:33.726 6807 6807 E ArmVmp : Match on catch block at 0xc3 in for 0x99
04-23 13:05:33.731 6807 6807 E ArmVmp : Match on catch block at 0xc3 in for 0x91
04-23 13:05:33.743 6807 6807 E ArmVmp : Match on catch block at 0xc3 in for 0x91
04-23 13:05:33.748 6807 6807 E ArmVmp : Match on catch block at 0xc3 in for 0x95
04-23 13:05:33.759 6807 6807 E ArmVmp : Match on catch block at 0xc3 in for 0x95
04-23 13:05:33.764 6807 6807 E ArmVmp : Match on catch block at 0xc3 in for 0x99
04-23 13:05:33.776 6807 6807 E ArmVmp : Match on catch block at 0xc3 in for 0x99
04-23 13:05:33.782 6807 6807 E ArmVmp : Match on catch block at 0xc3 in for 0x91
04-23 13:05:33.792 6807 6807 E ArmVmp : Match on catch block at 0xc3 in for 0x91
04-23 13:05:33.799 6807 6807 E ArmVmp : Match on catch block at 0xc3 in for 0x95
04-23 13:05:33.809 6807 6807 E ArmVmp : Match on catch block at 0xc3 in for 0x95
04-23 13:05:33.817 6807 6807 E ArmVmp : Match on catch block at 0xc3 in for 0x99
04-23 13:05:33.826 6807 6807 E ArmVmp : Match on catch block at 0xc3 in for 0x99
04-23 13:05:33.832 6807 6807 E ArmVmp : Match on catch block at 0xc3 in for 0x91
04-23 13:05:33.843 6807 6807 E ArmVmp : Match on catch block at 0xc3 in for 0x91
04-23 13:05:33.848 6807 6807 E ArmVmp : Match on catch block at 0xc3 in for 0x95
04-23 13:05:33.859 6807 6807 E ArmVmp : Match on catch block at 0xc3 in for 0x95
04-23 13:05:33.864 6807 6807 E ArmVmp : Match on catch block at 0xc3 in for 0x99
04-23 13:05:33.875 6807 6807 E ArmVmp : Match on catch block at 0xc3 in for 0x99
04-23 13:05:33.882 6807 6807 E ArmVmp : Match on catch block at 0xc3 in for 0x91
04-23 13:05:33.895 6807 6807 E ArmVmp : Match on catch block at 0xc3 in for 0x91
04-23 13:05:33.901 6807 6807 E ArmVmp : Match on catch block at 0xc3 in for 0x95
04-23 13:05:33.909 6807 6807 E ArmVmp : Match on catch block at 0xc3 in for 0x95
04-23 13:05:33.914 6807 6807 E ArmVmp : Match on catch block at 0xc3 in for 0x99
04-23 13:05:33.926 6807 6807 E ArmVmp : Match on catch block at 0xc3 in for 0x99
04-23 13:05:33.935 6807 6807 E ArmVmp : Match on catch block at 0xc3 in for 0x91
04-23 13:05:34.135 6807 6807 W BottomSheetBehavior: BottomSheetBehavior now supports multiple callbacks. `setBottomSheetCallback()` removes all existing callbacks, including ones set internally by library authors, which may result in unintended behavior. This may change in the future. Please use `addBottomSheetCallback()` and `removeBottomSheetCallback()` instead to set your own callbacks.
04-23 13:05:34.170 6807 6807 E ArmVmp : Match on catch block at 0xc3 in for 0x91
04-23 13:05:34.184 6807 6807 E ArmVmp : Match on catch block at 0xc3 in for 0x95
04-23 13:05:34.207 6807 6807 E ArmVmp : Match on catch block at 0xc3 in for 0x95
04-23 13:05:34.215 6807 6807 E ArmVmp : Match on catch block at 0xc3 in for 0x99
04-23 13:05:34.224 6807 6807 E ArmVmp : Match on catch block at 0xc3 in for 0x99
04-23 13:05:34.232 6807 6807 E ArmVmp : Match on catch block at 0xc3 in for 0x91
04-23 13:05:34.241 6807 6807 E ArmVmp : Match on catch block at 0xc3 in for 0x91
04-23 13:05:34.247 6807 6807 E ArmVmp : Match on catch block at 0xc3 in for 0x95
04-23 13:05:34.258 6807 6807 E ArmVmp : Match on catch block at 0xc3 in for 0x95
04-23 13:05:34.263 6807 6807 E ArmVmp : Match on catch block at 0xc3 in for 0x99
04-23 13:05:34.275 6807 6807 E ArmVmp : Match on catch block at 0xc3 in for 0x99
04-23 13:05:34.282 6807 6807 E ArmVmp : Match on catch block at 0xc3 in for 0x91
04-23 13:05:34.290 6807 6807 E ArmVmp : Match on catch block at 0xc3 in for 0x91
04-23 13:05:34.296 6807 6807 E ArmVmp : Match on catch block at 0xc3 in for 0x95
04-23 13:05:34.313 6807 6807 E ArmVmp : Match on catch block at 0xc3 in for 0x95
04-23 13:05:34.333 6807 6807 E ArmVmp : Match on catch block at 0xc3 in for 0x99
04-23 13:05:34.344 6807 6807 E ArmVmp : Match on catch block at 0xc3 in for 0x99
04-23 13:05:34.354 6807 6807 E ArmVmp : Match on catch block at 0xc3 in for 0x91
04-23 13:05:34.373 6807 6807 E ArmVmp : Match on catch block at 0xc3 in for 0x91
04-23 13:05:34.383 6807 6807 E ArmVmp : Match on catch block at 0xc3 in for 0x95
04-23 13:05:34.408 6807 6807 E ArmVmp : Match on catch block at 0xc3 in for 0x95
04-23 13:05:34.417 6807 6807 E ArmVmp : Match on catch block at 0xc3 in for 0x99
04-23 13:05:34.441 6807 6807 E ArmVmp : Match on catch block at 0xc3 in for 0x99
04-23 13:05:34.448 6807 6807 E ArmVmp : Match on catch block at 0xc3 in for 0x91
04-23 13:05:34.456 6807 6807 E ArmVmp : Match on catch block at 0xc3 in for 0x91
04-23 13:05:34.463 6807 6807 E ArmVmp : Match on catch block at 0xc3 in for 0x95
04-23 13:05:34.474 6807 6807 E ArmVmp : Match on catch block at 0xc3 in for 0x95
04-23 13:05:34.481 6807 6807 E ArmVmp : Match on catch block at 0xc3 in for 0x99
04-23 13:05:34.489 6807 6807 E ArmVmp : Match on catch block at 0xc3 in for 0x99
04-23 13:05:34.498 6807 6807 E ArmVmp : Match on catch block at 0xc3 in for 0x91
04-23 13:05:34.505 6807 6807 E ArmVmp : Match on catch block at 0xc3 in for 0x91
04-23 13:05:34.510 6807 6807 E ArmVmp : Match on catch block at 0xc3 in for 0x95
04-23 13:05:34.522 6807 6807 E ArmVmp : Match on catch block at 0xc3 in for 0x95
04-23 13:05:34.529 6807 6807 E ArmVmp : Match on catch block at 0xc3 in for 0x99
04-23 13:05:34.538 6807 6807 E ArmVmp : Match on catch block at 0xc3 in for 0x99
04-23 13:05:34.543 6807 6807 E ArmVmp : Match on catch block at 0xc3 in for 0x91
04-23 13:05:34.554 6807 6807 E ArmVmp : Match on catch block at 0xc3 in for 0x91
04-23 13:05:34.560 6807 6807 E ArmVmp : Match on catch block at 0xc3 in for 0x95
04-23 13:05:34.571 6807 6807 E ArmVmp : Match on catch block at 0xc3 in for 0x95
04-23 13:05:34.578 6807 6807 E ArmVmp : Match on catch block at 0xc3 in for 0x99
04-23 13:05:34.588 6807 6807 E ArmVmp : Match on catch block at 0xc3 in for 0x99
04-23 13:05:34.595 6807 6807 E ArmVmp : Match on catch block at 0xc3 in for 0x91
04-23 13:05:34.604 6807 6807 E ArmVmp : Match on catch block at 0xc3 in for 0x91
04-23 13:05:34.610 6807 6807 E ArmVmp : Match on catch block at 0xc3 in for 0x95
04-23 13:05:34.621 6807 6807 E ArmVmp : Match on catch block at 0xc3 in for 0x95
04-23 13:05:34.628 6807 6807 E ArmVmp : Match on catch block at 0xc3 in for 0x99
04-23 13:05:34.637 6807 6807 E ArmVmp : Match on catch block at 0xc3 in for 0x99
04-23 13:05:34.645 6807 6807 E ArmVmp : Match on catch block at 0xc3 in for 0x91
04-23 13:05:34.655 6807 6807 E ArmVmp : Match on catch block at 0xc3 in for 0x91
04-23 13:05:34.661 6807 6807 E ArmVmp : Match on catch block at 0xc3 in for 0x95
04-23 13:05:34.670 6807 6807 E ArmVmp : Match on catch block at 0xc3 in for 0x95
04-23 13:05:34.677 6807 6807 E ArmVmp : Match on catch block at 0xc3 in for 0x99
04-23 13:05:34.687 6807 6807 E ArmVmp : Match on catch block at 0xc3 in for 0x99
04-23 13:05:34.692 6807 6807 E ArmVmp : Match on catch block at 0xc3 in for 0x91
04-23 13:05:34.704 6807 6807 E ArmVmp : Match on catch block at 0xc3 in for 0x91
04-23 13:05:34.709 6807 6807 E ArmVmp : Match on catch block at 0xc3 in for 0x95
04-23 13:05:34.721 6807 6807 E ArmVmp : Match on catch block at 0xc3 in for 0x95
04-23 13:05:34.726 6807 6807 E ArmVmp : Match on catch block at 0xc3 in for 0x99
04-23 13:05:34.739 6807 6807 E ArmVmp : Match on catch block at 0xc3 in for 0x99
04-23 13:05:34.747 6807 6807 E ArmVmp : Match on catch block at 0xc3 in for 0x91
04-23 13:05:34.770 6807 6807 E ArmVmp : Match on catch block at 0xc3 in for 0x91
04-23 13:05:34.777 6807 6807 E ArmVmp : Match on catch block at 0xc3 in for 0x95
04-23 13:05:34.795 6807 6807 E ArmVmp : Match on catch block at 0xc3 in for 0x95
04-23 13:05:34.802 6807 6807 E ArmVmp : Match on catch block at 0xc3 in for 0x99
04-23 13:05:34.824 6807 6807 E ArmVmp : Match on catch block at 0xc3 in for 0x99
04-23 13:05:34.832 6807 6807 E ArmVmp : Match on catch block at 0xc3 in for 0x91
04-23 13:05:34.853 6807 6807 E ArmVmp : Match on catch block at 0xc3 in for 0x91
04-23 13:05:34.860 6807 6807 E ArmVmp : Match on catch block at 0xc3 in for 0x95
04-23 13:05:34.879 6807 6807 E ArmVmp : Match on catch block at 0xc3 in for 0x95
04-23 13:05:34.886 6807 6807 E ArmVmp : Match on catch block at 0xc3 in for 0x99
04-23 13:05:35.083 6807 6807 E ArmVmp : Match on catch block at 0xc3 in for 0x99
04-23 13:05:35.090 6807 6807 E ArmVmp : Match on catch block at 0xc3 in for 0x91
04-23 13:05:35.154 6807 6807 E ArmVmp : Match on catch block at 0xc3 in for 0x91
04-23 13:05:35.161 6807 6807 E ArmVmp : Match on catch block at 0xc3 in for 0x95
04-23 13:05:35.179 6807 6807 W ActivityThread: handleWindowVisibility: no activity for token android.os.BinderProxy@e85d235
04-23 13:05:35.425 6807 6861 E SQLiteDatabase: Error inserting transferred=0 media_job_uuid=3cdff37a-0545-47c7-b695-43cb53f387e3 transcoded=1 gif_attribution=0 first_scan_length=0 direct_path=null thumbnail_height_width_ratio=1.3541666 is_animated_sticker=0 file_hash=null file_path=/data/user/0/com.mbwhatsapp/files/.Shared/2e4e41b0-a156-4d1a-9253- 590e51ea03e0.jpg file_size=1685440 partial_media_hash=null face_x=0 face_y=0 height=4000 trim_to=0 media_key_timestamp=0 message_url=null media_caption=null trim_from=0 mime_type=null partial_media_enc_hash=null width=3000 original_file_hash=vJrIzOybkm45TVkeI90EF10v0oqSAV3N0StjYlGTwgw= has_streaming_sidecar=0 autotransfer_retry_enabled=1 media_upload_handle=null message_row_id=28692 multicast_id=null enc_file_hash=null mute_video=0 page_count=0 first_scan_sidecar=null suspicious_content=0 file_length=1685440 media_name=2e4e41b0-a156-4d1a-9253-590e51ea03e0.jpg media_duration=0 chat_row_id=9 media_key=null
04-23 13:05:35.425 6807 6861 E SQLiteDatabase: android.database.sqlite.SQLiteConstraintException: UNIQUE constraint failed: message_media.message_row_id (code 1555 SQLITE_CONSTRAINT_PRIMARYKEY[1555])
04-23 13:05:35.425 6807 6861 E SQLiteDatabase: at android.database.sqlite.SQLiteConnection.nativeExecuteForLastInsertedRowId(Native Method)
04-23 13:05:35.425 6807 6861 E SQLiteDatabase: at android.database.sqlite.SQLiteConnection.executeForLastInsertedRowId(SQLiteConnecti on.java:1127)
04-23 13:05:35.425 6807 6861 E SQLiteDatabase: at android.database.sqlite.SQLiteSession.executeForLastInsertedRowId(SQLiteSession.jav a:790)
04-23 13:05:35.425 6807 6861 E SQLiteDatabase: at android.database.sqlite.SQLiteStatement.executeInsert(SQLiteStatement.java:88)
04-23 13:05:35.425 6807 6861 E SQLiteDatabase: at android.database.sqlite.SQLiteDatabase.insertWithOnConflict(SQLiteDatabase.java:211 5)
04-23 13:05:35.425 6807 6861 E SQLiteDatabase: at android.database.sqlite.SQLiteDatabase.insert(SQLiteDatabase.java:1984)
04-23 13:05:35.425 6807 6861 E SQLiteDatabase: at X.2tm.A08(Unknown Source:6)
04-23 13:05:35.425 6807 6861 E SQLiteDatabase: at X.35Y.A07(Unknown Source:212)
04-23 13:05:35.425 6807 6861 E SQLiteDatabase: at X.3QF.A14(Unknown Source:470)
04-23 13:05:35.425 6807 6861 E SQLiteDatabase: at X.3gU.run(Unknown Source:982)
04-23 13:05:35.425 6807 6861 E SQLiteDatabase: at android.os.Handler.handleCallback(Handler.java:883)
04-23 13:05:35.425 6807 6861 E SQLiteDatabase: at android.os.Handler.dispatchMessage(Handler.java:100)
04-23 13:05:35.425 6807 6861 E SQLiteDatabase: at X.0zq.dispatchMessage(Unknown Source:4)
04-23 13:05:35.425 6807 6861 E SQLiteDatabase: at android.os.Looper.loop(Looper.java:237)
04-23 13:05:35.425 6807 6861 E SQLiteDatabase: at android.os.HandlerThread.run(HandlerThread.java:67)
04-23 13:05:35.449 6807 6861 E SQLiteDatabase: Error inserting transferred=0 media_job_uuid=27629307-a563-4a9f-bc1e-b0d1a72f2dc9 transcoded=1 gif_attribution=0 first_scan_length=0 direct_path=null thumbnail_height_width_ratio=1.3541666 is_animated_sticker=0 file_hash=null file_path=/data/user/0/com.mbwhatsapp/files/.Shared/65eb2732-2564-4f0a-9982- 26ac0a704bf9.jpg file_size=1698868 partial_media_hash=null face_x=0 face_y=0 height=4000 trim_to=0 media_key_timestamp=0 message_url=null media_caption=null trim_from=0 mime_type=null partial_media_enc_hash=null width=3000 original_file_hash=wckESwLiWBKcIDblL2n/jVAiqHPy0uTcr1CiPa1bPkQ= has_streaming_sidecar=0 autotransfer_retry_enabled=1 media_upload_handle=null message_row_id=28691 multicast_id=null enc_file_hash=null mute_video=0 page_count=0 first_scan_sidecar=null suspicious_content=0 file_length=1698868 media_name=65eb2732-2564-4f0a-9982-26ac0a704bf9.jpg media_duration=0 chat_row_id=9 media_key=null
04-23 13:05:35.449 6807 6861 E SQLiteDatabase: android.database.sqlite.SQLiteConstraintException: UNIQUE constraint failed: message_media.message_row_id (code 1555 SQLITE_CONSTRAINT_PRIMARYKEY[1555])
04-23 13:05:35.449 6807 6861 E SQLiteDatabase: at android.database.sqlite.SQLiteConnection.nativeExecuteForLastInsertedRowId(Native Method)
04-23 13:05:35.449 6807 6861 E SQLiteDatabase: at android.database.sqlite.SQLiteConnection.executeForLastInsertedRowId(SQLiteConnecti on.java:1127)
04-23 13:05:35.449 6807 6861 E SQLiteDatabase: at android.database.sqlite.SQLiteSession.executeForLastInsertedRowId(SQLiteSession.jav a:790)
04-23 13:05:35.449 6807 6861 E SQLiteDatabase: at android.database.sqlite.SQLiteStatement.executeInsert(SQLiteStatement.java:88)
04-23 13:05:35.449 6807 6861 E SQLiteDatabase: at android.database.sqlite.SQLiteDatabase.insertWithOnConflict(SQLiteDatabase.java:211 5)
04-23 13:05:35.449 6807 6861 E SQLiteDatabase: at android.database.sqlite.SQLiteDatabase.insert(SQLiteDatabase.java:1984)
04-23 13:05:35.449 6807 6861 E SQLiteDatabase: at X.2tm.A08(Unknown Source:6)
04-23 13:05:35.449 6807 6861 E SQLiteDatabase: at X.35Y.A07(Unknown Source:212)
04-23 13:05:35.449 6807 6861 E SQLiteDatabase: at X.3QF.A14(Unknown Source:470)
04-23 13:05:35.449 6807 6861 E SQLiteDatabase: at X.3gU.run(Unknown Source:982)
04-23 13:05:35.449 6807 6861 E SQLiteDatabase: at android.os.Handler.handleCallback(Handler.java:883)
04-23 13:05:35.449 6807 6861 E SQLiteDatabase: at android.os.Handler.dispatchMessage(Handler.java:100)
04-23 13:05:35.449 6807 6861 E SQLiteDatabase: at X.0zq.dispatchMessage(Unknown Source:4)
04-23 13:05:35.449 6807 6861 E SQLiteDatabase: at android.os.Looper.loop(Looper.java:237)
04-23 13:05:35.449 6807 6861 E SQLiteDatabase: at android.os.HandlerThread.run(HandlerThread.java:67)
04-23 13:05:35.493 6807 6861 E SQLiteDatabase: Error inserting transferred=0 media_job_uuid=22356549-25bc-453d-8da9-d89f1000e513 transcoded=1 gif_attribution=0 first_scan_length=0 direct_path=null thumbnail_height_width_ratio=1.3541666 is_animated_sticker=0 file_hash=null file_path=/data/user/0/com.mbwhatsapp/files/.Shared/ded31fe6-e7fd-4df5-ad44- c700a6aed1ca.jpg file_size=1717423 partial_media_hash=null face_x=0 face_y=0 height=4000 trim_to=0 media_key_timestamp=0 message_url=null media_caption=null trim_from=0 mime_type=null partial_media_enc_hash=null width=3000 original_file_hash=uLl3JkOjpkocqhnH8xpqChD08BH/YmNyviWCchSVPF0= has_streaming_sidecar=0 autotransfer_retry_enabled=1 media_upload_handle=null message_row_id=28693 multicast_id=null enc_file_hash=null mute_video=0 page_count=0 first_scan_sidecar=null suspicious_content=0 file_length=1717423 media_name=ded31fe6-e7fd-4df5-ad44-c700a6aed1ca.jpg media_duration=0 chat_row_id=9 media_key=null
04-23 13:05:35.493 6807 6861 E SQLiteDatabase: android.database.sqlite.SQLiteConstraintException: UNIQUE constraint failed: message_media.message_row_id (code 1555 SQLITE_CONSTRAINT_PRIMARYKEY[1555])
04-23 13:05:35.493 6807 6861 E SQLiteDatabase: at android.database.sqlite.SQLiteConnection.nativeExecuteForLastInsertedRowId(Native Method)
04-23 13:05:35.493 6807 6861 E SQLiteDatabase: at android.database.sqlite.SQLiteConnection.executeForLastInsertedRowId(SQLiteConnecti on.java:1127)
04-23 13:05:35.493 6807 6861 E SQLiteDatabase: at android.database.sqlite.SQLiteSession.executeForLastInsertedRowId(SQLiteSession.jav a:790)
04-23 13:05:35.493 6807 6861 E SQLiteDatabase: at android.database.sqlite.SQLiteStatement.executeInsert(SQLiteStatement.java:88)
04-23 13:05:35.493 6807 6861 E SQLiteDatabase: at android.database.sqlite.SQLiteDatabase.insertWithOnConflict(SQLiteDatabase.java:211 5)
04-23 13:05:35.493 6807 6861 E SQLiteDatabase: at android.database.sqlite.SQLiteDatabase.insert(SQLiteDatabase.java:1984)
04-23 13:05:35.493 6807 6861 E SQLiteDatabase: at X.2tm.A08(Unknown Source:6)
04-23 13:05:35.493 6807 6861 E SQLiteDatabase: at X.35Y.A07(Unknown Source:212)
04-23 13:05:35.493 6807 6861 E SQLiteDatabase: at X.3QF.A14(Unknown Source:470)
04-23 13:05:35.493 6807 6861 E SQLiteDatabase: at X.3gU.run(Unknown Source:982)
04-23 13:05:35.493 6807 6861 E SQLiteDatabase: at android.os.Handler.handleCallback(Handler.java:883)
04-23 13:05:35.493 6807 6861 E SQLiteDatabase: at android.os.Handler.dispatchMessage(Handler.java:100)
04-23 13:05:35.493 6807 6861 E SQLiteDatabase: at X.0zq.dispatchMessage(Unknown Source:4)
04-23 13:05:35.493 6807 6861 E SQLiteDatabase: at android.os.Looper.loop(Looper.java:237)
04-23 13:05:35.493 6807 6861 E SQLiteDatabase: at android.os.HandlerThread.run(HandlerThread.java:67)
04-23 13:05:35.623 6807 6807 E ArmVmp : Match on catch block at 0xc3 in for 0x99
04-23 13:05:35.629 6807 6807 E ArmVmp : Match on catch block at 0xc3 in for 0x91
04-23 13:05:35.715 6807 6807 E ArmVmp : Match on catch block at 0xc3 in for 0xa5
04-23 13:05:35.766 6807 6807 E GraphicExt: GraphicExtModuleLoader::CreateGraphicExtInstance false
04-23 13:05:35.882 6807 6861 E SQLiteDatabase: Error inserting transferred=0 media_job_uuid=c192b1e4-e89a-4464-9152-f06f3cc001f9 transcoded=1 gif_attribution=0 first_scan_length=0 direct_path=null thumbnail_height_width_ratio=1.3541666 is_animated_sticker=0 file_hash=null file_path=/data/user/0/com.mbwhatsapp/files/.Shared/4f101b3b-af45-493b-8e83- 7dfb1b67be70.jpg file_size=1514116 partial_media_hash=null face_x=0 face_y=0 height=4000 trim_to=0 media_key_timestamp=0 message_url=null media_caption=null trim_from=0 mime_type=null partial_media_enc_hash=null width=3000 original_file_hash=Zn4jzorzdkJ58Qntq730WH+sJIJio2T344x6jauJL3A= has_streaming_sidecar=0 autotransfer_retry_enabled=1 media_upload_handle=null message_row_id=28694 multicast_id=null enc_file_hash=null mute_video=0 page_count=0 first_scan_sidecar=null suspicious_content=0 file_length=1514116 media_name=4f101b3b-af45-493b-8e83-7dfb1b67be70.jpg media_duration=0 chat_row_id=9 media_key=null
04-23 13:05:35.882 6807 6861 E SQLiteDatabase: android.database.sqlite.SQLiteConstraintException: UNIQUE constraint failed: message_media.message_row_id (code 1555 SQLITE_CONSTRAINT_PRIMARYKEY[1555])
04-23 13:05:35.882 6807 6861 E SQLiteDatabase: at android.database.sqlite.SQLiteConnection.nativeExecuteForLastInsertedRowId(Native Method)
04-23 13:05:35.882 6807 6861 E SQLiteDatabase: at android.database.sqlite.SQLiteConnection.executeForLastInsertedRowId(SQLiteConnecti on.java:1127)
04-23 13:05:35.882 6807 6861 E SQLiteDatabase: at android.database.sqlite.SQLiteSession.executeForLastInsertedRowId(SQLiteSession.jav a:790)
04-23 13:05:35.882 6807 6861 E SQLiteDatabase: at android.database.sqlite.SQLiteStatement.executeInsert(SQLiteStatement.java:88)
04-23 13:05:35.882 6807 6861 E SQLiteDatabase: at android.database.sqlite.SQLiteDatabase.insertWithOnConflict(SQLiteDatabase.java:211 5)
04-23 13:05:35.882 6807 6861 E SQLiteDatabase: at android.database.sqlite.SQLiteDatabase.insert(SQLiteDatabase.java:1984)
04-23 13:05:35.882 6807 6861 E SQLiteDatabase: at X.2tm.A08(Unknown Source:6)
04-23 13:05:35.882 6807 6861 E SQLiteDatabase: at X.35Y.A07(Unknown Source:212)
04-23 13:05:35.882 6807 6861 E SQLiteDatabase: at X.3QF.A14(Unknown Source:470)
04-23 13:05:35.882 6807 6861 E SQLiteDatabase: at X.3gU.run(Unknown Source:982)
04-23 13:05:35.882 6807 6861 E SQLiteDatabase: at android.os.Handler.handleCallback(Handler.java:883)
04-23 13:05:35.882 6807 6861 E SQLiteDatabase: at android.os.Handler.dispatchMessage(Handler.java:100)
04-23 13:05:35.882 6807 6861 E SQLiteDatabase: at X.0zq.dispatchMessage(Unknown Source:4)
04-23 13:05:35.882 6807 6861 E SQLiteDatabase: at android.os.Looper.loop(Looper.java:237)
04-23 13:05:35.882 6807 6861 E SQLiteDatabase: at android.os.HandlerThread.run(HandlerThread.java:67)
04-23 13:05:35.969 6807 22777 W System : ClassLoader referenced unknown path: system/framework/mediatek-cta.jar
04-23 13:05:35.980 6807 22779 W System : ClassLoader referenced unknown path: system/framework/mediatek-cta.jar
04-23 13:05:36.019 6807 6807 E ArmVmp : Match on catch block at 0xc3 in for 0x91
04-23 13:05:36.028 6807 6807 E ArmVmp : Match on catch block at 0xc3 in for 0x95
04-23 13:05:36.073 6807 6807 E ArmVmp : Match on catch block at 0xc3 in for 0x99
04-23 13:05:36.277 6807 22780 W System : ClassLoader referenced unknown path: system/framework/mediatek-cta.jar
04-23 13:05:36.520 6807 6807 E ArmVmp : Match on catch block at 0xc3 in for 0x99
04-23 13:05:36.531 6807 6807 E ArmVmp : Match on catch block at 0xc3 in for 0x91
04-23 13:05:36.993 6807 6807 E ArmVmp : Match on catch block at 0xc3 in for 0x95
04-23 13:05:37.721 6807 6807 E ArmVmp : Match on catch block at 0xc3 in for 0x99
04-23 13:05:37.729 6807 6807 E ArmVmp : Match on catch block at 0xc3 in for 0x91
04-23 13:05:37.768 6807 6807 E ArmVmp : Match on catch block at 0xc3 in for 0x95
04-23 13:05:38.994 6807 6807 E ArmVmp : Match on catch block at 0xc3 in for 0x99
04-23 13:05:39.002 6807 6807 E ArmVmp : Match on catch block at 0xc3 in for 0x91
04-23 13:05:39.046 6807 6807 E ArmVmp : Match on catch block at 0xc3 in for 0x95
04-23 13:05:39.883 6807 6807 E ArmVmp : Match on catch block at 0xc3 in for 0x99
04-23 13:05:39.889 6807 6807 E ArmVmp : Match on catch block at 0xc3 in for 0x91
04-23 13:05:39.920 6807 6807 E ArmVmp : Match on catch block at 0xc3 in for 0x95
04-23 13:05:40.041 6807 6807 E ArmVmp : Match on catch block at 0xc3 in for 0x99
04-23 13:05:40.045 6807 6807 E ArmVmp : Match on catch block at 0xc3 in for 0x91
04-23 13:05:40.076 6807 6807 E ArmVmp : Match on catch block at 0xc3 in for 0x95
04-23 13:05:40.397 6807 6807 E ArmVmp : Match on catch block at 0xc3 in for 0x91
04-23 13:05:40.403 6807 6807 E ArmVmp : Match on catch block at 0xc3 in for 0x95
04-23 13:05:40.433 6807 6807 E ArmVmp : Match on catch block at 0xc3 in for 0x99
04-23 13:05:40.534 6807 6861 E SQLiteDatabase: Error inserting transferred=1 media_job_uuid=27629307-a563-4a9f-bc1e-b0d1a72f2dc9 transcoded=1 gif_attribution=0 first_scan_length=0 direct_path=/v/t62.7118- 24/40256571_1408013017261418_1842876452728205027_n.enc?ccb=11-4&oh=01_Q5AaINQoRE- v0RKuCdm2zW2yQ8o3299-npK5pMXmvLFmG8QU&oe=664F60DB&_nc_sid=5e03e0 thumbnail_height_width_ratio=1.3541666 is_animated_sticker=0 file_hash=+hWmThsEVjImqQ50rKEs2I/sRvQ49knakVe7QIyAv9o= file_path=Media/MBWhatsApp Images/Sent/IMG-20240423-WA0003.jpg file_size=1698868 partial_media_hash=Y4EBpEeLV6OYD9BHlzf5D7nVjVE5BfleZZr11Mg8jBw= face_x=0 face_y=0 height=4000 trim_to=0 media_key_timestamp=1713891927882 message_url=https://mmg.whatsapp.net/v/t62.7118- 24/40256571_1408013017261418_1842876452728205027_n.enc?ccb=11-4&oh=01_Q5AaINQoRE- v0RKuCdm2zW2yQ8o3299-npK5pMXmvLFmG8QU&oe=664F60DB&_nc_sid=5e03e0&mms3=true media_caption=null trim_from=0 mime_type=null partial_media_enc_hash=null width=3000 original_file_hash=wckESwLiWBKcIDblL2n/jVAiqHPy0uTcr1CiPa1bPkQ= has_streaming_sidecar=1 autotransfer_retry_enabled=0 media_upload_handle=null message_row_id=28691 multicast_id=null enc_file_hash=9StHb+WaATga/67SUKN0zxMrfGF+eeAHP9VpPxlBhJE= mute_video=0 page_count=0 first_scan_sidecar=null suspicious_content=0 file_length=1698868 media_name=65eb2732-2564-4f0a-9982-26ac0a704bf9.jpg media_duration=0 chat_row_id=9 media_key=[B@57d6798
04-23 13:05:40.534 6807 6861 E SQLiteDatabase: android.database.sqlite.SQLiteConstraintException: UNIQUE constraint failed: message_media.message_row_id (code 1555 SQLITE_CONSTRAINT_PRIMARYKEY[1555])
04-23 13:05:40.534 6807 6861 E SQLiteDatabase: at android.database.sqlite.SQLiteConnection.nativeExecuteForLastInsertedRowId(Native Method)
04-23 13:05:40.534 6807 6861 E SQLiteDatabase: at android.database.sqlite.SQLiteConnection.executeForLastInsertedRowId(SQLiteConnecti on.java:1127)
04-23 13:05:40.534 6807 6861 E SQLiteDatabase: at android.database.sqlite.SQLiteSession.executeForLastInsertedRowId(SQLiteSession.jav a:790)
04-23 13:05:40.534 6807 6861 E SQLiteDatabase: at android.database.sqlite.SQLiteStatement.executeInsert(SQLiteStatement.java:88)
04-23 13:05:40.534 6807 6861 E SQLiteDatabase: at android.database.sqlite.SQLiteDatabase.insertWithOnConflict(SQLiteDatabase.java:211 5)
04-23 13:05:40.534 6807 6861 E SQLiteDatabase: at android.database.sqlite.SQLiteDatabase.insert(SQLiteDatabase.java:1984)
04-23 13:05:40.534 6807 6861 E SQLiteDatabase: at X.2tm.A08(Unknown Source:6)
04-23 13:05:40.534 6807 6861 E SQLiteDatabase: at X.35Y.A07(Unknown Source:212)
04-23 13:05:40.534 6807 6861 E SQLiteDatabase: at X.3QF.A14(Unknown Source:470)
04-23 13:05:40.534 6807 6861 E SQLiteDatabase: at X.3gU.run(Unknown Source:982)
04-23 13:05:40.534 6807 6861 E SQLiteDatabase: at android.os.Handler.handleCallback(Handler.java:883)
04-23 13:05:40.534 6807 6861 E SQLiteDatabase: at android.os.Handler.dispatchMessage(Handler.java:100)
04-23 13:05:40.534 6807 6861 E SQLiteDatabase: at X.0zq.dispatchMessage(Unknown Source:4)
04-23 13:05:40.534 6807 6861 E SQLiteDatabase: at android.os.Looper.loop(Looper.java:237)
04-23 13:05:40.534 6807 6861 E SQLiteDatabase: at android.os.HandlerThread.run(HandlerThread.java:67)
04-23 13:05:41.140 6807 6807 E GraphicExt: GraphicExtModuleLoader::CreateGraphicExtInstance false
04-23 13:05:41.152 6807 6807 E DecorView: mWindow.mActivityCurrentConfig is null
04-23 13:05:41.348 6807 6807 E ArmVmp : Match on catch block at 0xc3 in for 0x91
04-23 13:05:41.353 6807 6807 E ArmVmp : Match on catch block at 0xc3 in for 0x95
04-23 13:05:41.395 6807 6807 E ArmVmp : Match on catch block at 0xc3 in for 0x99
04-23 13:05:41.463 6807 6861 E SQLiteDatabase: Error inserting transferred=1 media_job_uuid=c192b1e4-e89a-4464-9152-f06f3cc001f9 transcoded=1 gif_attribution=0 first_scan_length=0 direct_path=/v/t62.7118- 24/40944181_25329713056643186_8092305424528663455_n.enc?ccb=11- 4&oh=01_Q5AaIJh0kN5zrtezWQWuj1pVDrESYNjYIInMofRC7Mn1fxSu&oe=664F5630&_nc_sid=5e03e0 thumbnail_height_width_ratio=1.3541666 is_animated_sticker=0 file_hash=9ONqvg3yiho4IuqWrQpEzcFNan1hdDM/pAssC5Lj4L0= file_path=Media/MBWhatsApp Images/Sent/IMG-20240423-WA0004.jpg file_size=1514116 partial_media_hash=GaluNIJNcx9iPXMr0sgEGxWQUoyCk8Hyh/qm1E+c9/U= face_x=0 face_y=0 height=4000 trim_to=0 media_key_timestamp=1713891928327 message_url=https://mmg.whatsapp.net/v/t62.7118- 24/40944181_25329713056643186_8092305424528663455_n.enc?ccb=11- 4&oh=01_Q5AaIJh0kN5zrtezWQWuj1pVDrESYNjYIInMofRC7Mn1fxSu&oe=664F5630&_nc_sid=5e03e0 &mms3=true media_caption=null trim_from=0 mime_type=null partial_media_enc_hash=null width=3000 original_file_hash=Zn4jzorzdkJ58Qntq730WH+sJIJio2T344x6jauJL3A= has_streaming_sidecar=1 autotransfer_retry_enabled=0 media_upload_handle=null message_row_id=28694 multicast_id=null enc_file_hash=y7ouyS0V+k5DgvkWv3AGwkp41rx2qkALHqloMFOUarw= mute_video=0 page_count=0 first_scan_sidecar=null suspicious_content=0 file_length=1514116 media_name=4f101b3b-af45-493b-8e83-7dfb1b67be70.jpg media_duration=0 chat_row_id=9 media_key=[B@48f5360
04-23 13:05:41.463 6807 6861 E SQLiteDatabase: android.database.sqlite.SQLiteConstraintException: UNIQUE constraint failed: message_media.message_row_id (code 1555 SQLITE_CONSTRAINT_PRIMARYKEY[1555])
04-23 13:05:41.463 6807 6861 E SQLiteDatabase: at android.database.sqlite.SQLiteConnection.nativeExecuteForLastInsertedRowId(Native Method)
04-23 13:05:41.463 6807 6861 E SQLiteDatabase: at android.database.sqlite.SQLiteConnection.executeForLastInsertedRowId(SQLiteConnecti on.java:1127)
04-23 13:05:41.463 6807 6861 E SQLiteDatabase: at android.database.sqlite.SQLiteSession.executeForLastInsertedRowId(SQLiteSession.jav a:790)
04-23 13:05:41.463 6807 6861 E SQLiteDatabase: at android.database.sqlite.SQLiteStatement.executeInsert(SQLiteStatement.java:88)
04-23 13:05:41.463 6807 6861 E SQLiteDatabase: at android.database.sqlite.SQLiteDatabase.insertWithOnConflict(SQLiteDatabase.java:211 5)
04-23 13:05:41.463 6807 6861 E SQLiteDatabase: at android.database.sqlite.SQLiteDatabase.insert(SQLiteDatabase.java:1984)
04-23 13:05:41.463 6807 6861 E SQLiteDatabase: at X.2tm.A08(Unknown Source:6)
04-23 13:05:41.463 6807 6861 E SQLiteDatabase: at X.35Y.A07(Unknown Source:212)
04-23 13:05:41.463 6807 6861 E SQLiteDatabase: at X.3QF.A14(Unknown Source:470)
04-23 13:05:41.463 6807 6861 E SQLiteDatabase: at X.3gU.run(Unknown Source:982)
04-23 13:05:41.463 6807 6861 E SQLiteDatabase: at android.os.Handler.handleCallback(Handler.java:883)
04-23 13:05:41.463 6807 6861 E SQLiteDatabase: at android.os.Handler.dispatchMessage(Handler.java:100)
04-23 13:05:41.463 6807 6861 E SQLiteDatabase: at X.0zq.dispatchMessage(Unknown Source:4)
04-23 13:05:41.463 6807 6861 E SQLiteDatabase: at android.os.Looper.loop(Looper.java:237)
04-23 13:05:41.463 6807 6861 E SQLiteDatabase: at android.os.HandlerThread.run(HandlerThread.java:67)
04-23 13:05:41.481 6807 6807 E ArmVmp : Match on catch block at 0xc3 in for 0x95
04-23 13:05:41.489 6807 6807 E ArmVmp : Match on catch block at 0xc3 in for 0x99
04-23 13:05:41.518 6807 6807 E ArmVmp : Match on catch block at 0xc3 in for 0x91
04-23 13:05:41.612 6807 6861 E SQLiteDatabase: Error inserting transferred=1 media_job_uuid=22356549-25bc-453d-8da9-d89f1000e513 transcoded=1 gif_attribution=0 first_scan_length=0 direct_path=/v/t62.7118- 24/56457948_802310951821259_6894072691576827387_n.enc?ccb=11- 4&oh=01_Q5AaIN5YB5vNz1hKUjFL2jVi-0D5Sckvq67ae2m5ktygDILQ&oe=664F4431&_nc_sid=5e03e0 thumbnail_height_width_ratio=1.3541666 is_animated_sticker=0 file_hash=Sre61tF9Cv/l8ixw/JHNMZBhZaleAAyg2T/y9KNvLJs= file_path=Media/MBWhatsApp Images/Sent/IMG-20240423-WA0005.jpg file_size=1717423 partial_media_hash=Z/Mn/uuGe2kBE+s0/d48tPj3vA4csQJs30Xw1Iv5HyM= face_x=0 face_y=0 height=4000 trim_to=0 media_key_timestamp=1713891927943 message_url=https://mmg.whatsapp.net/v/t62.7118- 24/56457948_802310951821259_6894072691576827387_n.enc?ccb=11- 4&oh=01_Q5AaIN5YB5vNz1hKUjFL2jVi- 0D5Sckvq67ae2m5ktygDILQ&oe=664F4431&_nc_sid=5e03e0&mms3=true media_caption=null trim_from=0 mime_type=null partial_media_enc_hash=null width=3000 original_file_hash=uLl3JkOjpkocqhnH8xpqChD08BH/YmNyviWCchSVPF0= has_streaming_sidecar=1 autotransfer_retry_enabled=0 media_upload_handle=null message_row_id=28693 multicast_id=null enc_file_hash=YrjV4Cj1/HY6puhN2iCcisa/Iw5MpPMgPTHb6w6iF5k= mute_video=0 page_count=0 first_scan_sidecar=null suspicious_content=0 file_length=1717423 media_name=ded31fe6-e7fd-4df5-ad44-c700a6aed1ca.jpg media_duration=0 chat_row_id=9 media_key=[B@6223db
04-23 13:05:41.612 6807 6861 E SQLiteDatabase: android.database.sqlite.SQLiteConstraintException: UNIQUE constraint failed: message_media.message_row_id (code 1555 SQLITE_CONSTRAINT_PRIMARYKEY[1555])
04-23 13:05:41.612 6807 6861 E SQLiteDatabase: at android.database.sqlite.SQLiteConnection.nativeExecuteForLastInsertedRowId(Native Method)
04-23 13:05:41.612 6807 6861 E SQLiteDatabase: at android.database.sqlite.SQLiteConnection.executeForLastInsertedRowId(SQLiteConnecti on.java:1127)
04-23 13:05:41.612 6807 6861 E SQLiteDatabase: at android.database.sqlite.SQLiteSession.executeForLastInsertedRowId(SQLiteSession.jav a:790)
04-23 13:05:41.612 6807 6861 E SQLiteDatabase: at android.database.sqlite.SQLiteStatement.executeInsert(SQLiteStatement.java:88)
04-23 13:05:41.612 6807 6861 E SQLiteDatabase: at android.database.sqlite.SQLiteDatabase.insertWithOnConflict(SQLiteDatabase.java:211 5)
04-23 13:05:41.612 6807 6861 E SQLiteDatabase: at android.database.sqlite.SQLiteDatabase.insert(SQLiteDatabase.java:1984)
04-23 13:05:41.612 6807 6861 E SQLiteDatabase: at X.2tm.A08(Unknown Source:6)
04-23 13:05:41.612 6807 6861 E SQLiteDatabase: at X.35Y.A07(Unknown Source:212)
04-23 13:05:41.612 6807 6861 E SQLiteDatabase: at X.3QF.A14(Unknown Source:470)
04-23 13:05:41.612 6807 6861 E SQLiteDatabase: at X.3gU.run(Unknown Source:982)
04-23 13:05:41.612 6807 6861 E SQLiteDatabase: at android.os.Handler.handleCallback(Handler.java:883)
04-23 13:05:41.612 6807 6861 E SQLiteDatabase: at android.os.Handler.dispatchMessage(Handler.java:100)
04-23 13:05:41.612 6807 6861 E SQLiteDatabase: at X.0zq.dispatchMessage(Unknown Source:4)
04-23 13:05:41.612 6807 6861 E SQLiteDatabase: at android.os.Looper.loop(Looper.java:237)
04-23 13:05:41.612 6807 6861 E SQLiteDatabase: at android.os.HandlerThread.run(HandlerThread.java:67)
04-23 13:05:41.631 6807 6807 E ArmVmp : Match on catch block at 0xc3 in for 0x95
04-23 13:05:41.639 6807 6807 E ArmVmp : Match on catch block at 0xc3 in for 0x99
04-23 13:05:41.671 6807 6807 E ArmVmp : Match on catch block at 0xc3 in for 0x91
04-23 13:05:41.718 6807 6807 E ArmVmp : Match on catch block at 0xc3 in for 0x91
04-23 13:05:41.722 6807 6807 E ArmVmp : Match on catch block at 0xc3 in for 0x95
04-23 13:05:41.752 6807 6807 E ArmVmp : Match on catch block at 0xc3 in for 0x99
04-23 13:05:41.782 6807 6807 E ArmVmp : Match on catch block at 0xc3 in for 0x91
04-23 13:05:41.787 6807 6807 E ArmVmp : Match on catch block at 0xc3 in for 0x95
04-23 13:05:41.815 6807 6807 E ArmVmp : Match on catch block at 0xc3 in for 0x99
04-23 13:05:41.878 6807 6807 E ArmVmp : Match on catch block at 0xc3 in for 0x95
04-23 13:05:41.884 6807 6807 E ArmVmp : Match on catch block at 0xc3 in for 0x99
04-23 13:05:41.975 6807 6807 E ArmVmp : Match on catch block at 0xc3 in for 0x99
04-23 13:05:41.982 6807 6807 E ArmVmp : Match on catch block at 0xc3 in for 0x91
04-23 13:05:42.202 6807 6807 E ViewRootImpl: sendUserActionEvent() mView returned.
04-23 13:05:42.601 6807 6807 E ArmVmp : Match on catch block at 0xc3 in for 0x99
04-23 13:05:42.605 6807 6807 E ArmVmp : Match on catch block at 0xc3 in for 0x91
04-23 13:05:42.644 6807 6807 E ArmVmp : Match on catch block at 0xc3 in for 0x95
04-23 13:05:42.648 6807 6807 E ArmVmp : Match on catch block at 0xc3 in for 0x99
04-23 13:05:42.721 6807 6861 E SQLiteDatabase: Error inserting transferred=1 media_job_uuid=3cdff37a-0545-47c7-b695-43cb53f387e3 transcoded=1 gif_attribution=0 first_scan_length=0 direct_path=/v/t62.7118- 24/30652138_8102509453097301_5337317347415049663_n.enc?ccb=11- 4&oh=01_Q5AaIH28YzMotZlITmNhCb37xZcnOUgS2BRNMYOasnAL0jY3&oe=664F71A3&_nc_sid=5e03e0 thumbnail_height_width_ratio=1.3541666 is_animated_sticker=0 file_hash=/iQEJUOdhkXqFFfOrDDUxYWiERZY8hcfBKthmJgwKWA= file_path=Media/MBWhatsApp Images/Sent/IMG-20240423-WA0006.jpg file_size=1685440 partial_media_hash=OaDWomB8JU6xq7YyBxtngDhfkgY8RQ89/qLT3qSSIVw= face_x=0 face_y=0 height=4000 trim_to=0 media_key_timestamp=1713891927873 message_url=https://mmg.whatsapp.net/v/t62.7118- 24/30652138_8102509453097301_5337317347415049663_n.enc?ccb=11- 4&oh=01_Q5AaIH28YzMotZlITmNhCb37xZcnOUgS2BRNMYOasnAL0jY3&oe=664F71A3&_nc_sid=5e03e0 &mms3=true media_caption=null trim_from=0 mime_type=null partial_media_enc_hash=null width=3000 original_file_hash=vJrIzOybkm45TVkeI90EF10v0oqSAV3N0StjYlGTwgw= has_streaming_sidecar=1 autotransfer_retry_enabled=0 media_upload_handle=null message_row_id=28692 multicast_id=null enc_file_hash=df4O2q40/pb3RYcjXRtw5BSP5EfweGHuKtmkwnhpYSo= mute_video=0 page_count=0 first_scan_sidecar=null suspicious_content=0 file_length=1685440 media_name=2e4e41b0-a156-4d1a-9253-590e51ea03e0.jpg media_duration=0 chat_row_id=9 media_key=[B@825e457
04-23 13:05:42.721 6807 6861 E SQLiteDatabase: android.database.sqlite.SQLiteConstraintException: UNIQUE constraint failed: message_media.message_row_id (code 1555 SQLITE_CONSTRAINT_PRIMARYKEY[1555])
04-23 13:05:42.721 6807 6861 E SQLiteDatabase: at android.database.sqlite.SQLiteConnection.nativeExecuteForLastInsertedRowId(Native Method)
04-23 13:05:42.721 6807 6861 E SQLiteDatabase: at android.database.sqlite.SQLiteConnection.executeForLastInsertedRowId(SQLiteConnecti on.java:1127)
