04-23 13:05:42.721 6807 6861 E SQLiteDatabase: at android.database.sqlite.SQLiteSession.executeForLastInsertedRowId(SQLiteSession.jav a:790)
04-23 13:05:42.721 6807 6861 E SQLiteDatabase: at android.database.sqlite.SQLiteStatement.executeInsert(SQLiteStatement.java:88)
04-23 13:05:42.721 6807 6861 E SQLiteDatabase: at android.database.sqlite.SQLiteDatabase.insertWithOnConflict(SQLiteDatabase.java:211 5)
04-23 13:05:42.721 6807 6861 E SQLiteDatabase: at android.database.sqlite.SQLiteDatabase.insert(SQLiteDatabase.java:1984)
04-23 13:05:42.721 6807 6861 E SQLiteDatabase: at X.2tm.A08(Unknown Source:6)
04-23 13:05:42.721 6807 6861 E SQLiteDatabase: at X.35Y.A07(Unknown Source:212)
04-23 13:05:42.721 6807 6861 E SQLiteDatabase: at X.3QF.A14(Unknown Source:470)
04-23 13:05:42.721 6807 6861 E SQLiteDatabase: at X.3gU.run(Unknown Source:982)
04-23 13:05:42.721 6807 6861 E SQLiteDatabase: at android.os.Handler.handleCallback(Handler.java:883)
04-23 13:05:42.721 6807 6861 E SQLiteDatabase: at android.os.Handler.dispatchMessage(Handler.java:100)
04-23 13:05:42.721 6807 6861 E SQLiteDatabase: at X.0zq.dispatchMessage(Unknown Source:4)
04-23 13:05:42.721 6807 6861 E SQLiteDatabase: at android.os.Looper.loop(Looper.java:237)
04-23 13:05:42.721 6807 6861 E SQLiteDatabase: at android.os.HandlerThread.run(HandlerThread.java:67)
04-23 13:05:42.749 6807 6807 E ArmVmp : Match on catch block at 0xc3 in for 0x95
04-23 13:05:42.753 6807 6807 E ArmVmp : Match on catch block at 0xc3 in for 0x99
04-23 13:05:42.763 6807 6807 E ArmVmp : Match on catch block at 0xc3 in for 0x95
04-23 13:05:42.768 6807 6807 E ArmVmp : Match on catch block at 0xc3 in for 0x99
04-23 13:05:42.853 6807 6807 E ArmVmp : Match on catch block at 0xc3 in for 0x95
04-23 13:05:42.857 6807 6807 E ArmVmp : Match on catch block at 0xc3 in for 0x99
04-23 13:05:42.866 6807 6807 E ArmVmp : Match on catch block at 0xc3 in for 0x95
04-23 13:05:42.870 6807 6807 E ArmVmp : Match on catch block at 0xc3 in for 0x99
04-23 13:05:43.290 6807 6807 E ArmVmp : Match on catch block at 0xc3 in for 0x95
04-23 13:05:43.295 6807 6807 E ArmVmp : Match on catch block at 0xc3 in for 0x99
04-23 13:05:43.305 6807 6807 E ArmVmp : Match on catch block at 0xc3 in for 0x95
04-23 13:05:43.312 6807 6807 E ArmVmp : Match on catch block at 0xc3 in for 0x99
04-23 13:05:43.744 6807 6807 E ArmVmp : Match on catch block at 0xc3 in for 0x91
04-23 13:05:43.750 6807 6807 E ArmVmp : Match on catch block at 0xc3 in for 0x95
04-23 13:05:43.757 6807 6807 E ArmVmp : Match on catch block at 0xc3 in for 0x91
04-23 13:05:43.762 6807 6807 E ArmVmp : Match on catch block at 0xc3 in for 0x95
04-23 13:05:44.014 6807 6807 E ArmVmp : Match on catch block at 0xc3 in for 0x95
04-23 13:05:44.020 6807 6807 E ArmVmp : Match on catch block at 0xc3 in for 0x99
04-23 13:05:44.071 6807 6807 E ArmVmp : Match on catch block at 0xc3 in for 0x99
04-23 13:05:44.075 6807 6807 E ArmVmp : Match on catch block at 0xc3 in for 0x91
04-23 13:05:44.141 6807 6807 E ArmVmp : Match on catch block at 0xc3 in for 0x91
04-23 13:05:44.148 6807 6807 E ArmVmp : Match on catch block at 0xc3 in for 0x95
04-23 13:05:44.239 6807 6807 E ArmVmp : Match on catch block at 0xc3 in for 0x99
04-23 13:05:44.245 6807 6807 E ArmVmp : Match on catch block at 0xc3 in for 0x91
04-23 13:05:44.261 6807 6807 E ArmVmp : Match on catch block at 0xc3 in for 0x91
04-23 13:05:44.266 6807 6807 E ArmVmp : Match on catch block at 0xc3 in for 0x95
04-23 13:05:44.335 6807 6807 E ArmVmp : Match on catch block at 0xc3 in for 0x99
04-23 13:05:44.340 6807 6807 E ArmVmp : Match on catch block at 0xc3 in for 0x91
04-23 13:05:44.349 6807 6807 E ArmVmp : Match on catch block at 0xc3 in for 0x99
04-23 13:05:44.350 6807 22633 W MediaPlayer: Use of stream types is deprecated for operations other than volume control
04-23 13:05:44.350 6807 22633 W MediaPlayer: See the documentation of setAudioStreamType() for what to use instead with android.media.AudioAttributes to qualify your playback use case
04-23 13:05:44.358 6807 6807 E ArmVmp : Match on catch block at 0xc3 in for 0x91
04-23 13:05:44.394 6807 6887 W MediaPlayerNative: info/warning (10973, 0)
04-23 13:05:44.708 6807 6807 E ArmVmp : Match on catch block at 0xc3 in for 0x95
04-23 13:05:44.715 6807 6807 E ArmVmp : Match on catch block at 0xc3 in for 0x99
04-23 13:05:45.223 6807 6807 E ArmVmp : Match on catch block at 0xc3 in for 0x99
04-23 13:05:45.229 6807 6807 E ArmVmp : Match on catch block at 0xc3 in for 0x91
04-23 13:05:45.286 6807 6807 E ArmVmp : Match on catch block at 0xc3 in for 0x95
04-23 13:05:45.294 6807 6807 E ArmVmp : Match on catch block at 0xc3 in for 0x99
04-23 13:05:45.312 6807 6807 E ArmVmp : Match on catch block at 0xc3 in for 0x91
04-23 13:05:45.316 6807 6807 E ArmVmp : Match on catch block at 0xc3 in for 0x95
04-23 13:05:45.450 6807 6807 E ArmVmp : Match on catch block at 0xc3 in for 0x99
04-23 13:05:45.455 6807 6807 E ArmVmp : Match on catch block at 0xc3 in for 0x91
04-23 13:05:45.479 6807 6807 E ArmVmp : Match on catch block at 0xc3 in for 0x91
04-23 13:05:45.485 6807 6807 E ArmVmp : Match on catch block at 0xc3 in for 0x95
04-23 13:05:45.510 6807 6807 E ArmVmp : Match on catch block at 0xc3 in for 0x91
04-23 13:05:45.515 6807 6807 E ArmVmp : Match on catch block at 0xc3 in for 0x95
04-23 13:05:45.579 6807 6807 E ArmVmp : Match on catch block at 0xc3 in for 0x91
04-23 13:05:45.585 6807 6807 E ArmVmp : Match on catch block at 0xc3 in for 0x95
04-23 13:05:45.599 6807 6807 E ArmVmp : Match on catch block at 0xc3 in for 0x99
04-23 13:05:45.606 6807 6807 E ArmVmp : Match on catch block at 0xc3 in for 0x91
04-23 13:05:45.692 6807 6807 E ArmVmp : Match on catch block at 0xc3 in for 0x91
04-23 13:05:45.696 6807 6807 E ArmVmp : Match on catch block at 0xc3 in for 0x95
04-23 13:05:45.704 6807 6807 E ArmVmp : Match on catch block at 0xc3 in for 0x95
04-23 13:05:45.709 6807 6807 E ArmVmp : Match on catch block at 0xc3 in for 0x99
04-23 13:05:45.718 6807 6807 E ArmVmp : Match on catch block at 0xc3 in for 0x99
04-23 13:05:45.723 6807 6807 E ArmVmp : Match on catch block at 0xc3 in for 0x91
04-23 13:05:45.787 6807 6807 E ArmVmp : Match on catch block at 0xc3 in for 0x99
04-23 13:05:45.791 6807 6807 E ArmVmp : Match on catch block at 0xc3 in for 0x91
04-23 13:05:45.819 6807 6861 E SQLiteDatabase: Error inserting transferred=0 media_job_uuid=bde68a6b-c204-476d-a456-0075e9caf942 transcoded=1 gif_attribution=0 first_scan_length=0 direct_path=null thumbnail_height_width_ratio=1.3541666 is_animated_sticker=0 file_hash=null file_path=/data/user/0/com.mbwhatsapp/files/.Shared/bd5c2107-cf0d-40cf-8017- f2b4a7344523.jpg file_size=1668511 partial_media_hash=null face_x=0 face_y=0 height=4000 trim_to=0 media_key_timestamp=0 message_url=null media_caption=null trim_from=0 mime_type=null partial_media_enc_hash=null width=3000 original_file_hash=Nj/SCzS52RVJBhAg3qeEUlL0F3S+FwxXF4A4KYo1ydw= has_streaming_sidecar=0 autotransfer_retry_enabled=1 media_upload_handle=null message_row_id=28696 multicast_id=null enc_file_hash=null mute_video=0 page_count=0 first_scan_sidecar=null suspicious_content=0 file_length=1668511 media_name=bd5c2107-cf0d-40cf-8017-f2b4a7344523.jpg media_duration=0 chat_row_id=9 media_key=null
04-23 13:05:45.819 6807 6861 E SQLiteDatabase: android.database.sqlite.SQLiteConstraintException: UNIQUE constraint failed: message_media.message_row_id (code 1555 SQLITE_CONSTRAINT_PRIMARYKEY[1555])
04-23 13:05:45.819 6807 6861 E SQLiteDatabase: at android.database.sqlite.SQLiteConnection.nativeExecuteForLastInsertedRowId(Native Method)
04-23 13:05:45.819 6807 6861 E SQLiteDatabase: at android.database.sqlite.SQLiteConnection.executeForLastInsertedRowId(SQLiteConnecti on.java:1127)
04-23 13:05:45.819 6807 6861 E SQLiteDatabase: at android.database.sqlite.SQLiteSession.executeForLastInsertedRowId(SQLiteSession.jav a:790)
04-23 13:05:45.819 6807 6861 E SQLiteDatabase: at android.database.sqlite.SQLiteStatement.executeInsert(SQLiteStatement.java:88)
04-23 13:05:45.819 6807 6861 E SQLiteDatabase: at android.database.sqlite.SQLiteDatabase.insertWithOnConflict(SQLiteDatabase.java:211 5)
04-23 13:05:45.819 6807 6861 E SQLiteDatabase: at android.database.sqlite.SQLiteDatabase.insert(SQLiteDatabase.java:1984)
04-23 13:05:45.819 6807 6861 E SQLiteDatabase: at X.2tm.A08(Unknown Source:6)
04-23 13:05:45.819 6807 6861 E SQLiteDatabase: at X.35Y.A07(Unknown Source:212)
04-23 13:05:45.819 6807 6861 E SQLiteDatabase: at X.3QF.A14(Unknown Source:470)
04-23 13:05:45.819 6807 6861 E SQLiteDatabase: at X.3gU.run(Unknown Source:982)
04-23 13:05:45.819 6807 6861 E SQLiteDatabase: at android.os.Handler.handleCallback(Handler.java:883)
04-23 13:05:45.819 6807 6861 E SQLiteDatabase: at android.os.Handler.dispatchMessage(Handler.java:100)
04-23 13:05:45.819 6807 6861 E SQLiteDatabase: at X.0zq.dispatchMessage(Unknown Source:4)
04-23 13:05:45.819 6807 6861 E SQLiteDatabase: at android.os.Looper.loop(Looper.java:237)
04-23 13:05:45.819 6807 6861 E SQLiteDatabase: at android.os.HandlerThread.run(HandlerThread.java:67)
04-23 13:05:45.832 6807 6807 E ArmVmp : Match on catch block at 0xc3 in for 0x95
04-23 13:05:45.837 6807 6807 E ArmVmp : Match on catch block at 0xc3 in for 0x99
04-23 13:05:45.904 6807 6861 E SQLiteDatabase: Error inserting transferred=0 media_job_uuid=93217f33-f276-4f29-9e32-7e0670a4e502 transcoded=1 gif_attribution=0 first_scan_length=0 direct_path=null thumbnail_height_width_ratio=1.3541666 is_animated_sticker=0 file_hash=null file_path=/data/user/0/com.mbwhatsapp/files/.Shared/2a65448d-6610-4ef0-8a76- feb52479f234.jpg file_size=1607663 partial_media_hash=null face_x=0 face_y=0 height=4000 trim_to=0 media_key_timestamp=0 message_url=null media_caption=null trim_from=0 mime_type=null partial_media_enc_hash=null width=3000 original_file_hash=QoYAhjl+dQanRxVi4K6WOTRa53Op5LGkLpZpcE+KMFE= has_streaming_sidecar=0 autotransfer_retry_enabled=1 media_upload_handle=null message_row_id=28695 multicast_id=null enc_file_hash=null mute_video=0 page_count=0 first_scan_sidecar=null suspicious_content=0 file_length=1607663 media_name=2a65448d-6610-4ef0-8a76-feb52479f234.jpg media_duration=0 chat_row_id=9 media_key=null
04-23 13:05:45.904 6807 6861 E SQLiteDatabase: android.database.sqlite.SQLiteConstraintException: UNIQUE constraint failed: message_media.message_row_id (code 1555 SQLITE_CONSTRAINT_PRIMARYKEY[1555])
04-23 13:05:45.904 6807 6861 E SQLiteDatabase: at android.database.sqlite.SQLiteConnection.nativeExecuteForLastInsertedRowId(Native Method)
04-23 13:05:45.904 6807 6861 E SQLiteDatabase: at android.database.sqlite.SQLiteConnection.executeForLastInsertedRowId(SQLiteConnecti on.java:1127)
04-23 13:05:45.904 6807 6861 E SQLiteDatabase: at android.database.sqlite.SQLiteSession.executeForLastInsertedRowId(SQLiteSession.jav a:790)
04-23 13:05:45.904 6807 6861 E SQLiteDatabase: at android.database.sqlite.SQLiteStatement.executeInsert(SQLiteStatement.java:88)
04-23 13:05:45.904 6807 6861 E SQLiteDatabase: at android.database.sqlite.SQLiteDatabase.insertWithOnConflict(SQLiteDatabase.java:211 5)
04-23 13:05:45.904 6807 6861 E SQLiteDatabase: at android.database.sqlite.SQLiteDatabase.insert(SQLiteDatabase.java:1984)
04-23 13:05:45.904 6807 6861 E SQLiteDatabase: at X.2tm.A08(Unknown Source:6)
04-23 13:05:45.904 6807 6861 E SQLiteDatabase: at X.35Y.A07(Unknown Source:212)
04-23 13:05:45.904 6807 6861 E SQLiteDatabase: at X.3QF.A14(Unknown Source:470)
04-23 13:05:45.904 6807 6861 E SQLiteDatabase: at X.3gU.run(Unknown Source:982)
04-23 13:05:45.904 6807 6861 E SQLiteDatabase: at android.os.Handler.handleCallback(Handler.java:883)
04-23 13:05:45.904 6807 6861 E SQLiteDatabase: at android.os.Handler.dispatchMessage(Handler.java:100)
04-23 13:05:45.904 6807 6861 E SQLiteDatabase: at X.0zq.dispatchMessage(Unknown Source:4)
04-23 13:05:45.904 6807 6861 E SQLiteDatabase: at android.os.Looper.loop(Looper.java:237)
04-23 13:05:45.904 6807 6861 E SQLiteDatabase: at android.os.HandlerThread.run(HandlerThread.java:67)
04-23 13:05:45.954 6807 6807 E ArmVmp : Match on catch block at 0xc3 in for 0x99
04-23 13:05:45.959 6807 6807 E ArmVmp : Match on catch block at 0xc3 in for 0x91
04-23 13:05:46.023 6807 6861 E SQLiteDatabase: Error inserting transferred=0 media_job_uuid=6fd79adc-6cc2-4344-941d-025279265ec8 transcoded=1 gif_attribution=0 first_scan_length=0 direct_path=null thumbnail_height_width_ratio=1.3541666 is_animated_sticker=0 file_hash=null file_path=/data/user/0/com.mbwhatsapp/files/.Shared/0539bbd8-ab5a-460c-aa93- e8bc641c6a17.jpg file_size=1732761 partial_media_hash=null face_x=0 face_y=0 height=4000 trim_to=0 media_key_timestamp=0 message_url=null media_caption=null trim_from=0 mime_type=null partial_media_enc_hash=null width=3000 original_file_hash=LLCbXrWPlflKbTS+32XeDKZAv1njN8WatTuoDAgWAxE= has_streaming_sidecar=0 autotransfer_retry_enabled=1 media_upload_handle=null message_row_id=28697 multicast_id=null enc_file_hash=null mute_video=0 page_count=0 first_scan_sidecar=null suspicious_content=0 file_length=1732761 media_name=0539bbd8-ab5a-460c-aa93-e8bc641c6a17.jpg media_duration=0 chat_row_id=9 media_key=null
04-23 13:05:46.023 6807 6861 E SQLiteDatabase: android.database.sqlite.SQLiteConstraintException: UNIQUE constraint failed: message_media.message_row_id (code 1555 SQLITE_CONSTRAINT_PRIMARYKEY[1555])
04-23 13:05:46.023 6807 6861 E SQLiteDatabase: at android.database.sqlite.SQLiteConnection.nativeExecuteForLastInsertedRowId(Native Method)
04-23 13:05:46.023 6807 6861 E SQLiteDatabase: at android.database.sqlite.SQLiteConnection.executeForLastInsertedRowId(SQLiteConnecti on.java:1127)
04-23 13:05:46.023 6807 6861 E SQLiteDatabase: at android.database.sqlite.SQLiteSession.executeForLastInsertedRowId(SQLiteSession.jav a:790)
04-23 13:05:46.023 6807 6861 E SQLiteDatabase: at android.database.sqlite.SQLiteStatement.executeInsert(SQLiteStatement.java:88)
04-23 13:05:46.023 6807 6861 E SQLiteDatabase: at android.database.sqlite.SQLiteDatabase.insertWithOnConflict(SQLiteDatabase.java:211 5)
04-23 13:05:46.023 6807 6861 E SQLiteDatabase: at android.database.sqlite.SQLiteDatabase.insert(SQLiteDatabase.java:1984)
04-23 13:05:46.023 6807 6861 E SQLiteDatabase: at X.2tm.A08(Unknown Source:6)
04-23 13:05:46.023 6807 6861 E SQLiteDatabase: at X.35Y.A07(Unknown Source:212)
04-23 13:05:46.023 6807 6861 E SQLiteDatabase: at X.3QF.A14(Unknown Source:470)
04-23 13:05:46.023 6807 6861 E SQLiteDatabase: at X.3gU.run(Unknown Source:982)
04-23 13:05:46.023 6807 6861 E SQLiteDatabase: at android.os.Handler.handleCallback(Handler.java:883)
04-23 13:05:46.023 6807 6861 E SQLiteDatabase: at android.os.Handler.dispatchMessage(Handler.java:100)
04-23 13:05:46.023 6807 6861 E SQLiteDatabase: at X.0zq.dispatchMessage(Unknown Source:4)
04-23 13:05:46.023 6807 6861 E SQLiteDatabase: at android.os.Looper.loop(Looper.java:237)
04-23 13:05:46.023 6807 6861 E SQLiteDatabase: at android.os.HandlerThread.run(HandlerThread.java:67)
04-23 13:05:46.323 6807 6807 E GraphicExt: GraphicExtModuleLoader::CreateGraphicExtInstance false
04-23 13:05:46.732 6807 6807 E ArmVmp : Match on catch block at 0xc3 in for 0x99
04-23 13:05:46.735 6807 6807 E ArmVmp : Match on catch block at 0xc3 in for 0x91
04-23 13:05:46.937 6807 6807 E ArmVmp : Match on catch block at 0xc3 in for 0x95
04-23 13:05:46.941 6807 6807 E ArmVmp : Match on catch block at 0xc3 in for 0x99
04-23 13:05:47.176 6807 6807 E ArmVmp : Match on catch block at 0xc3 in for 0x91
04-23 13:05:47.180 6807 6807 E ArmVmp : Match on catch block at 0xc3 in for 0x95
04-23 13:05:47.335 6807 6807 E ArmVmp : Match on catch block at 0xc3 in for 0x99
04-23 13:05:47.340 6807 6807 E ArmVmp : Match on catch block at 0xc3 in for 0x91
04-23 13:05:48.810 6807 6861 E SQLiteDatabase: Error inserting transferred=1 media_job_uuid=93217f33-f276-4f29-9e32-7e0670a4e502 transcoded=1 gif_attribution=0 first_scan_length=0 direct_path=/v/t62.7118- 24/23799415_445533148182488_4842352264021826054_n.enc?ccb=11- 4&oh=01_Q5AaIO6QiUwJIebZa_2R0quALRMR7r5Y_AXXOrxOmYHB7onp&oe=664F61FC&_nc_sid=5e03e0 thumbnail_height_width_ratio=1.3541666 is_animated_sticker=0 file_hash=HUaQxnjgY76kfF4Rc9Z7nAtNUhdkFtfwIeh4vattoGE= file_path=Media/MBWhatsApp Images/Sent/IMG-20240423-WA0007.jpg file_size=1607663 partial_media_hash=ilWa/szxGPCQ5BB56pV276ACHPXgIXkT7KnYEwjw06E= face_x=0 face_y=0 height=4000 trim_to=0 media_key_timestamp=1713891938352 message_url=https://mmg.whatsapp.net/v/t62.7118- 24/23799415_445533148182488_4842352264021826054_n.enc?ccb=11- 4&oh=01_Q5AaIO6QiUwJIebZa_2R0quALRMR7r5Y_AXXOrxOmYHB7onp&oe=664F61FC&_nc_sid=5e03e0 &mms3=true media_caption=null trim_from=0 mime_type=null partial_media_enc_hash=null width=3000 original_file_hash=QoYAhjl+dQanRxVi4K6WOTRa53Op5LGkLpZpcE+KMFE= has_streaming_sidecar=1 autotransfer_retry_enabled=0 media_upload_handle=null message_row_id=28695 multicast_id=null enc_file_hash=KpNbuGKIf0Zt3fjPkb4kvvIQzYsSlO0k/lKQnir/dp4= mute_video=0 page_count=0 first_scan_sidecar=null suspicious_content=0 file_length=1607663 media_name=2a65448d-6610-4ef0-8a76-feb52479f234.jpg media_duration=0 chat_row_id=9 media_key=[B@e8c037a
04-23 13:05:48.810 6807 6861 E SQLiteDatabase: android.database.sqlite.SQLiteConstraintException: UNIQUE constraint failed: message_media.message_row_id (code 1555 SQLITE_CONSTRAINT_PRIMARYKEY[1555])
04-23 13:05:48.810 6807 6861 E SQLiteDatabase: at android.database.sqlite.SQLiteConnection.nativeExecuteForLastInsertedRowId(Native Method)
04-23 13:05:48.810 6807 6861 E SQLiteDatabase: at android.database.sqlite.SQLiteConnection.executeForLastInsertedRowId(SQLiteConnecti on.java:1127)
04-23 13:05:48.810 6807 6861 E SQLiteDatabase: at android.database.sqlite.SQLiteSession.executeForLastInsertedRowId(SQLiteSession.jav a:790)
04-23 13:05:48.810 6807 6861 E SQLiteDatabase: at android.database.sqlite.SQLiteStatement.executeInsert(SQLiteStatement.java:88)
04-23 13:05:48.810 6807 6861 E SQLiteDatabase: at android.database.sqlite.SQLiteDatabase.insertWithOnConflict(SQLiteDatabase.java:211 5)
04-23 13:05:48.810 6807 6861 E SQLiteDatabase: at android.database.sqlite.SQLiteDatabase.insert(SQLiteDatabase.java:1984)
04-23 13:05:48.810 6807 6861 E SQLiteDatabase: at X.2tm.A08(Unknown Source:6)
04-23 13:05:48.810 6807 6861 E SQLiteDatabase: at X.35Y.A07(Unknown Source:212)
04-23 13:05:48.810 6807 6861 E SQLiteDatabase: at X.3QF.A14(Unknown Source:470)
04-23 13:05:48.810 6807 6861 E SQLiteDatabase: at X.3gU.run(Unknown Source:982)
04-23 13:05:48.810 6807 6861 E SQLiteDatabase: at android.os.Handler.handleCallback(Handler.java:883)
04-23 13:05:48.810 6807 6861 E SQLiteDatabase: at android.os.Handler.dispatchMessage(Handler.java:100)
04-23 13:05:48.810 6807 6861 E SQLiteDatabase: at X.0zq.dispatchMessage(Unknown Source:4)
04-23 13:05:48.810 6807 6861 E SQLiteDatabase: at android.os.Looper.loop(Looper.java:237)
04-23 13:05:48.810 6807 6861 E SQLiteDatabase: at android.os.HandlerThread.run(HandlerThread.java:67)
04-23 13:05:50.502 6807 6861 E SQLiteDatabase: Error inserting transferred=1 media_job_uuid=6fd79adc-6cc2-4344-941d-025279265ec8 transcoded=1 gif_attribution=0 first_scan_length=0 direct_path=/v/t62.7118- 24/35868149_2121536258245189_2273464710562214702_n.enc?ccb=11- 4&oh=01_Q5AaIGLaIx_TPSTRJ5ZBssA8mQK_3uoahcRcE-5cHyhhGieg&oe=664F4E3B&_nc_sid=5e03e0 thumbnail_height_width_ratio=1.3541666 is_animated_sticker=0 file_hash=2qBJ+JMu/yV198Q3TP+fCkrV4HrI9YShhiO0u19IgA4= file_path=Media/MBWhatsApp Images/Sent/IMG-20240423-WA0008.jpg file_size=1732761 partial_media_hash=blu7BHzbhehGHye00RWnehQBja2brSRcixcXG3a0yzw= face_x=0 face_y=0 height=4000 trim_to=0 media_key_timestamp=1713891938469 message_url=https://mmg.whatsapp.net/v/t62.7118- 24/35868149_2121536258245189_2273464710562214702_n.enc?ccb=11- 4&oh=01_Q5AaIGLaIx_TPSTRJ5ZBssA8mQK_3uoahcRcE- 5cHyhhGieg&oe=664F4E3B&_nc_sid=5e03e0&mms3=true media_caption=null trim_from=0 mime_type=null partial_media_enc_hash=null width=3000 original_file_hash=LLCbXrWPlflKbTS+32XeDKZAv1njN8WatTuoDAgWAxE= has_streaming_sidecar=1 autotransfer_retry_enabled=0 media_upload_handle=null message_row_id=28697 multicast_id=null enc_file_hash=jsXNldmQ1iqtFWBom2SIeQ1KX2DtAy5E+QH5sIRZ9KA= mute_video=0 page_count=0 first_scan_sidecar=null suspicious_content=0 file_length=1732761 media_name=0539bbd8-ab5a-460c-aa93-e8bc641c6a17.jpg media_duration=0 chat_row_id=9 media_key=[B@1cb6b6
04-23 13:05:50.502 6807 6861 E SQLiteDatabase: android.database.sqlite.SQLiteConstraintException: UNIQUE constraint failed: message_media.message_row_id (code 1555 SQLITE_CONSTRAINT_PRIMARYKEY[1555])
04-23 13:05:50.502 6807 6861 E SQLiteDatabase: at android.database.sqlite.SQLiteConnection.nativeExecuteForLastInsertedRowId(Native Method)
04-23 13:05:50.502 6807 6861 E SQLiteDatabase: at android.database.sqlite.SQLiteConnection.executeForLastInsertedRowId(SQLiteConnecti on.java:1127)
04-23 13:05:50.502 6807 6861 E SQLiteDatabase: at android.database.sqlite.SQLiteSession.executeForLastInsertedRowId(SQLiteSession.jav a:790)
04-23 13:05:50.502 6807 6861 E SQLiteDatabase: at android.database.sqlite.SQLiteStatement.executeInsert(SQLiteStatement.java:88)
04-23 13:05:50.502 6807 6861 E SQLiteDatabase: at android.database.sqlite.SQLiteDatabase.insertWithOnConflict(SQLiteDatabase.java:211 5)
04-23 13:05:50.502 6807 6861 E SQLiteDatabase: at android.database.sqlite.SQLiteDatabase.insert(SQLiteDatabase.java:1984)
04-23 13:05:50.502 6807 6861 E SQLiteDatabase: at X.2tm.A08(Unknown Source:6)
04-23 13:05:50.502 6807 6861 E SQLiteDatabase: at X.35Y.A07(Unknown Source:212)
04-23 13:05:50.502 6807 6861 E SQLiteDatabase: at X.3QF.A14(Unknown Source:470)
04-23 13:05:50.502 6807 6861 E SQLiteDatabase: at X.3gU.run(Unknown Source:982)
04-23 13:05:50.502 6807 6861 E SQLiteDatabase: at android.os.Handler.handleCallback(Handler.java:883)
04-23 13:05:50.502 6807 6861 E SQLiteDatabase: at android.os.Handler.dispatchMessage(Handler.java:100)
04-23 13:05:50.502 6807 6861 E SQLiteDatabase: at X.0zq.dispatchMessage(Unknown Source:4)
04-23 13:05:50.502 6807 6861 E SQLiteDatabase: at android.os.Looper.loop(Looper.java:237)
04-23 13:05:50.502 6807 6861 E SQLiteDatabase: at android.os.HandlerThread.run(HandlerThread.java:67)
04-23 13:05:51.582 6807 6861 E SQLiteDatabase: Error inserting transferred=1 media_job_uuid=bde68a6b-c204-476d-a456-0075e9caf942 transcoded=1 gif_attribution=0 first_scan_length=0 direct_path=/v/t62.7118- 24/33528459_753822183485377_5539983139385364379_n.enc?ccb=11- 4&oh=01_Q5AaIC2WLeYl6kdnTrof015gDxN8wmsWD6xew3sT1KmkmXkk&oe=664F3F39&_nc_sid=5e03e0 thumbnail_height_width_ratio=1.3541666 is_animated_sticker=0 file_hash=A3KtPIsuc9q93YjmtBXIp1c7TuVPE66vH8ojBNy/9qQ= file_path=Media/MBWhatsApp Images/Sent/IMG-20240423-WA0009.jpg file_size=1668511 partial_media_hash=YLqDXlDCo7oI5hGU93TuxX7Dko++enV4MxUjbUDYWag= face_x=0 face_y=0 height=4000 trim_to=0 media_key_timestamp=1713891938263 message_url=https://mmg.whatsapp.net/v/t62.7118- 24/33528459_753822183485377_5539983139385364379_n.enc?ccb=11- 4&oh=01_Q5AaIC2WLeYl6kdnTrof015gDxN8wmsWD6xew3sT1KmkmXkk&oe=664F3F39&_nc_sid=5e03e0 &mms3=true media_caption=null trim_from=0 mime_type=null partial_media_enc_hash=null width=3000 original_file_hash=Nj/SCzS52RVJBhAg3qeEUlL0F3S+FwxXF4A4KYo1ydw= has_streaming_sidecar=1 autotransfer_retry_enabled=0 media_upload_handle=null message_row_id=28696 multicast_id=null enc_file_hash=hFJJ27O7DEnaE/Du8y4/C16mB2LI7C0Du1witUiHQL0= mute_video=0 page_count=0 first_scan_sidecar=null suspicious_content=0 file_length=1668511 media_name=bd5c2107-cf0d-40cf-8017-f2b4a7344523.jpg media_duration=0 chat_row_id=9 media_key=[B@ecb209b
04-23 13:05:51.582 6807 6861 E SQLiteDatabase: android.database.sqlite.SQLiteConstraintException: UNIQUE constraint failed: message_media.message_row_id (code 1555 SQLITE_CONSTRAINT_PRIMARYKEY[1555])
04-23 13:05:51.582 6807 6861 E SQLiteDatabase: at android.database.sqlite.SQLiteConnection.nativeExecuteForLastInsertedRowId(Native Method)
04-23 13:05:51.582 6807 6861 E SQLiteDatabase: at android.database.sqlite.SQLiteConnection.executeForLastInsertedRowId(SQLiteConnecti on.java:1127)
04-23 13:05:51.582 6807 6861 E SQLiteDatabase: at android.database.sqlite.SQLiteSession.executeForLastInsertedRowId(SQLiteSession.jav a:790)
04-23 13:05:51.582 6807 6861 E SQLiteDatabase: at android.database.sqlite.SQLiteStatement.executeInsert(SQLiteStatement.java:88)
04-23 13:05:51.582 6807 6861 E SQLiteDatabase: at android.database.sqlite.SQLiteDatabase.insertWithOnConflict(SQLiteDatabase.java:211 5)
04-23 13:05:51.582 6807 6861 E SQLiteDatabase: at android.database.sqlite.SQLiteDatabase.insert(SQLiteDatabase.java:1984)
04-23 13:05:51.582 6807 6861 E SQLiteDatabase: at X.2tm.A08(Unknown Source:6)
04-23 13:05:51.582 6807 6861 E SQLiteDatabase: at X.35Y.A07(Unknown Source:212)
04-23 13:05:51.582 6807 6861 E SQLiteDatabase: at X.3QF.A14(Unknown Source:470)
04-23 13:05:51.582 6807 6861 E SQLiteDatabase: at X.3gU.run(Unknown Source:982)
04-23 13:05:51.582 6807 6861 E SQLiteDatabase: at android.os.Handler.handleCallback(Handler.java:883)
04-23 13:05:51.582 6807 6861 E SQLiteDatabase: at android.os.Handler.dispatchMessage(Handler.java:100)
04-23 13:05:51.582 6807 6861 E SQLiteDatabase: at X.0zq.dispatchMessage(Unknown Source:4)
04-23 13:05:51.582 6807 6861 E SQLiteDatabase: at android.os.Looper.loop(Looper.java:237)
04-23 13:05:51.582 6807 6861 E SQLiteDatabase: at android.os.HandlerThread.run(HandlerThread.java:67)
04-23 13:10:16.663 6807 6807 E GraphicExt: GraphicExtModuleLoader::CreateGraphicExtInstance false
04-23 13:10:16.706 6807 20647 E IMGSRV : :0: GetRenderableInternalFormatInfoEntry: Unsupported renderable internal format 37808
04-23 13:10:16.706 6807 20647 E IMGSRV : :0: GetRenderableInternalFormatInfoEntry: Unsupported renderable internal format 37810
04-23 13:10:16.706 6807 20647 E IMGSRV : :0: GetRenderableInternalFormatInfoEntry: Unsupported renderable internal format 37809
04-23 13:10:16.706 6807 20647 E IMGSRV : :0: GetRenderableInternalFormatInfoEntry: Unsupported renderable internal format 37811
04-23 13:10:16.706 6807 20647 E IMGSRV : :0: GetRenderableInternalFormatInfoEntry: Unsupported renderable internal format 37812
04-23 13:10:16.706 6807 20647 E IMGSRV : :0: GetRenderableInternalFormatInfoEntry: Unsupported renderable internal format 37813
04-23 13:10:16.706 6807 20647 E IMGSRV : :0: GetRenderableInternalFormatInfoEntry: Unsupported renderable internal format 37814
04-23 13:10:16.706 6807 20647 E IMGSRV : :0: GetRenderableInternalFormatInfoEntry: Unsupported renderable internal format 37815
04-23 13:10:16.706 6807 20647 E IMGSRV : :0: GetRenderableInternalFormatInfoEntry: Unsupported renderable internal format 37816
04-23 13:10:16.706 6807 20647 E IMGSRV : :0: GetRenderableInternalFormatInfoEntry: Unsupported renderable internal format 37817
04-23 13:10:16.706 6807 20647 E IMGSRV : :0: GetRenderableInternalFormatInfoEntry: Unsupported renderable internal format 37818
04-23 13:10:16.706 6807 20647 E IMGSRV : :0: GetRenderableInternalFormatInfoEntry: Unsupported renderable internal format 37819
04-23 13:10:16.706 6807 20647 E IMGSRV : :0: GetRenderableInternalFormatInfoEntry: Unsupported renderable internal format 37820
04-23 13:10:16.706 6807 20647 E IMGSRV : :0: GetRenderableInternalFormatInfoEntry: Unsupported renderable internal format 37821
04-23 13:10:18.199 6807 6807 W ActivityThread: handleWindowVisibility: no activity for token android.os.BinderProxy@a115bcf
04-23 13:10:18.676 6807 6807 E ArmVmp : Match on catch block at 0xb0 in for 0xd9
04-23 13:10:18.691 6807 6807 E ArmVmp : Match on catch block at 0xb0 in for 0xd1
04-23 13:10:18.782 6807 6807 E ArmVmp : Match on catch block at 0x0a in for 0xb5
04-23 13:10:18.788 6807 6807 E ArmVmp : Match on catch block at 0x0a in for 0xb1
04-23 13:10:18.828 6807 8925 W System : ClassLoader referenced unknown path: system/framework/mediatek-cta.jar
04-23 13:10:18.895 6807 6807 E GraphicExt: GraphicExtModuleLoader::CreateGraphicExtInstance false
04-23 13:10:19.353 6807 6807 E ArmVmp : Match on catch block at 0xc3 in for 0xa5
04-23 13:10:19.366 6807 6807 E ArmVmp : Match on catch block at 0xc3 in for 0xa5
04-23 13:10:19.484 6807 6807 E ArmVmp : Match on catch block at 0xc3 in for 0x99
04-23 13:10:19.489 6807 6807 E ArmVmp : Match on catch block at 0xc3 in for 0x91
04-23 13:10:19.492 6807 6807 E ArmVmp : Match on catch block at 0xc3 in for 0x91
04-23 13:10:19.592 6807 6807 E ArmVmp : Match on catch block at 0xc3 in for 0x91
04-23 13:10:19.597 6807 6807 E ArmVmp : Match on catch block at 0xc3 in for 0x95
04-23 13:10:19.600 6807 6807 E ArmVmp : Match on catch block at 0xc3 in for 0x95
04-23 13:10:19.640 6807 6807 E ArmVmp : Match on catch block at 0xc3 in for 0x95
04-23 13:10:19.647 6807 6807 E ArmVmp : Match on catch block at 0xc3 in for 0x99
04-23 13:10:19.650 6807 6807 E ArmVmp : Match on catch block at 0xc3 in for 0x99
04-23 13:10:19.686 6807 6807 E ArmVmp : Match on catch block at 0xc3 in for 0x91
04-23 13:10:19.693 6807 6807 E ArmVmp : Match on catch block at 0xc3 in for 0x95
04-23 13:10:19.697 6807 6807 E ArmVmp : Match on catch block at 0xc3 in for 0x95
04-23 13:10:19.718 6807 6807 E ArmVmp : Match on catch block at 0xc3 in for 0x99
04-23 13:10:19.724 6807 6807 E ArmVmp : Match on catch block at 0xc3 in for 0x91
04-23 13:10:19.727 6807 6807 E ArmVmp : Match on catch block at 0xc3 in for 0x91
04-23 13:10:19.746 6807 6807 E ArmVmp : Match on catch block at 0xc3 in for 0x95
04-23 13:10:19.751 6807 6807 E ArmVmp : Match on catch block at 0xc3 in for 0x99
04-23 13:10:19.755 6807 6807 E ArmVmp : Match on catch block at 0xc3 in for 0x99
04-23 13:10:19.771 6807 6807 E ArmVmp : Match on catch block at 0xc3 in for 0x91
04-23 13:10:19.777 6807 6807 E ArmVmp : Match on catch block at 0xc3 in for 0x95
04-23 13:10:19.780 6807 6807 E ArmVmp : Match on catch block at 0xc3 in for 0x95
04-23 13:10:19.787 6807 6807 E ArmVmp : Match on catch block at 0xc3 in for 0x99
04-23 13:10:19.792 6807 6807 E ArmVmp : Match on catch block at 0xc3 in for 0x91
04-23 13:10:19.796 6807 6807 E ArmVmp : Match on catch block at 0xc3 in for 0x91
04-23 13:10:19.823 6807 6807 E ArmVmp : Match on catch block at 0xc3 in for 0x95
04-23 13:10:19.828 6807 6807 E ArmVmp : Match on catch block at 0xc3 in for 0x99
04-23 13:10:19.830 6807 6807 E ArmVmp : Match on catch block at 0xc3 in for 0x99
04-23 13:10:19.837 6807 6807 E ArmVmp : Match on catch block at 0xc3 in for 0x91
04-23 13:10:19.841 6807 6807 E ArmVmp : Match on catch block at 0xc3 in for 0x95
04-23 13:10:19.844 6807 6807 E ArmVmp : Match on catch block at 0xc3 in for 0x95
04-23 13:10:19.854 6807 6807 E ArmVmp : Match on catch block at 0xc3 in for 0x99
04-23 13:10:19.857 6807 6807 E ArmVmp : Match on catch block at 0xc3 in for 0x91
04-23 13:10:19.860 6807 6807 E ArmVmp : Match on catch block at 0xc3 in for 0x91
04-23 13:10:19.870 6807 6807 E ArmVmp : Match on catch block at 0xc3 in for 0x95
04-23 13:10:19.874 6807 6807 E ArmVmp : Match on catch block at 0xc3 in for 0x99
04-23 13:10:19.876 6807 6807 E ArmVmp : Match on catch block at 0xc3 in for 0x99
04-23 13:10:19.887 6807 6807 E ArmVmp : Match on catch block at 0xc3 in for 0x91
04-23 13:10:19.890 6807 6807 E ArmVmp : Match on catch block at 0xc3 in for 0x95
04-23 13:10:19.893 6807 6807 E ArmVmp : Match on catch block at 0xc3 in for 0x95
04-23 13:10:19.903 6807 6807 E ArmVmp : Match on catch block at 0xc3 in for 0x99
04-23 13:10:19.907 6807 6807 E ArmVmp : Match on catch block at 0xc3 in for 0x91
04-23 13:10:19.909 6807 6807 E ArmVmp : Match on catch block at 0xc3 in for 0x91
04-23 13:10:19.920 6807 6807 E ArmVmp : Match on catch block at 0xc3 in for 0x95
04-23 13:10:19.923 6807 6807 E ArmVmp : Match on catch block at 0xc3 in for 0x99
04-23 13:10:19.926 6807 6807 E ArmVmp : Match on catch block at 0xc3 in for 0x99
04-23 13:10:19.936 6807 6807 E ArmVmp : Match on catch block at 0xc3 in for 0x91
04-23 13:10:19.940 6807 6807 E ArmVmp : Match on catch block at 0xc3 in for 0x95
04-23 13:10:19.942 6807 6807 E ArmVmp : Match on catch block at 0xc3 in for 0x95
04-23 13:10:19.953 6807 6807 E ArmVmp : Match on catch block at 0xc3 in for 0x99
04-23 13:10:19.957 6807 6807 E ArmVmp : Match on catch block at 0xc3 in for 0x91
04-23 13:10:19.959 6807 6807 E ArmVmp : Match on catch block at 0xc3 in for 0x91
04-23 13:10:19.969 6807 6807 E ArmVmp : Match on catch block at 0xc3 in for 0x95
04-23 13:10:19.973 6807 6807 E ArmVmp : Match on catch block at 0xc3 in for 0x99
04-23 13:10:19.975 6807 6807 E ArmVmp : Match on catch block at 0xc3 in for 0x99
04-23 13:10:19.986 6807 6807 E ArmVmp : Match on catch block at 0xc3 in for 0x91
04-23 13:10:19.989 6807 6807 E ArmVmp : Match on catch block at 0xc3 in for 0x95
04-23 13:10:19.993 6807 6807 E ArmVmp : Match on catch block at 0xc3 in for 0x95
04-23 13:10:20.053 6807 6807 E ArmVmp : Match on catch block at 0xc3 in for 0x99
04-23 13:10:20.058 6807 6807 E ArmVmp : Match on catch block at 0xc3 in for 0x91
04-23 13:10:20.062 6807 6807 E ArmVmp : Match on catch block at 0xc3 in for 0x91
04-23 13:10:20.625 6807 6807 E ArmVmp : Match on catch block at 0xc3 in for 0x91
04-23 13:10:20.630 6807 6807 E ArmVmp : Match on catch block at 0xc3 in for 0x95
04-23 13:10:20.646 6807 6807 E ArmVmp : Match on catch block at 0xc3 in for 0x91
04-23 13:10:20.651 6807 6807 E ArmVmp : Match on catch block at 0xc3 in for 0x95
04-23 13:10:20.675 6807 6807 E ArmVmp : Match on catch block at 0xc3 in for 0x91
04-23 13:10:20.681 6807 6807 E ArmVmp : Match on catch block at 0xc3 in for 0x95
04-23 13:10:20.699 6807 6807 E ArmVmp : Match on catch block at 0xc3 in for 0x91
04-23 13:10:20.704 6807 6807 E ArmVmp : Match on catch block at 0xc3 in for 0x95
04-23 13:10:20.834 6807 6821 W System : A resource failed to call close.
04-23 13:10:20.947 6807 6807 E ArmVmp : Match on catch block at 0xc3 in for 0x95
04-23 13:10:20.955 6807 6807 E ArmVmp : Match on catch block at 0xc3 in for 0x99
04-23 13:10:20.970 6807 6807 E ArmVmp : Match on catch block at 0xc3 in for 0x95
04-23 13:10:20.977 6807 6807 E ArmVmp : Match on catch block at 0xc3 in for 0x99
04-23 13:10:21.180 6807 6807 E ArmVmp : Match on catch block at 0xc3 in for 0x91
04-23 13:10:21.185 6807 6807 E ArmVmp : Match on catch block at 0xc3 in for 0x95
04-23 13:10:21.323 6807 6807 E ArmVmp : Match on catch block at 0xc3 in for 0x91
04-23 13:10:21.329 6807 6807 E ArmVmp : Match on catch block at 0xc3 in for 0x95
04-23 13:10:21.341 6807 6807 E ArmVmp : Match on catch block at 0xc3 in for 0x91
04-23 13:10:21.348 6807 6807 E ArmVmp : Match on catch block at 0xc3 in for 0x95
04-23 13:10:21.382 6807 6807 E ArmVmp : Match on catch block at 0xc3 in for 0x95
04-23 13:10:21.387 6807 6807 E ArmVmp : Match on catch block at 0xc3 in for 0x99
04-23 13:10:21.398 6807 6807 E ArmVmp : Match on catch block at 0xc3 in for 0x95
04-23 13:10:21.404 6807 6807 E ArmVmp : Match on catch block at 0xc3 in for 0x99
04-23 13:10:21.743 6807 6807 E ArmVmp : Match on catch block at 0xc3 in for 0x95
04-23 13:10:21.748 6807 6807 E ArmVmp : Match on catch block at 0xc3 in for 0x99
04-23 13:10:21.777 6807 6807 E ArmVmp : Match on catch block at 0xc3 in for 0x99
04-23 13:10:21.784 6807 6807 E ArmVmp : Match on catch block at 0xc3 in for 0x91
04-23 13:10:21.797 6807 6807 E ArmVmp : Match on catch block at 0xc3 in for 0x99
04-23 13:10:21.804 6807 6807 E ArmVmp : Match on catch block at 0xc3 in for 0x91
04-23 13:10:22.188 6807 6807 E ArmVmp : Match on catch block at 0xc3 in for 0x99
04-23 13:10:22.193 6807 6807 E ArmVmp : Match on catch block at 0xc3 in for 0x91
04-23 13:10:22.201 6807 6807 E ArmVmp : Match on catch block at 0xc3 in for 0x99
04-23 13:10:22.206 6807 6807 E ArmVmp : Match on catch block at 0xc3 in for 0x91
04-23 13:10:22.239 6807 6807 E ArmVmp : Match on catch block at 0xc3 in for 0x99
04-23 13:10:22.244 6807 6807 E ArmVmp : Match on catch block at 0xc3 in for 0x91
04-23 13:10:22.391 6807 6807 E ArmVmp : Match on catch block at 0xc3 in for 0x91
04-23 13:10:22.400 6807 6807 E ArmVmp : Match on catch block at 0xc3 in for 0x95
04-23 13:10:22.559 6807 6807 E ArmVmp : Match on catch block at 0xc3 in for 0x95
04-23 13:10:22.563 6807 6807 E ArmVmp : Match on catch block at 0xc3 in for 0x99
04-23 13:10:22.593 6807 6807 E ArmVmp : Match on catch block at 0xc3 in for 0x99
04-23 13:10:22.597 6807 6807 E ArmVmp : Match on catch block at 0xc3 in for 0x91
04-23 13:10:22.614 6807 6807 E ArmVmp : Match on catch block at 0xc3 in for 0x99
04-23 13:10:22.618 6807 6807 E ArmVmp : Match on catch block at 0xc3 in for 0x91
04-23 13:10:22.680 6807 6807 E ArmVmp : Match on catch block at 0xc3 in for 0x91
04-23 13:10:22.685 6807 6807 E ArmVmp : Match on catch block at 0xc3 in for 0x95
04-23 13:10:22.718 6807 6807 E GraphicExt: GraphicExtModuleLoader::CreateGraphicExtInstance false
04-23 13:10:22.732 6807 6807 E ArmVmp : Match on catch block at 0xc3 in for 0x99
04-23 13:10:22.736 6807 6807 E ArmVmp : Match on catch block at 0xc3 in for 0x91
04-23 13:10:22.752 6807 6807 E ArmVmp : Match on catch block at 0xc3 in for 0x99
04-23 13:10:22.757 6807 6807 E ArmVmp : Match on catch block at 0xc3 in for 0x91
04-23 13:10:22.772 6807 6807 E ArmVmp : Match on catch block at 0xc3 in for 0x99
04-23 13:10:22.777 6807 6807 E ArmVmp : Match on catch block at 0xc3 in for 0x91
04-23 13:10:22.791 6807 6807 E ArmVmp : Match on catch block at 0xc3 in for 0x99
04-23 13:10:22.795 6807 6807 E ArmVmp : Match on catch block at 0xc3 in for 0x91
04-23 13:10:22.809 6807 6807 E ArmVmp : Match on catch block at 0xc3 in for 0x99
04-23 13:10:22.813 6807 6807 E ArmVmp : Match on catch block at 0xc3 in for 0x91
04-23 13:10:22.825 6807 6807 E ArmVmp : Match on catch block at 0xc3 in for 0x99
04-23 13:10:22.830 6807 6807 E ArmVmp : Match on catch block at 0xc3 in for 0x91
04-23 13:10:22.844 6807 6807 E ArmVmp : Match on catch block at 0xc3 in for 0x99
04-23 13:10:22.848 6807 6807 E ArmVmp : Match on catch block at 0xc3 in for 0x91
04-23 13:10:22.861 6807 6807 E ArmVmp : Match on catch block at 0xc3 in for 0x99
04-23 13:10:22.865 6807 6807 E ArmVmp : Match on catch block at 0xc3 in for 0x91
04-23 13:10:22.911 6807 6807 E ArmVmp : Match on catch block at 0xc3 in for 0x91
04-23 13:10:22.916 6807 6807 E ArmVmp : Match on catch block at 0xc3 in for 0x95
04-23 13:10:22.935 6807 6807 E ArmVmp : Match on catch block at 0xc3 in for 0x91
04-23 13:10:22.940 6807 6807 E ArmVmp : Match on catch block at 0xc3 in for 0x95
04-23 13:10:23.200 6807 6807 E ArmVmp : Match on catch block at 0xc3 in for 0x95
04-23 13:10:23.205 6807 6807 E ArmVmp : Match on catch block at 0xc3 in for 0x99
04-23 13:10:23.236 6807 6807 E ArmVmp : Match on catch block at 0xc3 in for 0x91
04-23 13:10:23.242 6807 6807 E ArmVmp : Match on catch block at 0xc3 in for 0x95
04-23 13:10:23.259 6807 6807 E ArmVmp : Match on catch block at 0xc3 in for 0x91
04-23 13:10:23.265 6807 6807 E ArmVmp : Match on catch block at 0xc3 in for 0x95
04-23 13:10:23.294 6807 6807 E ArmVmp : Match on catch block at 0xc3 in for 0x91
04-23 13:10:23.298 6807 6807 E ArmVmp : Match on catch block at 0xc3 in for 0x95
04-23 13:10:23.306 6807 6807 E ArmVmp : Match on catch block at 0xc3 in for 0x91
04-23 13:10:23.311 6807 6807 E ArmVmp : Match on catch block at 0xc3 in for 0x95
04-23 13:10:23.325 6807 6807 E ArmVmp : Match on catch block at 0xc3 in for 0x91
04-23 13:10:23.331 6807 6807 E ArmVmp : Match on catch block at 0xc3 in for 0x95
04-23 13:10:23.340 6807 6807 E ArmVmp : Match on catch block at 0xc3 in for 0x91
04-23 13:10:23.346 6807 6807 E ArmVmp : Match on catch block at 0xc3 in for 0x95
04-23 13:10:23.354 6807 6807 E ArmVmp : Match on catch block at 0xc3 in for 0x91
04-23 13:10:23.360 6807 6807 E ArmVmp : Match on catch block at 0xc3 in for 0x95
04-23 13:10:23.377 6807 6807 E ArmVmp : Match on catch block at 0xc3 in for 0x91
04-23 13:10:23.382 6807 6807 E ArmVmp : Match on catch block at 0xc3 in for 0x95
04-23 13:10:23.390 6807 6807 E ArmVmp : Match on catch block at 0xc3 in for 0x91
04-23 13:10:23.396 6807 6807 E ArmVmp : Match on catch block at 0xc3 in for 0x95
04-23 13:10:23.606 6807 6807 E ArmVmp : Match on catch block at 0xc3 in for 0x91
04-23 13:10:23.611 6807 6807 E ArmVmp : Match on catch block at 0xc3 in for 0x95
04-23 13:10:23.747 6807 6807 E ArmVmp : Match on catch block at 0xc3 in for 0x91
04-23 13:10:23.752 6807 6807 E ArmVmp : Match on catch block at 0xc3 in for 0x95
04-23 13:10:23.997 6807 6807 E ArmVmp : Match on catch block at 0xc3 in for 0x91
04-23 13:10:24.005 6807 6807 E ArmVmp : Match on catch block at 0xc3 in for 0x95
04-23 13:10:24.244 6807 6807 E ArmVmp : Match on catch block at 0xc3 in for 0x91
04-23 13:10:24.250 6807 6807 E ArmVmp : Match on catch block at 0xc3 in for 0x95
04-23 13:10:24.409 6807 6807 E ArmVmp : Match on catch block at 0xc3 in for 0x91
04-23 13:10:24.414 6807 6807 E ArmVmp : Match on catch block at 0xc3 in for 0x95
04-23 13:10:24.509 6807 6807 E ArmVmp : Match on catch block at 0xc3 in for 0x91
04-23 13:10:24.515 6807 6807 E ArmVmp : Match on catch block at 0xc3 in for 0x95
04-23 13:10:24.525 6807 6807 E ArmVmp : Match on catch block at 0xc3 in for 0x91
04-23 13:10:24.530 6807 6807 E ArmVmp : Match on catch block at 0xc3 in for 0x95
04-23 13:10:24.542 6807 6807 E ArmVmp : Match on catch block at 0xc3 in for 0x91
04-23 13:10:24.547 6807 6807 E ArmVmp : Match on catch block at 0xc3 in for 0x95
04-23 13:10:24.558 6807 6807 E ArmVmp : Match on catch block at 0xc3 in for 0x91
04-23 13:10:24.562 6807 6807 E ArmVmp : Match on catch block at 0xc3 in for 0x95
04-23 13:10:24.575 6807 6807 E ArmVmp : Match on catch block at 0xc3 in for 0x91
04-23 13:10:24.579 6807 6807 E ArmVmp : Match on catch block at 0xc3 in for 0x95
04-23 13:10:24.591 6807 6807 E ArmVmp : Match on catch block at 0xc3 in for 0x91
04-23 13:10:24.597 6807 6807 E ArmVmp : Match on catch block at 0xc3 in for 0x95
04-23 13:10:24.611 6807 6807 E ArmVmp : Match on catch block at 0xc3 in for 0x91
04-23 13:10:24.617 6807 6807 E ArmVmp : Match on catch block at 0xc3 in for 0x95
04-23 13:10:24.625 6807 6807 E ArmVmp : Match on catch block at 0xc3 in for 0x91
04-23 13:10:24.633 6807 6807 E ArmVmp : Match on catch block at 0xc3 in for 0x95
04-23 13:10:24.641 6807 6807 E ArmVmp : Match on catch block at 0xc3 in for 0x91
04-23 13:10:24.647 6807 6807 E ArmVmp : Match on catch block at 0xc3 in for 0x95
04-23 13:10:24.657 6807 6807 E ArmVmp : Match on catch block at 0xc3 in for 0x91
04-23 13:10:24.662 6807 6807 E ArmVmp : Match on catch block at 0xc3 in for 0x95
04-23 13:10:24.674 6807 6807 E ArmVmp : Match on catch block at 0xc3 in for 0x91
04-23 13:10:24.680 6807 6807 E ArmVmp : Match on catch block at 0xc3 in for 0x95
04-23 13:10:24.691 6807 6807 E ArmVmp : Match on catch block at 0xc3 in for 0x91
04-23 13:10:24.696 6807 6807 E ArmVmp : Match on catch block at 0xc3 in for 0x95
04-23 13:10:24.718 6807 6807 E ArmVmp : Match on catch block at 0xc3 in for 0x91
04-23 13:10:24.723 6807 6807 E ArmVmp : Match on catch block at 0xc3 in for 0x95
04-23 13:10:24.741 6807 6807 E ArmVmp : Match on catch block at 0xc3 in for 0x91
04-23 13:10:24.745 6807 6807 E ArmVmp : Match on catch block at 0xc3 in for 0x95
04-23 13:10:24.757 6807 6807 E ArmVmp : Match on catch block at 0xc3 in for 0x91
04-23 13:10:24.762 6807 6807 E ArmVmp : Match on catch block at 0xc3 in for 0x95
04-23 13:10:24.774 6807 6807 E ArmVmp : Match on catch block at 0xc3 in for 0x91
04-23 13:10:24.778 6807 6807 E ArmVmp : Match on catch block at 0xc3 in for 0x95
04-23 13:10:24.923 6807 6807 E ArmVmp : Match on catch block at 0xc3 in for 0x91
04-23 13:10:24.929 6807 6807 E ArmVmp : Match on catch block at 0xc3 in for 0x95
04-23 13:10:25.420 6807 6807 E ArmVmp : Match on catch block at 0xc3 in for 0x91
04-23 13:10:25.425 6807 6807 E ArmVmp : Match on catch block at 0xc3 in for 0x95
04-23 13:10:25.784 6807 6807 E ArmVmp : Match on catch block at 0xc3 in for 0x91
04-23 13:10:25.790 6807 6807 E ArmVmp : Match on catch block at 0xc3 in for 0x95
04-23 13:10:26.281 6807 6807 E ArmVmp : Match on catch block at 0xc3 in for 0x91
04-23 13:10:26.285 6807 6807 E ArmVmp : Match on catch block at 0xc3 in for 0x95
04-23 13:10:26.348 6807 6807 E ArmVmp : Match on catch block at 0xc3 in for 0x91
04-23 13:10:26.353 6807 6807 E ArmVmp : Match on catch block at 0xc3 in for 0x95
04-23 13:10:26.712 6807 6807 E ArmVmp : Match on catch block at 0xc3 in for 0x91
04-23 13:10:26.717 6807 6807 E ArmVmp : Match on catch block at 0xc3 in for 0x95
04-23 13:10:26.764 6807 6807 E ArmVmp : Match on catch block at 0xc3 in for 0x95
04-23 13:10:26.769 6807 6807 E ArmVmp : Match on catch block at 0xc3 in for 0x99
04-23 13:10:26.812 6807 6807 E ArmVmp : Match on catch block at 0xc3 in for 0x99
04-23 13:10:26.818 6807 6807 E ArmVmp : Match on catch block at 0xc3 in for 0x91
04-23 13:10:26.826 6807 6807 E ArmVmp : Match on catch block at 0xc3 in for 0x99
04-23 13:10:26.832 6807 6807 E ArmVmp : Match on catch block at 0xc3 in for 0x91
04-23 13:10:26.844 6807 6807 E ArmVmp : Match on catch block at 0xc3 in for 0x99
04-23 13:10:26.850 6807 6807 E ArmVmp : Match on catch block at 0xc3 in for 0x91
04-23 13:10:26.861 6807 6807 E ArmVmp : Match on catch block at 0xc3 in for 0x99
04-23 13:10:26.866 6807 6807 E ArmVmp : Match on catch block at 0xc3 in for 0x91
04-23 13:10:26.878 6807 6807 E ArmVmp : Match on catch block at 0xc3 in for 0x99
04-23 13:10:26.884 6807 6807 E ArmVmp : Match on catch block at 0xc3 in for 0x91
04-23 13:10:26.937 6807 6807 E ArmVmp : Match on catch block at 0xc3 in for 0x91
04-23 13:10:26.942 6807 6807 E ArmVmp : Match on catch block at 0xc3 in for 0x95
04-23 13:10:26.971 6807 6807 E ArmVmp : Match on catch block at 0xc3 in for 0x95
04-23 13:10:26.976 6807 6807 E ArmVmp : Match on catch block at 0xc3 in for 0x99
04-23 13:10:27.015 6807 6807 E ArmVmp : Match on catch block at 0xc3 in for 0x91
04-23 13:10:27.019 6807 6807 E ArmVmp : Match on catch block at 0xc3 in for 0x95
04-23 13:10:27.258 6807 6807 E ArmVmp : Match on catch block at 0xc3 in for 0x91
04-23 13:10:27.263 6807 6807 E ArmVmp : Match on catch block at 0xc3 in for 0x95
04-23 13:10:27.398 6807 6807 E ArmVmp : Match on catch block at 0xc3 in for 0x91
04-23 13:10:27.403 6807 6807 E ArmVmp : Match on catch block at 0xc3 in for 0x95
04-23 13:10:27.412 6807 6807 E ArmVmp : Match on catch block at 0xc3 in for 0x99
04-23 13:10:27.417 6807 6807 E ArmVmp : Match on catch block at 0xc3 in for 0x91
04-23 13:10:27.425 6807 25099 W MediaPlayer: Use of stream types is deprecated for operations other than volume control
04-23 13:10:27.425 6807 25099 W MediaPlayer: See the documentation of setAudioStreamType() for what to use instead with android.media.AudioAttributes to qualify your playback use case
04-23 13:10:27.517 6807 21000 W MediaPlayerNative: info/warning (10973, 0)
04-23 13:10:27.756 6807 6807 E ArmVmp : Match on catch block at 0xc3 in for 0x99
04-23 13:10:27.760 6807 6807 E ArmVmp : Match on catch block at 0xc3 in for 0x91
04-23 13:10:28.269 6807 6807 E ArmVmp : Match on catch block at 0xc3 in for 0x99
04-23 13:10:28.273 6807 6807 E ArmVmp : Match on catch block at 0xc3 in for 0x91
04-23 13:10:28.708 6807 6807 E ArmVmp : Match on catch block at 0xc3 in for 0x91
04-23 13:10:28.713 6807 6807 E ArmVmp : Match on catch block at 0xc3 in for 0x95
04-23 13:10:28.733 6807 6807 E ArmVmp : Match on catch block at 0xc3 in for 0x91
04-23 13:10:28.737 6807 6807 E ArmVmp : Match on catch block at 0xc3 in for 0x95
04-23 13:10:28.753 6807 6807 E ArmVmp : Match on catch block at 0xc3 in for 0x95
04-23 13:10:28.757 6807 6807 E ArmVmp : Match on catch block at 0xc3 in for 0x99
04-23 13:10:28.772 6807 6807 E ArmVmp : Match on catch block at 0xc3 in for 0x91
04-23 13:10:28.776 6807 6807 E ArmVmp : Match on catch block at 0xc3 in for 0x95
04-23 13:10:29.279 6807 6807 E ArmVmp : Match on catch block at 0xc3 in for 0x95
04-23 13:10:29.284 6807 6807 E ArmVmp : Match on catch block at 0xc3 in for 0x99
04-23 13:10:29.567 6807 6807 E ArmVmp : Match on catch block at 0xc3 in for 0x99
04-23 13:10:29.571 6807 6807 E ArmVmp : Match on catch block at 0xc3 in for 0x91
04-23 13:10:29.595 6807 6807 E ArmVmp : Match on catch block at 0xc3 in for 0x95
04-23 13:10:29.600 6807 6807 E ArmVmp : Match on catch block at 0xc3 in for 0x99
04-23 13:10:29.611 6807 6807 E ArmVmp : Match on catch block at 0xc3 in for 0x95
04-23 13:10:29.616 6807 6807 E ArmVmp : Match on catch block at 0xc3 in for 0x99
04-23 13:10:29.627 6807 6807 E ArmVmp : Match on catch block at 0xc3 in for 0x95
04-23 13:10:29.633 6807 6807 E ArmVmp : Match on catch block at 0xc3 in for 0x99
04-23 13:10:29.643 6807 6807 E ArmVmp : Match on catch block at 0xc3 in for 0x95
04-23 13:10:29.647 6807 6807 E ArmVmp : Match on catch block at 0xc3 in for 0x99
04-23 13:10:29.660 6807 6807 E ArmVmp : Match on catch block at 0xc3 in for 0x95
04-23 13:10:29.664 6807 6807 E ArmVmp : Match on catch block at 0xc3 in for 0x99
04-23 13:10:29.677 6807 6807 E ArmVmp : Match on catch block at 0xc3 in for 0x95
04-23 13:10:29.682 6807 6807 E ArmVmp : Match on catch block at 0xc3 in for 0x99
04-23 13:10:29.700 6807 6807 E ArmVmp : Match on catch block at 0xc3 in for 0x95
04-23 13:10:29.705 6807 6807 E ArmVmp : Match on catch block at 0xc3 in for 0x99
04-23 13:10:29.726 6807 6807 E ArmVmp : Match on catch block at 0xc3 in for 0x95
04-23 13:10:29.731 6807 6807 E ArmVmp : Match on catch block at 0xc3 in for 0x99
04-23 13:10:29.743 6807 6807 E ArmVmp : Match on catch block at 0xc3 in for 0x95
04-23 13:10:29.748 6807 6807 E ArmVmp : Match on catch block at 0xc3 in for 0x99
04-23 13:10:29.760 6807 6807 E ArmVmp : Match on catch block at 0xc3 in for 0x95
04-23 13:10:29.764 6807 6807 E ArmVmp : Match on catch block at 0xc3 in for 0x99
04-23 13:10:30.074 6807 6807 E ArmVmp : Match on catch block at 0xc3 in for 0x95
04-23 13:10:30.079 6807 6807 E ArmVmp : Match on catch block at 0xc3 in for 0x99
04-23 13:10:30.323 6807 6807 E ArmVmp : Match on catch block at 0xc3 in for 0x95
04-23 13:10:30.331 6807 6807 E ArmVmp : Match on catch block at 0xc3 in for 0x99
