We take content rights seriously. If you suspect this is your content, claim it here.
Available Formats
Download as TXT, PDF, TXT or read online on Scribd
You are on page 1/ 176
--------- beginning of crash
04-22 02:27:02.637 25439 25621 F libc : Fatal signal 11 (SIGSEGV), code 1
(SEGV_MAPERR), fault addr 0x8 in tid 25621 (stat-save), pid 25439 (com.mbwhatsapp)
04-22 02:27:02.855 18265 18265 F DEBUG : *** *** *** *** *** *** *** *** *** *** *** *** *** *** *** ***
04-22 02:27:02.856 18265 18265 F DEBUG : Build fingerprint: 'samsung/a10sub/a10s:10/QP1A.190711.020/A107MUBU5BTE1:user/release-keys'
04-22 02:27:02.856 18265 18265 F DEBUG : Revision: '0'
04-22 02:27:02.856 18265 18265 F DEBUG : ABI: 'arm'
04-22 02:27:02.869 18265 18265 F DEBUG : Timestamp: 2024-04-22 02:27:02-0400
04-22 02:27:02.870 18265 18265 F DEBUG : pid: 25439, tid: 25621, name: stat-save >>> com.mbwhatsapp <<<
04-22 02:27:02.871 18265 18265 F DEBUG : uid: 10367
04-22 02:27:02.871 18265 18265 F DEBUG : signal 11 (SIGSEGV), code 1 (SEGV_MAPERR), fault addr 0x8
04-22 02:27:02.872 18265 18265 F DEBUG : Cause: null pointer dereference
04-22 02:27:02.872 18265 18265 F DEBUG : r0 00000000 r1 be864558 r2 00000001 r3 00000000
04-22 02:27:02.872 18265 18265 F DEBUG : r4 e0049900 r5 00000000 r6 7fffffff r7 00000000
04-22 02:27:02.872 18265 18265 F DEBUG : r8 00000000 r9 bf2d9600 r10 00000001 r11 140c1628
04-22 02:27:02.872 18265 18265 F DEBUG : ip f11ea0b4 sp be863d30 lr 7062f281 pc f170eb82
04-22 02:27:03.179 18265 18265 F DEBUG :
04-22 02:27:03.179 18265 18265 F DEBUG : backtrace:
04-22 02:27:03.180 18265 18265 F DEBUG : #00 pc 0003ab82 /system/lib/libbinder.so (android::IPCThreadState::flushCommands()+6) (BuildId: 06a61ed2d783ccea17743d3db4c9827f)
04-22 02:27:03.180 18265 18265 F DEBUG : #01 pc 002e627f /system/framework/arm/boot-framework.oat (art_jni_trampoline+94) (BuildId: adbdafc00251b4661299e00cff1c4af31187e824)
04-22 02:27:03.180 18265 18265 F DEBUG : #02 pc 006c2d61 /system/framework/arm/boot-framework.oat (android.os.MessageQueue.next+144) (BuildId: adbdafc00251b4661299e00cff1c4af31187e824)
04-22 02:27:03.180 18265 18265 F DEBUG : #03 pc 006bffd7 /system/framework/arm/boot-framework.oat (android.os.Looper.loop+590) (BuildId: adbdafc00251b4661299e00cff1c4af31187e824)
04-22 02:27:03.181 18265 18265 F DEBUG : #04 pc 006bf0b9 /system/framework/arm/boot-framework.oat (android.os.HandlerThread.run+472) (BuildId: adbdafc00251b4661299e00cff1c4af31187e824)
04-22 02:27:03.181 18265 18265 F DEBUG : #05 pc 000d7bc5 /apex/com.android.runtime/lib/libart.so (art_quick_invoke_stub_internal+68) (BuildId: 5d155824a17962d2f5ef9935062200b0)
04-22 02:27:03.181 18265 18265 F DEBUG : #06 pc 0042e547 /apex/com.android.runtime/lib/libart.so!libart.so (offset 0x38f000) (art_quick_invoke_stub+250) (BuildId: 5d155824a17962d2f5ef9935062200b0)
04-22 02:27:03.181 18265 18265 F DEBUG : #07 pc 000dffb7 /apex/com.android.runtime/lib/libart.so (art::ArtMethod::Invoke(art::Thread*, unsigned int*, unsigned int, art::JValue*, char const*)+174) (BuildId: 5d155824a17962d2f5ef9935062200b0)
04-22 02:27:03.181 18265 18265 F DEBUG : #08 pc 003701ef /apex/com.android.runtime/lib/libart.so (art::(anonymous namespace)::InvokeWithArgArray(art::ScopedObjectAccessAlreadyRunnable const&, art::ArtMethod*, art::(anonymous namespace)::ArgArray*, art::JValue*, char const*) +54) (BuildId: 5d155824a17962d2f5ef9935062200b0)
04-22 02:27:03.181 18265 18265 F DEBUG : #09 pc 00370ee1 /apex/com.android.runtime/lib/libart.so (art::InvokeVirtualOrInterfaceWithJValues(art::ScopedObjectAccessAlreadyRunnable const&, _jobject*, _jmethodID*, jvalue const*)+304) (BuildId: 5d155824a17962d2f5ef9935062200b0)
04-22 02:27:03.181 18265 18265 F DEBUG : #10 pc 003a1a97 /apex/com.android.runtime/lib/libart.so!libart.so (offset 0x38f000) (art::Thread::CreateCallback(void*)+978) (BuildId: 5d155824a17962d2f5ef9935062200b0)
04-22 02:27:03.181 18265 18265 F DEBUG : #11 pc 000a60d3 /apex/com.android.runtime/lib/bionic/libc.so!libc.so (offset 0x5a000) (__pthread_start(void*)+20) (BuildId: d84af0b640b3e9d365f37fe8072558b3)
04-22 02:27:03.181 18265 18265 F DEBUG : #12 pc 00060783 /apex/com.android.runtime/lib/bionic/libc.so!libc.so (offset 0x5a000) (__start_thread+30) (BuildId: d84af0b640b3e9d365f37fe8072558b3) --------- beginning of main
04-23 13:03:59.340 6807 6807 E GraphicExt: GraphicExtModuleLoader::CreateGraphicExtInstance false
04-23 13:03:59.402 6807 20647 E IMGSRV : :0: GetRenderableInternalFormatInfoEntry: Unsupported renderable internal format 37808
04-23 13:03:59.402 6807 20647 E IMGSRV : :0: GetRenderableInternalFormatInfoEntry: Unsupported renderable internal format 37810
04-23 13:03:59.402 6807 20647 E IMGSRV : :0: GetRenderableInternalFormatInfoEntry: Unsupported renderable internal format 37809
04-23 13:03:59.402 6807 20647 E IMGSRV : :0: GetRenderableInternalFormatInfoEntry: Unsupported renderable internal format 37811
04-23 13:03:59.402 6807 20647 E IMGSRV : :0: GetRenderableInternalFormatInfoEntry: Unsupported renderable internal format 37812
04-23 13:03:59.402 6807 20647 E IMGSRV : :0: GetRenderableInternalFormatInfoEntry: Unsupported renderable internal format 37813
04-23 13:03:59.403 6807 20647 E IMGSRV : :0: GetRenderableInternalFormatInfoEntry: Unsupported renderable internal format 37814
04-23 13:03:59.403 6807 20647 E IMGSRV : :0: GetRenderableInternalFormatInfoEntry: Unsupported renderable internal format 37815
04-23 13:03:59.403 6807 20647 E IMGSRV : :0: GetRenderableInternalFormatInfoEntry: Unsupported renderable internal format 37816
04-23 13:03:59.403 6807 20647 E IMGSRV : :0: GetRenderableInternalFormatInfoEntry: Unsupported renderable internal format 37817
04-23 13:03:59.403 6807 20647 E IMGSRV : :0: GetRenderableInternalFormatInfoEntry: Unsupported renderable internal format 37818
04-23 13:03:59.403 6807 20647 E IMGSRV : :0: GetRenderableInternalFormatInfoEntry: Unsupported renderable internal format 37819
04-23 13:03:59.403 6807 20647 E IMGSRV : :0: GetRenderableInternalFormatInfoEntry: Unsupported renderable internal format 37820
04-23 13:03:59.403 6807 20647 E IMGSRV : :0: GetRenderableInternalFormatInfoEntry: Unsupported renderable internal format 37821
04-23 13:03:59.887 6807 6880 W System : ClassLoader referenced unknown path: system/framework/mediatek-cta.jar
04-23 13:04:03.656 6807 8963 W com.mbwhatsapp: Long monitor contention with owner MBWhatsApp Worker #61 (4497) at void java.lang.StringBuilder.<init>() (StringBuilder.java:90) waiters=1 in void X.2s3.A04(X.2Ur) for 1.115s
04-23 13:04:03.726 6807 6807 E GraphicExt: GraphicExtModuleLoader::CreateGraphicExtInstance false
04-23 13:04:07.257 6807 6807 E GraphicExt: GraphicExtModuleLoader::CreateGraphicExtInstance false
04-23 13:04:09.167 6807 6807 E GraphicExt: GraphicExtModuleLoader::CreateGraphicExtInstance false
04-23 13:04:13.441 6807 6807 W ActivityThread: handleWindowVisibility: no activity for token android.os.BinderProxy@fb89b5a
04-23 13:04:13.843 6807 6807 E ArmVmp : Match on catch block at 0xb0 in for 0xd5
04-23 13:04:13.849 6807 6807 E ArmVmp : Match on catch block at 0xb0 in for 0xd9
04-23 13:04:13.901 6807 6807 E ArmVmp : Match on catch block at 0x0a in for 0xb5
04-23 13:04:13.906 6807 6807 E ArmVmp : Match on catch block at 0x0a in for 0xb1
04-23 13:04:13.974 6807 8925 W System : ClassLoader referenced unknown path: system/framework/mediatek-cta.jar
04-23 13:04:14.044 6807 6807 E GraphicExt: GraphicExtModuleLoader::CreateGraphicExtInstance false
04-23 13:04:14.150 6807 6807 E ArmVmp : Match on catch block at 0xc3 in for 0xa5
04-23 13:04:14.155 6807 6807 E ArmVmp : Match on catch block at 0xc3 in for 0xa5
04-23 13:04:14.257 6807 6807 E ArmVmp : Match on catch block at 0xc3 in for 0x95
04-23 13:04:14.260 6807 6807 E ArmVmp : Match on catch block at 0xc3 in for 0x99
04-23 13:04:14.300 6807 6807 E ArmVmp : Match on catch block at 0xc3 in for 0x91
04-23 13:04:14.303 6807 6807 E ArmVmp : Match on catch block at 0xc3 in for 0x95
04-23 13:04:14.337 6807 6807 E ArmVmp : Match on catch block at 0xc3 in for 0x99
04-23 13:04:14.341 6807 6807 E ArmVmp : Match on catch block at 0xc3 in for 0x91
04-23 13:04:14.353 6807 6807 E ArmVmp : Match on catch block at 0xc3 in for 0x91
04-23 13:04:14.358 6807 6807 E ArmVmp : Match on catch block at 0xc3 in for 0x95
04-23 13:04:14.785 6807 6807 E ArmVmp : Match on catch block at 0xc3 in for 0x95
04-23 13:04:14.791 6807 6807 E ArmVmp : Match on catch block at 0xc3 in for 0x99
04-23 13:04:14.817 6807 6807 E ArmVmp : Match on catch block at 0xc3 in for 0x99
04-23 13:04:14.823 6807 6807 E ArmVmp : Match on catch block at 0xc3 in for 0x91
04-23 13:04:14.833 6807 6807 E ArmVmp : Match on catch block at 0xc3 in for 0x91
04-23 13:04:14.839 6807 6807 E ArmVmp : Match on catch block at 0xc3 in for 0x95
04-23 13:04:14.849 6807 6807 E ArmVmp : Match on catch block at 0xc3 in for 0x95
04-23 13:04:14.853 6807 6807 E ArmVmp : Match on catch block at 0xc3 in for 0x99
04-23 13:04:14.865 6807 6807 E ArmVmp : Match on catch block at 0xc3 in for 0x99
04-23 13:04:14.869 6807 6807 E ArmVmp : Match on catch block at 0xc3 in for 0x91
04-23 13:04:14.882 6807 6807 E ArmVmp : Match on catch block at 0xc3 in for 0x91
04-23 13:04:14.887 6807 6807 E ArmVmp : Match on catch block at 0xc3 in for 0x95
04-23 13:04:14.898 6807 6807 E ArmVmp : Match on catch block at 0xc3 in for 0x95
04-23 13:04:14.902 6807 6807 E ArmVmp : Match on catch block at 0xc3 in for 0x99
04-23 13:04:14.915 6807 6807 E ArmVmp : Match on catch block at 0xc3 in for 0x99
04-23 13:04:14.919 6807 6807 E ArmVmp : Match on catch block at 0xc3 in for 0x91
04-23 13:04:14.932 6807 6807 E ArmVmp : Match on catch block at 0xc3 in for 0x91
04-23 13:04:14.937 6807 6807 E ArmVmp : Match on catch block at 0xc3 in for 0x95
04-23 13:04:14.948 6807 6807 E ArmVmp : Match on catch block at 0xc3 in for 0x95
04-23 13:04:14.953 6807 6807 E ArmVmp : Match on catch block at 0xc3 in for 0x99
04-23 13:04:14.965 6807 6807 E ArmVmp : Match on catch block at 0xc3 in for 0x99
04-23 13:04:14.969 6807 6807 E ArmVmp : Match on catch block at 0xc3 in for 0x91
04-23 13:04:14.981 6807 6807 E ArmVmp : Match on catch block at 0xc3 in for 0x91
04-23 13:04:14.985 6807 6807 E ArmVmp : Match on catch block at 0xc3 in for 0x95
04-23 13:04:14.998 6807 6807 E ArmVmp : Match on catch block at 0xc3 in for 0x95
04-23 13:04:15.002 6807 6807 E ArmVmp : Match on catch block at 0xc3 in for 0x99
04-23 13:04:15.014 6807 6807 E ArmVmp : Match on catch block at 0xc3 in for 0x99
04-23 13:04:15.019 6807 6807 E ArmVmp : Match on catch block at 0xc3 in for 0x91
04-23 13:04:15.032 6807 6807 E ArmVmp : Match on catch block at 0xc3 in for 0x91
04-23 13:04:15.036 6807 6807 E ArmVmp : Match on catch block at 0xc3 in for 0x95
04-23 13:04:15.047 6807 6807 E ArmVmp : Match on catch block at 0xc3 in for 0x95
04-23 13:04:15.051 6807 6807 E ArmVmp : Match on catch block at 0xc3 in for 0x99
04-23 13:04:15.064 6807 6807 E ArmVmp : Match on catch block at 0xc3 in for 0x99
04-23 13:04:15.068 6807 6807 E ArmVmp : Match on catch block at 0xc3 in for 0x91
04-23 13:04:15.081 6807 6807 E ArmVmp : Match on catch block at 0xc3 in for 0x91
04-23 13:04:15.085 6807 6807 E ArmVmp : Match on catch block at 0xc3 in for 0x95
04-23 13:04:15.097 6807 6807 E ArmVmp : Match on catch block at 0xc3 in for 0x95
04-23 13:04:15.101 6807 6807 E ArmVmp : Match on catch block at 0xc3 in for 0x99
04-23 13:04:15.114 6807 6807 E ArmVmp : Match on catch block at 0xc3 in for 0x99
04-23 13:04:15.117 6807 6807 E ArmVmp : Match on catch block at 0xc3 in for 0x91
04-23 13:04:15.130 6807 6807 E ArmVmp : Match on catch block at 0xc3 in for 0x91
04-23 13:04:15.135 6807 6807 E ArmVmp : Match on catch block at 0xc3 in for 0x95
04-23 13:04:15.279 6807 6807 E ArmVmp : Match on catch block at 0xc3 in for 0x95
04-23 13:04:15.283 6807 6807 E ArmVmp : Match on catch block at 0xc3 in for 0x99
04-23 13:04:15.793 6807 6807 E ArmVmp : Match on catch block at 0xc3 in for 0x99
04-23 13:04:15.796 6807 6807 E ArmVmp : Match on catch block at 0xc3 in for 0x91
04-23 13:04:15.925 6807 6807 E ArmVmp : Match on catch block at 0xc3 in for 0x91
04-23 13:04:15.930 6807 6807 E ArmVmp : Match on catch block at 0xc3 in for 0x95
04-23 13:04:15.943 6807 6807 E ArmVmp : Match on catch block at 0xc3 in for 0x95
04-23 13:04:15.948 6807 6807 E ArmVmp : Match on catch block at 0xc3 in for 0x99
04-23 13:04:15.960 6807 6807 E ArmVmp : Match on catch block at 0xc3 in for 0x99
04-23 13:04:15.965 6807 6807 E ArmVmp : Match on catch block at 0xc3 in for 0x91
04-23 13:04:15.976 6807 6807 E ArmVmp : Match on catch block at 0xc3 in for 0x91
04-23 13:04:15.980 6807 6807 E ArmVmp : Match on catch block at 0xc3 in for 0x95
04-23 13:04:15.993 6807 6807 E ArmVmp : Match on catch block at 0xc3 in for 0x95
04-23 13:04:15.998 6807 6807 E ArmVmp : Match on catch block at 0xc3 in for 0x99
04-23 13:04:16.009 6807 6807 E ArmVmp : Match on catch block at 0xc3 in for 0x99
04-23 13:04:16.014 6807 6807 E ArmVmp : Match on catch block at 0xc3 in for 0x91
04-23 13:04:16.025 6807 6807 E ArmVmp : Match on catch block at 0xc3 in for 0x91
04-23 13:04:16.030 6807 6807 E ArmVmp : Match on catch block at 0xc3 in for 0x95
04-23 13:04:16.042 6807 6807 E ArmVmp : Match on catch block at 0xc3 in for 0x95
04-23 13:04:16.047 6807 6807 E ArmVmp : Match on catch block at 0xc3 in for 0x99
04-23 13:04:16.058 6807 6807 E ArmVmp : Match on catch block at 0xc3 in for 0x99
04-23 13:04:16.062 6807 6807 E ArmVmp : Match on catch block at 0xc3 in for 0x91
04-23 13:04:16.074 6807 6807 E ArmVmp : Match on catch block at 0xc3 in for 0x91
04-23 13:04:16.079 6807 6807 E ArmVmp : Match on catch block at 0xc3 in for 0x95
04-23 13:04:16.091 6807 6807 E ArmVmp : Match on catch block at 0xc3 in for 0x95
04-23 13:04:16.096 6807 6807 E ArmVmp : Match on catch block at 0xc3 in for 0x99
04-23 13:04:16.108 6807 6807 E ArmVmp : Match on catch block at 0xc3 in for 0x99
04-23 13:04:16.112 6807 6807 E ArmVmp : Match on catch block at 0xc3 in for 0x91
04-23 13:04:16.124 6807 6807 E ArmVmp : Match on catch block at 0xc3 in for 0x91
04-23 13:04:16.128 6807 6807 E ArmVmp : Match on catch block at 0xc3 in for 0x95
04-23 13:04:16.141 6807 6807 E ArmVmp : Match on catch block at 0xc3 in for 0x95
04-23 13:04:16.146 6807 6807 E ArmVmp : Match on catch block at 0xc3 in for 0x99
04-23 13:04:16.157 6807 6807 E ArmVmp : Match on catch block at 0xc3 in for 0x99
04-23 13:04:16.162 6807 6807 E ArmVmp : Match on catch block at 0xc3 in for 0x91
04-23 13:04:16.174 6807 6807 E ArmVmp : Match on catch block at 0xc3 in for 0x91
04-23 13:04:16.179 6807 6807 E ArmVmp : Match on catch block at 0xc3 in for 0x95
04-23 13:04:16.191 6807 6807 E ArmVmp : Match on catch block at 0xc3 in for 0x95
04-23 13:04:16.195 6807 6807 E ArmVmp : Match on catch block at 0xc3 in for 0x99
04-23 13:04:16.289 6807 6807 E ArmVmp : Match on catch block at 0xc3 in for 0x99
04-23 13:04:16.293 6807 6807 E ArmVmp : Match on catch block at 0xc3 in for 0x91
04-23 13:04:16.494 6807 6807 E ArmVmp : Match on catch block at 0xc3 in for 0x99
04-23 13:04:16.498 6807 6807 E ArmVmp : Match on catch block at 0xc3 in for 0x91
04-23 13:04:16.508 6807 6807 E ArmVmp : Match on catch block at 0xc3 in for 0x91
04-23 13:04:16.512 6807 6807 E ArmVmp : Match on catch block at 0xc3 in for 0x95
04-23 13:04:16.560 6807 6807 E ArmVmp : Match on catch block at 0xc3 in for 0x99
04-23 13:04:16.564 6807 6807 E ArmVmp : Match on catch block at 0xc3 in for 0x91
04-23 13:04:16.650 6807 6807 E GraphicExt: GraphicExtModuleLoader::CreateGraphicExtInstance false
04-23 13:04:16.750 6807 6807 E ArmVmp : Match on catch block at 0xc3 in for 0x99
04-23 13:04:16.754 6807 6807 E ArmVmp : Match on catch block at 0xc3 in for 0x91
04-23 13:04:17.057 6807 6807 E ArmVmp : Match on catch block at 0xc3 in for 0x95
04-23 13:04:17.062 6807 6807 E ArmVmp : Match on catch block at 0xc3 in for 0x99
04-23 13:04:17.905 6807 6807 E ArmVmp : Match on catch block at 0xb0 in for 0x105
04-23 13:04:19.166 6807 6807 W ActivityThread: handleWindowVisibility: no activity for token android.os.BinderProxy@c3cfcc3
04-23 13:04:19.367 6807 6807 E ArmVmp : Match on catch block at 0xb0 in for 0xd1
04-23 13:04:19.374 6807 6807 E ArmVmp : Match on catch block at 0xb0 in for 0xd5
04-23 13:04:19.427 6807 6807 E ArmVmp : Match on catch block at 0x0a in for 0xb9
04-23 13:04:19.432 6807 6807 E ArmVmp : Match on catch block at 0x0a in for 0xb5
04-23 13:04:19.507 6807 6807 E GraphicExt: GraphicExtModuleLoader::CreateGraphicExtInstance false
04-23 13:04:20.045 6807 6807 E ArmVmp : Match on catch block at 0xc3 in for 0xa1
04-23 13:04:20.054 6807 6807 E ArmVmp : Match on catch block at 0xc3 in for 0xa1
04-23 13:04:20.139 6807 6807 E ArmVmp : Match on catch block at 0xc3 in for 0x99
04-23 13:04:20.144 6807 6807 E ArmVmp : Match on catch block at 0xc3 in for 0x91
04-23 13:04:20.146 6807 6807 E ArmVmp : Match on catch block at 0xc3 in for 0x91
04-23 13:04:20.226 6807 6807 E ArmVmp : Match on catch block at 0xc3 in for 0x99
04-23 13:04:20.230 6807 6807 E ArmVmp : Match on catch block at 0xc3 in for 0x91
04-23 13:04:20.232 6807 6807 E ArmVmp : Match on catch block at 0xc3 in for 0x91
04-23 13:04:20.262 6807 6807 E ArmVmp : Match on catch block at 0xc3 in for 0x95
04-23 13:04:20.266 6807 6807 E ArmVmp : Match on catch block at 0xc3 in for 0x99
04-23 13:04:20.270 6807 6807 E ArmVmp : Match on catch block at 0xc3 in for 0x99
04-23 13:04:20.307 6807 6807 E ArmVmp : Match on catch block at 0xc3 in for 0x91
04-23 13:04:20.311 6807 6807 E ArmVmp : Match on catch block at 0xc3 in for 0x95
04-23 13:04:20.313 6807 6807 E ArmVmp : Match on catch block at 0xc3 in for 0x95
04-23 13:04:20.329 6807 6807 E ArmVmp : Match on catch block at 0xc3 in for 0x99
04-23 13:04:20.334 6807 6807 E ArmVmp : Match on catch block at 0xc3 in for 0x91
04-23 13:04:20.338 6807 6807 E ArmVmp : Match on catch block at 0xc3 in for 0x91
04-23 13:04:20.354 6807 6807 E ArmVmp : Match on catch block at 0xc3 in for 0x95
04-23 13:04:20.359 6807 6807 E ArmVmp : Match on catch block at 0xc3 in for 0x99
04-23 13:04:20.362 6807 6807 E ArmVmp : Match on catch block at 0xc3 in for 0x99
04-23 13:04:20.377 6807 6807 E ArmVmp : Match on catch block at 0xc3 in for 0x91
04-23 13:04:20.382 6807 6807 E ArmVmp : Match on catch block at 0xc3 in for 0x95
04-23 13:04:20.385 6807 6807 E ArmVmp : Match on catch block at 0xc3 in for 0x95
04-23 13:04:20.400 6807 6807 E ArmVmp : Match on catch block at 0xc3 in for 0x99
04-23 13:04:20.405 6807 6807 E ArmVmp : Match on catch block at 0xc3 in for 0x91
04-23 13:04:20.408 6807 6807 E ArmVmp : Match on catch block at 0xc3 in for 0x91
04-23 13:04:20.424 6807 6807 E ArmVmp : Match on catch block at 0xc3 in for 0x95
04-23 13:04:20.428 6807 6807 E ArmVmp : Match on catch block at 0xc3 in for 0x99
04-23 13:04:20.432 6807 6807 E ArmVmp : Match on catch block at 0xc3 in for 0x99
04-23 13:04:20.448 6807 6807 E ArmVmp : Match on catch block at 0xc3 in for 0x91
04-23 13:04:20.453 6807 6807 E ArmVmp : Match on catch block at 0xc3 in for 0x95
04-23 13:04:20.456 6807 6807 E ArmVmp : Match on catch block at 0xc3 in for 0x95
04-23 13:04:20.480 6807 6807 E ArmVmp : Match on catch block at 0xc3 in for 0x99
04-23 13:04:20.484 6807 6807 E ArmVmp : Match on catch block at 0xc3 in for 0x91
04-23 13:04:20.486 6807 6807 E ArmVmp : Match on catch block at 0xc3 in for 0x91
04-23 13:04:20.496 6807 6807 E ArmVmp : Match on catch block at 0xc3 in for 0x95
04-23 13:04:20.500 6807 6807 E ArmVmp : Match on catch block at 0xc3 in for 0x99
04-23 13:04:20.503 6807 6807 E ArmVmp : Match on catch block at 0xc3 in for 0x99
04-23 13:04:20.512 6807 6807 E ArmVmp : Match on catch block at 0xc3 in for 0x91
04-23 13:04:20.517 6807 6807 E ArmVmp : Match on catch block at 0xc3 in for 0x95
04-23 13:04:20.519 6807 6807 E ArmVmp : Match on catch block at 0xc3 in for 0x95
04-23 13:04:20.529 6807 6807 E ArmVmp : Match on catch block at 0xc3 in for 0x99
04-23 13:04:20.532 6807 6807 E ArmVmp : Match on catch block at 0xc3 in for 0x91
04-23 13:04:20.535 6807 6807 E ArmVmp : Match on catch block at 0xc3 in for 0x91
04-23 13:04:20.545 6807 6807 E ArmVmp : Match on catch block at 0xc3 in for 0x95
04-23 13:04:20.549 6807 6807 E ArmVmp : Match on catch block at 0xc3 in for 0x99
04-23 13:04:20.551 6807 6807 E ArmVmp : Match on catch block at 0xc3 in for 0x99
04-23 13:04:20.562 6807 6807 E ArmVmp : Match on catch block at 0xc3 in for 0x91
04-23 13:04:20.565 6807 6807 E ArmVmp : Match on catch block at 0xc3 in for 0x95
04-23 13:04:20.568 6807 6807 E ArmVmp : Match on catch block at 0xc3 in for 0x95
04-23 13:04:20.578 6807 6807 E ArmVmp : Match on catch block at 0xc3 in for 0x99
04-23 13:04:20.582 6807 6807 E ArmVmp : Match on catch block at 0xc3 in for 0x91
04-23 13:04:20.585 6807 6807 E ArmVmp : Match on catch block at 0xc3 in for 0x91
04-23 13:04:20.595 6807 6807 E ArmVmp : Match on catch block at 0xc3 in for 0x95
04-23 13:04:20.599 6807 6807 E ArmVmp : Match on catch block at 0xc3 in for 0x99
04-23 13:04:20.601 6807 6807 E ArmVmp : Match on catch block at 0xc3 in for 0x99
04-23 13:04:20.612 6807 6807 E ArmVmp : Match on catch block at 0xc3 in for 0x91
04-23 13:04:20.615 6807 6807 E ArmVmp : Match on catch block at 0xc3 in for 0x95
04-23 13:04:20.618 6807 6807 E ArmVmp : Match on catch block at 0xc3 in for 0x95
04-23 13:04:20.628 6807 6807 E ArmVmp : Match on catch block at 0xc3 in for 0x99
04-23 13:04:20.632 6807 6807 E ArmVmp : Match on catch block at 0xc3 in for 0x91
04-23 13:04:20.634 6807 6807 E ArmVmp : Match on catch block at 0xc3 in for 0x91
04-23 13:04:20.695 6807 6807 E ArmVmp : Match on catch block at 0xc3 in for 0x95
04-23 13:04:20.699 6807 6807 E ArmVmp : Match on catch block at 0xc3 in for 0x99
04-23 13:04:20.702 6807 6807 E ArmVmp : Match on catch block at 0xc3 in for 0x99
04-23 13:04:20.778 6807 6807 E ArmVmp : Match on catch block at 0xc3 in for 0x95
04-23 13:04:20.782 6807 6807 E ArmVmp : Match on catch block at 0xc3 in for 0x99
04-23 13:04:20.785 6807 6807 E ArmVmp : Match on catch block at 0xc3 in for 0x99
04-23 13:04:20.964 6807 6807 E GraphicExt: GraphicExtModuleLoader::CreateGraphicExtInstance false
04-23 13:04:21.028 6807 6807 E ArmVmp : Match on catch block at 0xc3 in for 0x99
04-23 13:04:21.033 6807 6807 E ArmVmp : Match on catch block at 0xc3 in for 0x91
04-23 13:04:21.036 6807 6807 E ArmVmp : Match on catch block at 0xc3 in for 0x91
04-23 13:04:21.066 6807 6807 E ArmVmp : Match on catch block at 0xc3 in for 0x95
04-23 13:04:21.071 6807 6807 E ArmVmp : Match on catch block at 0xc3 in for 0x99
04-23 13:04:21.074 6807 6807 E ArmVmp : Match on catch block at 0xc3 in for 0x99
04-23 13:04:21.086 6807 6807 E ArmVmp : Match on catch block at 0xc3 in for 0x91
04-23 13:04:21.090 6807 6807 E ArmVmp : Match on catch block at 0xc3 in for 0x95
04-23 13:04:21.093 6807 6807 E ArmVmp : Match on catch block at 0xc3 in for 0x95
04-23 13:04:21.194 6807 6807 E ArmVmp : Match on catch block at 0xc3 in for 0x99
04-23 13:04:21.201 6807 6807 E ArmVmp : Match on catch block at 0xc3 in for 0x91
04-23 13:04:21.205 6807 6807 E ArmVmp : Match on catch block at 0xc3 in for 0x91
04-23 13:04:21.690 6807 6807 E ArmVmp : Match on catch block at 0xc3 in for 0x95
04-23 13:04:21.697 6807 6807 E ArmVmp : Match on catch block at 0xc3 in for 0x99
04-23 13:04:21.701 6807 6807 E ArmVmp : Match on catch block at 0xc3 in for 0x99
04-23 13:04:21.998 6807 6807 W ActivityThread: handleWindowVisibility: no activity for token android.os.BinderProxy@a91cb2c
04-23 13:04:22.076 6807 6807 W BottomSheetBehavior: BottomSheetBehavior now supports multiple callbacks. `setBottomSheetCallback()` removes all existing callbacks, including ones set internally by library authors, which may result in unintended behavior. This may change in the future. Please use `addBottomSheetCallback()` and `removeBottomSheetCallback()` instead to set your own callbacks.
04-23 13:04:22.175 6807 8967 E com.mbwhatsapp: Invalid ID 0x00000000.
04-23 13:04:22.375 6807 6807 E GraphicExt: GraphicExtModuleLoader::CreateGraphicExtInstance false
04-23 13:04:22.409 6807 6807 W View : requestLayout() improperly called by androidx.appcompat.view.menu.ActionMenuItemView{4e3484f VFED..CL. ......ID 0,7- 84,91 #7f0b0fe8 app:id/more} during layout: running second layout pass
04-23 13:04:22.409 6807 6807 W View : requestLayout() improperly called by androidx.appcompat.widget.ActionMenuView{e80bdc V.E...... ......ID 636,0-720,98} during layout: running second layout pass
04-23 13:04:22.523 6807 6807 E ArmVmp : Match on catch block at 0xc3 in for 0x95
04-23 13:04:22.529 6807 6807 E ArmVmp : Match on catch block at 0xc3 in for 0x99
04-23 13:04:22.532 6807 6807 E ArmVmp : Match on catch block at 0xc3 in for 0x99
04-23 13:04:22.704 6807 6807 E ArmVmp : Match on catch block at 0xc3 in for 0x95
04-23 13:04:22.711 6807 6807 E ArmVmp : Match on catch block at 0xc3 in for 0x99
04-23 13:04:22.714 6807 6807 E ArmVmp : Match on catch block at 0xc3 in for 0x99
04-23 13:04:22.879 6807 6807 E ArmVmp : Match on catch block at 0xc3 in for 0x95
04-23 13:04:22.885 6807 6807 E ArmVmp : Match on catch block at 0xc3 in for 0x99
04-23 13:04:22.888 6807 6807 E ArmVmp : Match on catch block at 0xc3 in for 0x99
04-23 13:04:22.935 6807 6807 E ArmVmp : Match on catch block at 0xc3 in for 0x91
04-23 13:04:22.941 6807 6807 E ArmVmp : Match on catch block at 0xc3 in for 0x95
04-23 13:04:22.944 6807 6807 E ArmVmp : Match on catch block at 0xc3 in for 0x95
04-23 13:04:24.225 6807 6807 W ActivityThread: handleWindowVisibility: no activity for token android.os.BinderProxy@babacec
04-23 13:04:24.428 6807 6807 E GraphicExt: GraphicExtModuleLoader::CreateGraphicExtInstance false
04-23 13:04:24.473 6807 6807 W View : requestLayout() improperly called by androidx.appcompat.view.menu.ActionMenuItemView{a369d0a VFED..C.. ......ID 0,7- 84,91 #7f0b0f8c app:id/menuitem_select_multiple} during layout: running second layout pass
04-23 13:04:24.473 6807 6807 W View : requestLayout() improperly called by androidx.appcompat.widget.ActionMenuView{cd6197b V.E...... ......ID 636,0-720,98} during layout: running second layout pass
04-23 13:05:18.828 6807 6807 W ActivityThread: handleWindowVisibility: no activity for token android.os.BinderProxy@7a4c02d
04-23 13:05:19.094 6807 6807 E GraphicExt: GraphicExtModuleLoader::CreateGraphicExtInstance false
04-23 13:05:19.111 6807 6807 E RecyclerView: No adapter attached; skipping layout
04-23 13:05:19.769 6807 6807 W BottomSheetBehavior: BottomSheetBehavior now supports multiple callbacks. `setBottomSheetCallback()` removes all existing callbacks, including ones set internally by library authors, which may result in unintended behavior. This may change in the future. Please use `addBottomSheetCallback()` and `removeBottomSheetCallback()` instead to set your own callbacks.
04-23 13:05:19.839 6807 6807 E RecyclerView: No adapter attached; skipping layout
04-23 13:05:19.847 6807 6807 E RecyclerView: No adapter attached; skipping layout
04-23 13:05:19.882 6807 6807 E RecyclerView: No adapter attached; skipping layout
04-23 13:05:24.449 6807 6807 E ArmVmp : Match on catch block at 0x0a in for 0xb9
04-23 13:05:24.462 6807 6807 E ArmVmp : Match on catch block at 0x0a in for 0xb5
04-23 13:05:24.666 6807 6807 E GraphicExt: GraphicExtModuleLoader::CreateGraphicExtInstance false
04-23 13:05:24.759 6807 6861 E SQLiteDatabase: Error inserting transferred=0 media_job_uuid=3d369af1-6404-464e-8f77-f10b01bfb23d transcoded=1 gif_attribution=0 first_scan_length=0 direct_path=null thumbnail_height_width_ratio=1.7560976 is_animated_sticker=0 file_hash=null file_path=/data/user/0/com.mbwhatsapp/files/.Shared/bc0873f1-d9c5-4ee9-8000- c24acc4b266c.mp4 file_size=3494473 partial_media_hash=null face_x=0 face_y=0 height=0 trim_to=15139 media_key_timestamp=0 message_url=null media_caption=null trim_from=0 mime_type=null partial_media_enc_hash=null width=0 original_file_hash=null has_streaming_sidecar=0 autotransfer_retry_enabled=1 media_upload_handle=null message_row_id=28698 multicast_id=null enc_file_hash=null mute_video=0 page_count=0 first_scan_sidecar=null suspicious_content=0 file_length=3494473 media_name=bc0873f1-d9c5-4ee9-8000-c24acc4b266c.mp4 media_duration=15 chat_row_id=9 media_key=null
04-23 13:05:24.759 6807 6861 E SQLiteDatabase: android.database.sqlite.SQLiteConstraintException: UNIQUE constraint failed: message_media.message_row_id (code 1555 SQLITE_CONSTRAINT_PRIMARYKEY[1555])
04-23 13:05:24.759 6807 6861 E SQLiteDatabase: at android.database.sqlite.SQLiteConnection.nativeExecuteForLastInsertedRowId(Native Method)
04-23 13:05:24.759 6807 6861 E SQLiteDatabase: at android.database.sqlite.SQLiteConnection.executeForLastInsertedRowId(SQLiteConnecti on.java:1127)
04-23 13:05:24.759 6807 6861 E SQLiteDatabase: at android.database.sqlite.SQLiteSession.executeForLastInsertedRowId(SQLiteSession.jav a:790)
04-23 13:05:24.759 6807 6861 E SQLiteDatabase: at android.database.sqlite.SQLiteStatement.executeInsert(SQLiteStatement.java:88)
04-23 13:05:24.759 6807 6861 E SQLiteDatabase: at android.database.sqlite.SQLiteDatabase.insertWithOnConflict(SQLiteDatabase.java:211 5)
04-23 13:05:24.759 6807 6861 E SQLiteDatabase: at android.database.sqlite.SQLiteDatabase.insert(SQLiteDatabase.java:1984)
04-23 13:05:24.759 6807 6861 E SQLiteDatabase: at X.2tm.A08(Unknown Source:6)
04-23 13:05:24.759 6807 6861 E SQLiteDatabase: at X.35Y.A07(Unknown Source:212)
04-23 13:05:24.759 6807 6861 E SQLiteDatabase: at X.3QF.A14(Unknown Source:470)
04-23 13:05:24.759 6807 6861 E SQLiteDatabase: at X.3gU.run(Unknown Source:982)
04-23 13:05:24.759 6807 6861 E SQLiteDatabase: at android.os.Handler.handleCallback(Handler.java:883)
04-23 13:05:24.759 6807 6861 E SQLiteDatabase: at android.os.Handler.dispatchMessage(Handler.java:100)
04-23 13:05:24.759 6807 6861 E SQLiteDatabase: at X.0zq.dispatchMessage(Unknown Source:4)
04-23 13:05:24.759 6807 6861 E SQLiteDatabase: at android.os.Looper.loop(Looper.java:237)
04-23 13:05:24.759 6807 6861 E SQLiteDatabase: at android.os.HandlerThread.run(HandlerThread.java:67)
04-23 13:05:24.760 6807 6807 E GraphicExt: GraphicExtModuleLoader::CreateGraphicExtInstance false
04-23 13:05:24.947 6807 6807 E ArmVmp : Match on catch block at 0xc3 in for 0x99
04-23 13:05:24.980 6807 6807 E ArmVmp : Match on catch block at 0xc3 in for 0x91
04-23 13:05:24.988 6807 6807 E ArmVmp : Match on catch block at 0xc3 in for 0x91
04-23 13:05:25.259 6807 6807 E ArmVmp : Match on catch block at 0xc3 in for 0x91
04-23 13:05:25.281 6807 6807 E ArmVmp : Match on catch block at 0xc3 in for 0x95
04-23 13:05:25.288 6807 6807 E ArmVmp : Match on catch block at 0xc3 in for 0x95
04-23 13:05:25.824 6807 6807 E ArmVmp : Match on catch block at 0xc3 in for 0x91
04-23 13:05:25.832 6807 6807 E ArmVmp : Match on catch block at 0xc3 in for 0x95
04-23 13:05:25.837 6807 6807 E ArmVmp : Match on catch block at 0xc3 in for 0x95
04-23 13:05:26.031 6807 6807 E ArmVmp : Match on catch block at 0xc3 in for 0x95
04-23 13:05:26.040 6807 6807 E ArmVmp : Match on catch block at 0xc3 in for 0x99
04-23 13:05:26.045 6807 6807 E ArmVmp : Match on catch block at 0xc3 in for 0x99
04-23 13:05:26.111 6807 6807 E ArmVmp : Match on catch block at 0xc3 in for 0x91
04-23 13:05:26.119 6807 6807 E ArmVmp : Match on catch block at 0xc3 in for 0x95
04-23 13:05:26.128 6807 6807 E ArmVmp : Match on catch block at 0xc3 in for 0x95
04-23 13:05:26.142 6807 6807 E ArmVmp : Match on catch block at 0xc3 in for 0x99
04-23 13:05:26.153 6807 6807 E ArmVmp : Match on catch block at 0xc3 in for 0x91
04-23 13:05:26.159 6807 6807 E ArmVmp : Match on catch block at 0xc3 in for 0x91
04-23 13:05:26.174 6807 6807 E ArmVmp : Match on catch block at 0xc3 in for 0x95
04-23 13:05:26.184 6807 6807 E ArmVmp : Match on catch block at 0xc3 in for 0x99
04-23 13:05:26.191 6807 6807 E ArmVmp : Match on catch block at 0xc3 in for 0x99
04-23 13:05:26.206 6807 6807 E ArmVmp : Match on catch block at 0xc3 in for 0x91
04-23 13:05:26.213 6807 6807 E ArmVmp : Match on catch block at 0xc3 in for 0x95
04-23 13:05:26.217 6807 6807 E ArmVmp : Match on catch block at 0xc3 in for 0x95
04-23 13:05:26.239 6807 6807 E ArmVmp : Match on catch block at 0xc3 in for 0x99
04-23 13:05:26.250 6807 6807 E ArmVmp : Match on catch block at 0xc3 in for 0x91
04-23 13:05:26.254 6807 6807 E ArmVmp : Match on catch block at 0xc3 in for 0x91
04-23 13:05:26.479 6807 6807 E ArmVmp : Match on catch block at 0xc3 in for 0x99
04-23 13:05:26.488 6807 6807 E ArmVmp : Match on catch block at 0xc3 in for 0x91
04-23 13:05:26.493 6807 6807 E ArmVmp : Match on catch block at 0xc3 in for 0x91
04-23 13:05:26.801 6807 6807 E ArmVmp : Match on catch block at 0xc3 in for 0x95
04-23 13:05:26.808 6807 6807 E ArmVmp : Match on catch block at 0xc3 in for 0x99
04-23 13:05:27.012 6807 6807 E ArmVmp : Match on catch block at 0xc3 in for 0x91
04-23 13:05:27.016 6807 6807 E ArmVmp : Match on catch block at 0xc3 in for 0x95
04-23 13:05:27.179 6807 6807 E ArmVmp : Match on catch block at 0xc3 in for 0x91
04-23 13:05:27.186 6807 6807 E ArmVmp : Match on catch block at 0xc3 in for 0x95
04-23 13:05:27.233 6807 6807 E ArmVmp : Match on catch block at 0xc3 in for 0x99
04-23 13:05:27.238 6807 6807 E ArmVmp : Match on catch block at 0xc3 in for 0x91
04-23 13:05:27.256 6807 6807 E ArmVmp : Match on catch block at 0xc3 in for 0x91
04-23 13:05:27.265 6807 6807 E ArmVmp : Match on catch block at 0xc3 in for 0x95
04-23 13:05:27.323 6807 22632 W System : ClassLoader referenced unknown path: system/framework/mediatek-cta.jar
04-23 13:05:27.329 6807 22679 E chromium: [0423/130527.327857:ERROR:cronet_context.cc(158)] Invalid QUIC hint host: .whatsapp.com
04-23 13:05:27.332 6807 22679 E chromium: [0423/130527.329334:ERROR:cronet_context.cc(158)] Invalid QUIC hint host: .cdninstagram.com
04-23 13:05:27.333 6807 22679 E chromium: [0423/130527.332971:ERROR:cronet_context.cc(158)] Invalid QUIC hint host: .fbcdn.net
04-23 13:05:27.333 6807 22679 E chromium: [0423/130527.333402:ERROR:cronet_context.cc(158)] Invalid QUIC hint host: .facebook.com
04-23 13:05:27.333 6807 22679 E chromium: [0423/130527.333452:ERROR:cronet_context.cc(158)] Invalid QUIC hint host: .instagram.com
04-23 13:05:27.333 6807 22679 E chromium: [0423/130527.333491:ERROR:cronet_context.cc(158)] Invalid QUIC hint host: .whatsapp.net
04-23 13:05:27.611 6807 6807 E ArmVmp : Match on catch block at 0xc3 in for 0x91
04-23 13:05:27.617 6807 6807 E ArmVmp : Match on catch block at 0xc3 in for 0x95
04-23 13:05:27.650 6807 6807 E ArmVmp : Match on catch block at 0xc3 in for 0x95
04-23 13:05:27.656 6807 6807 E ArmVmp : Match on catch block at 0xc3 in for 0x99
04-23 13:05:27.715 6807 6807 E ArmVmp : Match on catch block at 0xc3 in for 0x95
04-23 13:05:27.721 6807 6807 E ArmVmp : Match on catch block at 0xc3 in for 0x99
04-23 13:05:27.733 6807 6807 E ArmVmp : Match on catch block at 0xc3 in for 0x99
04-23 13:05:27.740 6807 6807 E ArmVmp : Match on catch block at 0xc3 in for 0x91
04-23 13:05:27.773 6807 6807 E ArmVmp : Match on catch block at 0xc3 in for 0x91
04-23 13:05:27.780 6807 6807 E ArmVmp : Match on catch block at 0xc3 in for 0x95
04-23 13:05:27.797 6807 6807 E ArmVmp : Match on catch block at 0xc3 in for 0x91
04-23 13:05:27.804 6807 6807 E ArmVmp : Match on catch block at 0xc3 in for 0x95
04-23 13:05:27.830 6807 6807 E ArmVmp : Match on catch block at 0xc3 in for 0x91
04-23 13:05:27.835 6807 6807 E ArmVmp : Match on catch block at 0xc3 in for 0x95
04-23 13:05:27.846 6807 6807 E ArmVmp : Match on catch block at 0xc3 in for 0x91
04-23 13:05:27.852 6807 6807 E ArmVmp : Match on catch block at 0xc3 in for 0x95
04-23 13:05:27.862 6807 6807 E ArmVmp : Match on catch block at 0xc3 in for 0x95
04-23 13:05:27.868 6807 6807 E ArmVmp : Match on catch block at 0xc3 in for 0x99
04-23 13:05:27.879 6807 6807 E ArmVmp : Match on catch block at 0xc3 in for 0x91
04-23 13:05:27.886 6807 6807 E ArmVmp : Match on catch block at 0xc3 in for 0x95
04-23 13:05:27.896 6807 6807 E ArmVmp : Match on catch block at 0xc3 in for 0x95
04-23 13:05:27.902 6807 6807 E ArmVmp : Match on catch block at 0xc3 in for 0x99
04-23 13:05:27.918 6807 6807 E ArmVmp : Match on catch block at 0xc3 in for 0x95
04-23 13:05:27.925 6807 6807 E ArmVmp : Match on catch block at 0xc3 in for 0x99
04-23 13:05:27.946 6807 6807 E ArmVmp : Match on catch block at 0xc3 in for 0x91
04-23 13:05:27.954 6807 6807 E ArmVmp : Match on catch block at 0xc3 in for 0x95
04-23 13:05:27.965 6807 6807 E ArmVmp : Match on catch block at 0xc3 in for 0x99
04-23 13:05:27.973 6807 6807 E ArmVmp : Match on catch block at 0xc3 in for 0x91
04-23 13:05:27.996 6807 6807 E ArmVmp : Match on catch block at 0xc3 in for 0x99
04-23 13:05:28.003 6807 6807 E ArmVmp : Match on catch block at 0xc3 in for 0x91
04-23 13:05:28.018 6807 6807 E ArmVmp : Match on catch block at 0xc3 in for 0x99
04-23 13:05:28.025 6807 6807 E ArmVmp : Match on catch block at 0xc3 in for 0x91
04-23 13:05:28.045 6807 6807 E ArmVmp : Match on catch block at 0xc3 in for 0x91
04-23 13:05:28.052 6807 6807 E ArmVmp : Match on catch block at 0xc3 in for 0x95
04-23 13:05:28.062 6807 6807 E ArmVmp : Match on catch block at 0xc3 in for 0x91
04-23 13:05:28.071 6807 6807 E ArmVmp : Match on catch block at 0xc3 in for 0x95
04-23 13:05:28.078 6807 6807 E ArmVmp : Match on catch block at 0xc3 in for 0x95
04-23 13:05:28.087 6807 6807 E ArmVmp : Match on catch block at 0xc3 in for 0x99
04-23 13:05:28.097 6807 6807 E ArmVmp : Match on catch block at 0xc3 in for 0x95
04-23 13:05:28.106 6807 6807 E ArmVmp : Match on catch block at 0xc3 in for 0x99
04-23 13:05:28.128 6807 6807 E ArmVmp : Match on catch block at 0xc3 in for 0x91
04-23 13:05:28.134 6807 6807 E ArmVmp : Match on catch block at 0xc3 in for 0x95
04-23 13:05:28.144 6807 6807 E ArmVmp : Match on catch block at 0xc3 in for 0x95
04-23 13:05:28.151 6807 6807 E ArmVmp : Match on catch block at 0xc3 in for 0x99
04-23 13:05:28.215 6807 6807 E ArmVmp : Match on catch block at 0xc3 in for 0x99
04-23 13:05:28.224 6807 6807 E ArmVmp : Match on catch block at 0xc3 in for 0x91
04-23 13:05:28.247 6807 6807 E ArmVmp : Match on catch block at 0xc3 in for 0x91
04-23 13:05:28.254 6807 6807 E ArmVmp : Match on catch block at 0xc3 in for 0x95
04-23 13:05:28.351 6807 6807 E ArmVmp : Match on catch block at 0xc3 in for 0x95
04-23 13:05:28.356 6807 6807 E ArmVmp : Match on catch block at 0xc3 in for 0x99
04-23 13:05:28.378 6807 6807 E ArmVmp : Match on catch block at 0xc3 in for 0x99
04-23 13:05:28.388 6807 6807 E ArmVmp : Match on catch block at 0xc3 in for 0x91
04-23 13:05:28.409 6807 6807 E ArmVmp : Match on catch block at 0xc3 in for 0x91
04-23 13:05:28.417 6807 6807 E ArmVmp : Match on catch block at 0xc3 in for 0x95
04-23 13:05:28.434 6807 6807 E ArmVmp : Match on catch block at 0xc3 in for 0x91
04-23 13:05:28.440 6807 6807 E ArmVmp : Match on catch block at 0xc3 in for 0x95
04-23 13:05:28.677 6807 6807 E ArmVmp : Match on catch block at 0xc3 in for 0x95
04-23 13:05:28.693 6807 6807 E ArmVmp : Match on catch block at 0xc3 in for 0x99
04-23 13:05:28.847 6807 6807 E GraphicExt: GraphicExtModuleLoader::CreateGraphicExtInstance false
04-23 13:05:28.848 6807 20647 E BufferQueueProducer: [unnamed-6807-1] setMaxDequeuedBufferCount: 2 dequeued buffers would exceed the maxBufferCount (2) (maxAcquired 1 async 0 mDequeuedBufferCannotBlock 0)
04-23 13:05:28.849 6807 20647 E Surface : IGraphicBufferProducer::setBufferCount(3) returned Invalid argument
04-23 13:05:28.885 6807 6807 E GraphicExt: GraphicExtModuleLoader::CreateGraphicExtInstance false
04-23 13:05:28.887 6807 20647 E BufferQueueProducer: [unnamed-6807-2] setMaxDequeuedBufferCount: 2 dequeued buffers would exceed the maxBufferCount (2) (maxAcquired 1 async 0 mDequeuedBufferCannotBlock 0)
04-23 13:05:28.887 6807 20647 E Surface : IGraphicBufferProducer::setBufferCount(3) returned Invalid argument
04-23 13:05:28.903 6807 6807 E GraphicExt: GraphicExtModuleLoader::CreateGraphicExtInstance false
04-23 13:05:28.904 6807 20647 E BufferQueueProducer: [unnamed-6807-3] setMaxDequeuedBufferCount: 2 dequeued buffers would exceed the maxBufferCount (2) (maxAcquired 1 async 0 mDequeuedBufferCannotBlock 0)
04-23 13:05:28.904 6807 20647 E Surface : IGraphicBufferProducer::setBufferCount(3) returned Invalid argument
04-23 13:05:28.910 6807 6807 E GraphicExt: GraphicExtModuleLoader::CreateGraphicExtInstance false
04-23 13:05:28.911 6807 20647 E BufferQueueProducer: [unnamed-6807-4] setMaxDequeuedBufferCount: 2 dequeued buffers would exceed the maxBufferCount (2) (maxAcquired 1 async 0 mDequeuedBufferCannotBlock 0)
04-23 13:05:28.911 6807 20647 E Surface : IGraphicBufferProducer::setBufferCount(3) returned Invalid argument
04-23 13:05:28.926 6807 6807 E GraphicExt: GraphicExtModuleLoader::CreateGraphicExtInstance false
04-23 13:05:28.927 6807 20647 E BufferQueueProducer: [unnamed-6807-5] setMaxDequeuedBufferCount: 2 dequeued buffers would exceed the maxBufferCount (2) (maxAcquired 1 async 0 mDequeuedBufferCannotBlock 0)
04-23 13:05:28.927 6807 20647 E Surface : IGraphicBufferProducer::setBufferCount(3) returned Invalid argument
04-23 13:05:28.934 6807 6807 E GraphicExt: GraphicExtModuleLoader::CreateGraphicExtInstance false
04-23 13:05:28.935 6807 20647 E BufferQueueProducer: [unnamed-6807-6] setMaxDequeuedBufferCount: 2 dequeued buffers would exceed the maxBufferCount (2) (maxAcquired 1 async 0 mDequeuedBufferCannotBlock 0)
04-23 13:05:28.936 6807 20647 E Surface : IGraphicBufferProducer::setBufferCount(3) returned Invalid argument
04-23 13:05:29.079 6807 6807 E ArmVmp : Match on catch block at 0xc3 in for 0x95
04-23 13:05:29.085 6807 6807 E ArmVmp : Match on catch block at 0xc3 in for 0x99
04-23 13:05:29.100 6807 6807 W ActivityThread: handleWindowVisibility: no activity for token android.os.BinderProxy@2d85934
04-23 13:05:29.177 6807 22633 W MediaPlayer: Use of stream types is deprecated for operations other than volume control
04-23 13:05:29.177 6807 22633 W MediaPlayer: See the documentation of setAudioStreamType() for what to use instead with android.media.AudioAttributes to qualify your playback use case
04-23 13:05:29.552 6807 6887 W MediaPlayerNative: info/warning (10973, 0)
04-23 13:05:29.921 6807 6807 E ArmVmp : Match on catch block at 0xc3 in for 0x95
04-23 13:05:29.928 6807 6807 E ArmVmp : Match on catch block at 0xc3 in for 0x99
04-23 13:05:30.042 6807 6807 E GraphicExt: GraphicExtModuleLoader::CreateGraphicExtInstance false
04-23 13:05:30.130 6807 6807 E ArmVmp : Match on catch block at 0xc3 in for 0x91
04-23 13:05:30.136 6807 6807 E ArmVmp : Match on catch block at 0xc3 in for 0x95
04-23 13:05:30.276 6807 6807 E ArmVmp : Match on catch block at 0xc3 in for 0x91
04-23 13:05:30.284 6807 6807 E ArmVmp : Match on catch block at 0xc3 in for 0x95
04-23 13:05:30.409 6807 6807 E ArmVmp : Match on catch block at 0xc3 in for 0x95
04-23 13:05:30.416 6807 6807 E ArmVmp : Match on catch block at 0xc3 in for 0x99
04-23 13:05:30.475 6807 6807 E ArmVmp : Match on catch block at 0xc3 in for 0x91
04-23 13:05:30.484 6807 6807 E ArmVmp : Match on catch block at 0xc3 in for 0x95
04-23 13:05:30.779 6807 6807 E ArmVmp : Match on catch block at 0xc3 in for 0x99
04-23 13:05:30.787 6807 6807 E ArmVmp : Match on catch block at 0xc3 in for 0x91
04-23 13:05:30.838 6807 6807 E ArmVmp : Match on catch block at 0xc3 in for 0x95
04-23 13:05:30.843 6807 6807 E ArmVmp : Match on catch block at 0xc3 in for 0x99
04-23 13:05:30.873 6807 6807 E ArmVmp : Match on catch block at 0xc3 in for 0x99
04-23 13:05:30.880 6807 6807 E ArmVmp : Match on catch block at 0xc3 in for 0x91
04-23 13:05:30.903 6807 6807 E ArmVmp : Match on catch block at 0xc3 in for 0x91
04-23 13:05:30.910 6807 6807 E ArmVmp : Match on catch block at 0xc3 in for 0x95
04-23 13:05:30.933 6807 6807 E ArmVmp : Match on catch block at 0xc3 in for 0x91
04-23 13:05:30.939 6807 6807 E ArmVmp : Match on catch block at 0xc3 in for 0x95
04-23 13:05:30.966 6807 6807 E ArmVmp : Match on catch block at 0xc3 in for 0x91
04-23 13:05:30.975 6807 6807 E ArmVmp : Match on catch block at 0xc3 in for 0x95
04-23 13:05:31.002 6807 6807 E ArmVmp : Match on catch block at 0xc3 in for 0x95
04-23 13:05:31.009 6807 6807 E ArmVmp : Match on catch block at 0xc3 in for 0x99
04-23 13:05:31.037 6807 6807 E ArmVmp : Match on catch block at 0xc3 in for 0x91
04-23 13:05:31.048 6807 6807 E ArmVmp : Match on catch block at 0xc3 in for 0x95
04-23 13:05:31.069 6807 6807 E ArmVmp : Match on catch block at 0xc3 in for 0x95
04-23 13:05:31.077 6807 6807 E ArmVmp : Match on catch block at 0xc3 in for 0x99
04-23 13:05:31.100 6807 6807 E ArmVmp : Match on catch block at 0xc3 in for 0x95
04-23 13:05:31.106 6807 6807 E ArmVmp : Match on catch block at 0xc3 in for 0x99
04-23 13:05:31.127 6807 6807 E ArmVmp : Match on catch block at 0xc3 in for 0x95
04-23 13:05:31.131 6807 6807 E ArmVmp : Match on catch block at 0xc3 in for 0x99
04-23 13:05:31.142 6807 6807 E ArmVmp : Match on catch block at 0xc3 in for 0x95
04-23 13:05:31.149 6807 6807 E ArmVmp : Match on catch block at 0xc3 in for 0x99
04-23 13:05:31.158 6807 6807 E ArmVmp : Match on catch block at 0xc3 in for 0x99
04-23 13:05:31.165 6807 6807 E ArmVmp : Match on catch block at 0xc3 in for 0x91
04-23 13:05:31.175 6807 6807 E ArmVmp : Match on catch block at 0xc3 in for 0x95
04-23 13:05:31.181 6807 6807 E ArmVmp : Match on catch block at 0xc3 in for 0x99
04-23 13:05:31.191 6807 6807 E ArmVmp : Match on catch block at 0xc3 in for 0x91
04-23 13:05:31.196 6807 6807 E ArmVmp : Match on catch block at 0xc3 in for 0x95
04-23 13:05:31.208 6807 6807 E ArmVmp : Match on catch block at 0xc3 in for 0x95
04-23 13:05:31.214 6807 6807 E ArmVmp : Match on catch block at 0xc3 in for 0x99
04-23 13:05:31.225 6807 6807 E ArmVmp : Match on catch block at 0xc3 in for 0x99
04-23 13:05:31.230 6807 6807 E ArmVmp : Match on catch block at 0xc3 in for 0x91
04-23 13:05:31.242 6807 6807 E ArmVmp : Match on catch block at 0xc3 in for 0x91
04-23 13:05:31.247 6807 6807 E ArmVmp : Match on catch block at 0xc3 in for 0x95
04-23 13:05:31.258 6807 6807 E ArmVmp : Match on catch block at 0xc3 in for 0x95
04-23 13:05:31.266 6807 6807 E ArmVmp : Match on catch block at 0xc3 in for 0x99
04-23 13:05:31.276 6807 6807 E ArmVmp : Match on catch block at 0xc3 in for 0x99
04-23 13:05:31.285 6807 6807 E ArmVmp : Match on catch block at 0xc3 in for 0x91
04-23 13:05:31.320 6807 6807 E ArmVmp : Match on catch block at 0xc3 in for 0x91
04-23 13:05:31.326 6807 6807 E ArmVmp : Match on catch block at 0xc3 in for 0x95
04-23 13:05:31.346 6807 6807 E ArmVmp : Match on catch block at 0xc3 in for 0x95
04-23 13:05:31.351 6807 6807 E ArmVmp : Match on catch block at 0xc3 in for 0x99
04-23 13:05:31.373 6807 6807 E ArmVmp : Match on catch block at 0xc3 in for 0x91
04-23 13:05:31.379 6807 6807 E ArmVmp : Match on catch block at 0xc3 in for 0x95
04-23 13:05:31.401 6807 6807 E ArmVmp : Match on catch block at 0xc3 in for 0x95
04-23 13:05:31.408 6807 6807 E ArmVmp : Match on catch block at 0xc3 in for 0x99
04-23 13:05:31.439 6807 6807 E ArmVmp : Match on catch block at 0xc3 in for 0x95
04-23 13:05:31.444 6807 6807 E ArmVmp : Match on catch block at 0xc3 in for 0x99
04-23 13:05:31.501 6807 6807 E ArmVmp : Match on catch block at 0xc3 in for 0x91
04-23 13:05:31.507 6807 6807 E ArmVmp : Match on catch block at 0xc3 in for 0x95
04-23 13:05:31.527 6807 6807 E ArmVmp : Match on catch block at 0xc3 in for 0x95
04-23 13:05:31.536 6807 6807 E ArmVmp : Match on catch block at 0xc3 in for 0x99
04-23 13:05:31.556 6807 6807 E ArmVmp : Match on catch block at 0xc3 in for 0x99
04-23 13:05:31.563 6807 6807 E ArmVmp : Match on catch block at 0xc3 in for 0x91
04-23 13:05:31.580 6807 6807 E ArmVmp : Match on catch block at 0xc3 in for 0x91
04-23 13:05:31.586 6807 6807 E ArmVmp : Match on catch block at 0xc3 in for 0x95
04-23 13:05:31.611 6807 6807 E ArmVmp : Match on catch block at 0xc3 in for 0x91
04-23 13:05:31.615 6807 6807 E ArmVmp : Match on catch block at 0xc3 in for 0x95
04-23 13:05:31.633 6807 6807 E ArmVmp : Match on catch block at 0xc3 in for 0x95
04-23 13:05:31.640 6807 6807 E ArmVmp : Match on catch block at 0xc3 in for 0x99
04-23 13:05:31.657 6807 6807 E ArmVmp : Match on catch block at 0xc3 in for 0x99
04-23 13:05:31.662 6807 6807 E ArmVmp : Match on catch block at 0xc3 in for 0x91
04-23 13:05:31.681 6807 6807 E ArmVmp : Match on catch block at 0xc3 in for 0x91
04-23 13:05:31.688 6807 6807 E ArmVmp : Match on catch block at 0xc3 in for 0x95
04-23 13:05:31.705 6807 6807 E ArmVmp : Match on catch block at 0xc3 in for 0x95
04-23 13:05:31.711 6807 6807 E ArmVmp : Match on catch block at 0xc3 in for 0x99
04-23 13:05:31.729 6807 6807 E ArmVmp : Match on catch block at 0xc3 in for 0x99
04-23 13:05:31.736 6807 6807 E ArmVmp : Match on catch block at 0xc3 in for 0x91
04-23 13:05:31.752 6807 6807 E ArmVmp : Match on catch block at 0xc3 in for 0x91
04-23 13:05:31.758 6807 6807 E ArmVmp : Match on catch block at 0xc3 in for 0x95
04-23 13:05:31.783 6807 6807 E ArmVmp : Match on catch block at 0xc3 in for 0x91
04-23 13:05:31.789 6807 6807 E ArmVmp : Match on catch block at 0xc3 in for 0x95
04-23 13:05:31.810 6807 6807 E ArmVmp : Match on catch block at 0xc3 in for 0x95
04-23 13:05:31.815 6807 6807 E ArmVmp : Match on catch block at 0xc3 in for 0x99
04-23 13:05:31.832 6807 6807 E ArmVmp : Match on catch block at 0xc3 in for 0x99
04-23 13:05:31.838 6807 6807 E ArmVmp : Match on catch block at 0xc3 in for 0x91
04-23 13:05:31.856 6807 6807 E ArmVmp : Match on catch block at 0xc3 in for 0x91
04-23 13:05:31.861 6807 6807 E ArmVmp : Match on catch block at 0xc3 in for 0x95
04-23 13:05:31.879 6807 6807 E ArmVmp : Match on catch block at 0xc3 in for 0x95
04-23 13:05:31.885 6807 6807 E ArmVmp : Match on catch block at 0xc3 in for 0x99
04-23 13:05:31.904 6807 6807 E ArmVmp : Match on catch block at 0xc3 in for 0x99
04-23 13:05:31.910 6807 6807 E ArmVmp : Match on catch block at 0xc3 in for 0x91
04-23 13:05:31.929 6807 6807 E ArmVmp : Match on catch block at 0xc3 in for 0x91
04-23 13:05:31.935 6807 6807 E ArmVmp : Match on catch block at 0xc3 in for 0x95
