12-20 10:08:17.161 14418 14447 D LocalImageResolver: Couldn't use ImageDecoder for
drawable, falling back to non-resized load.
12-20 10:08:17.235 1403 1403 I LineageHealth: Current mChargingStopReason: 0
12-20 10:08:17.341 1403 1403 I LineageHealth: Current mChargingStopReason: 0
12-20 10:08:17.430 1403 1403 I LineageHealth: Current mChargingStopReason: 0
12-20 10:08:17.534 1403 1403 I LineageHealth: Current mChargingStopReason: 0
12-20 10:08:17.610 4026 4428 W AiAiEcho: SmartspaceNotificationPredictor no
parser can handle this notification or notification is invalid
12-20 10:08:17.638 1403 1403 I LineageHealth: Current mChargingStopReason: 0
12-20 10:08:17.673 14418 14447 D LocalImageResolver: Couldn't use ImageDecoder for
drawable, falling back to non-resized load.
12-20 10:08:17.676 14418 14447 D LocalImageResolver: Couldn't use ImageDecoder for
drawable, falling back to non-resized load.
12-20 10:08:17.746 1403 1403 I LineageHealth: Current mChargingStopReason: 0
12-20 10:08:17.829 1403 1403 I LineageHealth: Current mChargingStopReason: 0
12-20 10:08:17.930 1403 1403 I LineageHealth: Current mChargingStopReason: 0
12-20 10:08:18.020 1403 1403 I LineageHealth: Current mChargingStopReason: 0
12-20 10:08:18.114 4026 4428 W AiAiEcho: SmartspaceNotificationPredictor no
parser can handle this notification or notification is invalid
12-20 10:08:18.142 1403 1403 I LineageHealth: Current mChargingStopReason: 0
12-20 10:08:18.178 14418 14447 D LocalImageResolver: Couldn't use ImageDecoder for
drawable, falling back to non-resized load.
12-20 10:08:18.181 14418 14447 D LocalImageResolver: Couldn't use ImageDecoder for
drawable, falling back to non-resized load.
12-20 10:08:18.351 872 872 I vendor.rmt_storage: rmt_storage_connect_cb:
clnt_h=0x12 conn_h=0xb400007912e24000
12-20 10:08:18.351 872 872 I vendor.rmt_storage: rmt_storage_rw_iovec_cb:
/boot/modem_fs2: req_h=0x12 msg_id=3: R/W request received (wr_count 11)
12-20 10:08:18.351 872 872 I vendor.rmt_storage: wakelock acquired: 1, error
no: 11
12-20 10:08:18.351 872 1267 I vendor.rmt_storage: rmt_storage_client_thread:
/boot/modem_fs2: Unblock worker thread (th_id: 517852839088)
12-20 10:08:18.371 872 1267 I vendor.rmt_storage: rmt_storage_client_thread:
/boot/modem_fs2: req_h=0x12 msg_id=3: Bytes written = 2097152, wr_count 11
12-20 10:08:18.371 872 1267 I vendor.rmt_storage: rmt_storage_client_thread:
/boot/modem_fs2: req_h=0x12 msg_id=3: Send response: res=0 err=0, wr_count 11
12-20 10:08:18.372 872 1267 I vendor.rmt_storage: rmt_storage_client_thread:
/boot/modem_fs2: About to block rmt_storage client thread (th_id: 517852839088)
wakelock released: 1, error no: 0
12-20 10:08:18.372 872 1267 I vendor.rmt_storage:
12-20 10:08:18.375 872 872 I vendor.rmt_storage: rmt_storage_disconnect_cb:
clnt_h=0x12 conn_h=0xb400007912e24000
12-20 10:08:18.412 1403 1403 I LineageHealth: Current mChargingStopReason: 0
12-20 10:08:18.627 4026 4428 W AiAiEcho: SmartspaceNotificationPredictor no
parser can handle this notification or notification is invalid
12-20 10:08:18.630 1610 1628 I pixel-thermal: quiet-therm-usr:36.706 raw data:
quiet-therm-usr:36706
12-20 10:08:18.647 1403 1403 I LineageHealth: Current mChargingStopReason: 0
12-20 10:08:18.692 14418 14447 D LocalImageResolver: Couldn't use ImageDecoder for
drawable, falling back to non-resized load.
12-20 10:08:18.696 14418 14447 D LocalImageResolver: Couldn't use ImageDecoder for
drawable, falling back to non-resized load.
12-20 10:08:18.710 1403 1403 I LineageHealth: Current mChargingStopReason: 0
12-20 10:08:19.059 1403 1403 I LineageHealth: Current mChargingStopReason: 0
12-20 10:08:19.098 1403 1403 I LineageHealth: Current mChargingStopReason: 0
12-20 10:08:19.135 4026 4428 W AiAiEcho: SmartspaceNotificationPredictor no
parser can handle this notification or notification is invalid
12-20 10:08:19.188 14418 14447 D LocalImageResolver: Couldn't use ImageDecoder for
drawable, falling back to non-resized load.
12-20 10:08:19.192 14418 14447 D LocalImageResolver: Couldn't use ImageDecoder for
drawable, falling back to non-resized load.
12-20 10:08:19.192 1403 1403 I LineageHealth: Current mChargingStopReason: 0
12-20 10:08:19.290 1403 1403 I LineageHealth: Current mChargingStopReason: 0
12-20 10:08:19.394 1403 1403 I LineageHealth: Current mChargingStopReason: 0
12-20 10:08:19.451 1403 1403 I LineageHealth: Current mChargingStopReason: 0
12-20 10:08:19.481 1403 1403 I LineageHealth: Current mChargingStopReason: 0
12-20 10:08:19.488 1403 1403 I LineageHealth: Current mChargingStopReason: 0
12-20 10:08:19.591 1403 1403 I LineageHealth: Current mChargingStopReason: 0
12-20 10:08:19.598 1403 1403 I LineageHealth: Current mChargingStopReason: 0
12-20 10:08:19.612 1403 1403 I LineageHealth: Current mChargingStopReason: 0
12-20 10:08:19.628 1403 1403 I LineageHealth: Current mChargingStopReason: 0
12-20 10:08:19.641 4026 4428 W AiAiEcho: SmartspaceNotificationPredictor no
parser can handle this notification or notification is invalid
12-20 10:08:19.648 1403 1403 I LineageHealth: Current mChargingStopReason: 0
12-20 10:08:19.686 14418 14447 D LocalImageResolver: Couldn't use ImageDecoder for
drawable, falling back to non-resized load.
12-20 10:08:19.687 1403 1403 I LineageHealth: Current mChargingStopReason: 0
12-20 10:08:19.689 14418 14447 D LocalImageResolver: Couldn't use ImageDecoder for
drawable, falling back to non-resized load.
12-20 10:08:19.751 1403 1403 I LineageHealth: Current mChargingStopReason: 0
12-20 10:08:19.760 1403 1403 I LineageHealth: Current mChargingStopReason: 0
12-20 10:08:19.779 1403 1403 I LineageHealth: Current mChargingStopReason: 0
12-20 10:08:19.884 1403 1403 I LineageHealth: Current mChargingStopReason: 0
12-20 10:08:19.976 1403 1403 I LineageHealth: Current mChargingStopReason: 0
12-20 10:08:19.986 1403 1403 I LineageHealth: Current mChargingStopReason: 0
12-20 10:08:20.015 1403 1403 I LineageHealth: Current mChargingStopReason: 0
12-20 10:08:20.072 1403 1403 I LineageHealth: Current mChargingStopReason: 0
12-20 10:08:20.107 1403 1403 I LineageHealth: Current mChargingStopReason: 0
12-20 10:08:20.144 4026 4428 W AiAiEcho: SmartspaceNotificationPredictor no
parser can handle this notification or notification is invalid
12-20 10:08:20.170 1403 1403 I LineageHealth: Current mChargingStopReason: 0
12-20 10:08:20.208 14418 14447 D LocalImageResolver: Couldn't use ImageDecoder for
drawable, falling back to non-resized load.
12-20 10:08:20.213 14418 14447 D LocalImageResolver: Couldn't use ImageDecoder for
drawable, falling back to non-resized load.
12-20 10:08:20.232 1403 1403 I LineageHealth: Current mChargingStopReason: 0
12-20 10:08:20.270 1403 1403 I LineageHealth: Current mChargingStopReason: 0
12-20 10:08:20.382 1403 1403 I LineageHealth: Current mChargingStopReason: 0
12-20 10:08:20.413 1403 1403 I LineageHealth: Current mChargingStopReason: 0
12-20 10:08:20.446 1403 1403 I LineageHealth: Current mChargingStopReason: 0
12-20 10:08:20.465 1403 1403 I LineageHealth: Current mChargingStopReason: 0
12-20 10:08:20.483 1403 1403 I LineageHealth: Current mChargingStopReason: 0
12-20 10:08:20.491 1403 1403 I LineageHealth: Current mChargingStopReason: 0
12-20 10:08:20.498 1403 1403 I LineageHealth: Current mChargingStopReason: 0
12-20 10:08:20.516 1403 1403 I LineageHealth: Current mChargingStopReason: 0
12-20 10:08:20.567 1403 1403 I LineageHealth: Current mChargingStopReason: 0
12-20 10:08:20.652 4026 4428 W AiAiEcho: SmartspaceNotificationPredictor no
parser can handle this notification or notification is invalid
12-20 10:08:20.665 1610 1628 I pixel-thermal: quiet-therm-usr:36.618 raw data:
quiet-therm-usr:36618
12-20 10:08:20.678 1403 1403 I LineageHealth: Current mChargingStopReason: 0
12-20 10:08:20.716 14418 14447 D LocalImageResolver: Couldn't use ImageDecoder for
drawable, falling back to non-resized load.
12-20 10:08:20.721 14418 14447 D LocalImageResolver: Couldn't use ImageDecoder for
drawable, falling back to non-resized load.
12-20 10:08:20.728 1403 1403 I LineageHealth: Current mChargingStopReason: 0
12-20 10:08:20.758 1403 1403 I LineageHealth: Current mChargingStopReason: 0
12-20 10:08:20.814 1403 1403 I LineageHealth: Current mChargingStopReason: 0
12-20 10:08:20.859 1403 1403 I LineageHealth: Current mChargingStopReason: 0
12-20 10:08:20.883 1403 1403 I LineageHealth: Current mChargingStopReason: 0
12-20 10:08:20.924 1403 1403 I LineageHealth: Current mChargingStopReason: 0
12-20 10:08:21.019 1403 1403 I LineageHealth: Current mChargingStopReason: 0
12-20 10:08:21.055 1403 1403 I LineageHealth: Current mChargingStopReason: 0
12-20 10:08:21.093 1403 1403 I LineageHealth: Current mChargingStopReason: 0
12-20 10:08:21.119 1403 1403 I LineageHealth: Current mChargingStopReason: 0
12-20 10:08:21.125 1403 1403 I LineageHealth: Current mChargingStopReason: 0
12-20 10:08:21.145 1403 1403 I LineageHealth: Current mChargingStopReason: 0
12-20 10:08:21.155 4026 4428 W AiAiEcho: SmartspaceNotificationPredictor no
parser can handle this notification or notification is invalid
12-20 10:08:21.172 1403 1403 I LineageHealth: Current mChargingStopReason: 0
12-20 10:08:21.186 14418 14447 D LocalImageResolver: Couldn't use ImageDecoder for
drawable, falling back to non-resized load.
12-20 10:08:21.189 14418 14447 D LocalImageResolver: Couldn't use ImageDecoder for
drawable, falling back to non-resized load.
12-20 10:08:21.203 1403 1403 I LineageHealth: Current mChargingStopReason: 0
12-20 10:08:21.249 1403 1403 I LineageHealth: Current mChargingStopReason: 0
12-20 10:08:21.255 1403 1403 I LineageHealth: Current mChargingStopReason: 0
12-20 10:08:21.267 1403 1403 I LineageHealth: Current mChargingStopReason: 0
12-20 10:08:21.345 1403 1403 I LineageHealth: Current mChargingStopReason: 0
12-20 10:08:21.354 1403 1403 I LineageHealth: Current mChargingStopReason: 0
12-20 10:08:21.446 1403 1403 I LineageHealth: Current mChargingStopReason: 0
12-20 10:08:21.639 1403 1403 I LineageHealth: Current mChargingStopReason: 0
12-20 10:08:21.661 4026 4428 W AiAiEcho: SmartspaceNotificationPredictor no
parser can handle this notification or notification is invalid
12-20 10:08:21.692 14418 14447 D LocalImageResolver: Couldn't use ImageDecoder for
drawable, falling back to non-resized load.
12-20 10:08:21.695 14418 14447 D LocalImageResolver: Couldn't use ImageDecoder for
drawable, falling back to non-resized load.
12-20 10:08:21.786 1403 1403 I LineageHealth: Current mChargingStopReason: 0
12-20 10:08:21.796 1403 1403 I LineageHealth: Current mChargingStopReason: 0
12-20 10:08:21.839 1403 1403 I LineageHealth: Current mChargingStopReason: 0
12-20 10:08:21.846 1403 1403 I LineageHealth: Current mChargingStopReason: 0
12-20 10:08:21.861 1403 1403 I LineageHealth: Current mChargingStopReason: 0
12-20 10:08:21.928 1403 1403 I LineageHealth: Current mChargingStopReason: 0
12-20 10:08:22.001 1403 1403 I LineageHealth: Current mChargingStopReason: 0
12-20 10:08:22.041 1403 1403 I LineageHealth: Current mChargingStopReason: 0
12-20 10:08:22.143 1403 1403 I LineageHealth: Current mChargingStopReason: 0
12-20 10:08:22.162 1403 1403 I LineageHealth: Current mChargingStopReason: 0
12-20 10:08:22.166 4026 4428 W AiAiEcho: SmartspaceNotificationPredictor no
parser can handle this notification or notification is invalid
12-20 10:08:22.199 1403 1403 I LineageHealth: Current mChargingStopReason: 0
12-20 10:08:22.229 1403 1403 I LineageHealth: Current mChargingStopReason: 0
12-20 10:08:22.236 1403 1403 I LineageHealth: Current mChargingStopReason: 0
12-20 10:08:22.257 14418 14447 D LocalImageResolver: Couldn't use ImageDecoder for
drawable, falling back to non-resized load.
12-20 10:08:22.259 14418 14447 D LocalImageResolver: Couldn't use ImageDecoder for
drawable, falling back to non-resized load.
12-20 10:08:22.273 1403 1403 I LineageHealth: Current mChargingStopReason: 0
12-20 10:08:22.321 1403 1403 I LineageHealth: Current mChargingStopReason: 0
12-20 10:08:22.332 1403 1403 I LineageHealth: Current mChargingStopReason: 0
12-20 10:08:22.339 1403 1403 I LineageHealth: Current mChargingStopReason: 0
12-20 10:08:22.356 1403 1403 I LineageHealth: Current mChargingStopReason: 0
12-20 10:08:22.430 1403 1403 I LineageHealth: Current mChargingStopReason: 0
12-20 10:08:22.439 1403 1403 I LineageHealth: Current mChargingStopReason: 0
12-20 10:08:22.462 1403 1403 I LineageHealth: Current mChargingStopReason: 0
12-20 10:08:22.473 1403 1403 I LineageHealth: Current mChargingStopReason: 0
12-20 10:08:22.491 1403 1403 I LineageHealth: Current mChargingStopReason: 0
12-20 10:08:22.532 1403 1403 I LineageHealth: Current mChargingStopReason: 0
12-20 10:08:22.614 1403 1403 I LineageHealth: Current mChargingStopReason: 0
12-20 10:08:22.634 1403 1403 I LineageHealth: Current mChargingStopReason: 0
12-20 10:08:22.671 1610 1628 I pixel-thermal: quiet-therm-usr:36.541 raw data:
quiet-therm-usr:36541
12-20 10:08:22.674 4026 4428 W AiAiEcho: SmartspaceNotificationPredictor no
parser can handle this notification or notification is invalid
12-20 10:08:22.682 1403 1403 I LineageHealth: Current mChargingStopReason: 0
12-20 10:08:22.724 1403 1403 I LineageHealth: Current mChargingStopReason: 0
12-20 10:08:22.736 14418 14447 D LocalImageResolver: Couldn't use ImageDecoder for
drawable, falling back to non-resized load.
12-20 10:08:22.739 14418 14447 D LocalImageResolver: Couldn't use ImageDecoder for
drawable, falling back to non-resized load.
12-20 10:08:22.765 1403 1403 I LineageHealth: Current mChargingStopReason: 0
12-20 10:08:22.789 1403 1403 I LineageHealth: Current mChargingStopReason: 0
12-20 10:08:22.839 1403 1403 I LineageHealth: Current mChargingStopReason: 0
12-20 10:08:22.868 1403 1403 I LineageHealth: Current mChargingStopReason: 0
12-20 10:08:22.911 1403 1403 I LineageHealth: Current mChargingStopReason: 0
12-20 10:08:22.916 1403 1403 I LineageHealth: Current mChargingStopReason: 0
12-20 10:08:22.936 1403 1403 I LineageHealth: Current mChargingStopReason: 0
12-20 10:08:23.080 1403 1403 I LineageHealth: Current mChargingStopReason: 0
12-20 10:08:23.113 1403 1403 I LineageHealth: Current mChargingStopReason: 0
12-20 10:08:23.134 1403 1403 I LineageHealth: Current mChargingStopReason: 0
12-20 10:08:23.179 4026 4428 W AiAiEcho: SmartspaceNotificationPredictor no
parser can handle this notification or notification is invalid
12-20 10:08:23.204 1403 1403 I LineageHealth: Current mChargingStopReason: 0
12-20 10:08:23.217 1403 1403 I LineageHealth: Current mChargingStopReason: 0
12-20 10:08:23.235 14418 14447 D LocalImageResolver: Couldn't use ImageDecoder for
drawable, falling back to non-resized load.
12-20 10:08:23.238 14418 14447 D LocalImageResolver: Couldn't use ImageDecoder for
drawable, falling back to non-resized load.
12-20 10:08:23.302 1403 1403 I LineageHealth: Current mChargingStopReason: 0
12-20 10:08:23.361 1403 1403 I LineageHealth: Current mChargingStopReason: 0
12-20 10:08:23.395 1403 1403 I LineageHealth: Current mChargingStopReason: 0
12-20 10:08:23.407 1403 1403 I LineageHealth: Current mChargingStopReason: 0
12-20 10:08:23.438 1403 1403 I LineageHealth: Current mChargingStopReason: 0
12-20 10:08:23.459 1403 1403 I LineageHealth: Current mChargingStopReason: 0
12-20 10:08:23.474 1403 1403 I LineageHealth: Current mChargingStopReason: 0
12-20 10:08:23.496 1403 1403 I LineageHealth: Current mChargingStopReason: 0
12-20 10:08:23.509 1403 1403 I LineageHealth: Current mChargingStopReason: 0
12-20 10:08:23.554 1403 1403 I LineageHealth: Current mChargingStopReason: 0
12-20 10:08:23.601 1403 1403 I LineageHealth: Current mChargingStopReason: 0
12-20 10:08:23.621 1403 1403 I LineageHealth: Current mChargingStopReason: 0
12-20 10:08:23.688 4026 4428 W AiAiEcho: SmartspaceNotificationPredictor no
parser can handle this notification or notification is invalid
12-20 10:08:23.699 1403 1403 I LineageHealth: Current mChargingStopReason: 0
12-20 10:08:23.734 1403 1403 I LineageHealth: Current mChargingStopReason: 0
12-20 10:08:23.756 14418 14447 D LocalImageResolver: Couldn't use ImageDecoder for
drawable, falling back to non-resized load.
12-20 10:08:23.760 14418 14447 D LocalImageResolver: Couldn't use ImageDecoder for
drawable, falling back to non-resized load.
12-20 10:08:23.786 1403 1403 I LineageHealth: Current mChargingStopReason: 0
12-20 10:08:23.798 1403 1403 I LineageHealth: Current mChargingStopReason: 0
12-20 10:08:23.836 1403 1403 I LineageHealth: Current mChargingStopReason: 0
12-20 10:08:23.849 1403 1403 I LineageHealth: Current mChargingStopReason: 0
12-20 10:08:23.882 1403 1403 I LineageHealth: Current mChargingStopReason: 0
12-20 10:08:23.892 1403 1403 I LineageHealth: Current mChargingStopReason: 0
12-20 10:08:23.908 1403 1403 I LineageHealth: Current mChargingStopReason: 0
12-20 10:08:23.985 1403 1403 I LineageHealth: Current mChargingStopReason: 0
12-20 10:08:23.996 1403 1403 I LineageHealth: Current mChargingStopReason: 0
12-20 10:08:24.020 1403 1403 I LineageHealth: Current mChargingStopReason: 0
12-20 10:08:24.042 1403 1403 I LineageHealth: Current mChargingStopReason: 0
12-20 10:08:24.085 1403 1403 I LineageHealth: Current mChargingStopReason: 0
12-20 10:08:24.123 1403 1403 I LineageHealth: Current mChargingStopReason: 0
12-20 10:08:24.147 1403 1403 I LineageHealth: Current mChargingStopReason: 0
12-20 10:08:24.154 1403 1403 I LineageHealth: Current mChargingStopReason: 0
12-20 10:08:24.183 1403 1403 I LineageHealth: Current mChargingStopReason: 0
12-20 10:08:24.195 1403 1403 I LineageHealth: Current mChargingStopReason: 0
12-20 10:08:24.199 4026 4428 W AiAiEcho: SmartspaceNotificationPredictor no
parser can handle this notification or notification is invalid
12-20 10:08:24.228 1403 1403 I LineageHealth: Current mChargingStopReason: 0
12-20 10:08:24.253 14418 14447 D LocalImageResolver: Couldn't use ImageDecoder for
drawable, falling back to non-resized load.
12-20 10:08:24.253 1403 1403 I LineageHealth: Current mChargingStopReason: 0
12-20 10:08:24.257 14418 14447 D LocalImageResolver: Couldn't use ImageDecoder for
drawable, falling back to non-resized load.
12-20 10:08:24.272 1403 1403 I LineageHealth: Current mChargingStopReason: 0
12-20 10:08:24.303 1403 1403 I LineageHealth: Current mChargingStopReason: 0
12-20 10:08:24.380 1403 1403 I LineageHealth: Current mChargingStopReason: 0
12-20 10:08:24.406 1403 1403 I LineageHealth: Current mChargingStopReason: 0
12-20 10:08:24.436 1403 1403 I LineageHealth: Current mChargingStopReason: 0
12-20 10:08:24.493 1403 1403 I LineageHealth: Current mChargingStopReason: 0
12-20 10:08:24.520 1403 1403 I LineageHealth: Current mChargingStopReason: 0
12-20 10:08:24.526 1403 1403 I LineageHealth: Current mChargingStopReason: 0
12-20 10:08:24.582 1403 1403 I LineageHealth: Current mChargingStopReason: 0
12-20 10:08:24.621 1403 1403 I LineageHealth: Current mChargingStopReason: 0
12-20 10:08:24.664 1403 1403 I LineageHealth: Current mChargingStopReason: 0
12-20 10:08:24.678 1610 1628 I pixel-thermal: quiet-therm-usr:36.476 raw data:
quiet-therm-usr:36476
12-20 10:08:24.682 1403 1403 I LineageHealth: Current mChargingStopReason: 0
12-20 10:08:24.703 4026 4428 W AiAiEcho: SmartspaceNotificationPredictor no
parser can handle this notification or notification is invalid
12-20 10:08:24.735 14418 14447 D LocalImageResolver: Couldn't use ImageDecoder for
drawable, falling back to non-resized load.
12-20 10:08:24.738 14418 14447 D LocalImageResolver: Couldn't use ImageDecoder for
drawable, falling back to non-resized load.
12-20 10:08:24.761 1403 1403 I LineageHealth: Current mChargingStopReason: 0
12-20 10:08:24.770 1403 1403 I LineageHealth: Current mChargingStopReason: 0
12-20 10:08:24.821 1403 1403 I LineageHealth: Current mChargingStopReason: 0
12-20 10:08:24.866 1403 1403 I LineageHealth: Current mChargingStopReason: 0
12-20 10:08:24.893 1403 1403 I LineageHealth: Current mChargingStopReason: 0
12-20 10:08:24.912 1403 1403 I LineageHealth: Current mChargingStopReason: 0
12-20 10:08:24.959 1403 1403 I LineageHealth: Current mChargingStopReason: 0
12-20 10:08:24.964 1403 1403 I LineageHealth: Current mChargingStopReason: 0
12-20 10:08:24.987 1403 1403 I LineageHealth: Current mChargingStopReason: 0
12-20 10:08:25.062 1403 1403 I LineageHealth: Current mChargingStopReason: 0
12-20 10:08:25.080 1403 1403 I LineageHealth: Current mChargingStopReason: 0
12-20 10:08:25.112 1403 1403 I LineageHealth: Current mChargingStopReason: 0
12-20 10:08:25.165 1403 1403 I LineageHealth: Current mChargingStopReason: 0
12-20 10:08:25.192 1403 1403 I LineageHealth: Current mChargingStopReason: 0
12-20 10:08:25.213 4026 4428 W AiAiEcho: SmartspaceNotificationPredictor no
parser can handle this notification or notification is invalid
12-20 10:08:25.256 1403 1403 I LineageHealth: Current mChargingStopReason: 0
12-20 10:08:25.271 1403 1403 I LineageHealth: Current mChargingStopReason: 0
12-20 10:08:25.275 14418 14447 D LocalImageResolver: Couldn't use ImageDecoder for
drawable, falling back to non-resized load.
12-20 10:08:25.279 14418 14447 D LocalImageResolver: Couldn't use ImageDecoder for
drawable, falling back to non-resized load.
12-20 10:08:25.332 1403 1403 I LineageHealth: Current mChargingStopReason: 0
12-20 10:08:25.356 1403 1403 I LineageHealth: Current mChargingStopReason: 0
12-20 10:08:25.403 1403 1403 I LineageHealth: Current mChargingStopReason: 0
12-20 10:08:25.424 1403 1403 I LineageHealth: Current mChargingStopReason: 0
12-20 10:08:25.460 1403 1403 I LineageHealth: Current mChargingStopReason: 0
12-20 10:08:25.568 1403 1403 I LineageHealth: Current mChargingStopReason: 0
12-20 10:08:25.601 1403 1403 I LineageHealth: Current mChargingStopReason: 0
12-20 10:08:25.678 1403 1403 I LineageHealth: Current mChargingStopReason: 0
12-20 10:08:25.718 4026 4428 W AiAiEcho: SmartspaceNotificationPredictor no
parser can handle this notification or notification is invalid
12-20 10:08:25.723 1403 1403 I LineageHealth: Current mChargingStopReason: 0
12-20 10:08:25.751 1403 1403 I LineageHealth: Current mChargingStopReason: 0
12-20 10:08:25.760 1403 1403 I LineageHealth: Current mChargingStopReason: 0
12-20 10:08:25.787 14418 14447 D LocalImageResolver: Couldn't use ImageDecoder for
drawable, falling back to non-resized load.
12-20 10:08:25.790 14418 14447 D LocalImageResolver: Couldn't use ImageDecoder for
drawable, falling back to non-resized load.
12-20 10:08:25.822 1403 1403 I LineageHealth: Current mChargingStopReason: 0
12-20 10:08:25.846 1403 1403 I LineageHealth: Current mChargingStopReason: 0
12-20 10:08:25.921 1403 1453 I system_server: Background young concurrent copying
GC freed 1357106(46MB) AllocSpace objects, 7(140KB) LOS objects, 52% free,
41MB/88MB, paused 240us,93us total 100.399ms
12-20 10:08:25.956 1403 1403 I LineageHealth: Current mChargingStopReason: 0
12-20 10:08:25.982 1403 1403 I LineageHealth: Current mChargingStopReason: 0
12-20 10:08:26.006 1403 1403 I LineageHealth: Current mChargingStopReason: 0
12-20 10:08:26.050 1403 1403 I LineageHealth: Current mChargingStopReason: 0
12-20 10:08:26.085 1403 1403 I LineageHealth: Current mChargingStopReason: 0
12-20 10:08:26.112 1403 1403 I LineageHealth: Current mChargingStopReason: 0
12-20 10:08:26.145 1403 1403 I LineageHealth: Current mChargingStopReason: 0
12-20 10:08:26.164 1403 1403 I LineageHealth: Current mChargingStopReason: 0
12-20 10:08:26.190 1403 1403 I LineageHealth: Current mChargingStopReason: 0
12-20 10:08:26.200 1403 1403 I LineageHealth: Current mChargingStopReason: 0
12-20 10:08:26.225 4026 4428 W AiAiEcho: SmartspaceNotificationPredictor no
parser can handle this notification or notification is invalid
12-20 10:08:26.230 1403 1403 I LineageHealth: Current mChargingStopReason: 0
12-20 10:08:26.240 1403 1403 I LineageHealth: Current mChargingStopReason: 0
12-20 10:08:26.262 1403 1403 I LineageHealth: Current mChargingStopReason: 0
12-20 10:08:26.280 14418 14447 D LocalImageResolver: Couldn't use ImageDecoder for
drawable, falling back to non-resized load.
12-20 10:08:26.284 14418 14447 D LocalImageResolver: Couldn't use ImageDecoder for
drawable, falling back to non-resized load.
12-20 10:08:26.351 1403 1403 I LineageHealth: Current mChargingStopReason: 0
12-20 10:08:26.438 1403 1403 I LineageHealth: Current mChargingStopReason: 0
12-20 10:08:26.454 1403 1403 I LineageHealth: Current mChargingStopReason: 0
12-20 10:08:26.478 1403 1403 I LineageHealth: Current mChargingStopReason: 0
12-20 10:08:26.530 1403 1403 I LineageHealth: Current mChargingStopReason: 0
12-20 10:08:26.551 1403 1403 I LineageHealth: Current mChargingStopReason: 0
12-20 10:08:26.626 1403 1403 I LineageHealth: Current mChargingStopReason: 0
12-20 10:08:26.691 1403 1403 I LineageHealth: Current mChargingStopReason: 0
12-20 10:08:26.716 1610 1628 I pixel-thermal: quiet-therm-usr:36.419 raw data:
quiet-therm-usr:36419
12-20 10:08:26.728 1403 1403 I LineageHealth: Current mChargingStopReason: 0
12-20 10:08:26.739 4026 4428 W AiAiEcho: SmartspaceNotificationPredictor no
parser can handle this notification or notification is invalid
12-20 10:08:26.772 1403 1403 I LineageHealth: Current mChargingStopReason: 0
12-20 10:08:26.784 1403 1403 I LineageHealth: Current mChargingStopReason: 0
12-20 10:08:26.786 14418 14447 D LocalImageResolver: Couldn't use ImageDecoder for
drawable, falling back to non-resized load.
12-20 10:08:26.789 14418 14447 D LocalImageResolver: Couldn't use ImageDecoder for
drawable, falling back to non-resized load.
12-20 10:08:26.826 1403 1403 I LineageHealth: Current mChargingStopReason: 0
12-20 10:08:26.836 1403 1403 I LineageHealth: Current mChargingStopReason: 0
12-20 10:08:26.873 1403 1403 I LineageHealth: Current mChargingStopReason: 0
12-20 10:08:26.921 1403 1403 I LineageHealth: Current mChargingStopReason: 0
12-20 10:08:26.929 1403 1403 I LineageHealth: Current mChargingStopReason: 0
12-20 10:08:26.948 1403 1403 I LineageHealth: Current mChargingStopReason: 0
12-20 10:08:27.037 1403 1403 I LineageHealth: Current mChargingStopReason: 0
12-20 10:08:27.115 1403 1403 I LineageHealth: Current mChargingStopReason: 0
12-20 10:08:27.248 1403 1403 I LineageHealth: Current mChargingStopReason: 0
12-20 10:08:27.252 4026 4428 W AiAiEcho: SmartspaceNotificationPredictor no
parser can handle this notification or notification is invalid
12-20 10:08:27.290 14418 14447 D LocalImageResolver: Couldn't use ImageDecoder for
drawable, falling back to non-resized load.
12-20 10:08:27.294 14418 14447 D LocalImageResolver: Couldn't use ImageDecoder for
drawable, falling back to non-resized load.
12-20 10:08:27.326 1403 1403 I LineageHealth: Current mChargingStopReason: 0
12-20 10:08:27.410 1403 1403 I LineageHealth: Current mChargingStopReason: 0
12-20 10:08:27.512 1403 1403 I LineageHealth: Current mChargingStopReason: 0
12-20 10:08:27.623 1403 1403 I LineageHealth: Current mChargingStopReason: 0
12-20 10:08:27.651 1403 1403 I LineageHealth: Current mChargingStopReason: 0
12-20 10:08:27.705 1403 1403 I LineageHealth: Current mChargingStopReason: 0
12-20 10:08:27.759 4026 4428 W AiAiEcho: SmartspaceNotificationPredictor no
parser can handle this notification or notification is invalid
12-20 10:08:27.761 1403 1403 I LineageHealth: Current mChargingStopReason: 0
12-20 10:08:27.772 1403 1403 I LineageHealth: Current mChargingStopReason: 0
12-20 10:08:27.811 1403 1403 I LineageHealth: Current mChargingStopReason: 0
12-20 10:08:27.834 14418 14447 D LocalImageResolver: Couldn't use ImageDecoder for
drawable, falling back to non-resized load.
12-20 10:08:27.837 14418 14447 D LocalImageResolver: Couldn't use ImageDecoder for
drawable, falling back to non-resized load.
12-20 10:08:27.911 1403 1403 I LineageHealth: Current mChargingStopReason: 0
12-20 10:08:27.973 1403 1403 I LineageHealth: Current mChargingStopReason: 0
12-20 10:08:27.993 1403 1403 I LineageHealth: Current mChargingStopReason: 0
12-20 10:08:28.106 1403 1403 I LineageHealth: Current mChargingStopReason: 0
12-20 10:08:28.166 1403 1403 I LineageHealth: Current mChargingStopReason: 0
12-20 10:08:28.186 1403 1403 I LineageHealth: Current mChargingStopReason: 0
12-20 10:08:28.197 1403 1403 I LineageHealth: Current mChargingStopReason: 0
12-20 10:08:28.245 1403 1403 I LineageHealth: Current mChargingStopReason: 0
12-20 10:08:28.257 4026 4428 W AiAiEcho: SmartspaceNotificationPredictor no
parser can handle this notification or notification is invalid
12-20 10:08:28.285 14418 14447 D LocalImageResolver: Couldn't use ImageDecoder for
drawable, falling back to non-resized load.
12-20 10:08:28.286 1403 1403 I LineageHealth: Current mChargingStopReason: 0
12-20 10:08:28.289 14418 14447 D LocalImageResolver: Couldn't use ImageDecoder for
drawable, falling back to non-resized load.
12-20 10:08:28.327 1403 1403 I LineageHealth: Current mChargingStopReason: 0
12-20 10:08:28.334 1403 1403 I LineageHealth: Current mChargingStopReason: 0
12-20 10:08:28.387 1403 1403 I LineageHealth: Current mChargingStopReason: 0
12-20 10:08:28.485 1403 1403 I LineageHealth: Current mChargingStopReason: 0
12-20 10:08:28.532 1403 1403 I LineageHealth: Current mChargingStopReason: 0
12-20 10:08:28.550 1403 1403 I LineageHealth: Current mChargingStopReason: 0
12-20 10:08:28.616 1403 1403 I LineageHealth: Current mChargingStopReason: 0
12-20 10:08:28.644 1403 1403 I LineageHealth: Current mChargingStopReason: 0
12-20 10:08:28.687 1403 1403 I LineageHealth: Current mChargingStopReason: 0
12-20 10:08:28.694 1403 1403 I LineageHealth: Current mChargingStopReason: 0
12-20 10:08:28.717 1403 1403 I LineageHealth: Current mChargingStopReason: 0
12-20 10:08:28.719 1610 1628 I pixel-thermal: quiet-therm-usr:36.362 raw data:
quiet-therm-usr:36362
12-20 10:08:28.731 1403 1403 I LineageHealth: Current mChargingStopReason: 0
12-20 10:08:28.754 1403 1403 I LineageHealth: Current mChargingStopReason: 0
12-20 10:08:28.762 4026 4428 W AiAiEcho: SmartspaceNotificationPredictor no
parser can handle this notification or notification is invalid
12-20 10:08:28.774 1403 1403 I LineageHealth: Current mChargingStopReason: 0
12-20 10:08:28.799 1403 1403 I LineageHealth: Current mChargingStopReason: 0
12-20 10:08:28.819 14418 14447 D LocalImageResolver: Couldn't use ImageDecoder for
drawable, falling back to non-resized load.
12-20 10:08:28.823 14418 14447 D LocalImageResolver: Couldn't use ImageDecoder for
drawable, falling back to non-resized load.
12-20 10:08:28.847 1403 1403 I LineageHealth: Current mChargingStopReason: 0
12-20 10:08:28.877 1403 1403 I LineageHealth: Current mChargingStopReason: 0
12-20 10:08:28.987 1403 1403 I LineageHealth: Current mChargingStopReason: 0
12-20 10:08:29.077 1403 1403 I LineageHealth: Current mChargingStopReason: 0
12-20 10:08:29.169 1403 1403 I LineageHealth: Current mChargingStopReason: 0
12-20 10:08:29.209 1403 1403 I LineageHealth: Current mChargingStopReason: 0
12-20 10:08:29.216 1403 1403 I LineageHealth: Current mChargingStopReason: 0
12-20 10:08:29.270 4026 4428 W AiAiEcho: SmartspaceNotificationPredictor no
parser can handle this notification or notification is invalid
12-20 10:08:29.296 1403 1403 I LineageHealth: Current mChargingStopReason: 0
12-20 10:08:29.323 14418 14447 D LocalImageResolver: Couldn't use ImageDecoder for
drawable, falling back to non-resized load.
12-20 10:08:29.326 1403 1403 I LineageHealth: Current mChargingStopReason: 0
12-20 10:08:29.327 14418 14447 D LocalImageResolver: Couldn't use ImageDecoder for
drawable, falling back to non-resized load.
12-20 10:08:29.363 1403 1403 I LineageHealth: Current mChargingStopReason: 0
12-20 10:08:29.480 1403 1403 I LineageHealth: Current mChargingStopReason: 0
12-20 10:08:29.561 1403 1403 I LineageHealth: Current mChargingStopReason: 0
12-20 10:08:29.660 1403 1403 I LineageHealth: Current mChargingStopReason: 0
12-20 10:08:29.778 4026 4428 W AiAiEcho: SmartspaceNotificationPredictor no
parser can handle this notification or notification is invalid
12-20 10:08:29.826 14418 14447 D LocalImageResolver: Couldn't use ImageDecoder for
drawable, falling back to non-resized load.
12-20 10:08:29.830 14418 14447 D LocalImageResolver: Couldn't use ImageDecoder for
drawable, falling back to non-resized load.
12-20 10:08:29.848 1403 1403 I LineageHealth: Current mChargingStopReason: 0
12-20 10:08:29.874 1403 1403 I LineageHealth: Current mChargingStopReason: 0
12-20 10:08:29.952 1403 1403 I LineageHealth: Current mChargingStopReason: 0
12-20 10:08:30.058 1403 1403 I LineageHealth: Current mChargingStopReason: 0
12-20 10:08:30.149 1403 1403 I LineageHealth: Current mChargingStopReason: 0
12-20 10:08:30.208 1403 1403 I LineageHealth: Current mChargingStopReason: 0
12-20 10:08:30.214 1403 1403 I LineageHealth: Current mChargingStopReason: 0
12-20 10:08:30.286 4026 4428 W AiAiEcho: SmartspaceNotificationPredictor no
parser can handle this notification or notification is invalid
12-20 10:08:30.336 14418 14447 D LocalImageResolver: Couldn't use ImageDecoder for
drawable, falling back to non-resized load.
12-20 10:08:30.339 14418 14447 D LocalImageResolver: Couldn't use ImageDecoder for
drawable, falling back to non-resized load.
12-20 10:08:30.346 1403 1403 I LineageHealth: Current mChargingStopReason: 0
12-20 10:08:30.440 1403 1403 I LineageHealth: Current mChargingStopReason: 0
12-20 10:08:30.545 1403 1403 I LineageHealth: Current mChargingStopReason: 0
12-20 10:08:30.683 1403 1403 I LineageHealth: Current mChargingStopReason: 0
12-20 10:08:30.754 1610 1628 I pixel-thermal: quiet-therm-usr:36.308 raw data:
quiet-therm-usr:36308
12-20 10:08:30.769 1403 1403 I LineageHealth: Current mChargingStopReason: 0
12-20 10:08:30.794 4026 4428 W AiAiEcho: SmartspaceNotificationPredictor no
parser can handle this notification or notification is invalid
12-20 10:08:30.811 1403 1403 I LineageHealth: Current mChargingStopReason: 0
12-20 10:08:30.833 1403 1403 I LineageHealth: Current mChargingStopReason: 0
12-20 10:08:30.853 14418 14447 D LocalImageResolver: Couldn't use ImageDecoder for
drawable, falling back to non-resized load.
12-20 10:08:30.857 14418 14447 D LocalImageResolver: Couldn't use ImageDecoder for
drawable, falling back to non-resized load.
12-20 10:08:30.896 1403 1403 I LineageHealth: Current mChargingStopReason: 0
12-20 10:08:30.904 1403 1403 I LineageHealth: Current mChargingStopReason: 0
12-20 10:08:30.935 1403 1403 I LineageHealth: Current mChargingStopReason: 0
12-20 10:08:31.027 1403 1403 I LineageHealth: Current mChargingStopReason: 0
12-20 10:08:31.116 5299 5412 W TimedProcessReaper: Memory state is: 125
12-20 10:08:31.133 1403 1403 I LineageHealth: Current mChargingStopReason: 0
12-20 10:08:31.230 1403 1403 I LineageHealth: Current mChargingStopReason: 0
12-20 10:08:31.298 4026 4428 W AiAiEcho: SmartspaceNotificationPredictor no
parser can handle this notification or notification is invalid
12-20 10:08:31.323 1403 1403 I LineageHealth: Current mChargingStopReason: 0
12-20 10:08:31.362 14418 14447 D LocalImageResolver: Couldn't use ImageDecoder for
drawable, falling back to non-resized load.
12-20 10:08:31.367 14418 14447 D LocalImageResolver: Couldn't use ImageDecoder for
drawable, falling back to non-resized load.
12-20 10:08:31.415 1403 1403 I LineageHealth: Current mChargingStopReason: 0
12-20 10:08:31.422 1403 1403 I LineageHealth: Current mChargingStopReason: 0
12-20 10:08:31.524 1403 1403 I LineageHealth: Current mChargingStopReason: 0
12-20 10:08:31.631 1403 1403 I LineageHealth: Current mChargingStopReason: 0
12-20 10:08:31.715 1403 1403 I LineageHealth: Current mChargingStopReason: 0
12-20 10:08:31.805 4026 4428 W AiAiEcho: SmartspaceNotificationPredictor no
parser can handle this notification or notification is invalid
12-20 10:08:31.856 14418 14447 D LocalImageResolver: Couldn't use ImageDecoder for
drawable, falling back to non-resized load.
12-20 10:08:31.861 14418 14447 D LocalImageResolver: Couldn't use ImageDecoder for
drawable, falling back to non-resized load.
12-20 10:08:31.874 1403 1403 I LineageHealth: Current mChargingStopReason: 0
12-20 10:08:31.910 1403 1403 I LineageHealth: Current mChargingStopReason: 0
12-20 10:08:32.012 1403 1403 I LineageHealth: Current mChargingStopReason: 0
12-20 10:08:32.103 1403 1403 I LineageHealth: Current mChargingStopReason: 0
12-20 10:08:32.205 1403 1403 I LineageHealth: Current mChargingStopReason: 0
12-20 10:08:32.306 1403 1403 I LineageHealth: Current mChargingStopReason: 0
12-20 10:08:32.314 4026 4428 W AiAiEcho: SmartspaceNotificationPredictor no
parser can handle this notification or notification is invalid
12-20 10:08:32.362 14418 14447 D LocalImageResolver: Couldn't use ImageDecoder for
drawable, falling back to non-resized load.
12-20 10:08:32.364 14418 14447 D LocalImageResolver: Couldn't use ImageDecoder for
drawable, falling back to non-resized load.
12-20 10:08:32.401 1403 1403 I LineageHealth: Current mChargingStopReason: 0
12-20 10:08:32.693 1403 1403 I LineageHealth: Current mChargingStopReason: 0
12-20 10:08:32.761 1610 1628 I pixel-thermal: quiet-therm-usr:36.264 raw data:
quiet-therm-usr:36264
12-20 10:08:32.796 1403 1403 I LineageHealth: Current mChargingStopReason: 0
12-20 10:08:32.824 4026 4428 W AiAiEcho: SmartspaceNotificationPredictor no
parser can handle this notification or notification is invalid
12-20 10:08:32.859 14418 14447 D LocalImageResolver: Couldn't use ImageDecoder for
drawable, falling back to non-resized load.
12-20 10:08:32.863 14418 14447 D LocalImageResolver: Couldn't use ImageDecoder for
drawable, falling back to non-resized load.
12-20 10:08:32.985 1403 1403 I LineageHealth: Current mChargingStopReason: 0
12-20 10:08:33.107 1403 1403 I LineageHealth: Current mChargingStopReason: 0
12-20 10:08:33.226 1403 1403 I LineageHealth: Current mChargingStopReason: 0
12-20 10:08:33.294 1403 1403 I LineageHealth: Current mChargingStopReason: 0
12-20 10:08:33.332 4026 4428 W AiAiEcho: SmartspaceNotificationPredictor no
parser can handle this notification or notification is invalid
12-20 10:08:33.379 1403 1403 I LineageHealth: Current mChargingStopReason: 0
12-20 10:08:33.401 14418 14447 D LocalImageResolver: Couldn't use ImageDecoder for
drawable, falling back to non-resized load.
12-20 10:08:33.404 14418 14447 D LocalImageResolver: Couldn't use ImageDecoder for
drawable, falling back to non-resized load.
12-20 10:08:33.475 1403 1403 I LineageHealth: Current mChargingStopReason: 0
12-20 10:08:33.585 1403 1403 I LineageHealth: Current mChargingStopReason: 0
12-20 10:08:33.683 1403 1403 I LineageHealth: Current mChargingStopReason: 0
12-20 10:08:33.776 1403 1403 I LineageHealth: Current mChargingStopReason: 0
12-20 10:08:33.834 4026 4428 W AiAiEcho: SmartspaceNotificationPredictor no
parser can handle this notification or notification is invalid
12-20 10:08:33.880 14418 14447 D LocalImageResolver: Couldn't use ImageDecoder for
drawable, falling back to non-resized load.
12-20 10:08:33.884 14418 14447 D LocalImageResolver: Couldn't use ImageDecoder for
drawable, falling back to non-resized load.
12-20 10:08:33.908 1403 1403 I LineageHealth: Current mChargingStopReason: 0
12-20 10:08:33.971 1403 1403 I LineageHealth: Current mChargingStopReason: 0
12-20 10:08:34.069 1403 1403 I LineageHealth: Current mChargingStopReason: 0
12-20 10:08:34.158 1403 1403 I LineageHealth: Current mChargingStopReason: 0
12-20 10:08:34.345 4026 4428 W AiAiEcho: SmartspaceNotificationPredictor no
parser can handle this notification or notification is invalid
12-20 10:08:34.378 14418 14447 D LocalImageResolver: Couldn't use ImageDecoder for
drawable, falling back to non-resized load.
12-20 10:08:34.383 14418 14447 D LocalImageResolver: Couldn't use ImageDecoder for
drawable, falling back to non-resized load.
12-20 10:08:34.452 1403 1403 I LineageHealth: Current mChargingStopReason: 0
12-20 10:08:34.567 1403 1403 I LineageHealth: Current mChargingStopReason: 0
12-20 10:08:34.648 1403 1403 I LineageHealth: Current mChargingStopReason: 0
12-20 10:08:34.748 1403 1403 I LineageHealth: Current mChargingStopReason: 0
12-20 10:08:34.774 1610 1628 I pixel-thermal: quiet-therm-usr:36.21 raw data:
quiet-therm-usr:36210
12-20 10:08:34.857 4026 4428 W AiAiEcho: SmartspaceNotificationPredictor no
parser can handle this notification or notification is invalid
12-20 10:08:34.894 14418 14447 D LocalImageResolver: Couldn't use ImageDecoder for
drawable, falling back to non-resized load.
12-20 10:08:34.897 14418 14447 D LocalImageResolver: Couldn't use ImageDecoder for
drawable, falling back to non-resized load.
12-20 10:08:34.954 1403 1403 I LineageHealth: Current mChargingStopReason: 0
12-20 10:08:35.047 1403 1403 I LineageHealth: Current mChargingStopReason: 0
12-20 10:08:35.139 1403 1403 I LineageHealth: Current mChargingStopReason: 0
12-20 10:08:35.271 1403 1403 I LineageHealth: Current mChargingStopReason: 0
12-20 10:08:35.333 1403 1403 I LineageHealth: Current mChargingStopReason: 0
12-20 10:08:35.367 4026 4428 W AiAiEcho: SmartspaceNotificationPredictor no
parser can handle this notification or notification is invalid
12-20 10:08:35.424 14418 14447 D LocalImageResolver: Couldn't use ImageDecoder for
drawable, falling back to non-resized load.
12-20 10:08:35.429 14418 14447 D LocalImageResolver: Couldn't use ImageDecoder for
drawable, falling back to non-resized load.
12-20 10:08:35.432 1403 1403 I LineageHealth: Current mChargingStopReason: 0
12-20 10:08:35.533 1403 1403 I LineageHealth: Current mChargingStopReason: 0
12-20 10:08:35.624 1403 1403 I LineageHealth: Current mChargingStopReason: 0
12-20 10:08:35.730 1403 1403 I LineageHealth: Current mChargingStopReason: 0
12-20 10:08:35.824 1403 1403 I LineageHealth: Current mChargingStopReason: 0
12-20 10:08:35.873 4026 4428 W AiAiEcho: SmartspaceNotificationPredictor no
parser can handle this notification or notification is invalid
12-20 10:08:35.931 1403 1403 I LineageHealth: Current mChargingStopReason: 0
12-20 10:08:35.931 14418 14447 D LocalImageResolver: Couldn't use ImageDecoder for
drawable, falling back to non-resized load.
12-20 10:08:35.936 14418 14447 D LocalImageResolver: Couldn't use ImageDecoder for
drawable, falling back to non-resized load.
12-20 10:08:36.113 1403 1403 I LineageHealth: Current mChargingStopReason: 0
12-20 10:08:36.215 1403 1403 I LineageHealth: Current mChargingStopReason: 0
12-20 10:08:36.316 1403 1403 I LineageHealth: Current mChargingStopReason: 0
12-20 10:08:36.383 4026 4428 W AiAiEcho: SmartspaceNotificationPredictor no
parser can handle this notification or notification is invalid
12-20 10:08:36.409 1403 1403 I LineageHealth: Current mChargingStopReason: 0
12-20 10:08:36.446 14418 14447 D LocalImageResolver: Couldn't use ImageDecoder for
drawable, falling back to non-resized load.
12-20 10:08:36.450 14418 14447 D LocalImageResolver: Couldn't use ImageDecoder for
drawable, falling back to non-resized load.
12-20 10:08:36.505 1403 1403 I LineageHealth: Current mChargingStopReason: 0
12-20 10:08:36.708 1403 1403 I LineageHealth: Current mChargingStopReason: 0
12-20 10:08:36.775 1610 1628 I pixel-thermal: quiet-therm-usr:36.149 raw data:
quiet-therm-usr:36149
12-20 10:08:36.800 1403 1403 I LineageHealth: Current mChargingStopReason: 0
12-20 10:08:36.889 4026 4428 W AiAiEcho: SmartspaceNotificationPredictor no
parser can handle this notification or notification is invalid
12-20 10:08:36.889 14418 14429 I ndroid.systemui: Background young concurrent
copying GC freed 1034225(38MB) AllocSpace objects, 6(120KB) LOS objects, 60% free,
24MB/62MB, paused 394us,98us total 170.924ms
12-20 10:08:36.936 14418 14447 D LocalImageResolver: Couldn't use ImageDecoder for
drawable, falling back to non-resized load.
12-20 10:08:36.944 14418 14447 D LocalImageResolver: Couldn't use ImageDecoder for
drawable, falling back to non-resized load.
12-20 10:08:37.092 1403 1403 I LineageHealth: Current mChargingStopReason: 0
12-20 10:08:37.193 1403 1403 I LineageHealth: Current mChargingStopReason: 0
12-20 10:08:37.396 4026 4428 W AiAiEcho: SmartspaceNotificationPredictor no
parser can handle this notification or notification is invalid
12-20 10:08:37.441 14418 14447 D LocalImageResolver: Couldn't use ImageDecoder for
drawable, falling back to non-resized load.
12-20 10:08:37.445 14418 14447 D LocalImageResolver: Couldn't use ImageDecoder for
drawable, falling back to non-resized load.
12-20 10:08:37.592 1403 1403 I LineageHealth: Current mChargingStopReason: 0
12-20 10:08:37.600 1403 1403 I LineageHealth: Current mChargingStopReason: 0
12-20 10:08:37.680 1403 1403 I LineageHealth: Current mChargingStopReason: 0
12-20 10:08:37.781 1403 1403 I LineageHealth: Current mChargingStopReason: 0
12-20 10:08:37.875 1403 1403 I LineageHealth: Current mChargingStopReason: 0
12-20 10:08:37.902 4026 4428 W AiAiEcho: SmartspaceNotificationPredictor no
parser can handle this notification or notification is invalid
12-20 10:08:37.949 14418 14447 D LocalImageResolver: Couldn't use ImageDecoder for
drawable, falling back to non-resized load.
12-20 10:08:37.954 14418 14447 D LocalImageResolver: Couldn't use ImageDecoder for
drawable, falling back to non-resized load.
12-20 10:08:37.975 1403 1403 I LineageHealth: Current mChargingStopReason: 0
12-20 10:08:38.092 1403 1403 I LineageHealth: Current mChargingStopReason: 0
12-20 10:08:38.278 1403 1403 I LineageHealth: Current mChargingStopReason: 0
12-20 10:08:38.373 1403 1403 I LineageHealth: Current mChargingStopReason: 0
12-20 10:08:38.417 4026 4428 W AiAiEcho: SmartspaceNotificationPredictor no
parser can handle this notification or notification is invalid
12-20 10:08:38.466 14418 14447 D LocalImageResolver: Couldn't use ImageDecoder for
drawable, falling back to non-resized load.
12-20 10:08:38.471 14418 14447 D LocalImageResolver: Couldn't use ImageDecoder for
drawable, falling back to non-resized load.
12-20 10:08:38.481 1403 1403 I LineageHealth: Current mChargingStopReason: 0
12-20 10:08:38.564 1403 1403 I LineageHealth: Current mChargingStopReason: 0
12-20 10:08:38.660 1403 1403 I LineageHealth: Current mChargingStopReason: 0
12-20 10:08:38.735 1403 1403 I LineageHealth: Current mChargingStopReason: 0
12-20 10:08:38.766 1403 1403 I LineageHealth: Current mChargingStopReason: 0
12-20 10:08:38.797 1610 1628 I pixel-thermal: quiet-therm-usr:36.112 raw data:
quiet-therm-usr:36112
12-20 10:08:38.855 1403 1403 I LineageHealth: Current mChargingStopReason: 0
12-20 10:08:38.927 4026 4428 W AiAiEcho: SmartspaceNotificationPredictor no
parser can handle this notification or notification is invalid
12-20 10:08:38.951 1403 1403 I LineageHealth: Current mChargingStopReason: 0
12-20 10:08:38.986 14418 14447 D LocalImageResolver: Couldn't use ImageDecoder for
drawable, falling back to non-resized load.
12-20 10:08:38.991 14418 14447 D LocalImageResolver: Couldn't use ImageDecoder for
drawable, falling back to non-resized load.
12-20 10:08:39.065 1403 1403 I LineageHealth: Current mChargingStopReason: 0
12-20 10:08:39.129 1403 1403 I LineageHealth: Current mChargingStopReason: 0
12-20 10:08:39.151 1403 1403 I LineageHealth: Current mChargingStopReason: 0
12-20 10:08:39.212 1403 1403 I LineageHealth: Current mChargingStopReason: 0
12-20 10:08:39.248 1403 1403 I LineageHealth: Current mChargingStopReason: 0
12-20 10:08:39.259 1403 1403 I LineageHealth: Current mChargingStopReason: 0
12-20 10:08:39.274 1403 1403 I LineageHealth: Current mChargingStopReason: 0
12-20 10:08:39.364 1403 1403 I LineageHealth: Current mChargingStopReason: 0
12-20 10:08:39.399 1403 1403 I LineageHealth: Current mChargingStopReason: 0
12-20 10:08:39.436 4026 4428 W AiAiEcho: SmartspaceNotificationPredictor no
parser can handle this notification or notification is invalid
12-20 10:08:39.442 1403 1403 I LineageHealth: Current mChargingStopReason: 0
12-20 10:08:39.486 14418 14447 D LocalImageResolver: Couldn't use ImageDecoder for
drawable, falling back to non-resized load.
12-20 10:08:39.490 14418 14447 D LocalImageResolver: Couldn't use ImageDecoder for
drawable, falling back to non-resized load.
12-20 10:08:39.508 1403 1403 I LineageHealth: Current mChargingStopReason: 0
12-20 10:08:39.542 1403 1403 I LineageHealth: Current mChargingStopReason: 0
12-20 10:08:39.606 1403 1403 I LineageHealth: Current mChargingStopReason: 0
12-20 10:08:39.641 1403 1403 I LineageHealth: Current mChargingStopReason: 0
12-20 10:08:39.736 1403 1403 I LineageHealth: Current mChargingStopReason: 0
12-20 10:08:39.801 1403 1403 I LineageHealth: Current mChargingStopReason: 0
12-20 10:08:39.807 1403 1403 I LineageHealth: Current mChargingStopReason: 0
12-20 10:08:39.842 1403 1403 I LineageHealth: Current mChargingStopReason: 0
12-20 10:08:39.848 1403 1403 I LineageHealth: Current mChargingStopReason: 0
12-20 10:08:39.859 1403 1403 I LineageHealth: Current mChargingStopReason: 0
12-20 10:08:39.894 1403 1403 I LineageHealth: Current mChargingStopReason: 0
12-20 10:08:39.926 1403 1403 I LineageHealth: Current mChargingStopReason: 0
12-20 10:08:39.934 1403 1403 I LineageHealth: Current mChargingStopReason: 0
12-20 10:08:39.944 4026 4428 W AiAiEcho: SmartspaceNotificationPredictor no
parser can handle this notification or notification is invalid
12-20 10:08:39.989 14418 14447 D LocalImageResolver: Couldn't use ImageDecoder for
drawable, falling back to non-resized load.
12-20 10:08:39.991 14418 14447 D LocalImageResolver: Couldn't use ImageDecoder for
drawable, falling back to non-resized load.
12-20 10:08:40.022 1403 1403 I LineageHealth: Current mChargingStopReason: 0
12-20 10:08:40.035 1403 1403 I LineageHealth: Current mChargingStopReason: 0
12-20 10:08:40.124 1403 1403 I LineageHealth: Current mChargingStopReason: 0
12-20 10:08:40.139 1403 1403 I LineageHealth: Current mChargingStopReason: 0
12-20 10:08:40.241 1403 1403 I LineageHealth: Current mChargingStopReason: 0
12-20 10:08:40.316 1403 1403 I LineageHealth: Current mChargingStopReason: 0
12-20 10:08:40.331 1403 1403 I LineageHealth: Current mChargingStopReason: 0
12-20 10:08:40.443 1403 1403 I LineageHealth: Current mChargingStopReason: 0
