03-12 11:25:21.961 22125 22523 W AudioCapabilities: Unsupported mime audio/ffmpeg
03-12 11:25:21.961 22125 22523 W AudioCapabilities: Unsupported mime audio/x-adpcm- ms
03-12 11:25:21.961 22125 22523 W AudioCapabilities: Unsupported mime audio/x-adpcm- ms
03-12 11:25:21.961 22125 22523 W AudioCapabilities: Unsupported mime audio/x-adpcm- dvi-ima
03-12 11:25:21.961 22125 22523 W AudioCapabilities: Unsupported mime audio/x-adpcm- dvi-ima
03-12 11:25:21.961 22125 22523 W AudioCapabilities: Unsupported mime audio/alac
03-12 11:25:21.961 22125 22523 W AudioCapabilities: Unsupported mime audio/alac
03-12 11:25:21.962 22125 22523 W AudioCapabilities: Unsupported mime audio/ape
03-12 11:25:21.962 22125 22523 W AudioCapabilities: Unsupported mime audio/ape
03-12 11:25:21.962 22125 22523 W AudioCapabilities: Unsupported mime audio/x-ms-wma
03-12 11:25:21.962 22125 22523 W AudioCapabilities: Unsupported mime audio/x-ms-wma
03-12 11:25:21.962 22125 22523 W VideoCapabilities: Unsupported mime video/ffmpeg
03-12 11:25:21.962 22125 22523 W VideoCapabilities: Unsupported mime video/ffmpeg
03-12 11:25:21.966 22125 22523 W VideoCapabilities: Unrecognized profile/level 1/32 for video/mp4v-es
03-12 11:25:21.966 22125 22523 W VideoCapabilities: Unrecognized profile/level 32768/2 for video/mp4v-es
03-12 11:25:21.966 22125 22523 W VideoCapabilities: Unrecognized profile/level 1/32 for video/mp4v-es
03-12 11:25:21.966 22125 22523 W VideoCapabilities: Unrecognized profile/level 32768/64 for video/mp4v-es
03-12 11:25:21.966 22125 22523 W VideoCapabilities: Unrecognized profile/level 32768/2 for video/mp4v-es
03-12 11:25:21.966 22125 22523 W VideoCapabilities: Unrecognized profile/level 32768/64 for video/mp4v-es
03-12 11:25:21.967 22125 22523 W VideoCapabilities: Unsupported mime video/x-ms-wmv
03-12 11:25:21.967 22125 22523 W VideoCapabilities: Unsupported mime video/x-ms-wmv
03-12 11:25:21.967 22125 22523 W VideoCapabilities: Unsupported mime video/xvid
03-12 11:25:21.967 22125 22523 W VideoCapabilities: Unsupported mime video/xvid
03-12 11:25:21.968 22125 22523 W VideoCapabilities: Unrecognized profile/level 1/32 for video/mp4v-es
03-12 11:25:21.968 22125 22523 W VideoCapabilities: Unrecognized profile/level 1/32 for video/mp4v-es
03-12 11:25:21.978 22125 22523 E Parcel : Reading a NULL string not supported here.
03-12 11:25:21.978 22125 22523 E Parcel : Reading a NULL string not supported here.
03-12 11:25:22.049 22125 22529 E OplusACodec: [GetVideoCodingTypeFromMime:L691] mime:video/avc
03-12 11:25:22.049 22125 22529 E OplusACodec: [GetVideoCodingTypeFromMime:L691] mime:video/avc
03-12 11:25:22.054 22125 22529 E MtkACodecExt: setConfig(OMX_CONFIG_ROTATIONTYPE) returned error 0xfffffc0e
03-12 11:25:22.054 22125 22529 E ACodec : [OMX.MTK.VIDEO.DECODER.AVC] failed to setViLTEParameters 1
03-12 11:25:22.054 22125 22529 E MtkACodecExt: setConfig(OMX_CONFIG_ROTATIONTYPE) returned error 0xfffffc0e
03-12 11:25:22.054 22125 22529 E ACodec : [OMX.MTK.VIDEO.DECODER.AVC] failed to setViLTEParameters 1
03-12 11:25:22.061 22125 22247 W CursorWindow: Window is full: requested allocation 804 bytes, free space 335 bytes, window size 2097152 bytes
03-12 11:25:22.061 22125 22247 W CursorWindow: Window is full: requested allocation 804 bytes, free space 335 bytes, window size 2097152 bytes
03-12 11:25:22.113 22125 22539 W Codec2Client: query -- param skipped: index = 1107298332.
03-12 11:25:22.113 22125 22539 W CCodec : This behavior is subject to change. It is recommended that app developers double check whether the requested max input size is in reasonable range.
03-12 11:25:22.113 22125 22539 W Codec2Client: query -- param skipped: index = 1107298332.
03-12 11:25:22.113 22125 22539 W CCodec : This behavior is subject to change. It is recommended that app developers double check whether the requested max input size is in reasonable range.
03-12 11:25:22.114 22125 22539 W Codec2Client: query -- param skipped: index = 1342179345.
03-12 11:25:22.114 22125 22539 W Codec2Client: query -- param skipped: index = 2415921170.
03-12 11:25:22.114 22125 22539 W Codec2Client: query -- param skipped: index = 1610614798.
03-12 11:25:22.114 22125 22539 W Codec2Client: query -- param skipped: index = 1342179345.
03-12 11:25:22.114 22125 22539 W Codec2Client: query -- param skipped: index = 2415921170.
03-12 11:25:22.114 22125 22539 W Codec2Client: query -- param skipped: index = 1610614798.
03-12 11:25:22.115 22125 22539 E FMQ : grantorIdx must be less than 3
03-12 11:25:22.115 22125 22539 E FMQ : grantorIdx must be less than 3
03-12 11:25:22.115 22125 22539 E FMQ : grantorIdx must be less than 3
03-12 11:25:22.115 22125 22539 E FMQ : grantorIdx must be less than 3
03-12 11:25:22.118 22125 22539 E FMQ : grantorIdx must be less than 3
03-12 11:25:22.118 22125 22539 E FMQ : grantorIdx must be less than 3
03-12 11:25:22.142 22125 22530 E FMQ : grantorIdx must be less than 3
03-12 11:25:22.142 22125 22530 E FMQ : grantorIdx must be less than 3
03-12 11:25:22.601 22125 22247 W CursorWindow: Window is full: requested allocation 804 bytes, free space 527 bytes, window size 2097152 bytes
03-12 11:25:22.601 22125 22247 W CursorWindow: Window is full: requested allocation 804 bytes, free space 527 bytes, window size 2097152 bytes
03-12 11:25:22.780 22125 22247 W CursorWindow: Window is full: requested allocation 804 bytes, free space 596 bytes, window size 2097152 bytes
03-12 11:25:22.780 22125 22247 W CursorWindow: Window is full: requested allocation 804 bytes, free space 596 bytes, window size 2097152 bytes
03-12 11:25:22.966 22125 22247 W CursorWindow: Window is full: requested allocation 804 bytes, free space 527 bytes, window size 2097152 bytes
03-12 11:25:22.966 22125 22247 W CursorWindow: Window is full: requested allocation 804 bytes, free space 527 bytes, window size 2097152 bytes
03-12 11:25:23.165 22125 22247 W CursorWindow: Window is full: requested allocation 804 bytes, free space 511 bytes, window size 2097152 bytes
03-12 11:25:23.165 22125 22247 W CursorWindow: Window is full: requested allocation 804 bytes, free space 511 bytes, window size 2097152 bytes
03-12 11:25:23.376 22125 22247 W CursorWindow: Window is full: requested allocation 804 bytes, free space 559 bytes, window size 2097152 bytes
03-12 11:25:23.376 22125 22247 W CursorWindow: Window is full: requested allocation 804 bytes, free space 559 bytes, window size 2097152 bytes
03-12 11:25:27.139 22125 22125 E libEGL : Invalid file path for libcolorx- loader.so
03-12 11:25:27.139 22125 22125 E libEGL : Invalid file path for libcolorx- loader.so
03-12 11:25:27.140 22125 22125 E libEGL : Invalid file path for libcolorx- loader.so
03-12 11:25:27.140 22125 22125 E libEGL : Invalid file path for libcolorx- loader.so
03-12 11:25:27.163 22125 22125 W Choreographer: Already have a pending vsync event. There should only be one at a time.
03-12 11:25:27.163 22125 22125 W Choreographer: Already have a pending vsync event. There should only be one at a time.
03-12 11:25:27.725 22125 22125 W Choreographer: Frame time is 0.083283 now = 21113178826873 timestampNanos = 21113178910156 ms in the future! Check that graphics HAL is generating vsync timestamps using the correct timebase.
03-12 11:25:27.725 22125 22125 W Choreographer: Frame time is 0.083283 now = 21113178826873 timestampNanos = 21113178910156 ms in the future! Check that graphics HAL is generating vsync timestamps using the correct timebase.
03-12 11:25:36.251 22125 22247 E Parcel : Reading a NULL string not supported here.
03-12 11:25:36.251 22125 22247 E Parcel : Reading a NULL string not supported here.
03-12 11:25:36.519 22125 22247 W CursorWindow: Window is full: requested allocation 804 bytes, free space 335 bytes, window size 2097152 bytes
03-12 11:25:36.519 22125 22247 W CursorWindow: Window is full: requested allocation 804 bytes, free space 335 bytes, window size 2097152 bytes
03-12 11:25:36.980 22125 22247 W CursorWindow: Window is full: requested allocation 804 bytes, free space 527 bytes, window size 2097152 bytes
03-12 11:25:36.980 22125 22247 W CursorWindow: Window is full: requested allocation 804 bytes, free space 527 bytes, window size 2097152 bytes
03-12 11:25:37.217 22125 22247 W CursorWindow: Window is full: requested allocation 804 bytes, free space 579 bytes, window size 2097152 bytes
03-12 11:25:37.217 22125 22247 W CursorWindow: Window is full: requested allocation 804 bytes, free space 579 bytes, window size 2097152 bytes
03-12 11:25:37.468 22125 22247 W CursorWindow: Window is full: requested allocation 804 bytes, free space 527 bytes, window size 2097152 bytes
03-12 11:25:37.468 22125 22247 W CursorWindow: Window is full: requested allocation 804 bytes, free space 527 bytes, window size 2097152 bytes
03-12 11:25:38.006 22125 22247 W CursorWindow: Window is full: requested allocation 804 bytes, free space 511 bytes, window size 2097152 bytes
03-12 11:25:38.006 22125 22247 W CursorWindow: Window is full: requested allocation 804 bytes, free space 511 bytes, window size 2097152 bytes
03-12 11:25:38.550 22125 22247 W CursorWindow: Window is full: requested allocation 804 bytes, free space 559 bytes, window size 2097152 bytes
03-12 11:25:38.550 22125 22247 W CursorWindow: Window is full: requested allocation 804 bytes, free space 559 bytes, window size 2097152 bytes
03-12 11:25:39.578 22125 22247 W CursorWindow: Window is full: requested allocation 804 bytes, free space 277 bytes, window size 2097152 bytes
03-12 11:25:39.578 22125 22247 W CursorWindow: Window is full: requested allocation 804 bytes, free space 277 bytes, window size 2097152 bytes
03-12 11:25:39.868 22125 22247 W CursorWindow: Window is full: requested allocation 804 bytes, free space 731 bytes, window size 2097152 bytes
03-12 11:25:39.868 22125 22247 W CursorWindow: Window is full: requested allocation 804 bytes, free space 731 bytes, window size 2097152 bytes
03-12 11:25:40.041 22125 22247 W CursorWindow: Window is full: requested allocation 804 bytes, free space 415 bytes, window size 2097152 bytes
03-12 11:25:40.041 22125 22247 W CursorWindow: Window is full: requested allocation 804 bytes, free space 415 bytes, window size 2097152 bytes
03-12 11:25:40.230 22125 22247 W CursorWindow: Window is full: requested allocation 804 bytes, free space 431 bytes, window size 2097152 bytes
03-12 11:25:40.230 22125 22247 W CursorWindow: Window is full: requested allocation 804 bytes, free space 431 bytes, window size 2097152 bytes
03-12 11:25:40.644 22125 22247 W CursorWindow: Window is full: requested allocation 804 bytes, free space 339 bytes, window size 2097152 bytes
03-12 11:25:40.644 22125 22247 W CursorWindow: Window is full: requested allocation 804 bytes, free space 339 bytes, window size 2097152 bytes
03-12 11:25:41.090 22125 22247 W CursorWindow: Window is full: requested allocation 804 bytes, free space 374 bytes, window size 2097152 bytes
03-12 11:25:41.090 22125 22247 W CursorWindow: Window is full: requested allocation 804 bytes, free space 374 bytes, window size 2097152 bytes
03-12 11:25:41.587 22125 22247 W CursorWindow: Window is full: requested allocation 804 bytes, free space 531 bytes, window size 2097152 bytes
03-12 11:25:41.587 22125 22247 W CursorWindow: Window is full: requested allocation 804 bytes, free space 531 bytes, window size 2097152 bytes
03-12 11:25:42.088 22125 22247 W CursorWindow: Window is full: requested allocation 804 bytes, free space 796 bytes, window size 2097152 bytes
03-12 11:25:42.088 22125 22247 W CursorWindow: Window is full: requested allocation 804 bytes, free space 796 bytes, window size 2097152 bytes
03-12 11:25:42.355 22125 22247 E Parcel : Reading a NULL string not supported here.
03-12 11:25:42.355 22125 22247 E Parcel : Reading a NULL string not supported here.
03-12 11:25:42.507 22125 22247 E Parcel : Reading a NULL string not supported here.
03-12 11:25:42.507 22125 22247 E Parcel : Reading a NULL string not supported here.
03-12 11:25:43.980 22125 22247 E Parcel : Reading a NULL string not supported here.
03-12 11:25:43.980 22125 22247 E Parcel : Reading a NULL string not supported here.
03-12 11:25:44.076 22125 22247 E Parcel : Reading a NULL string not supported here.
03-12 11:25:44.076 22125 22247 E Parcel : Reading a NULL string not supported here.
03-12 11:25:44.288 22125 22247 E Parcel : Reading a NULL string not supported here.
03-12 11:25:44.288 22125 22247 E Parcel : Reading a NULL string not supported here.
03-12 11:25:45.015 22125 22247 E Parcel : Reading a NULL string not supported here.
03-12 11:25:45.015 22125 22247 E Parcel : Reading a NULL string not supported here.
03-12 11:25:45.112 22125 22247 E Parcel : Reading a NULL string not supported here.
03-12 11:25:45.112 22125 22247 E Parcel : Reading a NULL string not supported here.
03-12 11:25:45.270 22125 22247 W CursorWindow: Window is full: requested allocation 804 bytes, free space 335 bytes, window size 2097152 bytes
03-12 11:25:45.270 22125 22247 W CursorWindow: Window is full: requested allocation 804 bytes, free space 335 bytes, window size 2097152 bytes
03-12 11:25:45.499 22125 22125 W Choreographer: Frame time is 0.064438 now = 21130952529105 timestampNanos = 21130952593543 ms in the future! Check that graphics HAL is generating vsync timestamps using the correct timebase.
03-12 11:25:45.499 22125 22125 W Choreographer: Frame time is 0.064438 now = 21130952529105 timestampNanos = 21130952593543 ms in the future! Check that graphics HAL is generating vsync timestamps using the correct timebase.
03-12 11:25:45.622 22125 22247 W CursorWindow: Window is full: requested allocation 804 bytes, free space 527 bytes, window size 2097152 bytes
03-12 11:25:45.622 22125 22247 W CursorWindow: Window is full: requested allocation 804 bytes, free space 527 bytes, window size 2097152 bytes
03-12 11:25:45.822 22125 22247 W CursorWindow: Window is full: requested allocation 804 bytes, free space 596 bytes, window size 2097152 bytes
03-12 11:25:45.822 22125 22247 W CursorWindow: Window is full: requested allocation 804 bytes, free space 596 bytes, window size 2097152 bytes
03-12 11:25:46.039 22125 22247 W CursorWindow: Window is full: requested allocation 804 bytes, free space 527 bytes, window size 2097152 bytes
03-12 11:25:46.039 22125 22247 W CursorWindow: Window is full: requested allocation 804 bytes, free space 527 bytes, window size 2097152 bytes
03-12 11:25:46.360 22125 22247 W CursorWindow: Window is full: requested allocation 804 bytes, free space 511 bytes, window size 2097152 bytes
03-12 11:25:46.360 22125 22247 W CursorWindow: Window is full: requested allocation 804 bytes, free space 511 bytes, window size 2097152 bytes
03-12 11:25:46.868 22125 22247 W CursorWindow: Window is full: requested allocation 804 bytes, free space 559 bytes, window size 2097152 bytes
03-12 11:25:46.868 22125 22247 W CursorWindow: Window is full: requested allocation 804 bytes, free space 559 bytes, window size 2097152 bytes
03-12 11:25:47.984 22125 22539 W Codec2Client: query -- param skipped: index = 1342179345.
03-12 11:25:47.984 22125 22539 W Codec2Client: query -- param skipped: index = 2415921170.
03-12 11:25:47.984 22125 22539 W Codec2Client: query -- param skipped: index = 1610614798.
03-12 11:25:47.984 22125 22539 W Codec2Client: query -- param skipped: index = 1342179345.
03-12 11:25:47.984 22125 22539 W Codec2Client: query -- param skipped: index = 2415921170.
03-12 11:25:47.984 22125 22539 W Codec2Client: query -- param skipped: index = 1610614798.
03-12 11:25:47.988 22125 22529 W ACodec : Failed to set ANW_HWComposer to OMX, ignoring (-2147483648)
03-12 11:25:47.988 22125 22529 W ACodec : Failed to set ANW_HWComposer to OMX, ignoring (-2147483648)
03-12 11:25:48.292 22125 22139 W System : A resource failed to call release.
03-12 11:25:48.292 22125 22139 W System : A resource failed to call release.
03-12 11:25:48.367 22125 22286 E Parcel : Reading a NULL string not supported here.
03-12 11:25:48.367 22125 22286 E Parcel : Reading a NULL string not supported here.
03-12 11:25:48.483 22125 22247 E Parcel : Reading a NULL string not supported here.
03-12 11:25:48.483 22125 22247 E Parcel : Reading a NULL string not supported here.
03-12 11:25:48.596 22125 22247 W CursorWindow: Window is full: requested allocation 804 bytes, free space 335 bytes, window size 2097152 bytes
03-12 11:25:48.596 22125 22247 W CursorWindow: Window is full: requested allocation 804 bytes, free space 335 bytes, window size 2097152 bytes
03-12 11:25:48.948 22125 22247 W CursorWindow: Window is full: requested allocation 804 bytes, free space 527 bytes, window size 2097152 bytes
03-12 11:25:48.948 22125 22247 W CursorWindow: Window is full: requested allocation 804 bytes, free space 527 bytes, window size 2097152 bytes
03-12 11:25:49.163 22125 22247 W CursorWindow: Window is full: requested allocation 804 bytes, free space 596 bytes, window size 2097152 bytes
03-12 11:25:49.163 22125 22247 W CursorWindow: Window is full: requested allocation 804 bytes, free space 596 bytes, window size 2097152 bytes
03-12 11:25:49.353 22125 22247 W CursorWindow: Window is full: requested allocation 804 bytes, free space 527 bytes, window size 2097152 bytes
03-12 11:25:49.353 22125 22247 W CursorWindow: Window is full: requested allocation 804 bytes, free space 527 bytes, window size 2097152 bytes
03-12 11:25:49.563 22125 22247 W CursorWindow: Window is full: requested allocation 804 bytes, free space 511 bytes, window size 2097152 bytes
03-12 11:25:49.563 22125 22247 W CursorWindow: Window is full: requested allocation 804 bytes, free space 511 bytes, window size 2097152 bytes
03-12 11:25:49.792 22125 22247 W CursorWindow: Window is full: requested allocation 804 bytes, free space 559 bytes, window size 2097152 bytes
03-12 11:25:49.792 22125 22247 W CursorWindow: Window is full: requested allocation 804 bytes, free space 559 bytes, window size 2097152 bytes
03-12 11:25:50.972 22125 22125 E Parcel : Reading a NULL string not supported here.
03-12 11:25:50.972 22125 22125 E Parcel : Reading a NULL string not supported here.
03-12 11:25:50.998 22125 22586 E libEGL : Invalid file path for libcolorx- loader.so
03-12 11:25:50.998 22125 22586 E libEGL : Invalid file path for libcolorx- loader.so
03-12 11:25:51.058 22125 22125 E libEGL : Invalid file path for libcolorx- loader.so
03-12 11:25:51.058 22125 22125 E libEGL : Invalid file path for libcolorx- loader.so
03-12 11:25:51.058 22125 22125 E libEGL : Invalid file path for libcolorx- loader.so
03-12 11:25:51.058 22125 22125 E libEGL : Invalid file path for libcolorx- loader.so
03-12 11:25:51.087 22125 22125 W Choreographer: Already have a pending vsync event. There should only be one at a time.
03-12 11:25:51.087 22125 22125 W Choreographer: Already have a pending vsync event. There should only be one at a time.
03-12 11:25:51.390 22125 22125 E Parcel : Reading a NULL string not supported here.
03-12 11:25:51.390 22125 22125 E Parcel : Reading a NULL string not supported here.
03-12 11:25:51.413 22125 22589 E libEGL : Invalid file path for libcolorx- loader.so
03-12 11:25:51.413 22125 22589 E libEGL : Invalid file path for libcolorx- loader.so
03-12 11:25:51.439 22125 22125 E libEGL : Invalid file path for libcolorx- loader.so
03-12 11:25:51.439 22125 22125 E libEGL : Invalid file path for libcolorx- loader.so
03-12 11:25:51.439 22125 22125 E libEGL : Invalid file path for libcolorx- loader.so
03-12 11:25:51.439 22125 22125 E libEGL : Invalid file path for libcolorx- loader.so
03-12 11:25:51.452 22125 22125 E ArmVmp : Match on catch block at 0x8d in for 0xe9
03-12 11:25:51.452 22125 22125 E ArmVmp : Match on catch block at 0x8d in for 0xe9
03-12 11:25:51.457 22125 22125 E ArmVmp : Match on catch block at 0x8d in for 0xe5
03-12 11:25:51.457 22125 22125 E ArmVmp : Match on catch block at 0x8d in for 0xe5
03-12 11:25:51.486 22125 22125 W Choreographer: Already have a pending vsync event. There should only be one at a time.
03-12 11:25:51.486 22125 22125 W Choreographer: Already have a pending vsync event. There should only be one at a time.
03-12 11:25:51.518 22125 22125 W BottomSheetBehavior: BottomSheetBehavior now supports multiple callbacks. `setBottomSheetCallback()` removes all existing callbacks, including ones set internally by library authors, which may result in unintended behavior. This may change in the future. Please use `addBottomSheetCallback()` and `removeBottomSheetCallback()` instead to set your own callbacks.
03-12 11:25:51.518 22125 22125 W BottomSheetBehavior: BottomSheetBehavior now supports multiple callbacks. `setBottomSheetCallback()` removes all existing callbacks, including ones set internally by library authors, which may result in unintended behavior. This may change in the future. Please use `addBottomSheetCallback()` and `removeBottomSheetCallback()` instead to set your own callbacks.
03-12 11:25:51.518 22125 22125 W BottomSheetBehavior: BottomSheetBehavior now supports multiple callbacks. `setBottomSheetCallback()` removes all existing callbacks, including ones set internally by library authors, which may result in unintended behavior. This may change in the future. Please use `addBottomSheetCallback()` and `removeBottomSheetCallback()` instead to set your own callbacks.
03-12 11:25:51.518 22125 22125 W BottomSheetBehavior: BottomSheetBehavior now supports multiple callbacks. `setBottomSheetCallback()` removes all existing callbacks, including ones set internally by library authors, which may result in unintended behavior. This may change in the future. Please use `addBottomSheetCallback()` and `removeBottomSheetCallback()` instead to set your own callbacks.
03-12 11:25:51.602 22125 22591 E Parcel : Reading a NULL string not supported here.
03-12 11:25:51.602 22125 22591 E Parcel : Reading a NULL string not supported here.
03-12 11:25:51.639 22125 22595 E OplusACodec: [GetVideoCodingTypeFromMime:L691] mime:video/avc
03-12 11:25:51.639 22125 22595 E OplusACodec: [GetVideoCodingTypeFromMime:L691] mime:video/avc
03-12 11:25:51.643 22125 22595 E MtkACodecExt: setConfig(OMX_CONFIG_ROTATIONTYPE) returned error 0xfffffc0e
03-12 11:25:51.643 22125 22595 E ACodec : [OMX.MTK.VIDEO.DECODER.AVC] failed to setViLTEParameters 1
03-12 11:25:51.643 22125 22595 E MtkACodecExt: setConfig(OMX_CONFIG_ROTATIONTYPE) returned error 0xfffffc0e
03-12 11:25:51.643 22125 22595 E ACodec : [OMX.MTK.VIDEO.DECODER.AVC] failed to setViLTEParameters 1
03-12 11:25:51.692 22125 22603 W Codec2Client: query -- param skipped: index = 1107298332.
03-12 11:25:51.692 22125 22603 W Codec2Client: query -- param skipped: index = 1107298332.
03-12 11:25:51.692 22125 22603 W CCodec : This behavior is subject to change. It is recommended that app developers double check whether the requested max input size is in reasonable range.
03-12 11:25:51.692 22125 22603 W CCodec : This behavior is subject to change. It is recommended that app developers double check whether the requested max input size is in reasonable range.
03-12 11:25:51.693 22125 22603 W Codec2Client: query -- param skipped: index = 1342179345.
03-12 11:25:51.693 22125 22603 W Codec2Client: query -- param skipped: index = 1342179345.
03-12 11:25:51.693 22125 22603 W Codec2Client: query -- param skipped: index = 2415921170.
03-12 11:25:51.693 22125 22603 W Codec2Client: query -- param skipped: index = 2415921170.
03-12 11:25:51.693 22125 22603 W Codec2Client: query -- param skipped: index = 1610614798.
03-12 11:25:51.693 22125 22603 W Codec2Client: query -- param skipped: index = 1610614798.
03-12 11:25:51.694 22125 22603 E FMQ : grantorIdx must be less than 3
03-12 11:25:51.694 22125 22603 E FMQ : grantorIdx must be less than 3
03-12 11:25:51.694 22125 22603 E FMQ : grantorIdx must be less than 3
03-12 11:25:51.694 22125 22603 E FMQ : grantorIdx must be less than 3
03-12 11:25:51.698 22125 22603 E FMQ : grantorIdx must be less than 3
03-12 11:25:51.698 22125 22603 E FMQ : grantorIdx must be less than 3
03-12 11:25:51.718 22125 22530 E FMQ : grantorIdx must be less than 3
03-12 11:25:51.718 22125 22530 E FMQ : grantorIdx must be less than 3
03-12 11:25:54.449 22125 22286 E Parcel : Reading a NULL string not supported here.
03-12 11:25:54.449 22125 22286 E Parcel : Reading a NULL string not supported here.
03-12 11:26:07.133 22125 22286 E Parcel : Reading a NULL string not supported here.
03-12 11:26:07.133 22125 22286 E Parcel : Reading a NULL string not supported here.
03-12 11:26:08.446 22125 22286 E Parcel : Reading a NULL string not supported here.
03-12 11:26:08.446 22125 22286 E Parcel : Reading a NULL string not supported here.
03-12 11:26:13.048 22125 22603 W Codec2Client: query -- param skipped: index = 1342179345.
03-12 11:26:13.048 22125 22603 W Codec2Client: query -- param skipped: index = 2415921170.
03-12 11:26:13.048 22125 22603 W Codec2Client: query -- param skipped: index = 1610614798.
03-12 11:26:13.048 22125 22603 W Codec2Client: query -- param skipped: index = 1342179345.
03-12 11:26:13.048 22125 22603 W Codec2Client: query -- param skipped: index = 2415921170.
03-12 11:26:13.048 22125 22603 W Codec2Client: query -- param skipped: index = 1610614798.
03-12 11:26:13.051 22125 22595 W ACodec : Failed to set ANW_HWComposer to OMX, ignoring (-2147483648)
03-12 11:26:13.051 22125 22595 W ACodec : Failed to set ANW_HWComposer to OMX, ignoring (-2147483648)
03-12 11:26:13.370 22125 22286 E Parcel : Reading a NULL string not supported here.
03-12 11:26:13.370 22125 22286 E Parcel : Reading a NULL string not supported here.
03-12 11:26:13.912 22125 22125 E Parcel : Reading a NULL string not supported here.
03-12 11:26:13.912 22125 22125 E Parcel : Reading a NULL string not supported here.
03-12 11:26:13.935 22125 22629 E libEGL : Invalid file path for libcolorx- loader.so
03-12 11:26:13.935 22125 22629 E libEGL : Invalid file path for libcolorx- loader.so
03-12 11:26:13.970 22125 22125 E libEGL : Invalid file path for libcolorx- loader.so
03-12 11:26:13.970 22125 22125 E libEGL : Invalid file path for libcolorx- loader.so
03-12 11:26:13.970 22125 22125 E libEGL : Invalid file path for libcolorx- loader.so
03-12 11:26:13.970 22125 22125 E libEGL : Invalid file path for libcolorx- loader.so
03-12 11:26:13.982 22125 22125 E ArmVmp : Match on catch block at 0x8d in for 0xe5
03-12 11:26:13.982 22125 22125 E ArmVmp : Match on catch block at 0x8d in for 0xe5
03-12 11:26:13.987 22125 22125 E ArmVmp : Match on catch block at 0x8d in for 0xe1
03-12 11:26:13.987 22125 22125 E ArmVmp : Match on catch block at 0x8d in for 0xe1
03-12 11:26:14.015 22125 22125 W Choreographer: Already have a pending vsync event. There should only be one at a time.
03-12 11:26:14.015 22125 22125 W Choreographer: Already have a pending vsync event. There should only be one at a time.
03-12 11:26:14.053 22125 22125 W BottomSheetBehavior: BottomSheetBehavior now supports multiple callbacks. `setBottomSheetCallback()` removes all existing callbacks, including ones set internally by library authors, which may result in unintended behavior. This may change in the future. Please use `addBottomSheetCallback()` and `removeBottomSheetCallback()` instead to set your own callbacks.
03-12 11:26:14.053 22125 22125 W BottomSheetBehavior: BottomSheetBehavior now supports multiple callbacks. `setBottomSheetCallback()` removes all existing callbacks, including ones set internally by library authors, which may result in unintended behavior. This may change in the future. Please use `addBottomSheetCallback()` and `removeBottomSheetCallback()` instead to set your own callbacks.
03-12 11:26:14.053 22125 22125 W BottomSheetBehavior: BottomSheetBehavior now supports multiple callbacks. `setBottomSheetCallback()` removes all existing callbacks, including ones set internally by library authors, which may result in unintended behavior. This may change in the future. Please use `addBottomSheetCallback()` and `removeBottomSheetCallback()` instead to set your own callbacks.
03-12 11:26:14.053 22125 22125 W BottomSheetBehavior: BottomSheetBehavior now supports multiple callbacks. `setBottomSheetCallback()` removes all existing callbacks, including ones set internally by library authors, which may result in unintended behavior. This may change in the future. Please use `addBottomSheetCallback()` and `removeBottomSheetCallback()` instead to set your own callbacks.
03-12 11:26:14.100 22125 22631 E Parcel : Reading a NULL string not supported here.
03-12 11:26:14.100 22125 22631 E Parcel : Reading a NULL string not supported here.
03-12 11:26:14.130 22125 22634 E OplusACodec: [GetVideoCodingTypeFromMime:L691] mime:video/avc
03-12 11:26:14.130 22125 22634 E OplusACodec: [GetVideoCodingTypeFromMime:L691] mime:video/avc
03-12 11:26:14.133 22125 22634 E MtkACodecExt: setConfig(OMX_CONFIG_ROTATIONTYPE) returned error 0xfffffc0e
03-12 11:26:14.133 22125 22634 E ACodec : [OMX.MTK.VIDEO.DECODER.AVC] failed to setViLTEParameters 1
03-12 11:26:14.133 22125 22634 E MtkACodecExt: setConfig(OMX_CONFIG_ROTATIONTYPE) returned error 0xfffffc0e
03-12 11:26:14.133 22125 22634 E ACodec : [OMX.MTK.VIDEO.DECODER.AVC] failed to setViLTEParameters 1
03-12 11:26:14.173 22125 22642 W Codec2Client: query -- param skipped: index = 1107298332.
03-12 11:26:14.173 22125 22642 W Codec2Client: query -- param skipped: index = 1107298332.
03-12 11:26:14.173 22125 22642 W CCodec : This behavior is subject to change. It is recommended that app developers double check whether the requested max input size is in reasonable range.
03-12 11:26:14.173 22125 22642 W CCodec : This behavior is subject to change. It is recommended that app developers double check whether the requested max input size is in reasonable range.
03-12 11:26:14.174 22125 22642 W Codec2Client: query -- param skipped: index = 1342179345.
03-12 11:26:14.174 22125 22642 W Codec2Client: query -- param skipped: index = 2415921170.
03-12 11:26:14.174 22125 22642 W Codec2Client: query -- param skipped: index = 1342179345.
03-12 11:26:14.174 22125 22642 W Codec2Client: query -- param skipped: index = 1610614798.
03-12 11:26:14.174 22125 22642 W Codec2Client: query -- param skipped: index = 2415921170.
03-12 11:26:14.174 22125 22642 W Codec2Client: query -- param skipped: index = 1610614798.
03-12 11:26:14.174 22125 22642 E FMQ : grantorIdx must be less than 3
03-12 11:26:14.174 22125 22642 E FMQ : grantorIdx must be less than 3
03-12 11:26:14.174 22125 22642 E FMQ : grantorIdx must be less than 3
03-12 11:26:14.174 22125 22642 E FMQ : grantorIdx must be less than 3
03-12 11:26:14.177 22125 22642 E FMQ : grantorIdx must be less than 3
03-12 11:26:14.177 22125 22642 E FMQ : grantorIdx must be less than 3
03-12 11:26:14.196 22125 22530 E FMQ : grantorIdx must be less than 3
03-12 11:26:14.196 22125 22530 E FMQ : grantorIdx must be less than 3
03-12 11:26:14.445 22125 22139 W System : A resource failed to call release.
03-12 11:26:14.445 22125 22139 W System : A resource failed to call release.
03-12 11:26:15.473 22125 22286 E Parcel : Reading a NULL string not supported here.
03-12 11:26:15.473 22125 22286 E Parcel : Reading a NULL string not supported here.
03-12 11:26:17.135 22125 22286 E Parcel : Reading a NULL string not supported here.
03-12 11:26:17.135 22125 22286 E Parcel : Reading a NULL string not supported here.
03-12 11:26:32.518 22125 22642 W Codec2Client: query -- param skipped: index = 1342179345.
03-12 11:26:32.518 22125 22642 W Codec2Client: query -- param skipped: index = 1342179345.
03-12 11:26:32.518 22125 22642 W Codec2Client: query -- param skipped: index = 2415921170.
03-12 11:26:32.518 22125 22642 W Codec2Client: query -- param skipped: index = 1610614798.
03-12 11:26:32.518 22125 22642 W Codec2Client: query -- param skipped: index = 2415921170.
03-12 11:26:32.518 22125 22642 W Codec2Client: query -- param skipped: index = 1610614798.
03-12 11:26:32.521 22125 22634 W ACodec : Failed to set ANW_HWComposer to OMX, ignoring (-2147483648)
03-12 11:26:32.521 22125 22634 W ACodec : Failed to set ANW_HWComposer to OMX, ignoring (-2147483648)
03-12 11:26:33.061 22125 22125 E Parcel : Reading a NULL string not supported here.
03-12 11:26:33.061 22125 22125 E Parcel : Reading a NULL string not supported here.
03-12 11:26:33.086 22125 22667 E libEGL : Invalid file path for libcolorx- loader.so
03-12 11:26:33.086 22125 22667 E libEGL : Invalid file path for libcolorx- loader.so
03-12 11:26:33.116 22125 22125 E libEGL : Invalid file path for libcolorx- loader.so
03-12 11:26:33.116 22125 22125 E libEGL : Invalid file path for libcolorx- loader.so
03-12 11:26:33.116 22125 22125 E libEGL : Invalid file path for libcolorx- loader.so
03-12 11:26:33.116 22125 22125 E libEGL : Invalid file path for libcolorx- loader.so
03-12 11:26:33.129 22125 22125 E ArmVmp : Match on catch block at 0x8d in for 0xe5
03-12 11:26:33.129 22125 22125 E ArmVmp : Match on catch block at 0x8d in for 0xe5
03-12 11:26:33.134 22125 22125 E ArmVmp : Match on catch block at 0x8d in for 0xe1
03-12 11:26:33.134 22125 22125 E ArmVmp : Match on catch block at 0x8d in for 0xe1
03-12 11:26:33.162 22125 22125 W Choreographer: Already have a pending vsync event. There should only be one at a time.
03-12 11:26:33.162 22125 22125 W Choreographer: Already have a pending vsync event. There should only be one at a time.
03-12 11:26:33.200 22125 22125 W BottomSheetBehavior: BottomSheetBehavior now supports multiple callbacks. `setBottomSheetCallback()` removes all existing callbacks, including ones set internally by library authors, which may result in unintended behavior. This may change in the future. Please use `addBottomSheetCallback()` and `removeBottomSheetCallback()` instead to set your own callbacks.
03-12 11:26:33.200 22125 22125 W BottomSheetBehavior: BottomSheetBehavior now supports multiple callbacks. `setBottomSheetCallback()` removes all existing callbacks, including ones set internally by library authors, which may result in unintended behavior. This may change in the future. Please use `addBottomSheetCallback()` and `removeBottomSheetCallback()` instead to set your own callbacks.
03-12 11:26:33.200 22125 22125 W BottomSheetBehavior: BottomSheetBehavior now supports multiple callbacks. `setBottomSheetCallback()` removes all existing callbacks, including ones set internally by library authors, which may result in unintended behavior. This may change in the future. Please use `addBottomSheetCallback()` and `removeBottomSheetCallback()` instead to set your own callbacks.
03-12 11:26:33.200 22125 22125 W BottomSheetBehavior: BottomSheetBehavior now supports multiple callbacks. `setBottomSheetCallback()` removes all existing callbacks, including ones set internally by library authors, which may result in unintended behavior. This may change in the future. Please use `addBottomSheetCallback()` and `removeBottomSheetCallback()` instead to set your own callbacks.
03-12 11:26:33.250 22125 22669 E Parcel : Reading a NULL string not supported here.
03-12 11:26:33.250 22125 22669 E Parcel : Reading a NULL string not supported here.
03-12 11:26:33.287 22125 22672 E OplusACodec: [GetVideoCodingTypeFromMime:L691] mime:video/avc
03-12 11:26:33.287 22125 22672 E OplusACodec: [GetVideoCodingTypeFromMime:L691] mime:video/avc
03-12 11:26:33.296 22125 22672 E MtkACodecExt: setConfig(OMX_CONFIG_ROTATIONTYPE) returned error 0xfffffc0e
03-12 11:26:33.296 22125 22672 E MtkACodecExt: setConfig(OMX_CONFIG_ROTATIONTYPE) returned error 0xfffffc0e
03-12 11:26:33.296 22125 22672 E ACodec : [OMX.MTK.VIDEO.DECODER.AVC] failed to setViLTEParameters 1
03-12 11:26:33.296 22125 22672 E ACodec : [OMX.MTK.VIDEO.DECODER.AVC] failed to setViLTEParameters 1
03-12 11:26:33.332 22125 22680 W Codec2Client: query -- param skipped: index = 1107298332.
03-12 11:26:33.332 22125 22680 W CCodec : This behavior is subject to change. It is recommended that app developers double check whether the requested max input size is in reasonable range.
03-12 11:26:33.332 22125 22680 W Codec2Client: query -- param skipped: index = 1107298332.
03-12 11:26:33.332 22125 22680 W CCodec : This behavior is subject to change. It is recommended that app developers double check whether the requested max input size is in reasonable range.
03-12 11:26:33.334 22125 22680 W Codec2Client: query -- param skipped: index = 1342179345.
03-12 11:26:33.334 22125 22680 W Codec2Client: query -- param skipped: index = 2415921170.
03-12 11:26:33.334 22125 22680 W Codec2Client: query -- param skipped: index = 1610614798.
03-12 11:26:33.334 22125 22680 W Codec2Client: query -- param skipped: index = 1342179345.
03-12 11:26:33.334 22125 22680 W Codec2Client: query -- param skipped: index = 2415921170.
03-12 11:26:33.334 22125 22680 W Codec2Client: query -- param skipped: index = 1610614798.
03-12 11:26:33.334 22125 22680 E FMQ : grantorIdx must be less than 3
03-12 11:26:33.334 22125 22680 E FMQ : grantorIdx must be less than 3
03-12 11:26:33.334 22125 22680 E FMQ : grantorIdx must be less than 3
03-12 11:26:33.334 22125 22680 E FMQ : grantorIdx must be less than 3
03-12 11:26:33.338 22125 22680 E FMQ : grantorIdx must be less than 3
03-12 11:26:33.338 22125 22680 E FMQ : grantorIdx must be less than 3
03-12 11:26:33.357 22125 22530 E FMQ : grantorIdx must be less than 3
03-12 11:26:33.357 22125 22530 E FMQ : grantorIdx must be less than 3
03-12 11:26:33.610 22125 22139 W System : A resource failed to call release.
03-12 11:26:33.610 22125 22139 W System : A resource failed to call release.
03-12 11:26:39.107 22125 22286 E Parcel : Reading a NULL string not supported here.
03-12 11:26:39.107 22125 22286 E Parcel : Reading a NULL string not supported here.
03-12 11:26:39.137 22125 22286 E Parcel : Reading a NULL string not supported here.
03-12 11:26:39.137 22125 22286 E Parcel : Reading a NULL string not supported here.
03-12 11:26:41.954 22125 22286 E Parcel : Reading a NULL string not supported here.
03-12 11:26:41.954 22125 22286 E Parcel : Reading a NULL string not supported here.
03-12 11:26:43.597 22125 22286 E Parcel : Reading a NULL string not supported here.
03-12 11:26:43.597 22125 22286 E Parcel : Reading a NULL string not supported here.
03-12 11:26:52.783 22125 22125 E libEGL : Invalid file path for libcolorx- loader.so
03-12 11:26:52.783 22125 22125 E libEGL : Invalid file path for libcolorx- loader.so
03-12 11:26:52.783 22125 22125 E libEGL : Invalid file path for libcolorx- loader.so
03-12 11:26:52.783 22125 22125 E libEGL : Invalid file path for libcolorx- loader.so
03-12 11:26:52.807 22125 22125 W Choreographer: Already have a pending vsync event. There should only be one at a time.
03-12 11:26:52.807 22125 22125 W Choreographer: Already have a pending vsync event. There should only be one at a time.
03-12 11:26:52.881 22125 22680 W Codec2Client: query -- param skipped: index = 1342179345.
03-12 11:26:52.881 22125 22680 W Codec2Client: query -- param skipped: index = 2415921170.
03-12 11:26:52.881 22125 22680 W Codec2Client: query -- param skipped: index = 1610614798.
03-12 11:26:52.881 22125 22680 W Codec2Client: query -- param skipped: index = 1342179345.
03-12 11:26:52.881 22125 22680 W Codec2Client: query -- param skipped: index = 2415921170.
03-12 11:26:52.881 22125 22680 W Codec2Client: query -- param skipped: index = 1610614798.
03-12 11:26:52.886 22125 22672 W ACodec : Failed to set ANW_HWComposer to OMX, ignoring (-2147483648)
03-12 11:26:52.886 22125 22672 W ACodec : Failed to set ANW_HWComposer to OMX, ignoring (-2147483648)
03-12 11:26:52.929 22125 22125 W Choreographer: Frame time is 0.016486 now = 21198382822878 timestampNanos = 21198382839364 ms in the future! Check that graphics HAL is generating vsync timestamps using the correct timebase.
03-12 11:26:52.929 22125 22125 W Choreographer: Frame time is 0.016486 now = 21198382822878 timestampNanos = 21198382839364 ms in the future! Check that graphics HAL is generating vsync timestamps using the correct timebase.
03-12 11:26:54.798 22125 22125 E libEGL : Invalid file path for libcolorx- loader.so
03-12 11:26:54.798 22125 22125 E libEGL : Invalid file path for libcolorx- loader.so
03-12 11:26:54.799 22125 22125 E libEGL : Invalid file path for libcolorx- loader.so
03-12 11:26:54.799 22125 22125 E libEGL : Invalid file path for libcolorx- loader.so
03-12 11:26:54.835 22125 22125 W Choreographer: Already have a pending vsync event. There should only be one at a time.
03-12 11:26:54.835 22125 22125 W Choreographer: Already have a pending vsync event. There should only be one at a time.
03-12 11:26:56.373 22125 22125 E Parcel : Reading a NULL string not supported here.
03-12 11:26:56.373 22125 22125 E Parcel : Reading a NULL string not supported here.
03-12 11:26:56.401 22125 22710 E libEGL : Invalid file path for libcolorx- loader.so
03-12 11:26:56.401 22125 22710 E libEGL : Invalid file path for libcolorx- loader.so
03-12 11:26:56.467 22125 22125 E libEGL : Invalid file path for libcolorx- loader.so
03-12 11:26:56.467 22125 22125 E libEGL : Invalid file path for libcolorx- loader.so
03-12 11:26:56.468 22125 22125 E libEGL : Invalid file path for libcolorx- loader.so
03-12 11:26:56.468 22125 22125 E libEGL : Invalid file path for libcolorx- loader.so
03-12 11:26:56.498 22125 22125 E ArmVmp : Match on catch block at 0x8d in for 0xf5
03-12 11:26:56.498 22125 22125 E ArmVmp : Match on catch block at 0x8d in for 0xf5
03-12 11:26:56.533 22125 22125 E ArmVmp : Match on catch block at 0x8d in for 0xf1
03-12 11:26:56.533 22125 22125 E ArmVmp : Match on catch block at 0x8d in for 0xf1
03-12 11:26:56.565 22125 22125 E ArmVmp : Match on catch block at 0x8d in for 0xf9
03-12 11:26:56.565 22125 22125 E ArmVmp : Match on catch block at 0x8d in for 0xf9
03-12 11:26:56.595 22125 22125 E ArmVmp : Match on catch block at 0x8d in for 0xf5
03-12 11:26:56.595 22125 22125 E ArmVmp : Match on catch block at 0x8d in for 0xf5
03-12 11:26:56.625 22125 22125 E ArmVmp : Match on catch block at 0x8d in for 0xf1
03-12 11:26:56.625 22125 22125 E ArmVmp : Match on catch block at 0x8d in for 0xf1
03-12 11:26:56.660 22125 22125 E ArmVmp : Match on catch block at 0x8d in for 0xf9
03-12 11:26:56.660 22125 22125 E ArmVmp : Match on catch block at 0x8d in for 0xf9
03-12 11:26:56.690 22125 22125 E ArmVmp : Match on catch block at 0x8d in for 0xf5
03-12 11:26:56.690 22125 22125 E ArmVmp : Match on catch block at 0x8d in for 0xf5
03-12 11:26:56.720 22125 22125 E ArmVmp : Match on catch block at 0x8d in for 0xf1
03-12 11:26:56.720 22125 22125 E ArmVmp : Match on catch block at 0x8d in for 0xf1
03-12 11:26:56.748 22125 22125 E ArmVmp : Match on catch block at 0x8d in for 0xf9
03-12 11:26:56.748 22125 22125 E ArmVmp : Match on catch block at 0x8d in for 0xf9
03-12 11:26:56.779 22125 22125 E ArmVmp : Match on catch block at 0x8d in for 0xf5
03-12 11:26:56.779 22125 22125 E ArmVmp : Match on catch block at 0x8d in for 0xf5
03-12 11:26:56.812 22125 22125 E ArmVmp : Match on catch block at 0x8d in for 0xf1
03-12 11:26:56.812 22125 22125 E ArmVmp : Match on catch block at 0x8d in for 0xf1
03-12 11:26:56.844 22125 22125 E ArmVmp : Match on catch block at 0x8d in for 0xf9
03-12 11:26:56.844 22125 22125 E ArmVmp : Match on catch block at 0x8d in for 0xf9
03-12 11:26:56.881 22125 22125 E ArmVmp : Match on catch block at 0x8d in for 0xf5
03-12 11:26:56.881 22125 22125 E ArmVmp : Match on catch block at 0x8d in for 0xf5
03-12 11:26:56.915 22125 22125 E ArmVmp : Match on catch block at 0x8d in for 0xf1
03-12 11:26:56.915 22125 22125 E ArmVmp : Match on catch block at 0x8d in for 0xf1
03-12 11:26:56.947 22125 22125 E ArmVmp : Match on catch block at 0x8d in for 0xf9
03-12 11:26:56.947 22125 22125 E ArmVmp : Match on catch block at 0x8d in for 0xf9
03-12 11:26:56.992 22125 22125 W Choreographer: Already have a pending vsync event. There should only be one at a time.
03-12 11:26:56.992 22125 22125 W Choreographer: Already have a pending vsync event. There should only be one at a time.
03-12 11:26:57.116 22125 22286 E Parcel : Reading a NULL string not supported here.
03-12 11:26:57.116 22125 22286 E Parcel : Reading a NULL string not supported here.
03-12 11:26:57.860 22125 22173 E SQLiteDatabase: Error inserting transferred=0 media_job_uuid=fdf26093-15dc-44a9-9809-75a42b056f49 transcoded=0 gif_attribution=0 first_scan_length=8101 direct_path=/v/t62.7118- 24/11828454_2219276538404902_7022906696910348963_n.enc?ccb=11- 4&oh=01_AdSR4rxYtYCoL2CmOlFoWcUW1w_CDiaA-klcpy5Z_wcDGA&oe=66175A33&_nc_sid=5e03e0 thumbnail_height_width_ratio=0.44444445 is_animated_sticker=0 file_hash=fI32eYMbDYNR8PvoSkXlSj2TzEg4LhqlwqVStJpjeYY= file_path=null file_size=0 partial_media_hash=+l3dqr8uJhIeBqdNqx7AVdktcDvuDqkcfJ7wTIZNrKI= face_x=0 face_y=0 height=571 trim_to=0 media_key_timestamp=1710212258000 message_url=https://mmg.whatsapp.net/v/t62.7118- 24/11828454_2219276538404902_7022906696910348963_n.enc?ccb=11- 4&oh=01_AdSR4rxYtYCoL2CmOlFoWcUW1w_CDiaA- klcpy5Z_wcDGA&oe=66175A33&_nc_sid=5e03e0&mms3=true media_caption=null trim_from=0 mime_type=image/jpeg partial_media_enc_hash=null width=1280 original_file_hash=null has_streaming_sidecar=1 autotransfer_retry_enabled=1 media_upload_handle=null message_row_id=6277 multicast_id=null enc_file_hash=MUWruzYfK4zMDTW2NttBdXJAl5BywSRsQPRRQiKuS0A= mute_video=0 page_count=0 first_scan_sidecar=[B@a36bdfe suspicious_content=0 file_length=78389 media_name=null media_duration=0 chat_row_id=119 media_key=[B@7a6795f
03-12 11:26:57.860 22125 22173 E SQLiteDatabase: android.database.sqlite.SQLiteConstraintException: UNIQUE constraint failed: message_media.message_row_id (code 1555 SQLITE_CONSTRAINT_PRIMARYKEY)
03-12 11:26:57.860 22125 22173 E SQLiteDatabase: at android.database.sqlite.SQLiteConnection.nativeExecuteForLastInsertedRowId(Native Method)
03-12 11:26:57.860 22125 22173 E SQLiteDatabase: at android.database.sqlite.SQLiteConnection.executeForLastInsertedRowId(SQLiteConnecti on.java:948)
03-12 11:26:57.860 22125 22173 E SQLiteDatabase: at android.database.sqlite.SQLiteSession.executeForLastInsertedRowId(SQLiteSession.jav a:790)
03-12 11:26:57.860 22125 22173 E SQLiteDatabase: at android.database.sqlite.SQLiteStatement.executeInsert(SQLiteStatement.java:88)
03-12 11:26:57.860 22125 22173 E SQLiteDatabase: at android.database.sqlite.SQLiteDatabase.insertWithOnConflict(SQLiteDatabase.java:173 1)
03-12 11:26:57.860 22125 22173 E SQLiteDatabase: at android.database.sqlite.SQLiteDatabase.insert(SQLiteDatabase.java:1600)
03-12 11:26:57.860 22125 22173 E SQLiteDatabase: at X.2tm.A08(Unknown Source:6)
03-12 11:26:57.860 22125 22173 E SQLiteDatabase: at X.35Y.A07(Unknown Source:212)
03-12 11:26:57.860 22125 22173 E SQLiteDatabase: at X.3QF.A14(Unknown Source:470)
03-12 11:26:57.860 22125 22173 E SQLiteDatabase: at X.3gU.run(Unknown Source:982)
03-12 11:26:57.860 22125 22173 E SQLiteDatabase: at android.os.Handler.handleCallback(Handler.java:938)
03-12 11:26:57.860 22125 22173 E SQLiteDatabase: at android.os.Handler.dispatchMessage(Handler.java:99)
03-12 11:26:57.860 22125 22173 E SQLiteDatabase: at X.0zq.dispatchMessage(Unknown Source:4)
03-12 11:26:57.860 22125 22173 E SQLiteDatabase: at android.os.Looper.loop(Looper.java:258)
03-12 11:26:57.860 22125 22173 E SQLiteDatabase: at android.os.HandlerThread.run(HandlerThread.java:67)
03-12 11:26:57.860 22125 22173 E SQLiteDatabase: Error inserting transferred=0 media_job_uuid=fdf26093-15dc-44a9-9809-75a42b056f49 transcoded=0 gif_attribution=0 first_scan_length=8101 direct_path=/v/t62.7118- 24/11828454_2219276538404902_7022906696910348963_n.enc?ccb=11- 4&oh=01_AdSR4rxYtYCoL2CmOlFoWcUW1w_CDiaA-klcpy5Z_wcDGA&oe=66175A33&_nc_sid=5e03e0 thumbnail_height_width_ratio=0.44444445 is_animated_sticker=0 file_hash=fI32eYMbDYNR8PvoSkXlSj2TzEg4LhqlwqVStJpjeYY= file_path=null file_size=0 partial_media_hash=+l3dqr8uJhIeBqdNqx7AVdktcDvuDqkcfJ7wTIZNrKI= face_x=0 face_y=0 height=571 trim_to=0 media_key_timestamp=1710212258000 message_url=https://mmg.whatsapp.net/v/t62.7118- 24/11828454_2219276538404902_7022906696910348963_n.enc?ccb=11- 4&oh=01_AdSR4rxYtYCoL2CmOlFoWcUW1w_CDiaA- klcpy5Z_wcDGA&oe=66175A33&_nc_sid=5e03e0&mms3=true media_caption=null trim_from=0 mime_type=image/jpeg partial_media_enc_hash=null width=1280 original_file_hash=null has_streaming_sidecar=1 autotransfer_retry_enabled=1 media_upload_handle=null message_row_id=6277 multicast_id=null enc_file_hash=MUWruzYfK4zMDTW2NttBdXJAl5BywSRsQPRRQiKuS0A= mute_video=0 page_count=0 first_scan_sidecar=[B@a36bdfe suspicious_content=0 file_length=78389 media_name=null media_duration=0 chat_row_id=119 media_key=[B@7a6795f
03-12 11:26:57.860 22125 22173 E SQLiteDatabase: android.database.sqlite.SQLiteConstraintException: UNIQUE constraint failed: message_media.message_row_id (code 1555 SQLITE_CONSTRAINT_PRIMARYKEY)
03-12 11:26:57.860 22125 22173 E SQLiteDatabase: at android.database.sqlite.SQLiteConnection.nativeExecuteForLastInsertedRowId(Native Method)
03-12 11:26:57.860 22125 22173 E SQLiteDatabase: at android.database.sqlite.SQLiteConnection.executeForLastInsertedRowId(SQLiteConnecti on.java:948)
03-12 11:26:57.860 22125 22173 E SQLiteDatabase: at android.database.sqlite.SQLiteSession.executeForLastInsertedRowId(SQLiteSession.jav a:790)
03-12 11:26:57.860 22125 22173 E SQLiteDatabase: at android.database.sqlite.SQLiteStatement.executeInsert(SQLiteStatement.java:88)
03-12 11:26:57.860 22125 22173 E SQLiteDatabase: at android.database.sqlite.SQLiteDatabase.insertWithOnConflict(SQLiteDatabase.java:173 1)
03-12 11:26:57.860 22125 22173 E SQLiteDatabase: at android.database.sqlite.SQLiteDatabase.insert(SQLiteDatabase.java:1600)
03-12 11:26:57.860 22125 22173 E SQLiteDatabase: at X.2tm.A08(Unknown Source:6)
03-12 11:26:57.860 22125 22173 E SQLiteDatabase: at X.35Y.A07(Unknown Source:212)
03-12 11:26:57.860 22125 22173 E SQLiteDatabase: at X.3QF.A14(Unknown Source:470)
03-12 11:26:57.860 22125 22173 E SQLiteDatabase: at X.3gU.run(Unknown Source:982)
