03-12 11:22:04.007 19090 19090 W count_switchin: Class X.0eU failed lock verification and will run slower.
03-12 11:22:04.007 19090 19090 W count_switchin: Common causes for lock verification issues are non-optimized dex code
03-12 11:22:04.007 19090 19090 W count_switchin: and incorrect proguard optimizations.
03-12 11:22:04.068 19090 19090 E libEGL : Invalid file path for libcolorx- loader.so
03-12 11:22:04.069 19090 19090 E libEGL : Invalid file path for libcolorx- loader.so
03-12 11:22:04.104 19090 19130 E libEGL : Invalid file path for libcolorx- loader.so
03-12 11:22:04.116 19090 19130 E EGL-gift: Cannot load register apis
03-12 11:22:04.123 19090 19130 E libEGL : Invalid file path for libcolorx- loader.so
03-12 11:22:04.128 19090 19130 E libEGL : Invalid file path for libcolorx- loader.so
03-12 11:22:04.168 19090 19130 E ion : ioctl c0044901 failed with code -1: Invalid argument
03-12 11:22:04.195 19090 19090 W Choreographer: Already have a pending vsync event. There should only be one at a time.
03-12 11:22:04.224 19090 19090 E ScreenmodeClient: display mode not support
03-12 11:22:04.820 13462 14172 E Parcel : Reading a NULL string not supported here.
03-12 11:22:05.125 19284 19284 E com.whatsapp: Unknown bits set in runtime_flags: 0x40000000
03-12 11:22:05.129 19284 19284 E com.whatsapp: Not starting debugger since process cannot load the jdwp agent.
03-12 11:22:05.134 19284 19284 E RefClass: java.lang.reflect.InvocationTargetException
03-12 11:22:05.192 19284 19284 W System.err: java.lang.ClassNotFoundException: mbmodsd.mbmodsw.ui.views.btn.BtnBK
03-12 11:22:05.192 19284 19284 W System.err: at java.lang.Runtime.nativeLoad(Native Method)
03-12 11:22:05.192 19284 19284 W System.err: at java.lang.Runtime.nativeLoad(Runtime.java:1131)
03-12 11:22:05.192 19284 19284 W System.err: at java.lang.Runtime.loadLibrary0(Runtime.java:1085)
03-12 11:22:05.192 19284 19284 W System.err: at java.lang.Runtime.loadLibrary0(Runtime.java:1008)
03-12 11:22:05.192 19284 19284 W System.err: at java.lang.System.loadLibrary(System.java:1664)
03-12 11:22:05.192 19284 19284 W System.err: at arm.EpicVm.<clinit>(Unknown Source:2)
03-12 11:22:05.192 19284 19284 W System.err: at java.lang.Class.newInstance(Native Method)
03-12 11:22:05.192 19284 19284 W System.err: at android.app.AppComponentFactory.instantiateApplication(AppComponentFactory.java:76)
03-12 11:22:05.192 19284 19284 W System.err: at androidx.core.app.CoreComponentFactory.instantiateApplication(Unknown Source:0)
03-12 11:22:05.192 19284 19284 W System.err: at android.app.Instrumentation.newApplication(Instrumentation.java:1158)
03-12 11:22:05.192 19284 19284 W System.err: at android.app.LoadedApk.makeApplication(LoadedApk.java:1324)
03-12 11:22:05.192 19284 19284 W System.err: at android.app.ActivityThread.handleBindApplication(ActivityThread.java:7191)
03-12 11:22:05.192 19284 19284 W System.err: at android.app.ActivityThread.access$1700(ActivityThread.java:292)
03-12 11:22:05.192 19284 19284 W System.err: at android.app.ActivityThread$H.handleMessage(ActivityThread.java:2177)
03-12 11:22:05.192 19284 19284 W System.err: at android.os.Handler.dispatchMessage(Handler.java:106)
03-12 11:22:05.192 19284 19284 W System.err: at android.os.Looper.loop(Looper.java:258)
03-12 11:22:05.192 19284 19284 W System.err: at android.app.ActivityThread.main(ActivityThread.java:8219)
03-12 11:22:05.192 19284 19284 W System.err: at java.lang.reflect.Method.invoke(Native Method)
03-12 11:22:05.192 19284 19284 W System.err: at com.android.internal.os.RuntimeInit$MethodAndArgsCaller.run(RuntimeInit.java:632)
03-12 11:22:05.192 19284 19284 W System.err: at com.android.internal.os.ZygoteInit.main(ZygoteInit.java:1049)
03-12 11:22:05.198 19284 19284 E CustomActivityOnCrash: IMPORTANT WARNING! You already have an UncaughtExceptionHandler, are you sure this is correct? If you use a custom UncaughtExceptionHandler, you must initialize it AFTER CustomActivityOnCrash! Installing anyway, but your original handler will not be called.
03-12 11:22:05.217 19090 19090 E Parcel : Reading a NULL string not supported here.
03-12 11:22:05.319 19284 19284 W com.whatsapp: Accessing hidden method Lcom/android/org/conscrypt/OpenSSLSocketImpl;->setUseSessionTickets(Z)V (greylist- max-q,test-api, reflection, denied)
03-12 11:22:05.319 19284 19284 W com.whatsapp: Accessing hidden method Lcom/android/org/conscrypt/AbstractConscryptSocket;->setUseSessionTickets(Z)V (greylist-max-q, reflection, denied)
03-12 11:22:05.354 19284 19284 W linker : Warning: "/data/data/com.whatsapp/files/decompressed/libs.spk.zst/libc++_shared.so" unused DT entry: unknown processor-specific (type 0x70000001 arg 0x0) (ignoring)
03-12 11:22:05.346 19284 19284 W com.whatsapp: type=1400 audit(0.0:55958): avc: granted { execute } for path="/data/data/com.whatsapp/files/decompressed/libs.spk.zst/libc++_shared.so" dev="dm-26" ino=1520660 scontext=u:r:untrusted_app:s0:c151,c257,c512,c768 tcontext=u:object_r:app_data_file:s0:c151,c257,c512,c768 tclass=file app=com.whatsapp --------- beginning of main
03-12 11:22:05.354 19284 19284 W linker : Warning: "/data/data/com.whatsapp/files/decompressed/libs.spk.zst/libc++_shared.so" unused DT entry: unknown processor-specific (type 0x70000001 arg 0x0) (ignoring)
03-12 11:22:05.346 19284 19284 W com.whatsapp: type=1400 audit(0.0:55958): avc: granted { execute } for path="/data/data/com.whatsapp/files/decompressed/libs.spk.zst/libc++_shared.so" dev="dm-26" ino=1520660 scontext=u:r:untrusted_app:s0:c151,c257,c512,c768 tcontext=u:object_r:app_data_file:s0:c151,c257,c512,c768 tclass=file app=com.whatsapp
03-12 11:22:05.552 19284 19284 W com.whatsapp: Class X.0eU failed lock verification and will run slower.
03-12 11:22:05.552 19284 19284 W com.whatsapp: Common causes for lock verification issues are non-optimized dex code
03-12 11:22:05.552 19284 19284 W com.whatsapp: and incorrect proguard optimizations.
03-12 11:22:05.552 19284 19284 W com.whatsapp: Class X.0eU failed lock verification and will run slower.
03-12 11:22:05.552 19284 19284 W com.whatsapp: Common causes for lock verification issues are non-optimized dex code
03-12 11:22:05.552 19284 19284 W com.whatsapp: and incorrect proguard optimizations.
03-12 11:22:05.585 19284 19400 W com.whatsapp: Class X.2rL failed lock verification and will run slower.
03-12 11:22:05.585 19284 19400 W com.whatsapp: Class X.2rL failed lock verification and will run slower.
03-12 11:22:05.656 19284 19284 E Parcel : Reading a NULL string not supported here.
03-12 11:22:05.656 19284 19284 E Parcel : Reading a NULL string not supported here.
03-12 11:22:05.730 19284 19284 W com.whatsapp: Class com.whatsapp.HomeActivity failed lock verification and will run slower.
03-12 11:22:05.730 19284 19284 W com.whatsapp: Class com.whatsapp.HomeActivity failed lock verification and will run slower.
03-12 11:22:05.732 19284 19413 E libEGL : Invalid file path for libcolorx- loader.so
03-12 11:22:05.732 19284 19413 E libEGL : Invalid file path for libcolorx- loader.so
03-12 11:22:05.773 19284 19284 E OplusCustomizeRestrictionManager: sInstance is null, start a new sInstance --------- beginning of system
03-12 11:22:05.773 19284 19284 E OplusCustomizeRestrictionManager: sInstance is null, start a new sInstance
03-12 11:22:05.826 19284 19406 E ion : ioctl c0044901 failed with code -1: Invalid argument
03-12 11:22:05.826 19284 19406 E ion : ioctl c0044901 failed with code -1: Invalid argument
03-12 11:22:05.854 19284 19406 E libc : Access denied finding property "vendor.debug.drm.logv"
03-12 11:22:05.854 19284 19406 E libc : Access denied finding property "vendor.debug.drm.logv"
03-12 11:22:05.854 19284 19406 E libc : Access denied finding property "vendor.debug.drm.logv"
03-12 11:22:05.854 19284 19406 E libc : Access denied finding property "vendor.debug.drm.logv"
03-12 11:22:05.855 19284 19406 E libc : Access denied finding property "vendor.debug.drm.logd"
03-12 11:22:05.855 19284 19406 E libc : Access denied finding property "vendor.debug.drm.logv"
03-12 11:22:05.855 19284 19406 E libc : Access denied finding property "vendor.debug.drm.logd"
03-12 11:22:05.855 19284 19406 E libc : Access denied finding property "vendor.debug.drm.logv"
03-12 11:22:05.875 19284 19406 E Parcel : Reading a NULL string not supported here.
03-12 11:22:05.875 19284 19406 E Parcel : Reading a NULL string not supported here.
03-12 11:22:06.040 19284 19284 E ArmVmp : Match on catch block at 0x0a in for 0xc5
03-12 11:22:06.040 19284 19284 E ArmVmp : Match on catch block at 0x0a in for 0xc5
03-12 11:22:06.048 19284 19431 W System : ClassLoader referenced unknown path: system/framework/mediatek-cta.jar
03-12 11:22:06.048 19284 19431 W System : ClassLoader referenced unknown path: system/framework/mediatek-cta.jar
03-12 11:22:06.067 19284 19284 E ArmVmp : Match on catch block at 0x0a in for 0x131
03-12 11:22:06.067 19284 19284 E ArmVmp : Match on catch block at 0x0a in for 0x131
03-12 11:22:06.069 19284 19284 E Parcel : Reading a NULL string not supported here.
03-12 11:22:06.071 19284 19431 W com.whatsapp: Accessing hidden method Lcom/android/org/conscrypt/ConscryptEngineSocket;->setUseSessionTickets(Z)V (greylist-max-q,test-api, reflection, denied)
03-12 11:22:06.071 19284 19431 W com.whatsapp: Accessing hidden method Lcom/android/org/conscrypt/OpenSSLSocketImpl;->setUseSessionTickets(Z)V (greylist- max-q,test-api, reflection, denied)
03-12 11:22:06.071 19284 19431 W com.whatsapp: Accessing hidden method Lcom/android/org/conscrypt/AbstractConscryptSocket;->setUseSessionTickets(Z)V (greylist-max-q, reflection, denied)
03-12 11:22:06.071 19284 19431 W com.whatsapp: Accessing hidden method Lcom/android/org/conscrypt/ConscryptEngineSocket;->setHostname(Ljava/lang/String;)V (greylist-max-q,test-api, reflection, denied)
03-12 11:22:06.071 19284 19431 W com.whatsapp: Accessing hidden method Lcom/android/org/conscrypt/OpenSSLSocketImpl;->setHostname(Ljava/lang/String;)V (greylist-max-q,test-api, reflection, denied)
03-12 11:22:06.072 19284 19431 W com.whatsapp: Accessing hidden method Lcom/android/org/conscrypt/AbstractConscryptSocket;->setHostname(Ljava/lang/ String;)V (greylist-max-q, reflection, denied)
03-12 11:22:06.072 19284 19431 W com.whatsapp: Accessing hidden method Lcom/android/org/conscrypt/OpenSSLSocketImpl;->setAlpnProtocols([B)V (greylist-max- q,test-api, reflection, denied)
03-12 11:22:06.072 19284 19431 W com.whatsapp: Accessing hidden method Lcom/android/org/conscrypt/AbstractConscryptSocket;->setAlpnProtocols([B)V (greylist-max-q, reflection, denied)
03-12 11:22:06.069 19284 19284 E Parcel : Reading a NULL string not supported here.
03-12 11:22:06.071 19284 19431 W com.whatsapp: Accessing hidden method Lcom/android/org/conscrypt/ConscryptEngineSocket;->setUseSessionTickets(Z)V (greylist-max-q,test-api, reflection, denied)
03-12 11:22:06.071 19284 19431 W com.whatsapp: Accessing hidden method Lcom/android/org/conscrypt/OpenSSLSocketImpl;->setUseSessionTickets(Z)V (greylist- max-q,test-api, reflection, denied)
03-12 11:22:06.071 19284 19431 W com.whatsapp: Accessing hidden method Lcom/android/org/conscrypt/AbstractConscryptSocket;->setUseSessionTickets(Z)V (greylist-max-q, reflection, denied)
03-12 11:22:06.071 19284 19431 W com.whatsapp: Accessing hidden method Lcom/android/org/conscrypt/ConscryptEngineSocket;->setHostname(Ljava/lang/String;)V (greylist-max-q,test-api, reflection, denied)
03-12 11:22:06.071 19284 19431 W com.whatsapp: Accessing hidden method Lcom/android/org/conscrypt/OpenSSLSocketImpl;->setHostname(Ljava/lang/String;)V (greylist-max-q,test-api, reflection, denied)
03-12 11:22:06.072 19284 19431 W com.whatsapp: Accessing hidden method Lcom/android/org/conscrypt/AbstractConscryptSocket;->setHostname(Ljava/lang/ String;)V (greylist-max-q, reflection, denied)
03-12 11:22:06.072 19284 19431 W com.whatsapp: Accessing hidden method Lcom/android/org/conscrypt/OpenSSLSocketImpl;->setAlpnProtocols([B)V (greylist-max- q,test-api, reflection, denied)
03-12 11:22:06.072 19284 19431 W com.whatsapp: Accessing hidden method Lcom/android/org/conscrypt/AbstractConscryptSocket;->setAlpnProtocols([B)V (greylist-max-q, reflection, denied)
03-12 11:22:06.093 19284 19284 E Parcel : Reading a NULL string not supported here.
03-12 11:22:06.093 19284 19284 E Parcel : Reading a NULL string not supported here.
03-12 11:22:06.109 19284 19437 W System : ClassLoader referenced unknown path: system/framework/mediatek-cta.jar
03-12 11:22:06.109 19284 19437 W System : ClassLoader referenced unknown path: system/framework/mediatek-cta.jar
03-12 11:22:06.193 19284 19431 W com.whatsapp: Accessing hidden method Lcom/android/org/conscrypt/OpenSSLSocketImpl;->getAlpnSelectedProtocol()[B (greylist-max-q,test-api, reflection, denied)
03-12 11:22:06.193 19284 19431 W com.whatsapp: Accessing hidden method Lcom/android/org/conscrypt/OpenSSLSocketImpl;->getAlpnSelectedProtocol()[B (greylist-max-q,test-api, reflection, denied)
03-12 11:22:06.193 19284 19431 W com.whatsapp: Accessing hidden method Lcom/android/org/conscrypt/AbstractConscryptSocket;->getAlpnSelectedProtocol()[B (greylist-max-q, reflection, denied)
03-12 11:22:06.193 19284 19431 W com.whatsapp: Accessing hidden method Lcom/android/org/conscrypt/AbstractConscryptSocket;->getAlpnSelectedProtocol()[B (greylist-max-q, reflection, denied)
03-12 11:22:06.229 19284 19284 E libEGL : Invalid file path for libcolorx- loader.so
03-12 11:22:06.229 19284 19284 E libEGL : Invalid file path for libcolorx- loader.so
03-12 11:22:06.229 19284 19284 E libEGL : Invalid file path for libcolorx- loader.so
03-12 11:22:06.229 19284 19284 E libEGL : Invalid file path for libcolorx- loader.so
03-12 11:22:06.229 19284 19284 E libEGL : Invalid file path for libcolorx- loader.so
03-12 11:22:06.229 19284 19284 E libEGL : Invalid file path for libcolorx- loader.so
03-12 11:22:06.229 19284 19284 E libEGL : Invalid file path for libcolorx- loader.so
03-12 11:22:06.229 19284 19284 E libEGL : Invalid file path for libcolorx- loader.so
03-12 11:22:06.427 19284 19449 W LOTTIE : Animation contains merge paths. Merge paths are only supported on KitKat+ and must be manually enabled by calling enableMergePathsForKitKatAndAbove().
03-12 11:22:06.427 19284 19449 W LOTTIE : Animation contains merge paths. Merge paths are only supported on KitKat+ and must be manually enabled by calling enableMergePathsForKitKatAndAbove().
03-12 11:22:06.471 19284 19412 E libEGL : Invalid file path for libcolorx- loader.so
03-12 11:22:06.471 19284 19412 E libEGL : Invalid file path for libcolorx- loader.so
03-12 11:22:06.474 19284 19412 E EGL-gift: Cannot load register apis
03-12 11:22:06.474 19284 19412 E EGL-gift: Cannot load register apis
03-12 11:22:06.477 19284 19412 E libEGL : Invalid file path for libcolorx- loader.so
03-12 11:22:06.477 19284 19412 E libEGL : Invalid file path for libcolorx- loader.so
03-12 11:22:06.478 19284 19412 E libEGL : Invalid file path for libcolorx- loader.so
03-12 11:22:06.479 19284 19412 E libEGL : Invalid file path for libcolorx- loader.so
03-12 11:22:06.478 19284 19412 E libEGL : Invalid file path for libcolorx- loader.so
03-12 11:22:06.479 19284 19412 E libEGL : Invalid file path for libcolorx- loader.so
03-12 11:22:06.480 19284 19412 E libEGL : Invalid file path for libcolorx- loader.so
03-12 11:22:06.480 19284 19412 E libEGL : Invalid file path for libcolorx- loader.so
03-12 11:22:06.767 19284 19284 E RecyclerView: No adapter attached; skipping layout
03-12 11:22:06.767 19284 19284 E RecyclerView: No adapter attached; skipping layout
03-12 11:22:06.821 19284 19412 E ion : ioctl c0044901 failed with code -1: Invalid argument
03-12 11:22:06.821 19284 19412 E ion : ioctl c0044901 failed with code -1: Invalid argument
03-12 11:22:07.006 19284 19284 E RecyclerView: No adapter attached; skipping layout
03-12 11:22:07.006 19284 19284 E RecyclerView: No adapter attached; skipping layout
03-12 11:22:07.034 19284 19284 W LOTTIE : Animation contains merge paths but they are disabled.
03-12 11:22:07.034 19284 19284 W LOTTIE : Animation contains merge paths but they are disabled.
03-12 11:22:07.065 19284 19284 E ScreenmodeClient: display mode not support
03-12 11:22:07.065 19284 19284 E ScreenmodeClient: display mode not support
03-12 11:22:07.133 19284 19475 E libEGL : Invalid file path for libcolorx- loader.so
03-12 11:22:07.133 19284 19475 E libEGL : Invalid file path for libcolorx- loader.so
03-12 11:22:07.138 19284 19284 E ArmVmp : Match on catch block at 0x0a in for 0xd9
03-12 11:22:07.138 19284 19284 E ArmVmp : Match on catch block at 0x0a in for 0xd9
03-12 11:22:07.205 19284 19470 W KeyStore: KeyStore exception
03-12 11:22:07.205 19284 19470 W KeyStore: android.os.ServiceSpecificException: (code 7)
03-12 11:22:07.205 19284 19470 W KeyStore: at android.os.Parcel.createExceptionOrNull(Parcel.java:2403)
03-12 11:22:07.205 19284 19470 W KeyStore: at android.os.Parcel.createException(Parcel.java:2373)
03-12 11:22:07.205 19284 19470 W KeyStore: at android.os.Parcel.readException(Parcel.java:2356)
03-12 11:22:07.205 19284 19470 W KeyStore: at android.os.Parcel.readException(Parcel.java:2298)
03-12 11:22:07.205 19284 19470 W KeyStore: at android.security.keystore.IKeystoreService$Stub$Proxy.get(IKeystoreService.java:100 7)
03-12 11:22:07.205 19284 19470 W KeyStore: at android.security.KeyStore.get(KeyStore.java:238)
03-12 11:22:07.205 19284 19470 W KeyStore: at android.security.KeyStore.get(KeyStore.java:227)
03-12 11:22:07.205 19284 19470 W KeyStore: at android.security.keystore.AndroidKeyStoreSpi.engineGetCertificate(AndroidKeyStoreSp i.java:160)
03-12 11:22:07.205 19284 19470 W KeyStore: at java.security.KeyStoreSpi.engineEntryInstanceOf(KeyStoreSpi.java:583)
03-12 11:22:07.205 19284 19470 W KeyStore: at java.security.KeyStore.entryInstanceOf(KeyStore.java:1631)
03-12 11:22:07.205 19284 19470 W KeyStore: at X.1Pm.A02(Unknown Source:16)
03-12 11:22:07.205 19284 19470 W KeyStore: at X.32r.A0F(Unknown Source:0)
03-12 11:22:07.205 19284 19470 W KeyStore: at X.32r.A0J(Unknown Source:21)
03-12 11:22:07.205 19284 19470 W KeyStore: at X.32r.A04(Unknown Source:94)
03-12 11:22:07.205 19284 19470 W KeyStore: at X.32r.A03(Unknown Source:1)
03-12 11:22:07.205 19284 19470 W KeyStore: at X.10M.A0x(Unknown Source:405)
03-12 11:22:07.205 19284 19470 W KeyStore: at X.10M.A0N(Unknown Source:4)
03-12 11:22:07.205 19284 19470 W KeyStore: at X.10H.handleMessage(Unknown Source:107)
03-12 11:22:07.205 19284 19470 W KeyStore: at android.os.Handler.dispatchMessage(Handler.java:106)
03-12 11:22:07.205 19284 19470 W KeyStore: at android.os.Looper.loop(Looper.java:258)
03-12 11:22:07.205 19284 19470 W KeyStore: at android.os.HandlerThread.run(HandlerThread.java:67)
03-12 11:22:07.205 19284 19470 W KeyStore: KeyStore exception
03-12 11:22:07.205 19284 19470 W KeyStore: android.os.ServiceSpecificException: (code 7)
03-12 11:22:07.205 19284 19470 W KeyStore: at android.os.Parcel.createExceptionOrNull(Parcel.java:2403)
03-12 11:22:07.205 19284 19470 W KeyStore: at android.os.Parcel.createException(Parcel.java:2373)
03-12 11:22:07.205 19284 19470 W KeyStore: at android.os.Parcel.readException(Parcel.java:2356)
03-12 11:22:07.205 19284 19470 W KeyStore: at android.os.Parcel.readException(Parcel.java:2298)
03-12 11:22:07.205 19284 19470 W KeyStore: at android.security.keystore.IKeystoreService$Stub$Proxy.get(IKeystoreService.java:100 7)
03-12 11:22:07.205 19284 19470 W KeyStore: at android.security.KeyStore.get(KeyStore.java:238)
03-12 11:22:07.205 19284 19470 W KeyStore: at android.security.KeyStore.get(KeyStore.java:227)
03-12 11:22:07.205 19284 19470 W KeyStore: at android.security.keystore.AndroidKeyStoreSpi.engineGetCertificate(AndroidKeyStoreSp i.java:160)
03-12 11:22:07.205 19284 19470 W KeyStore: at java.security.KeyStoreSpi.engineEntryInstanceOf(KeyStoreSpi.java:583)
03-12 11:22:07.205 19284 19470 W KeyStore: at java.security.KeyStore.entryInstanceOf(KeyStore.java:1631)
03-12 11:22:07.205 19284 19470 W KeyStore: at X.1Pm.A02(Unknown Source:16)
03-12 11:22:07.205 19284 19470 W KeyStore: at X.32r.A0F(Unknown Source:0)
03-12 11:22:07.205 19284 19470 W KeyStore: at X.32r.A0J(Unknown Source:21)
03-12 11:22:07.205 19284 19470 W KeyStore: at X.32r.A04(Unknown Source:94)
03-12 11:22:07.205 19284 19470 W KeyStore: at X.32r.A03(Unknown Source:1)
03-12 11:22:07.205 19284 19470 W KeyStore: at X.10M.A0x(Unknown Source:405)
03-12 11:22:07.205 19284 19470 W KeyStore: at X.10M.A0N(Unknown Source:4)
03-12 11:22:07.205 19284 19470 W KeyStore: at X.10H.handleMessage(Unknown Source:107)
03-12 11:22:07.205 19284 19470 W KeyStore: at android.os.Handler.dispatchMessage(Handler.java:106)
03-12 11:22:07.205 19284 19470 W KeyStore: at android.os.Looper.loop(Looper.java:258)
03-12 11:22:07.205 19284 19470 W KeyStore: at android.os.HandlerThread.run(HandlerThread.java:67)
03-12 11:22:07.206 19284 19470 W KeyStore: KeyStore exception
03-12 11:22:07.206 19284 19470 W KeyStore: android.os.ServiceSpecificException: (code 7)
03-12 11:22:07.206 19284 19470 W KeyStore: at android.os.Parcel.createExceptionOrNull(Parcel.java:2403)
03-12 11:22:07.206 19284 19470 W KeyStore: at android.os.Parcel.createException(Parcel.java:2373)
03-12 11:22:07.206 19284 19470 W KeyStore: at android.os.Parcel.readException(Parcel.java:2356)
03-12 11:22:07.206 19284 19470 W KeyStore: at android.os.Parcel.readException(Parcel.java:2298)
03-12 11:22:07.206 19284 19470 W KeyStore: at android.security.keystore.IKeystoreService$Stub$Proxy.get(IKeystoreService.java:100 7)
03-12 11:22:07.206 19284 19470 W KeyStore: at android.security.KeyStore.get(KeyStore.java:238)
03-12 11:22:07.206 19284 19470 W KeyStore: at android.security.KeyStore.get(KeyStore.java:227)
03-12 11:22:07.206 19284 19470 W KeyStore: at android.security.keystore.AndroidKeyStoreSpi.engineGetCertificate(AndroidKeyStoreSp i.java:165)
03-12 11:22:07.206 19284 19470 W KeyStore: at java.security.KeyStoreSpi.engineEntryInstanceOf(KeyStoreSpi.java:583)
03-12 11:22:07.206 19284 19470 W KeyStore: at java.security.KeyStore.entryInstanceOf(KeyStore.java:1631)
03-12 11:22:07.206 19284 19470 W KeyStore: at X.1Pm.A02(Unknown Source:16)
03-12 11:22:07.206 19284 19470 W KeyStore: at X.32r.A0F(Unknown Source:0)
03-12 11:22:07.206 19284 19470 W KeyStore: at X.32r.A0J(Unknown Source:21)
03-12 11:22:07.206 19284 19470 W KeyStore: at X.32r.A04(Unknown Source:94)
03-12 11:22:07.206 19284 19470 W KeyStore: at X.32r.A03(Unknown Source:1)
03-12 11:22:07.206 19284 19470 W KeyStore: at X.10M.A0x(Unknown Source:405)
03-12 11:22:07.206 19284 19470 W KeyStore: at X.10M.A0N(Unknown Source:4)
03-12 11:22:07.206 19284 19470 W KeyStore: at X.10H.handleMessage(Unknown Source:107)
03-12 11:22:07.206 19284 19470 W KeyStore: at android.os.Handler.dispatchMessage(Handler.java:106)
03-12 11:22:07.206 19284 19470 W KeyStore: at android.os.Looper.loop(Looper.java:258)
03-12 11:22:07.206 19284 19470 W KeyStore: at android.os.HandlerThread.run(HandlerThread.java:67)
03-12 11:22:07.206 19284 19470 W KeyStore: KeyStore exception
03-12 11:22:07.206 19284 19470 W KeyStore: android.os.ServiceSpecificException: (code 7)
03-12 11:22:07.206 19284 19470 W KeyStore: at android.os.Parcel.createExceptionOrNull(Parcel.java:2403)
03-12 11:22:07.206 19284 19470 W KeyStore: at android.os.Parcel.createException(Parcel.java:2373)
03-12 11:22:07.206 19284 19470 W KeyStore: at android.os.Parcel.readException(Parcel.java:2356)
03-12 11:22:07.206 19284 19470 W KeyStore: at android.os.Parcel.readException(Parcel.java:2298)
03-12 11:22:07.206 19284 19470 W KeyStore: at android.security.keystore.IKeystoreService$Stub$Proxy.get(IKeystoreService.java:100 7)
03-12 11:22:07.206 19284 19470 W KeyStore: at android.security.KeyStore.get(KeyStore.java:238)
03-12 11:22:07.206 19284 19470 W KeyStore: at android.security.KeyStore.get(KeyStore.java:227)
03-12 11:22:07.206 19284 19470 W KeyStore: at android.security.keystore.AndroidKeyStoreSpi.engineGetCertificate(AndroidKeyStoreSp i.java:165)
03-12 11:22:07.206 19284 19470 W KeyStore: at java.security.KeyStoreSpi.engineEntryInstanceOf(KeyStoreSpi.java:583)
03-12 11:22:07.206 19284 19470 W KeyStore: at java.security.KeyStore.entryInstanceOf(KeyStore.java:1631)
03-12 11:22:07.206 19284 19470 W KeyStore: at X.1Pm.A02(Unknown Source:16)
03-12 11:22:07.206 19284 19470 W KeyStore: at X.32r.A0F(Unknown Source:0)
03-12 11:22:07.206 19284 19470 W KeyStore: at X.32r.A0J(Unknown Source:21)
03-12 11:22:07.206 19284 19470 W KeyStore: at X.32r.A04(Unknown Source:94)
03-12 11:22:07.206 19284 19470 W KeyStore: at X.32r.A03(Unknown Source:1)
03-12 11:22:07.206 19284 19470 W KeyStore: at X.10M.A0x(Unknown Source:405)
03-12 11:22:07.206 19284 19470 W KeyStore: at X.10M.A0N(Unknown Source:4)
03-12 11:22:07.206 19284 19470 W KeyStore: at X.10H.handleMessage(Unknown Source:107)
03-12 11:22:07.206 19284 19470 W KeyStore: at android.os.Handler.dispatchMessage(Handler.java:106)
03-12 11:22:07.206 19284 19470 W KeyStore: at android.os.Looper.loop(Looper.java:258)
03-12 11:22:07.206 19284 19470 W KeyStore: at android.os.HandlerThread.run(HandlerThread.java:67)
03-12 11:22:08.958 19284 19483 E CheckPermission: _bluetooth code = 1
03-12 11:22:08.958 19284 19483 E CheckPermission: _bluetooth code = 1
03-12 11:22:08.964 19284 19483 E CheckPermission: _bluetooth code = 3
03-12 11:22:08.966 19284 19483 E CheckPermission: _bluetooth code = 11
03-12 11:22:08.964 19284 19483 E CheckPermission: _bluetooth code = 3
03-12 11:22:08.966 19284 19483 E CheckPermission: _bluetooth code = 11
03-12 11:22:09.605 19284 19284 E libEGL : Invalid file path for libcolorx- loader.so
03-12 11:22:09.605 19284 19284 E libEGL : Invalid file path for libcolorx- loader.so
03-12 11:22:09.605 19284 19284 E libEGL : Invalid file path for libcolorx- loader.so
03-12 11:22:09.605 19284 19284 E libEGL : Invalid file path for libcolorx- loader.so
03-12 11:22:09.659 19284 19284 W Choreographer: Already have a pending vsync event. There should only be one at a time.
03-12 11:22:09.659 19284 19284 W Choreographer: Already have a pending vsync event. There should only be one at a time.
03-12 11:22:10.401 19284 19397 E SQLiteDatabase: Error inserting transferred=1 media_job_uuid=cc04c482-7cee-46f5-ae49-c67f287e1b60 transcoded=0 gif_attribution=0 first_scan_length=0 direct_path=/v/t62.7117- 24/30655764_920889486406540_5209041877834682236_n.enc?ccb=11- 4&oh=01_AdSky9U3ugwmxb4R-7V8cCD22MRbZMhbF08Cl0SFt-v98g&oe=66171BF7&_nc_sid=5e03e0 thumbnail_height_width_ratio=0.0 is_animated_sticker=0 file_hash=3riYkwPXUouVuOVdcY6+jCRtoK0Wf+h8ZhWagOT7fec= file_path=Media/WhatsApp Voice Notes/202411/PTT-20240312-WA0002.opus file_size=5314 partial_media_hash=null face_x=0 face_y=0 height=0 trim_to=0 media_key_timestamp=1710211391000 message_url=https://mmg.whatsapp.net/v/t62.7117- 24/30655764_920889486406540_5209041877834682236_n.enc?ccb=11- 4&oh=01_AdSky9U3ugwmxb4R-7V8cCD22MRbZMhbF08Cl0SFt- v98g&oe=66171BF7&_nc_sid=5e03e0&mms3=true media_caption=null trim_from=0 mime_type=audio/ogg; codecs=opus partial_media_enc_hash=null width=0 original_file_hash=null has_streaming_sidecar=0 autotransfer_retry_enabled=1 media_upload_handle=null message_row_id=803 multicast_id=null enc_file_hash=cg2pw3Pvk1aBq0M4vbiuDXRBf9K2FOGiayFwciQJCC4= mute_video=0 page_count=0 first_scan_sidecar=null suspicious_content=0 file_length=5314 media_name=null media_duration=2 chat_row_id=5 media_key=[B@5e8a21c
03-12 11:22:10.401 19284 19397 E SQLiteDatabase: android.database.sqlite.SQLiteConstraintException: UNIQUE constraint failed: message_media.message_row_id (code 1555 SQLITE_CONSTRAINT_PRIMARYKEY)
03-12 11:22:10.401 19284 19397 E SQLiteDatabase: at android.database.sqlite.SQLiteConnection.nativeExecuteForLastInsertedRowId(Native Method)
03-12 11:22:10.401 19284 19397 E SQLiteDatabase: at android.database.sqlite.SQLiteConnection.executeForLastInsertedRowId(SQLiteConnecti on.java:948)
03-12 11:22:10.401 19284 19397 E SQLiteDatabase: at android.database.sqlite.SQLiteSession.executeForLastInsertedRowId(SQLiteSession.jav a:790)
03-12 11:22:10.401 19284 19397 E SQLiteDatabase: at android.database.sqlite.SQLiteStatement.executeInsert(SQLiteStatement.java:88)
03-12 11:22:10.401 19284 19397 E SQLiteDatabase: at android.database.sqlite.SQLiteDatabase.insertWithOnConflict(SQLiteDatabase.java:173 1)
03-12 11:22:10.401 19284 19397 E SQLiteDatabase: at android.database.sqlite.SQLiteDatabase.insert(SQLiteDatabase.java:1600)
03-12 11:22:10.401 19284 19397 E SQLiteDatabase: at X.2tm.A08(Unknown Source:6)
03-12 11:22:10.401 19284 19397 E SQLiteDatabase: at X.35Y.A07(Unknown Source:212)
03-12 11:22:10.401 19284 19397 E SQLiteDatabase: at X.3QF.A14(Unknown Source:470)
03-12 11:22:10.401 19284 19397 E SQLiteDatabase: at X.3gU.run(Unknown Source:982)
03-12 11:22:10.401 19284 19397 E SQLiteDatabase: at android.os.Handler.handleCallback(Handler.java:938)
03-12 11:22:10.401 19284 19397 E SQLiteDatabase: at android.os.Handler.dispatchMessage(Handler.java:99)
03-12 11:22:10.401 19284 19397 E SQLiteDatabase: at X.0zq.dispatchMessage(Unknown Source:4)
03-12 11:22:10.401 19284 19397 E SQLiteDatabase: at android.os.Looper.loop(Looper.java:258)
03-12 11:22:10.401 19284 19397 E SQLiteDatabase: at android.os.HandlerThread.run(HandlerThread.java:67)
03-12 11:22:10.401 19284 19397 E SQLiteDatabase: Error inserting transferred=1 media_job_uuid=cc04c482-7cee-46f5-ae49-c67f287e1b60 transcoded=0 gif_attribution=0 first_scan_length=0 direct_path=/v/t62.7117- 24/30655764_920889486406540_5209041877834682236_n.enc?ccb=11- 4&oh=01_AdSky9U3ugwmxb4R-7V8cCD22MRbZMhbF08Cl0SFt-v98g&oe=66171BF7&_nc_sid=5e03e0 thumbnail_height_width_ratio=0.0 is_animated_sticker=0 file_hash=3riYkwPXUouVuOVdcY6+jCRtoK0Wf+h8ZhWagOT7fec= file_path=Media/WhatsApp Voice Notes/202411/PTT-20240312-WA0002.opus file_size=5314 partial_media_hash=null face_x=0 face_y=0 height=0 trim_to=0 media_key_timestamp=1710211391000 message_url=https://mmg.whatsapp.net/v/t62.7117- 24/30655764_920889486406540_5209041877834682236_n.enc?ccb=11- 4&oh=01_AdSky9U3ugwmxb4R-7V8cCD22MRbZMhbF08Cl0SFt- v98g&oe=66171BF7&_nc_sid=5e03e0&mms3=true media_caption=null trim_from=0 mime_type=audio/ogg; codecs=opus partial_media_enc_hash=null width=0 original_file_hash=null has_streaming_sidecar=0 autotransfer_retry_enabled=1 media_upload_handle=null message_row_id=803 multicast_id=null enc_file_hash=cg2pw3Pvk1aBq0M4vbiuDXRBf9K2FOGiayFwciQJCC4= mute_video=0 page_count=0 first_scan_sidecar=null suspicious_content=0 file_length=5314 media_name=null media_duration=2 chat_row_id=5 media_key=[B@5e8a21c
03-12 11:22:10.401 19284 19397 E SQLiteDatabase: android.database.sqlite.SQLiteConstraintException: UNIQUE constraint failed: message_media.message_row_id (code 1555 SQLITE_CONSTRAINT_PRIMARYKEY)
03-12 11:22:10.401 19284 19397 E SQLiteDatabase: at android.database.sqlite.SQLiteConnection.nativeExecuteForLastInsertedRowId(Native Method)
03-12 11:22:10.401 19284 19397 E SQLiteDatabase: at android.database.sqlite.SQLiteConnection.executeForLastInsertedRowId(SQLiteConnecti on.java:948)
03-12 11:22:10.401 19284 19397 E SQLiteDatabase: at android.database.sqlite.SQLiteSession.executeForLastInsertedRowId(SQLiteSession.jav a:790)
03-12 11:22:10.401 19284 19397 E SQLiteDatabase: at android.database.sqlite.SQLiteStatement.executeInsert(SQLiteStatement.java:88)
03-12 11:22:10.401 19284 19397 E SQLiteDatabase: at android.database.sqlite.SQLiteDatabase.insertWithOnConflict(SQLiteDatabase.java:173 1)
03-12 11:22:10.401 19284 19397 E SQLiteDatabase: at android.database.sqlite.SQLiteDatabase.insert(SQLiteDatabase.java:1600)
03-12 11:22:10.401 19284 19397 E SQLiteDatabase: at X.2tm.A08(Unknown Source:6)
03-12 11:22:10.401 19284 19397 E SQLiteDatabase: at X.35Y.A07(Unknown Source:212)
03-12 11:22:10.401 19284 19397 E SQLiteDatabase: at X.3QF.A14(Unknown Source:470)
03-12 11:22:10.401 19284 19397 E SQLiteDatabase: at X.3gU.run(Unknown Source:982)
03-12 11:22:10.401 19284 19397 E SQLiteDatabase: at android.os.Handler.handleCallback(Handler.java:938)
03-12 11:22:10.401 19284 19397 E SQLiteDatabase: at android.os.Handler.dispatchMessage(Handler.java:99)
03-12 11:22:10.401 19284 19397 E SQLiteDatabase: at X.0zq.dispatchMessage(Unknown Source:4)
03-12 11:22:10.401 19284 19397 E SQLiteDatabase: at android.os.Looper.loop(Looper.java:258)
03-12 11:22:10.401 19284 19397 E SQLiteDatabase: at android.os.HandlerThread.run(HandlerThread.java:67)
03-12 11:22:10.540 19090 19104 W System : A resource failed to call release.
03-12 11:22:10.540 19090 19104 W System : A resource failed to call release.
03-12 11:22:11.338 19284 19397 E SQLiteDatabase: Error inserting transferred=1 media_job_uuid=bee78908-3792-46bd-86a0-087fddb44b4f transcoded=0 gif_attribution=0 first_scan_length=0 direct_path=/v/t62.7117- 24/31451350_952583466474150_4691966047876286988_n.enc?ccb=11- 4&oh=01_AdTNWTY9C1nGgUGDFQIYUfWJdjq_QYmQ0zHzGrw5N8Lw0Q&oe=66173A3F&_nc_sid=5e03e0 thumbnail_height_width_ratio=0.0 is_animated_sticker=0 file_hash=gDfjjckjozvOv5gHClxnx5l3K7+KYUcqjd1JhaeRgys= file_path=Media/WhatsApp Voice Notes/202411/PTT-20240312-WA0003.opus file_size=4195 partial_media_hash=null face_x=0 face_y=0 height=0 trim_to=0 media_key_timestamp=1710211405000 message_url=https://mmg.whatsapp.net/v/t62.7117- 24/31451350_952583466474150_4691966047876286988_n.enc?ccb=11- 4&oh=01_AdTNWTY9C1nGgUGDFQIYUfWJdjq_QYmQ0zHzGrw5N8Lw0Q&oe=66173A3F&_nc_sid=5e03e0&m ms3=true media_caption=null trim_from=0 mime_type=audio/ogg; codecs=opus partial_media_enc_hash=null width=0 original_file_hash=null has_streaming_sidecar=0 autotransfer_retry_enabled=1 media_upload_handle=null message_row_id=806 multicast_id=null enc_file_hash=RhuvnUUX4FnPAX0S0Zv+ZgBqvhfJ5SrMWcjXuJSM2KE= mute_video=0 page_count=0 first_scan_sidecar=null suspicious_content=0 file_length=4195 media_name=null media_duration=1 chat_row_id=5 media_key=[B@b53b70f
03-12 11:22:11.338 19284 19397 E SQLiteDatabase: android.database.sqlite.SQLiteConstraintException: UNIQUE constraint failed: message_media.message_row_id (code 1555 SQLITE_CONSTRAINT_PRIMARYKEY)
03-12 11:22:11.338 19284 19397 E SQLiteDatabase: at android.database.sqlite.SQLiteConnection.nativeExecuteForLastInsertedRowId(Native Method)
03-12 11:22:11.338 19284 19397 E SQLiteDatabase: at android.database.sqlite.SQLiteConnection.executeForLastInsertedRowId(SQLiteConnecti on.java:948)
03-12 11:22:11.338 19284 19397 E SQLiteDatabase: at android.database.sqlite.SQLiteSession.executeForLastInsertedRowId(SQLiteSession.jav a:790)
03-12 11:22:11.338 19284 19397 E SQLiteDatabase: at android.database.sqlite.SQLiteStatement.executeInsert(SQLiteStatement.java:88)
03-12 11:22:11.338 19284 19397 E SQLiteDatabase: at android.database.sqlite.SQLiteDatabase.insertWithOnConflict(SQLiteDatabase.java:173 1)
03-12 11:22:11.338 19284 19397 E SQLiteDatabase: at android.database.sqlite.SQLiteDatabase.insert(SQLiteDatabase.java:1600)
03-12 11:22:11.338 19284 19397 E SQLiteDatabase: at X.2tm.A08(Unknown Source:6)
03-12 11:22:11.338 19284 19397 E SQLiteDatabase: at X.35Y.A07(Unknown Source:212)
03-12 11:22:11.338 19284 19397 E SQLiteDatabase: at X.3QF.A14(Unknown Source:470)
03-12 11:22:11.338 19284 19397 E SQLiteDatabase: at X.3gU.run(Unknown Source:982)
03-12 11:22:11.338 19284 19397 E SQLiteDatabase: at android.os.Handler.handleCallback(Handler.java:938)
03-12 11:22:11.338 19284 19397 E SQLiteDatabase: at android.os.Handler.dispatchMessage(Handler.java:99)
03-12 11:22:11.338 19284 19397 E SQLiteDatabase: at X.0zq.dispatchMessage(Unknown Source:4)
03-12 11:22:11.338 19284 19397 E SQLiteDatabase: at android.os.Looper.loop(Looper.java:258)
03-12 11:22:11.338 19284 19397 E SQLiteDatabase: at android.os.HandlerThread.run(HandlerThread.java:67)
03-12 11:22:11.338 19284 19397 E SQLiteDatabase: Error inserting transferred=1 media_job_uuid=bee78908-3792-46bd-86a0-087fddb44b4f transcoded=0 gif_attribution=0 first_scan_length=0 direct_path=/v/t62.7117- 24/31451350_952583466474150_4691966047876286988_n.enc?ccb=11- 4&oh=01_AdTNWTY9C1nGgUGDFQIYUfWJdjq_QYmQ0zHzGrw5N8Lw0Q&oe=66173A3F&_nc_sid=5e03e0 thumbnail_height_width_ratio=0.0 is_animated_sticker=0 file_hash=gDfjjckjozvOv5gHClxnx5l3K7+KYUcqjd1JhaeRgys= file_path=Media/WhatsApp Voice Notes/202411/PTT-20240312-WA0003.opus file_size=4195 partial_media_hash=null face_x=0 face_y=0 height=0 trim_to=0 media_key_timestamp=1710211405000 message_url=https://mmg.whatsapp.net/v/t62.7117- 24/31451350_952583466474150_4691966047876286988_n.enc?ccb=11- 4&oh=01_AdTNWTY9C1nGgUGDFQIYUfWJdjq_QYmQ0zHzGrw5N8Lw0Q&oe=66173A3F&_nc_sid=5e03e0&m ms3=true media_caption=null trim_from=0 mime_type=audio/ogg; codecs=opus partial_media_enc_hash=null width=0 original_file_hash=null has_streaming_sidecar=0 autotransfer_retry_enabled=1 media_upload_handle=null message_row_id=806 multicast_id=null enc_file_hash=RhuvnUUX4FnPAX0S0Zv+ZgBqvhfJ5SrMWcjXuJSM2KE= mute_video=0 page_count=0 first_scan_sidecar=null suspicious_content=0 file_length=4195 media_name=null media_duration=1 chat_row_id=5 media_key=[B@b53b70f
03-12 11:22:11.338 19284 19397 E SQLiteDatabase: android.database.sqlite.SQLiteConstraintException: UNIQUE constraint failed: message_media.message_row_id (code 1555 SQLITE_CONSTRAINT_PRIMARYKEY)
03-12 11:22:11.338 19284 19397 E SQLiteDatabase: at android.database.sqlite.SQLiteConnection.nativeExecuteForLastInsertedRowId(Native Method)
03-12 11:22:11.338 19284 19397 E SQLiteDatabase: at android.database.sqlite.SQLiteConnection.executeForLastInsertedRowId(SQLiteConnecti on.java:948)
03-12 11:22:11.338 19284 19397 E SQLiteDatabase: at android.database.sqlite.SQLiteSession.executeForLastInsertedRowId(SQLiteSession.jav a:790)
03-12 11:22:11.338 19284 19397 E SQLiteDatabase: at android.database.sqlite.SQLiteStatement.executeInsert(SQLiteStatement.java:88)
03-12 11:22:11.338 19284 19397 E SQLiteDatabase: at android.database.sqlite.SQLiteDatabase.insertWithOnConflict(SQLiteDatabase.java:173 1)
03-12 11:22:11.338 19284 19397 E SQLiteDatabase: at android.database.sqlite.SQLiteDatabase.insert(SQLiteDatabase.java:1600)
03-12 11:22:11.338 19284 19397 E SQLiteDatabase: at X.2tm.A08(Unknown Source:6)
03-12 11:22:11.338 19284 19397 E SQLiteDatabase: at X.35Y.A07(Unknown Source:212)
03-12 11:22:11.338 19284 19397 E SQLiteDatabase: at X.3QF.A14(Unknown Source:470)
03-12 11:22:11.338 19284 19397 E SQLiteDatabase: at X.3gU.run(Unknown Source:982)
03-12 11:22:11.338 19284 19397 E SQLiteDatabase: at android.os.Handler.handleCallback(Handler.java:938)
03-12 11:22:11.338 19284 19397 E SQLiteDatabase: at android.os.Handler.dispatchMessage(Handler.java:99)
03-12 11:22:11.338 19284 19397 E SQLiteDatabase: at X.0zq.dispatchMessage(Unknown Source:4)
03-12 11:22:11.338 19284 19397 E SQLiteDatabase: at android.os.Looper.loop(Looper.java:258)
03-12 11:22:11.338 19284 19397 E SQLiteDatabase: at android.os.HandlerThread.run(HandlerThread.java:67)
03-12 11:22:11.757 19284 19284 E libEGL : Invalid file path for libcolorx- loader.so
03-12 11:22:11.757 19284 19284 E libEGL : Invalid file path for libcolorx- loader.so
03-12 11:22:11.758 19284 19284 E libEGL : Invalid file path for libcolorx- loader.so
03-12 11:22:11.758 19284 19284 E libEGL : Invalid file path for libcolorx- loader.so
03-12 11:22:11.792 19284 19397 E SQLiteDatabase: Error inserting transferred=1 media_job_uuid=840e6720-e1a3-453a-8165-46646d8b59d1 transcoded=0 gif_attribution=0 first_scan_length=0 direct_path=/v/t62.7117- 24/33549880_383490071211435_6556155378881810937_n.enc?ccb=11- 4&oh=01_AdRdfJkwO2GrcblatdQG59z96cqX6Rb3_tpMaN78uO2iaQ&oe=6617468A&_nc_sid=5e03e0 thumbnail_height_width_ratio=0.0 is_animated_sticker=0 file_hash=hrRZpXb7DLtPLn6oG7OQ42MaYVwnONlowgPSP47LRHw= file_path=Media/WhatsApp Voice Notes/202411/PTT-20240312-WA0004.opus file_size=3879 partial_media_hash=null face_x=0 face_y=0 height=0 trim_to=0 media_key_timestamp=1710211418000 message_url=https://mmg.whatsapp.net/v/t62.7117- 24/33549880_383490071211435_6556155378881810937_n.enc?ccb=11- 4&oh=01_AdRdfJkwO2GrcblatdQG59z96cqX6Rb3_tpMaN78uO2iaQ&oe=6617468A&_nc_sid=5e03e0&m ms3=true media_caption=null trim_from=0 mime_type=audio/ogg; codecs=opus partial_media_enc_hash=null width=0 original_file_hash=null has_streaming_sidecar=0 autotransfer_retry_enabled=1 media_upload_handle=null message_row_id=811 multicast_id=null enc_file_hash=1CMGXXy3gCxpueaEjGJjb6kcNkGhOM13p2wohvGC6ns= mute_video=0 page_count=0 first_scan_sidecar=null suspicious_content=0 file_length=3879 media_name=null media_duration=1 chat_row_id=5 media_key=[B@e7cebdf
03-12 11:22:11.792 19284 19397 E SQLiteDatabase: android.database.sqlite.SQLiteConstraintException: UNIQUE constraint failed: message_media.message_row_id (code 1555 SQLITE_CONSTRAINT_PRIMARYKEY)
03-12 11:22:11.792 19284 19397 E SQLiteDatabase: at android.database.sqlite.SQLiteConnection.nativeExecuteForLastInsertedRowId(Native Method)
03-12 11:22:11.792 19284 19397 E SQLiteDatabase: at android.database.sqlite.SQLiteConnection.executeForLastInsertedRowId(SQLiteConnecti on.java:948)
03-12 11:22:11.792 19284 19397 E SQLiteDatabase: at android.database.sqlite.SQLiteSession.executeForLastInsertedRowId(SQLiteSession.jav a:790)
03-12 11:22:11.792 19284 19397 E SQLiteDatabase: at android.database.sqlite.SQLiteStatement.executeInsert(SQLiteStatement.java:88)
03-12 11:22:11.792 19284 19397 E SQLiteDatabase: at android.database.sqlite.SQLiteDatabase.insertWithOnConflict(SQLiteDatabase.java:173 1)
03-12 11:22:11.792 19284 19397 E SQLiteDatabase: at android.database.sqlite.SQLiteDatabase.insert(SQLiteDatabase.java:1600)
03-12 11:22:11.792 19284 19397 E SQLiteDatabase: at X.2tm.A08(Unknown Source:6)
03-12 11:22:11.792 19284 19397 E SQLiteDatabase: at X.35Y.A07(Unknown Source:212)
03-12 11:22:11.792 19284 19397 E SQLiteDatabase: at X.3QF.A14(Unknown Source:470)
03-12 11:22:11.792 19284 19397 E SQLiteDatabase: at X.3gU.run(Unknown Source:982)
03-12 11:22:11.792 19284 19397 E SQLiteDatabase: at android.os.Handler.handleCallback(Handler.java:938)
03-12 11:22:11.792 19284 19397 E SQLiteDatabase: at android.os.Handler.dispatchMessage(Handler.java:99)
03-12 11:22:11.792 19284 19397 E SQLiteDatabase: at X.0zq.dispatchMessage(Unknown Source:4)
03-12 11:22:11.792 19284 19397 E SQLiteDatabase: at android.os.Looper.loop(Looper.java:258)
03-12 11:22:11.792 19284 19397 E SQLiteDatabase: at android.os.HandlerThread.run(HandlerThread.java:67)
03-12 11:22:11.792 19284 19397 E SQLiteDatabase: Error inserting transferred=1 media_job_uuid=840e6720-e1a3-453a-8165-46646d8b59d1 transcoded=0 gif_attribution=0 first_scan_length=0 direct_path=/v/t62.7117- 24/33549880_383490071211435_6556155378881810937_n.enc?ccb=11- 4&oh=01_AdRdfJkwO2GrcblatdQG59z96cqX6Rb3_tpMaN78uO2iaQ&oe=6617468A&_nc_sid=5e03e0 thumbnail_height_width_ratio=0.0 is_animated_sticker=0 file_hash=hrRZpXb7DLtPLn6oG7OQ42MaYVwnONlowgPSP47LRHw= file_path=Media/WhatsApp Voice Notes/202411/PTT-20240312-WA0004.opus file_size=3879 partial_media_hash=null face_x=0 face_y=0 height=0 trim_to=0 media_key_timestamp=1710211418000 message_url=https://mmg.whatsapp.net/v/t62.7117- 24/33549880_383490071211435_6556155378881810937_n.enc?ccb=11- 4&oh=01_AdRdfJkwO2GrcblatdQG59z96cqX6Rb3_tpMaN78uO2iaQ&oe=6617468A&_nc_sid=5e03e0&m ms3=true media_caption=null trim_from=0 mime_type=audio/ogg; codecs=opus partial_media_enc_hash=null width=0 original_file_hash=null has_streaming_sidecar=0 autotransfer_retry_enabled=1 media_upload_handle=null message_row_id=811 multicast_id=null enc_file_hash=1CMGXXy3gCxpueaEjGJjb6kcNkGhOM13p2wohvGC6ns= mute_video=0 page_count=0 first_scan_sidecar=null suspicious_content=0 file_length=3879 media_name=null media_duration=1 chat_row_id=5 media_key=[B@e7cebdf
03-12 11:22:11.792 19284 19397 E SQLiteDatabase: android.database.sqlite.SQLiteConstraintException: UNIQUE constraint failed: message_media.message_row_id (code 1555 SQLITE_CONSTRAINT_PRIMARYKEY)
03-12 11:22:11.792 19284 19397 E SQLiteDatabase: at android.database.sqlite.SQLiteConnection.nativeExecuteForLastInsertedRowId(Native Method)
03-12 11:22:11.792 19284 19397 E SQLiteDatabase: at android.database.sqlite.SQLiteConnection.executeForLastInsertedRowId(SQLiteConnecti on.java:948)
03-12 11:22:11.792 19284 19397 E SQLiteDatabase: at android.database.sqlite.SQLiteSession.executeForLastInsertedRowId(SQLiteSession.jav a:790)
03-12 11:22:11.792 19284 19397 E SQLiteDatabase: at android.database.sqlite.SQLiteStatement.executeInsert(SQLiteStatement.java:88)
03-12 11:22:11.792 19284 19397 E SQLiteDatabase: at android.database.sqlite.SQLiteDatabase.insertWithOnConflict(SQLiteDatabase.java:173 1)
03-12 11:22:11.792 19284 19397 E SQLiteDatabase: at android.database.sqlite.SQLiteDatabase.insert(SQLiteDatabase.java:1600)
03-12 11:22:11.792 19284 19397 E SQLiteDatabase: at X.2tm.A08(Unknown Source:6)
03-12 11:22:11.792 19284 19397 E SQLiteDatabase: at X.35Y.A07(Unknown Source:212)
03-12 11:22:11.792 19284 19397 E SQLiteDatabase: at X.3QF.A14(Unknown Source:470)
03-12 11:22:11.792 19284 19397 E SQLiteDatabase: at X.3gU.run(Unknown Source:982)
03-12 11:22:11.792 19284 19397 E SQLiteDatabase: at android.os.Handler.handleCallback(Handler.java:938)
03-12 11:22:11.792 19284 19397 E SQLiteDatabase: at android.os.Handler.dispatchMessage(Handler.java:99)
03-12 11:22:11.792 19284 19397 E SQLiteDatabase: at X.0zq.dispatchMessage(Unknown Source:4)
03-12 11:22:11.792 19284 19397 E SQLiteDatabase: at android.os.Looper.loop(Looper.java:258)
03-12 11:22:11.792 19284 19397 E SQLiteDatabase: at android.os.HandlerThread.run(HandlerThread.java:67)
03-12 11:22:11.813 19284 19284 W Choreographer: Already have a pending vsync event. There should only be one at a time.
03-12 11:22:11.813 19284 19284 W Choreographer: Already have a pending vsync event. There should only be one at a time.
03-12 11:22:13.129 19284 19316 W LibraryVersion: Failed to get app version for libraryName: firebase-iid
03-12 11:22:13.129 19284 19316 W LibraryVersion: Failed to get app version for libraryName: firebase-iid
03-12 11:22:13.426 19284 19708 E Parcel : Reading a NULL string not supported here.
03-12 11:22:13.426 19284 19708 E Parcel : Reading a NULL string not supported here.
03-12 11:22:13.915 19284 19284 E libEGL : Invalid file path for libcolorx- loader.so
03-12 11:22:13.917 19284 19284 E libEGL : Invalid file path for libcolorx- loader.so
03-12 11:22:13.915 19284 19284 E libEGL : Invalid file path for libcolorx- loader.so
03-12 11:22:13.917 19284 19284 E libEGL : Invalid file path for libcolorx- loader.so
03-12 11:22:13.963 19284 19284 W Choreographer: Already have a pending vsync event. There should only be one at a time.
03-12 11:22:13.963 19284 19284 W Choreographer: Already have a pending vsync event. There should only be one at a time.
03-12 11:22:15.404 19284 19284 E Parcel : Reading a NULL string not supported here.
03-12 11:22:15.404 19284 19284 E Parcel : Reading a NULL string not supported here.
03-12 11:22:15.600 19284 19284 W Choreographer: Already have a pending vsync event. There should only be one at a time.
03-12 11:22:15.600 19284 19284 W Choreographer: Already have a pending vsync event. There should only be one at a time.
03-12 11:22:15.602 19284 19816 E libEGL : Invalid file path for libcolorx- loader.so
03-12 11:22:15.602 19284 19816 E libEGL : Invalid file path for libcolorx- loader.so
03-12 11:22:15.683 19284 19284 E libEGL : Invalid file path for libcolorx- loader.so
03-12 11:22:15.683 19284 19284 E libEGL : Invalid file path for libcolorx- loader.so
03-12 11:22:15.684 19284 19284 E libEGL : Invalid file path for libcolorx- loader.so
03-12 11:22:15.684 19284 19284 E libEGL : Invalid file path for libcolorx- loader.so
03-12 11:22:16.110 19284 19284 W Choreographer: Already have a pending vsync event. There should only be one at a time.
03-12 11:22:16.110 19284 19284 W Choreographer: Already have a pending vsync event. There should only be one at a time.
03-12 11:22:16.318 19284 19284 E libEGL : Invalid file path for libcolorx- loader.so
03-12 11:22:16.318 19284 19284 E libEGL : Invalid file path for libcolorx- loader.so
03-12 11:22:16.319 19284 19284 E libEGL : Invalid file path for libcolorx- loader.so
03-12 11:22:16.319 19284 19284 E libEGL : Invalid file path for libcolorx- loader.so
03-12 11:22:16.366 19284 19284 W Choreographer: Already have a pending vsync event. There should only be one at a time.
03-12 11:22:16.366 19284 19284 W Choreographer: Already have a pending vsync event. There should only be one at a time.
03-12 11:22:16.874 19284 19397 E SQLiteDatabase: Error inserting transferred=0 media_job_uuid=99017102-0820-4948-8a13-96542226491e transcoded=0 gif_attribution=0 first_scan_length=6389 direct_path=/v/t62.7118- 24/35176228_1183293989399100_2369877859388939064_n.enc?ccb=11- 4&oh=01_AdRWLsRePT1kGlOHo67lsq0QcawGL- YZ0Mb2prqbi61vwQ&oe=6615F270&_nc_sid=5e03e0&_nc_hot=1710211418 thumbnail_height_width_ratio=0.44444445 is_animated_sticker=0 file_hash=XINyoD3VHtriu5fb0fRYEXvHQfwYQ+FND7M2j9QHP1I= file_path=null file_size=0 partial_media_hash=qsQ1PRKgss0U+fQiliB3pUa+Go0+9zqBNPPszFNHW1k= face_x=0 face_y=0 height=576 trim_to=0 media_key_timestamp=1710135239000 message_url=https://mmg.whatsapp.net/v/t62.7118- 24/35176228_1183293989399100_2369877859388939064_n.enc?ccb=11- 4&oh=01_AdRWLsRePT1kGlOHo67lsq0QcawGL- YZ0Mb2prqbi61vwQ&oe=6615F270&_nc_sid=5e03e0&mms3=true media_caption=null trim_from=0 mime_type=image/jpeg partial_media_enc_hash=null width=1280 original_file_hash=null has_streaming_sidecar=1 autotransfer_retry_enabled=1 media_upload_handle=null message_row_id=817 multicast_id=null enc_file_hash=k0CqqB2Ws5HQaNDanFDwyEJBoxR7/XuPQClACe95iUo= mute_video=0 page_count=0 first_scan_sidecar=[B@8ba5a8f suspicious_content=0 file_length=56985 media_name=null media_duration=0 chat_row_id=9 media_key=[B@88a511c
