03-12 09:43:18.626 24820 24873 E SQLiteDatabase: at android.database.sqlite.SQLiteDatabase.insertWithOnConflict(SQLiteDatabase.java:173 1)
03-12 09:43:18.626 24820 24873 E SQLiteDatabase: at android.database.sqlite.SQLiteDatabase.insert(SQLiteDatabase.java:1600)
03-12 09:43:18.626 24820 24873 E SQLiteDatabase: at X.2tm.A08(Unknown Source:6)
03-12 09:43:18.626 24820 24873 E SQLiteDatabase: at X.35Y.A07(Unknown Source:212)
03-12 09:43:18.626 24820 24873 E SQLiteDatabase: at X.3QF.A14(Unknown Source:470)
03-12 09:43:18.626 24820 24873 E SQLiteDatabase: at X.3gU.run(Unknown Source:982)
03-12 09:43:18.626 24820 24873 E SQLiteDatabase: at android.os.Handler.handleCallback(Handler.java:938)
03-12 09:43:18.626 24820 24873 E SQLiteDatabase: at android.os.Handler.dispatchMessage(Handler.java:99)
03-12 09:43:18.626 24820 24873 E SQLiteDatabase: at X.0zq.dispatchMessage(Unknown Source:4)
03-12 09:43:18.626 24820 24873 E SQLiteDatabase: at android.os.Looper.loop(Looper.java:258)
03-12 09:43:18.626 24820 24873 E SQLiteDatabase: at android.os.HandlerThread.run(HandlerThread.java:67)
03-12 09:43:18.626 24820 24873 E SQLiteDatabase: Error inserting transferred=0 media_job_uuid=42c28829-51ca-44b5-9788-3e37a92ff631 transcoded=0 gif_attribution=0 first_scan_length=5874 direct_path=/o1/v/t62.7118-24/f1/m238/up-oil-image-7eafc5c3- eda9-4a58-9d47-40c59d9e1753?ccb=9-4&oh=01_AdTXuUtfpvXx4C2ZC9NWu7sWqL- dV5PIOiu9RWgFvZ3Uhg&oe=66172887&_nc_sid=000000&_nc_hot=1710211207 thumbnail_height_width_ratio=2.25 is_animated_sticker=0 file_hash=P2XIylwImkKPy2rWcRHqOVebuiRiu/vft3ciDpzSl3k= file_path=null file_size=0 partial_media_hash=kA4kGfF2sFjM0xYaezXLb1XSXLDKa1BLeHaH2iK1HSE= face_x=0 face_y=0 height=1280 trim_to=0 media_key_timestamp=1710211165000 message_url=https://mmg.whatsapp.net/o1/v/t62.7118-24/f1/m238/up-oil-image- 7eafc5c3-eda9-4a58-9d47-40c59d9e1753?ccb=9-4&oh=01_AdTXuUtfpvXx4C2ZC9NWu7sWqL- dV5PIOiu9RWgFvZ3Uhg&oe=66172887&_nc_sid=000000&mms3=true media_caption=null trim_from=0 mime_type=image/jpeg partial_media_enc_hash=null width=571 original_file_hash=null has_streaming_sidecar=1 autotransfer_retry_enabled=1 media_upload_handle=null message_row_id=1086 multicast_id=null enc_file_hash=mq4eU+Ooq4b/MDNwjGfwy7itEktZ9P4qF7hDJAlD54g= mute_video=0 page_count=0 first_scan_sidecar=[B@959667b suspicious_content=0 file_length=67040 media_name=null media_duration=0 chat_row_id=100 media_key=[B@66c4c98
03-12 09:43:18.626 24820 24873 E SQLiteDatabase: android.database.sqlite.SQLiteConstraintException: UNIQUE constraint failed: message_media.message_row_id (code 1555 SQLITE_CONSTRAINT_PRIMARYKEY)
03-12 09:43:18.626 24820 24873 E SQLiteDatabase: at android.database.sqlite.SQLiteConnection.nativeExecuteForLastInsertedRowId(Native Method)
03-12 09:43:18.626 24820 24873 E SQLiteDatabase: at android.database.sqlite.SQLiteConnection.executeForLastInsertedRowId(SQLiteConnecti on.java:948)
03-12 09:43:18.626 24820 24873 E SQLiteDatabase: at android.database.sqlite.SQLiteSession.executeForLastInsertedRowId(SQLiteSession.jav a:790)
03-12 09:43:18.626 24820 24873 E SQLiteDatabase: at android.database.sqlite.SQLiteStatement.executeInsert(SQLiteStatement.java:88)
03-12 09:43:18.626 24820 24873 E SQLiteDatabase: at android.database.sqlite.SQLiteDatabase.insertWithOnConflict(SQLiteDatabase.java:173 1)
03-12 09:43:18.626 24820 24873 E SQLiteDatabase: at android.database.sqlite.SQLiteDatabase.insert(SQLiteDatabase.java:1600)
03-12 09:43:18.626 24820 24873 E SQLiteDatabase: at X.2tm.A08(Unknown Source:6)
03-12 09:43:18.626 24820 24873 E SQLiteDatabase: at X.35Y.A07(Unknown Source:212)
03-12 09:43:18.626 24820 24873 E SQLiteDatabase: at X.3QF.A14(Unknown Source:470)
03-12 09:43:18.626 24820 24873 E SQLiteDatabase: at X.3gU.run(Unknown Source:982)
03-12 09:43:18.626 24820 24873 E SQLiteDatabase: at android.os.Handler.handleCallback(Handler.java:938)
03-12 09:43:18.626 24820 24873 E SQLiteDatabase: at android.os.Handler.dispatchMessage(Handler.java:99)
03-12 09:43:18.626 24820 24873 E SQLiteDatabase: at X.0zq.dispatchMessage(Unknown Source:4)
03-12 09:43:18.626 24820 24873 E SQLiteDatabase: at android.os.Looper.loop(Looper.java:258)
03-12 09:43:18.626 24820 24873 E SQLiteDatabase: at android.os.HandlerThread.run(HandlerThread.java:67)
03-12 09:43:20.880 24820 24986 E Parcel : Reading a NULL string not supported here.
03-12 09:43:20.880 24820 24986 E Parcel : Reading a NULL string not supported here.
03-12 09:43:21.065 24820 24986 W CursorWindow: Window is full: requested allocation 804 bytes, free space 794 bytes, window size 2097152 bytes
03-12 09:43:21.065 24820 24986 W CursorWindow: Window is full: requested allocation 804 bytes, free space 794 bytes, window size 2097152 bytes
03-12 09:43:21.402 24820 24986 E Parcel : Reading a NULL string not supported here.
03-12 09:43:21.402 24820 24986 E Parcel : Reading a NULL string not supported here.
03-12 09:43:21.470 24820 24850 E Parcel : Reading a NULL string not supported here.
03-12 09:43:21.470 24820 24850 E Parcel : Reading a NULL string not supported here.
03-12 09:43:21.619 24820 24986 E Parcel : Reading a NULL string not supported here.
03-12 09:43:21.619 24820 24986 E Parcel : Reading a NULL string not supported here.
03-12 09:43:23.436 24820 24986 E Parcel : Reading a NULL string not supported here.
03-12 09:43:23.436 24820 24986 E Parcel : Reading a NULL string not supported here.
03-12 09:43:23.476 24820 24986 E Parcel : Reading a NULL string not supported here.
03-12 09:43:23.476 24820 24986 E Parcel : Reading a NULL string not supported here.
03-12 09:43:23.529 24820 24986 E Parcel : Reading a NULL string not supported here.
03-12 09:43:23.529 24820 24986 E Parcel : Reading a NULL string not supported here.
03-12 09:43:23.606 24820 24986 E Parcel : Reading a NULL string not supported here.
03-12 09:43:23.606 24820 24986 E Parcel : Reading a NULL string not supported here.
03-12 09:43:23.666 24820 24986 E Parcel : Reading a NULL string not supported here.
03-12 09:43:23.666 24820 24986 E Parcel : Reading a NULL string not supported here.
03-12 09:43:23.723 24820 24986 E Parcel : Reading a NULL string not supported here.
03-12 09:43:23.723 24820 24986 E Parcel : Reading a NULL string not supported here.
03-12 09:43:23.785 24820 24986 E Parcel : Reading a NULL string not supported here.
03-12 09:43:23.785 24820 24986 E Parcel : Reading a NULL string not supported here.
03-12 09:43:23.908 24820 24986 E Parcel : Reading a NULL string not supported here.
03-12 09:43:23.908 24820 24986 E Parcel : Reading a NULL string not supported here.
03-12 09:43:24.809 24820 24820 E Parcel : Reading a NULL string not supported here.
03-12 09:43:24.809 24820 24820 E Parcel : Reading a NULL string not supported here.
03-12 09:43:24.869 24820 25272 E libEGL : Invalid file path for libcolorx- loader.so
03-12 09:43:24.869 24820 25272 E libEGL : Invalid file path for libcolorx- loader.so
03-12 09:43:25.030 24820 25273 E RenderScript: Failed loading RS driver: dlopen failed: library "libRSDriver_mtk.so" not found
03-12 09:43:25.030 24820 25273 E RenderScript: Failed to load runtime libRSDriver_mtk.so, loading default
03-12 09:43:25.030 24820 25273 E RenderScript: Failed loading RS driver: dlopen failed: library "libRSDriver_mtk.so" not found
03-12 09:43:25.030 24820 25273 E RenderScript: Failed to load runtime libRSDriver_mtk.so, loading default
03-12 09:43:25.181 24820 24820 E ArmVmp : Match on catch block at 0x0a in for 0xc9
03-12 09:43:25.181 24820 24820 E ArmVmp : Match on catch block at 0x0a in for 0xc9
03-12 09:43:25.185 24820 24820 E ArmVmp : Match on catch block at 0x0a in for 0xc9
03-12 09:43:25.185 24820 24820 E ArmVmp : Match on catch block at 0x0a in for 0xc9
03-12 09:43:25.224 24820 24820 E libEGL : Invalid file path for libcolorx- loader.so
03-12 09:43:25.224 24820 24820 E libEGL : Invalid file path for libcolorx- loader.so
03-12 09:43:25.225 24820 24820 E libEGL : Invalid file path for libcolorx- loader.so
03-12 09:43:25.225 24820 24820 E libEGL : Invalid file path for libcolorx- loader.so
03-12 09:43:25.328 24820 24820 E ArmVmp : Match on catch block at 0xc3 in for 0xb5
03-12 09:43:25.328 24820 24820 E ArmVmp : Match on catch block at 0xc3 in for 0xb5
03-12 09:43:25.331 24820 24820 E ArmVmp : Match on catch block at 0xc3 in for 0xb1
03-12 09:43:25.331 24820 24820 E ArmVmp : Match on catch block at 0xc3 in for 0xb1
03-12 09:43:25.351 24820 24820 W Choreographer: Already have a pending vsync event. There should only be one at a time.
03-12 09:43:25.351 24820 24820 W Choreographer: Already have a pending vsync event. There should only be one at a time.
03-12 09:43:25.354 24820 24820 E ArmVmp : Match on catch block at 0xc3 in for 0xa9
03-12 09:43:25.354 24820 24820 E ArmVmp : Match on catch block at 0xc3 in for 0xa9
03-12 09:43:25.355 24820 24820 E ArmVmp : Match on catch block at 0xc3 in for 0xa5
03-12 09:43:25.355 24820 24820 E ArmVmp : Match on catch block at 0xc3 in for 0xa5
03-12 09:43:25.390 24820 24820 E ArmVmp : Match on catch block at 0xc3 in for 0xa9
03-12 09:43:25.390 24820 24820 E ArmVmp : Match on catch block at 0xc3 in for 0xa9
03-12 09:43:25.392 24820 24820 E ArmVmp : Match on catch block at 0xc3 in for 0xa1
03-12 09:43:25.392 24820 24820 E ArmVmp : Match on catch block at 0xc3 in for 0xa1
03-12 09:43:25.408 24820 24820 E ArmVmp : Match on catch block at 0xc3 in for 0xa1
03-12 09:43:25.408 24820 24820 E ArmVmp : Match on catch block at 0xc3 in for 0xa1
03-12 09:43:25.410 24820 24820 E ArmVmp : Match on catch block at 0xc3 in for 0xa5
03-12 09:43:25.410 24820 24820 E ArmVmp : Match on catch block at 0xc3 in for 0xa5
03-12 09:43:25.434 24820 24820 E ArmVmp : Match on catch block at 0xc3 in for 0xa1
03-12 09:43:25.434 24820 24820 E ArmVmp : Match on catch block at 0xc3 in for 0xa1
03-12 09:43:25.436 24820 24820 E ArmVmp : Match on catch block at 0xc3 in for 0xa5
03-12 09:43:25.436 24820 24820 E ArmVmp : Match on catch block at 0xc3 in for 0xa5
03-12 09:43:25.451 24820 24820 E ArmVmp : Match on catch block at 0xc3 in for 0xa1
03-12 09:43:25.451 24820 24820 E ArmVmp : Match on catch block at 0xc3 in for 0xa1
03-12 09:43:25.452 24820 24820 E ArmVmp : Match on catch block at 0xc3 in for 0xa5
03-12 09:43:25.452 24820 24820 E ArmVmp : Match on catch block at 0xc3 in for 0xa5
03-12 09:43:25.483 24820 24986 E Parcel : Reading a NULL string not supported here.
03-12 09:43:25.483 24820 24986 E Parcel : Reading a NULL string not supported here.
03-12 09:43:25.780 24820 24850 E Parcel : Reading a NULL string not supported here.
03-12 09:43:25.780 24820 24850 E Parcel : Reading a NULL string not supported here.
03-12 09:43:25.931 24820 24820 E ArmVmp : Match on catch block at 0xc3 in for 0xa9
03-12 09:43:25.931 24820 24820 E ArmVmp : Match on catch block at 0xc3 in for 0xa9
03-12 09:43:25.933 24820 24820 E ArmVmp : Match on catch block at 0xc3 in for 0xa1
03-12 09:43:25.933 24820 24820 E ArmVmp : Match on catch block at 0xc3 in for 0xa1
03-12 09:43:26.256 24820 24820 E ArmVmp : Match on catch block at 0xc3 in for 0xa5
03-12 09:43:26.256 24820 24820 E ArmVmp : Match on catch block at 0xc3 in for 0xa5
03-12 09:43:26.258 24820 24820 E ArmVmp : Match on catch block at 0xc3 in for 0xa9
03-12 09:43:26.258 24820 24820 E ArmVmp : Match on catch block at 0xc3 in for 0xa9
03-12 09:43:26.396 24820 24820 E ArmVmp : Match on catch block at 0xc3 in for 0xa1
03-12 09:43:26.396 24820 24820 E ArmVmp : Match on catch block at 0xc3 in for 0xa1
03-12 09:43:26.400 24820 24820 E ArmVmp : Match on catch block at 0xc3 in for 0xa5
03-12 09:43:26.400 24820 24820 E ArmVmp : Match on catch block at 0xc3 in for 0xa5
03-12 09:43:27.227 24820 24986 E Parcel : Reading a NULL string not supported here.
03-12 09:43:27.227 24820 24986 E Parcel : Reading a NULL string not supported here.
03-12 09:43:27.927 24820 24873 E SQLiteDatabase: Error inserting transferred=0 media_job_uuid=f6e77486-dbda-4495-8d90-4687713e7465 transcoded=0 gif_attribution=0 first_scan_length=10253 direct_path=/o1/v/t62.7118-24/f1/m231/up-oil-image- d02b7790-82bf-4401-9009-9915c219040e?ccb=9-4&oh=01_AdQ3-cMvq6k5PCn0YfsxheXZyY0H- K4xPfold-URWvuKyg&oe=661730D1&_nc_sid=000000&_nc_hot=1710211405 thumbnail_height_width_ratio=0.43055555 is_animated_sticker=0 file_hash=Sfm9Ri4PBljZGSphBdP43zH/eYB9YMSAkQ+NG7Bobp4= file_path=null file_size=0 partial_media_hash=KY6gjdO+Yz1BerDAX31ywGv4qb7lrsSbSSYkZVftSL8= face_x=0 face_y=0 height=720 trim_to=0 media_key_timestamp=1710134310000 message_url=https://mmg.whatsapp.net/o1/v/t62.7118-24/f1/m231/up-oil-image- d02b7790-82bf-4401-9009-9915c219040e?ccb=9-4&oh=01_AdQ3-cMvq6k5PCn0YfsxheXZyY0H- K4xPfold-URWvuKyg&oe=661730D1&_nc_sid=000000&mms3=true media_caption=null trim_from=0 mime_type=image/jpeg partial_media_enc_hash=null width=1600 original_file_hash=null has_streaming_sidecar=1 autotransfer_retry_enabled=1 media_upload_handle=null message_row_id=1102 multicast_id=null enc_file_hash=rUINeQla5r+MU+VUjoElK4zH/E59NpGUu17rDsbbMQ8= mute_video=0 page_count=0 first_scan_sidecar=[B@1fb02a2 suspicious_content=0 file_length=92991 media_name=null media_duration=0 chat_row_id=119 media_key=[B@df9ab33
03-12 09:43:27.927 24820 24873 E SQLiteDatabase: android.database.sqlite.SQLiteConstraintException: UNIQUE constraint failed: message_media.message_row_id (code 1555 SQLITE_CONSTRAINT_PRIMARYKEY)
03-12 09:43:27.927 24820 24873 E SQLiteDatabase: at android.database.sqlite.SQLiteConnection.nativeExecuteForLastInsertedRowId(Native Method)
03-12 09:43:27.927 24820 24873 E SQLiteDatabase: at android.database.sqlite.SQLiteConnection.executeForLastInsertedRowId(SQLiteConnecti on.java:948)
03-12 09:43:27.927 24820 24873 E SQLiteDatabase: at android.database.sqlite.SQLiteSession.executeForLastInsertedRowId(SQLiteSession.jav a:790)
03-12 09:43:27.927 24820 24873 E SQLiteDatabase: at android.database.sqlite.SQLiteStatement.executeInsert(SQLiteStatement.java:88)
03-12 09:43:27.927 24820 24873 E SQLiteDatabase: at android.database.sqlite.SQLiteDatabase.insertWithOnConflict(SQLiteDatabase.java:173 1)
03-12 09:43:27.927 24820 24873 E SQLiteDatabase: at android.database.sqlite.SQLiteDatabase.insert(SQLiteDatabase.java:1600)
03-12 09:43:27.927 24820 24873 E SQLiteDatabase: at X.2tm.A08(Unknown Source:6)
03-12 09:43:27.927 24820 24873 E SQLiteDatabase: at X.35Y.A07(Unknown Source:212)
03-12 09:43:27.927 24820 24873 E SQLiteDatabase: at X.3QF.A14(Unknown Source:470)
03-12 09:43:27.927 24820 24873 E SQLiteDatabase: at X.3gU.run(Unknown Source:982)
03-12 09:43:27.927 24820 24873 E SQLiteDatabase: at android.os.Handler.handleCallback(Handler.java:938)
03-12 09:43:27.927 24820 24873 E SQLiteDatabase: at android.os.Handler.dispatchMessage(Handler.java:99)
03-12 09:43:27.927 24820 24873 E SQLiteDatabase: at X.0zq.dispatchMessage(Unknown Source:4)
03-12 09:43:27.927 24820 24873 E SQLiteDatabase: at android.os.Looper.loop(Looper.java:258)
03-12 09:43:27.927 24820 24873 E SQLiteDatabase: at android.os.HandlerThread.run(HandlerThread.java:67)
03-12 09:43:27.927 24820 24873 E SQLiteDatabase: Error inserting transferred=0 media_job_uuid=f6e77486-dbda-4495-8d90-4687713e7465 transcoded=0 gif_attribution=0 first_scan_length=10253 direct_path=/o1/v/t62.7118-24/f1/m231/up-oil-image- d02b7790-82bf-4401-9009-9915c219040e?ccb=9-4&oh=01_AdQ3-cMvq6k5PCn0YfsxheXZyY0H- K4xPfold-URWvuKyg&oe=661730D1&_nc_sid=000000&_nc_hot=1710211405 thumbnail_height_width_ratio=0.43055555 is_animated_sticker=0 file_hash=Sfm9Ri4PBljZGSphBdP43zH/eYB9YMSAkQ+NG7Bobp4= file_path=null file_size=0 partial_media_hash=KY6gjdO+Yz1BerDAX31ywGv4qb7lrsSbSSYkZVftSL8= face_x=0 face_y=0 height=720 trim_to=0 media_key_timestamp=1710134310000 message_url=https://mmg.whatsapp.net/o1/v/t62.7118-24/f1/m231/up-oil-image- d02b7790-82bf-4401-9009-9915c219040e?ccb=9-4&oh=01_AdQ3-cMvq6k5PCn0YfsxheXZyY0H- K4xPfold-URWvuKyg&oe=661730D1&_nc_sid=000000&mms3=true media_caption=null trim_from=0 mime_type=image/jpeg partial_media_enc_hash=null width=1600 original_file_hash=null has_streaming_sidecar=1 autotransfer_retry_enabled=1 media_upload_handle=null message_row_id=1102 multicast_id=null enc_file_hash=rUINeQla5r+MU+VUjoElK4zH/E59NpGUu17rDsbbMQ8= mute_video=0 page_count=0 first_scan_sidecar=[B@1fb02a2 suspicious_content=0 file_length=92991 media_name=null media_duration=0 chat_row_id=119 media_key=[B@df9ab33
03-12 09:43:27.927 24820 24873 E SQLiteDatabase: android.database.sqlite.SQLiteConstraintException: UNIQUE constraint failed: message_media.message_row_id (code 1555 SQLITE_CONSTRAINT_PRIMARYKEY)
03-12 09:43:27.927 24820 24873 E SQLiteDatabase: at android.database.sqlite.SQLiteConnection.nativeExecuteForLastInsertedRowId(Native Method)
03-12 09:43:27.927 24820 24873 E SQLiteDatabase: at android.database.sqlite.SQLiteConnection.executeForLastInsertedRowId(SQLiteConnecti on.java:948)
03-12 09:43:27.927 24820 24873 E SQLiteDatabase: at android.database.sqlite.SQLiteSession.executeForLastInsertedRowId(SQLiteSession.jav a:790)
03-12 09:43:27.927 24820 24873 E SQLiteDatabase: at android.database.sqlite.SQLiteStatement.executeInsert(SQLiteStatement.java:88)
03-12 09:43:27.927 24820 24873 E SQLiteDatabase: at android.database.sqlite.SQLiteDatabase.insertWithOnConflict(SQLiteDatabase.java:173 1)
03-12 09:43:27.927 24820 24873 E SQLiteDatabase: at android.database.sqlite.SQLiteDatabase.insert(SQLiteDatabase.java:1600)
03-12 09:43:27.927 24820 24873 E SQLiteDatabase: at X.2tm.A08(Unknown Source:6)
03-12 09:43:27.927 24820 24873 E SQLiteDatabase: at X.35Y.A07(Unknown Source:212)
03-12 09:43:27.927 24820 24873 E SQLiteDatabase: at X.3QF.A14(Unknown Source:470)
03-12 09:43:27.927 24820 24873 E SQLiteDatabase: at X.3gU.run(Unknown Source:982)
03-12 09:43:27.927 24820 24873 E SQLiteDatabase: at android.os.Handler.handleCallback(Handler.java:938)
03-12 09:43:27.927 24820 24873 E SQLiteDatabase: at android.os.Handler.dispatchMessage(Handler.java:99)
03-12 09:43:27.927 24820 24873 E SQLiteDatabase: at X.0zq.dispatchMessage(Unknown Source:4)
03-12 09:43:27.927 24820 24873 E SQLiteDatabase: at android.os.Looper.loop(Looper.java:258)
03-12 09:43:27.927 24820 24873 E SQLiteDatabase: at android.os.HandlerThread.run(HandlerThread.java:67)
03-12 09:43:28.081 24820 24820 E Parcel : Reading a NULL string not supported here.
03-12 09:43:28.081 24820 24820 E Parcel : Reading a NULL string not supported here.
03-12 09:43:28.109 24820 25301 E libEGL : Invalid file path for libcolorx- loader.so
03-12 09:43:28.109 24820 25301 E libEGL : Invalid file path for libcolorx- loader.so
03-12 09:43:28.178 24820 24820 E libEGL : Invalid file path for libcolorx- loader.so
03-12 09:43:28.178 24820 24820 E libEGL : Invalid file path for libcolorx- loader.so
03-12 09:43:28.179 24820 24820 E libEGL : Invalid file path for libcolorx- loader.so
03-12 09:43:28.179 24820 24820 E libEGL : Invalid file path for libcolorx- loader.so
03-12 09:43:28.242 24820 24820 W Choreographer: Already have a pending vsync event. There should only be one at a time.
03-12 09:43:28.242 24820 24820 W Choreographer: Already have a pending vsync event. There should only be one at a time.
03-12 09:43:28.684 24820 24986 E Parcel : Reading a NULL string not supported here.
03-12 09:43:28.684 24820 24986 E Parcel : Reading a NULL string not supported here.
03-12 09:43:29.773 24820 24820 E Parcel : Reading a NULL string not supported here.
03-12 09:43:29.773 24820 24820 E Parcel : Reading a NULL string not supported here.
03-12 09:43:29.797 24820 25313 E libEGL : Invalid file path for libcolorx- loader.so
03-12 09:43:29.797 24820 25313 E libEGL : Invalid file path for libcolorx- loader.so
03-12 09:43:29.900 24820 24820 W ResourceType: Bad XML block: header size 18254 or total size 169478669 is larger than data size 231
03-12 09:43:29.900 24820 24820 W ResourceType: Bad XML block: header size 18254 or total size 169478669 is larger than data size 231
03-12 09:43:29.904 24820 24820 W ResourceType: Bad XML block: header size 18254 or total size 169478669 is larger than data size 265
03-12 09:43:29.904 24820 24820 W ResourceType: Bad XML block: header size 18254 or total size 169478669 is larger than data size 265
03-12 09:43:29.917 24820 24820 W ResourceType: Bad XML block: header size 18254 or total size 169478669 is larger than data size 376
03-12 09:43:29.917 24820 24820 W ResourceType: Bad XML block: header size 18254 or total size 169478669 is larger than data size 376
03-12 09:43:29.920 24820 24820 W ResourceType: Bad XML block: header size 18254 or total size 169478669 is larger than data size 168
03-12 09:43:29.920 24820 24820 W ResourceType: Bad XML block: header size 18254 or total size 169478669 is larger than data size 168
03-12 09:43:29.927 24820 24820 W ResourceType: Bad XML block: header size 18254 or total size 169478669 is larger than data size 571
03-12 09:43:29.927 24820 24820 W ResourceType: Bad XML block: header size 18254 or total size 169478669 is larger than data size 571
03-12 09:43:29.935 24820 24820 W ResourceType: Bad XML block: header size 18254 or total size 169478669 is larger than data size 193
03-12 09:43:29.935 24820 24820 W ResourceType: Bad XML block: header size 18254 or total size 169478669 is larger than data size 193
03-12 09:43:29.939 24820 24820 W ResourceType: Bad XML block: header size 18254 or total size 169478669 is larger than data size 363
03-12 09:43:29.939 24820 24820 W ResourceType: Bad XML block: header size 18254 or total size 169478669 is larger than data size 363
03-12 09:43:29.944 24820 24820 W ResourceType: Bad XML block: header size 18254 or total size 169478669 is larger than data size 630
03-12 09:43:29.944 24820 24820 W ResourceType: Bad XML block: header size 18254 or total size 169478669 is larger than data size 630
03-12 09:43:29.948 24820 24820 W ResourceType: Bad XML block: header size 18254 or total size 169478669 is larger than data size 313
03-12 09:43:29.948 24820 24820 W ResourceType: Bad XML block: header size 18254 or total size 169478669 is larger than data size 313
03-12 09:43:29.951 24820 24820 W ResourceType: Bad XML block: header size 18254 or total size 169478669 is larger than data size 630
03-12 09:43:29.951 24820 24820 W ResourceType: Bad XML block: header size 18254 or total size 169478669 is larger than data size 630
03-12 09:43:29.956 24820 24820 W ResourceType: Bad XML block: header size 18254 or total size 169478669 is larger than data size 457
03-12 09:43:29.956 24820 24820 W ResourceType: Bad XML block: header size 18254 or total size 169478669 is larger than data size 457
03-12 09:43:29.960 24820 24820 W ResourceType: Bad XML block: header size 18254 or total size 169478669 is larger than data size 343
03-12 09:43:29.960 24820 24820 W ResourceType: Bad XML block: header size 18254 or total size 169478669 is larger than data size 343
03-12 09:43:29.968 24820 24820 W ResourceType: Bad XML block: header size 18254 or total size 169478669 is larger than data size 589
03-12 09:43:29.968 24820 24820 W ResourceType: Bad XML block: header size 18254 or total size 169478669 is larger than data size 589
03-12 09:43:29.971 24820 24820 W ResourceType: Bad XML block: header size 18254 or total size 169478669 is larger than data size 293
03-12 09:43:29.971 24820 24820 W ResourceType: Bad XML block: header size 18254 or total size 169478669 is larger than data size 293
03-12 09:43:29.994 24820 24820 W ResourceType: Bad XML block: header size 18254 or total size 169478669 is larger than data size 547
03-12 09:43:29.994 24820 24820 W ResourceType: Bad XML block: header size 18254 or total size 169478669 is larger than data size 547
03-12 09:43:30.012 24820 24986 E Parcel : Reading a NULL string not supported here.
03-12 09:43:30.012 24820 24986 E Parcel : Reading a NULL string not supported here.
03-12 09:43:30.020 24820 24984 E Parcel : Reading a NULL string not supported here.
03-12 09:43:30.020 24820 24984 E Parcel : Reading a NULL string not supported here.
03-12 09:43:30.036 24820 24984 E Parcel : Reading a NULL string not supported here.
03-12 09:43:30.036 24820 24984 E Parcel : Reading a NULL string not supported here.
03-12 09:43:30.049 24820 24820 W ResourceType: Bad XML block: header size 18254 or total size 169478669 is larger than data size 363
03-12 09:43:30.049 24820 24820 W ResourceType: Bad XML block: header size 18254 or total size 169478669 is larger than data size 363
03-12 09:43:30.064 24820 24820 E libEGL : Invalid file path for libcolorx- loader.so
03-12 09:43:30.064 24820 24820 E libEGL : Invalid file path for libcolorx- loader.so
03-12 09:43:30.064 24820 24820 E libEGL : Invalid file path for libcolorx- loader.so
03-12 09:43:30.064 24820 24820 E libEGL : Invalid file path for libcolorx- loader.so
03-12 09:43:30.133 24820 24820 W Choreographer: Already have a pending vsync event. There should only be one at a time.
03-12 09:43:30.133 24820 24820 W Choreographer: Already have a pending vsync event. There should only be one at a time.
03-12 09:43:30.209 24820 24820 W Choreographer: Already have a pending vsync event. There should only be one at a time.
03-12 09:43:30.209 24820 24820 W Choreographer: Already have a pending vsync event. There should only be one at a time.
03-12 09:43:31.322 24820 24986 E Parcel : Reading a NULL string not supported here.
03-12 09:43:31.322 24820 24986 E Parcel : Reading a NULL string not supported here.
03-12 09:43:33.372 24820 24986 E Parcel : Reading a NULL string not supported here.
03-12 09:43:33.372 24820 24986 E Parcel : Reading a NULL string not supported here.
03-12 09:43:34.245 24820 24986 E Parcel : Reading a NULL string not supported here.
03-12 09:43:34.245 24820 24986 E Parcel : Reading a NULL string not supported here.
03-12 09:43:35.458 24820 24986 E Parcel : Reading a NULL string not supported here.
03-12 09:43:35.458 24820 24986 E Parcel : Reading a NULL string not supported here.
03-12 09:43:36.810 24820 24986 E Parcel : Reading a NULL string not supported here.
03-12 09:43:36.810 24820 24986 E Parcel : Reading a NULL string not supported here.
03-12 09:43:38.508 24820 24986 E Parcel : Reading a NULL string not supported here.
03-12 09:43:38.508 24820 24986 E Parcel : Reading a NULL string not supported here.
03-12 09:43:39.851 24820 24986 E Parcel : Reading a NULL string not supported here.
03-12 09:43:39.851 24820 24986 E Parcel : Reading a NULL string not supported here.
03-12 09:43:39.905 24820 24850 E Parcel : Reading a NULL string not supported here.
03-12 09:43:39.905 24820 24850 E Parcel : Reading a NULL string not supported here.
03-12 09:43:40.299 24820 24820 E Parcel : Reading a NULL string not supported here.
03-12 09:43:40.299 24820 24820 E Parcel : Reading a NULL string not supported here.
03-12 09:43:40.329 24820 25435 E libEGL : Invalid file path for libcolorx- loader.so
03-12 09:43:40.329 24820 25435 E libEGL : Invalid file path for libcolorx- loader.so
03-12 09:43:40.394 24820 24820 E libEGL : Invalid file path for libcolorx- loader.so
03-12 09:43:40.394 24820 24820 E libEGL : Invalid file path for libcolorx- loader.so
03-12 09:43:40.394 24820 24820 E libEGL : Invalid file path for libcolorx- loader.so
03-12 09:43:40.394 24820 24820 E libEGL : Invalid file path for libcolorx- loader.so
03-12 09:43:41.008 24820 24820 W Choreographer: Already have a pending vsync event. There should only be one at a time.
03-12 09:43:41.008 24820 24820 W Choreographer: Already have a pending vsync event. There should only be one at a time.
03-12 09:43:41.161 24820 24986 E Parcel : Reading a NULL string not supported here.
03-12 09:43:41.161 24820 24986 E Parcel : Reading a NULL string not supported here.
03-12 09:43:42.890 24820 24986 E Parcel : Reading a NULL string not supported here.
03-12 09:43:42.890 24820 24986 E Parcel : Reading a NULL string not supported here.
03-12 09:43:43.285 24820 24820 E Parcel : Reading a NULL string not supported here.
03-12 09:43:43.285 24820 24820 E Parcel : Reading a NULL string not supported here.
03-12 09:43:43.314 24820 25439 E libEGL : Invalid file path for libcolorx- loader.so
03-12 09:43:43.314 24820 25439 E libEGL : Invalid file path for libcolorx- loader.so
03-12 09:43:43.472 24820 24820 E ArmVmp : Match on catch block at 0x0a in for 0xc5
03-12 09:43:43.472 24820 24820 E ArmVmp : Match on catch block at 0x0a in for 0xc5
03-12 09:43:43.474 24820 24820 E ArmVmp : Match on catch block at 0x0a in for 0xc1
03-12 09:43:43.474 24820 24820 E ArmVmp : Match on catch block at 0x0a in for 0xc1
03-12 09:43:43.539 24820 24820 E libEGL : Invalid file path for libcolorx- loader.so
03-12 09:43:43.539 24820 24820 E libEGL : Invalid file path for libcolorx- loader.so
03-12 09:43:43.539 24820 24820 E libEGL : Invalid file path for libcolorx- loader.so
03-12 09:43:43.539 24820 24820 E libEGL : Invalid file path for libcolorx- loader.so
03-12 09:43:43.560 24820 24820 E libEGL : Invalid file path for libcolorx- loader.so
03-12 09:43:43.560 24820 24820 E libEGL : Invalid file path for libcolorx- loader.so
03-12 09:43:43.561 24820 24820 E libEGL : Invalid file path for libcolorx- loader.so
03-12 09:43:43.561 24820 24820 E libEGL : Invalid file path for libcolorx- loader.so
03-12 09:43:43.798 24820 24820 W MessageThumbsTh: type=1400 audit(0.0:38629): avc: denied { search } for name="ppm" dev="proc" ino=4026531970 scontext=u:r:untrusted_app:s0:c151,c257,c512,c768 tcontext=u:object_r:proc_ppm:s0 tclass=dir permissive=0 app=com.whatsapp
03-12 09:43:43.798 24820 24820 W MessageThumbsTh: type=1400 audit(0.0:38629): avc: denied { search } for name="ppm" dev="proc" ino=4026531970 scontext=u:r:untrusted_app:s0:c151,c257,c512,c768 tcontext=u:object_r:proc_ppm:s0 tclass=dir permissive=0 app=com.whatsapp
03-12 09:43:43.802 24820 24820 W MessageThumbsTh: type=1400 audit(0.0:38630): avc: denied { search } for name="ppm" dev="proc" ino=4026531970 scontext=u:r:untrusted_app:s0:c151,c257,c512,c768 tcontext=u:object_r:proc_ppm:s0 tclass=dir permissive=0 app=com.whatsapp
03-12 09:43:43.802 24820 24820 W MessageThumbsTh: type=1400 audit(0.0:38630): avc: denied { search } for name="ppm" dev="proc" ino=4026531970 scontext=u:r:untrusted_app:s0:c151,c257,c512,c768 tcontext=u:object_r:proc_ppm:s0 tclass=dir permissive=0 app=com.whatsapp
03-12 09:43:43.867 24820 24820 E ArmVmp : Match on catch block at 0xc3 in for 0xb9
03-12 09:43:43.867 24820 24820 E ArmVmp : Match on catch block at 0xc3 in for 0xb9
03-12 09:43:43.871 24820 24820 E ArmVmp : Match on catch block at 0xc3 in for 0xb9
03-12 09:43:43.871 24820 24820 E ArmVmp : Match on catch block at 0xc3 in for 0xb9
03-12 09:43:43.875 24820 24820 E ArmVmp : Match on catch block at 0xc3 in for 0xb9
03-12 09:43:43.875 24820 24820 E ArmVmp : Match on catch block at 0xc3 in for 0xb9
03-12 09:43:43.906 24820 24820 W Choreographer: Already have a pending vsync event. There should only be one at a time.
03-12 09:43:43.906 24820 24820 W Choreographer: Already have a pending vsync event. There should only be one at a time.
03-12 09:43:43.938 24820 24820 E ArmVmp : Match on catch block at 0xc3 in for 0xa5
03-12 09:43:43.938 24820 24820 E ArmVmp : Match on catch block at 0xc3 in for 0xa5
03-12 09:43:43.941 24820 24820 E ArmVmp : Match on catch block at 0xc3 in for 0xa9
03-12 09:43:43.941 24820 24820 E ArmVmp : Match on catch block at 0xc3 in for 0xa9
03-12 09:43:43.943 24820 24820 E ArmVmp : Match on catch block at 0xc3 in for 0xa9
03-12 09:43:43.951 24820 24820 E ArmVmp : Match on catch block at 0xc3 in for 0xa1
03-12 09:43:43.943 24820 24820 E ArmVmp : Match on catch block at 0xc3 in for 0xa9
03-12 09:43:43.951 24820 24820 E ArmVmp : Match on catch block at 0xc3 in for 0xa1
03-12 09:43:43.955 24820 24820 E ArmVmp : Match on catch block at 0xc3 in for 0xa5
03-12 09:43:43.955 24820 24820 E ArmVmp : Match on catch block at 0xc3 in for 0xa5
03-12 09:43:43.959 24820 24820 E ArmVmp : Match on catch block at 0xc3 in for 0xa5
03-12 09:43:43.959 24820 24820 E ArmVmp : Match on catch block at 0xc3 in for 0xa5
03-12 09:43:44.000 24820 24820 E ArmVmp : Match on catch block at 0xc3 in for 0xa5
03-12 09:43:44.000 24820 24820 E ArmVmp : Match on catch block at 0xc3 in for 0xa5
03-12 09:43:44.003 24820 24820 E ArmVmp : Match on catch block at 0xc3 in for 0xa9
03-12 09:43:44.003 24820 24820 E ArmVmp : Match on catch block at 0xc3 in for 0xa9
03-12 09:43:44.007 24820 24820 E ArmVmp : Match on catch block at 0xc3 in for 0xa9
03-12 09:43:44.007 24820 24820 E ArmVmp : Match on catch block at 0xc3 in for 0xa9
03-12 09:43:44.455 24820 24820 E ArmVmp : Match on catch block at 0xc3 in for 0xa1
03-12 09:43:44.455 24820 24820 E ArmVmp : Match on catch block at 0xc3 in for 0xa1
03-12 09:43:44.457 24820 24820 E ArmVmp : Match on catch block at 0xc3 in for 0xa5
03-12 09:43:44.457 24820 24820 E ArmVmp : Match on catch block at 0xc3 in for 0xa5
03-12 09:43:44.462 24820 24820 E ArmVmp : Match on catch block at 0xc3 in for 0xa5
03-12 09:43:44.462 24820 24820 E ArmVmp : Match on catch block at 0xc3 in for 0xa5
03-12 09:43:44.464 24820 24986 E Parcel : Reading a NULL string not supported here.
03-12 09:43:44.464 24820 24986 E Parcel : Reading a NULL string not supported here.
03-12 09:43:44.483 24820 24820 E ArmVmp : Match on catch block at 0xc3 in for 0xa9
03-12 09:43:44.483 24820 24820 E ArmVmp : Match on catch block at 0xc3 in for 0xa9
03-12 09:43:44.487 24820 24820 E ArmVmp : Match on catch block at 0xc3 in for 0xa1
03-12 09:43:44.487 24820 24820 E ArmVmp : Match on catch block at 0xc3 in for 0xa1
03-12 09:43:44.491 24820 24820 E ArmVmp : Match on catch block at 0xc3 in for 0xa1
03-12 09:43:44.491 24820 24820 E ArmVmp : Match on catch block at 0xc3 in for 0xa1
03-12 09:43:44.579 24820 24820 E ArmVmp : Match on catch block at 0xc3 in for 0xa1
03-12 09:43:44.579 24820 24820 E ArmVmp : Match on catch block at 0xc3 in for 0xa1
03-12 09:43:44.584 24820 24820 E ArmVmp : Match on catch block at 0xc3 in for 0xa5
03-12 09:43:44.603 24820 24820 E ArmVmp : Match on catch block at 0xc3 in for 0xa5
03-12 09:43:44.584 24820 24820 E ArmVmp : Match on catch block at 0xc3 in for 0xa5
03-12 09:43:44.603 24820 24820 E ArmVmp : Match on catch block at 0xc3 in for 0xa5
03-12 09:43:45.030 24820 24820 E ArmVmp : Match on catch block at 0xc3 in for 0xa1
03-12 09:43:45.030 24820 24820 E ArmVmp : Match on catch block at 0xc3 in for 0xa1
03-12 09:43:45.032 24820 24820 E ArmVmp : Match on catch block at 0xc3 in for 0xa5
03-12 09:43:45.032 24820 24820 E ArmVmp : Match on catch block at 0xc3 in for 0xa5
03-12 09:43:45.034 24820 24820 E ArmVmp : Match on catch block at 0xc3 in for 0xa5
03-12 09:43:45.034 24820 24820 E ArmVmp : Match on catch block at 0xc3 in for 0xa5
03-12 09:43:45.161 24820 24820 E ArmVmp : Match on catch block at 0xc3 in for 0xa9
03-12 09:43:45.161 24820 24820 E ArmVmp : Match on catch block at 0xc3 in for 0xa9
03-12 09:43:45.163 24820 24820 E ArmVmp : Match on catch block at 0xc3 in for 0xa1
03-12 09:43:45.163 24820 24820 E ArmVmp : Match on catch block at 0xc3 in for 0xa1
03-12 09:43:45.166 24820 24820 E ArmVmp : Match on catch block at 0xc3 in for 0xa1
03-12 09:43:45.166 24820 24820 E ArmVmp : Match on catch block at 0xc3 in for 0xa1
03-12 09:43:45.539 24820 24820 E ArmVmp : Match on catch block at 0xc3 in for 0xa5
03-12 09:43:45.539 24820 24820 E ArmVmp : Match on catch block at 0xc3 in for 0xa5
03-12 09:43:45.542 24820 24820 E ArmVmp : Match on catch block at 0xc3 in for 0xa9
03-12 09:43:45.542 24820 24820 E ArmVmp : Match on catch block at 0xc3 in for 0xa9
03-12 09:43:45.545 24820 24820 E ArmVmp : Match on catch block at 0xc3 in for 0xa9
03-12 09:43:45.545 24820 24820 E ArmVmp : Match on catch block at 0xc3 in for 0xa9
03-12 09:43:45.649 24820 24820 E ArmVmp : Match on catch block at 0xc3 in for 0xa1
03-12 09:43:45.649 24820 24820 E ArmVmp : Match on catch block at 0xc3 in for 0xa1
03-12 09:43:45.652 24820 24820 E ArmVmp : Match on catch block at 0xc3 in for 0xa5
03-12 09:43:45.652 24820 24820 E ArmVmp : Match on catch block at 0xc3 in for 0xa5
03-12 09:43:45.656 24820 24820 E ArmVmp : Match on catch block at 0xc3 in for 0xa5
03-12 09:43:45.656 24820 24820 E ArmVmp : Match on catch block at 0xc3 in for 0xa5
03-12 09:43:46.038 24820 24820 W MessageThumbsTh: type=1400 audit(0.0:38631): avc: denied { search } for name="ppm" dev="proc" ino=4026531970 scontext=u:r:untrusted_app:s0:c151,c257,c512,c768 tcontext=u:object_r:proc_ppm:s0 tclass=dir permissive=0 app=com.whatsapp
03-12 09:43:46.038 24820 24820 W MessageThumbsTh: type=1400 audit(0.0:38631): avc: denied { search } for name="ppm" dev="proc" ino=4026531970 scontext=u:r:untrusted_app:s0:c151,c257,c512,c768 tcontext=u:object_r:proc_ppm:s0 tclass=dir permissive=0 app=com.whatsapp
03-12 09:43:46.042 24820 24820 W MessageThumbsTh: type=1400 audit(0.0:38632): avc: denied { search } for name="ppm" dev="proc" ino=4026531970 scontext=u:r:untrusted_app:s0:c151,c257,c512,c768 tcontext=u:object_r:proc_ppm:s0 tclass=dir permissive=0 app=com.whatsapp
03-12 09:43:46.042 24820 24820 W MessageThumbsTh: type=1400 audit(0.0:38632): avc: denied { search } for name="ppm" dev="proc" ino=4026531970 scontext=u:r:untrusted_app:s0:c151,c257,c512,c768 tcontext=u:object_r:proc_ppm:s0 tclass=dir permissive=0 app=com.whatsapp
03-12 09:43:46.159 24820 24820 E ArmVmp : Match on catch block at 0xc3 in for 0xa9
03-12 09:43:46.159 24820 24820 E ArmVmp : Match on catch block at 0xc3 in for 0xa9
03-12 09:43:46.162 24820 24820 E ArmVmp : Match on catch block at 0xc3 in for 0xa1
03-12 09:43:46.162 24820 24820 E ArmVmp : Match on catch block at 0xc3 in for 0xa1
03-12 09:43:46.207 24820 24820 E ArmVmp : Match on catch block at 0xc3 in for 0xa1
03-12 09:43:46.207 24820 24820 E ArmVmp : Match on catch block at 0xc3 in for 0xa1
03-12 09:43:46.211 24820 24820 E ArmVmp : Match on catch block at 0xc3 in for 0xa5
03-12 09:43:46.211 24820 24820 E ArmVmp : Match on catch block at 0xc3 in for 0xa5
03-12 09:43:46.235 24820 24820 E ArmVmp : Match on catch block at 0xc3 in for 0xa9
03-12 09:43:46.235 24820 24820 E ArmVmp : Match on catch block at 0xc3 in for 0xa9
03-12 09:43:46.240 24820 24820 E ArmVmp : Match on catch block at 0xc3 in for 0xa1
03-12 09:43:46.240 24820 24820 E ArmVmp : Match on catch block at 0xc3 in for 0xa1
03-12 09:43:46.254 24820 24820 E ArmVmp : Match on catch block at 0xc3 in for 0xa9
03-12 09:43:46.254 24820 24820 E ArmVmp : Match on catch block at 0xc3 in for 0xa9
03-12 09:43:46.260 24820 24820 E ArmVmp : Match on catch block at 0xc3 in for 0xa1
03-12 09:43:46.260 24820 24820 E ArmVmp : Match on catch block at 0xc3 in for 0xa1
03-12 09:43:46.472 24820 24986 E Parcel : Reading a NULL string not supported here.
03-12 09:43:46.472 24820 24986 E Parcel : Reading a NULL string not supported here.
03-12 09:43:46.707 24820 24820 E ArmVmp : Match on catch block at 0xc3 in for 0xa5
03-12 09:43:46.707 24820 24820 E ArmVmp : Match on catch block at 0xc3 in for 0xa5
03-12 09:43:46.711 24820 24820 E ArmVmp : Match on catch block at 0xc3 in for 0xa9
03-12 09:43:46.711 24820 24820 E ArmVmp : Match on catch block at 0xc3 in for 0xa9
03-12 09:43:47.211 24820 24820 E ArmVmp : Match on catch block at 0xc3 in for 0xa5
03-12 09:43:47.211 24820 24820 E ArmVmp : Match on catch block at 0xc3 in for 0xa5
03-12 09:43:47.215 24820 24820 E ArmVmp : Match on catch block at 0xc3 in for 0xa9
03-12 09:43:47.215 24820 24820 E ArmVmp : Match on catch block at 0xc3 in for 0xa9
03-12 09:43:47.700 24820 24820 E ArmVmp : Match on catch block at 0xc3 in for 0xa5
03-12 09:43:47.700 24820 24820 E ArmVmp : Match on catch block at 0xc3 in for 0xa5
03-12 09:43:47.703 24820 24820 E ArmVmp : Match on catch block at 0xc3 in for 0xa9
03-12 09:43:47.703 24820 24820 E ArmVmp : Match on catch block at 0xc3 in for 0xa9
03-12 09:43:47.717 24820 24820 E ArmVmp : Match on catch block at 0xc3 in for 0xa1
03-12 09:43:47.717 24820 24820 E ArmVmp : Match on catch block at 0xc3 in for 0xa1
03-12 09:43:47.720 24820 24820 E ArmVmp : Match on catch block at 0xc3 in for 0xa5
03-12 09:43:47.720 24820 24820 E ArmVmp : Match on catch block at 0xc3 in for 0xa5
03-12 09:43:47.731 24820 24820 E ArmVmp : Match on catch block at 0xc3 in for 0xa5
03-12 09:43:47.731 24820 24820 E ArmVmp : Match on catch block at 0xc3 in for 0xa5
03-12 09:43:47.734 24820 24820 E ArmVmp : Match on catch block at 0xc3 in for 0xa9
03-12 09:43:47.734 24820 24820 E ArmVmp : Match on catch block at 0xc3 in for 0xa9
03-12 09:43:47.745 24820 24820 E ArmVmp : Match on catch block at 0xc3 in for 0xa9
03-12 09:43:47.745 24820 24820 E ArmVmp : Match on catch block at 0xc3 in for 0xa9
03-12 09:43:47.747 24820 24820 E ArmVmp : Match on catch block at 0xc3 in for 0xa1
03-12 09:43:47.747 24820 24820 E ArmVmp : Match on catch block at 0xc3 in for 0xa1
03-12 09:43:47.764 24820 24820 E ArmVmp : Match on catch block at 0xc3 in for 0xa1
03-12 09:43:47.764 24820 24820 E ArmVmp : Match on catch block at 0xc3 in for 0xa1
03-12 09:43:47.767 24820 24820 E ArmVmp : Match on catch block at 0xc3 in for 0xa5
03-12 09:43:47.767 24820 24820 E ArmVmp : Match on catch block at 0xc3 in for 0xa5
03-12 09:43:47.782 24820 24820 E ArmVmp : Match on catch block at 0xc3 in for 0xa5
03-12 09:43:47.782 24820 24820 E ArmVmp : Match on catch block at 0xc3 in for 0xa5
03-12 09:43:47.785 24820 24820 E ArmVmp : Match on catch block at 0xc3 in for 0xa9
03-12 09:43:47.785 24820 24820 E ArmVmp : Match on catch block at 0xc3 in for 0xa9
03-12 09:43:47.799 24820 24820 E ArmVmp : Match on catch block at 0xc3 in for 0xa9
03-12 09:43:47.802 24820 24820 E ArmVmp : Match on catch block at 0xc3 in for 0xa1
03-12 09:43:47.799 24820 24820 E ArmVmp : Match on catch block at 0xc3 in for 0xa9
03-12 09:43:47.802 24820 24820 E ArmVmp : Match on catch block at 0xc3 in for 0xa1
03-12 09:43:47.815 24820 24820 E ArmVmp : Match on catch block at 0xc3 in for 0xa1
03-12 09:43:47.815 24820 24820 E ArmVmp : Match on catch block at 0xc3 in for 0xa1
03-12 09:43:47.818 24820 24820 E ArmVmp : Match on catch block at 0xc3 in for 0xa5
03-12 09:43:47.818 24820 24820 E ArmVmp : Match on catch block at 0xc3 in for 0xa5
03-12 09:43:47.833 24820 24820 E ArmVmp : Match on catch block at 0xc3 in for 0xa5
03-12 09:43:47.836 24820 24820 E ArmVmp : Match on catch block at 0xc3 in for 0xa9
03-12 09:43:47.833 24820 24820 E ArmVmp : Match on catch block at 0xc3 in for 0xa5
03-12 09:43:47.836 24820 24820 E ArmVmp : Match on catch block at 0xc3 in for 0xa9
03-12 09:43:47.850 24820 24820 E ArmVmp : Match on catch block at 0xc3 in for 0xa9
03-12 09:43:47.850 24820 24820 E ArmVmp : Match on catch block at 0xc3 in for 0xa9
03-12 09:43:47.852 24820 24820 E ArmVmp : Match on catch block at 0xc3 in for 0xa1
03-12 09:43:47.852 24820 24820 E ArmVmp : Match on catch block at 0xc3 in for 0xa1
03-12 09:43:47.867 24820 24820 E ArmVmp : Match on catch block at 0xc3 in for 0xa5
03-12 09:43:47.867 24820 24820 E ArmVmp : Match on catch block at 0xc3 in for 0xa5
03-12 09:43:47.871 24820 24820 E ArmVmp : Match on catch block at 0xc3 in for 0xa9
03-12 09:43:47.871 24820 24820 E ArmVmp : Match on catch block at 0xc3 in for 0xa9
03-12 09:43:47.883 24820 24820 E ArmVmp : Match on catch block at 0xc3 in for 0xa1
03-12 09:43:47.883 24820 24820 E ArmVmp : Match on catch block at 0xc3 in for 0xa1
03-12 09:43:47.887 24820 24820 E ArmVmp : Match on catch block at 0xc3 in for 0xa5
03-12 09:43:47.887 24820 24820 E ArmVmp : Match on catch block at 0xc3 in for 0xa5
03-12 09:43:47.900 24820 24820 E ArmVmp : Match on catch block at 0xc3 in for 0xa9
03-12 09:43:47.900 24820 24820 E ArmVmp : Match on catch block at 0xc3 in for 0xa9
03-12 09:43:47.904 24820 24820 E ArmVmp : Match on catch block at 0xc3 in for 0xa1
03-12 09:43:47.904 24820 24820 E ArmVmp : Match on catch block at 0xc3 in for 0xa1
03-12 09:43:47.916 24820 24820 E ArmVmp : Match on catch block at 0xc3 in for 0xa5
03-12 09:43:47.916 24820 24820 E ArmVmp : Match on catch block at 0xc3 in for 0xa5
03-12 09:43:47.920 24820 24820 E ArmVmp : Match on catch block at 0xc3 in for 0xa9
03-12 09:43:47.920 24820 24820 E ArmVmp : Match on catch block at 0xc3 in for 0xa9
03-12 09:43:47.933 24820 24820 E ArmVmp : Match on catch block at 0xc3 in for 0xa1
03-12 09:43:47.933 24820 24820 E ArmVmp : Match on catch block at 0xc3 in for 0xa1
03-12 09:43:47.938 24820 24820 E ArmVmp : Match on catch block at 0xc3 in for 0xa5
03-12 09:43:47.938 24820 24820 E ArmVmp : Match on catch block at 0xc3 in for 0xa5
03-12 09:43:47.950 24820 24820 E ArmVmp : Match on catch block at 0xc3 in for 0xa9
03-12 09:43:47.950 24820 24820 E ArmVmp : Match on catch block at 0xc3 in for 0xa9
03-12 09:43:47.954 24820 24820 E ArmVmp : Match on catch block at 0xc3 in for 0xa1
03-12 09:43:47.954 24820 24820 E ArmVmp : Match on catch block at 0xc3 in for 0xa1
03-12 09:43:47.967 24820 24820 E ArmVmp : Match on catch block at 0xc3 in for 0xa5
03-12 09:43:47.967 24820 24820 E ArmVmp : Match on catch block at 0xc3 in for 0xa5
03-12 09:43:47.971 24820 24820 E ArmVmp : Match on catch block at 0xc3 in for 0xa9
03-12 09:43:47.971 24820 24820 E ArmVmp : Match on catch block at 0xc3 in for 0xa9
03-12 09:43:47.983 24820 24820 E ArmVmp : Match on catch block at 0xc3 in for 0xa9
03-12 09:43:47.987 24820 24820 E ArmVmp : Match on catch block at 0xc3 in for 0xa1
03-12 09:43:47.983 24820 24820 E ArmVmp : Match on catch block at 0xc3 in for 0xa9
03-12 09:43:47.987 24820 24820 E ArmVmp : Match on catch block at 0xc3 in for 0xa1
03-12 09:43:48.185 24820 24820 E ArmVmp : Match on catch block at 0xc3 in for 0xa1
03-12 09:43:48.185 24820 24820 E ArmVmp : Match on catch block at 0xc3 in for 0xa1
03-12 09:43:48.188 24820 24820 E ArmVmp : Match on catch block at 0xc3 in for 0xa5
03-12 09:43:48.188 24820 24820 E ArmVmp : Match on catch block at 0xc3 in for 0xa5
03-12 09:43:48.201 24820 24820 E ArmVmp : Match on catch block at 0xc3 in for 0xa5
03-12 09:43:48.201 24820 24820 E ArmVmp : Match on catch block at 0xc3 in for 0xa5
03-12 09:43:48.204 24820 24820 E ArmVmp : Match on catch block at 0xc3 in for 0xa9
03-12 09:43:48.204 24820 24820 E ArmVmp : Match on catch block at 0xc3 in for 0xa9
03-12 09:43:48.253 24820 24820 E ArmVmp : Match on catch block at 0xc3 in for 0xa5
03-12 09:43:48.253 24820 24820 E ArmVmp : Match on catch block at 0xc3 in for 0xa5
03-12 09:43:48.255 24820 24820 E ArmVmp : Match on catch block at 0xc3 in for 0xa9
03-12 09:43:48.255 24820 24820 E ArmVmp : Match on catch block at 0xc3 in for 0xa9
03-12 09:43:48.264 24820 24820 E ArmVmp : Match on catch block at 0xc3 in for 0xa9
03-12 09:43:48.267 24820 24820 E ArmVmp : Match on catch block at 0xc3 in for 0xa1
03-12 09:43:48.264 24820 24820 E ArmVmp : Match on catch block at 0xc3 in for 0xa9
03-12 09:43:48.267 24820 24820 E ArmVmp : Match on catch block at 0xc3 in for 0xa1
03-12 09:43:48.271 24820 24986 E Parcel : Reading a NULL string not supported here.
03-12 09:43:48.271 24820 24986 E Parcel : Reading a NULL string not supported here.
03-12 09:43:48.278 24820 24820 E ArmVmp : Match on catch block at 0xc3 in for 0xa9
03-12 09:43:48.278 24820 24820 E ArmVmp : Match on catch block at 0xc3 in for 0xa9
03-12 09:43:48.282 24820 24820 E ArmVmp : Match on catch block at 0xc3 in for 0xa1
03-12 09:43:48.282 24820 24820 E ArmVmp : Match on catch block at 0xc3 in for 0xa1
03-12 09:43:48.294 24820 24820 E ArmVmp : Match on catch block at 0xc3 in for 0xa5
03-12 09:43:48.294 24820 24820 E ArmVmp : Match on catch block at 0xc3 in for 0xa5
03-12 09:43:48.297 24820 24820 E ArmVmp : Match on catch block at 0xc3 in for 0xa9
03-12 09:43:48.297 24820 24820 E ArmVmp : Match on catch block at 0xc3 in for 0xa9
03-12 09:43:48.335 24820 24820 E ArmVmp : Match on catch block at 0xc3 in for 0xa9
03-12 09:43:48.335 24820 24820 E ArmVmp : Match on catch block at 0xc3 in for 0xa9
03-12 09:43:48.338 24820 24820 E ArmVmp : Match on catch block at 0xc3 in for 0xa1
03-12 09:43:48.338 24820 24820 E ArmVmp : Match on catch block at 0xc3 in for 0xa1
03-12 09:43:48.353 24820 24820 E ArmVmp : Match on catch block at 0xc3 in for 0xa5
03-12 09:43:48.353 24820 24820 E ArmVmp : Match on catch block at 0xc3 in for 0xa5
03-12 09:43:48.358 24820 24820 E ArmVmp : Match on catch block at 0xc3 in for 0xa9
03-12 09:43:48.358 24820 24820 E ArmVmp : Match on catch block at 0xc3 in for 0xa9
03-12 09:43:48.370 24820 24820 E ArmVmp : Match on catch block at 0xc3 in for 0xa1
03-12 09:43:48.370 24820 24820 E ArmVmp : Match on catch block at 0xc3 in for 0xa1
03-12 09:43:48.377 24820 24820 E ArmVmp : Match on catch block at 0xc3 in for 0xa5
03-12 09:43:48.377 24820 24820 E ArmVmp : Match on catch block at 0xc3 in for 0xa5
03-12 09:43:48.386 24820 24820 E ArmVmp : Match on catch block at 0xc3 in for 0xa9
03-12 09:43:48.386 24820 24820 E ArmVmp : Match on catch block at 0xc3 in for 0xa9
03-12 09:43:48.392 24820 24820 E ArmVmp : Match on catch block at 0xc3 in for 0xa1
03-12 09:43:48.392 24820 24820 E ArmVmp : Match on catch block at 0xc3 in for 0xa1
03-12 09:43:48.403 24820 24820 E ArmVmp : Match on catch block at 0xc3 in for 0xa5
03-12 09:43:48.403 24820 24820 E ArmVmp : Match on catch block at 0xc3 in for 0xa5
03-12 09:43:48.409 24820 24820 E ArmVmp : Match on catch block at 0xc3 in for 0xa9
03-12 09:43:48.409 24820 24820 E ArmVmp : Match on catch block at 0xc3 in for 0xa9
03-12 09:43:48.420 24820 24820 E ArmVmp : Match on catch block at 0xc3 in for 0xa1
03-12 09:43:48.420 24820 24820 E ArmVmp : Match on catch block at 0xc3 in for 0xa1
03-12 09:43:48.424 24820 24820 E ArmVmp : Match on catch block at 0xc3 in for 0xa5
03-12 09:43:48.424 24820 24820 E ArmVmp : Match on catch block at 0xc3 in for 0xa5
03-12 09:43:48.436 24820 24820 E ArmVmp : Match on catch block at 0xc3 in for 0xa9
03-12 09:43:48.436 24820 24820 E ArmVmp : Match on catch block at 0xc3 in for 0xa9
03-12 09:43:48.439 24820 24820 E ArmVmp : Match on catch block at 0xc3 in for 0xa1
03-12 09:43:48.439 24820 24820 E ArmVmp : Match on catch block at 0xc3 in for 0xa1
03-12 09:43:48.453 24820 24820 E ArmVmp : Match on catch block at 0xc3 in for 0xa1
03-12 09:43:48.456 24820 24820 E ArmVmp : Match on catch block at 0xc3 in for 0xa5
