03-12 11:25:06.352 22125 22125 W com.whatsapp: Accessing hidden method Lcom/android/org/conscrypt/OpenSSLSocketImpl;->setUseSessionTickets(Z)V (greylist- max-q,test-api, reflection, denied)
03-12 11:25:06.353 22125 22125 W com.whatsapp: Accessing hidden method Lcom/android/org/conscrypt/AbstractConscryptSocket;->setUseSessionTickets(Z)V (greylist-max-q, reflection, denied)
03-12 11:25:06.378 22125 22125 W linker : Warning: "/data/data/com.whatsapp/files/decompressed/libs.spk.zst/libc++_shared.so" unused DT entry: unknown processor-specific (type 0x70000001 arg 0x0) (ignoring)
03-12 11:25:06.370 22125 22125 W com.whatsapp: type=1400 audit(0.0:56583): avc: granted { execute } for path="/data/data/com.whatsapp/files/decompressed/libs.spk.zst/libc++_shared.so" dev="dm-26" ino=1513300 scontext=u:r:untrusted_app:s0:c151,c257,c512,c768 tcontext=u:object_r:app_data_file:s0:c151,c257,c512,c768 tclass=file app=com.whatsapp
03-12 11:25:06.390 22125 22125 W com.whatsapp: type=1400 audit(0.0:56584): avc: granted { execute } for path="/data/data/com.whatsapp/files/decompressed/libs.spk.zst/libvlc.so" dev="dm- 26" ino=1513236 scontext=u:r:untrusted_app:s0:c151,c257,c512,c768 tcontext=u:object_r:app_data_file:s0:c151,c257,c512,c768 tclass=file app=com.whatsapp
03-12 11:25:06.398 22125 22125 W com.whatsapp: type=1400 audit(0.0:56585): avc: granted { execute } for path="/data/data/com.whatsapp/files/decompressed/libs.spk.zst/libwhatsapp.so" dev="dm-26" ino=1512997 scontext=u:r:untrusted_app:s0:c151,c257,c512,c768 tcontext=u:object_r:app_data_file:s0:c151,c257,c512,c768 tclass=file app=com.whatsapp --------- beginning of main
03-12 11:25:06.352 22125 22125 W com.whatsapp: Accessing hidden method Lcom/android/org/conscrypt/OpenSSLSocketImpl;->setUseSessionTickets(Z)V (greylist- max-q,test-api, reflection, denied)
03-12 11:25:06.353 22125 22125 W com.whatsapp: Accessing hidden method Lcom/android/org/conscrypt/AbstractConscryptSocket;->setUseSessionTickets(Z)V (greylist-max-q, reflection, denied)
03-12 11:25:06.378 22125 22125 W linker : Warning: "/data/data/com.whatsapp/files/decompressed/libs.spk.zst/libc++_shared.so" unused DT entry: unknown processor-specific (type 0x70000001 arg 0x0) (ignoring)
03-12 11:25:06.370 22125 22125 W com.whatsapp: type=1400 audit(0.0:56583): avc: granted { execute } for path="/data/data/com.whatsapp/files/decompressed/libs.spk.zst/libc++_shared.so" dev="dm-26" ino=1513300 scontext=u:r:untrusted_app:s0:c151,c257,c512,c768 tcontext=u:object_r:app_data_file:s0:c151,c257,c512,c768 tclass=file app=com.whatsapp
03-12 11:25:06.390 22125 22125 W com.whatsapp: type=1400 audit(0.0:56584): avc: granted { execute } for path="/data/data/com.whatsapp/files/decompressed/libs.spk.zst/libvlc.so" dev="dm- 26" ino=1513236 scontext=u:r:untrusted_app:s0:c151,c257,c512,c768 tcontext=u:object_r:app_data_file:s0:c151,c257,c512,c768 tclass=file app=com.whatsapp
03-12 11:25:06.398 22125 22125 W com.whatsapp: type=1400 audit(0.0:56585): avc: granted { execute } for path="/data/data/com.whatsapp/files/decompressed/libs.spk.zst/libwhatsapp.so" dev="dm-26" ino=1512997 scontext=u:r:untrusted_app:s0:c151,c257,c512,c768 tcontext=u:object_r:app_data_file:s0:c151,c257,c512,c768 tclass=file app=com.whatsapp
03-12 11:25:06.454 22125 22125 W com.whatsapp: type=1400 audit(0.0:56586): avc: granted { execute } for path="/data/data/com.whatsapp/files/decompressed/libs.spk.zst/libcurve25519.so" dev="dm-26" ino=1513061 scontext=u:r:untrusted_app:s0:c151,c257,c512,c768 tcontext=u:object_r:app_data_file:s0:c151,c257,c512,c768 tclass=file app=com.whatsapp
03-12 11:25:06.454 22125 22125 W com.whatsapp: type=1400 audit(0.0:56586): avc: granted { execute } for path="/data/data/com.whatsapp/files/decompressed/libs.spk.zst/libcurve25519.so" dev="dm-26" ino=1513061 scontext=u:r:untrusted_app:s0:c151,c257,c512,c768 tcontext=u:object_r:app_data_file:s0:c151,c257,c512,c768 tclass=file app=com.whatsapp
03-12 11:25:06.466 22125 22125 W com.whatsapp: type=1400 audit(0.0:56587): avc: granted { execute } for path="/data/data/com.whatsapp/files/decompressed/libs.spk.zst/libwhatsapp.so" dev="dm-26" ino=1512997 scontext=u:r:untrusted_app:s0:c151,c257,c512,c768 tcontext=u:object_r:app_data_file:s0:c151,c257,c512,c768 tclass=file app=com.whatsapp
03-12 11:25:06.466 22125 22125 W com.whatsapp: type=1400 audit(0.0:56587): avc: granted { execute } for path="/data/data/com.whatsapp/files/decompressed/libs.spk.zst/libwhatsapp.so" dev="dm-26" ino=1512997 scontext=u:r:untrusted_app:s0:c151,c257,c512,c768 tcontext=u:object_r:app_data_file:s0:c151,c257,c512,c768 tclass=file app=com.whatsapp
03-12 11:25:06.466 22125 22125 W com.whatsapp: type=1400 audit(0.0:56589): avc: granted { execute } for path="/data/data/com.whatsapp/files/decompressed/libs.spk.zst/libwhatsapp.so" dev="dm-26" ino=1512997 scontext=u:r:untrusted_app:s0:c151,c257,c512,c768 tcontext=u:object_r:app_data_file:s0:c151,c257,c512,c768 tclass=file app=com.whatsapp
03-12 11:25:06.520 22125 22176 W com.whatsapp: Class X.2rL failed lock verification and will run slower.
03-12 11:25:06.520 22125 22176 W com.whatsapp: Common causes for lock verification issues are non-optimized dex code
03-12 11:25:06.520 22125 22176 W com.whatsapp: and incorrect proguard optimizations.
03-12 11:25:06.520 22125 22176 W com.whatsapp: Class X.2rL failed lock verification and will run slower.
03-12 11:25:06.520 22125 22176 W com.whatsapp: Common causes for lock verification issues are non-optimized dex code
03-12 11:25:06.520 22125 22176 W com.whatsapp: and incorrect proguard optimizations.
03-12 11:25:06.529 22125 22125 W com.whatsapp: Class X.0eU failed lock verification and will run slower.
03-12 11:25:06.529 22125 22125 W com.whatsapp: Class X.0eU failed lock verification and will run slower.
03-12 11:25:06.594 22125 22125 E Parcel : Reading a NULL string not supported here.
03-12 11:25:06.594 22125 22125 E Parcel : Reading a NULL string not supported here.
03-12 11:25:06.642 22125 22187 E libEGL : Invalid file path for libcolorx- loader.so
03-12 11:25:06.642 22125 22187 E libEGL : Invalid file path for libcolorx- loader.so
03-12 11:25:06.667 22125 22125 W com.whatsapp: Class com.whatsapp.HomeActivity failed lock verification and will run slower.
03-12 11:25:06.667 22125 22125 W com.whatsapp: Class com.whatsapp.HomeActivity failed lock verification and will run slower. --------- beginning of system
03-12 11:25:06.697 22125 22125 E OplusCustomizeRestrictionManager: sInstance is null, start a new sInstance
03-12 11:25:06.697 22125 22125 E OplusCustomizeRestrictionManager: sInstance is null, start a new sInstance
03-12 11:25:06.703 22125 22125 E ArmVmp : Match on catch block at 0x8d in for 0xe1
03-12 11:25:06.703 22125 22125 E ArmVmp : Match on catch block at 0x8d in for 0xe1
03-12 11:25:06.747 22125 22125 E ArmVmp : Match on catch block at 0x4c in for 0xe5
03-12 11:25:06.747 22125 22125 E ArmVmp : Match on catch block at 0x4c in for 0xe5
03-12 11:25:06.762 22125 22125 E ArmVmp : Match on catch block at 0x8d in for 0xe9
03-12 11:25:06.762 22125 22125 E ArmVmp : Match on catch block at 0x8d in for 0xe9
03-12 11:25:06.951 22125 22125 E ArmVmp : Match on catch block at 0x0a in for 0xc5
03-12 11:25:06.951 22125 22125 E ArmVmp : Match on catch block at 0x0a in for 0xc5
03-12 11:25:06.959 22125 22189 W System : ClassLoader referenced unknown path: system/framework/mediatek-cta.jar
03-12 11:25:06.959 22125 22189 W System : ClassLoader referenced unknown path: system/framework/mediatek-cta.jar
03-12 11:25:06.969 22125 22125 E ArmVmp : Match on catch block at 0x0a in for 0x135
03-12 11:25:06.969 22125 22125 E ArmVmp : Match on catch block at 0x0a in for 0x135
03-12 11:25:06.972 22125 22125 E Parcel : Reading a NULL string not supported here.
03-12 11:25:06.972 22125 22125 E Parcel : Reading a NULL string not supported here.
03-12 11:25:06.989 22125 22125 E Parcel : Reading a NULL string not supported here.
03-12 11:25:06.989 22125 22125 E Parcel : Reading a NULL string not supported here.
03-12 11:25:07.001 22125 22194 W System : ClassLoader referenced unknown path: system/framework/mediatek-cta.jar
03-12 11:25:07.001 22125 22194 W System : ClassLoader referenced unknown path: system/framework/mediatek-cta.jar
03-12 11:25:07.006 22125 22189 W com.whatsapp: Accessing hidden method Lcom/android/org/conscrypt/ConscryptEngineSocket;->setUseSessionTickets(Z)V (greylist-max-q,test-api, reflection, denied)
03-12 11:25:07.006 22125 22189 W com.whatsapp: Accessing hidden method Lcom/android/org/conscrypt/ConscryptEngineSocket;->setUseSessionTickets(Z)V (greylist-max-q,test-api, reflection, denied)
03-12 11:25:07.006 22125 22189 W com.whatsapp: Accessing hidden method Lcom/android/org/conscrypt/OpenSSLSocketImpl;->setUseSessionTickets(Z)V (greylist- max-q,test-api, reflection, denied)
03-12 11:25:07.006 22125 22189 W com.whatsapp: Accessing hidden method Lcom/android/org/conscrypt/AbstractConscryptSocket;->setUseSessionTickets(Z)V (greylist-max-q, reflection, denied)
03-12 11:25:07.006 22125 22189 W com.whatsapp: Accessing hidden method Lcom/android/org/conscrypt/OpenSSLSocketImpl;->setUseSessionTickets(Z)V (greylist- max-q,test-api, reflection, denied)
03-12 11:25:07.006 22125 22189 W com.whatsapp: Accessing hidden method Lcom/android/org/conscrypt/AbstractConscryptSocket;->setUseSessionTickets(Z)V (greylist-max-q, reflection, denied)
03-12 11:25:07.007 22125 22189 W com.whatsapp: Accessing hidden method Lcom/android/org/conscrypt/ConscryptEngineSocket;->setHostname(Ljava/lang/String;)V (greylist-max-q,test-api, reflection, denied)
03-12 11:25:07.007 22125 22189 W com.whatsapp: Accessing hidden method Lcom/android/org/conscrypt/ConscryptEngineSocket;->setHostname(Ljava/lang/String;)V (greylist-max-q,test-api, reflection, denied)
03-12 11:25:07.007 22125 22189 W com.whatsapp: Accessing hidden method Lcom/android/org/conscrypt/OpenSSLSocketImpl;->setHostname(Ljava/lang/String;)V (greylist-max-q,test-api, reflection, denied)
03-12 11:25:07.007 22125 22189 W com.whatsapp: Accessing hidden method Lcom/android/org/conscrypt/AbstractConscryptSocket;->setHostname(Ljava/lang/ String;)V (greylist-max-q, reflection, denied)
03-12 11:25:07.007 22125 22189 W com.whatsapp: Accessing hidden method Lcom/android/org/conscrypt/OpenSSLSocketImpl;->setHostname(Ljava/lang/String;)V (greylist-max-q,test-api, reflection, denied)
03-12 11:25:07.007 22125 22189 W com.whatsapp: Accessing hidden method Lcom/android/org/conscrypt/AbstractConscryptSocket;->setHostname(Ljava/lang/ String;)V (greylist-max-q, reflection, denied)
03-12 11:25:07.007 22125 22189 W com.whatsapp: Accessing hidden method Lcom/android/org/conscrypt/OpenSSLSocketImpl;->setAlpnProtocols([B)V (greylist-max- q,test-api, reflection, denied)
03-12 11:25:07.007 22125 22189 W com.whatsapp: Accessing hidden method Lcom/android/org/conscrypt/OpenSSLSocketImpl;->setAlpnProtocols([B)V (greylist-max- q,test-api, reflection, denied)
03-12 11:25:07.007 22125 22189 W com.whatsapp: Accessing hidden method Lcom/android/org/conscrypt/AbstractConscryptSocket;->setAlpnProtocols([B)V (greylist-max-q, reflection, denied)
03-12 11:25:07.007 22125 22189 W com.whatsapp: Accessing hidden method Lcom/android/org/conscrypt/AbstractConscryptSocket;->setAlpnProtocols([B)V (greylist-max-q, reflection, denied)
03-12 11:25:07.114 22125 22164 E ion : ioctl c0044901 failed with code -1: Invalid argument
03-12 11:25:07.114 22125 22164 E ion : ioctl c0044901 failed with code -1: Invalid argument
03-12 11:25:07.118 22125 22164 E libc : Access denied finding property "vendor.debug.drm.logv"
03-12 11:25:07.118 22125 22164 E libc : Access denied finding property "vendor.debug.drm.logv"
03-12 11:25:07.118 22125 22164 E libc : Access denied finding property "vendor.debug.drm.logv"
03-12 11:25:07.119 22125 22164 E libc : Access denied finding property "vendor.debug.drm.logd"
03-12 11:25:07.118 22125 22164 E libc : Access denied finding property "vendor.debug.drm.logv"
03-12 11:25:07.119 22125 22164 E libc : Access denied finding property "vendor.debug.drm.logv"
03-12 11:25:07.119 22125 22164 E libc : Access denied finding property "vendor.debug.drm.logd"
03-12 11:25:07.119 22125 22164 E libc : Access denied finding property "vendor.debug.drm.logv"
03-12 11:25:07.120 22125 22125 E libEGL : Invalid file path for libcolorx- loader.so
03-12 11:25:07.120 22125 22125 E libEGL : Invalid file path for libcolorx- loader.so
03-12 11:25:07.121 22125 22125 E libEGL : Invalid file path for libcolorx- loader.so
03-12 11:25:07.121 22125 22125 E libEGL : Invalid file path for libcolorx- loader.so
03-12 11:25:07.219 22125 22189 W com.whatsapp: Accessing hidden method Lcom/android/org/conscrypt/OpenSSLSocketImpl;->getAlpnSelectedProtocol()[B (greylist-max-q,test-api, reflection, denied)
03-12 11:25:07.219 22125 22189 W com.whatsapp: Accessing hidden method Lcom/android/org/conscrypt/OpenSSLSocketImpl;->getAlpnSelectedProtocol()[B (greylist-max-q,test-api, reflection, denied)
03-12 11:25:07.220 22125 22189 W com.whatsapp: Accessing hidden method Lcom/android/org/conscrypt/AbstractConscryptSocket;->getAlpnSelectedProtocol()[B (greylist-max-q, reflection, denied)
03-12 11:25:07.220 22125 22189 W com.whatsapp: Accessing hidden method Lcom/android/org/conscrypt/AbstractConscryptSocket;->getAlpnSelectedProtocol()[B (greylist-max-q, reflection, denied)
03-12 11:25:07.282 22125 22204 W LOTTIE : Animation contains merge paths. Merge paths are only supported on KitKat+ and must be manually enabled by calling enableMergePathsForKitKatAndAbove().
03-12 11:25:07.282 22125 22204 W LOTTIE : Animation contains merge paths. Merge paths are only supported on KitKat+ and must be manually enabled by calling enableMergePathsForKitKatAndAbove().
03-12 11:25:07.339 22125 22186 E libEGL : Invalid file path for libcolorx- loader.so
03-12 11:25:07.339 22125 22186 E libEGL : Invalid file path for libcolorx- loader.so
03-12 11:25:07.342 22125 22186 E EGL-gift: Cannot load register apis
03-12 11:25:07.342 22125 22186 E EGL-gift: Cannot load register apis
03-12 11:25:07.345 22125 22186 E libEGL : Invalid file path for libcolorx- loader.so
03-12 11:25:07.345 22125 22186 E libEGL : Invalid file path for libcolorx- loader.so
03-12 11:25:07.349 22125 22186 E libEGL : Invalid file path for libcolorx- loader.so
03-12 11:25:07.349 22125 22186 E libEGL : Invalid file path for libcolorx- loader.so
03-12 11:25:07.373 22125 22125 E ArmVmp : Match on catch block at 0x8d in for 0x125
03-12 11:25:07.373 22125 22125 E ArmVmp : Match on catch block at 0x8d in for 0x125
03-12 11:25:07.380 22125 22125 E ArmVmp : Match on catch block at 0x8d in for 0x121
03-12 11:25:07.380 22125 22125 E ArmVmp : Match on catch block at 0x8d in for 0x121
03-12 11:25:07.387 22125 22125 E ArmVmp : Match on catch block at 0x8d in for 0x129
03-12 11:25:07.387 22125 22125 E ArmVmp : Match on catch block at 0x8d in for 0x129
03-12 11:25:07.395 22125 22125 E ArmVmp : Match on catch block at 0x8d in for 0x125
03-12 11:25:07.395 22125 22125 E ArmVmp : Match on catch block at 0x8d in for 0x125
03-12 11:25:07.417 22125 22125 E ArmVmp : Match on catch block at 0x8d in for 0xf5
03-12 11:25:07.417 22125 22125 E ArmVmp : Match on catch block at 0x8d in for 0xf5
03-12 11:25:07.537 22125 22125 E ArmVmp : Match on catch block at 0x8d in for 0xf1
03-12 11:25:07.537 22125 22125 E ArmVmp : Match on catch block at 0x8d in for 0xf1
03-12 11:25:07.591 22125 22125 E ArmVmp : Match on catch block at 0x8d in for 0xf1
03-12 11:25:07.591 22125 22125 E ArmVmp : Match on catch block at 0x8d in for 0xf1
03-12 11:25:07.688 22125 22125 E ArmVmp : Match on catch block at 0x8d in for 0xf5
03-12 11:25:07.688 22125 22125 E ArmVmp : Match on catch block at 0x8d in for 0xf5
03-12 11:25:07.752 22125 22125 E ArmVmp : Match on catch block at 0x8d in for 0xf5
03-12 11:25:07.752 22125 22125 E ArmVmp : Match on catch block at 0x8d in for 0xf5
03-12 11:25:07.816 22125 22125 E ArmVmp : Match on catch block at 0x8d in for 0xf5
03-12 11:25:07.816 22125 22125 E ArmVmp : Match on catch block at 0x8d in for 0xf5
03-12 11:25:07.866 22125 22125 E ArmVmp : Match on catch block at 0x8d in for 0xf9
03-12 11:25:07.866 22125 22125 E ArmVmp : Match on catch block at 0x8d in for 0xf9
03-12 11:25:08.001 22125 22125 E ArmVmp : Match on catch block at 0x8d in for 0xf1
03-12 11:25:08.001 22125 22125 E ArmVmp : Match on catch block at 0x8d in for 0xf1
03-12 11:25:08.044 22125 22125 E ArmVmp : Match on catch block at 0x8d in for 0xf1
03-12 11:25:08.044 22125 22125 E ArmVmp : Match on catch block at 0x8d in for 0xf1
03-12 11:25:08.085 22125 22125 E ArmVmp : Match on catch block at 0x8d in for 0xf1
03-12 11:25:08.085 22125 22125 E ArmVmp : Match on catch block at 0x8d in for 0xf1
03-12 11:25:08.121 22125 22125 E ArmVmp : Match on catch block at 0x8d in for 0xf1
03-12 11:25:08.121 22125 22125 E ArmVmp : Match on catch block at 0x8d in for 0xf1
03-12 11:25:08.171 22125 22125 E ArmVmp : Match on catch block at 0x8d in for 0xf5
03-12 11:25:08.171 22125 22125 E ArmVmp : Match on catch block at 0x8d in for 0xf5
03-12 11:25:08.216 22125 22125 E ArmVmp : Match on catch block at 0x8d in for 0xf5
03-12 11:25:08.216 22125 22125 E ArmVmp : Match on catch block at 0x8d in for 0xf5
03-12 11:25:08.267 22125 22125 E ArmVmp : Match on catch block at 0x8d in for 0xf5
03-12 11:25:08.267 22125 22125 E ArmVmp : Match on catch block at 0x8d in for 0xf5
03-12 11:25:08.295 22125 22125 E RecyclerView: No adapter attached; skipping layout
03-12 11:25:08.295 22125 22125 E RecyclerView: No adapter attached; skipping layout
03-12 11:25:08.335 22125 22186 E ion : ioctl c0044901 failed with code -1: Invalid argument
03-12 11:25:08.335 22125 22186 E ion : ioctl c0044901 failed with code -1: Invalid argument
03-12 11:25:08.367 22125 22125 W Choreographer: Already have a pending vsync event. There should only be one at a time.
03-12 11:25:08.367 22125 22125 W Choreographer: Already have a pending vsync event. There should only be one at a time.
03-12 11:25:08.437 22125 22125 E RecyclerView: No adapter attached; skipping layout
03-12 11:25:08.437 22125 22125 E RecyclerView: No adapter attached; skipping layout
03-12 11:25:08.482 22125 22125 W LOTTIE : Animation contains merge paths but they are disabled.
03-12 11:25:08.482 22125 22125 W LOTTIE : Animation contains merge paths but they are disabled.
03-12 11:25:08.512 22125 22228 E libEGL : Invalid file path for libcolorx- loader.so
03-12 11:25:08.512 22125 22228 E libEGL : Invalid file path for libcolorx- loader.so
03-12 11:25:08.516 22125 22125 E ArmVmp : Match on catch block at 0x0a in for 0xd9
03-12 11:25:08.516 22125 22125 E ArmVmp : Match on catch block at 0x0a in for 0xd9
03-12 11:25:08.655 22125 22125 E ScreenmodeClient: display mode not support
03-12 11:25:08.655 22125 22125 E ScreenmodeClient: display mode not support
03-12 11:25:08.983 22125 22125 E ArmVmp : Match on catch block at 0x8d in for 0xe5
03-12 11:25:08.983 22125 22125 E ArmVmp : Match on catch block at 0x8d in for 0xe5
03-12 11:25:08.993 22125 22125 E ArmVmp : Match on catch block at 0x8d in for 0xe5
03-12 11:25:08.993 22125 22125 E ArmVmp : Match on catch block at 0x8d in for 0xe5
03-12 11:25:09.202 22125 22125 W pool-6-thread-1: type=1400 audit(0.0:56596): avc: granted { execute } for path="/data/data/com.whatsapp/files/decompressed/libs.spk.zst/libgifimage.so" dev="dm-26" ino=1513137 scontext=u:r:untrusted_app:s0:c151,c257,c512,c768 tcontext=u:object_r:app_data_file:s0:c151,c257,c512,c768 tclass=file app=com.whatsapp
03-12 11:25:09.202 22125 22125 W pool-6-thread-1: type=1400 audit(0.0:56596): avc: granted { execute } for path="/data/data/com.whatsapp/files/decompressed/libs.spk.zst/libgifimage.so" dev="dm-26" ino=1513137 scontext=u:r:untrusted_app:s0:c151,c257,c512,c768 tcontext=u:object_r:app_data_file:s0:c151,c257,c512,c768 tclass=file app=com.whatsapp
03-12 11:25:09.693 22125 22125 E libEGL : Invalid file path for libcolorx- loader.so
03-12 11:25:09.693 22125 22125 E libEGL : Invalid file path for libcolorx- loader.so
03-12 11:25:09.694 22125 22125 E libEGL : Invalid file path for libcolorx- loader.so
03-12 11:25:09.694 22125 22125 E libEGL : Invalid file path for libcolorx- loader.so
03-12 11:25:09.745 22125 22125 W Choreographer: Already have a pending vsync event. There should only be one at a time.
03-12 11:25:09.745 22125 22125 W Choreographer: Already have a pending vsync event. There should only be one at a time.
03-12 11:25:10.465 22125 22148 W LibraryVersion: Failed to get app version for libraryName: firebase-iid
03-12 11:25:10.465 22125 22148 W LibraryVersion: Failed to get app version for libraryName: firebase-iid
03-12 11:25:10.489 22125 22173 E SQLiteDatabase: Error inserting transferred=0 media_job_uuid=614c9a97-6e3e-442d-b60c-a835eaccc680 transcoded=0 gif_attribution=0 first_scan_length=16474 direct_path=/o1/v/t62.7118-24/f1/m234/up-oil-image- 7aca1319-0c72-4797-a4b8-9d423ccd04ad?ccb=9- 4&oh=01_AdQZwS7IXnOV43mREr8tqx6YesZhDCp9wuFIRg9ktQK8EA&oe=66173960&_nc_sid=000000&_ nc_hot=1710217336 thumbnail_height_width_ratio=1.0 is_animated_sticker=0 file_hash=q7TxfqqXLKUGKnmPo8u/CKAY2HlyfA3r3lOevaCnNZ8= file_path=null file_size=0 partial_media_hash=0kxyvhRxz03G/bKUQBKIOA8WOblb0QJFLKUsK7Dn9Cg= face_x=0 face_y=0 height=1280 trim_to=0 media_key_timestamp=1710157102000 message_url=https://mmg.whatsapp.net/o1/v/t62.7118-24/f1/m234/up-oil-image- 7aca1319-0c72-4797-a4b8-9d423ccd04ad?ccb=9- 4&oh=01_AdQZwS7IXnOV43mREr8tqx6YesZhDCp9wuFIRg9ktQK8EA&oe=66173960&_nc_sid=000000&m ms3=true media_caption=null trim_from=0 mime_type=image/jpeg partial_media_enc_hash=null width=1280 original_file_hash=null has_streaming_sidecar=1 autotransfer_retry_enabled=1 media_upload_handle=null message_row_id=6254 multicast_id=null enc_file_hash=Q7zCQC8brgbjjb1rIcFtP5UoERY61tBln6fwxDGq81E= mute_video=0 page_count=0 first_scan_sidecar=[B@419c710 suspicious_content=0 file_length=161060 media_name=null media_duration=0 chat_row_id=106 media_key=[B@d209
03-12 11:25:10.489 22125 22173 E SQLiteDatabase: android.database.sqlite.SQLiteConstraintException: UNIQUE constraint failed: message_media.message_row_id (code 1555 SQLITE_CONSTRAINT_PRIMARYKEY)
03-12 11:25:10.489 22125 22173 E SQLiteDatabase: at android.database.sqlite.SQLiteConnection.nativeExecuteForLastInsertedRowId(Native Method)
03-12 11:25:10.489 22125 22173 E SQLiteDatabase: at android.database.sqlite.SQLiteConnection.executeForLastInsertedRowId(SQLiteConnecti on.java:948)
03-12 11:25:10.489 22125 22173 E SQLiteDatabase: at android.database.sqlite.SQLiteSession.executeForLastInsertedRowId(SQLiteSession.jav a:790)
03-12 11:25:10.489 22125 22173 E SQLiteDatabase: at android.database.sqlite.SQLiteStatement.executeInsert(SQLiteStatement.java:88)
03-12 11:25:10.489 22125 22173 E SQLiteDatabase: at android.database.sqlite.SQLiteDatabase.insertWithOnConflict(SQLiteDatabase.java:173 1)
03-12 11:25:10.489 22125 22173 E SQLiteDatabase: at android.database.sqlite.SQLiteDatabase.insert(SQLiteDatabase.java:1600)
03-12 11:25:10.489 22125 22173 E SQLiteDatabase: at X.2tm.A08(Unknown Source:6)
03-12 11:25:10.489 22125 22173 E SQLiteDatabase: at X.35Y.A07(Unknown Source:212)
03-12 11:25:10.489 22125 22173 E SQLiteDatabase: at X.3QF.A14(Unknown Source:470)
03-12 11:25:10.489 22125 22173 E SQLiteDatabase: at X.3gU.run(Unknown Source:982)
03-12 11:25:10.489 22125 22173 E SQLiteDatabase: at android.os.Handler.handleCallback(Handler.java:938)
03-12 11:25:10.489 22125 22173 E SQLiteDatabase: at android.os.Handler.dispatchMessage(Handler.java:99)
03-12 11:25:10.489 22125 22173 E SQLiteDatabase: at X.0zq.dispatchMessage(Unknown Source:4)
03-12 11:25:10.489 22125 22173 E SQLiteDatabase: at android.os.Looper.loop(Looper.java:258)
03-12 11:25:10.489 22125 22173 E SQLiteDatabase: at android.os.HandlerThread.run(HandlerThread.java:67)
03-12 11:25:10.489 22125 22173 E SQLiteDatabase: Error inserting transferred=0 media_job_uuid=614c9a97-6e3e-442d-b60c-a835eaccc680 transcoded=0 gif_attribution=0 first_scan_length=16474 direct_path=/o1/v/t62.7118-24/f1/m234/up-oil-image- 7aca1319-0c72-4797-a4b8-9d423ccd04ad?ccb=9- 4&oh=01_AdQZwS7IXnOV43mREr8tqx6YesZhDCp9wuFIRg9ktQK8EA&oe=66173960&_nc_sid=000000&_ nc_hot=1710217336 thumbnail_height_width_ratio=1.0 is_animated_sticker=0 file_hash=q7TxfqqXLKUGKnmPo8u/CKAY2HlyfA3r3lOevaCnNZ8= file_path=null file_size=0 partial_media_hash=0kxyvhRxz03G/bKUQBKIOA8WOblb0QJFLKUsK7Dn9Cg= face_x=0 face_y=0 height=1280 trim_to=0 media_key_timestamp=1710157102000 message_url=https://mmg.whatsapp.net/o1/v/t62.7118-24/f1/m234/up-oil-image- 7aca1319-0c72-4797-a4b8-9d423ccd04ad?ccb=9- 4&oh=01_AdQZwS7IXnOV43mREr8tqx6YesZhDCp9wuFIRg9ktQK8EA&oe=66173960&_nc_sid=000000&m ms3=true media_caption=null trim_from=0 mime_type=image/jpeg partial_media_enc_hash=null width=1280 original_file_hash=null has_streaming_sidecar=1 autotransfer_retry_enabled=1 media_upload_handle=null message_row_id=6254 multicast_id=null enc_file_hash=Q7zCQC8brgbjjb1rIcFtP5UoERY61tBln6fwxDGq81E= mute_video=0 page_count=0 first_scan_sidecar=[B@419c710 suspicious_content=0 file_length=161060 media_name=null media_duration=0 chat_row_id=106 media_key=[B@d209
03-12 11:25:10.489 22125 22173 E SQLiteDatabase: android.database.sqlite.SQLiteConstraintException: UNIQUE constraint failed: message_media.message_row_id (code 1555 SQLITE_CONSTRAINT_PRIMARYKEY)
03-12 11:25:10.489 22125 22173 E SQLiteDatabase: at android.database.sqlite.SQLiteConnection.nativeExecuteForLastInsertedRowId(Native Method)
03-12 11:25:10.489 22125 22173 E SQLiteDatabase: at android.database.sqlite.SQLiteConnection.executeForLastInsertedRowId(SQLiteConnecti on.java:948)
03-12 11:25:10.489 22125 22173 E SQLiteDatabase: at android.database.sqlite.SQLiteSession.executeForLastInsertedRowId(SQLiteSession.jav a:790)
03-12 11:25:10.489 22125 22173 E SQLiteDatabase: at android.database.sqlite.SQLiteStatement.executeInsert(SQLiteStatement.java:88)
03-12 11:25:10.489 22125 22173 E SQLiteDatabase: at android.database.sqlite.SQLiteDatabase.insertWithOnConflict(SQLiteDatabase.java:173 1)
03-12 11:25:10.489 22125 22173 E SQLiteDatabase: at android.database.sqlite.SQLiteDatabase.insert(SQLiteDatabase.java:1600)
03-12 11:25:10.489 22125 22173 E SQLiteDatabase: at X.2tm.A08(Unknown Source:6)
03-12 11:25:10.489 22125 22173 E SQLiteDatabase: at X.35Y.A07(Unknown Source:212)
03-12 11:25:10.489 22125 22173 E SQLiteDatabase: at X.3QF.A14(Unknown Source:470)
03-12 11:25:10.489 22125 22173 E SQLiteDatabase: at X.3gU.run(Unknown Source:982)
03-12 11:25:10.489 22125 22173 E SQLiteDatabase: at android.os.Handler.handleCallback(Handler.java:938)
03-12 11:25:10.489 22125 22173 E SQLiteDatabase: at android.os.Handler.dispatchMessage(Handler.java:99)
03-12 11:25:10.489 22125 22173 E SQLiteDatabase: at X.0zq.dispatchMessage(Unknown Source:4)
03-12 11:25:10.489 22125 22173 E SQLiteDatabase: at android.os.Looper.loop(Looper.java:258)
03-12 11:25:10.489 22125 22173 E SQLiteDatabase: at android.os.HandlerThread.run(HandlerThread.java:67)
03-12 11:25:10.823 22125 22286 E Parcel : Reading a NULL string not supported here.
03-12 11:25:10.823 22125 22286 E Parcel : Reading a NULL string not supported here.
03-12 11:25:11.139 22125 22125 E ArmVmp : Match on catch block at 0x8d in for 0xf9
03-12 11:25:11.139 22125 22125 E ArmVmp : Match on catch block at 0x8d in for 0xf9
03-12 11:25:11.186 22125 22125 E ArmVmp : Match on catch block at 0x8d in for 0xf9
03-12 11:25:11.186 22125 22125 E ArmVmp : Match on catch block at 0x8d in for 0xf9
03-12 11:25:11.270 22125 22125 E ArmVmp : Match on catch block at 0x8d in for 0xf9
03-12 11:25:11.270 22125 22125 E ArmVmp : Match on catch block at 0x8d in for 0xf9
03-12 11:25:11.304 22125 22125 E ArmVmp : Match on catch block at 0x8d in for 0xf9
03-12 11:25:11.304 22125 22125 E ArmVmp : Match on catch block at 0x8d in for 0xf9
03-12 11:25:11.370 22050 22065 W System : A resource failed to call release.
03-12 11:25:11.370 22050 22065 W System : A resource failed to call release.
03-12 11:25:11.371 22125 22125 E ArmVmp : Match on catch block at 0x8d in for 0xf1
03-12 11:25:11.371 22125 22125 E ArmVmp : Match on catch block at 0x8d in for 0xf1
03-12 11:25:11.440 22125 22125 E ArmVmp : Match on catch block at 0x8d in for 0xf5
03-12 11:25:11.440 22125 22125 E ArmVmp : Match on catch block at 0x8d in for 0xf5
03-12 11:25:11.499 22125 22125 E ArmVmp : Match on catch block at 0x8d in for 0xf5
03-12 11:25:11.499 22125 22125 E ArmVmp : Match on catch block at 0x8d in for 0xf5
03-12 11:25:11.652 22125 22125 E Parcel : Reading a NULL string not supported here.
03-12 11:25:11.652 22125 22125 E Parcel : Reading a NULL string not supported here.
03-12 11:25:11.717 22125 22173 E SQLiteDatabase: Error inserting transferred=0 media_job_uuid=7a86e31f-1744-48d1-bf92-1af6ce88ad3b transcoded=0 gif_attribution=0 first_scan_length=10445 direct_path=/o1/v/t62.7118-24/f1/m233/up-oil-image- ca9a1ff2-47cf-480a-919e-cc5c07e529d3?ccb=9- 4&oh=01_AdSixlFJy7xFB2hP4sFSXeBv1jvaarpSMzmfc7Pnp0APsw&oe=661742C2&_nc_sid=000000 thumbnail_height_width_ratio=0.43055555 is_animated_sticker=0 file_hash=ooT7GJEMRvvmycb5PqNSMSGYE2nP3yVrO+PGOnsTvaM= file_path=null file_size=0 partial_media_hash=PvGKvJE+uT5C8CTY8G8UBYEgqs2luMmgNu7zXwEoA+E= face_x=0 face_y=0 height=717 trim_to=0 media_key_timestamp=1710216872000 message_url=https://mmg.whatsapp.net/o1/v/t62.7118-24/f1/m233/up-oil-image- ca9a1ff2-47cf-480a-919e-cc5c07e529d3?ccb=9- 4&oh=01_AdSixlFJy7xFB2hP4sFSXeBv1jvaarpSMzmfc7Pnp0APsw&oe=661742C2&_nc_sid=000000&m ms3=true media_caption=null trim_from=0 mime_type=image/jpeg partial_media_enc_hash=null width=1600 original_file_hash=null has_streaming_sidecar=1 autotransfer_retry_enabled=1 media_upload_handle=null message_row_id=6255 multicast_id=null enc_file_hash=fYNIFnVL+/WG9Bm/4q4PyAy/RoY4C03H33ZbS6HvCHg= mute_video=0 page_count=0 first_scan_sidecar=[B@d19c78f suspicious_content=0 file_length=105065 media_name=null media_duration=0 chat_row_id=116 media_key=[B@661ba1c
03-12 11:25:11.717 22125 22173 E SQLiteDatabase: android.database.sqlite.SQLiteConstraintException: UNIQUE constraint failed: message_media.message_row_id (code 1555 SQLITE_CONSTRAINT_PRIMARYKEY)
03-12 11:25:11.717 22125 22173 E SQLiteDatabase: at android.database.sqlite.SQLiteConnection.nativeExecuteForLastInsertedRowId(Native Method)
03-12 11:25:11.717 22125 22173 E SQLiteDatabase: at android.database.sqlite.SQLiteConnection.executeForLastInsertedRowId(SQLiteConnecti on.java:948)
03-12 11:25:11.717 22125 22173 E SQLiteDatabase: at android.database.sqlite.SQLiteSession.executeForLastInsertedRowId(SQLiteSession.jav a:790)
03-12 11:25:11.717 22125 22173 E SQLiteDatabase: at android.database.sqlite.SQLiteStatement.executeInsert(SQLiteStatement.java:88)
03-12 11:25:11.717 22125 22173 E SQLiteDatabase: at android.database.sqlite.SQLiteDatabase.insertWithOnConflict(SQLiteDatabase.java:173 1)
03-12 11:25:11.717 22125 22173 E SQLiteDatabase: at android.database.sqlite.SQLiteDatabase.insert(SQLiteDatabase.java:1600)
03-12 11:25:11.717 22125 22173 E SQLiteDatabase: at X.2tm.A08(Unknown Source:6)
03-12 11:25:11.717 22125 22173 E SQLiteDatabase: at X.35Y.A07(Unknown Source:212)
03-12 11:25:11.717 22125 22173 E SQLiteDatabase: at X.3QF.A14(Unknown Source:470)
03-12 11:25:11.717 22125 22173 E SQLiteDatabase: at X.3gU.run(Unknown Source:982)
03-12 11:25:11.717 22125 22173 E SQLiteDatabase: at android.os.Handler.handleCallback(Handler.java:938)
03-12 11:25:11.717 22125 22173 E SQLiteDatabase: at android.os.Handler.dispatchMessage(Handler.java:99)
03-12 11:25:11.717 22125 22173 E SQLiteDatabase: at X.0zq.dispatchMessage(Unknown Source:4)
03-12 11:25:11.717 22125 22173 E SQLiteDatabase: at android.os.Looper.loop(Looper.java:258)
03-12 11:25:11.717 22125 22173 E SQLiteDatabase: at android.os.HandlerThread.run(HandlerThread.java:67)
03-12 11:25:11.717 22125 22173 E SQLiteDatabase: Error inserting transferred=0 media_job_uuid=7a86e31f-1744-48d1-bf92-1af6ce88ad3b transcoded=0 gif_attribution=0 first_scan_length=10445 direct_path=/o1/v/t62.7118-24/f1/m233/up-oil-image- ca9a1ff2-47cf-480a-919e-cc5c07e529d3?ccb=9- 4&oh=01_AdSixlFJy7xFB2hP4sFSXeBv1jvaarpSMzmfc7Pnp0APsw&oe=661742C2&_nc_sid=000000 thumbnail_height_width_ratio=0.43055555 is_animated_sticker=0 file_hash=ooT7GJEMRvvmycb5PqNSMSGYE2nP3yVrO+PGOnsTvaM= file_path=null file_size=0 partial_media_hash=PvGKvJE+uT5C8CTY8G8UBYEgqs2luMmgNu7zXwEoA+E= face_x=0 face_y=0 height=717 trim_to=0 media_key_timestamp=1710216872000 message_url=https://mmg.whatsapp.net/o1/v/t62.7118-24/f1/m233/up-oil-image- ca9a1ff2-47cf-480a-919e-cc5c07e529d3?ccb=9- 4&oh=01_AdSixlFJy7xFB2hP4sFSXeBv1jvaarpSMzmfc7Pnp0APsw&oe=661742C2&_nc_sid=000000&m ms3=true media_caption=null trim_from=0 mime_type=image/jpeg partial_media_enc_hash=null width=1600 original_file_hash=null has_streaming_sidecar=1 autotransfer_retry_enabled=1 media_upload_handle=null message_row_id=6255 multicast_id=null enc_file_hash=fYNIFnVL+/WG9Bm/4q4PyAy/RoY4C03H33ZbS6HvCHg= mute_video=0 page_count=0 first_scan_sidecar=[B@d19c78f suspicious_content=0 file_length=105065 media_name=null media_duration=0 chat_row_id=116 media_key=[B@661ba1c
03-12 11:25:11.717 22125 22173 E SQLiteDatabase: android.database.sqlite.SQLiteConstraintException: UNIQUE constraint failed: message_media.message_row_id (code 1555 SQLITE_CONSTRAINT_PRIMARYKEY)
03-12 11:25:11.717 22125 22173 E SQLiteDatabase: at android.database.sqlite.SQLiteConnection.nativeExecuteForLastInsertedRowId(Native Method)
03-12 11:25:11.717 22125 22173 E SQLiteDatabase: at android.database.sqlite.SQLiteConnection.executeForLastInsertedRowId(SQLiteConnecti on.java:948)
03-12 11:25:11.717 22125 22173 E SQLiteDatabase: at android.database.sqlite.SQLiteSession.executeForLastInsertedRowId(SQLiteSession.jav a:790)
03-12 11:25:11.717 22125 22173 E SQLiteDatabase: at android.database.sqlite.SQLiteStatement.executeInsert(SQLiteStatement.java:88)
03-12 11:25:11.717 22125 22173 E SQLiteDatabase: at android.database.sqlite.SQLiteDatabase.insertWithOnConflict(SQLiteDatabase.java:173 1)
03-12 11:25:11.717 22125 22173 E SQLiteDatabase: at android.database.sqlite.SQLiteDatabase.insert(SQLiteDatabase.java:1600)
03-12 11:25:11.717 22125 22173 E SQLiteDatabase: at X.2tm.A08(Unknown Source:6)
03-12 11:25:11.717 22125 22173 E SQLiteDatabase: at X.35Y.A07(Unknown Source:212)
03-12 11:25:11.717 22125 22173 E SQLiteDatabase: at X.3QF.A14(Unknown Source:470)
03-12 11:25:11.717 22125 22173 E SQLiteDatabase: at X.3gU.run(Unknown Source:982)
03-12 11:25:11.717 22125 22173 E SQLiteDatabase: at android.os.Handler.handleCallback(Handler.java:938)
03-12 11:25:11.717 22125 22173 E SQLiteDatabase: at android.os.Handler.dispatchMessage(Handler.java:99)
03-12 11:25:11.717 22125 22173 E SQLiteDatabase: at X.0zq.dispatchMessage(Unknown Source:4)
03-12 11:25:11.717 22125 22173 E SQLiteDatabase: at android.os.Looper.loop(Looper.java:258)
03-12 11:25:11.717 22125 22173 E SQLiteDatabase: at android.os.HandlerThread.run(HandlerThread.java:67)
03-12 11:25:11.729 22125 22125 E libEGL : Invalid file path for libcolorx- loader.so
03-12 11:25:11.729 22125 22125 E libEGL : Invalid file path for libcolorx- loader.so
03-12 11:25:11.729 22125 22125 E libEGL : Invalid file path for libcolorx- loader.so
03-12 11:25:11.729 22125 22125 E libEGL : Invalid file path for libcolorx- loader.so
03-12 11:25:11.763 22125 22125 W Choreographer: Already have a pending vsync event. There should only be one at a time.
03-12 11:25:11.763 22125 22125 W Choreographer: Already have a pending vsync event. There should only be one at a time.
03-12 11:25:11.858 22125 22462 E libEGL : Invalid file path for libcolorx- loader.so
03-12 11:25:11.858 22125 22462 E libEGL : Invalid file path for libcolorx- loader.so
03-12 11:25:11.908 22125 22242 E CheckPermission: _bluetooth code = 1
03-12 11:25:11.908 22125 22242 E CheckPermission: _bluetooth code = 1
03-12 11:25:11.909 22125 22242 E CheckPermission: _bluetooth code = 3
03-12 11:25:11.909 22125 22242 E CheckPermission: _bluetooth code = 3
03-12 11:25:11.912 22125 22242 E CheckPermission: _bluetooth code = 11
03-12 11:25:11.912 22125 22242 E CheckPermission: _bluetooth code = 11
03-12 11:25:11.947 22125 22125 E libEGL : Invalid file path for libcolorx- loader.so
03-12 11:25:11.947 22125 22125 E libEGL : Invalid file path for libcolorx- loader.so
03-12 11:25:11.948 22125 22125 E libEGL : Invalid file path for libcolorx- loader.so
03-12 11:25:11.948 22125 22125 E libEGL : Invalid file path for libcolorx- loader.so
03-12 11:25:12.003 22125 22125 E ArmVmp : Match on catch block at 0x8d in for 0xf9
03-12 11:25:12.003 22125 22125 E ArmVmp : Match on catch block at 0x8d in for 0xf9
03-12 11:25:12.063 22125 22125 E ArmVmp : Match on catch block at 0x8d in for 0xf5
03-12 11:25:12.063 22125 22125 E ArmVmp : Match on catch block at 0x8d in for 0xf5
03-12 11:25:12.090 22125 22226 E ArmVmp : Match on catch block at 0x08 in for 0x59
03-12 11:25:12.090 22125 22226 E ArmVmp : Match on catch block at 0x08 in for 0x59
03-12 11:25:12.099 22125 22125 E ArmVmp : Match on catch block at 0x8d in for 0xf1
03-12 11:25:12.099 22125 22125 E ArmVmp : Match on catch block at 0x8d in for 0xf1
03-12 11:25:12.139 22125 22125 E ArmVmp : Match on catch block at 0x8d in for 0xf9
03-12 11:25:12.139 22125 22125 E ArmVmp : Match on catch block at 0x8d in for 0xf9
03-12 11:25:12.181 22125 22125 E ArmVmp : Match on catch block at 0x8d in for 0xf5
03-12 11:25:12.181 22125 22125 E ArmVmp : Match on catch block at 0x8d in for 0xf5
03-12 11:25:12.225 22125 22125 E ArmVmp : Match on catch block at 0x8d in for 0xf1
03-12 11:25:12.225 22125 22125 E ArmVmp : Match on catch block at 0x8d in for 0xf1
03-12 11:25:12.279 22125 22125 E ArmVmp : Match on catch block at 0x8d in for 0xf9
03-12 11:25:12.279 22125 22125 E ArmVmp : Match on catch block at 0x8d in for 0xf9
03-12 11:25:12.325 22125 22125 E ArmVmp : Match on catch block at 0x8d in for 0xf5
03-12 11:25:12.325 22125 22125 E ArmVmp : Match on catch block at 0x8d in for 0xf5
03-12 11:25:12.372 22125 22125 E ArmVmp : Match on catch block at 0x8d in for 0xf1
03-12 11:25:12.372 22125 22125 E ArmVmp : Match on catch block at 0x8d in for 0xf1
03-12 11:25:12.412 22125 22125 E ArmVmp : Match on catch block at 0x8d in for 0xf9
03-12 11:25:12.412 22125 22125 E ArmVmp : Match on catch block at 0x8d in for 0xf9
03-12 11:25:12.454 22125 22125 E ArmVmp : Match on catch block at 0x8d in for 0xf5
03-12 11:25:12.454 22125 22125 E ArmVmp : Match on catch block at 0x8d in for 0xf5
03-12 11:25:12.504 22125 22125 E ArmVmp : Match on catch block at 0x8d in for 0xf1
03-12 11:25:12.504 22125 22125 E ArmVmp : Match on catch block at 0x8d in for 0xf1
03-12 11:25:12.548 22125 22125 E ArmVmp : Match on catch block at 0x8d in for 0xf9
03-12 11:25:12.548 22125 22125 E ArmVmp : Match on catch block at 0x8d in for 0xf9
03-12 11:25:12.611 22125 22125 E ArmVmp : Match on catch block at 0x8d in for 0xf5
03-12 11:25:12.611 22125 22125 E ArmVmp : Match on catch block at 0x8d in for 0xf5
03-12 11:25:12.650 22125 22125 E ArmVmp : Match on catch block at 0x8d in for 0xf1
03-12 11:25:12.650 22125 22125 E ArmVmp : Match on catch block at 0x8d in for 0xf1
03-12 11:25:12.717 22125 22125 W Choreographer: Already have a pending vsync event. There should only be one at a time.
03-12 11:25:12.717 22125 22125 W Choreographer: Already have a pending vsync event. There should only be one at a time.
03-12 11:25:13.811 22125 22125 E libEGL : Invalid file path for libcolorx- loader.so
03-12 11:25:13.811 22125 22125 E libEGL : Invalid file path for libcolorx- loader.so
03-12 11:25:13.812 22125 22125 E libEGL : Invalid file path for libcolorx- loader.so
03-12 11:25:13.812 22125 22125 E libEGL : Invalid file path for libcolorx- loader.so
03-12 11:25:13.841 22125 22125 W Choreographer: Already have a pending vsync event. There should only be one at a time.
03-12 11:25:13.841 22125 22125 W Choreographer: Already have a pending vsync event. There should only be one at a time.
03-12 11:25:14.358 22125 22247 E Parcel : Reading a NULL string not supported here.
03-12 11:25:14.358 22125 22247 E Parcel : Reading a NULL string not supported here.
03-12 11:25:14.491 22125 22247 W CursorWindow: Window is full: requested allocation 804 bytes, free space 335 bytes, window size 2097152 bytes
03-12 11:25:14.491 22125 22247 W CursorWindow: Window is full: requested allocation 804 bytes, free space 335 bytes, window size 2097152 bytes
03-12 11:25:14.785 22125 22247 W CursorWindow: Window is full: requested allocation 804 bytes, free space 527 bytes, window size 2097152 bytes
03-12 11:25:14.785 22125 22247 W CursorWindow: Window is full: requested allocation 804 bytes, free space 527 bytes, window size 2097152 bytes
03-12 11:25:14.967 22125 22247 W CursorWindow: Window is full: requested allocation 804 bytes, free space 596 bytes, window size 2097152 bytes
03-12 11:25:14.967 22125 22247 W CursorWindow: Window is full: requested allocation 804 bytes, free space 596 bytes, window size 2097152 bytes
03-12 11:25:15.151 22125 22247 W CursorWindow: Window is full: requested allocation 804 bytes, free space 527 bytes, window size 2097152 bytes
03-12 11:25:15.151 22125 22247 W CursorWindow: Window is full: requested allocation 804 bytes, free space 527 bytes, window size 2097152 bytes
03-12 11:25:15.366 22125 22247 W CursorWindow: Window is full: requested allocation 804 bytes, free space 511 bytes, window size 2097152 bytes
03-12 11:25:15.366 22125 22247 W CursorWindow: Window is full: requested allocation 804 bytes, free space 511 bytes, window size 2097152 bytes
03-12 11:25:15.597 22125 22247 W CursorWindow: Window is full: requested allocation 804 bytes, free space 559 bytes, window size 2097152 bytes
03-12 11:25:15.597 22125 22247 W CursorWindow: Window is full: requested allocation 804 bytes, free space 559 bytes, window size 2097152 bytes
03-12 11:25:15.680 22125 22125 E libEGL : Invalid file path for libcolorx- loader.so
03-12 11:25:15.680 22125 22125 E libEGL : Invalid file path for libcolorx- loader.so
03-12 11:25:15.681 22125 22125 E libEGL : Invalid file path for libcolorx- loader.so
03-12 11:25:15.681 22125 22125 E libEGL : Invalid file path for libcolorx- loader.so
03-12 11:25:15.711 22125 22125 W Choreographer: Already have a pending vsync event. There should only be one at a time.
03-12 11:25:15.711 22125 22125 W Choreographer: Already have a pending vsync event. There should only be one at a time.
03-12 11:25:16.269 22125 22247 W CursorWindow: Window is full: requested allocation 804 bytes, free space 277 bytes, window size 2097152 bytes
03-12 11:25:16.269 22125 22247 W CursorWindow: Window is full: requested allocation 804 bytes, free space 277 bytes, window size 2097152 bytes
03-12 11:25:16.557 22125 22247 W CursorWindow: Window is full: requested allocation 804 bytes, free space 731 bytes, window size 2097152 bytes
03-12 11:25:16.557 22125 22247 W CursorWindow: Window is full: requested allocation 804 bytes, free space 731 bytes, window size 2097152 bytes
03-12 11:25:16.734 22125 22247 W CursorWindow: Window is full: requested allocation 804 bytes, free space 415 bytes, window size 2097152 bytes
03-12 11:25:16.734 22125 22247 W CursorWindow: Window is full: requested allocation 804 bytes, free space 415 bytes, window size 2097152 bytes
03-12 11:25:16.919 22125 22247 W CursorWindow: Window is full: requested allocation 804 bytes, free space 431 bytes, window size 2097152 bytes
03-12 11:25:16.919 22125 22247 W CursorWindow: Window is full: requested allocation 804 bytes, free space 431 bytes, window size 2097152 bytes
03-12 11:25:17.188 22125 22247 W CursorWindow: Window is full: requested allocation 804 bytes, free space 359 bytes, window size 2097152 bytes
03-12 11:25:17.188 22125 22247 W CursorWindow: Window is full: requested allocation 804 bytes, free space 359 bytes, window size 2097152 bytes
03-12 11:25:17.451 22125 22247 W CursorWindow: Window is full: requested allocation 804 bytes, free space 374 bytes, window size 2097152 bytes
03-12 11:25:17.451 22125 22247 W CursorWindow: Window is full: requested allocation 804 bytes, free space 374 bytes, window size 2097152 bytes
03-12 11:25:17.704 22125 22247 W CursorWindow: Window is full: requested allocation 804 bytes, free space 531 bytes, window size 2097152 bytes
03-12 11:25:17.704 22125 22247 W CursorWindow: Window is full: requested allocation 804 bytes, free space 531 bytes, window size 2097152 bytes
03-12 11:25:17.990 22125 22247 W CursorWindow: Window is full: requested allocation 804 bytes, free space 786 bytes, window size 2097152 bytes
03-12 11:25:17.990 22125 22247 W CursorWindow: Window is full: requested allocation 804 bytes, free space 786 bytes, window size 2097152 bytes
03-12 11:25:18.251 22125 22247 E Parcel : Reading a NULL string not supported here.
03-12 11:25:18.251 22125 22247 E Parcel : Reading a NULL string not supported here.
03-12 11:25:18.413 22125 22247 E Parcel : Reading a NULL string not supported here.
03-12 11:25:18.413 22125 22247 E Parcel : Reading a NULL string not supported here.
03-12 11:25:20.057 22125 22247 E Parcel : Reading a NULL string not supported here.
03-12 11:25:20.057 22125 22247 E Parcel : Reading a NULL string not supported here.
03-12 11:25:20.123 22125 22247 E Parcel : Reading a NULL string not supported here.
03-12 11:25:20.123 22125 22247 E Parcel : Reading a NULL string not supported here.
03-12 11:25:20.251 22125 22247 E Parcel : Reading a NULL string not supported here.
03-12 11:25:20.251 22125 22247 E Parcel : Reading a NULL string not supported here.
03-12 11:25:20.600 22125 22247 E Parcel : Reading a NULL string not supported here.
03-12 11:25:20.600 22125 22247 E Parcel : Reading a NULL string not supported here.
03-12 11:25:20.660 22125 22247 E Parcel : Reading a NULL string not supported here.
03-12 11:25:20.660 22125 22247 E Parcel : Reading a NULL string not supported here.
03-12 11:25:20.966 22125 22125 E Parcel : Reading a NULL string not supported here.
03-12 11:25:20.966 22125 22125 E Parcel : Reading a NULL string not supported here.
03-12 11:25:20.999 22125 22516 E libEGL : Invalid file path for libcolorx- loader.so
03-12 11:25:20.999 22125 22516 E libEGL : Invalid file path for libcolorx- loader.so
03-12 11:25:21.061 22125 22125 E libEGL : Invalid file path for libcolorx- loader.so
03-12 11:25:21.061 22125 22125 E libEGL : Invalid file path for libcolorx- loader.so
03-12 11:25:21.062 22125 22125 E libEGL : Invalid file path for libcolorx- loader.so
03-12 11:25:21.062 22125 22125 E libEGL : Invalid file path for libcolorx- loader.so
03-12 11:25:21.102 22125 22125 W Choreographer: Already have a pending vsync event. There should only be one at a time.
03-12 11:25:21.102 22125 22125 W Choreographer: Already have a pending vsync event. There should only be one at a time.
03-12 11:25:21.669 22125 22125 E Parcel : Reading a NULL string not supported here.
03-12 11:25:21.669 22125 22125 E Parcel : Reading a NULL string not supported here.
03-12 11:25:21.691 22125 22518 E libEGL : Invalid file path for libcolorx- loader.so
03-12 11:25:21.691 22125 22518 E libEGL : Invalid file path for libcolorx- loader.so
03-12 11:25:21.722 22125 22125 E libEGL : Invalid file path for libcolorx- loader.so
03-12 11:25:21.722 22125 22125 E libEGL : Invalid file path for libcolorx- loader.so
03-12 11:25:21.723 22125 22125 E libEGL : Invalid file path for libcolorx- loader.so
03-12 11:25:21.723 22125 22125 E libEGL : Invalid file path for libcolorx- loader.so
03-12 11:25:21.739 22125 22125 E ArmVmp : Match on catch block at 0x8d in for 0xe1
03-12 11:25:21.739 22125 22125 E ArmVmp : Match on catch block at 0x8d in for 0xe1
03-12 11:25:21.744 22125 22125 E ArmVmp : Match on catch block at 0x8d in for 0xe9
03-12 11:25:21.744 22125 22125 E ArmVmp : Match on catch block at 0x8d in for 0xe9
03-12 11:25:21.782 22125 22125 W Choreographer: Already have a pending vsync event. There should only be one at a time.
03-12 11:25:21.782 22125 22125 W Choreographer: Already have a pending vsync event. There should only be one at a time.
03-12 11:25:21.819 22125 22125 W BottomSheetBehavior: BottomSheetBehavior now supports multiple callbacks. `setBottomSheetCallback()` removes all existing callbacks, including ones set internally by library authors, which may result in unintended behavior. This may change in the future. Please use `addBottomSheetCallback()` and `removeBottomSheetCallback()` instead to set your own callbacks.
03-12 11:25:21.819 22125 22125 W BottomSheetBehavior: BottomSheetBehavior now supports multiple callbacks. `setBottomSheetCallback()` removes all existing callbacks, including ones set internally by library authors, which may result in unintended behavior. This may change in the future. Please use `addBottomSheetCallback()` and `removeBottomSheetCallback()` instead to set your own callbacks.
03-12 11:25:21.819 22125 22125 W BottomSheetBehavior: BottomSheetBehavior now supports multiple callbacks. `setBottomSheetCallback()` removes all existing callbacks, including ones set internally by library authors, which may result in unintended behavior. This may change in the future. Please use `addBottomSheetCallback()` and `removeBottomSheetCallback()` instead to set your own callbacks.
03-12 11:25:21.819 22125 22125 W BottomSheetBehavior: BottomSheetBehavior now supports multiple callbacks. `setBottomSheetCallback()` removes all existing callbacks, including ones set internally by library authors, which may result in unintended behavior. This may change in the future. Please use `addBottomSheetCallback()` and `removeBottomSheetCallback()` instead to set your own callbacks.
03-12 11:25:21.907 22125 22247 E Parcel : Reading a NULL string not supported here.
03-12 11:25:21.907 22125 22247 E Parcel : Reading a NULL string not supported here.
03-12 11:25:21.961 22125 22523 W AudioCapabilities: Unsupported mime audio/ffmpeg
