03-12 11:24:00.515 21464 21464 E ArmVmp : Match on catch block at 0x0a in for 0x139
03-12 11:24:00.518 21464 21464 E Parcel : Reading a NULL string not supported here.
03-12 11:24:00.526 21464 21555 W com.whatsapp: Accessing hidden method Lcom/android/org/conscrypt/ConscryptEngineSocket;->setUseSessionTickets(Z)V (greylist-max-q,test-api, reflection, denied)
03-12 11:24:00.526 21464 21555 W com.whatsapp: Accessing hidden method Lcom/android/org/conscrypt/OpenSSLSocketImpl;->setUseSessionTickets(Z)V (greylist- max-q,test-api, reflection, denied)
03-12 11:24:00.526 21464 21555 W com.whatsapp: Accessing hidden method Lcom/android/org/conscrypt/AbstractConscryptSocket;->setUseSessionTickets(Z)V (greylist-max-q, reflection, denied)
03-12 11:24:00.526 21464 21555 W com.whatsapp: Accessing hidden method Lcom/android/org/conscrypt/ConscryptEngineSocket;->setHostname(Ljava/lang/String;)V (greylist-max-q,test-api, reflection, denied)
03-12 11:24:00.526 21464 21555 W com.whatsapp: Accessing hidden method Lcom/android/org/conscrypt/OpenSSLSocketImpl;->setHostname(Ljava/lang/String;)V (greylist-max-q,test-api, reflection, denied)
03-12 11:24:00.526 21464 21555 W com.whatsapp: Accessing hidden method Lcom/android/org/conscrypt/AbstractConscryptSocket;->setHostname(Ljava/lang/ String;)V (greylist-max-q, reflection, denied)
03-12 11:24:00.527 21464 21555 W com.whatsapp: Accessing hidden method Lcom/android/org/conscrypt/OpenSSLSocketImpl;->setAlpnProtocols([B)V (greylist-max- q,test-api, reflection, denied)
03-12 11:24:00.527 21464 21555 W com.whatsapp: Accessing hidden method Lcom/android/org/conscrypt/AbstractConscryptSocket;->setAlpnProtocols([B)V (greylist-max-q, reflection, denied)
03-12 11:24:00.539 21464 21464 E Parcel : Reading a NULL string not supported here.
03-12 11:24:00.556 21464 21537 W System : ClassLoader referenced unknown path: system/framework/mediatek-cta.jar
03-12 11:24:00.637 21464 21555 W com.whatsapp: Accessing hidden method Lcom/android/org/conscrypt/OpenSSLSocketImpl;->getAlpnSelectedProtocol()[B (greylist-max-q,test-api, reflection, denied)
03-12 11:24:00.637 21464 21555 W com.whatsapp: Accessing hidden method Lcom/android/org/conscrypt/AbstractConscryptSocket;->getAlpnSelectedProtocol()[B (greylist-max-q, reflection, denied)
03-12 11:24:00.696 21464 21464 E libEGL : Invalid file path for libcolorx- loader.so
03-12 11:24:00.697 21464 21464 E libEGL : Invalid file path for libcolorx- loader.so
03-12 11:24:00.914 21464 21572 W LOTTIE : Animation contains merge paths. Merge paths are only supported on KitKat+ and must be manually enabled by calling enableMergePathsForKitKatAndAbove().
03-12 11:24:00.990 21464 21547 E libEGL : Invalid file path for libcolorx- loader.so
03-12 11:24:00.999 21464 21547 E EGL-gift: Cannot load register apis
03-12 11:24:01.010 21464 21547 E libEGL : Invalid file path for libcolorx- loader.so
03-12 11:24:01.010 21464 21547 E libEGL : Invalid file path for libcolorx- loader.so
03-12 11:24:01.010 21464 21547 E libEGL : Invalid file path for libcolorx- loader.so
03-12 11:24:01.011 21464 21547 E libEGL : Invalid file path for libcolorx- loader.so
03-12 11:24:01.011 21464 21547 E libEGL : Invalid file path for libcolorx- loader.so
03-12 11:24:01.013 21464 21547 E libEGL : Invalid file path for libcolorx- loader.so
03-12 11:24:01.123 21464 21587 E libc : Access denied finding property "vendor.debug.drm.logv"
03-12 11:24:01.123 21464 21587 E libc : Access denied finding property "vendor.debug.drm.logv"
03-12 11:24:01.124 21464 21587 E libc : Access denied finding property "vendor.debug.drm.logd"
03-12 11:24:01.124 21464 21587 E libc : Access denied finding property "vendor.debug.drm.logv"
03-12 11:24:01.333 21464 21464 E RecyclerView: No adapter attached; skipping layout
03-12 11:24:01.385 21464 21547 E ion : ioctl c0044901 failed with code -1: Invalid argument
03-12 11:24:01.428 21464 21464 W Choreographer: Already have a pending vsync event. There should only be one at a time.
03-12 11:24:01.631 21464 21464 E RecyclerView: No adapter attached; skipping layout
03-12 11:24:01.671 21464 21464 W LOTTIE : Animation contains merge paths but they are disabled.
03-12 11:24:01.729 21464 21593 E libEGL : Invalid file path for libcolorx- loader.so
03-12 11:24:01.733 21464 21464 E ArmVmp : Match on catch block at 0x0a in for 0xd9
03-12 11:24:01.769 21464 21464 E ScreenmodeClient: display mode not support
03-12 11:24:01.823 21464 21488 W LibraryVersion: Failed to get app version for libraryName: firebase-iid
03-12 11:24:01.928 21464 21523 E Parcel : Reading a NULL string not supported here.
03-12 11:24:02.598 21464 21464 E Parcel : Reading a NULL string not supported here.
03-12 11:24:02.640 21464 21605 E libEGL : Invalid file path for libcolorx- loader.so
03-12 11:24:02.813 21464 21606 E RenderScript: Failed loading RS driver: dlopen failed: library "libRSDriver_mtk.so" not found
03-12 11:24:02.813 21464 21606 E RenderScript: Failed to load runtime libRSDriver_mtk.so, loading default
03-12 11:24:02.923 21464 21615 W LOTTIE : Unknown shape type rd
03-12 11:24:03.025 21464 21464 E ArmVmp : Match on catch block at 0x0a in for 0xc1
03-12 11:24:03.028 21464 21464 E ArmVmp : Match on catch block at 0x0a in for 0xc1
03-12 11:24:03.077 21464 21464 E libEGL : Invalid file path for libcolorx- loader.so
03-12 11:24:03.078 21464 21464 E libEGL : Invalid file path for libcolorx- loader.so
03-12 11:24:03.193 21464 21464 E ArmVmp : Match on catch block at 0xc3 in for 0xb1
03-12 11:24:03.196 21464 21464 E ArmVmp : Match on catch block at 0xc3 in for 0xb9
03-12 11:24:03.221 21464 21464 W Choreographer: Already have a pending vsync event. There should only be one at a time.
03-12 11:24:03.225 21464 21464 E ArmVmp : Match on catch block at 0xc3 in for 0xa5
03-12 11:24:03.227 21464 21464 E ArmVmp : Match on catch block at 0xc3 in for 0xa1
03-12 11:24:03.288 21464 21464 E ArmVmp : Match on catch block at 0xc3 in for 0xa1
03-12 11:24:03.293 21464 21464 E ArmVmp : Match on catch block at 0xc3 in for 0xa5
03-12 11:24:03.325 21464 21464 E ArmVmp : Match on catch block at 0xc3 in for 0xa5
03-12 11:24:03.330 21464 21464 E ArmVmp : Match on catch block at 0xc3 in for 0xa9
03-12 11:24:03.357 21464 21464 E ArmVmp : Match on catch block at 0xc3 in for 0xa9
03-12 11:24:03.362 21464 21464 E ArmVmp : Match on catch block at 0xc3 in for 0xa1
03-12 11:24:03.398 21464 21464 E ArmVmp : Match on catch block at 0xc3 in for 0xa1
03-12 11:24:03.402 21464 21464 E ArmVmp : Match on catch block at 0xc3 in for 0xa5
03-12 11:24:03.410 21464 21464 W Choreographer: Already have a pending vsync event. There should only be one at a time.
03-12 11:24:03.847 21464 21464 E ArmVmp : Match on catch block at 0xc3 in for 0xa5
03-12 11:24:03.851 21464 21464 E ArmVmp : Match on catch block at 0xc3 in for 0xa9
03-12 11:24:04.350 21464 21464 E ArmVmp : Match on catch block at 0xc3 in for 0xa9
03-12 11:24:04.353 21464 21464 E ArmVmp : Match on catch block at 0xc3 in for 0xa1
03-12 11:24:04.723 21464 21464 E ArmVmp : Match on catch block at 0xc3 in for 0xa5
03-12 11:24:04.726 21464 21464 E ArmVmp : Match on catch block at 0xc3 in for 0xa9
03-12 11:24:04.732 21464 21464 E Parcel : Reading a NULL string not supported here.
03-12 11:24:04.781 21464 21464 E ArmVmp : Match on catch block at 0xc3 in for 0xa1
03-12 11:24:04.785 21464 21464 E ArmVmp : Match on catch block at 0xc3 in for 0xa5
03-12 11:24:04.833 21464 21547 E FrameEvents: updateAcquireFence: Did not find frame.
03-12 11:24:04.859 21464 21464 E ArmVmp : Match on catch block at 0xc3 in for 0xa5
03-12 11:24:04.860 21464 21464 E ArmVmp : Match on catch block at 0xc3 in for 0xa9
03-12 11:24:04.868 21464 21698 E libEGL : Invalid file path for libcolorx- loader.so
03-12 11:24:04.965 21464 21464 W ResourceType: Bad XML block: header size 18254 or total size 169478669 is larger than data size 231
03-12 11:24:04.969 21464 21464 W ResourceType: Bad XML block: header size 18254 or total size 169478669 is larger than data size 265
03-12 11:24:04.983 21464 21464 W ResourceType: Bad XML block: header size 18254 or total size 169478669 is larger than data size 376
03-12 11:24:04.988 21464 21464 W ResourceType: Bad XML block: header size 18254 or total size 169478669 is larger than data size 168
03-12 11:24:04.997 21464 21464 W ResourceType: Bad XML block: header size 18254 or total size 169478669 is larger than data size 571
03-12 11:24:05.007 21464 21464 W ResourceType: Bad XML block: header size 18254 or total size 169478669 is larger than data size 193
03-12 11:24:05.011 21464 21464 W ResourceType: Bad XML block: header size 18254 or total size 169478669 is larger than data size 363
03-12 11:24:05.017 21464 21464 W ResourceType: Bad XML block: header size 18254 or total size 169478669 is larger than data size 630
03-12 11:24:05.022 21464 21464 W ResourceType: Bad XML block: header size 18254 or total size 169478669 is larger than data size 313
03-12 11:24:05.027 21464 21464 W ResourceType: Bad XML block: header size 18254 or total size 169478669 is larger than data size 630
03-12 11:24:05.032 21464 21464 W ResourceType: Bad XML block: header size 18254 or total size 169478669 is larger than data size 457
03-12 11:24:05.036 21464 21464 W ResourceType: Bad XML block: header size 18254 or total size 169478669 is larger than data size 343
03-12 11:24:05.166 21464 21528 E Parcel : Reading a NULL string not supported here.
03-12 11:24:05.171 21464 21464 W ResourceType: Bad XML block: header size 18254 or total size 169478669 is larger than data size 299
03-12 11:24:05.176 21464 21464 W ResourceType: Bad XML block: header size 18254 or total size 169478669 is larger than data size 547
03-12 11:24:05.194 21464 21464 W ResourceType: Bad XML block: header size 18254 or total size 169478669 is larger than data size 363
03-12 11:24:05.212 21464 21464 E libEGL : Invalid file path for libcolorx- loader.so
03-12 11:24:05.212 21464 21464 E libEGL : Invalid file path for libcolorx- loader.so
03-12 11:24:05.215 21464 21464 E ArmVmp : Match on catch block at 0xc3 in for 0xa1
03-12 11:24:05.218 21464 21464 E ArmVmp : Match on catch block at 0xc3 in for 0xa5
03-12 11:24:05.255 21464 21464 W Choreographer: Already have a pending vsync event. There should only be one at a time.
03-12 11:24:05.278 21464 21464 E ArmVmp : Match on catch block at 0xc3 in for 0xa1
03-12 11:24:05.280 21464 21464 E ArmVmp : Match on catch block at 0xc3 in for 0xa5
03-12 11:24:05.391 21464 21464 E ArmVmp : Match on catch block at 0xc3 in for 0xa5
03-12 11:24:05.393 21464 21464 E ArmVmp : Match on catch block at 0xc3 in for 0xa9
03-12 11:24:05.528 21464 21464 E ArmVmp : Match on catch block at 0xc3 in for 0xa9
03-12 11:24:05.531 21464 21464 E ArmVmp : Match on catch block at 0xc3 in for 0xa1
03-12 11:24:06.421 21464 21523 E Parcel : Reading a NULL string not supported here.
03-12 11:24:06.680 21464 21464 E libEGL : Invalid file path for libcolorx- loader.so
03-12 11:24:06.681 21464 21464 E libEGL : Invalid file path for libcolorx- loader.so
03-12 11:24:07.317 21464 21464 E Parcel : Reading a NULL string not supported here.
03-12 11:24:07.785 21464 21464 E libEGL : Invalid file path for libcolorx- loader.so
03-12 11:24:07.786 21464 21464 E libEGL : Invalid file path for libcolorx- loader.so
03-12 11:24:07.954 21464 21464 W BottomSheetBehavior: BottomSheetBehavior now supports multiple callbacks. `setBottomSheetCallback()` removes all existing callbacks, including ones set internally by library authors, which may result in unintended behavior. This may change in the future. Please use `addBottomSheetCallback()` and `removeBottomSheetCallback()` instead to set your own callbacks.
03-12 11:24:08.534 21464 21464 W ResourceType: Bad XML block: header size 18254 or total size 169478669 is larger than data size 547
03-12 11:24:08.617 21464 21464 E libEGL : Invalid file path for libcolorx- loader.so
03-12 11:24:08.617 21464 21464 E libEGL : Invalid file path for libcolorx- loader.so
03-12 11:24:09.365 21464 21506 E Parcel : Reading a NULL string not supported here.
03-12 11:24:09.623 21464 21464 E Parcel : Reading a NULL string not supported here.
03-12 11:24:09.792 21464 21464 E Parcel : Reading a NULL string not supported here.
03-12 11:24:10.481 21464 21464 E ArmVmp : Match on catch block at 0x0a in for 0xc9
03-12 11:24:10.486 21464 21464 E ArmVmp : Match on catch block at 0x0a in for 0xc5
03-12 11:24:10.542 21464 21464 E ArmVmp : Match on catch block at 0xc3 in for 0xa1
03-12 11:24:10.545 21464 21464 E ArmVmp : Match on catch block at 0xc3 in for 0xa5
03-12 11:24:10.557 21464 21547 E FrameEvents: updateAcquireFence: Did not find frame.
03-12 11:24:10.569 21464 21464 E ArmVmp : Match on catch block at 0xc3 in for 0xa9
03-12 11:24:10.573 21464 21464 E ArmVmp : Match on catch block at 0xc3 in for 0xa1
03-12 11:24:10.617 21464 21464 E ArmVmp : Match on catch block at 0xc3 in for 0xa9
03-12 11:24:10.621 21464 21464 E ArmVmp : Match on catch block at 0xc3 in for 0xa1
03-12 11:24:10.670 21464 21464 E libEGL : Invalid file path for libcolorx- loader.so
03-12 11:24:10.670 21464 21464 E libEGL : Invalid file path for libcolorx- loader.so
03-12 11:24:10.966 21464 21464 E ArmVmp : Match on catch block at 0xc3 in for 0xa9
03-12 11:24:10.970 21464 21464 E ArmVmp : Match on catch block at 0xc3 in for 0xa1
03-12 11:24:10.992 21464 21464 E ArmVmp : Match on catch block at 0xc3 in for 0xa1
03-12 11:24:10.996 21464 21464 E ArmVmp : Match on catch block at 0xc3 in for 0xa5
03-12 11:24:11.017 21464 21464 E ArmVmp : Match on catch block at 0xc3 in for 0xa5
03-12 11:24:11.021 21464 21464 E ArmVmp : Match on catch block at 0xc3 in for 0xa9
03-12 11:24:11.107 21464 21464 E ArmVmp : Match on catch block at 0xc3 in for 0xa9
03-12 11:24:11.109 21464 21464 E ArmVmp : Match on catch block at 0xc3 in for 0xa1
03-12 11:24:11.133 21464 21464 E ArmVmp : Match on catch block at 0xc3 in for 0xa5
03-12 11:24:11.135 21464 21464 E ArmVmp : Match on catch block at 0xc3 in for 0xa9
03-12 11:24:11.199 21464 21464 E ArmVmp : Match on catch block at 0xc3 in for 0xa9
03-12 11:24:11.200 21464 21464 E ArmVmp : Match on catch block at 0xc3 in for 0xa1
03-12 11:24:11.334 21464 21464 E ArmVmp : Match on catch block at 0xc3 in for 0xa5
03-12 11:24:11.337 21464 21464 E ArmVmp : Match on catch block at 0xc3 in for 0xa9
03-12 11:24:12.680 21464 21464 E Parcel : Reading a NULL string not supported here.
03-12 11:24:12.711 21464 21728 E libEGL : Invalid file path for libcolorx- loader.so
03-12 11:24:12.913 21464 21464 E ArmVmp : Match on catch block at 0x0a in for 0xc5
03-12 11:24:12.916 21464 21464 E ArmVmp : Match on catch block at 0x0a in for 0xc1
03-12 11:24:12.962 21464 21464 E libEGL : Invalid file path for libcolorx- loader.so
03-12 11:24:12.962 21464 21464 E libEGL : Invalid file path for libcolorx- loader.so
03-12 11:24:13.033 21464 21464 E ArmVmp : Match on catch block at 0xc3 in for 0xb5
03-12 11:24:13.036 21464 21464 E ArmVmp : Match on catch block at 0xc3 in for 0xb5
03-12 11:24:13.076 21464 21464 E ArmVmp : Match on catch block at 0xc3 in for 0xa5
03-12 11:24:13.078 21464 21464 E ArmVmp : Match on catch block at 0xc3 in for 0xa9
03-12 11:24:13.095 21464 21464 E ArmVmp : Match on catch block at 0xc3 in for 0xa9
03-12 11:24:13.097 21464 21464 E ArmVmp : Match on catch block at 0xc3 in for 0xa1
03-12 11:24:13.125 21464 21464 E ArmVmp : Match on catch block at 0xc3 in for 0xa1
03-12 11:24:13.127 21464 21464 E ArmVmp : Match on catch block at 0xc3 in for 0xa5
03-12 11:24:13.133 21464 21464 E ArmVmp : Match on catch block at 0xc3 in for 0xa5
03-12 11:24:13.135 21464 21464 E ArmVmp : Match on catch block at 0xc3 in for 0xa9
03-12 11:24:13.144 21464 21464 E ArmVmp : Match on catch block at 0xc3 in for 0xa9
03-12 11:24:13.146 21464 21464 E ArmVmp : Match on catch block at 0xc3 in for 0xa1
03-12 11:24:13.161 21464 21464 E ArmVmp : Match on catch block at 0xc3 in for 0xa1
03-12 11:24:13.162 21464 21464 E ArmVmp : Match on catch block at 0xc3 in for 0xa5
03-12 11:24:13.615 21464 21464 E ArmVmp : Match on catch block at 0xc3 in for 0xa5
03-12 11:24:13.618 21464 21464 E ArmVmp : Match on catch block at 0xc3 in for 0xa9
03-12 11:24:13.894 21464 21464 E ArmVmp : Match on catch block at 0xc3 in for 0xa5
03-12 11:24:13.897 21464 21464 E ArmVmp : Match on catch block at 0xc3 in for 0xa9
03-12 11:24:13.988 21464 21464 E ArmVmp : Match on catch block at 0xc3 in for 0xa9
03-12 11:24:13.993 21464 21464 E ArmVmp : Match on catch block at 0xc3 in for 0xa1
03-12 11:24:14.017 21464 21464 E ArmVmp : Match on catch block at 0xc3 in for 0xa1
03-12 11:24:14.021 21464 21464 E ArmVmp : Match on catch block at 0xc3 in for 0xa5
03-12 11:24:14.097 21464 21464 E ArmVmp : Match on catch block at 0xc3 in for 0xa5
03-12 11:24:14.103 21464 21464 E ArmVmp : Match on catch block at 0xc3 in for 0xa9
03-12 11:24:14.119 21464 21464 E ArmVmp : Match on catch block at 0xc3 in for 0xa9
03-12 11:24:14.125 21464 21464 E ArmVmp : Match on catch block at 0xc3 in for 0xa1
03-12 11:24:14.135 21464 21464 E ArmVmp : Match on catch block at 0xc3 in for 0xa1
03-12 11:24:14.138 21464 21464 E ArmVmp : Match on catch block at 0xc3 in for 0xa5
03-12 11:24:14.639 21464 21464 E ArmVmp : Match on catch block at 0xc3 in for 0xa5
03-12 11:24:14.642 21464 21464 E ArmVmp : Match on catch block at 0xc3 in for 0xa9
03-12 11:24:15.142 21464 21464 E ArmVmp : Match on catch block at 0xc3 in for 0xa9
03-12 11:24:15.146 21464 21464 E ArmVmp : Match on catch block at 0xc3 in for 0xa1
03-12 11:24:15.645 21464 21464 E ArmVmp : Match on catch block at 0xc3 in for 0xa1
03-12 11:24:15.648 21464 21464 E ArmVmp : Match on catch block at 0xc3 in for 0xa5
03-12 11:24:15.670 21464 21523 E Parcel : Reading a NULL string not supported here.
03-12 11:24:16.149 21464 21464 E ArmVmp : Match on catch block at 0xc3 in for 0xa1
03-12 11:24:16.153 21464 21464 E ArmVmp : Match on catch block at 0xc3 in for 0xa5
03-12 11:24:16.636 21464 21464 E ArmVmp : Match on catch block at 0xc3 in for 0xa5
03-12 11:24:16.639 21464 21464 E ArmVmp : Match on catch block at 0xc3 in for 0xa9
03-12 11:24:17.141 21464 21464 E ArmVmp : Match on catch block at 0xc3 in for 0xa9
03-12 11:24:17.144 21464 21464 E ArmVmp : Match on catch block at 0xc3 in for 0xa1
03-12 11:24:17.158 21464 21478 W System : A resource failed to call release.
03-12 11:24:17.159 21464 21478 W System : A resource failed to call release.
03-12 11:24:17.538 21464 21464 E ArmVmp : Match on catch block at 0xc3 in for 0xa9
03-12 11:24:17.541 21464 21464 E ArmVmp : Match on catch block at 0xc3 in for 0xa1
03-12 11:24:17.559 21464 21464 E ArmVmp : Match on catch block at 0xc3 in for 0xa9
03-12 11:24:17.563 21464 21464 E ArmVmp : Match on catch block at 0xc3 in for 0xa1
03-12 11:24:17.642 21464 21464 E ArmVmp : Match on catch block at 0xc3 in for 0xa1
03-12 11:24:17.645 21464 21464 E ArmVmp : Match on catch block at 0xc3 in for 0xa5
03-12 11:24:17.951 21464 21464 E ArmVmp : Match on catch block at 0xc3 in for 0xa9
03-12 11:24:17.954 21464 21464 E ArmVmp : Match on catch block at 0xc3 in for 0xa1
03-12 11:24:18.147 21464 21464 E ArmVmp : Match on catch block at 0xc3 in for 0xa1
03-12 11:24:18.150 21464 21464 E ArmVmp : Match on catch block at 0xc3 in for 0xa5
03-12 11:24:18.257 21464 21464 E ArmVmp : Match on catch block at 0xc3 in for 0xa9
03-12 11:24:18.258 21464 21464 E ArmVmp : Match on catch block at 0xc3 in for 0xa1
03-12 11:24:18.396 21464 21464 E ArmVmp : Match on catch block at 0xc3 in for 0xa9
03-12 11:24:18.400 21464 21464 E ArmVmp : Match on catch block at 0xc3 in for 0xa1
03-12 11:24:18.512 21464 21464 E ArmVmp : Match on catch block at 0xc3 in for 0xa1
03-12 11:24:18.519 21464 21464 E ArmVmp : Match on catch block at 0xc3 in for 0xa5
03-12 11:24:21.799 21464 21464 E libEGL : Invalid file path for libcolorx- loader.so
03-12 11:24:21.800 21464 21464 E libEGL : Invalid file path for libcolorx- loader.so
03-12 11:24:21.970 21464 21464 E libEGL : Invalid file path for libcolorx- loader.so
03-12 11:24:21.971 21464 21464 E libEGL : Invalid file path for libcolorx- loader.so
03-12 11:24:22.611 21464 21464 E libEGL : Invalid file path for libcolorx- loader.so
03-12 11:24:22.612 21464 21464 E libEGL : Invalid file path for libcolorx- loader.so
03-12 11:24:22.612 21464 21530 E Parcel : Reading a NULL string not supported here.
03-12 11:24:23.109 21464 21749 W SQLiteLog: (28) double-quoted string literal: "2E7400EDA371521233456C4F78FF80E8"
03-12 11:24:23.109 21464 21749 W SQLiteLog: (28) double-quoted string literal: "E9DE1FBC16A7E5BD881EB20E7D1D4492"
03-12 11:24:23.109 21464 21749 W SQLiteLog: (28) double-quoted string literal: "528C21B342F44CBB2E12BCC3338571E6"
03-12 11:24:23.121 21464 21750 W SQLiteLog: (28) double-quoted string literal: "3B3646AAC9D8B1A1F09778C48019788F"
03-12 11:24:23.121 21464 21750 W SQLiteLog: (28) double-quoted string literal: "5D16E9339A9A54DBE7747438ADA7F6F8"
03-12 11:24:23.121 21464 21750 W SQLiteLog: (28) double-quoted string literal: "675A81802E78EB05BA25F31A1FB39975"
03-12 11:24:24.210 21464 21464 E Parcel : Reading a NULL string not supported here.
03-12 11:24:24.249 21464 21751 E libEGL : Invalid file path for libcolorx- loader.so
03-12 11:24:24.294 21464 21464 E libEGL : Invalid file path for libcolorx- loader.so
03-12 11:24:24.294 21464 21464 E libEGL : Invalid file path for libcolorx- loader.so
03-12 11:24:24.408 21464 21464 W BottomSheetBehavior: BottomSheetBehavior now supports multiple callbacks. `setBottomSheetCallback()` removes all existing callbacks, including ones set internally by library authors, which may result in unintended behavior. This may change in the future. Please use `addBottomSheetCallback()` and `removeBottomSheetCallback()` instead to set your own callbacks.
03-12 11:24:24.408 21464 21464 W BottomSheetBehavior: BottomSheetBehavior now supports multiple callbacks. `setBottomSheetCallback()` removes all existing callbacks, including ones set internally by library authors, which may result in unintended behavior. This may change in the future. Please use `addBottomSheetCallback()` and `removeBottomSheetCallback()` instead to set your own callbacks.
03-12 11:24:24.495 21464 21464 W BottomSheetBehavior: BottomSheetBehavior now supports multiple callbacks. `setBottomSheetCallback()` removes all existing callbacks, including ones set internally by library authors, which may result in unintended behavior. This may change in the future. Please use `addBottomSheetCallback()` and `removeBottomSheetCallback()` instead to set your own callbacks.
03-12 11:24:24.495 21464 21464 W BottomSheetBehavior: BottomSheetBehavior now supports multiple callbacks. `setBottomSheetCallback()` removes all existing callbacks, including ones set internally by library authors, which may result in unintended behavior. This may change in the future. Please use `addBottomSheetCallback()` and `removeBottomSheetCallback()` instead to set your own callbacks.
03-12 11:24:24.539 21464 21464 W BottomSheetBehavior: BottomSheetBehavior now supports multiple callbacks. `setBottomSheetCallback()` removes all existing callbacks, including ones set internally by library authors, which may result in unintended behavior. This may change in the future. Please use `addBottomSheetCallback()` and `removeBottomSheetCallback()` instead to set your own callbacks.
03-12 11:24:24.539 21464 21464 W BottomSheetBehavior: BottomSheetBehavior now supports multiple callbacks. `setBottomSheetCallback()` removes all existing callbacks, including ones set internally by library authors, which may result in unintended behavior. This may change in the future. Please use `addBottomSheetCallback()` and `removeBottomSheetCallback()` instead to set your own callbacks.
03-12 11:24:24.564 21464 21464 E RecyclerView: No adapter attached; skipping layout
03-12 11:24:24.566 21464 21464 E RecyclerView: No adapter attached; skipping layout
03-12 11:24:24.568 21464 21464 E RecyclerView: No adapter attached; skipping layout
03-12 11:24:24.751 21464 21759 W AudioCapabilities: Unsupported mime audio/ffmpeg
03-12 11:24:24.752 21464 21759 W AudioCapabilities: Unsupported mime audio/x-adpcm- ms
03-12 11:24:24.752 21464 21759 W AudioCapabilities: Unsupported mime audio/x-adpcm- dvi-ima
03-12 11:24:24.752 21464 21759 W AudioCapabilities: Unsupported mime audio/alac
03-12 11:24:24.752 21464 21759 W AudioCapabilities: Unsupported mime audio/ape
03-12 11:24:24.753 21464 21759 W AudioCapabilities: Unsupported mime audio/x-ms-wma
03-12 11:24:24.753 21464 21759 W VideoCapabilities: Unsupported mime video/ffmpeg
03-12 11:24:24.757 21464 21759 W VideoCapabilities: Unrecognized profile/level 1/32 for video/mp4v-es
03-12 11:24:24.757 21464 21759 W VideoCapabilities: Unrecognized profile/level 32768/2 for video/mp4v-es
03-12 11:24:24.757 21464 21759 W VideoCapabilities: Unrecognized profile/level 32768/64 for video/mp4v-es
03-12 11:24:24.758 21464 21759 W VideoCapabilities: Unsupported mime video/x-ms-wmv
03-12 11:24:24.759 21464 21759 W VideoCapabilities: Unsupported mime video/xvid
03-12 11:24:24.761 21464 21759 W VideoCapabilities: Unrecognized profile/level 1/32 for video/mp4v-es
03-12 11:24:24.789 21464 21759 E Parcel : Reading a NULL string not supported here.
03-12 11:24:24.908 21464 21764 E OplusACodec: [GetVideoCodingTypeFromMime:L691] mime:video/avc
03-12 11:24:24.914 21464 21764 E MtkACodecExt: setConfig(OMX_CONFIG_ROTATIONTYPE) returned error 0xfffffc0e
03-12 11:24:24.914 21464 21764 E ACodec : [OMX.MTK.VIDEO.DECODER.AVC] failed to setViLTEParameters 1
03-12 11:24:25.025 21464 21773 W Codec2Client: query -- param skipped: index = 1107298332.
03-12 11:24:25.034 21464 21773 W CCodec : This behavior is subject to change. It is recommended that app developers double check whether the requested max input size is in reasonable range.
03-12 11:24:25.038 21464 21773 W Codec2Client: query -- param skipped: index = 1342179345.
03-12 11:24:25.038 21464 21773 W Codec2Client: query -- param skipped: index = 2415921170.
03-12 11:24:25.038 21464 21773 W Codec2Client: query -- param skipped: index = 1610614798.
03-12 11:24:25.040 21464 21773 E FMQ : grantorIdx must be less than 3
03-12 11:24:25.041 21464 21773 E FMQ : grantorIdx must be less than 3
03-12 11:24:25.059 21464 21773 E FMQ : grantorIdx must be less than 3
03-12 11:24:26.184 21464 21765 E FMQ : grantorIdx must be less than 3
03-12 11:24:33.278 21464 21512 E SQLiteDatabase: Error inserting transferred=0 media_job_uuid=16bebd13-fc44-4aa1-9bf5-1e5c3a8dc008 transcoded=0 gif_attribution=0 first_scan_length=15551 direct_path=/o1/v/t62.7118-24/f1/m233/up-oil-image- ce116dc9-d0b5-4ef1-b06a-b3321b38602a?ccb=9- 4&oh=01_AdSexq4LBZKPzO6LcXhhu98Ut100fzhFBR7H_- pvJvP4fg&oe=661744C4&_nc_sid=000000&_nc_hot=1710217458 thumbnail_height_width_ratio=1.3333334 is_animated_sticker=0 file_hash=DJDOE1kL0u+M7T/1QeIYaBwuCWSPM14VXM3vP+7lGK0= file_path=null file_size=0 partial_media_hash=dRq44c5Bd4oRHUIFi/RFSSazoZHfe9WKHzQmgzGHjFQ= face_x=0 face_y=0 height=1280 trim_to=0 media_key_timestamp=1710188205000 message_url=https://mmg.whatsapp.net/o1/v/t62.7118-24/f1/m233/up-oil-image- ce116dc9-d0b5-4ef1-b06a-b3321b38602a?ccb=9- 4&oh=01_AdSexq4LBZKPzO6LcXhhu98Ut100fzhFBR7H_- pvJvP4fg&oe=661744C4&_nc_sid=000000&mms3=true media_caption=null trim_from=0 mime_type=image/jpeg partial_media_enc_hash=null width=970 original_file_hash=null has_streaming_sidecar=1 autotransfer_retry_enabled=1 media_upload_handle=null message_row_id=2277 multicast_id=null enc_file_hash=ah0t5OUWjFNnjj6PBc/BeF/zXIdrzs0lW6f8iDdNiL4= mute_video=0 page_count=0 first_scan_sidecar=[B@28ca2ae suspicious_content=0 file_length=155739 media_name=null media_duration=0 chat_row_id=9 media_key=[B@6784f
03-12 11:24:33.278 21464 21512 E SQLiteDatabase: android.database.sqlite.SQLiteConstraintException: UNIQUE constraint failed: message_media.message_row_id (code 1555 SQLITE_CONSTRAINT_PRIMARYKEY)
03-12 11:24:33.278 21464 21512 E SQLiteDatabase: at android.database.sqlite.SQLiteConnection.nativeExecuteForLastInsertedRowId(Native Method)
03-12 11:24:33.278 21464 21512 E SQLiteDatabase: at android.database.sqlite.SQLiteConnection.executeForLastInsertedRowId(SQLiteConnecti on.java:948)
03-12 11:24:33.278 21464 21512 E SQLiteDatabase: at android.database.sqlite.SQLiteSession.executeForLastInsertedRowId(SQLiteSession.jav a:790)
03-12 11:24:33.278 21464 21512 E SQLiteDatabase: at android.database.sqlite.SQLiteStatement.executeInsert(SQLiteStatement.java:88)
03-12 11:24:33.278 21464 21512 E SQLiteDatabase: at android.database.sqlite.SQLiteDatabase.insertWithOnConflict(SQLiteDatabase.java:173 1)
03-12 11:24:33.278 21464 21512 E SQLiteDatabase: at android.database.sqlite.SQLiteDatabase.insert(SQLiteDatabase.java:1600)
03-12 11:24:33.278 21464 21512 E SQLiteDatabase: at X.2tm.A08(Unknown Source:6)
03-12 11:24:33.278 21464 21512 E SQLiteDatabase: at X.35Y.A07(Unknown Source:212)
03-12 11:24:33.278 21464 21512 E SQLiteDatabase: at X.3QF.A14(Unknown Source:470)
03-12 11:24:33.278 21464 21512 E SQLiteDatabase: at X.3gU.run(Unknown Source:982)
03-12 11:24:33.278 21464 21512 E SQLiteDatabase: at android.os.Handler.handleCallback(Handler.java:938)
03-12 11:24:33.278 21464 21512 E SQLiteDatabase: at android.os.Handler.dispatchMessage(Handler.java:99)
03-12 11:24:33.278 21464 21512 E SQLiteDatabase: at X.0zq.dispatchMessage(Unknown Source:4)
03-12 11:24:33.278 21464 21512 E SQLiteDatabase: at android.os.Looper.loop(Looper.java:258)
03-12 11:24:33.278 21464 21512 E SQLiteDatabase: at android.os.HandlerThread.run(HandlerThread.java:67) --------- beginning of system --------- beginning of main
03-12 11:24:55.350 21464 21512 E SQLiteDatabase: Error inserting transferred=0 media_job_uuid=52c71cf3-b44d-40ba-99e8-0a8b0939fe54 transcoded=0 gif_attribution=0 first_scan_length=0 direct_path=/v/t62.7161- 24/27331191_985453156575212_5243317381069219364_n.enc?ccb=11- 4&oh=01_AdS6PIy6EqhHQT0QndW4ENavrLWL-8V2yGEh_aEr0286Ow&oe=661755AD&_nc_sid=5e03e0 thumbnail_height_width_ratio=1.7777778 is_animated_sticker=0 file_hash=IjnCrZH1ZL9HD6gJ9dZxe25I/sJAXKEf+6UR39ZDYMo= file_path=null file_size=0 partial_media_hash=null face_x=0 face_y=0 height=2560 trim_to=0 media_key_timestamp=1710216533000 message_url=https://mmg.whatsapp.net/v/t62.7161- 24/27331191_985453156575212_5243317381069219364_n.enc?ccb=11- 4&oh=01_AdS6PIy6EqhHQT0QndW4ENavrLWL- 8V2yGEh_aEr0286Ow&oe=661755AD&_nc_sid=5e03e0&mms3=true media_caption=null trim_from=0 mime_type=video/mp4 partial_media_enc_hash=null width=1440 original_file_hash=null has_streaming_sidecar=1 autotransfer_retry_enabled=0 media_upload_handle=null message_row_id=1149 multicast_id=null enc_file_hash=mdb7g2sacQ35KXqzKvKZAaOjBy8xBUO4Ln5jR5EhxxA= mute_video=0 page_count=0 first_scan_sidecar=null suspicious_content=0 file_length=49112899 media_name=null media_duration=19 chat_row_id=753 media_key=[B@c7a5a84
03-12 11:24:55.350 21464 21512 E SQLiteDatabase: android.database.sqlite.SQLiteConstraintException: UNIQUE constraint failed: message_media.message_row_id (code 1555 SQLITE_CONSTRAINT_PRIMARYKEY)
03-12 11:24:55.350 21464 21512 E SQLiteDatabase: at android.database.sqlite.SQLiteConnection.nativeExecuteForLastInsertedRowId(Native Method)
03-12 11:24:55.350 21464 21512 E SQLiteDatabase: at android.database.sqlite.SQLiteConnection.executeForLastInsertedRowId(SQLiteConnecti on.java:948)
03-12 11:24:55.350 21464 21512 E SQLiteDatabase: at android.database.sqlite.SQLiteSession.executeForLastInsertedRowId(SQLiteSession.jav a:790)
03-12 11:24:55.350 21464 21512 E SQLiteDatabase: at android.database.sqlite.SQLiteStatement.executeInsert(SQLiteStatement.java:88)
03-12 11:24:55.350 21464 21512 E SQLiteDatabase: at android.database.sqlite.SQLiteDatabase.insertWithOnConflict(SQLiteDatabase.java:173 1)
03-12 11:24:55.350 21464 21512 E SQLiteDatabase: at android.database.sqlite.SQLiteDatabase.insert(SQLiteDatabase.java:1600)
03-12 11:24:55.350 21464 21512 E SQLiteDatabase: at X.2tm.A08(Unknown Source:6)
03-12 11:24:55.350 21464 21512 E SQLiteDatabase: at X.35Y.A07(Unknown Source:212)
03-12 11:24:55.350 21464 21512 E SQLiteDatabase: at X.3QF.A14(Unknown Source:470)
03-12 11:24:55.350 21464 21512 E SQLiteDatabase: at X.3gU.run(Unknown Source:982)
03-12 11:24:55.350 21464 21512 E SQLiteDatabase: at android.os.Handler.handleCallback(Handler.java:938)
03-12 11:24:55.350 21464 21512 E SQLiteDatabase: at android.os.Handler.dispatchMessage(Handler.java:99)
03-12 11:24:55.350 21464 21512 E SQLiteDatabase: at X.0zq.dispatchMessage(Unknown Source:4)
03-12 11:24:55.350 21464 21512 E SQLiteDatabase: at android.os.Looper.loop(Looper.java:258)
03-12 11:24:55.350 21464 21512 E SQLiteDatabase: at android.os.HandlerThread.run(HandlerThread.java:67)
03-12 11:24:55.369 21464 21512 E SQLiteDatabase: Error inserting transferred=0 media_job_uuid=52c71cf3-b44d-40ba-99e8-0a8b0939fe54 transcoded=0 gif_attribution=0 first_scan_length=0 direct_path=/v/t62.7161- 24/27331191_985453156575212_5243317381069219364_n.enc?ccb=11- 4&oh=01_AdS6PIy6EqhHQT0QndW4ENavrLWL-8V2yGEh_aEr0286Ow&oe=661755AD&_nc_sid=5e03e0 thumbnail_height_width_ratio=1.7777778 is_animated_sticker=0 file_hash=IjnCrZH1ZL9HD6gJ9dZxe25I/sJAXKEf+6UR39ZDYMo= file_path=null file_size=0 partial_media_hash=null face_x=0 face_y=0 height=2560 trim_to=0 media_key_timestamp=1710216533000 message_url=https://mmg.whatsapp.net/v/t62.7161- 24/27331191_985453156575212_5243317381069219364_n.enc?ccb=11- 4&oh=01_AdS6PIy6EqhHQT0QndW4ENavrLWL- 8V2yGEh_aEr0286Ow&oe=661755AD&_nc_sid=5e03e0&mms3=true media_caption=null trim_from=0 mime_type=video/mp4 partial_media_enc_hash=null width=1440 original_file_hash=null has_streaming_sidecar=1 autotransfer_retry_enabled=0 media_upload_handle=null message_row_id=1149 multicast_id=null enc_file_hash=mdb7g2sacQ35KXqzKvKZAaOjBy8xBUO4Ln5jR5EhxxA= mute_video=0 page_count=0 first_scan_sidecar=null suspicious_content=0 file_length=49112899 media_name=null media_duration=19 chat_row_id=753 media_key=[B@c7a5a84
03-12 11:24:55.369 21464 21512 E SQLiteDatabase: android.database.sqlite.SQLiteConstraintException: UNIQUE constraint failed: message_media.message_row_id (code 1555 SQLITE_CONSTRAINT_PRIMARYKEY)
03-12 11:24:55.369 21464 21512 E SQLiteDatabase: at android.database.sqlite.SQLiteConnection.nativeExecuteForLastInsertedRowId(Native Method)
03-12 11:24:55.369 21464 21512 E SQLiteDatabase: at android.database.sqlite.SQLiteConnection.executeForLastInsertedRowId(SQLiteConnecti on.java:948)
03-12 11:24:55.369 21464 21512 E SQLiteDatabase: at android.database.sqlite.SQLiteSession.executeForLastInsertedRowId(SQLiteSession.jav a:790)
03-12 11:24:55.369 21464 21512 E SQLiteDatabase: at android.database.sqlite.SQLiteStatement.executeInsert(SQLiteStatement.java:88)
03-12 11:24:55.369 21464 21512 E SQLiteDatabase: at android.database.sqlite.SQLiteDatabase.insertWithOnConflict(SQLiteDatabase.java:173 1)
03-12 11:24:55.369 21464 21512 E SQLiteDatabase: at android.database.sqlite.SQLiteDatabase.insert(SQLiteDatabase.java:1600)
03-12 11:24:55.369 21464 21512 E SQLiteDatabase: at X.2tm.A08(Unknown Source:6)
03-12 11:24:55.369 21464 21512 E SQLiteDatabase: at X.35Y.A07(Unknown Source:212)
03-12 11:24:55.369 21464 21512 E SQLiteDatabase: at X.3QF.A14(Unknown Source:470)
03-12 11:24:55.369 21464 21512 E SQLiteDatabase: at X.3gU.run(Unknown Source:982)
03-12 11:24:55.369 21464 21512 E SQLiteDatabase: at android.os.Handler.handleCallback(Handler.java:938)
03-12 11:24:55.369 21464 21512 E SQLiteDatabase: at android.os.Handler.dispatchMessage(Handler.java:99)
03-12 11:24:55.369 21464 21512 E SQLiteDatabase: at X.0zq.dispatchMessage(Unknown Source:4)
03-12 11:24:55.369 21464 21512 E SQLiteDatabase: at android.os.Looper.loop(Looper.java:258)
03-12 11:24:55.369 21464 21512 E SQLiteDatabase: at android.os.HandlerThread.run(HandlerThread.java:67)
03-12 11:24:56.358 21464 21478 W System : A resource failed to call release.
03-12 11:24:56.381 21464 21549 E Parcel : Reading a NULL string not supported here.
03-12 11:24:56.522 21464 21549 W CursorWindow: Window is full: requested allocation 804 bytes, free space 397 bytes, window size 2097152 bytes
03-12 11:24:56.917 21464 21549 W CursorWindow: Window is full: requested allocation 804 bytes, free space 187 bytes, window size 2097152 bytes
03-12 11:24:57.107 21464 21549 W CursorWindow: Window is full: requested allocation 804 bytes, free space 43 bytes, window size 2097152 bytes
03-12 11:24:57.307 21464 21549 W CursorWindow: Window is full: requested allocation 804 bytes, free space 735 bytes, window size 2097152 bytes
03-12 11:24:57.427 21464 21464 E libEGL : Invalid file path for libcolorx- loader.so
03-12 11:24:57.428 21464 21464 E libEGL : Invalid file path for libcolorx- loader.so
03-12 11:24:57.683 21464 21549 E Parcel : Reading a NULL string not supported here.
03-12 11:24:57.855 21464 21512 E SQLiteDatabase: Error inserting transferred=0 media_job_uuid=1d873c2b-000a-49a1-8d0d-dbd2d1c6a302 transcoded=0 gif_attribution=0 first_scan_length=15551 direct_path=/o1/v/t62.7118-24/f1/m233/up-oil-image- ce116dc9-d0b5-4ef1-b06a-b3321b38602a?ccb=9- 4&oh=01_AdSexq4LBZKPzO6LcXhhu98Ut100fzhFBR7H_- pvJvP4fg&oe=661744C4&_nc_sid=000000&_nc_hot=1710217493 thumbnail_height_width_ratio=1.3333334 is_animated_sticker=0 file_hash=DJDOE1kL0u+M7T/1QeIYaBwuCWSPM14VXM3vP+7lGK0= file_path=null file_size=0 partial_media_hash=dRq44c5Bd4oRHUIFi/RFSSazoZHfe9WKHzQmgzGHjFQ= face_x=0 face_y=0 height=1280 trim_to=0 media_key_timestamp=1710188205000 message_url=https://mmg.whatsapp.net/o1/v/t62.7118-24/f1/m233/up-oil-image- ce116dc9-d0b5-4ef1-b06a-b3321b38602a?ccb=9- 4&oh=01_AdSexq4LBZKPzO6LcXhhu98Ut100fzhFBR7H_- pvJvP4fg&oe=661744C4&_nc_sid=000000&mms3=true media_caption=null trim_from=0 mime_type=image/jpeg partial_media_enc_hash=null width=970 original_file_hash=null has_streaming_sidecar=1 autotransfer_retry_enabled=1 media_upload_handle=null message_row_id=2280 multicast_id=null enc_file_hash=ah0t5OUWjFNnjj6PBc/BeF/zXIdrzs0lW6f8iDdNiL4= mute_video=0 page_count=0 first_scan_sidecar=[B@84abf5e suspicious_content=0 file_length=155739 media_name=null media_duration=0 chat_row_id=5 media_key=[B@ed64f3f
03-12 11:24:57.855 21464 21512 E SQLiteDatabase: android.database.sqlite.SQLiteConstraintException: UNIQUE constraint failed: message_media.message_row_id (code 1555 SQLITE_CONSTRAINT_PRIMARYKEY)
03-12 11:24:57.855 21464 21512 E SQLiteDatabase: at android.database.sqlite.SQLiteConnection.nativeExecuteForLastInsertedRowId(Native Method)
03-12 11:24:57.855 21464 21512 E SQLiteDatabase: at android.database.sqlite.SQLiteConnection.executeForLastInsertedRowId(SQLiteConnecti on.java:948)
03-12 11:24:57.855 21464 21512 E SQLiteDatabase: at android.database.sqlite.SQLiteSession.executeForLastInsertedRowId(SQLiteSession.jav a:790)
03-12 11:24:57.855 21464 21512 E SQLiteDatabase: at android.database.sqlite.SQLiteStatement.executeInsert(SQLiteStatement.java:88)
03-12 11:24:57.855 21464 21512 E SQLiteDatabase: at android.database.sqlite.SQLiteDatabase.insertWithOnConflict(SQLiteDatabase.java:173 1)
03-12 11:24:57.855 21464 21512 E SQLiteDatabase: at android.database.sqlite.SQLiteDatabase.insert(SQLiteDatabase.java:1600)
03-12 11:24:57.855 21464 21512 E SQLiteDatabase: at X.2tm.A08(Unknown Source:6)
03-12 11:24:57.855 21464 21512 E SQLiteDatabase: at X.35Y.A07(Unknown Source:212)
03-12 11:24:57.855 21464 21512 E SQLiteDatabase: at X.3QF.A14(Unknown Source:470)
03-12 11:24:57.855 21464 21512 E SQLiteDatabase: at X.3gU.run(Unknown Source:982)
03-12 11:24:57.855 21464 21512 E SQLiteDatabase: at android.os.Handler.handleCallback(Handler.java:938)
03-12 11:24:57.855 21464 21512 E SQLiteDatabase: at android.os.Handler.dispatchMessage(Handler.java:99)
03-12 11:24:57.855 21464 21512 E SQLiteDatabase: at X.0zq.dispatchMessage(Unknown Source:4)
03-12 11:24:57.855 21464 21512 E SQLiteDatabase: at android.os.Looper.loop(Looper.java:258)
03-12 11:24:57.855 21464 21512 E SQLiteDatabase: at android.os.HandlerThread.run(HandlerThread.java:67)
03-12 11:24:58.032 21464 21549 E Parcel : Reading a NULL string not supported here.
03-12 11:24:58.538 21464 21464 E libEGL : Invalid file path for libcolorx- loader.so
03-12 11:24:58.539 21464 21464 E libEGL : Invalid file path for libcolorx- loader.so
03-12 11:24:59.208 21464 21549 E Parcel : Reading a NULL string not supported here.
03-12 11:24:59.227 21464 21549 E Parcel : Reading a NULL string not supported here.
03-12 11:24:59.788 21464 21464 E Parcel : Reading a NULL string not supported here.
03-12 11:24:59.848 22050 22050 E count_switchin: Unknown bits set in runtime_flags: 0x40000000
03-12 11:24:59.852 22050 22050 E count_switchin: Not starting debugger since process cannot load the jdwp agent.
03-12 11:24:59.857 22050 22050 E RefClass: java.lang.reflect.InvocationTargetException
03-12 11:24:59.921 22050 22050 W System.err: java.lang.ClassNotFoundException: mbmodsd.mbmodsw.ui.views.btn.BtnBK
03-12 11:24:59.921 22050 22050 W System.err: at java.lang.Runtime.nativeLoad(Native Method)
03-12 11:24:59.921 22050 22050 W System.err: at java.lang.Runtime.nativeLoad(Runtime.java:1131)
03-12 11:24:59.921 22050 22050 W System.err: at java.lang.Runtime.loadLibrary0(Runtime.java:1085)
03-12 11:24:59.921 22050 22050 W System.err: at java.lang.Runtime.loadLibrary0(Runtime.java:1008)
03-12 11:24:59.921 22050 22050 W System.err: at java.lang.System.loadLibrary(System.java:1664)
03-12 11:24:59.921 22050 22050 W System.err: at arm.EpicVm.<clinit>(Unknown Source:2)
03-12 11:24:59.921 22050 22050 W System.err: at java.lang.Class.newInstance(Native Method)
03-12 11:24:59.921 22050 22050 W System.err: at android.app.AppComponentFactory.instantiateApplication(AppComponentFactory.java:76)
03-12 11:24:59.921 22050 22050 W System.err: at androidx.core.app.CoreComponentFactory.instantiateApplication(Unknown Source:0)
03-12 11:24:59.921 22050 22050 W System.err: at android.app.Instrumentation.newApplication(Instrumentation.java:1158)
03-12 11:24:59.921 22050 22050 W System.err: at android.app.LoadedApk.makeApplication(LoadedApk.java:1324)
03-12 11:24:59.921 22050 22050 W System.err: at android.app.ActivityThread.handleBindApplication(ActivityThread.java:7191)
03-12 11:24:59.921 22050 22050 W System.err: at android.app.ActivityThread.access$1700(ActivityThread.java:292)
03-12 11:24:59.921 22050 22050 W System.err: at android.app.ActivityThread$H.handleMessage(ActivityThread.java:2177)
03-12 11:24:59.921 22050 22050 W System.err: at android.os.Handler.dispatchMessage(Handler.java:106)
03-12 11:24:59.921 22050 22050 W System.err: at android.os.Looper.loop(Looper.java:258)
03-12 11:24:59.921 22050 22050 W System.err: at android.app.ActivityThread.main(ActivityThread.java:8219)
03-12 11:24:59.921 22050 22050 W System.err: at java.lang.reflect.Method.invoke(Native Method)
03-12 11:24:59.921 22050 22050 W System.err: at com.android.internal.os.RuntimeInit$MethodAndArgsCaller.run(RuntimeInit.java:632)
03-12 11:24:59.921 22050 22050 W System.err: at com.android.internal.os.ZygoteInit.main(ZygoteInit.java:1049)
03-12 11:25:00.037 22050 22050 W count_switchin: Accessing hidden method Lcom/android/org/conscrypt/OpenSSLSocketImpl;->setUseSessionTickets(Z)V (greylist- max-q,test-api, reflection, denied)
03-12 11:25:00.038 22050 22050 W count_switchin: Accessing hidden method Lcom/android/org/conscrypt/AbstractConscryptSocket;->setUseSessionTickets(Z)V (greylist-max-q, reflection, denied)
03-12 11:25:00.053 22050 22050 W linker : Warning: "/data/data/com.whatsapp/files/decompressed/libs.spk.zst/libc++_shared.so" unused DT entry: unknown processor-specific (type 0x70000001 arg 0x0) (ignoring)
03-12 11:25:00.046 22050 22050 W count_switching: type=1400 audit(0.0:56580): avc: granted { execute } for path="/data/data/com.whatsapp/files/decompressed/libs.spk.zst/libc++_shared.so" dev="dm-26" ino=1520660 scontext=u:r:untrusted_app:s0:c151,c257,c512,c768 tcontext=u:object_r:app_data_file:s0:c151,c257,c512,c768 tclass=file app=com.whatsapp
03-12 11:25:00.050 22050 22050 W count_switching: type=1400 audit(0.0:56581): avc: granted { execute } for path="/data/data/com.whatsapp/files/decompressed/libs.spk.zst/libvlc.so" dev="dm- 26" ino=1492641 scontext=u:r:untrusted_app:s0:c151,c257,c512,c768 tcontext=u:object_r:app_data_file:s0:c151,c257,c512,c768 tclass=file app=com.whatsapp
03-12 11:25:00.050 22050 22050 W count_switching: type=1400 audit(0.0:56582): avc: granted { execute } for path="/data/data/com.whatsapp/files/decompressed/libs.spk.zst/libwhatsapp.so" dev="dm-26" ino=1492820 scontext=u:r:untrusted_app:s0:c151,c257,c512,c768 tcontext=u:object_r:app_data_file:s0:c151,c257,c512,c768 tclass=file app=com.whatsapp
03-12 11:25:00.081 22050 22093 E libEGL : Invalid file path for libcolorx- loader.so
03-12 11:25:00.089 22050 22050 W count_switchin: Class X.0eU failed lock verification and will run slower.
03-12 11:25:00.089 22050 22050 W count_switchin: Common causes for lock verification issues are non-optimized dex code
03-12 11:25:00.089 22050 22050 W count_switchin: and incorrect proguard optimizations.
03-12 11:25:00.147 22050 22050 E libEGL : Invalid file path for libcolorx- loader.so
03-12 11:25:00.147 22050 22050 E libEGL : Invalid file path for libcolorx- loader.so
03-12 11:25:00.150 21464 21549 E Parcel : Reading a NULL string not supported here.
03-12 11:25:00.186 22050 22091 E libEGL : Invalid file path for libcolorx- loader.so
03-12 11:25:00.190 22050 22091 E EGL-gift: Cannot load register apis
03-12 11:25:00.193 22050 22091 E libEGL : Invalid file path for libcolorx- loader.so
03-12 11:25:00.196 22050 22091 E libEGL : Invalid file path for libcolorx- loader.so
03-12 11:25:00.196 22050 22091 E libEGL : Invalid file path for libcolorx- loader.so
03-12 11:25:00.196 22050 22091 E libEGL : Invalid file path for libcolorx- loader.so
03-12 11:25:00.216 22050 22091 E ion : ioctl c0044901 failed with code -1: Invalid argument
03-12 11:25:00.243 22050 22050 W Choreographer: Already have a pending vsync event. There should only be one at a time.
03-12 11:25:00.292 22050 22050 E ScreenmodeClient: display mode not support
03-12 11:25:00.788 21464 21549 E Parcel : Reading a NULL string not supported here.
03-12 11:25:01.335 21464 21549 E Parcel : Reading a NULL string not supported here.
03-12 11:25:02.060 21464 21549 E Parcel : Reading a NULL string not supported here.
03-12 11:25:03.083 21464 21549 E Parcel : Reading a NULL string not supported here.
03-12 11:25:03.789 21464 21549 E Parcel : Reading a NULL string not supported here.
03-12 11:25:04.468 21464 21549 E Parcel : Reading a NULL string not supported here.
03-12 11:25:05.173 21464 21549 E Parcel : Reading a NULL string not supported here.
03-12 11:25:05.675 21464 21478 W System : A resource failed to call dispose.
03-12 11:25:05.676 21464 21478 W System : A resource failed to call release.
03-12 11:25:05.678 21464 21478 W System : A resource failed to call release.
03-12 11:25:06.148 22125 22125 E com.whatsapp: Unknown bits set in runtime_flags: 0x40000000
03-12 11:25:06.152 22125 22125 E com.whatsapp: Not starting debugger since process cannot load the jdwp agent.
03-12 11:25:06.161 22125 22125 E RefClass: java.lang.reflect.InvocationTargetException
03-12 11:25:06.225 22125 22125 W System.err: java.lang.ClassNotFoundException: mbmodsd.mbmodsw.ui.views.btn.BtnBK
03-12 11:25:06.225 22125 22125 W System.err: at java.lang.Runtime.nativeLoad(Native Method)
03-12 11:25:06.225 22125 22125 W System.err: at java.lang.Runtime.nativeLoad(Runtime.java:1131)
03-12 11:25:06.225 22125 22125 W System.err: at java.lang.Runtime.loadLibrary0(Runtime.java:1085)
03-12 11:25:06.225 22125 22125 W System.err: at java.lang.Runtime.loadLibrary0(Runtime.java:1008)
03-12 11:25:06.225 22125 22125 W System.err: at java.lang.System.loadLibrary(System.java:1664)
03-12 11:25:06.225 22125 22125 W System.err: at arm.EpicVm.<clinit>(Unknown Source:2)
03-12 11:25:06.225 22125 22125 W System.err: at java.lang.Class.newInstance(Native Method)
03-12 11:25:06.225 22125 22125 W System.err: at android.app.AppComponentFactory.instantiateApplication(AppComponentFactory.java:76)
03-12 11:25:06.225 22125 22125 W System.err: at androidx.core.app.CoreComponentFactory.instantiateApplication(Unknown Source:0)
03-12 11:25:06.225 22125 22125 W System.err: at android.app.Instrumentation.newApplication(Instrumentation.java:1158)
03-12 11:25:06.225 22125 22125 W System.err: at android.app.LoadedApk.makeApplication(LoadedApk.java:1324)
03-12 11:25:06.225 22125 22125 W System.err: at android.app.ActivityThread.handleBindApplication(ActivityThread.java:7191)
03-12 11:25:06.225 22125 22125 W System.err: at android.app.ActivityThread.access$1700(ActivityThread.java:292)
03-12 11:25:06.226 22125 22125 W System.err: at android.app.ActivityThread$H.handleMessage(ActivityThread.java:2177)
03-12 11:25:06.226 22125 22125 W System.err: at android.os.Handler.dispatchMessage(Handler.java:106)
03-12 11:25:06.226 22125 22125 W System.err: at android.os.Looper.loop(Looper.java:258)
03-12 11:25:06.226 22125 22125 W System.err: at android.app.ActivityThread.main(ActivityThread.java:8219)
03-12 11:25:06.226 22125 22125 W System.err: at java.lang.reflect.Method.invoke(Native Method)
03-12 11:25:06.226 22125 22125 W System.err: at com.android.internal.os.RuntimeInit$MethodAndArgsCaller.run(RuntimeInit.java:632)
03-12 11:25:06.226 22125 22125 W System.err: at com.android.internal.os.ZygoteInit.main(ZygoteInit.java:1049)
03-12 11:25:06.232 22125 22125 E CustomActivityOnCrash: IMPORTANT WARNING! You already have an UncaughtExceptionHandler, are you sure this is correct? If you use a custom UncaughtExceptionHandler, you must initialize it AFTER CustomActivityOnCrash! Installing anyway, but your original handler will not be called.
03-12 11:25:06.250 22050 22050 E Parcel : Reading a NULL string not supported here.
