08-26 13:13:10.593 D/CompatConfig( 1092): Adding:
com.android.server.compat.config.Change@495b078
08-26 13:13:10.593 D/CompatConfig( 1092): Adding:
com.android.server.compat.config.Change@d59a7b6
08-26 13:13:10.593 I/SystemConfig( 1092): Reading permissions from
/system/etc/permissions/privapp-permissions-
com.samsung.android.providers.contacts.xml
08-26 13:13:10.594 D/CompatConfig( 1092): Adding:
com.android.server.compat.config.Change@d0a0cb7
08-26 13:13:10.594 I/SystemConfig( 1092): Reading permissions from
/system/etc/permissions/privapp-permissions-
com.samsung.android.providers.factory.xml
08-26 13:13:10.594 D/CompatConfig( 1092): Adding:
com.android.server.compat.config.Change@26f638d
08-26 13:13:10.595 D/CompatConfig( 1092): Adding:
com.android.server.compat.config.Change@5d08942
08-26 13:13:10.595 I/SystemConfig( 1092): Reading permissions from
/system/etc/permissions/privapp-permissions-com.samsung.android.providers.media.xml
08-26 13:13:10.595 D/CompatConfig( 1092): Adding:
com.android.server.compat.config.Change@8ba1690
08-26 13:13:10.596 D/CompatConfig( 1092): Adding:
com.android.server.compat.config.Change@e1f78e
08-26 13:13:10.596 I/SystemConfig( 1092): Reading permissions from
/system/etc/permissions/privapp-permissions-com.samsung.android.rubin.app.xml
08-26 13:13:10.596 D/CompatConfig( 1092): Adding:
com.android.server.compat.config.Change@f77dbaf
08-26 13:13:10.597 I/SystemConfig( 1092): Reading permissions from
/system/etc/permissions/privapp-permissions-com.samsung.android.scloud.xml
08-26 13:13:10.597 D/CompatConfig( 1092): Adding:
com.android.server.compat.config.Change@8ea7745
08-26 13:13:10.597 D/CompatConfig( 1092): Adding:
com.android.server.compat.config.Change@89fe9a
08-26 13:13:10.597 I/SystemConfig( 1092): Reading permissions from
/system/etc/permissions/privapp-permissions-com.samsung.android.scs.xml
08-26 13:13:10.597 D/CompatConfig( 1092): Adding:
com.android.server.compat.config.Change@11227a8
08-26 13:13:10.598 D/CompatConfig( 1092): Adding:
com.android.server.compat.config.Change@c042c1
08-26 13:13:10.598 I/SystemConfig( 1092): Reading permissions from
/system/etc/permissions/privapp-permissions-com.samsung.android.sdm.config.xml
08-26 13:13:10.598 D/CompatConfig( 1092): Adding:
com.android.server.compat.config.Change@b0191a7
08-26 13:13:10.599 D/CompatConfig( 1092): Adding:
com.android.server.compat.config.Change@8361654
08-26 13:13:10.599 I/SystemConfig( 1092): Reading permissions from
/system/etc/permissions/privapp-permissions-com.samsung.android.secsoundpicker.xml
08-26 13:13:10.599 D/CompatConfig( 1092): Adding:
com.android.server.compat.config.Change@4a1c6f2
08-26 13:13:10.599 D/CompatConfig( 1092): Adding:
com.android.server.compat.config.Change@4aba143
08-26 13:13:10.600 I/SystemConfig( 1092): Reading permissions from
/system/etc/permissions/privapp-permissions-
com.samsung.android.server.wifi.mobilewips.xml
08-26 13:13:10.600 D/CompatConfig( 1092): Adding:
com.android.server.compat.config.Change@fa988f9
08-26 13:13:10.600 D/CompatConfig( 1092): Adding:
com.android.server.compat.config.Change@c81603e
08-26 13:13:10.601 I/SystemConfig( 1092): Reading permissions from
/system/etc/permissions/privapp-permissions-
com.samsung.android.service.peoplestripe.xml
08-26 13:13:10.601 D/CompatConfig( 1092): Adding:
com.android.server.compat.config.Change@c0ddbec
08-26 13:13:10.601 I/SystemConfig( 1092): Reading permissions from
/system/etc/permissions/privapp-permissions-
com.samsung.android.setting.multisound.xml
08-26 13:13:10.601 D/CompatConfig( 1092): Adding:
com.android.server.compat.config.Change@f2f424a
08-26 13:13:10.602 D/CompatConfig( 1092): Adding:
com.android.server.compat.config.Change@c8df5bb
08-26 13:13:10.602 I/SystemConfig( 1092): Reading permissions from
/system/etc/permissions/privapp-permissions-
com.samsung.android.sm.devicesecurity_v6.xml
08-26 13:13:10.602 D/CompatConfig( 1092): Adding:
com.android.server.compat.config.Change@63e5e31
08-26 13:13:10.603 D/CompatConfig( 1092): Adding:
com.android.server.compat.config.Change@51c3297
08-26 13:13:10.603 I/SystemConfig( 1092): Reading permissions from
/system/etc/permissions/privapp-permissions-
com.samsung.android.smartcallprovider.xml
08-26 13:13:10.603 D/CompatConfig( 1092): Adding:
com.android.server.compat.config.Change@c35bc84
08-26 13:13:10.604 I/SystemConfig( 1092): Reading permissions from
/system/etc/permissions/privapp-permissions-com.samsung.android.smartface.xml
08-26 13:13:10.604 D/CompatConfig( 1092): Adding:
com.android.server.compat.config.Change@cd5d0a2
08-26 13:13:10.604 I/SystemConfig( 1092): Reading permissions from
/system/etc/permissions/privapp-permissions-
com.samsung.android.smartswitchassistant.xml
08-26 13:13:10.604 D/CompatConfig( 1092): Adding:
com.android.server.compat.config.Change@1941cf0
08-26 13:13:10.605 D/CompatConfig( 1092): Adding:
com.android.server.compat.config.Change@2e454ee
08-26 13:13:10.605 I/SystemConfig( 1092): Reading permissions from
/system/etc/permissions/privapp-permissions-com.samsung.android.svcagent.xml
08-26 13:13:10.606 D/CompatConfig( 1092): Adding:
com.android.server.compat.config.Change@b2cdd8f
08-26 13:13:10.606 I/SystemConfig( 1092): Reading permissions from
/system/etc/permissions/privapp-permissions-com.samsung.android.themecenter.xml
08-26 13:13:10.606 D/CompatConfig( 1092): Adding:
com.android.server.compat.config.Change@908fc25
08-26 13:13:10.607 I/SystemConfig( 1092): Reading permissions from
/system/etc/permissions/privapp-permissions-com.samsung.android.video.xml
08-26 13:13:10.607 D/CompatConfig( 1092): Adding:
com.android.server.compat.config.Change@9a3c3ab
08-26 13:13:10.608 I/SystemConfig( 1092): Reading permissions from
/system/etc/permissions/privapp-permissions-com.samsung.android.visualars.xml
08-26 13:13:10.608 D/CompatConfig( 1092): Adding:
com.android.server.compat.config.Change@3f235a1
08-26 13:13:10.608 I/SystemConfig( 1092): Reading permissions from
/system/etc/permissions/privapp-permissions-com.samsung.clipboardsaveservice.xml
08-26 13:13:10.608 D/CompatConfig( 1092): Adding:
com.android.server.compat.config.Change@858ef87
08-26 13:13:10.609 I/SystemConfig( 1092): Reading permissions from
/system/etc/permissions/privapp-permissions-com.samsung.cmh.xml
08-26 13:13:10.609 D/CompatConfig( 1092): Adding:
com.android.server.compat.config.Change@1db8add
08-26 13:13:10.610 D/CompatConfig( 1092): Adding:
com.android.server.compat.config.Change@2b7a652
08-26 13:13:10.610 I/SystemConfig( 1092): Reading permissions from
/system/etc/permissions/scamera_sep.xml
08-26 13:13:10.610 I/SystemConfig( 1092): Reading permissions from
/system/etc/permissions/privapp-permissions-com.samsung.crane.xml
08-26 13:13:10.611 I/SystemConfig( 1092): Reading permissions from
/system/etc/permissions/privapp-permissions-com.samsung.ipservice.xml
08-26 13:13:10.611 D/CompatConfig( 1092): Adding:
com.android.server.compat.config.Change@205d59e
08-26 13:13:10.612 D/CompatConfig( 1092): Adding:
com.android.server.compat.config.Change@4bdc04c
08-26 13:13:10.612 I/SystemConfig( 1092): Reading permissions from
/system/etc/permissions/privapp-permissions-com.samsung.klmsagent.xml
08-26 13:13:10.613 D/CompatConfig( 1092): Adding:
com.android.server.compat.config.Change@375adaa
08-26 13:13:10.613 I/SystemConfig( 1092): Reading permissions from
/system/etc/permissions/privapp-permissions-com.samsung.memorysaver.xml
08-26 13:13:10.614 D/CompatConfig( 1092): Adding:
com.android.server.compat.config.Change@32c9538
08-26 13:13:10.614 I/SystemConfig( 1092): Reading permissions from
/system/etc/permissions/privapp-permissions-
com.samsung.sec.android.application.csc.xml
08-26 13:13:10.615 I/SystemConfig( 1092): Reading permissions from
/system/etc/permissions/privapp-permissions-com.samsung.storyservice.xml
08-26 13:13:10.615 D/CompatConfig( 1092): Found a config file:
/system/etc/compatconfig/documents-ui-compat-config.xml
08-26 13:13:10.616 I/SystemConfig( 1092): Reading permissions from
/system/etc/permissions/privapp-permissions-com.sec.android.RilServiceModeApp.xml
08-26 13:13:10.617 I/SystemConfig( 1092): Reading permissions from
/system/etc/permissions/privapp-permissions-com.sec.android.app.SecSetupWizard.xml
08-26 13:13:10.617 I/SystemConfig( 1092): Reading permissions from
/system/etc/permissions/privapp-permissions-com.sec.android.app.billing.xml
08-26 13:13:10.618 I/SystemConfig( 1092): Reading permissions from
/system/etc/permissions/privapp-permissions-com.sec.android.app.camera.xml
08-26 13:13:10.618 D/CompatConfig( 1092): Adding:
com.android.server.compat.config.Change@f857513
08-26 13:13:10.619 D/CompatConfig( 1092): Found a config file:
/system/etc/compatconfig/secsettings-platform-compat-config.xml
08-26 13:13:10.619 I/SystemConfig( 1092): Reading permissions from
/system/etc/permissions/privapp-permissions-
com.sec.android.app.factorykeystring.xml
08-26 13:13:10.620 I/SystemConfig( 1092): Reading permissions from
/system/etc/permissions/privapp-permissions-com.sec.android.app.fm.xml
08-26 13:13:10.620 I/SystemConfig( 1092): Reading permissions from
/system/etc/permissions/privapp-permissions-com.sec.android.app.hwmoduletest.xml
08-26 13:13:10.621 I/SystemConfig( 1092): Reading permissions from
/system/etc/permissions/privapp-permissions-com.sec.android.app.itracker.xml
08-26 13:13:10.622 I/SystemConfig( 1092): Reading permissions from
/system/etc/permissions/privapp-permissions-com.sec.android.app.launcher.xml
08-26 13:13:10.623 I/SystemConfig( 1092): Reading permissions from
/system/etc/permissions/privapp-permissions-com.sec.android.app.magnifier.xml
08-26 13:13:10.623 I/SystemConfig( 1092): Reading permissions from
/system/etc/permissions/privapp-permissions-com.sec.android.app.myfiles.xml
08-26 13:13:10.624 I/SystemConfig( 1092): Reading permissions from
/system/etc/permissions/privapp-permissions-com.sec.android.app.popupcalculator.xml
08-26 13:13:10.624 D/CompatConfig( 1092): No directory
/system/system_ext/etc/compatconfig, skipping
08-26 13:13:10.625 I/SystemConfig( 1092): Reading permissions from
/system/etc/permissions/privapp-permissions-com.sec.android.app.safetyassurance.xml
08-26 13:13:10.625 I/ApexManagerTiming( 1092): getActiveApexInfos_noCache
08-26 13:13:10.625 I/SystemConfig( 1092): Reading permissions from
/system/etc/permissions/privapp-permissions-com.sec.android.app.samsungapps.xml
08-26 13:13:10.626 I/SystemConfig( 1092): Reading permissions from
/system/etc/permissions/privapp-permissions-com.sec.android.app.servicemodeapp.xml
08-26 13:13:10.627 I/SystemConfig( 1092): Reading permissions from
/system/etc/permissions/privapp-permissions-com.sec.android.app.soundalive_S.xml
08-26 13:13:10.628 I/SystemConfig( 1092): Reading permissions from
/system/etc/permissions/privapp-permissions-com.sec.android.daemonapp.xml
08-26 13:13:10.628 I/SystemConfig( 1092): Reading permissions from
/system/etc/permissions/privapp-permissions-com.sec.android.gallery3d.xml
08-26 13:13:10.629 I/SystemConfig( 1092): Reading permissions from
/system/etc/permissions/privapp-permissions-
com.sec.android.mimage.photoretouching.xml
08-26 13:13:10.630 I/SystemConfig( 1092): Reading permissions from
/system/etc/permissions/privapp-permissions-com.sec.android.provider.badge.xml
08-26 13:13:10.630 I/SystemConfig( 1092): Reading permissions from
/system/etc/permissions/privapp-permissions-com.sec.android.soagent.xml
08-26 13:13:10.631 I/SystemConfig( 1092): Reading permissions from
/system/etc/permissions/privapp-permissions-com.sec.app.RilErrorNotifier.xml
08-26 13:13:10.632 I/SystemConfig( 1092): Reading permissions from
/system/etc/permissions/privapp-permissions-com.sec.epdg.xml
08-26 13:13:10.632 I/SystemConfig( 1092): Reading permissions from
/system/etc/permissions/privapp-permissions-com.sec.epdgtestapp.xml
08-26 13:13:10.633 I/SystemConfig( 1092): Reading permissions from
/system/etc/permissions/privapp-permissions-com.sec.factory.xml
08-26 13:13:10.634 I/SystemConfig( 1092): Reading permissions from
/system/etc/permissions/privapp-permissions-com.sec.hearingadjust-s.xml
08-26 13:13:10.634 I/SystemConfig( 1092): Reading permissions from
/system/etc/permissions/privapp-permissions-com.sec.imslogger.xml
08-26 13:13:10.635 I/SystemConfig( 1092): Reading permissions from
/system/etc/permissions/privapp-permissions-com.sec.imsservice.xml
08-26 13:13:10.636 I/SystemConfig( 1092): Reading permissions from
/system/etc/permissions/privapp-permissions-com.sec.location.nsflp2_v6_0.xml
08-26 13:13:10.636 I/SystemConfig( 1092): Reading permissions from
/system/etc/permissions/privapp-permissions-com.sec.spp.push.xml
08-26 13:13:10.637 I/SystemConfig( 1092): Reading permissions from
/system/etc/permissions/privapp-permissions-com.skms.android.agent.xml
08-26 13:13:10.638 I/SystemConfig( 1092): Reading permissions from
/system/etc/permissions/privapp-permissions-com.wsomacp.xml
08-26 13:13:10.638 I/SystemConfig( 1092): Reading permissions from
/system/etc/permissions/privapp-permissions-com.wssyncmldm.xml
08-26 13:13:10.639 I/SystemConfig( 1092): Reading permissions from
/system/etc/permissions/privapp-permissions-de.axelspringer.yana.zeropage.xml
08-26 13:13:10.640 I/SystemConfig( 1092): Reading permissions from
/system/etc/permissions/privapp-permissions-facebook.xml
08-26 13:13:10.641 I/SystemConfig( 1092): Reading permissions from
/system/etc/permissions/privapp-permissions-fmradio.xml
08-26 13:13:10.641 I/SystemConfig( 1092): Reading permissions from
/system/etc/permissions/privapp-permissions-google-system.xml
08-26 13:13:10.642 I/SystemConfig( 1092): Reading permissions from
/system/etc/permissions/privapp-permissions-o-os-com.samsung.android.uds.xml
08-26 13:13:10.642 I/SystemConfig( 1092): Reading permissions from
/system/etc/permissions/privapp-permissions-platform.xml
08-26 13:13:10.643 D/ApexManagerTiming( 1092): getActiveApexInfos_noCache took to
complete: 18ms
08-26 13:13:10.644 D/CompatConfig( 1092): Found a config file:
/apex/com.android.art/etc/compatconfig/libcore-platform-compat-config.xml
08-26 13:13:10.645 D/CompatConfig( 1092): Adding:
com.android.server.compat.config.Change@7bfecd3
08-26 13:13:10.646 D/CompatConfig( 1092): Adding:
com.android.server.compat.config.Change@5125010
08-26 13:13:10.646 D/CompatConfig( 1092): Adding:
com.android.server.compat.config.Change@9912709
08-26 13:13:10.647 D/CompatConfig( 1092): Adding:
com.android.server.compat.config.Change@6a88d0e
08-26 13:13:10.647 D/CompatConfig( 1092): Adding:
com.android.server.compat.config.Change@792832f
08-26 13:13:10.648 D/CompatConfig( 1092): Adding:
com.android.server.compat.config.Change@39c2ac5
08-26 13:13:10.648 I/SystemConfig( 1092): Reading permissions from
/system/etc/permissions/privapp-permissions-themestore.xml
08-26 13:13:10.648 D/CompatConfig( 1092): No directory
/apex/com.android.resolv/etc/compatconfig, skipping
08-26 13:13:10.649 I/SystemConfig( 1092): Reading permissions from
/system/etc/permissions/rcsopenapi_library.xml
08-26 13:13:10.649 D/CompatConfig( 1092): No directory
/apex/com.android.permission/etc/compatconfig, skipping
08-26 13:13:10.649 D/CompatConfig( 1092): No directory
/apex/com.android.cellbroadcast/etc/compatconfig, skipping
08-26 13:13:10.649 I/SystemConfig( 1092): Reading permissions from
/system/etc/permissions/samsungkeystoreutils.xml
08-26 13:13:10.649 D/CompatConfig( 1092): No directory
/apex/com.android.vndk.v31/etc/compatconfig, skipping
08-26 13:13:10.649 D/CompatConfig( 1092): No directory
/apex/com.android.scheduling/etc/compatconfig, skipping
08-26 13:13:10.649 D/CompatConfig( 1092): No directory
/apex/com.android.media/etc/compatconfig, skipping
08-26 13:13:10.649 I/SystemConfig( 1092): Reading permissions from
/system/etc/permissions/scamera_sdk_util.xml
08-26 13:13:10.650 D/CompatConfig( 1092): No directory
/apex/com.android.tzdata/etc/compatconfig, skipping
08-26 13:13:10.650 D/CompatConfig( 1092): No directory
/apex/com.android.i18n/etc/compatconfig, skipping
08-26 13:13:10.650 D/CompatConfig( 1092): No directory
/apex/com.android.os.statsd/etc/compatconfig, skipping
08-26 13:13:10.650 I/SystemConfig( 1092): Reading permissions from
/system/etc/permissions/sec_platform_library.xml
08-26 13:13:10.650 D/CompatConfig( 1092): No directory
/apex/com.samsung.android.ipm/etc/compatconfig, skipping
08-26 13:13:10.650 D/CompatConfig( 1092): No directory
/apex/com.android.extservices/etc/compatconfig, skipping
08-26 13:13:10.650 D/CompatConfig( 1092): No directory
/apex/com.android.runtime/etc/compatconfig, skipping
08-26 13:13:10.650 D/CompatConfig( 1092): No directory
/apex/com.android.adbd/etc/compatconfig, skipping
08-26 13:13:10.650 I/SystemConfig( 1092): Reading permissions from
/system/etc/permissions/secimaging.xml
08-26 13:13:10.650 D/CompatConfig( 1092): No directory
/apex/com.android.neuralnetworks/etc/compatconfig, skipping
08-26 13:13:10.650 D/CompatConfig( 1092): No directory
/apex/com.google.mainline.primary.libs/etc/compatconfig, skipping
08-26 13:13:10.651 D/CompatConfig( 1092): No directory
/apex/com.android.media.swcodec/etc/compatconfig, skipping
08-26 13:13:10.651 D/CompatConfig( 1092): No directory
/apex/com.android.conscrypt/etc/compatconfig, skipping
08-26 13:13:10.651 I/SystemConfig( 1092): Reading permissions from
/system/etc/permissions/sem_telephony_common.xml
08-26 13:13:10.651 D/CompatConfig( 1092): No directory
/apex/com.android.tethering/etc/compatconfig, skipping
08-26 13:13:10.651 D/CompatConfig( 1092): No directory
/apex/com.android.wifi/etc/compatconfig, skipping
08-26 13:13:10.651 D/CompatConfig( 1092): No directory
/apex/com.android.ipsec/etc/compatconfig, skipping
08-26 13:13:10.651 D/CompatConfig( 1092): No directory
/apex/com.android.sdkext/etc/compatconfig, skipping
08-26 13:13:10.651 I/SystemConfig( 1092): Reading permissions from
/system/etc/permissions/semextendedformat.xml
08-26 13:13:10.651 D/CompatConfig( 1092): No directory
/apex/com.android.appsearch/etc/compatconfig, skipping
08-26 13:13:10.652 I/SystemConfig( 1092): Reading permissions from
/system/etc/permissions/semmediatranscoder.xml
08-26 13:13:10.652 D/CompatConfig( 1092): Found a config file:
/apex/com.android.mediaprovider/etc/compatconfig/media-provider-platform-compat-
config.xml
08-26 13:13:10.652 I/SystemConfig( 1092): Reading permissions from
/system/etc/permissions/semsdrvideoconverter.xml
08-26 13:13:10.653 I/SystemConfig( 1092): Reading permissions from
/system/etc/permissions/sfeffect.xml
08-26 13:13:10.653 D/CompatConfig( 1092): Adding:
com.android.server.compat.config.Change@fd4e479
08-26 13:13:10.653 I/SystemConfig( 1092): Reading permissions from
/system/etc/permissions/vsimservice_library.xml
08-26 13:13:10.654 D/CompatConfig( 1092): Adding:
com.android.server.compat.config.Change@a30961f
08-26 13:13:10.654 I/SystemConfig( 1092): Reading permissions from
/system/etc/permissions/platform.xml
08-26 13:13:10.654 D/CompatConfig( 1092): Adding:
com.android.server.compat.config.Change@9b64f35
08-26 13:13:10.654 D/CompatConfig( 1092): Adding:
com.android.server.compat.config.Change@6c00fca
08-26 13:13:10.655 D/CompatConfig( 1092): Adding:
com.android.server.compat.config.Change@4d2753b
08-26 13:13:10.655 D/CompatConfig( 1092): Adding:
com.android.server.compat.config.Change@3f61458
08-26 13:13:10.656 D/CompatConfig( 1092): Adding:
com.android.server.compat.config.Change@e09a9b1
08-26 13:13:10.657 D/CompatConfig( 1092): No directory
/apex/com.android.apex.cts.shim/etc/compatconfig, skipping
08-26 13:13:10.657 D/CompatConfig( 1092): No directory
/apex/com.samsung.android.shell/etc/compatconfig, skipping
08-26 13:13:10.657 D/CompatConfig( 1092): Start loading
/product/etc/appcompat/compat_framework_overrides.xml
08-26 13:13:10.658 D/CompatConfig( 1092): Override file does't exist:
/product/etc/appcompat/compat_framework_overrides.xml
08-26 13:13:10.658 D/CompatConfig( 1092): Start loading
/data/misc/appcompat/compat_framework_overrides.xml
08-26 13:13:10.663 D/CompatConfig( 1092): Loading change overrides for
/data/misc/appcompat/compat_framework_overrides.xml
08-26 13:13:10.664 D/CompatConfig( 1092): Finish loading overrides files
08-26 13:13:10.665 W/SystemConfig( 1092): Tag system-user-whitelisted-app is
unknown in /system/etc/permissions/platform.xml at START_TAG (empty) <system-user-
whitelisted-app package='com.tmobile.echolocate'>@376:69 in
java.io.FileReader@9e92a17
08-26 13:13:10.665 I/servicemanager( 325): Adding 'u:r:system_server:s0' service
(platform_compat:1092)
08-26 13:13:10.666 I/servicemanager( 325): Adding 'u:r:system_server:s0' service
(platform_compat_native:1092)
08-26 13:13:10.666 D/SystemServerTiming( 1092): PlatformCompat took to complete:
169ms
08-26 13:13:10.666 I/SystemServerTiming( 1092): StartFileIntegrityService
08-26 13:13:10.667 I/SystemServiceManager( 1092): Starting
com.android.server.security.FileIntegrityService
08-26 13:13:10.667 I/SystemConfig( 1092): Reading permissions from
/vendor/etc/permissions/android.hardware.camera.front.xml
08-26 13:13:10.668 I/SystemConfig( 1092): Reading permissions from
/vendor/etc/permissions/android.hardware.camera.xml
08-26 13:13:10.668 I/SystemConfig( 1092): Reading permissions from
/vendor/etc/permissions/android.hardware.sensor.stepcounter.xml
08-26 13:13:10.669 I/SystemConfig( 1092): Reading permissions from
/vendor/etc/permissions/android.hardware.telephony.gsm.xml
08-26 13:13:10.669 I/SystemConfig( 1092): Reading permissions from
/vendor/etc/permissions/android.software.verified_boot.xml
08-26 13:13:10.670 I/SystemConfig( 1092): Reading permissions from
/vendor/etc/permissions/android.hardware.sensor.stepdetector.xml
08-26 13:13:10.670 I/SystemConfig( 1092): Reading permissions from
/vendor/etc/permissions/handheld_core_hardware.xml
08-26 13:13:10.671 I/servicemanager( 325): Adding 'u:r:system_server:s0' service
(file_integrity:1092)
08-26 13:13:10.671 D/SystemServerTiming( 1092): StartFileIntegrityService took to
complete: 5ms
08-26 13:13:10.671 I/SystemServerTiming( 1092): StartInstaller
08-26 13:13:10.671 I/SystemConfig( 1092): Reading permissions from
/vendor/etc/permissions/android.hardware.telephony.ims.xml
08-26 13:13:10.671 I/SystemServiceManager( 1092): Starting
com.android.server.pm.Installer
08-26 13:13:10.672 I/SystemConfig( 1092): Reading permissions from
/vendor/etc/permissions/android.hardware.vulkan.version.xml
08-26 13:13:10.672 I/SystemConfig( 1092): Reading permissions from
/vendor/etc/permissions/android.hardware.opengles.aep.xml
08-26 13:13:10.673 I/SystemConfig( 1092): Reading permissions from
/vendor/etc/permissions/android.hardware.audio.low_latency.xml
08-26 13:13:10.674 I/SystemConfig( 1092): Reading permissions from
/vendor/etc/permissions/android.hardware.usb.accessory.xml
08-26 13:13:10.674 I/SystemConfig( 1092): Reading permissions from
/vendor/etc/permissions/android.hardware.bluetooth_le.xml
08-26 13:13:10.674 D/installd( 844): Found quota mount /dev/block/dm-10 at /data
08-26 13:13:10.675 I/SystemConfig( 1092): Reading permissions from
/vendor/etc/permissions/android.hardware.location.gps.xml
08-26 13:13:10.675 D/installd( 844): Found quota mount /dev/block/dm-10 at
/data/user/0
08-26 13:13:10.675 I/SystemConfig( 1092): Reading permissions from
/vendor/etc/permissions/android.hardware.wifi.passpoint.xml
08-26 13:13:10.676 I/SystemConfig( 1092): Reading permissions from
/vendor/etc/permissions/android.hardware.camera.autofocus.xml
08-26 13:13:10.676 I/SystemConfig( 1092): Reading permissions from
/vendor/etc/permissions/android.software.ipsec_tunnels.xml
08-26 13:13:10.677 I/SystemConfig( 1092): Reading permissions from
/vendor/etc/permissions/android.hardware.wifi.xml
08-26 13:13:10.677 D/SystemServerTiming( 1092): StartInstaller took to complete:
6ms
08-26 13:13:10.677 I/SystemServerTiming( 1092): DeviceIdentifiersPolicyService
08-26 13:13:10.677 I/SystemConfig( 1092): Reading permissions from
/vendor/etc/permissions/android.hardware.sensor.accelerometer.xml
08-26 13:13:10.678 I/SystemServiceManager( 1092): Starting
com.android.server.os.DeviceIdentifiersPolicyService
08-26 13:13:10.678 I/SystemConfig( 1092): Reading permissions from
/vendor/etc/permissions/android.hardware.vulkan.level.xml
08-26 13:13:10.678 I/servicemanager( 325): Adding 'u:r:system_server:s0' service
(device_identifiers:1092)
08-26 13:13:10.679 I/SystemConfig( 1092): Reading permissions from
/vendor/etc/permissions/android.hardware.vulkan.compute.xml
08-26 13:13:10.679 D/SystemServerTiming( 1092): DeviceIdentifiersPolicyService took
to complete: 2ms
08-26 13:13:10.679 I/SystemServerTiming( 1092): UriGrantsManagerService
08-26 13:13:10.679 I/SystemConfig( 1092): Reading permissions from
/vendor/etc/permissions/android.software.opengles.deqp.level.xml
08-26 13:13:10.679 I/SystemServiceManager( 1092): Starting
com.android.server.uri.UriGrantsManagerService$Lifecycle
08-26 13:13:10.679 I/SystemConfig( 1092): Reading permissions from
/vendor/etc/permissions/android.software.midi.xml
08-26 13:13:10.680 I/SystemConfig( 1092): Reading permissions from
/vendor/etc/permissions/android.hardware.touchscreen.multitouch.jazzhand.xml
08-26 13:13:10.681 I/SystemConfig( 1092): Reading permissions from
/vendor/etc/permissions/android.hardware.bluetooth.xml
08-26 13:13:10.681 I/servicemanager( 325): Adding 'u:r:system_server:s0' service
(uri_grants:1092)
08-26 13:13:10.681 I/SystemConfig( 1092): Reading permissions from
/vendor/etc/permissions/android.hardware.wifi.direct.xml
08-26 13:13:10.681 D/SystemServerTiming( 1092): UriGrantsManagerService took to
complete: 2ms
08-26 13:13:10.681 I/SystemServerTiming( 1092): StartPowerStatsService
08-26 13:13:10.681 I/SystemConfig( 1092): Reading permissions from
/vendor/etc/permissions/android.hardware.usb.host.xml
08-26 13:13:10.682 I/SystemServiceManager( 1092): Starting
com.android.server.powerstats.PowerStatsService
08-26 13:13:10.682 I/SystemConfig( 1092): Reading permissions from
/vendor/etc/permissions/android.software.vulkan.deqp.level.xml
08-26 13:13:10.682 I/SystemConfig( 1092): Reading permissions from
/vendor/etc/permissions/android.hardware.camera.flash-autofocus.xml
08-26 13:13:10.683 E/servicemanager( 325): Could not find
android.hardware.power.stats.IPowerStats/default in the VINTF manifest.
08-26 13:13:10.685 D/hw-ProcessState( 1092): Binder ioctl to enable oneway spam
detection failed: Invalid argument
08-26 13:13:10.686 I/SystemConfig( 1092): Reading aerProductName from
/system/etc/aer_product_name.xml
08-26 13:13:10.686 I/hwservicemanager( 326): getTransport: Cannot find entry
[email protected]::IPowerStats/default in either framework or device
VINTF manifest.
08-26 13:13:10.686 E/PowerStatsService( 1092): Unable to get power.stats HAL
service.
08-26 13:13:10.686 E/PowerStatsService( 1092): nativeInit failed to connect to
power.stats HAL
08-26 13:13:10.687 W/SystemConfig( 1092): fname = o1stur
08-26 13:13:10.687 W/SystemConfig( 1092): ro.product.name = m12nnxx
08-26 13:13:10.687 W/SystemConfig( 1092): fname = o1sxtur
08-26 13:13:10.687 W/SystemConfig( 1092): ro.product.name = m12nnxx
08-26 13:13:10.687 W/SystemConfig( 1092): fname = o1sxser
08-26 13:13:10.687 W/SystemConfig( 1092): ro.product.name = m12nnxx
08-26 13:13:10.687 I/servicemanager( 325): Adding 'u:r:system_server:s0' service
(powerstats:1092)
08-26 13:13:10.687 W/SystemConfig( 1092): fname = o1sxx
08-26 13:13:10.688 W/SystemConfig( 1092): ro.product.name = m12nnxx
08-26 13:13:10.688 W/SystemConfig( 1092): fname = o1sxxx
08-26 13:13:10.688 W/SystemConfig( 1092): ro.product.name = m12nnxx
08-26 13:13:10.688 W/SystemConfig( 1092): fname = o1sxeea
08-26 13:13:10.688 D/SystemServerTiming( 1092): StartPowerStatsService took to
complete: 7ms
08-26 13:13:10.688 W/SystemConfig( 1092): ro.product.name = m12nnxx
08-26 13:13:10.688 I/SystemServerTiming( 1092): StartIStatsService
08-26 13:13:10.688 W/SystemConfig( 1092): fname = o1sksx
08-26 13:13:10.688 W/SystemConfig( 1092): ro.product.name = m12nnxx
08-26 13:13:10.688 W/SystemConfig( 1092): fname = o1sser
08-26 13:13:10.688 W/SystemConfig( 1092): ro.product.name = m12nnxx
08-26 13:13:10.688 W/SystemConfig( 1092): fname = o1qcsx
08-26 13:13:10.688 W/SystemConfig( 1092): ro.product.name = m12nnxx
08-26 13:13:10.688 W/SystemConfig( 1092): fname = o1quew
08-26 13:13:10.688 W/SystemConfig( 1092): ro.product.name = m12nnxx
08-26 13:13:10.688 W/SystemConfig( 1092): fname = o1qzhx
08-26 13:13:10.688 W/SystemConfig( 1092): ro.product.name = m12nnxx
08-26 13:13:10.688 W/SystemConfig( 1092): fname = o1qsqw
08-26 13:13:10.688 W/SystemConfig( 1092): ro.product.name = m12nnxx
08-26 13:13:10.688 W/SystemConfig( 1092): fname = SC-51B
08-26 13:13:10.688 W/SystemConfig( 1092): ro.product.name = m12nnxx
08-26 13:13:10.688 W/SystemConfig( 1092): fname = SCG09_jp_kdi
08-26 13:13:10.688 W/SystemConfig( 1092): ro.product.name = m12nnxx
08-26 13:13:10.688 W/SystemConfig( 1092): fname = t2sksx
08-26 13:13:10.688 W/SystemConfig( 1092): ro.product.name = m12nnxx
08-26 13:13:10.688 W/SystemConfig( 1092): fname = t2sxxx
08-26 13:13:10.688 W/SystemConfig( 1092): ro.product.name = m12nnxx
08-26 13:13:10.688 W/SystemConfig( 1092): fname = t2sxser
08-26 13:13:10.688 W/SystemConfig( 1092): ro.product.name = m12nnxx
08-26 13:13:10.688 W/SystemConfig( 1092): fname = t2sxeea
08-26 13:13:10.688 W/SystemConfig( 1092): ro.product.name = m12nnxx
08-26 13:13:10.688 W/SystemConfig( 1092): fname = t2sxtur
08-26 13:13:10.688 W/SystemConfig( 1092): ro.product.name = m12nnxx
08-26 13:13:10.688 W/SystemConfig( 1092): fname = t2qzhx
08-26 13:13:10.688 W/SystemConfig( 1092): ro.product.name = m12nnxx
08-26 13:13:10.689 W/SystemConfig( 1092): fname = t2qsqw
08-26 13:13:10.689 W/SystemConfig( 1092): ro.product.name = m12nnxx
08-26 13:13:10.689 W/SystemConfig( 1092): fname = t2qcsx
08-26 13:13:10.689 W/SystemConfig( 1092): ro.product.name = m12nnxx
08-26 13:13:10.689 W/SystemConfig( 1092): fname = t2quew
08-26 13:13:10.689 W/SystemConfig( 1092): ro.product.name = m12nnxx
08-26 13:13:10.689 W/SystemConfig( 1092): fname = SCG10_jp_kdi
08-26 13:13:10.689 W/SystemConfig( 1092): ro.product.name = m12nnxx
08-26 13:13:10.689 W/SystemConfig( 1092): fname = p3sksx
08-26 13:13:10.689 W/SystemConfig( 1092): ro.product.name = m12nnxx
08-26 13:13:10.689 W/SystemConfig( 1092): fname = p3sxeea
08-26 13:13:10.689 W/SystemConfig( 1092): ro.product.name = m12nnxx
08-26 13:13:10.689 W/SystemConfig( 1092): fname = p3sxtur
08-26 13:13:10.689 W/SystemConfig( 1092): ro.product.name = m12nnxx
08-26 13:13:10.689 W/SystemConfig( 1092): fname = p3sxser
08-26 13:13:10.689 W/SystemConfig( 1092): ro.product.name = m12nnxx
08-26 13:13:10.689 W/SystemConfig( 1092): fname = p3sxxx
08-26 13:13:10.689 W/SystemConfig( 1092): ro.product.name = m12nnxx
08-26 13:13:10.689 W/SystemConfig( 1092): fname = p3qcsx
08-26 13:13:10.689 W/SystemConfig( 1092): ro.product.name = m12nnxx
08-26 13:13:10.689 W/SystemConfig( 1092): fname = p3qsqw
08-26 13:13:10.689 W/SystemConfig( 1092): ro.product.name = m12nnxx
08-26 13:13:10.689 W/SystemConfig( 1092): fname = p3quew
08-26 13:13:10.689 W/SystemConfig( 1092): ro.product.name = m12nnxx
08-26 13:13:10.689 W/SystemConfig( 1092): fname = p3qzhx
08-26 13:13:10.689 W/SystemConfig( 1092): ro.product.name = m12nnxx
08-26 13:13:10.689 W/SystemConfig( 1092): fname = SC-52B
08-26 13:13:10.689 W/SystemConfig( 1092): ro.product.name = m12nnxx
08-26 13:13:10.689 W/SystemConfig( 1092): fname = q2qsqw
08-26 13:13:10.689 W/SystemConfig( 1092): ro.product.name = m12nnxx
08-26 13:13:10.689 W/SystemConfig( 1092): fname = q2qxxx
08-26 13:13:10.689 W/SystemConfig( 1092): ro.product.name = m12nnxx
08-26 13:13:10.689 W/SystemConfig( 1092): fname = q2qcsx
08-26 13:13:10.689 W/SystemConfig( 1092): ro.product.name = m12nnxx
08-26 13:13:10.689 W/SystemConfig( 1092): fname = q2qzhx
08-26 13:13:10.689 W/SystemConfig( 1092): ro.product.name = m12nnxx
08-26 13:13:10.690 W/SystemConfig( 1092): fname = q2qksx
08-26 13:13:10.690 W/SystemConfig( 1092): ro.product.name = m12nnxx
08-26 13:13:10.690 I/HidlServiceManagement( 1092): Registered
[email protected]::IStats/default
08-26 13:13:10.690 W/SystemConfig( 1092): fname = q2qxtur
08-26 13:13:10.690 W/SystemConfig( 1092): ro.product.name = m12nnxx
08-26 13:13:10.690 W/SystemConfig( 1092): fname = q2qxser
08-26 13:13:10.690 W/SystemConfig( 1092): ro.product.name = m12nnxx
08-26 13:13:10.690 W/SystemConfig( 1092): fname = q2qxeea
08-26 13:13:10.690 W/SystemConfig( 1092): ro.product.name = m12nnxx
08-26 13:13:10.690 W/SystemConfig( 1092): fname = q2quew
08-26 13:13:10.690 W/SystemConfig( 1092): ro.product.name = m12nnxx
08-26 13:13:10.690 W/SystemConfig( 1092): fname = SC-55B
08-26 13:13:10.690 W/SystemConfig( 1092): ro.product.name = m12nnxx
08-26 13:13:10.690 W/SystemConfig( 1092): fname = SCG11_jp_kdi
08-26 13:13:10.690 W/SystemConfig( 1092): ro.product.name = m12nnxx
08-26 13:13:10.690 W/SystemConfig( 1092): fname = b2quew
08-26 13:13:10.690 W/SystemConfig( 1092): ro.product.name = m12nnxx
08-26 13:13:10.690 W/SystemConfig( 1092): fname = b2qxxx
08-26 13:13:10.690 W/SystemConfig( 1092): ro.product.name = m12nnxx
08-26 13:13:10.690 W/SystemConfig( 1092): fname = b2qcsx
08-26 13:13:10.690 W/SystemConfig( 1092): ro.product.name = m12nnxx
08-26 13:13:10.690 W/SystemConfig( 1092): fname = b2qsqw
08-26 13:13:10.690 W/SystemConfig( 1092): ro.product.name = m12nnxx
08-26 13:13:10.690 W/SystemConfig( 1092): fname = b2qzhx
08-26 13:13:10.690 W/SystemConfig( 1092): ro.product.name = m12nnxx
08-26 13:13:10.690 W/SystemConfig( 1092): fname = b2qxser
08-26 13:13:10.690 W/SystemConfig( 1092): ro.product.name = m12nnxx
08-26 13:13:10.690 W/SystemConfig( 1092): fname = b2qxtur
08-26 13:13:10.690 W/SystemConfig( 1092): ro.product.name = m12nnxx
08-26 13:13:10.690 W/SystemConfig( 1092): fname = b2qxeea
08-26 13:13:10.690 W/SystemConfig( 1092): ro.product.name = m12nnxx
08-26 13:13:10.690 W/SystemConfig( 1092): fname = b2qksx
08-26 13:13:10.690 W/SystemConfig( 1092): ro.product.name = m12nnxx
08-26 13:13:10.690 W/SystemConfig( 1092): fname = SC-54B
08-26 13:13:10.690 I/servicemanager( 325): Found
android.frameworks.stats.IStats/default in framework VINTF manifest.
08-26 13:13:10.691 W/SystemConfig( 1092): ro.product.name = m12nnxx
08-26 13:13:10.691 W/SystemConfig( 1092): fname = SCG12_jp_kdi
08-26 13:13:10.691 W/SystemConfig( 1092): ro.product.name = m12nnxx
08-26 13:13:10.691 I/servicemanager( 325): Adding 'u:r:system_server:s0' service
(android.frameworks.stats.IStats/default:1092)
08-26 13:13:10.691 W/SystemConfig( 1092): fname = a52qnstur
08-26 13:13:10.691 W/SystemConfig( 1092): ro.product.name = m12nnxx
08-26 13:13:10.691 W/SystemConfig( 1092): fname = a52qnseea
08-26 13:13:10.691 W/SystemConfig( 1092): ro.product.name = m12nnxx
08-26 13:13:10.691 W/SystemConfig( 1092): fname = a52qnsxx
08-26 13:13:10.691 W/SystemConfig( 1092): ro.product.name = m12nnxx
08-26 13:13:10.691 W/SystemConfig( 1092): fname = a52qnsser
08-26 13:13:10.691 D/SystemServerTiming( 1092): StartIStatsService took to
complete: 3ms
08-26 13:13:10.691 W/SystemConfig( 1092): ro.product.name = m12nnxx
08-26 13:13:10.691 W/SystemConfig( 1092): fname = a52qub
08-26 13:13:10.691 I/SystemServerTiming( 1092): MemtrackProxyService
08-26 13:13:10.691 W/SystemConfig( 1092): ro.product.name = m12nnxx
08-26 13:13:10.691 W/SystemConfig( 1092): fname = a52xque
08-26 13:13:10.691 W/SystemConfig( 1092): ro.product.name = m12nnxx
08-26 13:13:10.691 W/SystemConfig( 1092): fname = a52xqcs
08-26 13:13:10.691 W/SystemConfig( 1092): ro.product.name = m12nnxx
08-26 13:13:10.691 W/SystemConfig( 1092): fname = a52xqnaeea
08-26 13:13:10.691 W/SystemConfig( 1092): ro.product.name = m12nnxx
08-26 13:13:10.691 W/SystemConfig( 1092): fname = a52xqsq
08-26 13:13:10.691 W/SystemConfig( 1092): ro.product.name = m12nnxx
08-26 13:13:10.691 W/SystemConfig( 1092): fname = a52xqzh
08-26 13:13:10.691 W/SystemConfig( 1092): ro.product.name = m12nnxx
08-26 13:13:10.691 W/SystemConfig( 1092): fname = a52xqks
08-26 13:13:10.691 W/SystemConfig( 1092): ro.product.name = m12nnxx
08-26 13:13:10.691 W/SystemConfig( 1092): fname = a52xqnaxx
08-26 13:13:10.691 W/SystemConfig( 1092): ro.product.name = m12nnxx
08-26 13:13:10.691 W/SystemConfig( 1092): fname = SC-53B
08-26 13:13:10.691 W/SystemConfig( 1092): ro.product.name = m12nnxx
08-26 13:13:10.691 W/SystemConfig( 1092): fname = a52sxqeea
08-26 13:13:10.691 W/SystemConfig( 1092): ro.product.name = m12nnxx
08-26 13:13:10.692 W/SystemConfig( 1092): fname = a52sxqtur
08-26 13:13:10.692 W/SystemConfig( 1092): ro.product.name = m12nnxx
08-26 13:13:10.692 W/SystemConfig( 1092): fname = a52sxqser
08-26 13:13:10.692 W/SystemConfig( 1092): ro.product.name = m12nnxx
08-26 13:13:10.692 W/SystemConfig( 1092): fname = a52sxqzt
08-26 13:13:10.692 W/SystemConfig( 1092): ro.product.name = m12nnxx
08-26 13:13:10.692 W/SystemConfig( 1092): fname = a52sxqxx
08-26 13:13:10.692 W/SystemConfig( 1092): ro.product.name = m12nnxx
08-26 13:13:10.692 W/SystemConfig( 1092): fname = a52sxqks
08-26 13:13:10.692 W/SystemConfig( 1092): ro.product.name = m12nnxx
08-26 13:13:10.692 W/SystemConfig( 1092): fname = r9sxtur
08-26 13:13:10.692 W/SystemConfig( 1092): ro.product.name = m12nnxx
08-26 13:13:10.692 W/SystemConfig( 1092): fname = r9sxxx
08-26 13:13:10.692 W/SystemConfig( 1092): ro.product.name = m12nnxx
08-26 13:13:10.692 W/SystemConfig( 1092): fname = r9qksx
08-26 13:13:10.692 W/SystemConfig( 1092): ro.product.name = m12nnxx
08-26 13:13:10.692 W/SystemConfig( 1092): fname = r9qxeea
08-26 13:13:10.692 W/SystemConfig( 1092): ro.product.name = m12nnxx
08-26 13:13:10.692 W/SystemConfig( 1092): fname = r9qxtur
08-26 13:13:10.692 W/SystemConfig( 1092): ro.product.name = m12nnxx
08-26 13:13:10.692 W/SystemConfig( 1092): fname = r9qxser
08-26 13:13:10.692 W/SystemConfig( 1092): ro.product.name = m12nnxx
08-26 13:13:10.692 W/SystemConfig( 1092): fname = r9qzh
08-26 13:13:10.692 W/SystemConfig( 1092): ro.product.name = m12nnxx
08-26 13:13:10.692 W/SystemConfig( 1092): fname = r9quew
08-26 13:13:10.692 W/SystemConfig( 1092): ro.product.name = m12nnxx
08-26 13:13:10.692 W/SystemConfig( 1092): fname = r9qxxx
08-26 13:13:10.692 W/SystemConfig( 1092): ro.product.name = m12nnxx
08-26 13:13:10.692 W/SystemConfig( 1092): fname = r9qcsx
08-26 13:13:10.692 W/SystemConfig( 1092): ro.product.name = m12nnxx
08-26 13:13:10.692 W/SystemConfig( 1092): fname = r9qsqw
08-26 13:13:10.692 W/SystemConfig( 1092): ro.product.name = m12nnxx
08-26 13:13:10.693 W/SystemConfig( 1092): fname = r9q2xser
08-26 13:13:10.693 W/SystemConfig( 1092): ro.product.name = m12nnxx
08-26 13:13:10.693 W/SystemConfig( 1092): fname = r9q2xxx
08-26 13:13:10.693 W/SystemConfig( 1092): ro.product.name = m12nnxx
08-26 13:13:10.693 W/SystemConfig( 1092): fname = r9q2xeea
08-26 13:13:10.693 W/SystemConfig( 1092): ro.product.name = m12nnxx
08-26 13:13:10.693 W/SystemConfig( 1092): fname = r9q2sqw
08-26 13:13:10.693 W/SystemConfig( 1092): ro.product.name = m12nnxx
08-26 13:13:10.693 W/SystemConfig( 1092): fname = a32ub
08-26 13:13:10.693 W/SystemConfig( 1092): ro.product.name = m12nnxx
08-26 13:13:10.693 W/SystemConfig( 1092): fname = a32ks
08-26 13:13:10.693 W/SystemConfig( 1092): ro.product.name = m12nnxx
08-26 13:13:10.693 W/SystemConfig( 1092): fname = a32eea
08-26 13:13:10.693 W/SystemConfig( 1092): ro.product.name = m12nnxx
08-26 13:13:10.693 W/SystemConfig( 1092): fname = a32tur
08-26 13:13:10.693 W/SystemConfig( 1092): ro.product.name = m12nnxx
08-26 13:13:10.693 W/SystemConfig( 1092): fname = a32ser
08-26 13:13:10.693 W/SystemConfig( 1092): ro.product.name = m12nnxx
08-26 13:13:10.693 W/SystemConfig( 1092): fname = a32xx
08-26 13:13:10.693 W/SystemConfig( 1092): ro.product.name = m12nnxx
08-26 13:13:10.693 W/SystemConfig( 1092): fname = a32xxx
08-26 13:13:10.693 W/SystemConfig( 1092): ro.product.name = m12nnxx
08-26 13:13:10.693 W/SystemConfig( 1092): fname = a32xcs
08-26 13:13:10.693 W/SystemConfig( 1092): ro.product.name = m12nnxx
08-26 13:13:10.693 W/SystemConfig( 1092): fname = a32xue
08-26 13:13:10.693 W/SystemConfig( 1092): ro.product.name = m12nnxx
08-26 13:13:10.693 E/servicemanager( 325): Could not find
android.hardware.memtrack.IMemtrack/default in the VINTF manifest.
08-26 13:13:10.693 W/SystemConfig( 1092): fname = a32xtfn
08-26 13:13:10.693 W/SystemConfig( 1092): ro.product.name = m12nnxx
08-26 13:13:10.693 W/SystemConfig( 1092): fname = a32xzh
08-26 13:13:10.693 W/SystemConfig( 1092): ro.product.name = m12nnxx
08-26 13:13:10.693 W/SystemConfig( 1092): fname = a32xsq
08-26 13:13:10.693 W/SystemConfig( 1092): ro.product.name = m12nnxx
08-26 13:13:10.693 W/SystemConfig( 1092): fname = SCG08_jp_kdi
08-26 13:13:10.693 W/SystemConfig( 1092): ro.product.name = m12nnxx
08-26 13:13:10.693 W/SystemConfig( 1092): fname = xcover5eea
08-26 13:13:10.693 W/SystemConfig( 1092): ro.product.name = m12nnxx
08-26 13:13:10.693 I/Stability( 1092): Interface set with vintf stability wire
protocol version 1 downgraded to system stability wire protocol version 1 stability
08-26 13:13:10.693 W/SystemConfig( 1092): fname = xcover5ser
08-26 13:13:10.693 W/SystemConfig( 1092): ro.product.name = m12nnxx
08-26 13:13:10.693 W/SystemConfig( 1092): fname = xcover5kx
08-26 13:13:10.693 W/SystemConfig( 1092): ro.product.name = m12nnxx
08-26 13:13:10.693 W/SystemConfig( 1092): fname = xcover5xx
08-26 13:13:10.693 W/SystemConfig( 1092): ro.product.name = m12nnxx
08-26 13:13:10.693 W/SystemConfig( 1092): fname = gts7fewifixx
08-26 13:13:10.693 W/SystemConfig( 1092): ro.product.name = m12nnxx
08-26 13:13:10.693 W/SystemConfig( 1092): fname = gts7fewifitur
08-26 13:13:10.693 W/SystemConfig( 1092): ro.product.name = m12nnxx
08-26 13:13:10.694 W/SystemConfig( 1092): fname = gts7fewifieea
08-26 13:13:10.694 W/SystemConfig( 1092): ro.product.name = m12nnxx
08-26 13:13:10.694 W/SystemConfig( 1092): fname = gts7fewifiser
08-26 13:13:10.694 W/SystemConfig( 1092): ro.product.name = m12nnxx
08-26 13:13:10.694 W/SystemConfig( 1092): fname = gts7xllitexx
08-26 13:13:10.694 W/SystemConfig( 1092): ro.product.name = m12nnxx
08-26 13:13:10.694 W/SystemConfig( 1092): fname = gts7xlliteser
08-26 13:13:10.694 W/SystemConfig( 1092): ro.product.name = m12nnxx
08-26 13:13:10.694 W/SystemConfig( 1092): fname = gts7xllitexeea
08-26 13:13:10.694 W/SystemConfig( 1092): ro.product.name = m12nnxx
08-26 13:13:10.694 W/SystemConfig( 1092): fname = gts7xllitekx
08-26 13:13:10.694 W/SystemConfig( 1092): ro.product.name = m12nnxx
08-26 13:13:10.694 W/SystemConfig( 1092): fname = gts7xllitetur
08-26 13:13:10.694 W/SystemConfig( 1092): ro.product.name = m12nnxx
08-26 13:13:10.694 W/SystemConfig( 1092): fname = gts7xllitekxx
08-26 13:13:10.694 W/SystemConfig( 1092): ro.product.name = m12nnxx
08-26 13:13:10.694 W/SystemConfig( 1092): fname = gts7xllitesqwnc
08-26 13:13:10.694 I/servicemanager( 325): Adding 'u:r:system_server:s0' service
(memtrack.proxy:1092)
08-26 13:13:10.694 W/SystemConfig( 1092): ro.product.name = m12nnxx
08-26 13:13:10.694 W/SystemConfig( 1092): fname = gts7xllitexxx
08-26 13:13:10.694 W/SystemConfig( 1092): ro.product.name = m12nnxx
08-26 13:13:10.694 W/SystemConfig( 1092): fname = gts7xllitesqw
08-26 13:13:10.694 W/SystemConfig( 1092): ro.product.name = m12nnxx
08-26 13:13:10.694 W/SystemConfig( 1092): fname = gts7xllitewifieea
08-26 13:13:10.694 W/SystemConfig( 1092): ro.product.name = m12nnxx
08-26 13:13:10.694 D/SystemServerTiming( 1092): MemtrackProxyService took to
complete: 3ms
08-26 13:13:10.694 W/SystemConfig( 1092): fname = gts7xllitewifixx
08-26 13:13:10.694 I/SystemServerTiming( 1092): StartActivityManager
08-26 13:13:10.694 W/SystemConfig( 1092): ro.product.name = m12nnxx
08-26 13:13:10.694 W/SystemConfig( 1092): fname = gts7xllitewifitur
08-26 13:13:10.694 W/SystemConfig( 1092): ro.product.name = m12nnxx
08-26 13:13:10.694 W/SystemConfig( 1092): fname = gts7xllitewifiser
08-26 13:13:10.694 W/SystemConfig( 1092): ro.product.name = m12nnxx
08-26 13:13:10.694 W/SystemConfig( 1092): fname = b0sxser
08-26 13:13:10.694 W/SystemConfig( 1092): ro.product.name = m12nnxx
08-26 13:13:10.694 I/SystemServiceManager( 1092): Starting
com.android.server.wm.ActivityTaskManagerService$Lifecycle
08-26 13:13:10.694 W/SystemConfig( 1092): fname = b0sxtur
08-26 13:13:10.694 W/SystemConfig( 1092): ro.product.name = m12nnxx
08-26 13:13:10.695 W/SystemConfig( 1092): fname = b0sxxx
08-26 13:13:10.695 W/SystemConfig( 1092): ro.product.name = m12nnxx
08-26 13:13:10.695 W/SystemConfig( 1092): fname = b0sxeea
08-26 13:13:10.695 W/SystemConfig( 1092): ro.product.name = m12nnxx
08-26 13:13:10.695 W/SystemConfig( 1092): fname = b0sksx
08-26 13:13:10.695 W/SystemConfig( 1092): ro.product.name = m12nnxx
08-26 13:13:10.695 W/SystemConfig( 1092): fname = b0qksx
08-26 13:13:10.695 W/SystemConfig( 1092): ro.product.name = m12nnxx
08-26 13:13:10.695 W/SystemConfig( 1092): fname = b0quew
08-26 13:13:10.695 W/SystemConfig( 1092): ro.product.name = m12nnxx
08-26 13:13:10.695 W/SystemConfig( 1092): fname = b0qcsx
08-26 13:13:10.695 W/SystemConfig( 1092): ro.product.name = m12nnxx
08-26 13:13:10.695 W/SystemConfig( 1092): fname = b0qxxx
08-26 13:13:10.695 W/SystemConfig( 1092): ro.product.name = m12nnxx
08-26 13:13:10.695 W/SystemConfig( 1092): fname = b0qsqw
08-26 13:13:10.695 W/SystemConfig( 1092): ro.product.name = m12nnxx
08-26 13:13:10.695 W/SystemConfig( 1092): fname = b0qzhx
08-26 13:13:10.695 W/SystemConfig( 1092): ro.product.name = m12nnxx
08-26 13:13:10.695 W/SystemConfig( 1092): fname = b0qxtur
08-26 13:13:10.695 W/SystemConfig( 1092): ro.product.name = m12nnxx
08-26 13:13:10.695 W/SystemConfig( 1092): fname = SC-52C
08-26 13:13:10.695 W/SystemConfig( 1092): ro.product.name = m12nnxx
08-26 13:13:10.695 W/SystemConfig( 1092): fname = SCG14_jp_kdi
08-26 13:13:10.695 W/SystemConfig( 1092): ro.product.name = m12nnxx
08-26 13:13:10.695 W/SystemConfig( 1092): fname = r0sxxx
08-26 13:13:10.695 W/SystemConfig( 1092): ro.product.name = m12nnxx
08-26 13:13:10.695 W/SystemConfig( 1092): fname = r0sxeea
08-26 13:13:10.695 W/SystemConfig( 1092): ro.product.name = m12nnxx
08-26 13:13:10.695 W/SystemConfig( 1092): fname = r0sxtur
08-26 13:13:10.695 W/SystemConfig( 1092): ro.product.name = m12nnxx
08-26 13:13:10.695 W/SystemConfig( 1092): fname = r0sxser
08-26 13:13:10.695 W/SystemConfig( 1092): ro.product.name = m12nnxx
08-26 13:13:10.695 W/SystemConfig( 1092): fname = r0sksx
08-26 13:13:10.695 W/SystemConfig( 1092): ro.product.name = m12nnxx
08-26 13:13:10.695 W/SystemConfig( 1092): fname = r0qksx
08-26 13:13:10.695 W/SystemConfig( 1092): ro.product.name = m12nnxx
08-26 13:13:10.695 W/SystemConfig( 1092): fname = r0qxtur
08-26 13:13:10.695 W/SystemConfig( 1092): ro.product.name = m12nnxx
08-26 13:13:10.696 W/SystemConfig( 1092): fname = r0qcsx
08-26 13:13:10.696 W/SystemConfig( 1092): ro.product.name = m12nnxx
08-26 13:13:10.696 W/SystemConfig( 1092): fname = r0qzhx
08-26 13:13:10.696 W/SystemConfig( 1092): ro.product.name = m12nnxx
08-26 13:13:10.696 W/SystemConfig( 1092): fname = r0quew
08-26 13:13:10.696 W/SystemConfig( 1092): ro.product.name = m12nnxx
08-26 13:13:10.696 W/SystemConfig( 1092): fname = r0qsqw
08-26 13:13:10.696 W/SystemConfig( 1092): ro.product.name = m12nnxx
08-26 13:13:10.696 W/SystemConfig( 1092): fname = r0qxxx
08-26 13:13:10.696 W/SystemConfig( 1092): ro.product.name = m12nnxx
08-26 13:13:10.696 W/SystemConfig( 1092): fname = SC-51C
08-26 13:13:10.696 W/SystemConfig( 1092): ro.product.name = m12nnxx
08-26 13:13:10.696 W/SystemConfig( 1092): fname = SCG13_jp_kdi
08-26 13:13:10.696 W/SystemConfig( 1092): ro.product.name = m12nnxx
08-26 13:13:10.696 W/SystemConfig( 1092): fname = g0sxxx
08-26 13:13:10.696 W/SystemConfig( 1092): ro.product.name = m12nnxx
08-26 13:13:10.696 W/SystemConfig( 1092): fname = g0sxtur
08-26 13:13:10.696 W/SystemConfig( 1092): ro.product.name = m12nnxx
08-26 13:13:10.696 W/SystemConfig( 1092): fname = g0sxeea
08-26 13:13:10.696 W/SystemConfig( 1092): ro.product.name = m12nnxx
08-26 13:13:10.696 W/SystemConfig( 1092): fname = g0sxser
08-26 13:13:10.696 W/SystemConfig( 1092): ro.product.name = m12nnxx
08-26 13:13:10.696 W/SystemConfig( 1092): fname = g0sksx
08-26 13:13:10.696 W/SystemConfig( 1092): ro.product.name = m12nnxx
08-26 13:13:10.696 W/SystemConfig( 1092): fname = g0qksx
08-26 13:13:10.696 W/SystemConfig( 1092): ro.product.name = m12nnxx
08-26 13:13:10.696 W/SystemConfig( 1092): fname = g0quew
08-26 13:13:10.696 W/SystemConfig( 1092): ro.product.name = m12nnxx
08-26 13:13:10.696 W/SystemConfig( 1092): fname = g0qxtur
08-26 13:13:10.696 W/SystemConfig( 1092): ro.product.name = m12nnxx
08-26 13:13:10.696 W/SystemConfig( 1092): fname = g0qcsx
08-26 13:13:10.696 W/SystemConfig( 1092): ro.product.name = m12nnxx
08-26 13:13:10.696 W/SystemConfig( 1092): fname = g0qxxx
08-26 13:13:10.696 W/SystemConfig( 1092): ro.product.name = m12nnxx
08-26 13:13:10.696 W/SystemConfig( 1092): fname = g0qsqw
08-26 13:13:10.696 W/SystemConfig( 1092): ro.product.name = m12nnxx
08-26 13:13:10.696 W/SystemConfig( 1092): fname = g0qzhx
08-26 13:13:10.696 W/SystemConfig( 1092): ro.product.name = m12nnxx
08-26 13:13:10.697 W/SystemConfig( 1092): fname = gts8kxx
08-26 13:13:10.697 W/SystemConfig( 1092): ro.product.name = m12nnxx
08-26 13:13:10.697 W/SystemConfig( 1092): fname = gts8keea
08-26 13:13:10.697 W/SystemConfig( 1092): ro.product.name = m12nnxx
08-26 13:13:10.697 W/SystemConfig( 1092): fname = gts8xser
08-26 13:13:10.697 W/SystemConfig( 1092): ro.product.name = m12nnxx
08-26 13:13:10.697 W/SystemConfig( 1092): fname = gts8xeea
08-26 13:13:10.697 W/SystemConfig( 1092): ro.product.name = m12nnxx
08-26 13:13:10.697 W/SystemConfig( 1092): fname = gts8xxx
08-26 13:13:10.697 W/SystemConfig( 1092): ro.product.name = m12nnxx
08-26 13:13:10.697 W/SystemConfig( 1092): fname = gts8sq
08-26 13:13:10.697 W/SystemConfig( 1092): ro.product.name = m12nnxx
08-26 13:13:10.697 W/SystemConfig( 1092): fname = gts8wifiser
08-26 13:13:10.697 W/SystemConfig( 1092): ro.product.name = m12nnxx
08-26 13:13:10.697 W/SystemConfig( 1092): fname = gts8wifitur
08-26 13:13:10.697 W/SystemConfig( 1092): ro.product.name = m12nnxx
