activity for token android.os.BinderProxy@58e3c03
04-02 12:13:25.963 9190 9190 E ArmVmp : Match on catch block at 0xc3 in for 0xa9
04-02 12:13:25.966 9190 9190 E ArmVmp : Match on catch block at 0xc3 in for 0xa1
04-02 12:13:25.970 9190 9190 E ArmVmp : Match on catch block at 0xc3 in for 0xa1
04-02 12:13:25.985 9190 9190 E ArmVmp : Match on catch block at 0xc3 in for 0xa9
04-02 12:13:25.988 9190 9190 E ArmVmp : Match on catch block at 0xc3 in for 0xa1
04-02 12:13:25.991 9190 9190 E ArmVmp : Match on catch block at 0xc3 in for 0xa1
04-02 12:13:26.550 9190 9190 E ArmVmp : Match on catch block at 0xc3 in for 0xa5
04-02 12:13:26.555 9190 9190 E ArmVmp : Match on catch block at 0xc3 in for 0xa9
04-02 12:13:26.558 9190 9190 E ArmVmp : Match on catch block at 0xc3 in for 0xa9
04-02 12:13:26.567 9190 9190 E ArmVmp : Match on catch block at 0xc3 in for 0xa1
04-02 12:13:26.571 9190 9190 E ArmVmp : Match on catch block at 0xc3 in for 0xa5
04-02 12:13:26.576 9190 9190 E ArmVmp : Match on catch block at 0xc3 in for 0xa5
04-02 12:13:26.583 9190 9190 E ArmVmp : Match on catch block at 0xc3 in for 0xa9
04-02 12:13:26.587 9190 9190 E ArmVmp : Match on catch block at 0xc3 in for 0xa1
04-02 12:13:26.591 9190 9190 E ArmVmp : Match on catch block at 0xc3 in for 0xa1
04-02 12:13:26.599 9190 9190 E ArmVmp : Match on catch block at 0xc3 in for 0xa5
04-02 12:13:26.603 9190 9190 E ArmVmp : Match on catch block at 0xc3 in for 0xa9
04-02 12:13:26.606 9190 9190 E ArmVmp : Match on catch block at 0xc3 in for 0xa9
04-02 12:13:26.616 9190 9190 E ArmVmp : Match on catch block at 0xc3 in for 0xa1
04-02 12:13:26.620 9190 9190 E ArmVmp : Match on catch block at 0xc3 in for 0xa5
04-02 12:13:26.624 9190 9190 E ArmVmp : Match on catch block at 0xc3 in for 0xa5
04-02 12:13:26.634 9190 9190 E ArmVmp : Match on catch block at 0xc3 in for 0xa9
04-02 12:13:26.639 9190 9190 E ArmVmp : Match on catch block at 0xc3 in for 0xa1
04-02 12:13:26.643 9190 9190 E ArmVmp : Match on catch block at 0xc3 in for 0xa1
04-02 12:13:26.650 9190 9190 E ArmVmp : Match on catch block at 0xc3 in for 0xa5
04-02 12:13:26.655 9190 9190 E ArmVmp : Match on catch block at 0xc3 in for 0xa9
04-02 12:13:26.659 9190 9190 E ArmVmp : Match on catch block at 0xc3 in for 0xa9
04-02 12:13:26.667 9190 9190 E ArmVmp : Match on catch block at 0xc3 in for 0xa1
04-02 12:13:26.671 9190 9190 E ArmVmp : Match on catch block at 0xc3 in for 0xa5
04-02 12:13:26.675 9190 9190 E ArmVmp : Match on catch block at 0xc3 in for 0xa5
04-02 12:13:26.683 9190 9190 E ArmVmp : Match on catch block at 0xc3 in for 0xa9
04-02 12:13:26.688 9190 9190 E ArmVmp : Match on catch block at 0xc3 in for 0xa1
04-02 12:13:26.692 9190 9190 E ArmVmp : Match on catch block at 0xc3 in for 0xa1
04-02 12:13:26.701 9190 9190 E ArmVmp : Match on catch block at 0xc3 in for 0xa5
04-02 12:13:26.706 9190 9190 E ArmVmp : Match on catch block at 0xc3 in for 0xa9
04-02 12:13:26.710 9190 9190 E ArmVmp : Match on catch block at 0xc3 in for 0xa9
04-02 12:13:26.716 9190 9190 E ArmVmp : Match on catch block at 0xc3 in for 0xa1
04-02 12:13:26.721 9190 9190 E ArmVmp : Match on catch block at 0xc3 in for 0xa5
04-02 12:13:26.725 9190 9190 E ArmVmp : Match on catch block at 0xc3 in for 0xa5
04-02 12:13:26.734 9190 9190 E ArmVmp : Match on catch block at 0xc3 in for 0xa9
04-02 12:13:26.737 9190 9190 E ArmVmp : Match on catch block at 0xc3 in for 0xa1
04-02 12:13:26.741 9190 9190 E ArmVmp : Match on catch block at 0xc3 in for 0xa1
04-02 12:13:26.750 9190 9190 E ArmVmp : Match on catch block at 0xc3 in for 0xa5
04-02 12:13:26.753 9190 9190 E ArmVmp : Match on catch block at 0xc3 in for 0xa9
04-02 12:13:26.756 9190 9190 E ArmVmp : Match on catch block at 0xc3 in for 0xa9
04-02 12:13:26.766 9190 9190 E ArmVmp : Match on catch block at 0xc3 in for 0xa1
04-02 12:13:26.770 9190 9190 E ArmVmp : Match on catch block at 0xc3 in for 0xa5
04-02 12:13:26.772 9190 9190 E ArmVmp : Match on catch block at 0xc3 in for 0xa5
04-02 12:13:26.781 9190 9190 E ArmVmp : Match on catch block at 0xc3 in for 0xa9
04-02 12:13:26.784 9190 9190 E ArmVmp : Match on catch block at 0xc3 in for 0xa1
04-02 12:13:26.785 9190 9190 E ArmVmp : Match on catch block at 0xc3 in for 0xa1
04-02 12:13:26.798 9190 9190 E ArmVmp : Match on catch block at 0xc3 in for 0xa5
04-02 12:13:26.801 9190 9190 E ArmVmp : Match on catch block at 0xc3 in for 0xa9
04-02 12:13:26.802 9190 9190 E ArmVmp : Match on catch block at 0xc3 in for 0xa9
04-02 12:13:27.140 9190 9190 E ArmVmp : Match on catch block at 0xc3 in for 0xa9
04-02 12:13:27.143 9190 9190 E ArmVmp : Match on catch block at 0xc3 in for 0xa1
04-02 12:13:27.145 9190 9190 E ArmVmp : Match on catch block at 0xc3 in for 0xa1
04-02 12:13:27.179 9190 9190 E ArmVmp : Match on catch block at 0xc3 in for 0xa5
04-02 12:13:27.181 9190 9190 E ArmVmp : Match on catch block at 0xc3 in for 0xa9
04-02 12:13:27.183 9190 9190 E ArmVmp : Match on catch block at 0xc3 in for 0xa9
04-02 12:13:27.188 9190 9190 E ArmVmp : Match on catch block at 0xc3 in for 0xa1
04-02 12:13:27.191 9190 9190 E ArmVmp : Match on catch block at 0xc3 in for 0xa5
04-02 12:13:27.194 9190 9190 E ArmVmp : Match on catch block at 0xc3 in for 0xa5
04-02 12:13:27.332 9190 9190 E ArmVmp : Match on catch block at 0xc3 in for 0xa5
04-02 12:13:27.335 9190 9190 E ArmVmp : Match on catch block at 0xc3 in for 0xa9
04-02 12:13:27.337 9190 9190 E ArmVmp : Match on catch block at 0xc3 in for 0xa9
04-02 12:13:27.341 9190 9747 E DRM/DcfDecoder: decodeDrmImageIfNeeded stream
caught ClassCastException
04-02 12:13:27.348 9190 9190 E ArmVmp : Match on catch block at 0xc3 in for 0xa5
04-02 12:13:27.354 9190 9190 E ArmVmp : Match on catch block at 0xc3 in for 0xa9
04-02 12:13:27.357 9190 9190 E ArmVmp : Match on catch block at 0xc3 in for 0xa9
04-02 12:13:27.365 9190 9190 E ArmVmp : Match on catch block at 0xc3 in for 0xa1
04-02 12:13:27.369 9190 9190 E ArmVmp : Match on catch block at 0xc3 in for 0xa5
04-02 12:13:27.383 9190 9190 E ArmVmp : Match on catch block at 0xc3 in for 0xa5
04-02 12:13:27.385 9190 9190 E ArmVmp : Match on catch block at 0xc3 in for 0xa9
04-02 12:13:27.389 9190 9190 E ArmVmp : Match on catch block at 0xc3 in for 0xa9
04-02 12:13:27.398 9190 9190 E ArmVmp : Match on catch block at 0xc3 in for 0xa1
04-02 12:13:27.401 9190 9190 E ArmVmp : Match on catch block at 0xc3 in for 0xa5
04-02 12:13:27.416 9190 9190 E ArmVmp : Match on catch block at 0xc3 in for 0xa5
04-02 12:13:27.419 9190 9190 E ArmVmp : Match on catch block at 0xc3 in for 0xa9
04-02 12:13:27.422 9190 9190 E ArmVmp : Match on catch block at 0xc3 in for 0xa9
04-02 12:13:27.432 9190 9190 E ArmVmp : Match on catch block at 0xc3 in for 0xa1
04-02 12:13:27.435 9190 9190 E ArmVmp : Match on catch block at 0xc3 in for 0xa5
04-02 12:13:27.437 9190 9190 E ArmVmp : Match on catch block at 0xc3 in for 0xa5
04-02 12:13:27.448 9190 9190 E ArmVmp : Match on catch block at 0xc3 in for 0xa9
04-02 12:13:27.452 9190 9190 E ArmVmp : Match on catch block at 0xc3 in for 0xa1
04-02 12:13:27.455 9190 9190 E ArmVmp : Match on catch block at 0xc3 in for 0xa1
04-02 12:13:27.465 9190 9190 E ArmVmp : Match on catch block at 0xc3 in for 0xa5
04-02 12:13:27.469 9190 9190 E ArmVmp : Match on catch block at 0xc3 in for 0xa9
04-02 12:13:27.472 9190 9190 E ArmVmp : Match on catch block at 0xc3 in for 0xa9
04-02 12:13:27.482 9190 9190 E ArmVmp : Match on catch block at 0xc3 in for 0xa1
04-02 12:13:27.485 9190 9190 E ArmVmp : Match on catch block at 0xc3 in for 0xa5
04-02 12:13:27.488 9190 9190 E ArmVmp : Match on catch block at 0xc3 in for 0xa5
04-02 12:13:27.500 9190 9190 E ArmVmp : Match on catch block at 0xc3 in for 0xa5
04-02 12:13:27.502 9190 9190 E ArmVmp : Match on catch block at 0xc3 in for 0xa9
04-02 12:13:27.515 9190 9190 E ArmVmp : Match on catch block at 0xc3 in for 0xa9
04-02 12:13:27.517 9190 9190 E ArmVmp : Match on catch block at 0xc3 in for 0xa1
04-02 12:13:27.520 9190 9190 E ArmVmp : Match on catch block at 0xc3 in for 0xa1
04-02 12:13:27.523 9190 9264 E SQLiteDatabase: Error inserting transferred=1
media_job_uuid=7d9e9271-fc7c-44f9-9954-f950cb03d371 transcoded=0 gif_attribution=0
first_scan_length=5490 direct_path=/o1/v/t62.7118-24/f1/m236/up-oil-image-9731c7c6-
0a63-4cb2-9810-6a65dcbaa6ee?ccb=9-
4&oh=01_ASAQguEk4VrzhHI4U3dlZ5uBk4T_wrN4RGga1NCBI_vvgw&oe=66331976&_nc_sid=000000&_
nc_hot=1712038397 thumbnail_height_width_ratio=1.3333334 is_animated_sticker=0
file_hash=uzL0UoGZFo+g+axZZcXPFm5iDSliU6Vfk0PdUDN2dHA= file_path=Media/WhatsApp
Images/IMG-20240402-WA0002.jpg file_size=48510
partial_media_hash=5VCyILeNXsUksTTIMxremuREJ1NK9visgQZkIVSzY+8= face_x=0 face_y=0
height=1080 trim_to=0 media_key_timestamp=1712034444000
message_url=https://mmg.whatsapp.net/o1/v/t62.7118-24/f1/m236/up-oil-image-
9731c7c6-0a63-4cb2-9810-6a65dcbaa6ee?ccb=9-
4&oh=01_ASAQguEk4VrzhHI4U3dlZ5uBk4T_wrN4RGga1NCBI_vvgw&oe=66331976&_nc_sid=000000&m
ms3=true media_caption=null trim_from=0 mime_type=image/jpeg
partial_media_enc_hash=null width=810 original_file_hash=null
has_streaming_sidecar=1 autotransfer_retry_enabled=1 media_upload_handle=null
message_row_id=603 multicast_id=null
enc_file_hash=x0NfXO0YYIHPW/VMzyfaNRunTUO836eJ2sxMg6J/pn4= mute_video=0
page_count=0 first_scan_sidecar=[B@d7c9b73 suspicious_content=0 file_length=48510
media_name=null media_duration=0 chat_row_id=18 media_key=[B@35d6a30
04-02 12:13:27.523 9190 9264 E SQLiteDatabase:
android.database.sqlite.SQLiteConstraintException: UNIQUE constraint failed:
message_media.message_row_id (code 1555 SQLITE_CONSTRAINT_PRIMARYKEY)
04-02 12:13:27.523 9190 9264 E SQLiteDatabase: at
android.database.sqlite.SQLiteConnection.nativeExecuteForLastInsertedRowId(Native
Method)
04-02 12:13:27.523 9190 9264 E SQLiteDatabase: at
android.database.sqlite.SQLiteConnection.executeForLastInsertedRowId(SQLiteConnecti
on.java:879)
04-02 12:13:27.523 9190 9264 E SQLiteDatabase: at
android.database.sqlite.SQLiteSession.executeForLastInsertedRowId(SQLiteSession.jav
a:790)
04-02 12:13:27.523 9190 9264 E SQLiteDatabase: at
android.database.sqlite.SQLiteStatement.executeInsert(SQLiteStatement.java:88)
04-02 12:13:27.523 9190 9264 E SQLiteDatabase: at
android.database.sqlite.SQLiteDatabase.insertWithOnConflict(SQLiteDatabase.java:159
9)
04-02 12:13:27.523 9190 9264 E SQLiteDatabase: at
android.database.sqlite.SQLiteDatabase.insert(SQLiteDatabase.java:1468)
04-02 12:13:27.523 9190 9264 E SQLiteDatabase: at X.2tm.A08(Unknown
Source:6)
04-02 12:13:27.523 9190 9264 E SQLiteDatabase: at X.35Y.A07(Unknown
Source:212)
04-02 12:13:27.523 9190 9264 E SQLiteDatabase: at X.3QF.A14(Unknown
Source:470)
04-02 12:13:27.523 9190 9264 E SQLiteDatabase: at X.3gU.run(Unknown
Source:982)
04-02 12:13:27.523 9190 9264 E SQLiteDatabase: at
android.os.Handler.handleCallback(Handler.java:883)
04-02 12:13:27.523 9190 9264 E SQLiteDatabase: at
android.os.Handler.dispatchMessage(Handler.java:100)
04-02 12:13:27.523 9190 9264 E SQLiteDatabase: at
X.0zq.dispatchMessage(Unknown Source:4)
04-02 12:13:27.523 9190 9264 E SQLiteDatabase: at
android.os.Looper.loop(Looper.java:224)
04-02 12:13:27.523 9190 9264 E SQLiteDatabase: at
android.os.HandlerThread.run(HandlerThread.java:67)
04-02 12:13:27.532 9190 9190 E ArmVmp : Match on catch block at 0xc3 in for 0xa5
04-02 12:13:27.534 9190 9190 E ArmVmp : Match on catch block at 0xc3 in for 0xa9
04-02 12:13:27.536 9190 9190 E ArmVmp : Match on catch block at 0xc3 in for 0xa9
04-02 12:13:27.712 9190 9190 E ArmVmp : Match on catch block at 0xc3 in for 0xa5
04-02 12:13:27.714 9190 9190 E ArmVmp : Match on catch block at 0xc3 in for 0xa9
04-02 12:13:27.716 9190 9190 E ArmVmp : Match on catch block at 0xc3 in for 0xa9
04-02 12:13:27.763 9190 9190 E ArmVmp : Match on catch block at 0xc3 in for 0xa1
04-02 12:13:27.765 9190 9190 E ArmVmp : Match on catch block at 0xc3 in for 0xa5
04-02 12:13:27.768 9190 9190 E ArmVmp : Match on catch block at 0xc3 in for 0xa5
04-02 12:13:27.797 9190 9190 E ArmVmp : Match on catch block at 0xc3 in for 0xa5
04-02 12:13:27.800 9190 9190 E ArmVmp : Match on catch block at 0xc3 in for 0xa9
04-02 12:13:27.804 9190 9190 E ArmVmp : Match on catch block at 0xc3 in for 0xa9
04-02 12:13:27.830 9190 9190 E ArmVmp : Match on catch block at 0xc3 in for 0xa1
04-02 12:13:27.835 9190 9190 E ArmVmp : Match on catch block at 0xc3 in for 0xa5
04-02 12:13:27.849 9190 9190 E ArmVmp : Match on catch block at 0xc3 in for 0xa5
04-02 12:13:27.852 9190 9190 E ArmVmp : Match on catch block at 0xc3 in for 0xa9
04-02 12:13:27.855 9190 9190 E ArmVmp : Match on catch block at 0xc3 in for 0xa9
04-02 12:13:27.865 9190 9190 E ArmVmp : Match on catch block at 0xc3 in for 0xa1
04-02 12:13:27.869 9190 9190 E ArmVmp : Match on catch block at 0xc3 in for 0xa5
04-02 12:13:27.871 9190 9190 E ArmVmp : Match on catch block at 0xc3 in for 0xa5
04-02 12:13:27.880 9190 9190 E ArmVmp : Match on catch block at 0xc3 in for 0xa9
04-02 12:13:27.883 9190 9190 E ArmVmp : Match on catch block at 0xc3 in for 0xa1
04-02 12:13:27.886 9190 9190 E ArmVmp : Match on catch block at 0xc3 in for 0xa1
04-02 12:13:27.896 9190 9190 E ArmVmp : Match on catch block at 0xc3 in for 0xa5
04-02 12:13:27.900 9190 9190 E ArmVmp : Match on catch block at 0xc3 in for 0xa9
04-02 12:13:27.903 9190 9190 E ArmVmp : Match on catch block at 0xc3 in for 0xa9
04-02 12:13:27.917 9190 9190 E ArmVmp : Match on catch block at 0xc3 in for 0xa1
04-02 12:13:27.923 9190 9190 E ArmVmp : Match on catch block at 0xc3 in for 0xa5
04-02 12:13:27.926 9190 9190 E ArmVmp : Match on catch block at 0xc3 in for 0xa5
04-02 12:13:27.950 9190 9190 E ArmVmp : Match on catch block at 0xc3 in for 0xa9
04-02 12:13:27.954 9190 9190 E ArmVmp : Match on catch block at 0xc3 in for 0xa1
04-02 12:13:27.956 9190 9190 E ArmVmp : Match on catch block at 0xc3 in for 0xa1
04-02 12:13:27.966 9190 9190 E ArmVmp : Match on catch block at 0xc3 in for 0xa5
04-02 12:13:27.968 9190 9190 E ArmVmp : Match on catch block at 0xc3 in for 0xa9
04-02 12:13:27.971 9190 9190 E ArmVmp : Match on catch block at 0xc3 in for 0xa9
04-02 12:13:27.983 9190 9190 E ArmVmp : Match on catch block at 0xc3 in for 0xa1
04-02 12:13:27.986 9190 9190 E ArmVmp : Match on catch block at 0xc3 in for 0xa5
04-02 12:13:27.989 9190 9190 E ArmVmp : Match on catch block at 0xc3 in for 0xa5
04-02 12:13:28.002 9190 9190 E ArmVmp : Match on catch block at 0xc3 in for 0xa1
04-02 12:13:28.005 9190 9190 E ArmVmp : Match on catch block at 0xc3 in for 0xa5
04-02 12:13:28.010 9190 9190 E ArmVmp : Match on catch block at 0xc3 in for 0xa5
04-02 12:13:28.031 9190 9190 E ArmVmp : Match on catch block at 0xc3 in for 0xa5
04-02 12:13:28.037 9190 9190 E ArmVmp : Match on catch block at 0xc3 in for 0xa9
04-02 12:13:28.040 9190 9190 E ArmVmp : Match on catch block at 0xc3 in for 0xa9
04-02 12:13:28.052 9190 9190 E ArmVmp : Match on catch block at 0xc3 in for 0xa1
04-02 12:13:28.057 9190 9190 E ArmVmp : Match on catch block at 0xc3 in for 0xa5
04-02 12:13:28.060 9190 9190 E ArmVmp : Match on catch block at 0xc3 in for 0xa5
04-02 12:13:28.073 9190 9190 E ArmVmp : Match on catch block at 0xc3 in for 0xa9
04-02 12:13:28.078 9190 9190 E ArmVmp : Match on catch block at 0xc3 in for 0xa1
04-02 12:13:28.084 9190 9190 E ArmVmp : Match on catch block at 0xc3 in for 0xa1
04-02 12:13:28.234 9190 9190 E ArmVmp : Match on catch block at 0xc3 in for 0xa5
04-02 12:13:28.239 9190 9190 E ArmVmp : Match on catch block at 0xc3 in for 0xa9
04-02 12:13:28.242 9190 9190 E ArmVmp : Match on catch block at 0xc3 in for 0xa9
04-02 12:13:28.380 9190 9190 W InputEventReceiver: Attempted to finish an input
event but the input event receiver has already been disposed.
04-02 12:13:28.505 9190 9190 E ArmVmp : Match on catch block at 0xc3 in for 0xa9
04-02 12:13:28.509 9190 9190 E ArmVmp : Match on catch block at 0xc3 in for 0xa1
04-02 12:13:28.513 9190 9190 E ArmVmp : Match on catch block at 0xc3 in for 0xa1
04-02 12:13:28.524 9190 9190 E ArmVmp : Match on catch block at 0xc3 in for 0xa5
04-02 12:13:28.529 9190 9190 E ArmVmp : Match on catch block at 0xc3 in for 0xa9
04-02 12:13:28.532 9190 9190 E ArmVmp : Match on catch block at 0xc3 in for 0xa9
04-02 12:13:28.538 9190 9190 E ArmVmp : Match on catch block at 0xc3 in for 0xa1
04-02 12:13:28.543 9190 9190 E ArmVmp : Match on catch block at 0xc3 in for 0xa5
04-02 12:13:28.547 9190 9190 E ArmVmp : Match on catch block at 0xc3 in for 0xa5
04-02 12:13:28.554 9190 9190 E ArmVmp : Match on catch block at 0xc3 in for 0xa9
04-02 12:13:28.559 9190 9190 E ArmVmp : Match on catch block at 0xc3 in for 0xa1
04-02 12:13:28.562 9190 9190 E ArmVmp : Match on catch block at 0xc3 in for 0xa1
04-02 12:13:28.569 9190 9190 E ArmVmp : Match on catch block at 0xc3 in for 0xa5
04-02 12:13:28.573 9190 9190 E ArmVmp : Match on catch block at 0xc3 in for 0xa9
04-02 12:13:28.577 9190 9190 E ArmVmp : Match on catch block at 0xc3 in for 0xa9
04-02 12:13:28.584 9190 9190 E ArmVmp : Match on catch block at 0xc3 in for 0xa1
04-02 12:13:28.587 9190 9190 E ArmVmp : Match on catch block at 0xc3 in for 0xa5
04-02 12:13:28.591 9190 9190 E ArmVmp : Match on catch block at 0xc3 in for 0xa5
04-02 12:13:28.600 9190 9190 E ArmVmp : Match on catch block at 0xc3 in for 0xa9
04-02 12:13:28.603 9190 9190 E ArmVmp : Match on catch block at 0xc3 in for 0xa1
04-02 12:13:28.607 9190 9190 E ArmVmp : Match on catch block at 0xc3 in for 0xa1
04-02 12:13:28.617 9190 9190 E ArmVmp : Match on catch block at 0xc3 in for 0xa5
04-02 12:13:28.620 9190 9190 E ArmVmp : Match on catch block at 0xc3 in for 0xa9
04-02 12:13:28.623 9190 9190 E ArmVmp : Match on catch block at 0xc3 in for 0xa9
04-02 12:13:28.633 9190 9190 E ArmVmp : Match on catch block at 0xc3 in for 0xa1
04-02 12:13:28.638 9190 9190 E ArmVmp : Match on catch block at 0xc3 in for 0xa5
04-02 12:13:28.641 9190 9190 E ArmVmp : Match on catch block at 0xc3 in for 0xa5
04-02 12:13:28.650 9190 9190 E ArmVmp : Match on catch block at 0xc3 in for 0xa9
04-02 12:13:28.653 9190 9190 E ArmVmp : Match on catch block at 0xc3 in for 0xa1
04-02 12:13:28.656 9190 9190 E ArmVmp : Match on catch block at 0xc3 in for 0xa1
04-02 12:13:28.666 9190 9190 E ArmVmp : Match on catch block at 0xc3 in for 0xa5
04-02 12:13:28.669 9190 9190 E ArmVmp : Match on catch block at 0xc3 in for 0xa9
04-02 12:13:28.673 9190 9190 E ArmVmp : Match on catch block at 0xc3 in for 0xa9
04-02 12:13:28.683 9190 9190 E ArmVmp : Match on catch block at 0xc3 in for 0xa1
04-02 12:13:28.687 9190 9190 E ArmVmp : Match on catch block at 0xc3 in for 0xa5
04-02 12:13:28.690 9190 9190 E ArmVmp : Match on catch block at 0xc3 in for 0xa5
04-02 12:13:28.699 9190 9190 E ArmVmp : Match on catch block at 0xc3 in for 0xa9
04-02 12:13:28.703 9190 9190 E ArmVmp : Match on catch block at 0xc3 in for 0xa1
04-02 12:13:28.706 9190 9190 E ArmVmp : Match on catch block at 0xc3 in for 0xa1
04-02 12:13:28.718 9190 9190 E ArmVmp : Match on catch block at 0xc3 in for 0xa5
04-02 12:13:28.721 9190 9190 E ArmVmp : Match on catch block at 0xc3 in for 0xa9
04-02 12:13:28.725 9190 9190 E ArmVmp : Match on catch block at 0xc3 in for 0xa9
04-02 12:13:28.734 9190 9190 E ArmVmp : Match on catch block at 0xc3 in for 0xa1
04-02 12:13:28.738 9190 9190 E ArmVmp : Match on catch block at 0xc3 in for 0xa5
04-02 12:13:28.741 9190 9190 E ArmVmp : Match on catch block at 0xc3 in for 0xa5
04-02 12:13:28.749 9190 9190 E ArmVmp : Match on catch block at 0xc3 in for 0xa9
04-02 12:13:28.753 9190 9190 E ArmVmp : Match on catch block at 0xc3 in for 0xa1
04-02 12:13:28.756 9190 9190 E ArmVmp : Match on catch block at 0xc3 in for 0xa1
04-02 12:13:28.767 9190 9190 E ArmVmp : Match on catch block at 0xc3 in for 0xa5
04-02 12:13:28.770 9190 9190 E ArmVmp : Match on catch block at 0xc3 in for 0xa9
04-02 12:13:28.773 9190 9190 E ArmVmp : Match on catch block at 0xc3 in for 0xa9
04-02 12:13:28.784 9190 9190 E ArmVmp : Match on catch block at 0xc3 in for 0xa1
04-02 12:13:28.787 9190 9190 E ArmVmp : Match on catch block at 0xc3 in for 0xa5
04-02 12:13:28.790 9190 9190 E ArmVmp : Match on catch block at 0xc3 in for 0xa5
04-02 12:13:28.800 9190 9190 E ArmVmp : Match on catch block at 0xc3 in for 0xa9
04-02 12:13:28.803 9190 9190 E ArmVmp : Match on catch block at 0xc3 in for 0xa1
04-02 12:13:28.806 9190 9190 E ArmVmp : Match on catch block at 0xc3 in for 0xa1
04-02 12:13:28.821 9190 9190 E ArmVmp : Match on catch block at 0xc3 in for 0xa5
04-02 12:13:28.825 9190 9190 E ArmVmp : Match on catch block at 0xc3 in for 0xa9
04-02 12:13:28.829 9190 9190 E ArmVmp : Match on catch block at 0xc3 in for 0xa9
04-02 12:13:29.116 9190 9190 E ArmVmp : Match on catch block at 0xc3 in for 0xa5
04-02 12:13:29.119 9190 9190 E ArmVmp : Match on catch block at 0xc3 in for 0xa9
04-02 12:13:29.122 9190 9190 E ArmVmp : Match on catch block at 0xc3 in for 0xa9
04-02 12:13:29.157 9190 9190 W ActivityThread: handleWindowVisibility: no
activity for token android.os.BinderProxy@5cb3f76
04-02 12:13:29.255 9190 9190 E ArmVmp : Match on catch block at 0xc3 in for 0xa9
04-02 12:13:29.258 9190 9190 E ArmVmp : Match on catch block at 0xc3 in for 0xa1
04-02 12:13:29.261 9190 9190 E ArmVmp : Match on catch block at 0xc3 in for 0xa1
04-02 12:13:29.645 9190 9190 E ArmVmp : Match on catch block at 0xc3 in for 0xa9
04-02 12:13:29.649 9190 9190 E ArmVmp : Match on catch block at 0xc3 in for 0xa1
04-02 12:13:29.653 9190 9190 E ArmVmp : Match on catch block at 0xc3 in for 0xa1
04-02 12:13:29.662 9190 9190 E ArmVmp : Match on catch block at 0xc3 in for 0xa5
04-02 12:13:29.665 9190 9190 E ArmVmp : Match on catch block at 0xc3 in for 0xa9
04-02 12:13:29.668 9190 9190 E ArmVmp : Match on catch block at 0xc3 in for 0xa9
04-02 12:13:30.174 9190 9190 W ActivityThread: handleWindowVisibility: no
activity for token android.os.BinderProxy@ed441b3
04-02 12:13:30.348 9190 9190 E ArmVmp : Match on catch block at 0x0a in for 0xc9
04-02 12:13:30.351 9190 9190 E ArmVmp : Match on catch block at 0x0a in for 0xc5
04-02 12:13:30.439 9190 9190 E ArmVmp : Match on catch block at 0xc3 in for 0xb9
04-02 12:13:30.444 9190 9190 E ArmVmp : Match on catch block at 0xc3 in for 0xb9
04-02 12:13:30.481 9190 9190 E ArmVmp : Match on catch block at 0xc3 in for 0xa1
04-02 12:13:30.484 9190 9190 E ArmVmp : Match on catch block at 0xc3 in for 0xa5
04-02 12:13:30.525 9190 9190 E ArmVmp : Match on catch block at 0xc3 in for 0xa5
04-02 12:13:30.527 9190 9190 E ArmVmp : Match on catch block at 0xc3 in for 0xa9
04-02 12:13:30.547 9190 9190 E ArmVmp : Match on catch block at 0xc3 in for 0xa9
04-02 12:13:30.551 9190 9190 E ArmVmp : Match on catch block at 0xc3 in for 0xa1
04-02 12:13:30.555 9190 9190 E ArmVmp : Match on catch block at 0xc3 in for 0xa1
04-02 12:13:30.575 9190 9190 E ArmVmp : Match on catch block at 0xc3 in for 0xa9
04-02 12:13:30.578 9190 9190 E ArmVmp : Match on catch block at 0xc3 in for 0xa1
04-02 12:13:30.588 9190 9190 E ArmVmp : Match on catch block at 0xc3 in for 0xa1
04-02 12:13:30.593 9190 9190 E ArmVmp : Match on catch block at 0xc3 in for 0xa5
04-02 12:13:30.600 9190 9190 E ArmVmp : Match on catch block at 0xc3 in for 0xa5
04-02 12:13:30.604 9190 9190 E ArmVmp : Match on catch block at 0xc3 in for 0xa9
04-02 12:13:31.018 9190 9190 E ArmVmp : Match on catch block at 0xc3 in for 0xa9
04-02 12:13:31.022 9190 9190 E ArmVmp : Match on catch block at 0xc3 in for 0xa1
04-02 12:13:31.150 9190 9190 E ArmVmp : Match on catch block at 0xc3 in for 0xa9
04-02 12:13:31.153 9190 9190 E ArmVmp : Match on catch block at 0xc3 in for 0xa1
04-02 12:13:31.178 9190 9190 E ArmVmp : Match on catch block at 0xc3 in for 0xa1
04-02 12:13:31.180 9190 9190 E ArmVmp : Match on catch block at 0xc3 in for 0xa5
04-02 12:13:31.192 9190 9190 W com.whatsapp: type=1400 audit(0.0:670394): avc:
denied { read } for name="u:object_r:debug_bq_dump_prop:s0" dev="tmpfs" ino=13149
scontext=u:r:untrusted_app:s0:c210,c256,c512,c768
tcontext=u:object_r:debug_bq_dump_prop:s0 tclass=file permissive=0
04-02 12:13:31.196 9190 9190 E libc : Access denied finding property
"vendor.debug.bq.dump"
04-02 12:13:31.196 9190 9190 E libc : Access denied finding property
"vendor.debug.bq.dump"
04-02 12:13:31.192 9190 9190 W com.whatsapp: type=1400 audit(0.0:670395): avc:
denied { read } for name="u:object_r:debug_bq_dump_prop:s0" dev="tmpfs" ino=13149
scontext=u:r:untrusted_app:s0:c210,c256,c512,c768
tcontext=u:object_r:debug_bq_dump_prop:s0 tclass=file permissive=0
04-02 12:13:31.196 9190 9394 E BufferQueueProducer: [unnamed-9190-0]
(this:0x7b24bf1000,id:0,api:1,p:9190,c:9190) setMaxDequeuedBufferCount: 2 dequeued
buffers would exceed the maxBufferCount (2) (maxAcquired 1 async 0
mDequeuedBufferCannotBlock 0)
04-02 12:13:31.196 9190 9394 E Surface :
IGraphicBufferProducer::setBufferCount(3) returned Invalid argument
04-02 12:13:31.200 9190 9394 W Gralloc3: allocator 3.x is not supported
04-02 12:13:31.203 9190 9394 E ion : ioctl c0044901 failed with code -1:
Invalid argument
04-02 12:13:31.222 9190 9190 E ArmVmp : Match on catch block at 0xc3 in for 0xa5
04-02 12:13:31.226 9190 9190 E ArmVmp : Match on catch block at 0xc3 in for 0xa9
04-02 12:13:31.229 9190 9190 W ActivityThread: handleWindowVisibility: no
activity for token android.os.BinderProxy@9b3213a
04-02 12:13:31.400 9190 9190 W ResourceType: Bad XML block: header size 18254 or
total size 169478669 is larger than data size 380
04-02 12:13:31.405 9190 9190 W ResourceType: Bad XML block: header size 18254 or
total size 169478669 is larger than data size 633
04-02 12:13:31.424 9190 9190 W ResourceType: Bad XML block: header size 18254 or
total size 169478669 is larger than data size 677
04-02 12:13:31.428 9190 9190 W ResourceType: Bad XML block: header size 18254 or
total size 169478669 is larger than data size 248
04-02 12:13:31.438 9190 9190 W ResourceType: Bad XML block: header size 18254 or
total size 169478669 is larger than data size 571
04-02 12:13:31.448 9190 9190 W ResourceType: Bad XML block: header size 18254 or
total size 169478669 is larger than data size 333
04-02 12:13:31.452 9190 9190 W ResourceType: Bad XML block: header size 18254 or
total size 169478669 is larger than data size 650
04-02 12:13:31.456 9190 9190 W ResourceType: Bad XML block: header size 18254 or
total size 169478669 is larger than data size 1150
04-02 12:13:31.461 9190 9190 W ResourceType: Bad XML block: header size 18254 or
total size 169478669 is larger than data size 491
04-02 12:13:31.465 9190 9190 W ResourceType: Bad XML block: header size 18254 or
total size 169478669 is larger than data size 1150
04-02 12:13:31.468 9190 9190 W ResourceType: Bad XML block: header size 18254 or
total size 169478669 is larger than data size 659
04-02 12:13:31.472 9190 9190 W ResourceType: Bad XML block: header size 18254 or
total size 169478669 is larger than data size 593
04-02 12:13:31.482 9190 9190 W ResourceType: Bad XML block: header size 18254 or
total size 169478669 is larger than data size 1171
04-02 12:13:31.487 9190 9190 W ResourceType: Bad XML block: header size 18254 or
total size 169478669 is larger than data size 510
04-02 12:13:31.517 9190 9190 W ResourceType: Bad XML block: header size 18254 or
total size 169478669 is larger than data size 853
04-02 12:13:31.578 9190 9190 W ResourceType: Bad XML block: header size 18254 or
total size 169478669 is larger than data size 650
04-02 12:13:31.587 9190 9190 W Looper : Slow Looper main: Activity
com.whatsapp/.chatinfo.ContactInfoActivity is 371ms late (wall=0ms running=0ms
ClientTransaction{ callbacks=[android.app.servertransaction.TopResumedActivityChang
eItem] }) because of 5 msg, msg 5 took 359ms (seq=3394 running=257ms runnable=4ms
io=67ms late=12ms h=android.app.ActivityThread$H w=159)
04-02 12:13:31.591 9190 9190 E ArmVmp : Match on catch block at 0xc3 in for 0xa5
04-02 12:13:31.593 9190 9190 E ArmVmp : Match on catch block at 0xc3 in for 0xa9
04-02 12:13:31.623 9190 9190 W View : requestLayout() improperly called by
android.widget.Space{7103756 I.ED..... ......I. 33,99-44,110 #7f0b00ba
app:id/action_tile_spacing} during layout: running second layout pass
04-02 12:13:31.623 9190 9190 W View : requestLayout() improperly called by
android.widget.Space{547f3d7 I.ED..... ......I. 33,99-44,110 #7f0b00ba
app:id/action_tile_spacing} during layout: running second layout pass
04-02 12:13:31.623 9190 9190 W View : requestLayout() improperly called by
android.widget.Space{b3884c4 I.ED..... ......I. 33,99-44,110 #7f0b00ba
app:id/action_tile_spacing} during layout: running second layout pass
04-02 12:13:31.623 9190 9190 W View : requestLayout() improperly called by
android.widget.Space{31c6fad I.ED..... ......I. 33,99-44,110 #7f0b00ba
app:id/action_tile_spacing} during layout: running second layout pass
04-02 12:13:31.628 9190 9190 W Looper : Slow Looper main: doFrame is 357ms late
because of 3 msg, msg 1 took 359ms (seq=3394 running=257ms runnable=4ms io=67ms
late=12ms h=android.app.ActivityThread$H w=159)
04-02 12:13:31.635 9190 9190 E ArmVmp : Match on catch block at 0xc3 in for 0xa9
04-02 12:13:31.637 9190 9190 E ArmVmp : Match on catch block at 0xc3 in for 0xa1
04-02 12:13:31.752 9190 9190 E ArmVmp : Match on catch block at 0xc3 in for 0xa5
04-02 12:13:31.754 9190 9190 E ArmVmp : Match on catch block at 0xc3 in for 0xa9
04-02 12:13:31.811 9190 9278 W BpBinder: Slow Binder: BpBinder transact took
289ms, interface=android.app.IActivityManager, code=20 oneway=false
04-02 12:13:31.997 9190 9190 E ArmVmp : Match on catch block at 0xc3 in for 0xa9
04-02 12:13:32.002 9190 9190 E ArmVmp : Match on catch block at 0xc3 in for 0xa1
04-02 12:13:33.831 9190 9190 W BottomSheetBehavior: BottomSheetBehavior now
supports multiple callbacks. `setBottomSheetCallback()` removes all existing
callbacks, including ones set internally by library authors, which may result in
unintended behavior. This may change in the future. Please use
`addBottomSheetCallback()` and `removeBottomSheetCallback()` instead to set your
own callbacks.
04-02 12:13:35.253 9190 9288 W System : ClassLoader referenced unknown path:
system/framework/mediatek-cta.jar
04-02 12:13:37.023 9190 11631 W System : ClassLoader referenced unknown path:
system/framework/mediatek-cta.jar
04-02 12:13:37.261 9190 11631 W System : ClassLoader referenced unknown path:
system/framework/mediatek-cta.jar
04-02 12:13:52.578 9190 9249 W BpBinder: Slow Binder: BpBinder transact took
440ms, interface=android.content.IContentProvider, code=20 oneway=false
04-02 12:13:53.513 9190 9190 E ArmVmp : Match on catch block at 0x0a in for 0xc9
04-02 12:13:53.516 9190 9190 E ArmVmp : Match on catch block at 0x0a in for 0xc5
04-02 12:13:53.516 9190 11631 W System : ClassLoader referenced unknown path:
system/framework/mediatek-cta.jar
04-02 12:13:53.556 9190 9190 E ArmVmp : Match on catch block at 0xc3 in for 0xa5
04-02 12:13:53.558 9190 9190 E ArmVmp : Match on catch block at 0xc3 in for 0xa9
04-02 12:13:53.561 9190 9190 E libc : Access denied finding property
"vendor.debug.bq.dump"
04-02 12:13:53.561 9190 9190 E libc : Access denied finding property
"vendor.debug.bq.dump"
04-02 12:13:53.562 9190 9394 E BufferQueueProducer: [unnamed-9190-1]
(this:0x7b7c82e800,id:1,api:1,p:9190,c:9190) setMaxDequeuedBufferCount: 2 dequeued
buffers would exceed the maxBufferCount (2) (maxAcquired 1 async 0
mDequeuedBufferCannotBlock 0)
04-02 12:13:53.562 9190 9394 E Surface :
IGraphicBufferProducer::setBufferCount(3) returned Invalid argument
04-02 12:13:53.574 9190 9190 E ArmVmp : Match on catch block at 0xc3 in for 0xa5
04-02 12:13:53.577 9190 9190 E ArmVmp : Match on catch block at 0xc3 in for 0xa9
04-02 12:13:53.596 9190 9190 E ArmVmp : Match on catch block at 0xc3 in for 0xa5
04-02 12:13:53.600 9190 9190 E ArmVmp : Match on catch block at 0xc3 in for 0xa9
04-02 12:13:53.822 9190 11631 W System : ClassLoader referenced unknown path:
system/framework/mediatek-cta.jar
04-02 12:13:53.931 9190 9190 E ArmVmp : Match on catch block at 0xc3 in for 0xa9
04-02 12:13:53.940 9190 9190 E ArmVmp : Match on catch block at 0xc3 in for 0xa1
04-02 12:13:53.966 9190 9190 E ArmVmp : Match on catch block at 0xc3 in for 0xa5
04-02 12:13:53.970 9190 9190 E ArmVmp : Match on catch block at 0xc3 in for 0xa9
04-02 12:13:53.984 9190 9190 E ArmVmp : Match on catch block at 0xc3 in for 0xa9
04-02 12:13:53.989 9190 9190 E ArmVmp : Match on catch block at 0xc3 in for 0xa1
04-02 12:13:54.059 9190 9190 E ArmVmp : Match on catch block at 0xc3 in for 0xa9
04-02 12:13:54.061 9190 9190 E ArmVmp : Match on catch block at 0xc3 in for 0xa1
04-02 12:13:54.087 9190 9190 E ArmVmp : Match on catch block at 0xc3 in for 0xa1
04-02 12:13:54.089 9190 9190 E ArmVmp : Match on catch block at 0xc3 in for 0xa5
04-02 12:13:54.178 9190 9190 E ArmVmp : Match on catch block at 0xc3 in for 0xa9
04-02 12:13:54.181 9190 9190 E ArmVmp : Match on catch block at 0xc3 in for 0xa1
04-02 12:13:54.193 9190 9190 E ArmVmp : Match on catch block at 0xc3 in for 0xa1
04-02 12:13:54.195 9190 9190 E ArmVmp : Match on catch block at 0xc3 in for 0xa5
04-02 12:13:54.249 9190 9190 E ArmVmp : Match on catch block at 0xc3 in for 0xa9
04-02 12:13:54.251 9190 9190 E ArmVmp : Match on catch block at 0xc3 in for 0xa1
04-02 12:13:54.338 9190 9190 E ArmVmp : Match on catch block at 0xc3 in for 0xa9
04-02 12:13:54.341 9190 9190 E ArmVmp : Match on catch block at 0xc3 in for 0xa1
04-02 12:13:54.370 9190 9190 E ArmVmp : Match on catch block at 0xc3 in for 0xa5
04-02 12:13:54.373 9190 9190 E ArmVmp : Match on catch block at 0xc3 in for 0xa9
04-02 12:13:54.388 9190 9190 E ArmVmp : Match on catch block at 0xc3 in for 0xa1
04-02 12:13:54.390 9190 9190 E ArmVmp : Match on catch block at 0xc3 in for 0xa5
04-02 12:13:54.411 9190 9190 E ArmVmp : Match on catch block at 0xc3 in for 0xa9
04-02 12:13:54.413 9190 9190 E ArmVmp : Match on catch block at 0xc3 in for 0xa1
04-02 12:13:54.429 9190 9190 E ArmVmp : Match on catch block at 0xc3 in for 0xa5
04-02 12:13:54.433 9190 9190 E ArmVmp : Match on catch block at 0xc3 in for 0xa9
04-02 12:13:54.445 9190 9190 E ArmVmp : Match on catch block at 0xc3 in for 0xa9
04-02 12:13:54.448 9190 9190 E ArmVmp : Match on catch block at 0xc3 in for 0xa1
04-02 12:13:54.461 9190 9190 E ArmVmp : Match on catch block at 0xc3 in for 0xa1
04-02 12:13:54.463 9190 9190 E ArmVmp : Match on catch block at 0xc3 in for 0xa5
04-02 12:13:54.477 9190 9190 E ArmVmp : Match on catch block at 0xc3 in for 0xa5
04-02 12:13:54.480 9190 9190 E ArmVmp : Match on catch block at 0xc3 in for 0xa9
04-02 12:13:54.494 9190 9190 E ArmVmp : Match on catch block at 0xc3 in for 0xa9
04-02 12:13:54.497 9190 9190 E ArmVmp : Match on catch block at 0xc3 in for 0xa1
04-02 12:13:54.510 9190 9190 E ArmVmp : Match on catch block at 0xc3 in for 0xa1
04-02 12:13:54.513 9190 9190 E ArmVmp : Match on catch block at 0xc3 in for 0xa5
04-02 12:13:54.527 9190 9190 E ArmVmp : Match on catch block at 0xc3 in for 0xa5
04-02 12:13:54.530 9190 9190 E ArmVmp : Match on catch block at 0xc3 in for 0xa9
04-02 12:13:54.544 9190 9190 E ArmVmp : Match on catch block at 0xc3 in for 0xa9
04-02 12:13:54.547 9190 9190 E ArmVmp : Match on catch block at 0xc3 in for 0xa1
04-02 12:13:54.560 9190 9190 E ArmVmp : Match on catch block at 0xc3 in for 0xa1
04-02 12:13:54.563 9190 9190 E ArmVmp : Match on catch block at 0xc3 in for 0xa5
04-02 12:13:54.577 9190 9190 E ArmVmp : Match on catch block at 0xc3 in for 0xa5
04-02 12:13:54.581 9190 9190 E ArmVmp : Match on catch block at 0xc3 in for 0xa9
04-02 12:13:54.594 9190 9190 E ArmVmp : Match on catch block at 0xc3 in for 0xa9
04-02 12:13:54.597 9190 9190 E ArmVmp : Match on catch block at 0xc3 in for 0xa1
04-02 12:13:54.610 9190 9190 E ArmVmp : Match on catch block at 0xc3 in for 0xa1
04-02 12:13:54.612 9190 9190 E ArmVmp : Match on catch block at 0xc3 in for 0xa5
04-02 12:13:54.627 9190 9190 E ArmVmp : Match on catch block at 0xc3 in for 0xa5
04-02 12:13:54.629 9190 9190 E ArmVmp : Match on catch block at 0xc3 in for 0xa9
04-02 12:13:54.643 9190 9190 E ArmVmp : Match on catch block at 0xc3 in for 0xa9
04-02 12:13:54.646 9190 9190 E ArmVmp : Match on catch block at 0xc3 in for 0xa1
04-02 12:13:54.660 9190 9190 E ArmVmp : Match on catch block at 0xc3 in for 0xa1
04-02 12:13:54.662 9190 9190 E ArmVmp : Match on catch block at 0xc3 in for 0xa5
04-02 12:13:54.677 9190 9190 E ArmVmp : Match on catch block at 0xc3 in for 0xa5
04-02 12:13:54.679 9190 9190 E ArmVmp : Match on catch block at 0xc3 in for 0xa9
04-02 12:13:54.861 9190 9190 E ArmVmp : Match on catch block at 0xc3 in for 0xa9
04-02 12:13:54.865 9190 9190 E ArmVmp : Match on catch block at 0xc3 in for 0xa1
04-02 12:13:55.529 9190 9190 W ActivityThread: handleWindowVisibility: no
activity for token android.os.BinderProxy@8a4e830
04-02 12:13:55.781 9190 9190 E ArmVmp : Match on catch block at 0x0a in for 0xc1
04-02 12:13:55.784 9190 9190 E ArmVmp : Match on catch block at 0x0a in for 0xc9
04-02 12:13:55.784 9190 11631 W System : ClassLoader referenced unknown path:
system/framework/mediatek-cta.jar
04-02 12:13:55.937 9190 9190 E ArmVmp : Match on catch block at 0xc3 in for 0xb5
04-02 12:13:55.939 9190 9190 E ArmVmp : Match on catch block at 0xc3 in for 0xb5
04-02 12:13:55.990 9190 9190 E ArmVmp : Match on catch block at 0xc3 in for 0xa9
04-02 12:13:55.992 9190 9190 E ArmVmp : Match on catch block at 0xc3 in for 0xa1
04-02 12:13:56.033 9190 9190 E ArmVmp : Match on catch block at 0xc3 in for 0xa9
04-02 12:13:56.036 9190 9190 E ArmVmp : Match on catch block at 0xc3 in for 0xa1
04-02 12:13:56.065 9190 9190 E ArmVmp : Match on catch block at 0xc3 in for 0xa9
04-02 12:13:56.069 9190 9190 E ArmVmp : Match on catch block at 0xc3 in for 0xa1
04-02 12:13:56.088 9190 9190 E ArmVmp : Match on catch block at 0xc3 in for 0xa1
04-02 12:13:56.093 9190 9190 E ArmVmp : Match on catch block at 0xc3 in for 0xa5
04-02 12:13:56.419 9190 11631 W System : ClassLoader referenced unknown path:
system/framework/mediatek-cta.jar
04-02 12:13:56.529 9190 9190 E ArmVmp : Match on catch block at 0xc3 in for 0xa5
04-02 12:13:56.532 9190 9190 E ArmVmp : Match on catch block at 0xc3 in for 0xa9
04-02 12:13:56.629 9190 9190 E ArmVmp : Match on catch block at 0xc3 in for 0xa9
04-02 12:13:56.633 9190 9190 E ArmVmp : Match on catch block at 0xc3 in for 0xa1
04-02 12:13:56.646 9190 9190 E ArmVmp : Match on catch block at 0xc3 in for 0xa1
04-02 12:13:56.650 9190 9190 E ArmVmp : Match on catch block at 0xc3 in for 0xa5
04-02 12:13:56.662 9190 9190 E ArmVmp : Match on catch block at 0xc3 in for 0xa5
04-02 12:13:56.666 9190 9190 E ArmVmp : Match on catch block at 0xc3 in for 0xa9
04-02 12:13:56.679 9190 9190 E ArmVmp : Match on catch block at 0xc3 in for 0xa9
04-02 12:13:56.681 9190 9190 E ArmVmp : Match on catch block at 0xc3 in for 0xa1
04-02 12:13:56.695 9190 9190 E ArmVmp : Match on catch block at 0xc3 in for 0xa1
04-02 12:13:56.698 9190 9190 E ArmVmp : Match on catch block at 0xc3 in for 0xa5
04-02 12:13:56.713 9190 9190 E ArmVmp : Match on catch block at 0xc3 in for 0xa5
04-02 12:13:56.716 9190 9190 E ArmVmp : Match on catch block at 0xc3 in for 0xa9
04-02 12:13:56.728 9190 9190 E ArmVmp : Match on catch block at 0xc3 in for 0xa9
04-02 12:13:56.731 9190 9190 E ArmVmp : Match on catch block at 0xc3 in for 0xa1
04-02 12:13:56.746 9190 9190 E ArmVmp : Match on catch block at 0xc3 in for 0xa1
04-02 12:13:56.749 9190 9190 E ArmVmp : Match on catch block at 0xc3 in for 0xa5
04-02 12:13:56.762 9190 9190 E ArmVmp : Match on catch block at 0xc3 in for 0xa5
04-02 12:13:56.765 9190 9190 E ArmVmp : Match on catch block at 0xc3 in for 0xa9
04-02 12:13:56.779 9190 9190 E ArmVmp : Match on catch block at 0xc3 in for 0xa9
04-02 12:13:56.782 9190 9190 E ArmVmp : Match on catch block at 0xc3 in for 0xa1
04-02 12:13:56.796 9190 9190 E ArmVmp : Match on catch block at 0xc3 in for 0xa1
04-02 12:13:56.799 9190 9190 E ArmVmp : Match on catch block at 0xc3 in for 0xa5
04-02 12:13:56.812 9190 9190 E ArmVmp : Match on catch block at 0xc3 in for 0xa5
04-02 12:13:56.816 9190 9190 E ArmVmp : Match on catch block at 0xc3 in for 0xa9
04-02 12:13:56.829 9190 9190 E ArmVmp : Match on catch block at 0xc3 in for 0xa9
04-02 12:13:56.832 9190 9190 E ArmVmp : Match on catch block at 0xc3 in for 0xa1
04-02 12:13:56.845 9190 9190 E ArmVmp : Match on catch block at 0xc3 in for 0xa1
04-02 12:13:56.849 9190 9190 E ArmVmp : Match on catch block at 0xc3 in for 0xa5
04-02 12:13:56.862 9190 9190 E ArmVmp : Match on catch block at 0xc3 in for 0xa5
04-02 12:13:56.865 9190 9190 E ArmVmp : Match on catch block at 0xc3 in for 0xa9
04-02 12:13:56.879 9190 9190 E ArmVmp : Match on catch block at 0xc3 in for 0xa9
04-02 12:13:56.882 9190 9190 E ArmVmp : Match on catch block at 0xc3 in for 0xa1
04-02 12:13:56.895 9190 9190 E ArmVmp : Match on catch block at 0xc3 in for 0xa1
04-02 12:13:56.899 9190 9190 E ArmVmp : Match on catch block at 0xc3 in for 0xa5
04-02 12:13:56.912 9190 9190 E ArmVmp : Match on catch block at 0xc3 in for 0xa5
04-02 12:13:56.916 9190 9190 E ArmVmp : Match on catch block at 0xc3 in for 0xa9
04-02 12:13:56.929 9190 9190 E ArmVmp : Match on catch block at 0xc3 in for 0xa9
04-02 12:13:56.932 9190 9190 E ArmVmp : Match on catch block at 0xc3 in for 0xa1
04-02 12:13:56.946 9190 9190 E ArmVmp : Match on catch block at 0xc3 in for 0xa1
04-02 12:13:56.949 9190 9190 E ArmVmp : Match on catch block at 0xc3 in for 0xa5
04-02 12:13:57.028 9190 9190 E ArmVmp : Match on catch block at 0xc3 in for 0xa5
04-02 12:13:57.031 9190 9190 E ArmVmp : Match on catch block at 0xc3 in for 0xa9
04-02 12:13:57.228 9190 9190 E ArmVmp : Match on catch block at 0xc3 in for 0xa5
04-02 12:13:57.230 9190 9190 E ArmVmp : Match on catch block at 0xc3 in for 0xa9
04-02 12:13:57.237 9190 9190 W ActivityThread: handleWindowVisibility: no
activity for token android.os.BinderProxy@aa7a4c2
04-02 12:13:57.344 9190 9190 E ArmVmp : Match on catch block at 0xc3 in for 0xa5
04-02 12:13:57.348 9190 9190 E ArmVmp : Match on catch block at 0xc3 in for 0xa9
04-02 12:13:57.463 9190 9190 E ArmVmp : Match on catch block at 0xc3 in for 0xa1
04-02 12:13:57.467 9190 9190 E ArmVmp : Match on catch block at 0xc3 in for 0xa5
04-02 12:13:57.648 9190 9190 E ArmVmp : Match on catch block at 0xc3 in for 0xa5
04-02 12:13:57.652 9190 9190 E ArmVmp : Match on catch block at 0xc3 in for 0xa9
04-02 12:13:57.668 9190 9190 E ArmVmp : Match on catch block at 0xc3 in for 0xa9
04-02 12:13:57.673 9190 9190 E ArmVmp : Match on catch block at 0xc3 in for 0xa1
04-02 12:13:57.687 9190 9190 E ArmVmp : Match on catch block at 0xc3 in for 0xa1
04-02 12:13:57.691 9190 9190 E ArmVmp : Match on catch block at 0xc3 in for 0xa5
04-02 12:13:57.707 9190 9190 E ArmVmp : Match on catch block at 0xc3 in for 0xa5
04-02 12:13:57.711 9190 9190 E ArmVmp : Match on catch block at 0xc3 in for 0xa9
04-02 12:13:57.723 9190 9190 E ArmVmp : Match on catch block at 0xc3 in for 0xa9
04-02 12:13:57.727 9190 9190 E ArmVmp : Match on catch block at 0xc3 in for 0xa1
04-02 12:13:57.740 9190 9190 E ArmVmp : Match on catch block at 0xc3 in for 0xa1
04-02 12:13:57.745 9190 9190 E ArmVmp : Match on catch block at 0xc3 in for 0xa5
04-02 12:13:57.763 9190 9190 E ArmVmp : Match on catch block at 0xc3 in for 0xa5
04-02 12:13:57.767 9190 9190 E ArmVmp : Match on catch block at 0xc3 in for 0xa9
04-02 12:13:57.782 9190 9190 E ArmVmp : Match on catch block at 0xc3 in for 0xa9
04-02 12:13:57.787 9190 9190 E ArmVmp : Match on catch block at 0xc3 in for 0xa1
04-02 12:13:57.799 9190 9190 E ArmVmp : Match on catch block at 0xc3 in for 0xa1
04-02 12:13:57.804 9190 9190 E ArmVmp : Match on catch block at 0xc3 in for 0xa5
04-02 12:13:57.816 9190 9190 E ArmVmp : Match on catch block at 0xc3 in for 0xa5
04-02 12:13:57.820 9190 9190 E ArmVmp : Match on catch block at 0xc3 in for 0xa9
04-02 12:13:57.833 9190 9190 E ArmVmp : Match on catch block at 0xc3 in for 0xa9
04-02 12:13:57.838 9190 9190 E ArmVmp : Match on catch block at 0xc3 in for 0xa1
04-02 12:13:57.850 9190 9190 E ArmVmp : Match on catch block at 0xc3 in for 0xa1
04-02 12:13:57.853 9190 9190 E ArmVmp : Match on catch block at 0xc3 in for 0xa5
04-02 12:13:57.865 9190 9190 E ArmVmp : Match on catch block at 0xc3 in for 0xa5
04-02 12:13:57.870 9190 9190 E ArmVmp : Match on catch block at 0xc3 in for 0xa9
04-02 12:13:57.882 9190 9190 E ArmVmp : Match on catch block at 0xc3 in for 0xa9
04-02 12:13:57.886 9190 9190 E ArmVmp : Match on catch block at 0xc3 in for 0xa1
04-02 12:13:57.900 9190 9190 E ArmVmp : Match on catch block at 0xc3 in for 0xa1
04-02 12:13:57.904 9190 9190 E ArmVmp : Match on catch block at 0xc3 in for 0xa5
04-02 12:13:57.916 9190 9190 E ArmVmp : Match on catch block at 0xc3 in for 0xa5
04-02 12:13:57.920 9190 9190 E ArmVmp : Match on catch block at 0xc3 in for 0xa9
04-02 12:14:00.817 9190 9190 E ArmVmp : Match on catch block at 0xc3 in for 0xa5
04-02 12:14:00.819 9190 9190 E ArmVmp : Match on catch block at 0xc3 in for 0xa9
04-02 12:14:00.830 9190 9190 E ArmVmp : Match on catch block at 0xc3 in for 0xa9
04-02 12:14:00.833 9190 9190 E ArmVmp : Match on catch block at 0xc3 in for 0xa1
04-02 12:14:02.414 9190 9190 E ArmVmp : Match on catch block at 0xc3 in for 0xa1
04-02 12:14:02.417 9190 9190 E ArmVmp : Match on catch block at 0xc3 in for 0xa5
04-02 12:14:02.431 9190 9190 E ArmVmp : Match on catch block at 0xc3 in for 0xa5
04-02 12:14:02.433 9190 9190 E ArmVmp : Match on catch block at 0xc3 in for 0xa9
04-02 12:14:02.447 9190 9190 E ArmVmp : Match on catch block at 0xc3 in for 0xa9
04-02 12:14:02.450 9190 9190 E ArmVmp : Match on catch block at 0xc3 in for 0xa1
04-02 12:14:02.464 9190 9190 E ArmVmp : Match on catch block at 0xc3 in for 0xa1
04-02 12:14:02.466 9190 9190 E ArmVmp : Match on catch block at 0xc3 in for 0xa5
04-02 12:14:02.481 9190 9190 E ArmVmp : Match on catch block at 0xc3 in for 0xa5
04-02 12:14:02.483 9190 9190 E ArmVmp : Match on catch block at 0xc3 in for 0xa9
04-02 12:14:02.497 9190 9190 E ArmVmp : Match on catch block at 0xc3 in for 0xa9
04-02 12:14:02.500 9190 9190 E ArmVmp : Match on catch block at 0xc3 in for 0xa1
04-02 12:14:02.515 9190 9190 E ArmVmp : Match on catch block at 0xc3 in for 0xa1
04-02 12:14:02.518 9190 9190 E ArmVmp : Match on catch block at 0xc3 in for 0xa5
04-02 12:14:02.531 9190 9190 E ArmVmp : Match on catch block at 0xc3 in for 0xa5
04-02 12:14:02.533 9190 9190 E ArmVmp : Match on catch block at 0xc3 in for 0xa9
04-02 12:14:02.547 9190 9190 E ArmVmp : Match on catch block at 0xc3 in for 0xa9
04-02 12:14:02.550 9190 9190 E ArmVmp : Match on catch block at 0xc3 in for 0xa1
04-02 12:14:02.564 9190 9190 E ArmVmp : Match on catch block at 0xc3 in for 0xa1
04-02 12:14:02.566 9190 9190 E ArmVmp : Match on catch block at 0xc3 in for 0xa5
04-02 12:14:02.581 9190 9190 E ArmVmp : Match on catch block at 0xc3 in for 0xa5
04-02 12:14:02.583 9190 9190 E ArmVmp : Match on catch block at 0xc3 in for 0xa9
04-02 12:14:02.597 9190 9190 E ArmVmp : Match on catch block at 0xc3 in for 0xa9
04-02 12:14:02.600 9190 9190 E ArmVmp : Match on catch block at 0xc3 in for 0xa1
04-02 12:14:02.614 9190 9190 E ArmVmp : Match on catch block at 0xc3 in for 0xa1
04-02 12:14:02.616 9190 9190 E ArmVmp : Match on catch block at 0xc3 in for 0xa5
04-02 12:14:02.631 9190 9190 E ArmVmp : Match on catch block at 0xc3 in for 0xa5
04-02 12:14:02.633 9190 9190 E ArmVmp : Match on catch block at 0xc3 in for 0xa9
04-02 12:14:02.647 9190 9190 E ArmVmp : Match on catch block at 0xc3 in for 0xa9
04-02 12:14:02.649 9190 9190 E ArmVmp : Match on catch block at 0xc3 in for 0xa1
04-02 12:14:02.664 9190 9190 E ArmVmp : Match on catch block at 0xc3 in for 0xa1
04-02 12:14:02.667 9190 9190 E ArmVmp : Match on catch block at 0xc3 in for 0xa5
04-02 12:14:02.681 9190 9190 E ArmVmp : Match on catch block at 0xc3 in for 0xa5
04-02 12:14:02.683 9190 9190 E ArmVmp : Match on catch block at 0xc3 in for 0xa9
04-02 12:14:04.266 9190 9190 E ArmVmp : Match on catch block at 0xc3 in for 0xa5
04-02 12:14:04.270 9190 9190 E ArmVmp : Match on catch block at 0xc3 in for 0xa9
04-02 12:14:04.285 9190 9190 E ArmVmp : Match on catch block at 0xc3 in for 0xa9
04-02 12:14:04.290 9190 9190 E ArmVmp : Match on catch block at 0xc3 in for 0xa1
04-02 12:14:04.569 9190 9190 E ArmVmp : Match on catch block at 0xc3 in for 0xa1
04-02 12:14:04.577 9190 9190 E ArmVmp : Match on catch block at 0xc3 in for 0xa5
04-02 12:14:04.593 9190 9190 E ArmVmp : Match on catch block at 0xc3 in for 0xa9
04-02 12:14:04.597 9190 9190 E ArmVmp : Match on catch block at 0xc3 in for 0xa1
04-02 12:14:04.614 9190 9190 E ArmVmp : Match on catch block at 0xc3 in for 0xa1
04-02 12:14:04.619 9190 9190 E ArmVmp : Match on catch block at 0xc3 in for 0xa5
04-02 12:14:04.679 9190 9190 E ArmVmp : Match on catch block at 0xc3 in for 0xa9
04-02 12:14:04.683 9190 9190 E ArmVmp : Match on catch block at 0xc3 in for 0xa1
04-02 12:14:04.723 9190 9190 E ArmVmp : Match on catch block at 0xc3 in for 0xa9
04-02 12:14:04.725 9190 9190 E ArmVmp : Match on catch block at 0xc3 in for 0xa1
04-02 12:14:04.753 9190 9190 E ArmVmp : Match on catch block at 0xc3 in for 0xa5
04-02 12:14:04.757 9190 9190 E ArmVmp : Match on catch block at 0xc3 in for 0xa9
04-02 12:14:05.167 9190 9190 E ArmVmp : Match on catch block at 0xc3 in for 0xa9
04-02 12:14:05.171 9190 9190 E ArmVmp : Match on catch block at 0xc3 in for 0xa1
04-02 12:14:05.668 9190 9190 E ArmVmp : Match on catch block at 0xc3 in for 0xa1
04-02 12:14:05.672 9190 9190 E ArmVmp : Match on catch block at 0xc3 in for 0xa5
04-02 12:14:06.167 9190 9190 E ArmVmp : Match on catch block at 0xc3 in for 0xa5
04-02 12:14:06.170 9190 9190 E ArmVmp : Match on catch block at 0xc3 in for 0xa9
04-02 12:14:06.318 9190 9190 E ArmVmp : Match on catch block at 0xc3 in for 0xa9
04-02 12:14:06.321 9190 9190 E ArmVmp : Match on catch block at 0xc3 in for 0xa1
04-02 12:14:06.332 9190 9190 E ArmVmp : Match on catch block at 0xc3 in for 0xa1
04-02 12:14:06.335 9190 9190 E ArmVmp : Match on catch block at 0xc3 in for 0xa5
04-02 12:14:06.349 9190 9190 E ArmVmp : Match on catch block at 0xc3 in for 0xa5
04-02 12:14:06.352 9190 9190 E ArmVmp : Match on catch block at 0xc3 in for 0xa9
04-02 12:14:06.366 9190 9190 E ArmVmp : Match on catch block at 0xc3 in for 0xa9
04-02 12:14:06.370 9190 9190 E ArmVmp : Match on catch block at 0xc3 in for 0xa1
