04-01 07:15:27.269 19861 19861 E ArmVmp : Match on catch block at 0xc3 in for 0xa5
04-01 07:15:27.276 19861 19861 E ArmVmp : Match on catch block at 0xc3 in for 0xa9
04-01 07:15:27.283 19861 19861 E ArmVmp : Match on catch block at 0xc3 in for 0xa5
04-01 07:15:27.288 19861 19861 E ArmVmp : Match on catch block at 0xc3 in for 0xa9
04-01 07:15:27.302 19861 19861 E ArmVmp : Match on catch block at 0xc3 in for 0xa5
04-01 07:15:27.309 19861 19861 E ArmVmp : Match on catch block at 0xc3 in for 0xa9
04-01 07:15:27.319 19861 19861 E ArmVmp : Match on catch block at 0xc3 in for 0xa5
04-01 07:15:27.325 19861 19861 E ArmVmp : Match on catch block at 0xc3 in for 0xa9
04-01 07:15:27.334 19861 19861 E ArmVmp : Match on catch block at 0xc3 in for 0xa5
04-01 07:15:27.340 19861 19861 E ArmVmp : Match on catch block at 0xc3 in for 0xa9
04-01 07:15:27.351 19861 19861 E ArmVmp : Match on catch block at 0xc3 in for 0xa5
04-01 07:15:27.356 19861 19861 E ArmVmp : Match on catch block at 0xc3 in for 0xa9
04-01 07:15:27.368 19861 19861 E ArmVmp : Match on catch block at 0xc3 in for 0xa5
04-01 07:15:27.372 19861 19861 E ArmVmp : Match on catch block at 0xc3 in for 0xa9
04-01 07:15:27.384 19861 19861 E ArmVmp : Match on catch block at 0xc3 in for 0xa5
04-01 07:15:27.391 19861 19861 E ArmVmp : Match on catch block at 0xc3 in for 0xa9
04-01 07:15:27.410 19861 19861 E ArmVmp : Match on catch block at 0xc3 in for 0xa5
04-01 07:15:27.417 19861 19861 E ArmVmp : Match on catch block at 0xc3 in for 0xa9
04-01 07:15:27.434 19861 19861 E ArmVmp : Match on catch block at 0xc3 in for 0xa5
04-01 07:15:27.440 19861 19861 E ArmVmp : Match on catch block at 0xc3 in for 0xa9
04-01 07:15:27.478 19861 19861 E ArmVmp : Match on catch block at 0xc3 in for 0xa1
04-01 07:15:27.485 19861 19861 E ArmVmp : Match on catch block at 0xc3 in for 0xa5
04-01 07:15:27.503 19861 19861 E ArmVmp : Match on catch block at 0xc3 in for 0xa1
04-01 07:15:27.511 19861 19861 E ArmVmp : Match on catch block at 0xc3 in for 0xa5
04-01 07:15:27.531 19861 19861 E ArmVmp : Match on catch block at 0xc3 in for 0xa1
04-01 07:15:27.539 19861 19861 E ArmVmp : Match on catch block at 0xc3 in for 0xa5
04-01 07:15:27.555 19861 19861 E ArmVmp : Match on catch block at 0xc3 in for 0xa1
04-01 07:15:27.562 19861 19861 E ArmVmp : Match on catch block at 0xc3 in for 0xa5
04-01 07:15:28.036 19861 19861 E ArmVmp : Match on catch block at 0xc3 in for 0xa1
04-01 07:15:28.046 19861 19861 E ArmVmp : Match on catch block at 0xc3 in for 0xa5
04-01 07:15:28.533 19861 19861 E ArmVmp : Match on catch block at 0xc3 in for 0xa1
04-01 07:15:28.537 19861 19861 E ArmVmp : Match on catch block at 0xc3 in for 0xa5
04-01 07:15:28.733 19861 19861 E ArmVmp : Match on catch block at 0xc3 in for 0xa1
04-01 07:15:28.737 19861 19861 E ArmVmp : Match on catch block at 0xc3 in for 0xa5
04-01 07:15:28.752 19861 19861 E ArmVmp : Match on catch block at 0xc3 in for 0xa1
04-01 07:15:28.760 19861 19861 E ArmVmp : Match on catch block at 0xc3 in for 0xa5
04-01 07:15:28.766 19861 19861 E ArmVmp : Match on catch block at 0xc3 in for 0xa1
04-01 07:15:28.771 19861 19861 E ArmVmp : Match on catch block at 0xc3 in for 0xa5
04-01 07:15:28.786 19861 19861 E ArmVmp : Match on catch block at 0xc3 in for 0xa1
04-01 07:15:28.792 19861 19861 E ArmVmp : Match on catch block at 0xc3 in for 0xa5
04-01 07:15:28.800 19861 19861 E ArmVmp : Match on catch block at 0xc3 in for 0xa1
04-01 07:15:28.805 19861 19861 E ArmVmp : Match on catch block at 0xc3 in for 0xa5
04-01 07:15:28.819 19861 19861 E ArmVmp : Match on catch block at 0xc3 in for 0xa1
04-01 07:15:28.824 19861 19861 E ArmVmp : Match on catch block at 0xc3 in for 0xa5
04-01 07:15:28.834 19861 19861 E ArmVmp : Match on catch block at 0xc3 in for 0xa1
04-01 07:15:28.838 19861 19861 E ArmVmp : Match on catch block at 0xc3 in for 0xa5
04-01 07:15:28.851 19861 19861 E ArmVmp : Match on catch block at 0xc3 in for 0xa1
04-01 07:15:28.856 19861 19861 E ArmVmp : Match on catch block at 0xc3 in for 0xa5
04-01 07:15:28.867 19861 19861 E ArmVmp : Match on catch block at 0xc3 in for 0xa1
04-01 07:15:28.871 19861 19861 E ArmVmp : Match on catch block at 0xc3 in for 0xa5
04-01 07:15:28.884 19861 19861 E ArmVmp : Match on catch block at 0xc3 in for 0xa1
04-01 07:15:28.888 19861 19861 E ArmVmp : Match on catch block at 0xc3 in for 0xa5
04-01 07:15:28.901 19861 19861 E ArmVmp : Match on catch block at 0xc3 in for 0xa1
04-01 07:15:28.907 19861 19861 E ArmVmp : Match on catch block at 0xc3 in for 0xa5
04-01 07:15:28.917 19861 19861 E ArmVmp : Match on catch block at 0xc3 in for 0xa1
04-01 07:15:28.924 19861 19861 E ArmVmp : Match on catch block at 0xc3 in for 0xa5
04-01 07:15:28.934 19861 19861 E ArmVmp : Match on catch block at 0xc3 in for 0xa1
04-01 07:15:28.940 19861 19861 E ArmVmp : Match on catch block at 0xc3 in for 0xa5
04-01 07:15:28.952 19861 19861 E ArmVmp : Match on catch block at 0xc3 in for 0xa1
04-01 07:15:28.959 19861 19861 E ArmVmp : Match on catch block at 0xc3 in for 0xa5
04-01 07:15:28.967 19861 19861 E ArmVmp : Match on catch block at 0xc3 in for 0xa1
04-01 07:15:28.974 19861 19861 E ArmVmp : Match on catch block at 0xc3 in for 0xa5
04-01 07:15:28.984 19861 19861 E ArmVmp : Match on catch block at 0xc3 in for 0xa1
04-01 07:15:28.992 19861 19861 E ArmVmp : Match on catch block at 0xc3 in for 0xa5
04-01 07:15:29.003 19861 19861 E ArmVmp : Match on catch block at 0xc3 in for 0xa1
04-01 07:15:29.009 19861 19861 E ArmVmp : Match on catch block at 0xc3 in for 0xa5
04-01 07:15:29.033 19861 19861 E ArmVmp : Match on catch block at 0xc3 in for 0xa1
04-01 07:15:29.037 19861 19861 E ArmVmp : Match on catch block at 0xc3 in for 0xa5
04-01 07:15:29.510 19861 19861 E ArmVmp : Match on catch block at 0xc3 in for 0xa9
04-01 07:15:29.518 19861 19861 E ArmVmp : Match on catch block at 0xc3 in for 0xa1
04-01 07:15:29.536 19861 19861 E ArmVmp : Match on catch block at 0xc3 in for 0xa9
04-01 07:15:29.542 19861 19861 E ArmVmp : Match on catch block at 0xc3 in for 0xa1
04-01 07:15:29.570 19861 19861 E ArmVmp : Match on catch block at 0xc3 in for 0xa9
04-01 07:15:29.581 19861 19861 E ArmVmp : Match on catch block at 0xc3 in for 0xa1
04-01 07:15:30.071 19861 19861 E ArmVmp : Match on catch block at 0xc3 in for 0xa9
04-01 07:15:30.082 19861 19861 E ArmVmp : Match on catch block at 0xc3 in for 0xa1
04-01 07:15:30.567 19861 19861 E ArmVmp : Match on catch block at 0xc3 in for 0xa9
04-01 07:15:30.571 19861 19861 E ArmVmp : Match on catch block at 0xc3 in for 0xa1
04-01 07:15:31.067 19861 19861 E ArmVmp : Match on catch block at 0xc3 in for 0xa9
04-01 07:15:31.071 19861 19861 E ArmVmp : Match on catch block at 0xc3 in for 0xa1
04-01 07:15:31.117 19861 19861 E ArmVmp : Match on catch block at 0xc3 in for 0xa9
04-01 07:15:31.121 19861 19861 E ArmVmp : Match on catch block at 0xc3 in for 0xa1
04-01 07:15:31.135 19861 19861 E ArmVmp : Match on catch block at 0xc3 in for 0xa9
04-01 07:15:31.141 19861 19861 E ArmVmp : Match on catch block at 0xc3 in for 0xa1
04-01 07:15:31.150 19861 19861 E ArmVmp : Match on catch block at 0xc3 in for 0xa9
04-01 07:15:31.155 19861 19861 E ArmVmp : Match on catch block at 0xc3 in for 0xa1
04-01 07:15:31.167 19861 19861 E ArmVmp : Match on catch block at 0xc3 in for 0xa9
04-01 07:15:31.172 19861 19861 E ArmVmp : Match on catch block at 0xc3 in for 0xa1
04-01 07:15:31.184 19861 19861 E ArmVmp : Match on catch block at 0xc3 in for 0xa9
04-01 07:15:31.188 19861 19861 E ArmVmp : Match on catch block at 0xc3 in for 0xa1
04-01 07:15:31.201 19861 19861 E ArmVmp : Match on catch block at 0xc3 in for 0xa9
04-01 07:15:31.207 19861 19861 E ArmVmp : Match on catch block at 0xc3 in for 0xa1
04-01 07:15:31.217 19861 19861 E ArmVmp : Match on catch block at 0xc3 in for 0xa9
04-01 07:15:31.221 19861 19861 E ArmVmp : Match on catch block at 0xc3 in for 0xa1
04-01 07:15:31.234 19861 19861 E ArmVmp : Match on catch block at 0xc3 in for 0xa9
04-01 07:15:31.238 19861 19861 E ArmVmp : Match on catch block at 0xc3 in for 0xa1
04-01 07:15:31.251 19861 19861 E ArmVmp : Match on catch block at 0xc3 in for 0xa9
04-01 07:15:31.255 19861 19861 E ArmVmp : Match on catch block at 0xc3 in for 0xa1
04-01 07:15:31.267 19861 19861 E ArmVmp : Match on catch block at 0xc3 in for 0xa9
04-01 07:15:31.272 19861 19861 E ArmVmp : Match on catch block at 0xc3 in for 0xa1
04-01 07:15:31.284 19861 19861 E ArmVmp : Match on catch block at 0xc3 in for 0xa9
04-01 07:15:31.288 19861 19861 E ArmVmp : Match on catch block at 0xc3 in for 0xa1
04-01 07:15:31.301 19861 19861 E ArmVmp : Match on catch block at 0xc3 in for 0xa9
04-01 07:15:31.305 19861 19861 E ArmVmp : Match on catch block at 0xc3 in for 0xa1
04-01 07:15:31.318 19861 19861 E ArmVmp : Match on catch block at 0xc3 in for 0xa9
04-01 07:15:31.322 19861 19861 E ArmVmp : Match on catch block at 0xc3 in for 0xa1
04-01 07:15:31.334 19861 19861 E ArmVmp : Match on catch block at 0xc3 in for 0xa9
04-01 07:15:31.338 19861 19861 E ArmVmp : Match on catch block at 0xc3 in for 0xa1
04-01 07:15:31.351 19861 19861 E ArmVmp : Match on catch block at 0xc3 in for 0xa9
04-01 07:15:31.355 19861 19861 E ArmVmp : Match on catch block at 0xc3 in for 0xa1
04-01 07:15:31.367 19861 19861 E ArmVmp : Match on catch block at 0xc3 in for 0xa9
04-01 07:15:31.372 19861 19861 E ArmVmp : Match on catch block at 0xc3 in for 0xa1
04-01 07:15:31.589 19861 19861 E ArmVmp : Match on catch block at 0xc3 in for 0xa5
04-01 07:15:31.597 19861 19861 E ArmVmp : Match on catch block at 0xc3 in for 0xa9
04-01 07:15:31.984 19861 19861 E ArmVmp : Match on catch block at 0xc3 in for 0xa5
04-01 07:15:31.989 19861 19861 E ArmVmp : Match on catch block at 0xc3 in for 0xa9
04-01 07:15:32.015 19861 19861 E ArmVmp : Match on catch block at 0xc3 in for 0xa1
04-01 07:15:32.021 19861 19861 E ArmVmp : Match on catch block at 0xc3 in for 0xa5
04-01 07:15:32.085 19861 19861 E ArmVmp : Match on catch block at 0xc3 in for 0xa1
04-01 07:15:32.091 19861 19861 E ArmVmp : Match on catch block at 0xc3 in for 0xa5
04-01 07:15:32.330 19861 19861 E ArmVmp : Match on catch block at 0xc3 in for 0xa9
04-01 07:15:32.335 19861 19861 E ArmVmp : Match on catch block at 0xc3 in for 0xa1
04-01 07:15:32.341 19861 19861 E ArmVmp : Match on catch block at 0xc3 in for 0xa9
04-01 07:15:32.345 19861 19861 E ArmVmp : Match on catch block at 0xc3 in for 0xa1
04-01 07:15:32.585 19861 19861 E ArmVmp : Match on catch block at 0xc3 in for 0xa9
04-01 07:15:32.589 19861 19861 E ArmVmp : Match on catch block at 0xc3 in for 0xa1
04-01 07:15:32.917 19861 19861 E ArmVmp : Match on catch block at 0xc3 in for 0xa1
04-01 07:15:32.920 19861 19861 E ArmVmp : Match on catch block at 0xc3 in for 0xa5
04-01 07:15:32.930 19861 19861 E ArmVmp : Match on catch block at 0xc3 in for 0xa1
04-01 07:15:32.934 19861 19861 E ArmVmp : Match on catch block at 0xc3 in for 0xa5
04-01 07:15:33.001 19861 19861 E ArmVmp : Match on catch block at 0xc3 in for 0xa1
04-01 07:15:33.004 19861 19861 E ArmVmp : Match on catch block at 0xc3 in for 0xa5
04-01 07:15:33.019 19861 19861 W ActivityThread: handleWindowVisibility: no
activity for token android.os.BinderProxy@20e1902
04-01 07:15:33.032 19861 19861 W com.whatsapp: Class com.whatsapp.HomeActivity
failed lock verification and will run slower.
04-01 07:15:33.247 19861 19861 E ArmVmp : Match on catch block at 0x0a in for 0xc1
04-01 07:15:33.261 19861 19861 E ArmVmp : Match on catch block at 0x0a in for
0x135
04-01 07:15:33.292 19861 20449 W System : ClassLoader referenced unknown path:
system/framework/mediatek-cta.jar
04-01 07:15:33.316 19861 19938 W System : ClassLoader referenced unknown path:
system/framework/mediatek-cta.jar
04-01 07:15:33.342 19861 19938 W System : ClassLoader referenced unknown path:
system/framework/mediatek-cta.jar
04-01 07:15:33.413 19861 20455 W LOTTIE : Animation contains merge paths. Merge
paths are only supported on KitKat+ and must be manually enabled by calling
enableMergePathsForKitKatAndAbove().
04-01 07:15:33.804 19861 19861 E RecyclerView: No adapter attached; skipping layout
04-01 07:15:33.853 19861 19861 W Looper : Slow Looper main: doFrame is 412ms late
because of 3 msg, msg 3 took 408ms (seq=1550 running=311ms runnable=3ms io=22ms
late=4ms h=android.app.ActivityThread$H w=159)
04-01 07:15:33.853 19861 19861 W Looper : Slow Looper main: Activity
com.whatsapp/.HomeActivity is 837ms late (wall=0ms running=0ms
ClientTransaction{ callbacks=[android.app.servertransaction.TopResumedActivityChang
eItem] }) because of 6 msg, msg 3 took 408ms (seq=1550 running=311ms runnable=3ms
io=22ms late=4ms h=android.app.ActivityThread$H w=159), msg 4 took 425ms (seq=1551
running=328ms runnable=4ms io=16ms late=412ms
h=android.view.Choreographer$FrameHandler
c=android.view.Choreographer$FrameDisplayEventReceiver)
04-01 07:15:33.857 19861 19861 W Looper : Slow Looper main: Activity
com.whatsapp/.HomeActivity is 587ms late (wall=1ms running=1ms
ClientTransaction{ callbacks=[android.app.servertransaction.TopResumedActivityChang
eItem] }) because of 13 msg, msg 1 took 408ms (seq=1550 running=311ms runnable=3ms
io=22ms late=4ms h=android.app.ActivityThread$H w=159), msg 2 took 425ms (seq=1551
running=328ms runnable=4ms io=16ms late=412ms
h=android.view.Choreographer$FrameHandler
c=android.view.Choreographer$FrameDisplayEventReceiver)
04-01 07:15:33.866 19861 19861 W Looper : Slow Looper main: Activity
com.whatsapp/.HomeActivity is 588ms late (wall=9ms running=5ms
ClientTransaction{ lifecycleRequest=android.app.servertransaction.PauseActivityItem
}) because of 14 msg, msg 1 took 408ms (seq=1550 running=311ms runnable=3ms io=22ms
late=4ms h=android.app.ActivityThread$H w=159), msg 2 took 425ms (seq=1551
running=328ms runnable=4ms io=16ms late=412ms
h=android.view.Choreographer$FrameHandler
c=android.view.Choreographer$FrameDisplayEventReceiver)
04-01 07:15:33.868 19861 19861 W LOTTIE : Animation contains merge paths but they
are disabled.
04-01 07:15:33.979 19861 19861 E RecyclerView: No adapter attached; skipping layout
04-01 07:15:33.995 19861 19861 E ArmVmp : Match on catch block at 0xc3 in for 0xa1
04-01 07:15:34.000 19861 19861 E ArmVmp : Match on catch block at 0xc3 in for 0xa5
04-01 07:15:34.013 19861 19861 W Looper : Slow Looper main: doFrame is 445ms late
because of 41 msg, msg 1 took 425ms (seq=1551 running=328ms runnable=4ms io=16ms
late=412ms h=android.view.Choreographer$FrameHandler
c=android.view.Choreographer$FrameDisplayEventReceiver)
04-01 07:15:34.058 19861 19861 E ArmVmp : Match on catch block at 0x0a in for 0xd5
04-01 07:15:34.536 19861 19861 E ArmVmp : Match on catch block at 0xc3 in for 0xa5
04-01 07:15:34.539 19861 19861 E ArmVmp : Match on catch block at 0xc3 in for 0xa9
04-01 07:15:34.572 19861 19861 E ArmVmp : Match on catch block at 0xc3 in for 0xa5
04-01 07:15:34.578 19861 19861 E ArmVmp : Match on catch block at 0xc3 in for 0xa9
04-01 07:15:34.592 19861 19861 E ArmVmp : Match on catch block at 0xc3 in for 0xa5
04-01 07:15:34.595 19861 19861 E ArmVmp : Match on catch block at 0xc3 in for 0xa9
04-01 07:15:34.606 19861 19861 E ArmVmp : Match on catch block at 0xc3 in for 0xa5
04-01 07:15:34.609 19861 19861 E ArmVmp : Match on catch block at 0xc3 in for 0xa9
04-01 07:15:34.626 19861 19861 E ArmVmp : Match on catch block at 0xc3 in for 0xa9
04-01 07:15:34.630 19861 19861 E ArmVmp : Match on catch block at 0xc3 in for 0xa1
04-01 07:15:34.641 19861 19861 E ArmVmp : Match on catch block at 0xc3 in for 0xa9
04-01 07:15:34.645 19861 19861 E ArmVmp : Match on catch block at 0xc3 in for 0xa1
04-01 07:15:34.652 19861 19861 E ArmVmp : Match on catch block at 0xc3 in for 0xa9
04-01 07:15:34.656 19861 19861 E ArmVmp : Match on catch block at 0xc3 in for 0xa1
04-01 07:15:34.668 19861 19861 E ArmVmp : Match on catch block at 0xc3 in for 0xa9
04-01 07:15:34.672 19861 19861 E ArmVmp : Match on catch block at 0xc3 in for 0xa1
04-01 07:15:34.685 19861 19861 E ArmVmp : Match on catch block at 0xc3 in for 0xa9
04-01 07:15:34.688 19861 19861 E ArmVmp : Match on catch block at 0xc3 in for 0xa1
04-01 07:15:34.702 19861 19861 E ArmVmp : Match on catch block at 0xc3 in for 0xa9
04-01 07:15:34.705 19861 19861 E ArmVmp : Match on catch block at 0xc3 in for 0xa1
04-01 07:15:34.718 19861 19861 E ArmVmp : Match on catch block at 0xc3 in for 0xa9
04-01 07:15:34.722 19861 19861 E ArmVmp : Match on catch block at 0xc3 in for 0xa1
04-01 07:15:34.735 19861 19861 E ArmVmp : Match on catch block at 0xc3 in for 0xa9
04-01 07:15:34.739 19861 19861 E ArmVmp : Match on catch block at 0xc3 in for 0xa1
04-01 07:15:34.753 19861 19861 E ArmVmp : Match on catch block at 0xc3 in for 0xa9
04-01 07:15:34.757 19861 19861 E ArmVmp : Match on catch block at 0xc3 in for 0xa1
04-01 07:15:34.776 19861 19861 E ArmVmp : Match on catch block at 0xc3 in for 0xa9
04-01 07:15:34.779 19861 19861 E ArmVmp : Match on catch block at 0xc3 in for 0xa1
04-01 07:15:34.785 19861 19861 E ArmVmp : Match on catch block at 0xc3 in for 0xa9
04-01 07:15:34.788 19861 19861 E ArmVmp : Match on catch block at 0xc3 in for 0xa1
04-01 07:15:34.896 19861 20356 W BpBinder: Slow Binder: BpBinder transact took
243ms, interface=android.media.IMediaMetadataRetriever, code=5 oneway=false
04-01 07:15:48.154 19861 19861 W ActivityThread: handleWindowVisibility: no
activity for token android.os.BinderProxy@a592077
04-01 07:15:48.316 19861 19861 E ArmVmp : Match on catch block at 0x0a in for 0xc5
04-01 07:15:48.321 19861 19938 W System : ClassLoader referenced unknown path:
system/framework/mediatek-cta.jar
04-01 07:15:48.321 19861 19861 E ArmVmp : Match on catch block at 0x0a in for 0xc1
04-01 07:15:48.458 19861 19938 W System : ClassLoader referenced unknown path:
system/framework/mediatek-cta.jar
04-01 07:15:48.550 19861 19861 E ArmVmp : Match on catch block at 0xc3 in for 0xb1
04-01 07:15:48.556 19861 19861 E ArmVmp : Match on catch block at 0xc3 in for 0xb1
04-01 07:15:48.602 19861 19861 E ArmVmp : Match on catch block at 0xc3 in for 0xa5
04-01 07:15:48.605 19861 19861 E ArmVmp : Match on catch block at 0xc3 in for 0xa9
04-01 07:15:48.608 19861 19861 E ArmVmp : Match on catch block at 0xc3 in for 0xa9
04-01 07:15:48.647 19861 19861 E ArmVmp : Match on catch block at 0xc3 in for 0xa9
04-01 07:15:48.651 19861 19861 E ArmVmp : Match on catch block at 0xc3 in for 0xa1
04-01 07:15:48.653 19861 19861 E ArmVmp : Match on catch block at 0xc3 in for 0xa1
04-01 07:15:48.670 19861 19861 E ArmVmp : Match on catch block at 0xc3 in for 0xa5
04-01 07:15:48.674 19861 19861 E ArmVmp : Match on catch block at 0xc3 in for 0xa9
04-01 07:15:48.676 19861 19861 E ArmVmp : Match on catch block at 0xc3 in for 0xa9
04-01 07:15:49.143 19861 19861 E ArmVmp : Match on catch block at 0xc3 in for 0xa1
04-01 07:15:49.149 19861 19861 E ArmVmp : Match on catch block at 0xc3 in for 0xa5
04-01 07:15:49.153 19861 19861 E ArmVmp : Match on catch block at 0xc3 in for 0xa5
04-01 07:15:49.176 19861 19861 E ArmVmp : Match on catch block at 0xc3 in for 0xa9
04-01 07:15:49.180 19861 19861 E ArmVmp : Match on catch block at 0xc3 in for 0xa1
04-01 07:15:49.185 19861 19861 E ArmVmp : Match on catch block at 0xc3 in for 0xa1
04-01 07:15:49.204 19861 19861 E ArmVmp : Match on catch block at 0xc3 in for 0xa5
04-01 07:15:49.208 19861 19861 E ArmVmp : Match on catch block at 0xc3 in for 0xa9
04-01 07:15:49.211 19861 19861 E ArmVmp : Match on catch block at 0xc3 in for 0xa9
04-01 07:15:49.239 19861 19861 E ArmVmp : Match on catch block at 0xc3 in for 0xa9
04-01 07:15:49.243 19861 19861 E ArmVmp : Match on catch block at 0xc3 in for 0xa1
04-01 07:15:49.246 19861 19861 E ArmVmp : Match on catch block at 0xc3 in for 0xa1
04-01 07:15:49.277 19861 19861 E ArmVmp : Match on catch block at 0xc3 in for 0xa1
04-01 07:15:49.282 19861 19861 E ArmVmp : Match on catch block at 0xc3 in for 0xa5
04-01 07:15:49.285 19861 19861 E ArmVmp : Match on catch block at 0xc3 in for 0xa5
04-01 07:15:49.300 19861 19861 E ArmVmp : Match on catch block at 0xc3 in for 0xa9
04-01 07:15:49.304 19861 19861 E ArmVmp : Match on catch block at 0xc3 in for 0xa1
04-01 07:15:49.307 19861 19861 E ArmVmp : Match on catch block at 0xc3 in for 0xa1
04-01 07:15:49.327 19861 19861 E ArmVmp : Match on catch block at 0xc3 in for 0xa5
04-01 07:15:49.334 19861 19861 E ArmVmp : Match on catch block at 0xc3 in for 0xa9
04-01 07:15:49.337 19861 19861 E ArmVmp : Match on catch block at 0xc3 in for 0xa9
04-01 07:15:49.352 19861 19861 E ArmVmp : Match on catch block at 0xc3 in for 0xa1
04-01 07:15:49.357 19861 19861 E ArmVmp : Match on catch block at 0xc3 in for 0xa5
04-01 07:15:49.361 19861 19861 E ArmVmp : Match on catch block at 0xc3 in for 0xa5
04-01 07:15:49.378 19861 19861 E ArmVmp : Match on catch block at 0xc3 in for 0xa9
04-01 07:15:49.384 19861 19861 E ArmVmp : Match on catch block at 0xc3 in for 0xa1
04-01 07:15:49.388 19861 19861 E ArmVmp : Match on catch block at 0xc3 in for 0xa1
04-01 07:15:49.403 19861 19861 E ArmVmp : Match on catch block at 0xc3 in for 0xa5
04-01 07:15:49.409 19861 19861 E ArmVmp : Match on catch block at 0xc3 in for 0xa9
04-01 07:15:49.412 19861 19861 E ArmVmp : Match on catch block at 0xc3 in for 0xa9
04-01 07:15:49.470 19861 19861 E ArmVmp : Match on catch block at 0xc3 in for 0xa5
04-01 07:15:49.475 19861 19861 E ArmVmp : Match on catch block at 0xc3 in for 0xa9
04-01 07:15:49.478 19861 19861 E ArmVmp : Match on catch block at 0xc3 in for 0xa9
04-01 07:15:49.497 19861 20337 W MediaPlayer: Use of stream types is deprecated for
operations other than volume control
04-01 07:15:49.497 19861 20337 W MediaPlayer: See the documentation of
setAudioStreamType() for what to use instead with android.media.AudioAttributes to
qualify your playback use case
04-01 07:15:49.510 19861 19861 E ArmVmp : Match on catch block at 0xc3 in for 0xa9
04-01 07:15:49.514 19861 19861 E ArmVmp : Match on catch block at 0xc3 in for 0xa1
04-01 07:15:49.517 19861 19861 E ArmVmp : Match on catch block at 0xc3 in for 0xa1
04-01 07:15:49.545 19861 19861 E ArmVmp : Match on catch block at 0xc3 in for 0xa5
04-01 07:15:49.549 19861 19861 E ArmVmp : Match on catch block at 0xc3 in for 0xa9
04-01 07:15:49.553 19861 19861 E ArmVmp : Match on catch block at 0xc3 in for 0xa9
04-01 07:15:49.660 19861 19861 E ArmVmp : Match on catch block at 0xc3 in for 0xa1
04-01 07:15:49.666 19861 19861 E ArmVmp : Match on catch block at 0xc3 in for 0xa5
04-01 07:15:49.670 19861 19861 E ArmVmp : Match on catch block at 0xc3 in for 0xa5
04-01 07:15:50.179 19861 19861 E ArmVmp : Match on catch block at 0xc3 in for 0xa5
04-01 07:15:50.185 19861 19861 E ArmVmp : Match on catch block at 0xc3 in for 0xa9
04-01 07:15:50.189 19861 19861 E ArmVmp : Match on catch block at 0xc3 in for 0xa9
04-01 07:15:50.261 19861 19861 E ArmVmp : Match on catch block at 0xc3 in for 0xa1
04-01 07:15:50.265 19861 19861 E ArmVmp : Match on catch block at 0xc3 in for 0xa5
04-01 07:15:50.268 19861 19861 E ArmVmp : Match on catch block at 0xc3 in for 0xa5
04-01 07:15:50.433 19861 19861 E ArmVmp : Match on catch block at 0xc3 in for 0xa9
04-01 07:15:50.437 19861 19861 E ArmVmp : Match on catch block at 0xc3 in for 0xa1
04-01 07:15:50.440 19861 19861 E ArmVmp : Match on catch block at 0xc3 in for 0xa1
04-01 07:15:50.511 19861 19861 E ArmVmp : Match on catch block at 0xc3 in for 0xa1
04-01 07:15:50.516 19861 19861 E ArmVmp : Match on catch block at 0xc3 in for 0xa5
04-01 07:15:50.519 19861 19861 E ArmVmp : Match on catch block at 0xc3 in for 0xa5
04-01 07:15:50.579 19861 19861 E ArmVmp : Match on catch block at 0xc3 in for 0xa9
04-01 07:15:50.585 19861 19861 E ArmVmp : Match on catch block at 0xc3 in for 0xa1
04-01 07:15:50.588 19861 19861 E ArmVmp : Match on catch block at 0xc3 in for 0xa1
04-01 07:15:50.677 19861 19861 E ArmVmp : Match on catch block at 0xc3 in for 0xa5
04-01 07:15:50.683 19861 19861 E ArmVmp : Match on catch block at 0xc3 in for 0xa9
04-01 07:15:50.687 19861 19861 E ArmVmp : Match on catch block at 0xc3 in for 0xa9
04-01 07:15:51.177 19861 19861 E ArmVmp : Match on catch block at 0xc3 in for 0xa1
04-01 07:15:51.183 19861 19861 E ArmVmp : Match on catch block at 0xc3 in for 0xa5
04-01 07:15:51.186 19861 19861 E ArmVmp : Match on catch block at 0xc3 in for 0xa5
04-01 07:15:51.343 19861 19861 E ArmVmp : Match on catch block at 0xc3 in for 0xa9
04-01 07:15:51.347 19861 19861 E ArmVmp : Match on catch block at 0xc3 in for 0xa1
04-01 07:15:51.351 19861 19861 E ArmVmp : Match on catch block at 0xc3 in for 0xa1
04-01 07:15:51.387 19861 19861 E ArmVmp : Match on catch block at 0xc3 in for 0xa1
04-01 07:15:51.393 19861 19861 E ArmVmp : Match on catch block at 0xc3 in for 0xa5
04-01 07:15:51.395 19861 19861 E ArmVmp : Match on catch block at 0xc3 in for 0xa5
04-01 07:15:51.406 19861 19861 E ArmVmp : Match on catch block at 0xc3 in for 0xa9
04-01 07:15:51.410 19861 19861 E ArmVmp : Match on catch block at 0xc3 in for 0xa1
04-01 07:15:51.413 19861 19861 E ArmVmp : Match on catch block at 0xc3 in for 0xa1
04-01 07:15:51.431 19861 19861 E ArmVmp : Match on catch block at 0xc3 in for 0xa5
04-01 07:15:51.437 19861 19861 E ArmVmp : Match on catch block at 0xc3 in for 0xa9
04-01 07:15:51.441 19861 19861 E ArmVmp : Match on catch block at 0xc3 in for 0xa9
04-01 07:15:51.454 19861 19861 E ArmVmp : Match on catch block at 0xc3 in for 0xa1
04-01 07:15:51.458 19861 19861 E ArmVmp : Match on catch block at 0xc3 in for 0xa5
04-01 07:15:51.461 19861 19861 E ArmVmp : Match on catch block at 0xc3 in for 0xa5
04-01 07:15:51.471 19861 19861 E ArmVmp : Match on catch block at 0xc3 in for 0xa9
04-01 07:15:51.474 19861 19861 E ArmVmp : Match on catch block at 0xc3 in for 0xa1
04-01 07:15:51.477 19861 19861 E ArmVmp : Match on catch block at 0xc3 in for 0xa1
04-01 07:15:51.482 19861 19861 E ArmVmp : Match on catch block at 0xc3 in for 0xa5
04-01 07:15:51.486 19861 19861 E ArmVmp : Match on catch block at 0xc3 in for 0xa9
04-01 07:15:51.488 19861 19861 E ArmVmp : Match on catch block at 0xc3 in for 0xa9
04-01 07:15:51.492 19861 19861 E ArmVmp : Match on catch block at 0xc3 in for 0xa1
04-01 07:15:51.495 19861 19861 E ArmVmp : Match on catch block at 0xc3 in for 0xa5
04-01 07:15:51.498 19861 19861 E ArmVmp : Match on catch block at 0xc3 in for 0xa5
04-01 07:15:51.509 19861 19861 E ArmVmp : Match on catch block at 0xc3 in for 0xa9
04-01 07:15:51.513 19861 19861 E ArmVmp : Match on catch block at 0xc3 in for 0xa1
04-01 07:15:51.516 19861 19861 E ArmVmp : Match on catch block at 0xc3 in for 0xa1
04-01 07:15:51.527 19861 19861 E ArmVmp : Match on catch block at 0xc3 in for 0xa5
04-01 07:15:51.534 19861 19861 E ArmVmp : Match on catch block at 0xc3 in for 0xa9
04-01 07:15:51.537 19861 19861 E ArmVmp : Match on catch block at 0xc3 in for 0xa9
04-01 07:15:51.558 19861 19861 E ArmVmp : Match on catch block at 0xc3 in for 0xa9
04-01 07:15:51.562 19861 19861 E ArmVmp : Match on catch block at 0xc3 in for 0xa1
04-01 07:15:51.565 19861 19861 E ArmVmp : Match on catch block at 0xc3 in for 0xa1
04-01 07:15:51.588 19861 19861 E ArmVmp : Match on catch block at 0xc3 in for 0xa9
04-01 07:15:51.592 19861 19861 E ArmVmp : Match on catch block at 0xc3 in for 0xa1
04-01 07:15:51.595 19861 19861 E ArmVmp : Match on catch block at 0xc3 in for 0xa1
04-01 07:15:51.612 19861 19861 E ArmVmp : Match on catch block at 0xc3 in for 0xa5
04-01 07:15:51.617 19861 19861 E ArmVmp : Match on catch block at 0xc3 in for 0xa9
04-01 07:15:51.620 19861 19861 E ArmVmp : Match on catch block at 0xc3 in for 0xa9
04-01 07:15:51.787 19861 19861 E ArmVmp : Match on catch block at 0xc3 in for 0xa1
04-01 07:15:51.793 19861 19861 E ArmVmp : Match on catch block at 0xc3 in for 0xa5
04-01 07:15:51.796 19861 19861 E ArmVmp : Match on catch block at 0xc3 in for 0xa5
04-01 07:15:51.822 19861 19861 E ArmVmp : Match on catch block at 0xc3 in for 0xa1
04-01 07:15:51.827 19861 19861 E ArmVmp : Match on catch block at 0xc3 in for 0xa5
04-01 07:15:51.831 19861 19861 E ArmVmp : Match on catch block at 0xc3 in for 0xa5
04-01 07:15:51.842 19861 19861 E ArmVmp : Match on catch block at 0xc3 in for 0xa9
04-01 07:15:51.847 19861 19861 E ArmVmp : Match on catch block at 0xc3 in for 0xa1
04-01 07:15:51.852 19861 19861 E ArmVmp : Match on catch block at 0xc3 in for 0xa1
04-01 07:15:52.278 19861 19861 E ArmVmp : Match on catch block at 0xc3 in for 0xa5
04-01 07:15:52.283 19861 19861 E ArmVmp : Match on catch block at 0xc3 in for 0xa9
04-01 07:15:52.288 19861 19861 E ArmVmp : Match on catch block at 0xc3 in for 0xa9
04-01 07:15:52.393 19861 19861 E ArmVmp : Match on catch block at 0xc3 in for 0xa1
04-01 07:15:52.399 19861 19861 E ArmVmp : Match on catch block at 0xc3 in for 0xa5
04-01 07:15:52.403 19861 19861 E ArmVmp : Match on catch block at 0xc3 in for 0xa5
04-01 07:15:52.426 19861 19861 E ArmVmp : Match on catch block at 0xc3 in for 0xa1
04-01 07:15:52.431 19861 19861 E ArmVmp : Match on catch block at 0xc3 in for 0xa5
04-01 07:15:52.460 19861 19861 E ArmVmp : Match on catch block at 0xc3 in for 0xa5
04-01 07:15:52.466 19861 19861 E ArmVmp : Match on catch block at 0xc3 in for 0xa9
04-01 07:15:52.475 19861 19861 E ArmVmp : Match on catch block at 0xc3 in for 0xa5
04-01 07:15:52.480 19861 19861 E ArmVmp : Match on catch block at 0xc3 in for 0xa9
04-01 07:15:52.522 19861 19861 E ArmVmp : Match on catch block at 0xc3 in for 0xa9
04-01 07:15:52.526 19861 19861 E ArmVmp : Match on catch block at 0xc3 in for 0xa1
04-01 07:15:52.543 19861 19861 E ArmVmp : Match on catch block at 0xc3 in for 0xa5
04-01 07:15:52.548 19861 19861 E ArmVmp : Match on catch block at 0xc3 in for 0xa9
04-01 07:15:52.560 19861 19861 E ArmVmp : Match on catch block at 0xc3 in for 0xa1
04-01 07:15:52.564 19861 19861 E ArmVmp : Match on catch block at 0xc3 in for 0xa5
04-01 07:15:52.576 19861 19861 E ArmVmp : Match on catch block at 0xc3 in for 0xa1
04-01 07:15:52.581 19861 19861 E ArmVmp : Match on catch block at 0xc3 in for 0xa5
04-01 07:15:52.593 19861 19861 E ArmVmp : Match on catch block at 0xc3 in for 0xa1
04-01 07:15:52.597 19861 19861 E ArmVmp : Match on catch block at 0xc3 in for 0xa5
04-01 07:15:52.610 19861 19861 E ArmVmp : Match on catch block at 0xc3 in for 0xa1
04-01 07:15:52.614 19861 19861 E ArmVmp : Match on catch block at 0xc3 in for 0xa5
04-01 07:15:52.868 19861 19861 E ArmVmp : Match on catch block at 0xc3 in for 0xa9
04-01 07:15:52.873 19861 19861 E ArmVmp : Match on catch block at 0xc3 in for 0xa1
04-01 07:15:52.881 19861 20337 W MediaPlayer: Use of stream types is deprecated for
operations other than volume control
04-01 07:15:52.881 19861 20337 W MediaPlayer: See the documentation of
setAudioStreamType() for what to use instead with android.media.AudioAttributes to
qualify your playback use case
04-01 07:15:52.883 19861 19861 E ArmVmp : Match on catch block at 0xc3 in for 0xa9
04-01 07:15:52.889 19861 19861 E ArmVmp : Match on catch block at 0xc3 in for 0xa1
04-01 07:15:52.927 19861 19861 E ArmVmp : Match on catch block at 0xc3 in for 0xa5
04-01 07:15:52.931 19861 19861 E ArmVmp : Match on catch block at 0xc3 in for 0xa9
04-01 07:15:53.468 19861 19861 E ArmVmp : Match on catch block at 0xc3 in for 0xa1
04-01 07:15:53.473 19861 19861 E ArmVmp : Match on catch block at 0xc3 in for 0xa5
04-01 07:15:53.504 19861 19861 E ArmVmp : Match on catch block at 0xc3 in for 0xa1
04-01 07:15:53.509 19861 19861 E ArmVmp : Match on catch block at 0xc3 in for 0xa5
04-01 07:15:53.554 19861 19861 E ArmVmp : Match on catch block at 0xc3 in for 0xa5
04-01 07:15:53.560 19861 19861 E ArmVmp : Match on catch block at 0xc3 in for 0xa9
04-01 07:15:53.572 19861 19861 E ArmVmp : Match on catch block at 0xc3 in for 0xa5
04-01 07:15:53.577 19861 19861 E ArmVmp : Match on catch block at 0xc3 in for 0xa9
04-01 07:15:53.595 19861 19861 E ArmVmp : Match on catch block at 0xc3 in for 0xa5
04-01 07:15:53.600 19861 19861 E ArmVmp : Match on catch block at 0xc3 in for 0xa9
04-01 07:15:53.616 19861 19861 E ArmVmp : Match on catch block at 0xc3 in for 0xa5
04-01 07:15:53.622 19861 19861 E ArmVmp : Match on catch block at 0xc3 in for 0xa9
04-01 07:15:53.637 19861 19861 E ArmVmp : Match on catch block at 0xc3 in for 0xa5
04-01 07:15:53.643 19861 19861 E ArmVmp : Match on catch block at 0xc3 in for 0xa9
04-01 07:15:53.658 19861 19861 W InputEventReceiver: Attempted to finish an input
event but the input event receiver has already been disposed.
04-01 07:15:53.662 19861 19861 E ArmVmp : Match on catch block at 0xc3 in for 0xa9
04-01 07:15:53.665 19861 19861 E ArmVmp : Match on catch block at 0xc3 in for 0xa1
04-01 07:15:53.676 19861 19861 E ArmVmp : Match on catch block at 0xc3 in for 0xa9
04-01 07:15:53.679 19861 19861 E ArmVmp : Match on catch block at 0xc3 in for 0xa1
04-01 07:15:53.695 19861 19861 E ArmVmp : Match on catch block at 0xc3 in for 0xa1
04-01 07:15:53.700 19861 19861 E ArmVmp : Match on catch block at 0xc3 in for 0xa5
04-01 07:15:53.716 19861 19861 E ArmVmp : Match on catch block at 0xc3 in for 0xa5
04-01 07:15:53.722 19861 19861 E ArmVmp : Match on catch block at 0xc3 in for 0xa9
04-01 07:15:53.733 19861 19861 E ArmVmp : Match on catch block at 0xc3 in for 0xa5
04-01 07:15:53.739 19861 19861 E ArmVmp : Match on catch block at 0xc3 in for 0xa9
04-01 07:15:53.755 19861 19861 E ArmVmp : Match on catch block at 0xc3 in for 0xa5
04-01 07:15:53.760 19861 19861 E ArmVmp : Match on catch block at 0xc3 in for 0xa9
04-01 07:15:53.774 19861 19861 E ArmVmp : Match on catch block at 0xc3 in for 0xa1
04-01 07:15:53.783 19861 19861 E ArmVmp : Match on catch block at 0xc3 in for 0xa5
04-01 07:15:53.800 19861 19861 E ArmVmp : Match on catch block at 0xc3 in for 0xa1
04-01 07:15:53.806 19861 19861 E ArmVmp : Match on catch block at 0xc3 in for 0xa5
04-01 07:15:53.848 19861 19861 E ArmVmp : Match on catch block at 0xc3 in for 0xa1
04-01 07:15:53.853 19861 19861 E ArmVmp : Match on catch block at 0xc3 in for 0xa5
04-01 07:15:53.872 19861 19861 E ArmVmp : Match on catch block at 0xc3 in for 0xa9
04-01 07:15:53.878 19861 19861 E ArmVmp : Match on catch block at 0xc3 in for 0xa1
04-01 07:15:53.893 19861 19861 E ArmVmp : Match on catch block at 0xc3 in for 0xa9
04-01 07:15:53.899 19861 19861 E ArmVmp : Match on catch block at 0xc3 in for 0xa1
04-01 07:15:53.912 19861 19861 E ArmVmp : Match on catch block at 0xc3 in for 0xa9
04-01 07:15:53.917 19861 19861 E ArmVmp : Match on catch block at 0xc3 in for 0xa1
04-01 07:15:53.947 19861 19861 E ArmVmp : Match on catch block at 0xc3 in for 0xa5
04-01 07:15:53.951 19861 19861 E ArmVmp : Match on catch block at 0xc3 in for 0xa9
04-01 07:15:53.964 19861 19861 E ArmVmp : Match on catch block at 0xc3 in for 0xa5
04-01 07:15:53.970 19861 19861 E ArmVmp : Match on catch block at 0xc3 in for 0xa9
04-01 07:15:53.986 19861 19861 E ArmVmp : Match on catch block at 0xc3 in for 0xa5
04-01 07:15:53.991 19861 19861 E ArmVmp : Match on catch block at 0xc3 in for 0xa9
04-01 07:15:54.495 19861 19861 E ArmVmp : Match on catch block at 0xc3 in for 0xa5
04-01 07:15:54.499 19861 19861 E ArmVmp : Match on catch block at 0xc3 in for 0xa9
04-01 07:15:54.994 19861 19861 E ArmVmp : Match on catch block at 0xc3 in for 0xa5
04-01 07:15:54.998 19861 19861 E ArmVmp : Match on catch block at 0xc3 in for 0xa9
04-01 07:15:55.500 19861 19861 E ArmVmp : Match on catch block at 0xc3 in for 0xa1
04-01 07:15:55.504 19861 19861 E ArmVmp : Match on catch block at 0xc3 in for 0xa5
04-01 07:15:55.546 19861 19861 E ArmVmp : Match on catch block at 0xc3 in for 0xa1
04-01 07:15:55.550 19861 19861 E ArmVmp : Match on catch block at 0xc3 in for 0xa5
04-01 07:15:55.563 19861 19861 E ArmVmp : Match on catch block at 0xc3 in for 0xa1
04-01 07:15:55.570 19861 19861 E ArmVmp : Match on catch block at 0xc3 in for 0xa5
04-01 07:15:55.584 19861 19861 E ArmVmp : Match on catch block at 0xc3 in for 0xa1
04-01 07:15:55.590 19861 19861 E ArmVmp : Match on catch block at 0xc3 in for 0xa5
04-01 07:15:55.607 19861 19861 E ArmVmp : Match on catch block at 0xc3 in for 0xa1
04-01 07:15:55.616 19861 19861 E ArmVmp : Match on catch block at 0xc3 in for 0xa5
04-01 07:15:55.631 19861 19861 E ArmVmp : Match on catch block at 0xc3 in for 0xa1
04-01 07:15:55.638 19861 19861 E ArmVmp : Match on catch block at 0xc3 in for 0xa5
04-01 07:15:55.652 19861 19861 E ArmVmp : Match on catch block at 0xc3 in for 0xa1
04-01 07:15:55.657 19861 19861 E ArmVmp : Match on catch block at 0xc3 in for 0xa5
04-01 07:15:55.674 19861 19861 E ArmVmp : Match on catch block at 0xc3 in for 0xa1
04-01 07:15:55.681 19861 19861 E ArmVmp : Match on catch block at 0xc3 in for 0xa5
04-01 07:15:55.699 19861 19861 E ArmVmp : Match on catch block at 0xc3 in for 0xa1
04-01 07:15:55.704 19861 19861 E ArmVmp : Match on catch block at 0xc3 in for 0xa5
04-01 07:15:55.718 19861 19861 E ArmVmp : Match on catch block at 0xc3 in for 0xa1
04-01 07:15:55.724 19861 19861 E ArmVmp : Match on catch block at 0xc3 in for 0xa5
04-01 07:15:55.736 19861 19861 E ArmVmp : Match on catch block at 0xc3 in for 0xa1
04-01 07:15:55.742 19861 19861 E ArmVmp : Match on catch block at 0xc3 in for 0xa5
04-01 07:15:55.757 19861 19861 E ArmVmp : Match on catch block at 0xc3 in for 0xa1
04-01 07:15:55.762 19861 19861 E ArmVmp : Match on catch block at 0xc3 in for 0xa5
04-01 07:15:55.780 19861 19861 E ArmVmp : Match on catch block at 0xc3 in for 0xa1
04-01 07:15:55.787 19861 19861 E ArmVmp : Match on catch block at 0xc3 in for 0xa5
04-01 07:15:55.802 19861 19861 E ArmVmp : Match on catch block at 0xc3 in for 0xa1
04-01 07:15:55.807 19861 19861 E ArmVmp : Match on catch block at 0xc3 in for 0xa5
04-01 07:15:56.012 19861 19861 E ArmVmp : Match on catch block at 0xc3 in for 0xa1
04-01 07:15:56.017 19861 19861 E ArmVmp : Match on catch block at 0xc3 in for 0xa5
04-01 07:15:56.512 19861 19861 E ArmVmp : Match on catch block at 0xc3 in for 0xa1
04-01 07:15:56.517 19861 19861 E ArmVmp : Match on catch block at 0xc3 in for 0xa5
04-01 07:15:57.008 19861 19861 E ArmVmp : Match on catch block at 0xc3 in for 0xa1
04-01 07:15:57.012 19861 19861 E ArmVmp : Match on catch block at 0xc3 in for 0xa5
04-01 07:15:57.544 19861 19861 E ArmVmp : Match on catch block at 0xc3 in for 0xa9
04-01 07:15:57.549 19861 19861 E ArmVmp : Match on catch block at 0xc3 in for 0xa1
04-01 07:15:57.656 19861 20263 W RenderInspector: DequeueBuffer time out on Toast,
count=1, avg=16 ms, max=16 ms.
04-01 07:15:58.033 19861 19861 E ArmVmp : Match on catch block at 0xc3 in for 0xa1
04-01 07:15:58.040 19861 19861 E ArmVmp : Match on catch block at 0xc3 in for 0xa5
04-01 07:15:58.062 19861 19861 E ArmVmp : Match on catch block at 0xc3 in for 0xa9
04-01 07:15:58.068 19861 19861 E ArmVmp : Match on catch block at 0xc3 in for 0xa1
04-01 07:15:58.078 19861 20263 W RenderInspector: DequeueBuffer time out on Toast,
count=1, avg=25 ms, max=25 ms.
04-01 07:15:58.078 19861 19861 E ArmVmp : Match on catch block at 0xc3 in for 0xa9
04-01 07:15:58.082 19861 19861 E ArmVmp : Match on catch block at 0xc3 in for 0xa1
04-01 07:15:58.095 19861 19861 E ArmVmp : Match on catch block at 0xc3 in for 0xa9
04-01 07:15:58.100 19861 19861 E ArmVmp : Match on catch block at 0xc3 in for 0xa1
04-01 07:15:58.117 19861 19861 E ArmVmp : Match on catch block at 0xc3 in for 0xa9
04-01 07:15:58.120 19861 19861 E ArmVmp : Match on catch block at 0xc3 in for 0xa1
04-01 07:15:58.129 19861 19861 E ArmVmp : Match on catch block at 0xc3 in for 0xa9
04-01 07:15:58.132 19861 19861 E ArmVmp : Match on catch block at 0xc3 in for 0xa1
04-01 07:15:58.146 19861 19861 E ArmVmp : Match on catch block at 0xc3 in for 0xa9
04-01 07:15:58.150 19861 19861 E ArmVmp : Match on catch block at 0xc3 in for 0xa1
04-01 07:15:58.162 19861 19861 E ArmVmp : Match on catch block at 0xc3 in for 0xa9
04-01 07:15:58.166 19861 19861 E ArmVmp : Match on catch block at 0xc3 in for 0xa1
04-01 07:15:58.179 19861 19861 E ArmVmp : Match on catch block at 0xc3 in for 0xa9
04-01 07:15:58.182 19861 19861 E ArmVmp : Match on catch block at 0xc3 in for 0xa1
04-01 07:15:58.196 19861 19861 E ArmVmp : Match on catch block at 0xc3 in for 0xa9
04-01 07:15:58.199 19861 19861 E ArmVmp : Match on catch block at 0xc3 in for 0xa1
04-01 07:15:58.296 19861 19861 E ArmVmp : Match on catch block at 0xc3 in for 0xa9
04-01 07:15:58.299 19861 19861 E ArmVmp : Match on catch block at 0xc3 in for 0xa1
04-01 07:15:58.545 19861 19861 E ArmVmp : Match on catch block at 0xc3 in for 0xa9
04-01 07:15:58.549 19861 19861 E ArmVmp : Match on catch block at 0xc3 in for 0xa1
04-01 07:15:58.562 19861 19861 E ArmVmp : Match on catch block at 0xc3 in for 0xa9
04-01 07:15:58.566 19861 19861 E ArmVmp : Match on catch block at 0xc3 in for 0xa1
04-01 07:15:58.579 19861 19861 E ArmVmp : Match on catch block at 0xc3 in for 0xa9
04-01 07:15:58.582 19861 19861 E ArmVmp : Match on catch block at 0xc3 in for 0xa1
04-01 07:15:58.595 19861 19861 E ArmVmp : Match on catch block at 0xc3 in for 0xa9
04-01 07:15:58.598 19861 19861 E ArmVmp : Match on catch block at 0xc3 in for 0xa1
04-01 07:15:58.613 19861 19861 E ArmVmp : Match on catch block at 0xc3 in for 0xa9
04-01 07:15:58.617 19861 19861 E ArmVmp : Match on catch block at 0xc3 in for 0xa1
04-01 07:15:58.629 19861 19861 E ArmVmp : Match on catch block at 0xc3 in for 0xa9
04-01 07:15:58.633 19861 19861 E ArmVmp : Match on catch block at 0xc3 in for 0xa1
04-01 07:15:58.646 19861 19861 E ArmVmp : Match on catch block at 0xc3 in for 0xa9
04-01 07:15:58.650 19861 19861 E ArmVmp : Match on catch block at 0xc3 in for 0xa1
04-01 07:15:58.663 19861 19861 E ArmVmp : Match on catch block at 0xc3 in for 0xa9
04-01 07:15:58.666 19861 19861 E ArmVmp : Match on catch block at 0xc3 in for 0xa1
04-01 07:15:58.680 19861 19861 E ArmVmp : Match on catch block at 0xc3 in for 0xa9
04-01 07:15:58.683 19861 19861 E ArmVmp : Match on catch block at 0xc3 in for 0xa1
04-01 07:15:58.696 19861 19861 E ArmVmp : Match on catch block at 0xc3 in for 0xa9
04-01 07:15:58.700 19861 19861 E ArmVmp : Match on catch block at 0xc3 in for 0xa1
04-01 07:15:58.713 19861 19861 E ArmVmp : Match on catch block at 0xc3 in for 0xa9
04-01 07:15:58.717 19861 19861 E ArmVmp : Match on catch block at 0xc3 in for 0xa1
04-01 07:15:58.729 19861 19861 E ArmVmp : Match on catch block at 0xc3 in for 0xa9
04-01 07:15:58.732 19861 19861 E ArmVmp : Match on catch block at 0xc3 in for 0xa1
04-01 07:15:58.745 19861 19861 E ArmVmp : Match on catch block at 0xc3 in for 0xa9
04-01 07:15:58.748 19861 19861 E ArmVmp : Match on catch block at 0xc3 in for 0xa1
04-01 07:15:58.762 19861 19861 E ArmVmp : Match on catch block at 0xc3 in for 0xa9
04-01 07:15:58.765 19861 19861 E ArmVmp : Match on catch block at 0xc3 in for 0xa1
04-01 07:15:58.779 19861 19861 E ArmVmp : Match on catch block at 0xc3 in for 0xa9
04-01 07:15:58.781 19861 19861 E ArmVmp : Match on catch block at 0xc3 in for 0xa1
04-01 07:15:58.796 19861 19861 E ArmVmp : Match on catch block at 0xc3 in for 0xa9
04-01 07:15:58.801 19861 19861 E ArmVmp : Match on catch block at 0xc3 in for 0xa1
04-01 07:15:58.813 19861 19861 E ArmVmp : Match on catch block at 0xc3 in for 0xa9
04-01 07:15:58.816 19861 19861 E ArmVmp : Match on catch block at 0xc3 in for 0xa1
04-01 07:15:58.829 19861 19861 E ArmVmp : Match on catch block at 0xc3 in for 0xa9
04-01 07:15:58.833 19861 19861 E ArmVmp : Match on catch block at 0xc3 in for 0xa1
04-01 07:15:58.845 19861 19861 E ArmVmp : Match on catch block at 0xc3 in for 0xa9
04-01 07:15:58.849 19861 19861 E ArmVmp : Match on catch block at 0xc3 in for 0xa1
04-01 07:15:58.862 19861 19861 E ArmVmp : Match on catch block at 0xc3 in for 0xa9
04-01 07:15:58.866 19861 19861 E ArmVmp : Match on catch block at 0xc3 in for 0xa1
04-01 07:15:58.879 19861 19861 E ArmVmp : Match on catch block at 0xc3 in for 0xa9
04-01 07:15:58.882 19861 19861 E ArmVmp : Match on catch block at 0xc3 in for 0xa1
04-01 07:15:58.895 19861 19861 E ArmVmp : Match on catch block at 0xc3 in for 0xa9
04-01 07:15:58.899 19861 19861 E ArmVmp : Match on catch block at 0xc3 in for 0xa1
04-01 07:15:58.914 19861 19861 E ArmVmp : Match on catch block at 0xc3 in for 0xa9
04-01 07:15:58.920 19861 19861 E ArmVmp : Match on catch block at 0xc3 in for 0xa1
04-01 07:15:58.931 19861 19861 E ArmVmp : Match on catch block at 0xc3 in for 0xa9
04-01 07:15:58.934 19861 19861 E ArmVmp : Match on catch block at 0xc3 in for 0xa1
04-01 07:15:58.946 19861 19861 E ArmVmp : Match on catch block at 0xc3 in for 0xa9
04-01 07:15:58.950 19861 19861 E ArmVmp : Match on catch block at 0xc3 in for 0xa1
04-01 07:15:59.029 19861 19861 E ArmVmp : Match on catch block at 0xc3 in for 0xa9
04-01 07:15:59.033 19861 19861 E ArmVmp : Match on catch block at 0xc3 in for 0xa1
04-01 07:15:59.179 19861 19861 E ArmVmp : Match on catch block at 0xc3 in for 0xa9
04-01 07:15:59.183 19861 19861 E ArmVmp : Match on catch block at 0xc3 in for 0xa1
04-01 07:15:59.263 19861 19861 E ArmVmp : Match on catch block at 0xc3 in for 0xa9
04-01 07:15:59.266 19861 19861 E ArmVmp : Match on catch block at 0xc3 in for 0xa1
04-01 07:15:59.279 19861 19861 E ArmVmp : Match on catch block at 0xc3 in for 0xa9
04-01 07:15:59.283 19861 19861 E ArmVmp : Match on catch block at 0xc3 in for 0xa1
04-01 07:15:59.596 19861 19861 E ArmVmp : Match on catch block at 0xc3 in for 0xa9
04-01 07:15:59.599 19861 19861 E ArmVmp : Match on catch block at 0xc3 in for 0xa1
04-01 07:15:59.635 19861 19861 E ArmVmp : Match on catch block at 0xc3 in for 0xa5
04-01 07:15:59.639 19861 19861 E ArmVmp : Match on catch block at 0xc3 in for 0xa9
04-01 07:15:59.653 19861 19861 E ArmVmp : Match on catch block at 0xc3 in for 0xa5
04-01 07:15:59.657 19861 19861 E ArmVmp : Match on catch block at 0xc3 in for 0xa9
04-01 07:15:59.981 19861 19861 E ArmVmp : Match on catch block at 0xc3 in for 0xa5
04-01 07:15:59.986 19861 19861 E ArmVmp : Match on catch block at 0xc3 in for 0xa9
04-01 07:16:00.363 19861 19861 E ArmVmp : Match on catch block at 0xc3 in for 0xa5
04-01 07:16:00.365 19861 19861 E ArmVmp : Match on catch block at 0xc3 in for 0xa9
04-01 07:16:00.864 19861 19861 E ArmVmp : Match on catch block at 0xc3 in for 0xa9
04-01 07:16:00.867 19861 19861 E ArmVmp : Match on catch block at 0xc3 in for 0xa1
04-01 07:16:01.113 19861 19861 E ArmVmp : Match on catch block at 0xc3 in for 0xa1
04-01 07:16:01.116 19861 19861 E ArmVmp : Match on catch block at 0xc3 in for 0xa5
04-01 07:16:01.155 19861 19861 E ArmVmp : Match on catch block at 0xc3 in for 0xa9
04-01 07:16:01.159 19861 19861 E ArmVmp : Match on catch block at 0xc3 in for 0xa1
04-01 07:16:01.173 19861 19861 E ArmVmp : Match on catch block at 0xc3 in for 0xa9
04-01 07:16:01.177 19861 19861 E ArmVmp : Match on catch block at 0xc3 in for 0xa1
04-01 07:16:01.481 19861 19861 E ArmVmp : Match on catch block at 0xc3 in for 0xa9
04-01 07:16:01.486 19861 19861 E ArmVmp : Match on catch block at 0xc3 in for 0xa1
04-01 07:16:01.863 19861 19861 E ArmVmp : Match on catch block at 0xc3 in for 0xa9
04-01 07:16:01.866 19861 19861 E ArmVmp : Match on catch block at 0xc3 in for 0xa1
04-01 07:16:01.980 19861 19861 E ArmVmp : Match on catch block at 0xc3 in for 0xa9
04-01 07:16:01.983 19861 19861 E ArmVmp : Match on catch block at 0xc3 in for 0xa1
04-01 07:16:02.114 19861 19861 E ArmVmp : Match on catch block at 0xc3 in for 0xa9
04-01 07:16:02.118 19861 19861 E ArmVmp : Match on catch block at 0xc3 in for 0xa1
04-01 07:16:02.297 19861 19861 E ArmVmp : Match on catch block at 0xc3 in for 0xa9
04-01 07:16:02.301 19861 19861 E ArmVmp : Match on catch block at 0xc3 in for 0xa1
04-01 07:16:02.431 19861 19861 E ArmVmp : Match on catch block at 0xc3 in for 0xa9
04-01 07:16:02.434 19861 19861 E ArmVmp : Match on catch block at 0xc3 in for 0xa1
04-01 07:16:02.515 19861 19861 E ArmVmp : Match on catch block at 0xc3 in for 0xa9
04-01 07:16:02.519 19861 19861 E ArmVmp : Match on catch block at 0xc3 in for 0xa1
04-01 07:16:02.749 19861 19861 E ArmVmp : Match on catch block at 0xc3 in for 0xa9
04-01 07:16:02.754 19861 19861 E ArmVmp : Match on catch block at 0xc3 in for 0xa1
04-01 07:16:02.766 19861 19861 E ArmVmp : Match on catch block at 0xc3 in for 0xa9
04-01 07:16:02.769 19861 19861 E ArmVmp : Match on catch block at 0xc3 in for 0xa1
04-01 07:16:02.780 19861 19861 E ArmVmp : Match on catch block at 0xc3 in for 0xa9
04-01 07:16:02.783 19861 19861 E ArmVmp : Match on catch block at 0xc3 in for 0xa1
04-01 07:16:02.797 19861 19861 E ArmVmp : Match on catch block at 0xc3 in for 0xa9
04-01 07:16:02.800 19861 19861 E ArmVmp : Match on catch block at 0xc3 in for 0xa1
04-01 07:16:02.816 19861 19861 E ArmVmp : Match on catch block at 0xc3 in for 0xa9
04-01 07:16:02.822 19861 19861 E ArmVmp : Match on catch block at 0xc3 in for 0xa1
04-01 07:16:02.832 19861 19861 E ArmVmp : Match on catch block at 0xc3 in for 0xa9
04-01 07:16:02.836 19861 19861 E ArmVmp : Match on catch block at 0xc3 in for 0xa1
04-01 07:16:02.849 19861 19861 E ArmVmp : Match on catch block at 0xc3 in for 0xa9
04-01 07:16:02.855 19861 19861 E ArmVmp : Match on catch block at 0xc3 in for 0xa1
04-01 07:16:02.864 19861 19861 E ArmVmp : Match on catch block at 0xc3 in for 0xa9
04-01 07:16:02.871 19861 19861 E ArmVmp : Match on catch block at 0xc3 in for 0xa1
04-01 07:16:02.881 19861 19861 E ArmVmp : Match on catch block at 0xc3 in for 0xa9
04-01 07:16:02.886 19861 19861 E ArmVmp : Match on catch block at 0xc3 in for 0xa1
04-01 07:16:02.898 19861 19861 E ArmVmp : Match on catch block at 0xc3 in for 0xa9
04-01 07:16:02.904 19861 19861 E ArmVmp : Match on catch block at 0xc3 in for 0xa1
04-01 07:16:02.916 19861 19861 E ArmVmp : Match on catch block at 0xc3 in for 0xa9
04-01 07:16:02.921 19861 19861 E ArmVmp : Match on catch block at 0xc3 in for 0xa1
04-01 07:16:02.933 19861 19861 E ArmVmp : Match on catch block at 0xc3 in for 0xa9
04-01 07:16:02.939 19861 19861 E ArmVmp : Match on catch block at 0xc3 in for 0xa1
04-01 07:16:02.949 19861 19861 E ArmVmp : Match on catch block at 0xc3 in for 0xa9
04-01 07:16:02.956 19861 19861 E ArmVmp : Match on catch block at 0xc3 in for 0xa1
04-01 07:16:02.967 19861 19861 E ArmVmp : Match on catch block at 0xc3 in for 0xa9
04-01 07:16:02.973 19861 19861 E ArmVmp : Match on catch block at 0xc3 in for 0xa1
04-01 07:16:02.992 19861 19861 E ArmVmp : Match on catch block at 0xc3 in for 0xa9
04-01 07:16:02.998 19861 19861 E ArmVmp : Match on catch block at 0xc3 in for 0xa1
