com.android.okhttp.internal.http.StreamAllocation.newStream(StreamAllocation.java:9
7)
04-01 04:38:49.464 30473 30547 W System.err:
04-01 04:38:49.464 30473 30547 W System.err: at
com.android.okhttp.internal.http.HttpEngine.connect(HttpEngine.java:302)
04-01 04:38:49.464 30473 30547 W System.err:
04-01 04:38:49.464 30473 30547 W System.err: at
com.android.okhttp.internal.http.HttpEngine.sendRequest(HttpEngine.java:245)
04-01 04:38:49.464 30473 30547 W System.err:
04-01 04:38:49.464 30473 30547 W System.err: at
com.android.okhttp.internal.huc.HttpURLConnectionImpl.execute(HttpURLConnectionImpl
.java:465)
04-01 04:38:49.464 30473 30547 W System.err:
04-01 04:38:49.464 30473 30547 W System.err: at
com.android.okhttp.internal.huc.HttpURLConnectionImpl.connect(HttpURLConnectionImpl
.java:131)
04-01 04:38:49.464 30473 30547 W System.err:
04-01 04:38:49.464 30473 30547 W System.err: at
com.android.okhttp.internal.huc.DelegatingHttpsURLConnection.connect(DelegatingHttp
sURLConnection.java:90)
04-01 04:38:49.464 30473 30547 W System.err:
04-01 04:38:49.464 30473 30547 W System.err: at
com.android.okhttp.internal.huc.HttpsURLConnectionImpl.connect(HttpsURLConnectionIm
pl.java:30)
04-01 04:38:49.464 30473 30547 W System.err:
04-01 04:38:49.464 30473 30547 W System.err: at
mbmodsd.mbmodsw.home.MBTranslator.translate(Native Method)
04-01 04:38:49.464 30473 30547 W System.err:
04-01 04:38:49.465 30473 30547 W System.err: at
mbmodsd.mbmodsw.home.MBTranslator$Async.doInBackground(Native Method)
04-01 04:38:49.465 30473 30547 W System.err:
04-01 04:38:49.465 30473 30547 W System.err: at
mbmodsd.mbmodsw.home.MBTranslator$Async.doInBackground(Native Method)
04-01 04:38:49.465 30473 30547 W System.err:
04-01 04:38:49.465 30473 30547 W System.err: at
android.os.AsyncTask$3.call(AsyncTask.java:378)
04-01 04:38:49.465 30473 30547 W System.err:
04-01 04:38:49.465 30473 30547 W System.err: at
java.util.concurrent.FutureTask.run(FutureTask.java:266)
04-01 04:38:49.465 30473 30547 W System.err:
04-01 04:38:49.465 30473 30547 W System.err: at
android.os.AsyncTask$SerialExecutor$1.run(AsyncTask.java:289)
04-01 04:38:49.465 30473 30547 W System.err:
04-01 04:38:49.465 30473 30547 W System.err: at
java.util.concurrent.ThreadPoolExecutor.runWorker(ThreadPoolExecutor.java:1167)
04-01 04:38:49.465 30473 30547 W System.err:
04-01 04:38:49.465 30473 30547 W System.err: at
java.util.concurrent.ThreadPoolExecutor$Worker.run(ThreadPoolExecutor.java:641)
04-01 04:38:49.465 30473 30547 W System.err:
04-01 04:38:49.465 30473 30547 W System.err: at
java.lang.Thread.run(Thread.java:919)
04-01 04:38:49.465 30473 30547 W System.err:
04-01 04:38:49.465 30473 30547 W System.err: Caused by:
android.system.GaiException: android_getaddrinfo failed: EAI_NODATA (No address
associated with hostname)
04-01 04:38:49.465 30473 30547 W System.err:
04-01 04:38:49.465 30473 30547 W System.err: at
libcore.io.Linux.android_getaddrinfo(Native Method)
04-01 04:38:49.465 30473 30547 W System.err:
04-01 04:38:49.465 30473 30547 W System.err: at
libcore.io.ForwardingOs.android_getaddrinfo(ForwardingOs.java:74)
04-01 04:38:49.465 30473 30547 W System.err:
04-01 04:38:49.465 30473 30547 W System.err: at
libcore.io.BlockGuardOs.android_getaddrinfo(BlockGuardOs.java:200)
04-01 04:38:49.465 30473 30547 W System.err:
04-01 04:38:49.466 30473 30547 W System.err: at
libcore.io.ForwardingOs.android_getaddrinfo(ForwardingOs.java:74)
04-01 04:38:49.466 30473 30547 W System.err:
04-01 04:38:49.466 30473 30547 W System.err: at
java.net.Inet6AddressImpl.lookupHostByName(Inet6AddressImpl.java:135)
04-01 04:38:49.466 30473 30547 W System.err:
04-01 04:38:49.466 30473 30547 W System.err: ... 24 more
04-01 04:38:49.466 30473 30547 W System.err:
04-01 04:38:49.466 30473 30547 W System : ClassLoader referenced unknown path:
system/framework/mediatek-cta.jar
04-01 04:38:49.467 30473 30547 E ArmVmp : Match on catch block at 0x48 in for 0x99
04-01 04:38:49.467 30473 30547 W System.err: java.net.UnknownHostException: Unable
to resolve host "translate.googleapis.com": No address associated with hostname
04-01 04:38:49.467 30473 30547 W System.err:
04-01 04:38:49.467 30473 30547 W System.err: at
java.net.Inet6AddressImpl.lookupHostByName(Inet6AddressImpl.java:124)
04-01 04:38:49.467 30473 30547 W System.err:
04-01 04:38:49.467 30473 30547 W System.err: at
java.net.Inet6AddressImpl.lookupAllHostAddr(Inet6AddressImpl.java:103)
04-01 04:38:49.467 30473 30547 W System.err:
04-01 04:38:49.467 30473 30547 W System.err: at
java.net.InetAddress.getAllByName(InetAddress.java:1152)
04-01 04:38:49.467 30473 30547 W System.err:
04-01 04:38:49.467 30473 30547 W System.err: at
com.android.okhttp.Dns$1.lookup(Dns.java:41)
04-01 04:38:49.467 30473 30547 W System.err:
04-01 04:38:49.467 30473 30547 W System.err: at
com.android.okhttp.internal.http.RouteSelector.resetNextInetSocketAddress(RouteSele
ctor.java:178)
04-01 04:38:49.467 30473 30547 W System.err:
04-01 04:38:49.467 30473 30547 W System.err: at
com.android.okhttp.internal.http.RouteSelector.nextProxy(RouteSelector.java:144)
04-01 04:38:49.467 30473 30547 W System.err:
04-01 04:38:49.467 30473 30547 W System.err: at
com.android.okhttp.internal.http.RouteSelector.next(RouteSelector.java:86)
04-01 04:38:49.467 30473 30547 W System.err:
04-01 04:38:49.468 30473 30547 W System.err: at
com.android.okhttp.internal.http.StreamAllocation.findConnection(StreamAllocation.j
ava:176)
04-01 04:38:49.468 30473 30547 W System.err:
04-01 04:38:49.468 30473 30547 W System.err: at
com.android.okhttp.internal.http.StreamAllocation.findHealthyConnection(StreamAlloc
ation.java:128)
04-01 04:38:49.468 30473 30547 W System.err:
04-01 04:38:49.468 30473 30547 W System.err: at
com.android.okhttp.internal.http.StreamAllocation.newStream(StreamAllocation.java:9
7)
04-01 04:38:49.468 30473 30547 W System.err:
04-01 04:38:49.468 30473 30547 W System.err: at
com.android.okhttp.internal.http.HttpEngine.connect(HttpEngine.java:302)
04-01 04:38:49.468 30473 30547 W System.err:
04-01 04:38:49.468 30473 30547 W System.err: at
com.android.okhttp.internal.http.HttpEngine.sendRequest(HttpEngine.java:245)
04-01 04:38:49.468 30473 30547 W System.err:
04-01 04:38:49.468 30473 30547 W System.err: at
com.android.okhttp.internal.huc.HttpURLConnectionImpl.execute(HttpURLConnectionImpl
.java:465)
04-01 04:38:49.468 30473 30547 W System.err:
04-01 04:38:49.468 30473 30547 W System.err: at
com.android.okhttp.internal.huc.HttpURLConnectionImpl.connect(HttpURLConnectionImpl
.java:131)
04-01 04:38:49.468 30473 30547 W System.err:
04-01 04:38:49.468 30473 30547 W System.err: at
com.android.okhttp.internal.huc.DelegatingHttpsURLConnection.connect(DelegatingHttp
sURLConnection.java:90)
04-01 04:38:49.468 30473 30547 W System.err:
04-01 04:38:49.468 30473 30547 W System.err: at
com.android.okhttp.internal.huc.HttpsURLConnectionImpl.connect(HttpsURLConnectionIm
pl.java:30)
04-01 04:38:49.468 30473 30547 W System.err:
04-01 04:38:49.468 30473 30547 W System.err: at
mbmodsd.mbmodsw.home.MBTranslator.translate(Native Method)
04-01 04:38:49.468 30473 30547 W System.err:
04-01 04:38:49.468 30473 30547 W System.err: at
mbmodsd.mbmodsw.home.MBTranslator$Async.doInBackground(Native Method)
04-01 04:38:49.468 30473 30547 W System.err:
04-01 04:38:49.468 30473 30547 W System.err: at
mbmodsd.mbmodsw.home.MBTranslator$Async.doInBackground(Native Method)
04-01 04:38:49.468 30473 30547 W System.err:
04-01 04:38:49.468 30473 30547 W System.err: at
android.os.AsyncTask$3.call(AsyncTask.java:378)
04-01 04:38:49.469 30473 30547 W System.err:
04-01 04:38:49.469 30473 30547 W System.err: at
java.util.concurrent.FutureTask.run(FutureTask.java:266)
04-01 04:38:49.469 30473 30547 W System.err:
04-01 04:38:49.469 30473 30547 W System.err: at
android.os.AsyncTask$SerialExecutor$1.run(AsyncTask.java:289)
04-01 04:38:49.469 30473 30547 W System.err:
04-01 04:38:49.469 30473 30547 W System.err: at
java.util.concurrent.ThreadPoolExecutor.runWorker(ThreadPoolExecutor.java:1167)
04-01 04:38:49.469 30473 30547 W System.err:
04-01 04:38:49.469 30473 30547 W System.err: at
java.util.concurrent.ThreadPoolExecutor$Worker.run(ThreadPoolExecutor.java:641)
04-01 04:38:49.469 30473 30547 W System.err:
04-01 04:38:49.469 30473 30547 W System.err: at
java.lang.Thread.run(Thread.java:919)
04-01 04:38:49.469 30473 30547 W System.err:
04-01 04:38:49.491 30473 30473 W Looper : Slow Looper main: Activity
com.whatsapp/.Conversation is 426ms late (wall=0ms running=0ms
ClientTransaction{ callbacks=[android.app.servertransaction.TopResumedActivityChang
eItem] }) because of 4 msg, msg 4 took 419ms (seq=448 running=314ms runnable=4ms
io=53ms late=7ms h=android.app.ActivityThread$H w=159)
04-01 04:38:49.674 30473 30473 E ArmVmp : Match on catch block at 0xc3 in for 0xb5
04-01 04:38:49.679 30473 30473 E ArmVmp : Match on catch block at 0xc3 in for 0xb1
04-01 04:38:49.710 30473 30473 W Looper : Slow Looper main: doFrame is 412ms late
because of 3 msg, msg 1 took 419ms (seq=448 running=314ms runnable=4ms io=53ms
late=7ms h=android.app.ActivityThread$H w=159)
04-01 04:38:49.749 30473 30473 E ArmVmp : Match on catch block at 0xc3 in for 0xa9
04-01 04:38:49.752 30473 30473 E ArmVmp : Match on catch block at 0xc3 in for 0xa5
04-01 04:38:49.796 30473 30473 E ArmVmp : Match on catch block at 0xc3 in for 0xa1
04-01 04:38:49.798 30473 30473 E ArmVmp : Match on catch block at 0xc3 in for 0xa5
04-01 04:38:49.815 30473 30473 E ArmVmp : Match on catch block at 0xc3 in for 0xa5
04-01 04:38:49.817 30473 30473 E ArmVmp : Match on catch block at 0xc3 in for 0xa9
04-01 04:38:50.286 30473 30473 E ArmVmp : Match on catch block at 0xc3 in for 0xa9
04-01 04:38:50.291 30473 30473 E ArmVmp : Match on catch block at 0xc3 in for 0xa1
04-01 04:38:50.302 30473 30473 E ArmVmp : Match on catch block at 0xc3 in for 0xa1
04-01 04:38:50.307 30473 30473 E ArmVmp : Match on catch block at 0xc3 in for 0xa5
04-01 04:38:50.319 30473 30473 E ArmVmp : Match on catch block at 0xc3 in for 0xa5
04-01 04:38:50.324 30473 30473 E ArmVmp : Match on catch block at 0xc3 in for 0xa9
04-01 04:38:50.335 30473 30473 E ArmVmp : Match on catch block at 0xc3 in for 0xa9
04-01 04:38:50.339 30473 30473 E ArmVmp : Match on catch block at 0xc3 in for 0xa1
04-01 04:38:50.352 30473 30473 E ArmVmp : Match on catch block at 0xc3 in for 0xa1
04-01 04:38:50.357 30473 30473 E ArmVmp : Match on catch block at 0xc3 in for 0xa5
04-01 04:38:50.368 30473 30473 E ArmVmp : Match on catch block at 0xc3 in for 0xa5
04-01 04:38:50.372 30473 30473 E ArmVmp : Match on catch block at 0xc3 in for 0xa9
04-01 04:38:50.386 30473 30473 E ArmVmp : Match on catch block at 0xc3 in for 0xa9
04-01 04:38:50.390 30473 30473 E ArmVmp : Match on catch block at 0xc3 in for 0xa1
04-01 04:38:50.402 30473 30473 E ArmVmp : Match on catch block at 0xc3 in for 0xa1
04-01 04:38:50.407 30473 30473 E ArmVmp : Match on catch block at 0xc3 in for 0xa5
04-01 04:38:50.419 30473 30473 E ArmVmp : Match on catch block at 0xc3 in for 0xa5
04-01 04:38:50.424 30473 30473 E ArmVmp : Match on catch block at 0xc3 in for 0xa9
04-01 04:38:50.436 30473 30473 E ArmVmp : Match on catch block at 0xc3 in for 0xa9
04-01 04:38:50.441 30473 30473 E ArmVmp : Match on catch block at 0xc3 in for 0xa1
04-01 04:38:50.452 30473 30473 E ArmVmp : Match on catch block at 0xc3 in for 0xa1
04-01 04:38:50.457 30473 30473 E ArmVmp : Match on catch block at 0xc3 in for 0xa5
04-01 04:38:50.469 30473 30473 E ArmVmp : Match on catch block at 0xc3 in for 0xa5
04-01 04:38:50.473 30473 30473 E ArmVmp : Match on catch block at 0xc3 in for 0xa9
04-01 04:38:50.486 30473 30473 E ArmVmp : Match on catch block at 0xc3 in for 0xa9
04-01 04:38:50.490 30473 30473 E ArmVmp : Match on catch block at 0xc3 in for 0xa1
04-01 04:38:50.502 30473 30473 E ArmVmp : Match on catch block at 0xc3 in for 0xa1
04-01 04:38:50.507 30473 30473 E ArmVmp : Match on catch block at 0xc3 in for 0xa5
04-01 04:38:50.519 30473 30473 E ArmVmp : Match on catch block at 0xc3 in for 0xa5
04-01 04:38:50.524 30473 30473 E ArmVmp : Match on catch block at 0xc3 in for 0xa9
04-01 04:38:50.535 30473 30473 E ArmVmp : Match on catch block at 0xc3 in for 0xa9
04-01 04:38:50.539 30473 30473 E ArmVmp : Match on catch block at 0xc3 in for 0xa1
04-01 04:38:50.553 30473 30473 E ArmVmp : Match on catch block at 0xc3 in for 0xa1
04-01 04:38:50.558 30473 30473 E ArmVmp : Match on catch block at 0xc3 in for 0xa5
04-01 04:38:50.569 30473 30473 E ArmVmp : Match on catch block at 0xc3 in for 0xa5
04-01 04:38:50.575 30473 30473 E ArmVmp : Match on catch block at 0xc3 in for 0xa9
04-01 04:38:50.585 30473 30473 E ArmVmp : Match on catch block at 0xc3 in for 0xa9
04-01 04:38:50.591 30473 30473 E ArmVmp : Match on catch block at 0xc3 in for 0xa1
04-01 04:38:50.602 30473 30473 E ArmVmp : Match on catch block at 0xc3 in for 0xa1
04-01 04:38:50.607 30473 30473 E ArmVmp : Match on catch block at 0xc3 in for 0xa5
04-01 04:38:50.619 30473 30473 E ArmVmp : Match on catch block at 0xc3 in for 0xa5
04-01 04:38:50.624 30473 30473 E ArmVmp : Match on catch block at 0xc3 in for 0xa9
04-01 04:38:50.775 30473 30473 E ArmVmp : Match on catch block at 0xc3 in for 0xa5
04-01 04:38:50.778 30473 30473 E ArmVmp : Match on catch block at 0xc3 in for 0xa9
04-01 04:38:50.790 30473 30473 W com.whatsapp: type=1400 audit(0.0:294227): avc:
denied { read } for name="u:object_r:debug_bq_dump_prop:s0" dev="tmpfs" ino=13149
scontext=u:r:untrusted_app:s0:c210,c256,c512,c768
tcontext=u:object_r:debug_bq_dump_prop:s0 tclass=file permissive=0
04-01 04:38:50.794 30473 30473 E libc : Access denied finding property
"vendor.debug.bq.dump"
04-01 04:38:50.795 30473 30473 E libc : Access denied finding property
"vendor.debug.bq.dump"
04-01 04:38:50.795 30473 30758 E BufferQueueProducer: [unnamed-30473-0]
(this:0x7b4edcf000,id:0,api:1,p:30473,c:30473) setMaxDequeuedBufferCount: 2
dequeued buffers would exceed the maxBufferCount (2) (maxAcquired 1 async 0
mDequeuedBufferCannotBlock 0)
04-01 04:38:50.795 30473 30758 E Surface :
IGraphicBufferProducer::setBufferCount(3) returned Invalid argument
04-01 04:38:50.798 30473 30758 W Gralloc3: allocator 3.x is not supported
04-01 04:38:50.800 30473 30758 E ion : ioctl c0044901 failed with code -1:
Invalid argument
04-01 04:38:50.806 30473 30473 W ActivityThread: handleWindowVisibility: no
activity for token android.os.BinderProxy@5daddcb
04-01 04:38:50.888 30473 30473 E ArmVmp : Match on catch block at 0xc3 in for 0xa5
04-01 04:38:50.892 30473 30473 E ArmVmp : Match on catch block at 0xc3 in for 0xa9
04-01 04:38:50.967 30473 30473 E ArmVmp : Match on catch block at 0xc3 in for 0xa1
04-01 04:38:50.971 30473 30473 E ArmVmp : Match on catch block at 0xc3 in for 0xa5
04-01 04:38:51.404 30473 30473 E ArmVmp : Match on catch block at 0xc3 in for 0xa5
04-01 04:38:51.409 30473 30473 E ArmVmp : Match on catch block at 0xc3 in for 0xa9
04-01 04:38:51.423 30473 30473 E ArmVmp : Match on catch block at 0xc3 in for 0xa9
04-01 04:38:51.429 30473 30473 E ArmVmp : Match on catch block at 0xc3 in for 0xa1
04-01 04:38:51.442 30473 30473 E ArmVmp : Match on catch block at 0xc3 in for 0xa1
04-01 04:38:51.447 30473 30473 E ArmVmp : Match on catch block at 0xc3 in for 0xa5
04-01 04:38:51.459 30473 30473 E ArmVmp : Match on catch block at 0xc3 in for 0xa5
04-01 04:38:51.464 30473 30473 E ArmVmp : Match on catch block at 0xc3 in for 0xa9
04-01 04:38:51.477 30473 30473 E ArmVmp : Match on catch block at 0xc3 in for 0xa9
04-01 04:38:51.481 30473 30473 E ArmVmp : Match on catch block at 0xc3 in for 0xa1
04-01 04:38:51.492 30473 30473 E ArmVmp : Match on catch block at 0xc3 in for 0xa1
04-01 04:38:51.497 30473 30473 E ArmVmp : Match on catch block at 0xc3 in for 0xa5
04-01 04:38:51.508 30473 30473 E ArmVmp : Match on catch block at 0xc3 in for 0xa5
04-01 04:38:51.513 30473 30473 E ArmVmp : Match on catch block at 0xc3 in for 0xa9
04-01 04:38:51.525 30473 30473 E ArmVmp : Match on catch block at 0xc3 in for 0xa9
04-01 04:38:51.531 30473 30473 E ArmVmp : Match on catch block at 0xc3 in for 0xa1
04-01 04:38:51.545 30473 30473 E ArmVmp : Match on catch block at 0xc3 in for 0xa1
04-01 04:38:51.551 30473 30473 E ArmVmp : Match on catch block at 0xc3 in for 0xa5
04-01 04:38:51.564 30473 30473 E ArmVmp : Match on catch block at 0xc3 in for 0xa5
04-01 04:38:51.569 30473 30473 E ArmVmp : Match on catch block at 0xc3 in for 0xa9
04-01 04:38:51.582 30473 30473 E ArmVmp : Match on catch block at 0xc3 in for 0xa9
04-01 04:38:51.586 30473 30473 E ArmVmp : Match on catch block at 0xc3 in for 0xa1
04-01 04:38:51.601 30473 30473 E ArmVmp : Match on catch block at 0xc3 in for 0xa1
04-01 04:38:51.605 30473 30473 E ArmVmp : Match on catch block at 0xc3 in for 0xa5
04-01 04:38:51.617 30473 30473 E ArmVmp : Match on catch block at 0xc3 in for 0xa5
04-01 04:38:51.622 30473 30473 E ArmVmp : Match on catch block at 0xc3 in for 0xa9
04-01 04:38:51.638 30473 30473 E ArmVmp : Match on catch block at 0xc3 in for 0xa9
04-01 04:38:51.644 30473 30473 E ArmVmp : Match on catch block at 0xc3 in for 0xa1
04-01 04:38:51.658 30473 30473 E ArmVmp : Match on catch block at 0xc3 in for 0xa1
04-01 04:38:51.662 30473 30473 E ArmVmp : Match on catch block at 0xc3 in for 0xa5
04-01 04:38:53.880 30473 30544 W System : ClassLoader referenced unknown path:
system/framework/mediatek-cta.jar
04-01 04:38:54.131 30473 30546 W System : ClassLoader referenced unknown path:
system/framework/mediatek-cta.jar
04-01 04:38:54.135 30473 30544 W System : ClassLoader referenced unknown path:
system/framework/mediatek-cta.jar
04-01 04:38:54.386 30473 30546 W System : ClassLoader referenced unknown path:
system/framework/mediatek-cta.jar
04-01 04:38:54.396 30473 30538 W System : ClassLoader referenced unknown path:
system/framework/mediatek-cta.jar
04-01 04:38:54.401 30473 30538 W System : ClassLoader referenced unknown path:
system/framework/mediatek-cta.jar
04-01 04:39:50.891 30473 30473 E ArmVmp : Match on catch block at 0xc3 in for 0xa5
04-01 04:39:50.898 30473 30473 E ArmVmp : Match on catch block at 0xc3 in for 0xa9
04-01 04:39:51.117 30473 30473 E ArmVmp : Match on catch block at 0xc3 in for 0xa9
04-01 04:39:51.125 30473 30473 E ArmVmp : Match on catch block at 0xc3 in for 0xa1
04-01 04:43:27.268 30473 30473 E ArmVmp : Match on catch block at 0x0a in for 0xc1
04-01 04:43:27.272 30473 30547 W System : ClassLoader referenced unknown path:
system/framework/mediatek-cta.jar
04-01 04:43:27.273 30473 30473 E ArmVmp : Match on catch block at 0x0a in for 0xc9
04-01 04:43:27.274 30473 30547 E ArmVmp : Match on catch block at 0x48 in for 0x89
04-01 04:43:27.275 30473 30547 W System.err: java.net.UnknownHostException: Unable
to resolve host "translate.googleapis.com": No address associated with hostname
04-01 04:43:27.275 30473 30547 W System.err:
04-01 04:43:27.275 30473 30547 W System.err: at
java.net.Inet6AddressImpl.lookupHostByName(Inet6AddressImpl.java:156)
04-01 04:43:27.275 30473 30547 W System.err:
04-01 04:43:27.275 30473 30547 W System.err: at
java.net.Inet6AddressImpl.lookupAllHostAddr(Inet6AddressImpl.java:103)
04-01 04:43:27.275 30473 30547 W System.err:
04-01 04:43:27.275 30473 30547 W System.err: at
java.net.InetAddress.getAllByName(InetAddress.java:1152)
04-01 04:43:27.275 30473 30547 W System.err:
04-01 04:43:27.275 30473 30547 W System.err: at
com.android.okhttp.Dns$1.lookup(Dns.java:41)
04-01 04:43:27.275 30473 30547 W System.err:
04-01 04:43:27.275 30473 30547 W System.err: at
com.android.okhttp.internal.http.RouteSelector.resetNextInetSocketAddress(RouteSele
ctor.java:178)
04-01 04:43:27.275 30473 30547 W System.err:
04-01 04:43:27.275 30473 30547 W System.err: at
com.android.okhttp.internal.http.RouteSelector.nextProxy(RouteSelector.java:144)
04-01 04:43:27.275 30473 30547 W System.err:
04-01 04:43:27.275 30473 30547 W System.err: at
com.android.okhttp.internal.http.RouteSelector.next(RouteSelector.java:86)
04-01 04:43:27.275 30473 30547 W System.err:
04-01 04:43:27.275 30473 30547 W System.err: at
com.android.okhttp.internal.http.StreamAllocation.findConnection(StreamAllocation.j
ava:176)
04-01 04:43:27.275 30473 30547 W System.err:
04-01 04:43:27.276 30473 30547 W System.err: at
com.android.okhttp.internal.http.StreamAllocation.findHealthyConnection(StreamAlloc
ation.java:128)
04-01 04:43:27.276 30473 30547 W System.err:
04-01 04:43:27.276 30473 30547 W System.err: at
com.android.okhttp.internal.http.StreamAllocation.newStream(StreamAllocation.java:9
7)
04-01 04:43:27.276 30473 30547 W System.err:
04-01 04:43:27.276 30473 30547 W System.err: at
com.android.okhttp.internal.http.HttpEngine.connect(HttpEngine.java:302)
04-01 04:43:27.276 30473 30547 W System.err:
04-01 04:43:27.276 30473 30547 W System.err: at
com.android.okhttp.internal.http.HttpEngine.sendRequest(HttpEngine.java:245)
04-01 04:43:27.276 30473 30547 W System.err:
04-01 04:43:27.276 30473 30547 W System.err: at
com.android.okhttp.internal.huc.HttpURLConnectionImpl.execute(HttpURLConnectionImpl
.java:465)
04-01 04:43:27.276 30473 30547 W System.err:
04-01 04:43:27.276 30473 30547 W System.err: at
com.android.okhttp.internal.huc.HttpURLConnectionImpl.connect(HttpURLConnectionImpl
.java:131)
04-01 04:43:27.276 30473 30547 W System.err:
04-01 04:43:27.276 30473 30547 W System.err: at
com.android.okhttp.internal.huc.DelegatingHttpsURLConnection.connect(DelegatingHttp
sURLConnection.java:90)
04-01 04:43:27.276 30473 30547 W System.err:
04-01 04:43:27.276 30473 30547 W System.err: at
com.android.okhttp.internal.huc.HttpsURLConnectionImpl.connect(HttpsURLConnectionIm
pl.java:30)
04-01 04:43:27.276 30473 30547 W System.err:
04-01 04:43:27.276 30473 30547 W System.err: at
mbmodsd.mbmodsw.home.MBTranslator.translate(Native Method)
04-01 04:43:27.276 30473 30547 W System.err:
04-01 04:43:27.276 30473 30547 W System.err: at
mbmodsd.mbmodsw.home.MBTranslator$Async.doInBackground(Native Method)
04-01 04:43:27.276 30473 30547 W System.err:
04-01 04:43:27.276 30473 30547 W System.err: at
mbmodsd.mbmodsw.home.MBTranslator$Async.doInBackground(Native Method)
04-01 04:43:27.276 30473 30547 W System.err:
04-01 04:43:27.276 30473 30547 W System.err: at
android.os.AsyncTask$3.call(AsyncTask.java:378)
04-01 04:43:27.276 30473 30547 W System.err:
04-01 04:43:27.276 30473 30547 W System.err: at
java.util.concurrent.FutureTask.run(FutureTask.java:266)
04-01 04:43:27.276 30473 30547 W System.err:
04-01 04:43:27.276 30473 30547 W System.err: at
android.os.AsyncTask$SerialExecutor$1.run(AsyncTask.java:289)
04-01 04:43:27.276 30473 30547 W System.err:
04-01 04:43:27.277 30473 30547 W System.err: at
java.util.concurrent.ThreadPoolExecutor.runWorker(ThreadPoolExecutor.java:1167)
04-01 04:43:27.277 30473 30547 W System.err:
04-01 04:43:27.277 30473 30547 W System.err: at
java.util.concurrent.ThreadPoolExecutor$Worker.run(ThreadPoolExecutor.java:641)
04-01 04:43:27.277 30473 30547 W System.err:
04-01 04:43:27.277 30473 30547 W System.err: at
java.lang.Thread.run(Thread.java:919)
04-01 04:43:27.277 30473 30547 W System.err:
04-01 04:43:27.277 30473 30547 W System.err: Caused by:
android.system.GaiException: android_getaddrinfo failed: EAI_NODATA (No address
associated with hostname)
04-01 04:43:27.277 30473 30547 W System.err:
04-01 04:43:27.277 30473 30547 W System.err: at
libcore.io.Linux.android_getaddrinfo(Native Method)
04-01 04:43:27.277 30473 30547 W System.err:
04-01 04:43:27.277 30473 30547 W System.err: at
libcore.io.ForwardingOs.android_getaddrinfo(ForwardingOs.java:74)
04-01 04:43:27.277 30473 30547 W System.err:
04-01 04:43:27.277 30473 30547 W System.err: at
libcore.io.BlockGuardOs.android_getaddrinfo(BlockGuardOs.java:200)
04-01 04:43:27.277 30473 30547 W System.err:
04-01 04:43:27.277 30473 30547 W System.err: at
libcore.io.ForwardingOs.android_getaddrinfo(ForwardingOs.java:74)
04-01 04:43:27.277 30473 30547 W System.err:
04-01 04:43:27.277 30473 30547 W System.err: at
java.net.Inet6AddressImpl.lookupHostByName(Inet6AddressImpl.java:135)
04-01 04:43:27.277 30473 30547 W System.err:
04-01 04:43:27.277 30473 30547 W System.err: ... 24 more
04-01 04:43:27.277 30473 30547 W System.err:
04-01 04:43:27.278 30473 30547 W System : ClassLoader referenced unknown path:
system/framework/mediatek-cta.jar
04-01 04:43:27.279 30473 30547 E ArmVmp : Match on catch block at 0x48 in for 0x95
04-01 04:43:27.279 30473 30547 W System.err: java.net.UnknownHostException: Unable
to resolve host "translate.googleapis.com": No address associated with hostname
04-01 04:43:27.279 30473 30547 W System.err:
04-01 04:43:27.280 30473 30547 W System.err: at
java.net.Inet6AddressImpl.lookupHostByName(Inet6AddressImpl.java:124)
04-01 04:43:27.280 30473 30547 W System.err:
04-01 04:43:27.280 30473 30547 W System.err: at
java.net.Inet6AddressImpl.lookupAllHostAddr(Inet6AddressImpl.java:103)
04-01 04:43:27.280 30473 30547 W System.err:
04-01 04:43:27.280 30473 30547 W System.err: at
java.net.InetAddress.getAllByName(InetAddress.java:1152)
04-01 04:43:27.280 30473 30547 W System.err:
04-01 04:43:27.280 30473 30547 W System.err: at
com.android.okhttp.Dns$1.lookup(Dns.java:41)
04-01 04:43:27.280 30473 30547 W System.err:
04-01 04:43:27.280 30473 30547 W System.err: at
com.android.okhttp.internal.http.RouteSelector.resetNextInetSocketAddress(RouteSele
ctor.java:178)
04-01 04:43:27.281 30473 30547 W System.err:
04-01 04:43:27.281 30473 30547 W System.err: at
com.android.okhttp.internal.http.RouteSelector.nextProxy(RouteSelector.java:144)
04-01 04:43:27.281 30473 30547 W System.err:
04-01 04:43:27.281 30473 30547 W System.err: at
com.android.okhttp.internal.http.RouteSelector.next(RouteSelector.java:86)
04-01 04:43:27.281 30473 30547 W System.err:
04-01 04:43:27.281 30473 30547 W System.err: at
com.android.okhttp.internal.http.StreamAllocation.findConnection(StreamAllocation.j
ava:176)
04-01 04:43:27.281 30473 30547 W System.err:
04-01 04:43:27.281 30473 30547 W System.err: at
com.android.okhttp.internal.http.StreamAllocation.findHealthyConnection(StreamAlloc
ation.java:128)
04-01 04:43:27.281 30473 30547 W System.err:
04-01 04:43:27.281 30473 30547 W System.err: at
com.android.okhttp.internal.http.StreamAllocation.newStream(StreamAllocation.java:9
7)
04-01 04:43:27.281 30473 30547 W System.err:
04-01 04:43:27.282 30473 30547 W System.err: at
com.android.okhttp.internal.http.HttpEngine.connect(HttpEngine.java:302)
04-01 04:43:27.282 30473 30547 W System.err:
04-01 04:43:27.282 30473 30547 W System.err: at
com.android.okhttp.internal.http.HttpEngine.sendRequest(HttpEngine.java:245)
04-01 04:43:27.282 30473 30547 W System.err:
04-01 04:43:27.282 30473 30547 W System.err: at
com.android.okhttp.internal.huc.HttpURLConnectionImpl.execute(HttpURLConnectionImpl
.java:465)
04-01 04:43:27.282 30473 30547 W System.err:
04-01 04:43:27.282 30473 30547 W System.err: at
com.android.okhttp.internal.huc.HttpURLConnectionImpl.connect(HttpURLConnectionImpl
.java:131)
04-01 04:43:27.282 30473 30547 W System.err:
04-01 04:43:27.282 30473 30547 W System.err: at
com.android.okhttp.internal.huc.DelegatingHttpsURLConnection.connect(DelegatingHttp
sURLConnection.java:90)
04-01 04:43:27.282 30473 30547 W System.err:
04-01 04:43:27.283 30473 30547 W System.err: at
com.android.okhttp.internal.huc.HttpsURLConnectionImpl.connect(HttpsURLConnectionIm
pl.java:30)
04-01 04:43:27.283 30473 30547 W System.err:
04-01 04:43:27.283 30473 30547 W System.err: at
mbmodsd.mbmodsw.home.MBTranslator.translate(Native Method)
04-01 04:43:27.283 30473 30547 W System.err:
04-01 04:43:27.283 30473 30547 W System.err: at
mbmodsd.mbmodsw.home.MBTranslator$Async.doInBackground(Native Method)
04-01 04:43:27.283 30473 30547 W System.err:
04-01 04:43:27.283 30473 30547 W System.err: at
mbmodsd.mbmodsw.home.MBTranslator$Async.doInBackground(Native Method)
04-01 04:43:27.283 30473 30547 W System.err:
04-01 04:43:27.283 30473 30547 W System.err: at
android.os.AsyncTask$3.call(AsyncTask.java:378)
04-01 04:43:27.283 30473 30547 W System.err:
04-01 04:43:27.283 30473 30547 W System.err: at
java.util.concurrent.FutureTask.run(FutureTask.java:266)
04-01 04:43:27.284 30473 30547 W System.err:
04-01 04:43:27.284 30473 30547 W System.err: at
android.os.AsyncTask$SerialExecutor$1.run(AsyncTask.java:289)
04-01 04:43:27.284 30473 30547 W System.err:
04-01 04:43:27.284 30473 30547 W System.err: at
java.util.concurrent.ThreadPoolExecutor.runWorker(ThreadPoolExecutor.java:1167)
04-01 04:43:27.284 30473 30547 W System.err:
04-01 04:43:27.284 30473 30547 W System.err: at
java.util.concurrent.ThreadPoolExecutor$Worker.run(ThreadPoolExecutor.java:641)
04-01 04:43:27.284 30473 30547 W System.err:
04-01 04:43:27.284 30473 30547 W System.err: at
java.lang.Thread.run(Thread.java:919)
04-01 04:43:27.284 30473 30547 W System.err:
04-01 04:43:27.319 30473 30473 E ArmVmp : Match on catch block at 0xc3 in for 0xa9
04-01 04:43:27.323 30473 30473 E ArmVmp : Match on catch block at 0xc3 in for 0xa1
04-01 04:43:27.386 30473 30544 W System : ClassLoader referenced unknown path:
system/framework/mediatek-cta.jar
04-01 04:43:27.400 30473 30473 E ArmVmp : Match on catch block at 0xc3 in for 0xa1
04-01 04:43:27.404 30473 30473 E ArmVmp : Match on catch block at 0xc3 in for 0xa5
04-01 04:43:27.427 30473 30473 E ArmVmp : Match on catch block at 0xc3 in for 0xa5
04-01 04:43:27.440 30473 30473 E ArmVmp : Match on catch block at 0xc3 in for 0xa9
04-01 04:43:27.636 30473 30546 W System : ClassLoader referenced unknown path:
system/framework/mediatek-cta.jar
04-01 04:43:27.642 30473 30544 W System : ClassLoader referenced unknown path:
system/framework/mediatek-cta.jar
04-01 04:43:27.676 30473 30473 E ArmVmp : Match on catch block at 0xc3 in for 0xa9
04-01 04:43:27.678 30473 30473 E ArmVmp : Match on catch block at 0xc3 in for 0xa1
04-01 04:43:27.892 30473 30546 W System : ClassLoader referenced unknown path:
system/framework/mediatek-cta.jar
04-01 04:43:27.905 30473 30538 W System : ClassLoader referenced unknown path:
system/framework/mediatek-cta.jar
04-01 04:43:27.917 30473 30538 W System : ClassLoader referenced unknown path:
system/framework/mediatek-cta.jar
04-01 04:43:28.106 30473 30473 E ArmVmp : Match on catch block at 0xc3 in for 0xa9
04-01 04:43:28.110 30473 30473 E ArmVmp : Match on catch block at 0xc3 in for 0xa1
04-01 04:43:28.124 30473 30473 E ArmVmp : Match on catch block at 0xc3 in for 0xa1
04-01 04:43:28.128 30473 30473 E ArmVmp : Match on catch block at 0xc3 in for 0xa5
04-01 04:43:28.140 30473 30473 E ArmVmp : Match on catch block at 0xc3 in for 0xa5
04-01 04:43:28.144 30473 30473 E ArmVmp : Match on catch block at 0xc3 in for 0xa9
04-01 04:43:28.157 30473 30473 E ArmVmp : Match on catch block at 0xc3 in for 0xa9
04-01 04:43:28.160 30473 30473 E ArmVmp : Match on catch block at 0xc3 in for 0xa1
04-01 04:43:28.175 30473 30473 E ArmVmp : Match on catch block at 0xc3 in for 0xa1
04-01 04:43:28.180 30473 30473 E ArmVmp : Match on catch block at 0xc3 in for 0xa5
04-01 04:43:28.191 30473 30473 E ArmVmp : Match on catch block at 0xc3 in for 0xa5
04-01 04:43:28.196 30473 30473 E ArmVmp : Match on catch block at 0xc3 in for 0xa9
04-01 04:43:28.208 30473 30473 E ArmVmp : Match on catch block at 0xc3 in for 0xa9
04-01 04:43:28.213 30473 30473 E ArmVmp : Match on catch block at 0xc3 in for 0xa1
04-01 04:43:28.223 30473 30473 E ArmVmp : Match on catch block at 0xc3 in for 0xa1
04-01 04:43:28.228 30473 30473 E ArmVmp : Match on catch block at 0xc3 in for 0xa5
04-01 04:43:28.240 30473 30473 E ArmVmp : Match on catch block at 0xc3 in for 0xa5
04-01 04:43:28.243 30473 30473 E ArmVmp : Match on catch block at 0xc3 in for 0xa9
04-01 04:43:28.257 30473 30473 E ArmVmp : Match on catch block at 0xc3 in for 0xa9
04-01 04:43:28.261 30473 30473 E ArmVmp : Match on catch block at 0xc3 in for 0xa1
04-01 04:43:28.274 30473 30473 E ArmVmp : Match on catch block at 0xc3 in for 0xa1
04-01 04:43:28.277 30473 30473 E ArmVmp : Match on catch block at 0xc3 in for 0xa5
04-01 04:43:28.290 30473 30473 E ArmVmp : Match on catch block at 0xc3 in for 0xa5
04-01 04:43:28.294 30473 30473 E ArmVmp : Match on catch block at 0xc3 in for 0xa9
04-01 04:43:28.307 30473 30473 E ArmVmp : Match on catch block at 0xc3 in for 0xa9
04-01 04:43:28.311 30473 30473 E ArmVmp : Match on catch block at 0xc3 in for 0xa1
04-01 04:43:28.323 30473 30473 E ArmVmp : Match on catch block at 0xc3 in for 0xa1
04-01 04:43:28.327 30473 30473 E ArmVmp : Match on catch block at 0xc3 in for 0xa5
04-01 04:43:28.340 30473 30473 E ArmVmp : Match on catch block at 0xc3 in for 0xa5
04-01 04:43:28.344 30473 30473 E ArmVmp : Match on catch block at 0xc3 in for 0xa9
04-01 04:43:28.357 30473 30473 E ArmVmp : Match on catch block at 0xc3 in for 0xa9
04-01 04:43:28.360 30473 30473 E ArmVmp : Match on catch block at 0xc3 in for 0xa1
04-01 04:43:28.374 30473 30473 E ArmVmp : Match on catch block at 0xc3 in for 0xa1
04-01 04:43:28.377 30473 30473 E ArmVmp : Match on catch block at 0xc3 in for 0xa5
04-01 04:43:28.390 30473 30473 E ArmVmp : Match on catch block at 0xc3 in for 0xa5
04-01 04:43:28.394 30473 30473 E ArmVmp : Match on catch block at 0xc3 in for 0xa9
04-01 04:43:28.407 30473 30473 E ArmVmp : Match on catch block at 0xc3 in for 0xa9
04-01 04:43:28.410 30473 30473 E ArmVmp : Match on catch block at 0xc3 in for 0xa1
04-01 04:43:28.674 30473 30473 E ArmVmp : Match on catch block at 0xc3 in for 0xa1
04-01 04:43:28.677 30473 30473 E ArmVmp : Match on catch block at 0xc3 in for 0xa5
04-01 04:43:28.974 30473 30473 E ArmVmp : Match on catch block at 0xc3 in for 0xa5
04-01 04:43:28.979 30473 30473 E ArmVmp : Match on catch block at 0xc3 in for 0xa9
04-01 04:43:28.991 30473 30473 E ArmVmp : Match on catch block at 0xc3 in for 0xa9
04-01 04:43:28.996 30473 30473 E ArmVmp : Match on catch block at 0xc3 in for 0xa1
04-01 04:43:29.008 30473 30473 E ArmVmp : Match on catch block at 0xc3 in for 0xa1
04-01 04:43:29.013 30473 30473 E ArmVmp : Match on catch block at 0xc3 in for 0xa5
04-01 04:43:29.024 30473 30473 E ArmVmp : Match on catch block at 0xc3 in for 0xa5
04-01 04:43:29.029 30473 30473 E ArmVmp : Match on catch block at 0xc3 in for 0xa9
04-01 04:43:29.041 30473 30473 E ArmVmp : Match on catch block at 0xc3 in for 0xa9
04-01 04:43:29.044 30473 30473 E ArmVmp : Match on catch block at 0xc3 in for 0xa1
04-01 04:43:29.057 30473 30473 E ArmVmp : Match on catch block at 0xc3 in for 0xa1
04-01 04:43:29.061 30473 30473 E ArmVmp : Match on catch block at 0xc3 in for 0xa5
04-01 04:43:29.074 30473 30473 E ArmVmp : Match on catch block at 0xc3 in for 0xa5
04-01 04:43:29.078 30473 30473 E ArmVmp : Match on catch block at 0xc3 in for 0xa9
04-01 04:43:29.090 30473 30473 E ArmVmp : Match on catch block at 0xc3 in for 0xa9
04-01 04:43:29.092 30473 30473 E ArmVmp : Match on catch block at 0xc3 in for 0xa1
04-01 04:43:29.107 30473 30473 E ArmVmp : Match on catch block at 0xc3 in for 0xa1
04-01 04:43:29.110 30473 30473 E ArmVmp : Match on catch block at 0xc3 in for 0xa5
04-01 04:43:29.123 30473 30473 E ArmVmp : Match on catch block at 0xc3 in for 0xa5
04-01 04:43:29.128 30473 30473 E ArmVmp : Match on catch block at 0xc3 in for 0xa9
04-01 04:43:29.140 30473 30473 E ArmVmp : Match on catch block at 0xc3 in for 0xa9
04-01 04:43:29.143 30473 30473 E ArmVmp : Match on catch block at 0xc3 in for 0xa1
04-01 04:43:29.157 30473 30473 E ArmVmp : Match on catch block at 0xc3 in for 0xa1
04-01 04:43:29.159 30473 30473 E ArmVmp : Match on catch block at 0xc3 in for 0xa5
04-01 04:43:29.173 30473 30473 E ArmVmp : Match on catch block at 0xc3 in for 0xa5
04-01 04:43:29.176 30473 30473 E ArmVmp : Match on catch block at 0xc3 in for 0xa9
04-01 04:43:29.190 30473 30473 E ArmVmp : Match on catch block at 0xc3 in for 0xa9
04-01 04:43:29.193 30473 30473 E ArmVmp : Match on catch block at 0xc3 in for 0xa1
04-01 04:43:29.207 30473 30473 E ArmVmp : Match on catch block at 0xc3 in for 0xa1
04-01 04:43:29.210 30473 30473 E ArmVmp : Match on catch block at 0xc3 in for 0xa5
04-01 04:43:29.223 30473 30473 E ArmVmp : Match on catch block at 0xc3 in for 0xa5
04-01 04:43:29.226 30473 30473 E ArmVmp : Match on catch block at 0xc3 in for 0xa9
04-01 04:43:29.691 30473 30473 E ArmVmp : Match on catch block at 0xc3 in for 0xa9
04-01 04:43:29.696 30473 30473 E ArmVmp : Match on catch block at 0xc3 in for 0xa1
04-01 04:43:30.191 30473 30473 E ArmVmp : Match on catch block at 0xc3 in for 0xa1
04-01 04:43:30.194 30473 30473 E ArmVmp : Match on catch block at 0xc3 in for 0xa5
04-01 04:43:30.253 30473 30473 E ArmVmp : Match on catch block at 0xc3 in for 0xa5
04-01 04:43:30.257 30473 30473 E ArmVmp : Match on catch block at 0xc3 in for 0xa9
04-01 04:43:30.273 30473 30473 E ArmVmp : Match on catch block at 0xc3 in for 0xa5
04-01 04:43:30.276 30473 30473 E ArmVmp : Match on catch block at 0xc3 in for 0xa9
04-01 04:43:30.303 30473 30544 W System : ClassLoader referenced unknown path:
system/framework/mediatek-cta.jar
04-01 04:43:30.552 30473 30546 W System : ClassLoader referenced unknown path:
system/framework/mediatek-cta.jar
04-01 04:43:30.555 30473 30544 W System : ClassLoader referenced unknown path:
system/framework/mediatek-cta.jar
04-01 04:43:30.600 30473 30473 E ArmVmp : Match on catch block at 0xc3 in for 0xa5
04-01 04:43:30.603 30473 30473 E ArmVmp : Match on catch block at 0xc3 in for 0xa9
04-01 04:43:30.616 30473 30473 E ArmVmp : Match on catch block at 0xc3 in for 0xa5
04-01 04:43:30.619 30473 30473 E ArmVmp : Match on catch block at 0xc3 in for 0xa9
04-01 04:43:30.691 30473 30473 E ArmVmp : Match on catch block at 0xc3 in for 0xa9
04-01 04:43:30.693 30473 30473 E ArmVmp : Match on catch block at 0xc3 in for 0xa1
04-01 04:43:30.805 30473 30546 W System : ClassLoader referenced unknown path:
system/framework/mediatek-cta.jar
04-01 04:43:30.811 30473 30538 W System : ClassLoader referenced unknown path:
system/framework/mediatek-cta.jar
04-01 04:43:30.813 30473 30538 W System : ClassLoader referenced unknown path:
system/framework/mediatek-cta.jar
04-01 04:43:31.191 30473 30473 E ArmVmp : Match on catch block at 0xc3 in for 0xa9
04-01 04:43:31.193 30473 30473 E ArmVmp : Match on catch block at 0xc3 in for 0xa1
04-01 04:43:31.691 30473 30473 E ArmVmp : Match on catch block at 0xc3 in for 0xa1
04-01 04:43:31.694 30473 30473 E ArmVmp : Match on catch block at 0xc3 in for 0xa5
04-01 04:43:32.191 30473 30473 E ArmVmp : Match on catch block at 0xc3 in for 0xa5
04-01 04:43:32.194 30473 30473 E ArmVmp : Match on catch block at 0xc3 in for 0xa9
04-01 04:43:32.208 30473 30473 E ArmVmp : Match on catch block at 0xc3 in for 0xa9
04-01 04:43:32.211 30473 30473 E ArmVmp : Match on catch block at 0xc3 in for 0xa1
04-01 04:43:32.225 30473 30473 E ArmVmp : Match on catch block at 0xc3 in for 0xa1
04-01 04:43:32.228 30473 30473 E ArmVmp : Match on catch block at 0xc3 in for 0xa5
04-01 04:43:32.241 30473 30473 E ArmVmp : Match on catch block at 0xc3 in for 0xa5
04-01 04:43:32.244 30473 30473 E ArmVmp : Match on catch block at 0xc3 in for 0xa9
04-01 04:43:32.258 30473 30473 E ArmVmp : Match on catch block at 0xc3 in for 0xa1
04-01 04:43:32.260 30473 30473 E ArmVmp : Match on catch block at 0xc3 in for 0xa5
04-01 04:43:32.275 30473 30473 E ArmVmp : Match on catch block at 0xc3 in for 0xa5
04-01 04:43:32.279 30473 30473 E ArmVmp : Match on catch block at 0xc3 in for 0xa9
04-01 04:43:32.292 30473 30473 E ArmVmp : Match on catch block at 0xc3 in for 0xa9
04-01 04:43:32.296 30473 30473 E ArmVmp : Match on catch block at 0xc3 in for 0xa1
04-01 04:43:32.309 30473 30473 E ArmVmp : Match on catch block at 0xc3 in for 0xa1
04-01 04:43:32.313 30473 30473 E ArmVmp : Match on catch block at 0xc3 in for 0xa5
04-01 04:43:32.325 30473 30473 E ArmVmp : Match on catch block at 0xc3 in for 0xa5
04-01 04:43:32.329 30473 30473 E ArmVmp : Match on catch block at 0xc3 in for 0xa9
04-01 04:43:32.342 30473 30473 E ArmVmp : Match on catch block at 0xc3 in for 0xa9
04-01 04:43:32.346 30473 30473 E ArmVmp : Match on catch block at 0xc3 in for 0xa1
04-01 04:43:32.359 30473 30473 E ArmVmp : Match on catch block at 0xc3 in for 0xa1
04-01 04:43:32.363 30473 30473 E ArmVmp : Match on catch block at 0xc3 in for 0xa5
04-01 04:43:32.375 30473 30473 E ArmVmp : Match on catch block at 0xc3 in for 0xa5
04-01 04:43:32.379 30473 30473 E ArmVmp : Match on catch block at 0xc3 in for 0xa9
04-01 04:43:32.392 30473 30473 E ArmVmp : Match on catch block at 0xc3 in for 0xa9
04-01 04:43:32.397 30473 30473 E ArmVmp : Match on catch block at 0xc3 in for 0xa1
04-01 04:43:32.409 30473 30473 E ArmVmp : Match on catch block at 0xc3 in for 0xa1
04-01 04:43:32.413 30473 30473 E ArmVmp : Match on catch block at 0xc3 in for 0xa5
04-01 04:43:32.425 30473 30473 E ArmVmp : Match on catch block at 0xc3 in for 0xa5
04-01 04:43:32.429 30473 30473 E ArmVmp : Match on catch block at 0xc3 in for 0xa9
04-01 04:43:32.442 30473 30473 E ArmVmp : Match on catch block at 0xc3 in for 0xa9
04-01 04:43:32.447 30473 30473 E ArmVmp : Match on catch block at 0xc3 in for 0xa1
04-01 04:43:32.459 30473 30473 E ArmVmp : Match on catch block at 0xc3 in for 0xa1
04-01 04:43:32.463 30473 30473 E ArmVmp : Match on catch block at 0xc3 in for 0xa5
04-01 04:43:32.475 30473 30473 E ArmVmp : Match on catch block at 0xc3 in for 0xa5
04-01 04:43:32.479 30473 30473 E ArmVmp : Match on catch block at 0xc3 in for 0xa9
04-01 04:43:32.693 30473 30473 E ArmVmp : Match on catch block at 0xc3 in for 0xa9
04-01 04:43:32.697 30473 30473 E ArmVmp : Match on catch block at 0xc3 in for 0xa1
04-01 04:43:33.192 30473 30473 E ArmVmp : Match on catch block at 0xc3 in for 0xa1
04-01 04:43:33.194 30473 30473 E ArmVmp : Match on catch block at 0xc3 in for 0xa5
04-01 04:43:33.716 30473 30473 E ArmVmp : Match on catch block at 0xc3 in for 0xa5
04-01 04:43:33.725 30473 30473 E ArmVmp : Match on catch block at 0xc3 in for 0xa9
04-01 04:43:34.211 30473 30473 E ArmVmp : Match on catch block at 0xc3 in for 0xa9
04-01 04:43:34.217 30473 30473 E ArmVmp : Match on catch block at 0xc3 in for 0xa1
04-01 04:43:34.710 30473 30473 E ArmVmp : Match on catch block at 0xc3 in for 0xa1
04-01 04:43:34.714 30473 30473 E ArmVmp : Match on catch block at 0xc3 in for 0xa5
04-01 04:43:35.210 30473 30473 E ArmVmp : Match on catch block at 0xc3 in for 0xa5
04-01 04:43:35.214 30473 30473 E ArmVmp : Match on catch block at 0xc3 in for 0xa9
04-01 04:43:35.711 30473 30473 E ArmVmp : Match on catch block at 0xc3 in for 0xa9
04-01 04:43:35.714 30473 30473 E ArmVmp : Match on catch block at 0xc3 in for 0xa1
04-01 04:43:36.210 30473 30473 E ArmVmp : Match on catch block at 0xc3 in for 0xa1
04-01 04:43:36.215 30473 30473 E ArmVmp : Match on catch block at 0xc3 in for 0xa5
04-01 04:43:36.711 30473 30473 E ArmVmp : Match on catch block at 0xc3 in for 0xa5
04-01 04:43:36.715 30473 30473 E ArmVmp : Match on catch block at 0xc3 in for 0xa9
04-01 04:43:37.211 30473 30473 E ArmVmp : Match on catch block at 0xc3 in for 0xa9
04-01 04:43:37.214 30473 30473 E ArmVmp : Match on catch block at 0xc3 in for 0xa1
04-01 04:43:37.711 30473 30473 E ArmVmp : Match on catch block at 0xc3 in for 0xa1
04-01 04:43:37.715 30473 30473 E ArmVmp : Match on catch block at 0xc3 in for 0xa5
04-01 04:43:38.211 30473 30473 E ArmVmp : Match on catch block at 0xc3 in for 0xa5
04-01 04:43:38.215 30473 30473 E ArmVmp : Match on catch block at 0xc3 in for 0xa9
04-01 04:43:38.711 30473 30473 E ArmVmp : Match on catch block at 0xc3 in for 0xa9
04-01 04:43:38.715 30473 30473 E ArmVmp : Match on catch block at 0xc3 in for 0xa1
04-01 04:43:39.211 30473 30473 E ArmVmp : Match on catch block at 0xc3 in for 0xa1
04-01 04:43:39.215 30473 30473 E ArmVmp : Match on catch block at 0xc3 in for 0xa5
04-01 04:43:39.712 30473 30473 E ArmVmp : Match on catch block at 0xc3 in for 0xa5
04-01 04:43:39.716 30473 30473 E ArmVmp : Match on catch block at 0xc3 in for 0xa9
04-01 04:43:40.229 30473 30473 E ArmVmp : Match on catch block at 0xc3 in for 0xa9
04-01 04:43:40.234 30473 30473 E ArmVmp : Match on catch block at 0xc3 in for 0xa1
04-01 04:43:40.729 30473 30473 E ArmVmp : Match on catch block at 0xc3 in for 0xa1
04-01 04:43:40.733 30473 30473 E ArmVmp : Match on catch block at 0xc3 in for 0xa5
04-01 04:43:41.230 30473 30473 E ArmVmp : Match on catch block at 0xc3 in for 0xa5
04-01 04:43:41.234 30473 30473 E ArmVmp : Match on catch block at 0xc3 in for 0xa9
04-01 04:43:41.730 30473 30473 E ArmVmp : Match on catch block at 0xc3 in for 0xa9
04-01 04:43:41.733 30473 30473 E ArmVmp : Match on catch block at 0xc3 in for 0xa1
04-01 04:43:42.230 30473 30473 E ArmVmp : Match on catch block at 0xc3 in for 0xa1
04-01 04:43:42.234 30473 30473 E ArmVmp : Match on catch block at 0xc3 in for 0xa5
04-01 04:43:42.730 30473 30473 E ArmVmp : Match on catch block at 0xc3 in for 0xa5
04-01 04:43:42.734 30473 30473 E ArmVmp : Match on catch block at 0xc3 in for 0xa9
04-01 04:43:43.173 30473 30473 E ArmVmp : Match on catch block at 0xc3 in for 0xa9
04-01 04:43:43.176 30473 30473 E ArmVmp : Match on catch block at 0xc3 in for 0xa1
04-01 04:43:43.191 30473 30473 E ArmVmp : Match on catch block at 0xc3 in for 0xa9
04-01 04:43:43.193 30473 30473 E ArmVmp : Match on catch block at 0xc3 in for 0xa1
04-01 04:43:43.230 30473 30473 E ArmVmp : Match on catch block at 0xc3 in for 0xa1
04-01 04:43:43.232 30473 30473 E ArmVmp : Match on catch block at 0xc3 in for 0xa5
04-01 04:43:43.753 30473 30473 E ArmVmp : Match on catch block at 0xc3 in for 0xa5
04-01 04:43:43.762 30473 30473 E ArmVmp : Match on catch block at 0xc3 in for 0xa9
04-01 04:43:44.249 30473 30473 E ArmVmp : Match on catch block at 0xc3 in for 0xa9
04-01 04:43:44.254 30473 30473 E ArmVmp : Match on catch block at 0xc3 in for 0xa1
04-01 04:43:44.748 30473 30473 E ArmVmp : Match on catch block at 0xc3 in for 0xa1
04-01 04:43:44.752 30473 30473 E ArmVmp : Match on catch block at 0xc3 in for 0xa5
04-01 04:43:44.764 30473 30473 E ArmVmp : Match on catch block at 0xc3 in for 0xa5
04-01 04:43:44.767 30473 30473 E ArmVmp : Match on catch block at 0xc3 in for 0xa9
04-01 04:43:44.780 30473 30473 E ArmVmp : Match on catch block at 0xc3 in for 0xa9
04-01 04:43:44.783 30473 30473 E ArmVmp : Match on catch block at 0xc3 in for 0xa1
04-01 04:43:44.797 30473 30473 E ArmVmp : Match on catch block at 0xc3 in for 0xa1
04-01 04:43:44.799 30473 30473 E ArmVmp : Match on catch block at 0xc3 in for 0xa5
04-01 04:43:44.813 30473 30473 E ArmVmp : Match on catch block at 0xc3 in for 0xa5
04-01 04:43:44.816 30473 30473 E ArmVmp : Match on catch block at 0xc3 in for 0xa9
04-01 04:43:44.830 30473 30473 E ArmVmp : Match on catch block at 0xc3 in for 0xa9
04-01 04:43:44.833 30473 30473 E ArmVmp : Match on catch block at 0xc3 in for 0xa1
04-01 04:43:44.847 30473 30473 E ArmVmp : Match on catch block at 0xc3 in for 0xa1
04-01 04:43:44.850 30473 30473 E ArmVmp : Match on catch block at 0xc3 in for 0xa5
04-01 04:43:44.863 30473 30473 E ArmVmp : Match on catch block at 0xc3 in for 0xa5
04-01 04:43:44.867 30473 30473 E ArmVmp : Match on catch block at 0xc3 in for 0xa9
04-01 04:43:44.880 30473 30473 E ArmVmp : Match on catch block at 0xc3 in for 0xa9
04-01 04:43:44.883 30473 30473 E ArmVmp : Match on catch block at 0xc3 in for 0xa1
04-01 04:43:44.897 30473 30473 E ArmVmp : Match on catch block at 0xc3 in for 0xa1
04-01 04:43:44.901 30473 30473 E ArmVmp : Match on catch block at 0xc3 in for 0xa5
04-01 04:43:44.914 30473 30473 E ArmVmp : Match on catch block at 0xc3 in for 0xa5
04-01 04:43:44.917 30473 30473 E ArmVmp : Match on catch block at 0xc3 in for 0xa9
04-01 04:43:44.930 30473 30473 E ArmVmp : Match on catch block at 0xc3 in for 0xa9
04-01 04:43:44.935 30473 30473 E ArmVmp : Match on catch block at 0xc3 in for 0xa1
04-01 04:43:44.948 30473 30473 E ArmVmp : Match on catch block at 0xc3 in for 0xa1
04-01 04:43:44.952 30473 30473 E ArmVmp : Match on catch block at 0xc3 in for 0xa5
04-01 04:43:44.964 30473 30473 E ArmVmp : Match on catch block at 0xc3 in for 0xa5
04-01 04:43:44.967 30473 30473 E ArmVmp : Match on catch block at 0xc3 in for 0xa9
04-01 04:43:44.980 30473 30473 E ArmVmp : Match on catch block at 0xc3 in for 0xa9
04-01 04:43:44.983 30473 30473 E ArmVmp : Match on catch block at 0xc3 in for 0xa1
04-01 04:43:44.997 30473 30473 E ArmVmp : Match on catch block at 0xc3 in for 0xa1
04-01 04:43:45.000 30473 30473 E ArmVmp : Match on catch block at 0xc3 in for 0xa5
04-01 04:43:45.014 30473 30473 E ArmVmp : Match on catch block at 0xc3 in for 0xa5
04-01 04:43:45.017 30473 30473 E ArmVmp : Match on catch block at 0xc3 in for 0xa9
04-01 04:43:45.030 30473 30473 E ArmVmp : Match on catch block at 0xc3 in for 0xa9
04-01 04:43:45.034 30473 30473 E ArmVmp : Match on catch block at 0xc3 in for 0xa1
04-01 04:43:45.247 30473 30473 E ArmVmp : Match on catch block at 0xc3 in for 0xa1
04-01 04:43:45.250 30473 30473 E ArmVmp : Match on catch block at 0xc3 in for 0xa5
04-01 04:43:45.749 30473 30473 E ArmVmp : Match on catch block at 0xc3 in for 0xa5
04-01 04:43:45.753 30473 30473 E ArmVmp : Match on catch block at 0xc3 in for 0xa9
04-01 04:43:46.248 30473 30473 E ArmVmp : Match on catch block at 0xc3 in for 0xa9
04-01 04:43:46.250 30473 30473 E ArmVmp : Match on catch block at 0xc3 in for 0xa1
04-01 04:43:46.748 30473 30473 E ArmVmp : Match on catch block at 0xc3 in for 0xa1
04-01 04:43:46.750 30473 30473 E ArmVmp : Match on catch block at 0xc3 in for 0xa5
04-01 04:43:47.250 30473 30473 E ArmVmp : Match on catch block at 0xc3 in for 0xa5
04-01 04:43:47.257 30473 30473 E ArmVmp : Match on catch block at 0xc3 in for 0xa9
04-01 04:43:47.749 30473 30473 E ArmVmp : Match on catch block at 0xc3 in for 0xa9
04-01 04:43:47.751 30473 30473 E ArmVmp : Match on catch block at 0xc3 in for 0xa1
04-01 04:43:48.249 30473 30473 E ArmVmp : Match on catch block at 0xc3 in for 0xa1
04-01 04:43:48.251 30473 30473 E ArmVmp : Match on catch block at 0xc3 in for 0xa5
04-01 04:43:48.750 30473 30473 E ArmVmp : Match on catch block at 0xc3 in for 0xa5
04-01 04:43:48.752 30473 30473 E ArmVmp : Match on catch block at 0xc3 in for 0xa9
04-01 04:43:49.249 30473 30473 E ArmVmp : Match on catch block at 0xc3 in for 0xa9
04-01 04:43:49.251 30473 30473 E ArmVmp : Match on catch block at 0xc3 in for 0xa1
