03-29 15:47:36.173 4494 4494 E ArmVmp : Match on catch block at 0xc3 in for 0xa5
03-29 15:47:36.203 4494 4494 E ArmVmp : Match on catch block at 0xc3 in for 0xa5
03-29 15:47:36.208 4494 4494 E ArmVmp : Match on catch block at 0xc3 in for 0xa9
03-29 15:47:36.211 4494 4494 E ArmVmp : Match on catch block at 0xc3 in for 0xa9
03-29 15:47:36.212 4494 4494 W pool-8-thread-1: type=1400 audit(0.0:2840): avc:
granted { execute } for
path="/data/data/com.whatsapp/files/decompressed/libs.spk.zst/libgifimage.so"
dev="mmcblk0p46" ino=877977 scontext=u:r:untrusted_app:s0:c210,c256,c512,c768
tcontext=u:object_r:app_data_file:s0:c210,c256,c512,c768 tclass=file
03-29 15:47:36.219 4494 4494 E ArmVmp : Match on catch block at 0xc3 in for 0xa1
03-29 15:47:36.222 4494 4494 E ArmVmp : Match on catch block at 0xc3 in for 0xa5
03-29 15:47:36.224 4494 4494 E ArmVmp : Match on catch block at 0xc3 in for 0xa5
03-29 15:47:36.235 4494 4494 E ArmVmp : Match on catch block at 0xc3 in for 0xa9
03-29 15:47:36.239 4494 4494 E ArmVmp : Match on catch block at 0xc3 in for 0xa1
03-29 15:47:36.241 4494 4494 E ArmVmp : Match on catch block at 0xc3 in for 0xa1
03-29 15:47:36.252 4494 4494 E ArmVmp : Match on catch block at 0xc3 in for 0xa5
03-29 15:47:36.256 4494 4494 E ArmVmp : Match on catch block at 0xc3 in for 0xa9
03-29 15:47:36.259 4494 4494 E ArmVmp : Match on catch block at 0xc3 in for 0xa9
03-29 15:47:36.269 4494 4494 E ArmVmp : Match on catch block at 0xc3 in for 0xa1
03-29 15:47:36.273 4494 4494 E ArmVmp : Match on catch block at 0xc3 in for 0xa5
03-29 15:47:36.286 4494 4494 E ArmVmp : Match on catch block at 0xc3 in for 0xa5
03-29 15:47:36.290 4494 4494 E ArmVmp : Match on catch block at 0xc3 in for 0xa9
03-29 15:47:36.292 4494 4494 E ArmVmp : Match on catch block at 0xc3 in for 0xa9
03-29 15:47:36.299 4494 4542 E SQLiteDatabase: Error inserting transferred=1
media_job_uuid=f548811d-ea95-486f-b960-d2ea5abda845 transcoded=0 gif_attribution=0
first_scan_length=0 direct_path=/v/t62.7161-
24/31335818_1155179179175432_4621193198977709811_n.enc?ccb=11-
4&oh=01_ASCXuaNm_0SX_o1FD1PrxL-UIlsl3QkxNoZkQP0yqo2OUQ&oe=662DEAFC&_nc_sid=5e03e0
thumbnail_height_width_ratio=1.7560976 is_animated_sticker=0
file_hash=QwR9xJXl9nMBYBl3cBIiyR9o7YQc/HYr/wzgcPq6GH0= file_path=Media/WhatsApp
Video/VID-20240329-WA0000.mp4 file_size=3196052 partial_media_hash=null face_x=0
face_y=0 height=1920 trim_to=0 media_key_timestamp=1711705630000
message_url=https://mmg.whatsapp.net/v/t62.7161-
24/31335818_1155179179175432_4621193198977709811_n.enc?ccb=11-
4&oh=01_ASCXuaNm_0SX_o1FD1PrxL-
UIlsl3QkxNoZkQP0yqo2OUQ&oe=662DEAFC&_nc_sid=5e03e0&mms3=true media_caption=null
trim_from=0 mime_type=video/mp4 partial_media_enc_hash=null width=1080
original_file_hash=null has_streaming_sidecar=1 autotransfer_retry_enabled=1
media_upload_handle=null message_row_id=68 multicast_id=null
enc_file_hash=bQEsBIdzqw9KH90UIlRcimhTSw2YzQLSmjzpGYC5cpc= mute_video=0
page_count=0 first_scan_sidecar=null suspicious_content=0 file_length=3196052
media_name=null media_duration=1 chat_row_id=49 media_key=[B@fdab989
03-29 15:47:36.299 4494 4542 E SQLiteDatabase:
android.database.sqlite.SQLiteConstraintException: UNIQUE constraint failed:
message_media.message_row_id (code 1555 SQLITE_CONSTRAINT_PRIMARYKEY)
03-29 15:47:36.299 4494 4542 E SQLiteDatabase: at
android.database.sqlite.SQLiteConnection.nativeExecuteForLastInsertedRowId(Native
Method)
03-29 15:47:36.299 4494 4542 E SQLiteDatabase: at
android.database.sqlite.SQLiteConnection.executeForLastInsertedRowId(SQLiteConnecti
on.java:879)
03-29 15:47:36.299 4494 4542 E SQLiteDatabase: at
android.database.sqlite.SQLiteSession.executeForLastInsertedRowId(SQLiteSession.jav
a:790)
03-29 15:47:36.299 4494 4542 E SQLiteDatabase: at
android.database.sqlite.SQLiteStatement.executeInsert(SQLiteStatement.java:88)
03-29 15:47:36.299 4494 4542 E SQLiteDatabase: at
android.database.sqlite.SQLiteDatabase.insertWithOnConflict(SQLiteDatabase.java:159
9)
03-29 15:47:36.299 4494 4542 E SQLiteDatabase: at
android.database.sqlite.SQLiteDatabase.insert(SQLiteDatabase.java:1468)
03-29 15:47:36.299 4494 4542 E SQLiteDatabase: at X.2tm.A08(Unknown
Source:6)
03-29 15:47:36.299 4494 4542 E SQLiteDatabase: at X.35Y.A07(Unknown
Source:212)
03-29 15:47:36.299 4494 4542 E SQLiteDatabase: at X.3QF.A14(Unknown
Source:470)
03-29 15:47:36.299 4494 4542 E SQLiteDatabase: at X.3gU.run(Unknown
Source:982)
03-29 15:47:36.299 4494 4542 E SQLiteDatabase: at
android.os.Handler.handleCallback(Handler.java:883)
03-29 15:47:36.299 4494 4542 E SQLiteDatabase: at
android.os.Handler.dispatchMessage(Handler.java:100)
03-29 15:47:36.299 4494 4542 E SQLiteDatabase: at
X.0zq.dispatchMessage(Unknown Source:4)
03-29 15:47:36.299 4494 4542 E SQLiteDatabase: at
android.os.Looper.loop(Looper.java:224)
03-29 15:47:36.299 4494 4542 E SQLiteDatabase: at
android.os.HandlerThread.run(HandlerThread.java:67)
03-29 15:47:36.303 4494 4494 E ArmVmp : Match on catch block at 0xc3 in for 0xa1
03-29 15:47:36.307 4494 4494 E ArmVmp : Match on catch block at 0xc3 in for 0xa5
03-29 15:47:36.311 4494 4494 E ArmVmp : Match on catch block at 0xc3 in for 0xa5
03-29 15:47:36.351 4494 4494 E ArmVmp : Match on catch block at 0xc3 in for 0xa1
03-29 15:47:36.354 4494 4494 E ArmVmp : Match on catch block at 0xc3 in for 0xa5
03-29 15:47:36.357 4494 4494 E ArmVmp : Match on catch block at 0xc3 in for 0xa5
03-29 15:47:36.365 4494 4494 E ArmVmp : Match on catch block at 0xc3 in for 0xa5
03-29 15:47:36.369 4494 4494 E ArmVmp : Match on catch block at 0xc3 in for 0xa9
03-29 15:47:36.372 4494 4494 E ArmVmp : Match on catch block at 0xc3 in for 0xa9
03-29 15:47:36.453 4494 4494 E ArmVmp : Match on catch block at 0xc3 in for 0xa1
03-29 15:47:36.457 4494 4494 E ArmVmp : Match on catch block at 0xc3 in for 0xa5
03-29 15:47:36.460 4494 4494 E ArmVmp : Match on catch block at 0xc3 in for 0xa5
03-29 15:47:36.599 4494 4848 W BpBinder: Slow Binder: BpBinder transact took
208ms, interface=android.media.IMediaMetadataRetriever, code=5 oneway=false
03-29 15:47:36.640 4494 4494 E ArmVmp : Match on catch block at 0xc3 in for 0xa1
03-29 15:47:36.644 4494 4494 E ArmVmp : Match on catch block at 0xc3 in for 0xa5
03-29 15:47:36.646 4494 4494 E ArmVmp : Match on catch block at 0xc3 in for 0xa5
03-29 15:47:36.658 4494 4494 E ArmVmp : Match on catch block at 0xc3 in for 0xa9
03-29 15:47:36.662 4494 4494 E ArmVmp : Match on catch block at 0xc3 in for 0xa1
03-29 15:47:36.666 4494 4494 E ArmVmp : Match on catch block at 0xc3 in for 0xa1
03-29 15:47:36.970 4494 4494 E ArmVmp : Match on catch block at 0xc3 in for 0xa5
03-29 15:47:36.973 4494 4494 E ArmVmp : Match on catch block at 0xc3 in for 0xa9
03-29 15:47:36.975 4494 4494 E ArmVmp : Match on catch block at 0xc3 in for 0xa9
03-29 15:47:37.470 4494 4494 E ArmVmp : Match on catch block at 0xc3 in for 0xa1
03-29 15:47:37.475 4494 4494 E ArmVmp : Match on catch block at 0xc3 in for 0xa5
03-29 15:47:37.478 4494 4494 E ArmVmp : Match on catch block at 0xc3 in for 0xa5
03-29 15:47:37.970 4494 4494 E ArmVmp : Match on catch block at 0xc3 in for 0xa9
03-29 15:47:37.973 4494 4494 E ArmVmp : Match on catch block at 0xc3 in for 0xa1
03-29 15:47:37.975 4494 4494 E ArmVmp : Match on catch block at 0xc3 in for 0xa1
03-29 15:47:38.237 4494 4494 E ArmVmp : Match on catch block at 0xc3 in for 0xa5
03-29 15:47:38.241 4494 4494 E ArmVmp : Match on catch block at 0xc3 in for 0xa9
03-29 15:47:38.244 4494 4494 E ArmVmp : Match on catch block at 0xc3 in for 0xa9
03-29 15:47:38.255 4494 4494 E ArmVmp : Match on catch block at 0xc3 in for 0xa1
03-29 15:47:38.258 4494 4494 E ArmVmp : Match on catch block at 0xc3 in for 0xa5
03-29 15:47:38.261 4494 4494 E ArmVmp : Match on catch block at 0xc3 in for 0xa5
03-29 15:47:38.270 4494 4494 E ArmVmp : Match on catch block at 0xc3 in for 0xa9
03-29 15:47:38.273 4494 4494 E ArmVmp : Match on catch block at 0xc3 in for 0xa1
03-29 15:47:38.277 4494 4494 E ArmVmp : Match on catch block at 0xc3 in for 0xa1
03-29 15:47:38.286 4494 4494 E ArmVmp : Match on catch block at 0xc3 in for 0xa5
03-29 15:47:38.290 4494 4494 E ArmVmp : Match on catch block at 0xc3 in for 0xa9
03-29 15:47:38.292 4494 4494 E ArmVmp : Match on catch block at 0xc3 in for 0xa9
03-29 15:47:38.303 4494 4494 E ArmVmp : Match on catch block at 0xc3 in for 0xa1
03-29 15:47:38.307 4494 4494 E ArmVmp : Match on catch block at 0xc3 in for 0xa5
03-29 15:47:38.309 4494 4494 E ArmVmp : Match on catch block at 0xc3 in for 0xa5
03-29 15:47:38.319 4494 4494 E ArmVmp : Match on catch block at 0xc3 in for 0xa9
03-29 15:47:38.323 4494 4494 E ArmVmp : Match on catch block at 0xc3 in for 0xa1
03-29 15:47:38.325 4494 4494 E ArmVmp : Match on catch block at 0xc3 in for 0xa1
03-29 15:47:38.336 4494 4494 E ArmVmp : Match on catch block at 0xc3 in for 0xa5
03-29 15:47:38.339 4494 4494 E ArmVmp : Match on catch block at 0xc3 in for 0xa9
03-29 15:47:38.342 4494 4494 E ArmVmp : Match on catch block at 0xc3 in for 0xa9
03-29 15:47:38.353 4494 4494 E ArmVmp : Match on catch block at 0xc3 in for 0xa1
03-29 15:47:38.357 4494 4494 E ArmVmp : Match on catch block at 0xc3 in for 0xa5
03-29 15:47:38.360 4494 4494 E ArmVmp : Match on catch block at 0xc3 in for 0xa5
03-29 15:47:38.370 4494 4494 E ArmVmp : Match on catch block at 0xc3 in for 0xa9
03-29 15:47:38.373 4494 4494 E ArmVmp : Match on catch block at 0xc3 in for 0xa1
03-29 15:47:38.375 4494 4494 E ArmVmp : Match on catch block at 0xc3 in for 0xa1
03-29 15:47:38.386 4494 4494 E ArmVmp : Match on catch block at 0xc3 in for 0xa5
03-29 15:47:38.390 4494 4494 E ArmVmp : Match on catch block at 0xc3 in for 0xa9
03-29 15:47:38.392 4494 4494 E ArmVmp : Match on catch block at 0xc3 in for 0xa9
03-29 15:47:38.403 4494 4494 E ArmVmp : Match on catch block at 0xc3 in for 0xa1
03-29 15:47:38.406 4494 4494 E ArmVmp : Match on catch block at 0xc3 in for 0xa5
03-29 15:47:38.408 4494 4494 E ArmVmp : Match on catch block at 0xc3 in for 0xa5
03-29 15:47:38.420 4494 4494 E ArmVmp : Match on catch block at 0xc3 in for 0xa9
03-29 15:47:38.424 4494 4494 E ArmVmp : Match on catch block at 0xc3 in for 0xa1
03-29 15:47:38.426 4494 4494 E ArmVmp : Match on catch block at 0xc3 in for 0xa1
03-29 15:47:38.437 4494 4494 E ArmVmp : Match on catch block at 0xc3 in for 0xa5
03-29 15:47:38.441 4494 4494 E ArmVmp : Match on catch block at 0xc3 in for 0xa9
03-29 15:47:38.444 4494 4494 E ArmVmp : Match on catch block at 0xc3 in for 0xa9
03-29 15:47:38.453 4494 4494 E ArmVmp : Match on catch block at 0xc3 in for 0xa1
03-29 15:47:38.457 4494 4494 E ArmVmp : Match on catch block at 0xc3 in for 0xa5
03-29 15:47:38.460 4494 4494 E ArmVmp : Match on catch block at 0xc3 in for 0xa5
03-29 15:47:38.470 4494 4494 E ArmVmp : Match on catch block at 0xc3 in for 0xa9
03-29 15:47:38.472 4494 4494 E ArmVmp : Match on catch block at 0xc3 in for 0xa1
03-29 15:47:38.475 4494 4494 E ArmVmp : Match on catch block at 0xc3 in for 0xa1
03-29 15:47:38.488 4494 4494 E ArmVmp : Match on catch block at 0xc3 in for 0xa5
03-29 15:47:38.492 4494 4494 E ArmVmp : Match on catch block at 0xc3 in for 0xa9
03-29 15:47:38.494 4494 4494 E ArmVmp : Match on catch block at 0xc3 in for 0xa9
03-29 15:47:38.504 4494 4494 E ArmVmp : Match on catch block at 0xc3 in for 0xa1
03-29 15:47:38.507 4494 4494 E ArmVmp : Match on catch block at 0xc3 in for 0xa5
03-29 15:47:38.510 4494 4494 E ArmVmp : Match on catch block at 0xc3 in for 0xa5
03-29 15:47:38.970 4494 4494 E ArmVmp : Match on catch block at 0xc3 in for 0xa9
03-29 15:47:38.975 4494 4494 E ArmVmp : Match on catch block at 0xc3 in for 0xa1
03-29 15:47:38.980 4494 4494 E ArmVmp : Match on catch block at 0xc3 in for 0xa1
03-29 15:47:39.470 4494 4494 E ArmVmp : Match on catch block at 0xc3 in for 0xa5
03-29 15:47:39.473 4494 4494 E ArmVmp : Match on catch block at 0xc3 in for 0xa9
03-29 15:47:39.475 4494 4494 E ArmVmp : Match on catch block at 0xc3 in for 0xa9
03-29 15:47:39.972 4494 4494 E ArmVmp : Match on catch block at 0xc3 in for 0xa1
03-29 15:47:39.976 4494 4494 E ArmVmp : Match on catch block at 0xc3 in for 0xa5
03-29 15:47:39.978 4494 4494 E ArmVmp : Match on catch block at 0xc3 in for 0xa5
03-29 15:47:40.479 4494 4494 E ArmVmp : Match on catch block at 0xc3 in for 0xa9
03-29 15:47:40.482 4494 4494 E ArmVmp : Match on catch block at 0xc3 in for 0xa1
03-29 15:47:40.485 4494 4494 E ArmVmp : Match on catch block at 0xc3 in for 0xa1
03-29 15:47:40.987 4494 4494 E ArmVmp : Match on catch block at 0xc3 in for 0xa5
03-29 15:47:40.991 4494 4494 E ArmVmp : Match on catch block at 0xc3 in for 0xa9
03-29 15:47:40.993 4494 4494 E ArmVmp : Match on catch block at 0xc3 in for 0xa9
03-29 15:47:41.488 4494 4494 E ArmVmp : Match on catch block at 0xc3 in for 0xa1
03-29 15:47:41.492 4494 4494 E ArmVmp : Match on catch block at 0xc3 in for 0xa5
03-29 15:47:41.495 4494 4494 E ArmVmp : Match on catch block at 0xc3 in for 0xa5
03-29 15:47:41.989 4494 4494 E ArmVmp : Match on catch block at 0xc3 in for 0xa9
03-29 15:47:41.992 4494 4494 E ArmVmp : Match on catch block at 0xc3 in for 0xa1
03-29 15:47:41.995 4494 4494 E ArmVmp : Match on catch block at 0xc3 in for 0xa1
03-29 15:47:42.086 4494 4494 E ArmVmp : Match on catch block at 0xc3 in for 0xa9
03-29 15:47:42.089 4494 4494 E ArmVmp : Match on catch block at 0xc3 in for 0xa1
03-29 15:47:42.091 4494 4494 E ArmVmp : Match on catch block at 0xc3 in for 0xa1
03-29 15:47:42.101 4494 4494 E libc : Access denied finding property
"vendor.debug.bq.dump"
03-29 15:47:42.101 4494 4494 E libc : Access denied finding property
"vendor.debug.bq.dump"
03-29 15:47:42.100 4494 4494 W com.whatsapp: type=1400 audit(0.0:2853): avc:
denied { read } for name="u:object_r:debug_bq_dump_prop:s0" dev="tmpfs" ino=13052
scontext=u:r:untrusted_app:s0:c210,c256,c512,c768
tcontext=u:object_r:debug_bq_dump_prop:s0 tclass=file permissive=0
03-29 15:47:42.100 4494 4494 W com.whatsapp: type=1400 audit(0.0:2854): avc:
denied { read } for name="u:object_r:debug_bq_dump_prop:s0" dev="tmpfs" ino=13052
scontext=u:r:untrusted_app:s0:c210,c256,c512,c768
tcontext=u:object_r:debug_bq_dump_prop:s0 tclass=file permissive=0
03-29 15:47:42.102 4494 4813 E BufferQueueProducer: [unnamed-4494-0]
(this:0x6ec8269000,id:0,api:1,p:4494,c:4494) setMaxDequeuedBufferCount: 2 dequeued
buffers would exceed the maxBufferCount (2) (maxAcquired 1 async 0
mDequeuedBufferCannotBlock 0)
03-29 15:47:42.102 4494 4813 E Surface :
IGraphicBufferProducer::setBufferCount(3) returned Invalid argument
03-29 15:47:42.103 4494 4813 W Gralloc3: allocator 3.x is not supported
03-29 15:47:42.109 4494 4813 E ion : ioctl c0044901 failed with code -1:
Invalid argument
03-29 15:47:42.115 4494 4494 W ActivityThread: handleWindowVisibility: no
activity for token android.os.BinderProxy@1c934ef
03-29 15:47:42.268 4494 4494 E ArmVmp : Match on catch block at 0xc3 in for 0xa5
03-29 15:47:42.271 4494 4494 E ArmVmp : Match on catch block at 0xc3 in for 0xa9
03-29 15:47:42.273 4494 4494 E ArmVmp : Match on catch block at 0xc3 in for 0xa9
03-29 15:47:42.315 4494 4494 E libc : Access denied finding property
"vendor.debug.bq.dump"
03-29 15:47:42.315 4494 4494 E libc : Access denied finding property
"vendor.debug.bq.dump"
03-29 15:47:42.315 4494 4494 E libc : Access denied finding property
"vendor.debug.bq.dump"
03-29 15:47:42.372 4494 4494 E ArmVmp : Match on catch block at 0xc3 in for 0xa5
03-29 15:47:42.374 4494 4494 E ArmVmp : Match on catch block at 0xc3 in for 0xa9
03-29 15:47:42.377 4494 4494 E ArmVmp : Match on catch block at 0xc3 in for 0xa9
03-29 15:47:42.484 4494 4813 W RenderInspector: QueueBuffer time out on
com.whatsapp/com.whatsapp.mediaview.MediaViewActivity, count=1, avg=20 ms, max=20
ms.
03-29 15:47:42.638 4494 4494 W AudioManager: Use of stream types is deprecated
for operations other than volume control
03-29 15:47:42.638 4494 4494 W AudioManager: See the documentation of
requestAudioFocus() for what to use instead with android.media.AudioAttributes to
qualify your playback use case
03-29 15:47:42.679 4494 5048 W AudioCapabilities: Unsupported mime audio/x-adpcm-
ms
03-29 15:47:42.679 4494 5048 W AudioCapabilities: Unsupported mime audio/x-adpcm-
dvi-ima
03-29 15:47:42.679 4494 5048 W AudioCapabilities: Unsupported mime audio/alac
03-29 15:47:42.679 4494 5048 W AudioCapabilities: Unsupported mime audio/ape
03-29 15:47:42.681 4494 5048 W VideoCapabilities: Unsupported mime video/divx
03-29 15:47:42.682 4494 5048 W VideoCapabilities: Unsupported mime video/divx3
03-29 15:47:42.684 4494 5048 W VideoCapabilities: Unrecognized profile/level 1/32
for video/mp4v-es
03-29 15:47:42.684 4494 5048 W VideoCapabilities: Unrecognized profile/level
32768/2 for video/mp4v-es
03-29 15:47:42.684 4494 5048 W VideoCapabilities: Unrecognized profile/level
32768/64 for video/mp4v-es
03-29 15:47:42.686 4494 5048 W VideoCapabilities: Unsupported mime video/x-ms-wmv
03-29 15:47:42.686 4494 5048 W VideoCapabilities: Unsupported mime video/xvid
03-29 15:47:42.689 4494 5048 W VideoCapabilities: Unrecognized profile/level 1/32
for video/mp4v-es
03-29 15:47:42.725 4494 5056 E MtkACodec: setConfig(OMX_CONFIG_ROTATIONTYPE)
returned error 0xfffffc0e
03-29 15:47:42.725 4494 5056 E ACodec : [OMX.MTK.VIDEO.DECODER.AVC] failed to
setViLTEParameters 1
03-29 15:47:42.750 4494 5056 W ACodec : [OMX.MTK.VIDEO.DECODER.AVC] setting
nBufferCountActual to 6 failed: -22
03-29 15:47:42.783 4494 5056 W ACodec : [OMX.MTK.VIDEO.DECODER.AVC] setting
nBufferCountActual to 19 failed: -22
03-29 15:47:42.818 4494 5063 W Codec2Client: query -- param skipped: index =
1107298332.
03-29 15:47:42.818 4494 5063 W CCodec : This behavior is subject to change. It
is recommended that app developers double check whether the requested max input
size is in reasonable range.
03-29 15:47:42.826 4494 5063 W Codec2Client: query -- param skipped: index =
1342179345.
03-29 15:47:42.826 4494 5063 W Codec2Client: query -- param skipped: index =
2415921170.
03-29 15:47:42.826 4494 5063 W Codec2Client: query -- param skipped: index =
1610614798.
03-29 15:47:42.952 4494 4509 W System : A resource failed to call close.
03-29 15:47:43.025 4494 4494 E ArmVmp : Match on catch block at 0xc3 in for 0xa5
03-29 15:47:43.028 4494 4494 E ArmVmp : Match on catch block at 0xc3 in for 0xa9
03-29 15:47:43.030 4494 4494 E ArmVmp : Match on catch block at 0xc3 in for 0xa9
03-29 15:47:43.046 4494 4494 E ArmVmp : Match on catch block at 0xc3 in for 0xa1
03-29 15:47:43.050 4494 4494 E ArmVmp : Match on catch block at 0xc3 in for 0xa5
03-29 15:47:43.053 4494 4494 E ArmVmp : Match on catch block at 0xc3 in for 0xa5
03-29 15:47:43.120 4494 4494 W RenderThread: type=1400 audit(0.0:2869): avc:
denied { open } for path="/dev/ashmem" dev="tmpfs" ino=14383
scontext=u:r:untrusted_app:s0:c210,c256,c512,c768
tcontext=u:object_r:ashmem_device:s0 tclass=chr_file permissive=0
03-29 15:47:43.156 4494 4494 W RenderThread: type=1400 audit(0.0:2870): avc:
denied { open } for path="/dev/ashmem" dev="tmpfs" ino=14383
scontext=u:r:untrusted_app:s0:c210,c256,c512,c768
tcontext=u:object_r:ashmem_device:s0 tclass=chr_file permissive=0
03-29 15:47:43.188 4494 4494 W RenderThread: type=1400 audit(0.0:2871): avc:
denied { open } for path="/dev/ashmem" dev="tmpfs" ino=14383
scontext=u:r:untrusted_app:s0:c210,c256,c512,c768
tcontext=u:object_r:ashmem_device:s0 tclass=chr_file permissive=0
03-29 15:47:43.224 4494 4494 W RenderThread: type=1400 audit(0.0:2872): avc:
denied { open } for path="/dev/ashmem" dev="tmpfs" ino=14383
scontext=u:r:untrusted_app:s0:c210,c256,c512,c768
tcontext=u:object_r:ashmem_device:s0 tclass=chr_file permissive=0
03-29 15:47:43.256 4494 4494 W RenderThread: type=1400 audit(0.0:2873): avc:
denied { open } for path="/dev/ashmem" dev="tmpfs" ino=14383
scontext=u:r:untrusted_app:s0:c210,c256,c512,c768
tcontext=u:object_r:ashmem_device:s0 tclass=chr_file permissive=0
03-29 15:47:43.733 4494 5063 W Codec2Client: query -- param skipped: index =
1342179345.
03-29 15:47:43.733 4494 5063 W Codec2Client: query -- param skipped: index =
2415921170.
03-29 15:47:43.733 4494 5063 W Codec2Client: query -- param skipped: index =
1610614798.
03-29 15:47:43.810 4494 4494 E ArmVmp : Match on catch block at 0xc3 in for 0xa1
03-29 15:47:43.815 4494 4494 E ArmVmp : Match on catch block at 0xc3 in for 0xa5
03-29 15:47:43.818 4494 4494 E ArmVmp : Match on catch block at 0xc3 in for 0xa5
03-29 15:47:43.849 4494 4494 E ArmVmp : Match on catch block at 0xc3 in for 0xa9
03-29 15:47:43.853 4494 4494 E ArmVmp : Match on catch block at 0xc3 in for 0xa1
03-29 15:47:43.857 4494 4494 E ArmVmp : Match on catch block at 0xc3 in for 0xa1
03-29 15:47:45.391 4494 4494 E ArmVmp : Match on catch block at 0xc3 in for 0xa9
03-29 15:47:45.397 4494 4494 E ArmVmp : Match on catch block at 0xc3 in for 0xa1
03-29 15:47:45.400 4494 4494 E ArmVmp : Match on catch block at 0xc3 in for 0xa1
03-29 15:47:45.410 4494 4494 E ArmVmp : Match on catch block at 0xc3 in for 0xa5
03-29 15:47:45.415 4494 4494 E ArmVmp : Match on catch block at 0xc3 in for 0xa9
03-29 15:47:45.418 4494 4494 E ArmVmp : Match on catch block at 0xc3 in for 0xa9
03-29 15:47:45.445 4494 4494 E ArmVmp : Match on catch block at 0xc3 in for 0xa1
03-29 15:47:45.451 4494 4494 E ArmVmp : Match on catch block at 0xc3 in for 0xa5
03-29 15:47:45.455 4494 4494 E ArmVmp : Match on catch block at 0xc3 in for 0xa5
03-29 15:47:45.463 4494 4494 E ArmVmp : Match on catch block at 0xc3 in for 0xa9
03-29 15:47:45.468 4494 4494 E ArmVmp : Match on catch block at 0xc3 in for 0xa1
03-29 15:47:45.472 4494 4494 E ArmVmp : Match on catch block at 0xc3 in for 0xa1
03-29 15:47:45.499 4494 4494 E ArmVmp : Match on catch block at 0xc3 in for 0xa5
03-29 15:47:45.505 4494 4494 E ArmVmp : Match on catch block at 0xc3 in for 0xa9
03-29 15:47:45.509 4494 4494 E ArmVmp : Match on catch block at 0xc3 in for 0xa9
03-29 15:47:45.549 4494 4494 E ArmVmp : Match on catch block at 0xc3 in for 0xa1
03-29 15:47:45.554 4494 4494 E ArmVmp : Match on catch block at 0xc3 in for 0xa5
03-29 15:47:45.558 4494 4494 E ArmVmp : Match on catch block at 0xc3 in for 0xa5
03-29 15:47:45.599 4494 4494 E ArmVmp : Match on catch block at 0xc3 in for 0xa1
03-29 15:47:45.604 4494 4494 E ArmVmp : Match on catch block at 0xc3 in for 0xa5
03-29 15:47:45.608 4494 4494 E ArmVmp : Match on catch block at 0xc3 in for 0xa5
03-29 15:47:45.644 4494 4494 E ArmVmp : Match on catch block at 0xc3 in for 0xa9
03-29 15:47:45.650 4494 4494 E ArmVmp : Match on catch block at 0xc3 in for 0xa1
03-29 15:47:45.654 4494 4494 E ArmVmp : Match on catch block at 0xc3 in for 0xa1
03-29 15:47:45.895 4494 4494 E ArmVmp : Match on catch block at 0xc3 in for 0xa9
03-29 15:47:45.900 4494 4494 E ArmVmp : Match on catch block at 0xc3 in for 0xa1
03-29 15:47:45.904 4494 4494 E ArmVmp : Match on catch block at 0xc3 in for 0xa1
03-29 15:47:45.936 4494 4494 E ArmVmp : Match on catch block at 0xc3 in for 0xa5
03-29 15:47:45.941 4494 4494 E ArmVmp : Match on catch block at 0xc3 in for 0xa9
03-29 15:47:45.944 4494 4494 E ArmVmp : Match on catch block at 0xc3 in for 0xa9
03-29 15:47:45.972 4494 5063 W Codec2Client: query -- param skipped: index =
1342179345.
03-29 15:47:45.972 4494 5063 W Codec2Client: query -- param skipped: index =
2415921170.
03-29 15:47:45.972 4494 5063 W Codec2Client: query -- param skipped: index =
1610614798.
03-29 15:47:46.014 4494 4494 E ArmVmp : Match on catch block at 0xc3 in for 0xa5
03-29 15:47:46.018 4494 4494 E ArmVmp : Match on catch block at 0xc3 in for 0xa9
03-29 15:47:46.022 4494 4494 E ArmVmp : Match on catch block at 0xc3 in for 0xa9
03-29 15:47:46.040 4494 4494 E ArmVmp : Match on catch block at 0xc3 in for 0xa1
03-29 15:47:46.045 4494 4494 E ArmVmp : Match on catch block at 0xc3 in for 0xa5
03-29 15:47:46.049 4494 4494 E ArmVmp : Match on catch block at 0xc3 in for 0xa5
03-29 15:47:46.300 4494 4494 E ArmVmp : Match on catch block at 0xc3 in for 0xa5
03-29 15:47:46.306 4494 4494 E ArmVmp : Match on catch block at 0xc3 in for 0xa9
03-29 15:47:46.309 4494 4494 E ArmVmp : Match on catch block at 0xc3 in for 0xa9
03-29 15:47:46.319 4494 4494 E ArmVmp : Match on catch block at 0xc3 in for 0xa1
03-29 15:47:46.324 4494 4494 E ArmVmp : Match on catch block at 0xc3 in for 0xa5
03-29 15:47:46.328 4494 4494 E ArmVmp : Match on catch block at 0xc3 in for 0xa5
03-29 15:47:46.336 4494 4494 E ArmVmp : Match on catch block at 0xc3 in for 0xa9
03-29 15:47:46.341 4494 4494 E ArmVmp : Match on catch block at 0xc3 in for 0xa1
03-29 15:47:46.344 4494 4494 E ArmVmp : Match on catch block at 0xc3 in for 0xa1
03-29 15:47:46.353 4494 4494 E ArmVmp : Match on catch block at 0xc3 in for 0xa5
03-29 15:47:46.357 4494 4494 E ArmVmp : Match on catch block at 0xc3 in for 0xa9
03-29 15:47:46.361 4494 4494 E ArmVmp : Match on catch block at 0xc3 in for 0xa9
03-29 15:47:46.368 4494 4494 E ArmVmp : Match on catch block at 0xc3 in for 0xa1
03-29 15:47:46.372 4494 4494 E ArmVmp : Match on catch block at 0xc3 in for 0xa5
03-29 15:47:46.375 4494 4494 E ArmVmp : Match on catch block at 0xc3 in for 0xa5
03-29 15:47:46.381 4494 4494 E ArmVmp : Match on catch block at 0xc3 in for 0xa9
03-29 15:47:46.385 4494 4494 E ArmVmp : Match on catch block at 0xc3 in for 0xa1
03-29 15:47:46.389 4494 4494 E ArmVmp : Match on catch block at 0xc3 in for 0xa1
03-29 15:47:46.396 4494 4494 E ArmVmp : Match on catch block at 0xc3 in for 0xa5
03-29 15:47:46.401 4494 4494 E ArmVmp : Match on catch block at 0xc3 in for 0xa9
03-29 15:47:46.404 4494 4494 E ArmVmp : Match on catch block at 0xc3 in for 0xa9
03-29 15:47:46.412 4494 4494 E ArmVmp : Match on catch block at 0xc3 in for 0xa1
03-29 15:47:46.417 4494 4494 E ArmVmp : Match on catch block at 0xc3 in for 0xa5
03-29 15:47:46.420 4494 4494 E ArmVmp : Match on catch block at 0xc3 in for 0xa5
03-29 15:47:46.426 4494 4494 E ArmVmp : Match on catch block at 0xc3 in for 0xa9
03-29 15:47:46.432 4494 4494 E ArmVmp : Match on catch block at 0xc3 in for 0xa1
03-29 15:47:46.435 4494 4494 E ArmVmp : Match on catch block at 0xc3 in for 0xa1
03-29 15:47:46.442 4494 4494 E ArmVmp : Match on catch block at 0xc3 in for 0xa5
03-29 15:47:46.447 4494 4494 E ArmVmp : Match on catch block at 0xc3 in for 0xa9
03-29 15:47:46.451 4494 4494 E ArmVmp : Match on catch block at 0xc3 in for 0xa9
03-29 15:47:46.457 4494 4494 E ArmVmp : Match on catch block at 0xc3 in for 0xa1
03-29 15:47:46.461 4494 4494 E ArmVmp : Match on catch block at 0xc3 in for 0xa5
03-29 15:47:46.465 4494 4494 E ArmVmp : Match on catch block at 0xc3 in for 0xa5
03-29 15:47:46.474 4494 4494 E ArmVmp : Match on catch block at 0xc3 in for 0xa9
03-29 15:47:46.477 4494 4494 E ArmVmp : Match on catch block at 0xc3 in for 0xa1
03-29 15:47:46.480 4494 4494 E ArmVmp : Match on catch block at 0xc3 in for 0xa1
03-29 15:47:46.491 4494 4494 E ArmVmp : Match on catch block at 0xc3 in for 0xa5
03-29 15:47:46.495 4494 4494 E ArmVmp : Match on catch block at 0xc3 in for 0xa9
03-29 15:47:46.497 4494 4494 E ArmVmp : Match on catch block at 0xc3 in for 0xa9
03-29 15:47:46.508 4494 4494 E ArmVmp : Match on catch block at 0xc3 in for 0xa1
03-29 15:47:46.511 4494 4494 E ArmVmp : Match on catch block at 0xc3 in for 0xa5
03-29 15:47:46.515 4494 4494 E ArmVmp : Match on catch block at 0xc3 in for 0xa5
03-29 15:47:46.526 4494 4494 E ArmVmp : Match on catch block at 0xc3 in for 0xa9
03-29 15:47:46.531 4494 4494 E ArmVmp : Match on catch block at 0xc3 in for 0xa1
03-29 15:47:46.534 4494 4494 E ArmVmp : Match on catch block at 0xc3 in for 0xa1
03-29 15:47:46.540 4494 4494 E ArmVmp : Match on catch block at 0xc3 in for 0xa5
03-29 15:47:46.543 4494 4494 E ArmVmp : Match on catch block at 0xc3 in for 0xa9
03-29 15:47:46.546 4494 4494 E ArmVmp : Match on catch block at 0xc3 in for 0xa9
03-29 15:47:46.557 4494 4494 E ArmVmp : Match on catch block at 0xc3 in for 0xa1
03-29 15:47:46.560 4494 4494 E ArmVmp : Match on catch block at 0xc3 in for 0xa5
03-29 15:47:46.563 4494 4494 E ArmVmp : Match on catch block at 0xc3 in for 0xa5
03-29 15:47:46.574 4494 4494 E ArmVmp : Match on catch block at 0xc3 in for 0xa9
03-29 15:47:46.577 4494 4494 E ArmVmp : Match on catch block at 0xc3 in for 0xa1
03-29 15:47:46.580 4494 4494 E ArmVmp : Match on catch block at 0xc3 in for 0xa1
03-29 15:47:46.590 4494 4494 E ArmVmp : Match on catch block at 0xc3 in for 0xa5
03-29 15:47:46.593 4494 4494 E ArmVmp : Match on catch block at 0xc3 in for 0xa9
03-29 15:47:46.596 4494 4494 E ArmVmp : Match on catch block at 0xc3 in for 0xa9
03-29 15:47:46.608 4494 4494 E ArmVmp : Match on catch block at 0xc3 in for 0xa1
03-29 15:47:46.612 4494 4494 E ArmVmp : Match on catch block at 0xc3 in for 0xa5
03-29 15:47:46.615 4494 4494 E ArmVmp : Match on catch block at 0xc3 in for 0xa5
03-29 15:47:47.909 4494 4494 E ArmVmp : Match on catch block at 0xc3 in for 0xa9
03-29 15:47:47.914 4494 4494 E ArmVmp : Match on catch block at 0xc3 in for 0xa1
03-29 15:47:47.918 4494 4494 E ArmVmp : Match on catch block at 0xc3 in for 0xa1
03-29 15:47:47.928 4494 4494 E ArmVmp : Match on catch block at 0xc3 in for 0xa5
03-29 15:47:47.933 4494 4494 E ArmVmp : Match on catch block at 0xc3 in for 0xa9
03-29 15:47:47.937 4494 4494 E ArmVmp : Match on catch block at 0xc3 in for 0xa9
03-29 15:47:47.944 4494 4494 E ArmVmp : Match on catch block at 0xc3 in for 0xa1
03-29 15:47:47.949 4494 4494 E ArmVmp : Match on catch block at 0xc3 in for 0xa5
03-29 15:47:47.953 4494 4494 E ArmVmp : Match on catch block at 0xc3 in for 0xa5
03-29 15:47:47.961 4494 4494 E ArmVmp : Match on catch block at 0xc3 in for 0xa9
03-29 15:47:47.967 4494 4494 E ArmVmp : Match on catch block at 0xc3 in for 0xa1
03-29 15:47:47.971 4494 4494 E ArmVmp : Match on catch block at 0xc3 in for 0xa1
03-29 15:47:47.978 4494 4494 E ArmVmp : Match on catch block at 0xc3 in for 0xa5
03-29 15:47:47.983 4494 4494 E ArmVmp : Match on catch block at 0xc3 in for 0xa9
03-29 15:47:47.986 4494 4494 E ArmVmp : Match on catch block at 0xc3 in for 0xa9
03-29 15:47:47.993 4494 4494 E ArmVmp : Match on catch block at 0xc3 in for 0xa1
03-29 15:47:47.998 4494 4494 E ArmVmp : Match on catch block at 0xc3 in for 0xa5
03-29 15:47:48.001 4494 4494 E ArmVmp : Match on catch block at 0xc3 in for 0xa5
03-29 15:47:48.009 4494 4494 E ArmVmp : Match on catch block at 0xc3 in for 0xa9
03-29 15:47:48.015 4494 4494 E ArmVmp : Match on catch block at 0xc3 in for 0xa1
03-29 15:47:48.018 4494 4494 E ArmVmp : Match on catch block at 0xc3 in for 0xa1
03-29 15:47:48.024 4494 4494 E ArmVmp : Match on catch block at 0xc3 in for 0xa5
03-29 15:47:48.029 4494 4494 E ArmVmp : Match on catch block at 0xc3 in for 0xa9
03-29 15:47:48.032 4494 4494 E ArmVmp : Match on catch block at 0xc3 in for 0xa9
03-29 15:47:48.042 4494 4494 E ArmVmp : Match on catch block at 0xc3 in for 0xa1
03-29 15:47:48.047 4494 4494 E ArmVmp : Match on catch block at 0xc3 in for 0xa5
03-29 15:47:48.051 4494 4494 E ArmVmp : Match on catch block at 0xc3 in for 0xa5
03-29 15:47:48.059 4494 4494 E ArmVmp : Match on catch block at 0xc3 in for 0xa9
03-29 15:47:48.064 4494 4494 E ArmVmp : Match on catch block at 0xc3 in for 0xa1
03-29 15:47:48.068 4494 4494 E ArmVmp : Match on catch block at 0xc3 in for 0xa1
03-29 15:47:48.075 4494 4494 E ArmVmp : Match on catch block at 0xc3 in for 0xa5
03-29 15:47:48.080 4494 4494 E ArmVmp : Match on catch block at 0xc3 in for 0xa9
03-29 15:47:48.084 4494 4494 E ArmVmp : Match on catch block at 0xc3 in for 0xa9
03-29 15:47:48.092 4494 4494 E ArmVmp : Match on catch block at 0xc3 in for 0xa1
03-29 15:47:48.097 4494 4494 E ArmVmp : Match on catch block at 0xc3 in for 0xa5
03-29 15:47:48.100 4494 4494 E ArmVmp : Match on catch block at 0xc3 in for 0xa5
03-29 15:47:48.109 4494 4494 E ArmVmp : Match on catch block at 0xc3 in for 0xa9
03-29 15:47:48.113 4494 4494 E ArmVmp : Match on catch block at 0xc3 in for 0xa1
03-29 15:47:48.116 4494 4494 E ArmVmp : Match on catch block at 0xc3 in for 0xa1
03-29 15:47:48.124 4494 4494 E ArmVmp : Match on catch block at 0xc3 in for 0xa5
03-29 15:47:48.129 4494 4494 E ArmVmp : Match on catch block at 0xc3 in for 0xa9
03-29 15:47:48.132 4494 4494 E ArmVmp : Match on catch block at 0xc3 in for 0xa9
03-29 15:47:48.142 4494 4494 E ArmVmp : Match on catch block at 0xc3 in for 0xa1
03-29 15:47:48.146 4494 4494 E ArmVmp : Match on catch block at 0xc3 in for 0xa5
03-29 15:47:48.150 4494 4494 E ArmVmp : Match on catch block at 0xc3 in for 0xa5
03-29 15:47:48.158 4494 4494 E ArmVmp : Match on catch block at 0xc3 in for 0xa9
03-29 15:47:48.162 4494 4494 E ArmVmp : Match on catch block at 0xc3 in for 0xa1
03-29 15:47:48.165 4494 4494 E ArmVmp : Match on catch block at 0xc3 in for 0xa1
03-29 15:47:49.768 4494 4494 E ArmVmp : Match on catch block at 0xc3 in for 0xa1
03-29 15:47:49.775 4494 4494 E ArmVmp : Match on catch block at 0xc3 in for 0xa5
03-29 15:47:49.780 4494 4494 E ArmVmp : Match on catch block at 0xc3 in for 0xa5
03-29 15:47:49.808 4494 4494 E ArmVmp : Match on catch block at 0xc3 in for 0xa9
03-29 15:47:49.814 4494 4494 E ArmVmp : Match on catch block at 0xc3 in for 0xa1
03-29 15:47:49.818 4494 4494 E ArmVmp : Match on catch block at 0xc3 in for 0xa1
03-29 15:47:50.093 4494 4494 E ArmVmp : Match on catch block at 0xc3 in for 0xa9
03-29 15:47:50.099 4494 4494 E ArmVmp : Match on catch block at 0xc3 in for 0xa1
03-29 15:47:50.103 4494 4494 E ArmVmp : Match on catch block at 0xc3 in for 0xa1
03-29 15:47:50.140 4494 4494 E ArmVmp : Match on catch block at 0xc3 in for 0xa5
03-29 15:47:50.147 4494 4494 E ArmVmp : Match on catch block at 0xc3 in for 0xa9
03-29 15:47:50.151 4494 4494 E ArmVmp : Match on catch block at 0xc3 in for 0xa9
03-29 15:47:50.166 4494 5063 W Codec2Client: query -- param skipped: index =
1342179345.
03-29 15:47:50.166 4494 5063 W Codec2Client: query -- param skipped: index =
2415921170.
03-29 15:47:50.166 4494 5063 W Codec2Client: query -- param skipped: index =
1610614798.
03-29 15:47:50.232 4494 4494 E ArmVmp : Match on catch block at 0xc3 in for 0xa5
03-29 15:47:50.239 4494 4494 E ArmVmp : Match on catch block at 0xc3 in for 0xa9
03-29 15:47:50.243 4494 4494 E ArmVmp : Match on catch block at 0xc3 in for 0xa9
03-29 15:47:50.280 4494 4494 E ArmVmp : Match on catch block at 0xc3 in for 0xa1
03-29 15:47:50.286 4494 4494 E ArmVmp : Match on catch block at 0xc3 in for 0xa5
03-29 15:47:50.290 4494 4494 E ArmVmp : Match on catch block at 0xc3 in for 0xa5
03-29 15:47:51.834 4494 4494 E ArmVmp : Match on catch block at 0xc3 in for 0xa1
03-29 15:47:51.847 4494 4494 E ArmVmp : Match on catch block at 0xc3 in for 0xa5
03-29 15:47:51.857 4494 4494 E ArmVmp : Match on catch block at 0xc3 in for 0xa5
03-29 15:47:51.878 4494 4494 E ArmVmp : Match on catch block at 0xc3 in for 0xa9
03-29 15:47:51.892 4494 4494 E ArmVmp : Match on catch block at 0xc3 in for 0xa1
03-29 15:47:51.899 4494 4494 E ArmVmp : Match on catch block at 0xc3 in for 0xa1
03-29 15:47:51.911 4494 4494 E ArmVmp : Match on catch block at 0xc3 in for 0xa5
03-29 15:47:51.918 4494 4494 E ArmVmp : Match on catch block at 0xc3 in for 0xa9
03-29 15:47:51.921 4494 4494 E ArmVmp : Match on catch block at 0xc3 in for 0xa9
03-29 15:47:51.927 4494 4494 E ArmVmp : Match on catch block at 0xc3 in for 0xa1
03-29 15:47:51.931 4494 4494 E ArmVmp : Match on catch block at 0xc3 in for 0xa5
03-29 15:47:51.933 4494 4494 E ArmVmp : Match on catch block at 0xc3 in for 0xa5
03-29 15:47:51.943 4494 4494 E ArmVmp : Match on catch block at 0xc3 in for 0xa9
03-29 15:47:51.948 4494 4494 E ArmVmp : Match on catch block at 0xc3 in for 0xa1
03-29 15:47:51.952 4494 4494 E ArmVmp : Match on catch block at 0xc3 in for 0xa1
03-29 15:47:51.961 4494 4494 E ArmVmp : Match on catch block at 0xc3 in for 0xa5
03-29 15:47:51.966 4494 4494 E ArmVmp : Match on catch block at 0xc3 in for 0xa9
03-29 15:47:51.968 4494 4494 E ArmVmp : Match on catch block at 0xc3 in for 0xa9
03-29 15:47:51.976 4494 4494 E ArmVmp : Match on catch block at 0xc3 in for 0xa1
03-29 15:47:51.981 4494 4494 E ArmVmp : Match on catch block at 0xc3 in for 0xa5
03-29 15:47:51.984 4494 4494 E ArmVmp : Match on catch block at 0xc3 in for 0xa5
03-29 15:47:51.993 4494 4494 E ArmVmp : Match on catch block at 0xc3 in for 0xa9
03-29 15:47:51.997 4494 4494 E ArmVmp : Match on catch block at 0xc3 in for 0xa1
03-29 15:47:52.000 4494 4494 E ArmVmp : Match on catch block at 0xc3 in for 0xa1
03-29 15:47:52.010 4494 4494 E ArmVmp : Match on catch block at 0xc3 in for 0xa5
03-29 15:47:52.014 4494 4494 E ArmVmp : Match on catch block at 0xc3 in for 0xa9
03-29 15:47:52.017 4494 4494 E ArmVmp : Match on catch block at 0xc3 in for 0xa9
03-29 15:47:52.026 4494 4494 E ArmVmp : Match on catch block at 0xc3 in for 0xa1
03-29 15:47:52.030 4494 4494 E ArmVmp : Match on catch block at 0xc3 in for 0xa5
03-29 15:47:52.033 4494 4494 E ArmVmp : Match on catch block at 0xc3 in for 0xa5
03-29 15:47:52.043 4494 4494 E ArmVmp : Match on catch block at 0xc3 in for 0xa9
03-29 15:47:52.047 4494 4494 E ArmVmp : Match on catch block at 0xc3 in for 0xa1
03-29 15:47:52.050 4494 4494 E ArmVmp : Match on catch block at 0xc3 in for 0xa1
03-29 15:47:52.060 4494 4494 E ArmVmp : Match on catch block at 0xc3 in for 0xa5
03-29 15:47:52.064 4494 4494 E ArmVmp : Match on catch block at 0xc3 in for 0xa9
03-29 15:47:52.068 4494 4494 E ArmVmp : Match on catch block at 0xc3 in for 0xa9
03-29 15:47:52.076 4494 4494 E ArmVmp : Match on catch block at 0xc3 in for 0xa1
03-29 15:47:52.080 4494 4494 E ArmVmp : Match on catch block at 0xc3 in for 0xa5
03-29 15:47:52.083 4494 4494 E ArmVmp : Match on catch block at 0xc3 in for 0xa5
03-29 15:48:50.277 4494 4813 W RefBase : CallStack::getCurrentInternal not
linked, returning null
03-29 15:48:50.277 4494 4813 W RefBase : CallStack::logStackInternal not linked
03-29 15:48:50.279 4494 4813 W RefBase : CallStack::getCurrentInternal not
linked, returning null
03-29 15:48:50.279 4494 4813 W RefBase : CallStack::logStackInternal not linked
03-29 15:48:50.286 4494 4813 W RefBase : CallStack::getCurrentInternal not
linked, returning null
03-29 15:48:50.287 4494 4813 W RefBase : CallStack::logStackInternal not linked
03-29 15:48:50.289 4494 4813 W RefBase : CallStack::getCurrentInternal not
linked, returning null
03-29 15:48:50.290 4494 4813 W RefBase : CallStack::logStackInternal not linked
03-29 15:48:50.292 4494 4813 W RefBase : CallStack::getCurrentInternal not
linked, returning null
03-29 15:48:50.299 4494 4813 W RefBase : CallStack::logStackInternal not linked
03-29 15:48:50.301 4494 4813 W RefBase : CallStack::getCurrentInternal not
linked, returning null
03-29 15:48:50.301 4494 4813 W RefBase : CallStack::logStackInternal not linked
03-29 15:48:50.303 4494 4813 W RefBase : CallStack::getCurrentInternal not
linked, returning null
03-29 15:48:50.303 4494 4813 W RefBase : CallStack::logStackInternal not linked
03-29 15:48:50.313 4494 4813 W RefBase : CallStack::getCurrentInternal not
linked, returning null
03-29 15:48:50.313 4494 4813 W RefBase : CallStack::logStackInternal not linked
03-29 15:48:50.316 4494 4813 W RefBase : CallStack::getCurrentInternal not
linked, returning null
03-29 15:48:50.316 4494 4813 W RefBase : CallStack::logStackInternal not linked
03-29 15:48:50.319 4494 4813 W RefBase : CallStack::getCurrentInternal not
linked, returning null
03-29 15:48:50.319 4494 4813 W RefBase : CallStack::logStackInternal not linked
03-29 15:48:50.322 4494 4813 W RefBase : CallStack::getCurrentInternal not
linked, returning null
03-29 15:48:50.322 4494 4813 W RefBase : CallStack::logStackInternal not linked
03-29 15:48:50.323 4494 4813 W RefBase : CallStack::getCurrentInternal not
linked, returning null
03-29 15:48:50.323 4494 4813 W RefBase : CallStack::logStackInternal not linked
03-29 15:48:50.323 4494 4813 W RefBase : CallStack::getCurrentInternal not
linked, returning null
03-29 15:48:50.323 4494 4813 W RefBase : CallStack::logStackInternal not linked
03-29 15:48:50.324 4494 4813 W RefBase : CallStack::getCurrentInternal not
linked, returning null
03-29 15:48:50.324 4494 4813 W RefBase : CallStack::logStackInternal not linked
03-29 15:48:50.325 4494 4813 W RefBase : CallStack::getCurrentInternal not
linked, returning null
03-29 15:48:50.325 4494 4813 W RefBase : CallStack::logStackInternal not linked
03-29 15:48:50.327 4494 4813 W RefBase : CallStack::getCurrentInternal not
linked, returning null
03-29 15:48:50.327 4494 4813 W RefBase : CallStack::logStackInternal not linked
03-29 15:48:50.410 4494 5063 W Codec2Client: query -- param skipped: index =
1342179345.
03-29 15:48:50.410 4494 5063 W Codec2Client: query -- param skipped: index =
2415921170.
03-29 15:48:50.411 4494 5063 W Codec2Client: query -- param skipped: index =
1610614798.
03-29 15:48:50.525 4494 4494 W Activity: Slow Operation: Activity
com.whatsapp/.mediaview.MediaViewActivity onStop took 191ms
03-29 15:48:50.622 4494 4494 E ArmVmp : Match on catch block at 0xc3 in for 0xa9
03-29 15:48:50.630 4494 4494 E ArmVmp : Match on catch block at 0xc3 in for 0xa1
03-29 15:48:50.636 4494 4494 E ArmVmp : Match on catch block at 0xc3 in for 0xa1
03-29 15:49:02.620 4494 4494 E ArmVmp : Match on catch block at 0x0a in for 0xc5
03-29 15:49:02.624 4494 4569 W System : ClassLoader referenced unknown path:
system/framework/mediatek-cta.jar
03-29 15:49:02.626 4494 4494 E ArmVmp : Match on catch block at 0x0a in for 0xc1
03-29 15:49:02.695 4494 4494 E ArmVmp : Match on catch block at 0xc3 in for 0xa9
03-29 15:49:02.698 4494 4494 E ArmVmp : Match on catch block at 0xc3 in for 0xa1
03-29 15:49:02.785 4494 4494 E ArmVmp : Match on catch block at 0xc3 in for 0xa1
03-29 15:49:02.789 4494 4494 E ArmVmp : Match on catch block at 0xc3 in for 0xa5
03-29 15:49:02.815 4494 4494 E ArmVmp : Match on catch block at 0xc3 in for 0xa1
03-29 15:49:02.819 4494 4494 E ArmVmp : Match on catch block at 0xc3 in for 0xa5
03-29 15:49:03.314 4494 4494 E ArmVmp : Match on catch block at 0xc3 in for 0xa1
03-29 15:49:03.319 4494 4494 E ArmVmp : Match on catch block at 0xc3 in for 0xa5
03-29 15:49:03.447 4494 4494 E ArmVmp : Match on catch block at 0xc3 in for 0xa1
03-29 15:49:03.451 4494 4494 E ArmVmp : Match on catch block at 0xc3 in for 0xa5
03-29 15:49:03.465 4494 4494 E ArmVmp : Match on catch block at 0xc3 in for 0xa1
03-29 15:49:03.469 4494 4494 E ArmVmp : Match on catch block at 0xc3 in for 0xa5
03-29 15:49:03.480 4494 4494 E ArmVmp : Match on catch block at 0xc3 in for 0xa1
03-29 15:49:03.484 4494 4494 E ArmVmp : Match on catch block at 0xc3 in for 0xa5
03-29 15:49:03.498 4494 4494 E ArmVmp : Match on catch block at 0xc3 in for 0xa1
03-29 15:49:03.501 4494 4494 E ArmVmp : Match on catch block at 0xc3 in for 0xa5
03-29 15:49:03.516 4494 4494 E ArmVmp : Match on catch block at 0xc3 in for 0xa1
03-29 15:49:03.521 4494 4494 E ArmVmp : Match on catch block at 0xc3 in for 0xa5
03-29 15:49:03.532 4494 4494 E ArmVmp : Match on catch block at 0xc3 in for 0xa1
03-29 15:49:03.535 4494 4494 E ArmVmp : Match on catch block at 0xc3 in for 0xa5
03-29 15:49:03.549 4494 4494 E ArmVmp : Match on catch block at 0xc3 in for 0xa1
03-29 15:49:03.554 4494 4494 E ArmVmp : Match on catch block at 0xc3 in for 0xa5
03-29 15:49:03.565 4494 4494 E ArmVmp : Match on catch block at 0xc3 in for 0xa1
03-29 15:49:03.569 4494 4494 E ArmVmp : Match on catch block at 0xc3 in for 0xa5
03-29 15:49:03.581 4494 4494 E ArmVmp : Match on catch block at 0xc3 in for 0xa1
03-29 15:49:03.584 4494 4494 E ArmVmp : Match on catch block at 0xc3 in for 0xa5
03-29 15:49:03.598 4494 4494 E ArmVmp : Match on catch block at 0xc3 in for 0xa1
03-29 15:49:03.601 4494 4494 E ArmVmp : Match on catch block at 0xc3 in for 0xa5
03-29 15:49:03.616 4494 4494 E ArmVmp : Match on catch block at 0xc3 in for 0xa1
03-29 15:49:03.621 4494 4494 E ArmVmp : Match on catch block at 0xc3 in for 0xa5
03-29 15:49:03.631 4494 4494 E ArmVmp : Match on catch block at 0xc3 in for 0xa1
03-29 15:49:03.634 4494 4494 E ArmVmp : Match on catch block at 0xc3 in for 0xa5
03-29 15:49:03.648 4494 4494 E ArmVmp : Match on catch block at 0xc3 in for 0xa1
03-29 15:49:03.651 4494 4494 E ArmVmp : Match on catch block at 0xc3 in for 0xa5
03-29 15:49:03.663 4494 4494 E ArmVmp : Match on catch block at 0xc3 in for 0xa1
03-29 15:49:03.666 4494 4494 E ArmVmp : Match on catch block at 0xc3 in for 0xa5
03-29 15:49:03.680 4494 4494 E ArmVmp : Match on catch block at 0xc3 in for 0xa1
03-29 15:49:03.683 4494 4494 E ArmVmp : Match on catch block at 0xc3 in for 0xa5
03-29 15:49:03.697 4494 4494 E ArmVmp : Match on catch block at 0xc3 in for 0xa1
03-29 15:49:03.699 4494 4494 E ArmVmp : Match on catch block at 0xc3 in for 0xa5
03-29 15:49:03.714 4494 4494 E ArmVmp : Match on catch block at 0xc3 in for 0xa1
03-29 15:49:03.717 4494 4494 E ArmVmp : Match on catch block at 0xc3 in for 0xa5
03-29 15:49:03.740 4494 4494 E ArmVmp : Match on catch block at 0xc3 in for 0xa1
03-29 15:49:03.743 4494 4494 E ArmVmp : Match on catch block at 0xc3 in for 0xa5
03-29 15:49:03.777 4494 4494 E ArmVmp : Match on catch block at 0xc3 in for 0xa9
03-29 15:49:03.780 4494 4494 E ArmVmp : Match on catch block at 0xc3 in for 0xa1
03-29 15:49:03.799 4494 4494 E ArmVmp : Match on catch block at 0xc3 in for 0xa9
03-29 15:49:03.802 4494 4494 E ArmVmp : Match on catch block at 0xc3 in for 0xa1
03-29 15:49:04.134 4494 4494 E ArmVmp : Match on catch block at 0xc3 in for 0xa9
03-29 15:49:04.139 4494 4494 E ArmVmp : Match on catch block at 0xc3 in for 0xa1
03-29 15:49:04.154 4494 4494 E ArmVmp : Match on catch block at 0xc3 in for 0xa9
03-29 15:49:04.157 4494 4494 E ArmVmp : Match on catch block at 0xc3 in for 0xa1
03-29 15:49:04.190 5369 5369 E :error_activit: Not starting debugger since
process cannot load the jdwp agent.
03-29 15:49:04.214 4494 4494 E ArmVmp : Match on catch block at 0xc3 in for 0xa9
03-29 15:49:04.217 4494 4494 E ArmVmp : Match on catch block at 0xc3 in for 0xa1
03-29 15:49:04.252 5369 5369 W ResourceType: CREATING STRING CACHE OF 192 bytes
03-29 15:49:04.274 5369 5369 W System.err: java.lang.ClassNotFoundException:
mbmodsd.mbmodsw.ui.views.btn.BtnBK
03-29 15:49:04.274 5369 5369 W System.err: at
java.lang.Runtime.nativeLoad(Native Method)
03-29 15:49:04.274 5369 5369 W System.err: at
java.lang.Runtime.nativeLoad(Runtime.java:1115)
03-29 15:49:04.274 5369 5369 W System.err: at
java.lang.Runtime.loadLibrary0(Runtime.java:1069)
03-29 15:49:04.274 5369 5369 W System.err: at
java.lang.Runtime.loadLibrary0(Runtime.java:1007)
03-29 15:49:04.274 5369 5369 W System.err: at
java.lang.System.loadLibrary(System.java:1667)
03-29 15:49:04.274 5369 5369 W System.err: at arm.EpicVm.<clinit>(Unknown
Source:2)
03-29 15:49:04.274 5369 5369 W System.err: at
java.lang.Class.newInstance(Native Method)
03-29 15:49:04.274 5369 5369 W System.err: at
android.app.AppComponentFactory.instantiateApplication(AppComponentFactory.java:76)
03-29 15:49:04.274 5369 5369 W System.err: at
androidx.core.app.CoreComponentFactory.instantiateApplication(Unknown Source:0)
03-29 15:49:04.274 5369 5369 W System.err: at
android.app.Instrumentation.newApplication(Instrumentation.java:1155)
03-29 15:49:04.274 5369 5369 W System.err: at
android.app.LoadedApk.makeApplication(LoadedApk.java:1222)
03-29 15:49:04.274 5369 5369 W System.err: at
android.app.ActivityThread.handleBindApplication(ActivityThread.java:6572)
03-29 15:49:04.274 5369 5369 W System.err: at
android.app.ActivityThread.access$1500(ActivityThread.java:233)
03-29 15:49:04.274 5369 5369 W System.err: at
android.app.ActivityThread$H.handleMessage(ActivityThread.java:1914)
03-29 15:49:04.274 5369 5369 W System.err: at
android.os.Handler.dispatchMessage(Handler.java:107)
03-29 15:49:04.274 5369 5369 W System.err: at
android.os.Looper.loop(Looper.java:224)
03-29 15:49:04.274 5369 5369 W System.err: at
android.app.ActivityThread.main(ActivityThread.java:7561)
03-29 15:49:04.274 5369 5369 W System.err: at
java.lang.reflect.Method.invoke(Native Method)
03-29 15:49:04.274 5369 5369 W System.err: at
com.android.internal.os.RuntimeInit$MethodAndArgsCaller.run(RuntimeInit.java:539)
03-29 15:49:04.274 5369 5369 W System.err: at
com.android.internal.os.ZygoteInit.main(ZygoteInit.java:995)
03-29 15:49:04.317 5369 5369 E libc : Access denied finding property
"ro.vendor.df.effect.conflict"
03-29 15:49:04.316 5369 5369 W :error_activity: type=1400 audit(0.0:2889): avc:
denied { read } for name="u:object_r:vendor_default_prop:s0" dev="tmpfs" ino=15394
scontext=u:r:untrusted_app:s0:c210,c256,c512,c768
tcontext=u:object_r:vendor_default_prop:s0 tclass=file permissive=0
--------- beginning of main
03-29 15:49:04.442 5369 5369 W linker : Warning:
"/data/data/com.whatsapp/files/decompressed/libs.spk.zst/libc++_shared.so" unused
DT entry: unknown processor-specific (type 0x70000001 arg 0x0) (ignoring)
03-29 15:49:04.440 5369 5369 W :error_activity: type=1400 audit(0.0:2890): avc:
granted { execute } for
path="/data/data/com.whatsapp/files/decompressed/libs.spk.zst/libc++_shared.so"
dev="mmcblk0p46" ino=877980 scontext=u:r:untrusted_app:s0:c210,c256,c512,c768
tcontext=u:object_r:app_data_file:s0:c210,c256,c512,c768 tclass=file
03-29 15:49:04.442 5369 5369 W linker : Warning:
"/data/data/com.whatsapp/files/decompressed/libs.spk.zst/libc++_shared.so" unused
DT entry: unknown processor-specific (type 0x70000001 arg 0x0) (ignoring)
03-29 15:49:04.440 5369 5369 W :error_activity: type=1400 audit(0.0:2890): avc:
granted { execute } for
path="/data/data/com.whatsapp/files/decompressed/libs.spk.zst/libc++_shared.so"
dev="mmcblk0p46" ino=877980 scontext=u:r:untrusted_app:s0:c210,c256,c512,c768
tcontext=u:object_r:app_data_file:s0:c210,c256,c512,c768 tclass=file
03-29 15:49:04.444 5369 5369 W :error_activity: type=1400 audit(0.0:2891): avc:
granted { execute } for
path="/data/data/com.whatsapp/files/decompressed/libs.spk.zst/libvlc.so"
dev="mmcblk0p46" ino=877045 scontext=u:r:untrusted_app:s0:c210,c256,c512,c768
tcontext=u:object_r:app_data_file:s0:c210,c256,c512,c768 tclass=file
03-29 15:49:04.444 5369 5369 W :error_activity: type=1400 audit(0.0:2891): avc:
granted { execute } for
path="/data/data/com.whatsapp/files/decompressed/libs.spk.zst/libvlc.so"
dev="mmcblk0p46" ino=877045 scontext=u:r:untrusted_app:s0:c210,c256,c512,c768
tcontext=u:object_r:app_data_file:s0:c210,c256,c512,c768 tclass=file
