04-01 22:01:02.818 30985 30985 E ArmVmp : Match on catch block at 0xc3 in for 0xa5
04-01 22:01:02.820 30985 30985 E ArmVmp : Match on catch block at 0xc3 in for 0xa5
04-01 22:01:03.261 30985 30985 E ArmVmp : Match on catch block at 0xc3 in for 0xa9
04-01 22:01:03.265 30985 30985 E ArmVmp : Match on catch block at 0xc3 in for 0xa1
04-01 22:01:03.268 30985 30985 E ArmVmp : Match on catch block at 0xc3 in for 0xa1
04-01 22:01:03.761 30985 30985 E ArmVmp : Match on catch block at 0xc3 in for 0xa5
04-01 22:01:03.765 30985 30985 E ArmVmp : Match on catch block at 0xc3 in for 0xa9
04-01 22:01:03.768 30985 30985 E ArmVmp : Match on catch block at 0xc3 in for 0xa9
04-01 22:01:04.279 30985 30985 E ArmVmp : Match on catch block at 0xc3 in for 0xa1
04-01 22:01:04.283 30985 30985 E ArmVmp : Match on catch block at 0xc3 in for 0xa5
04-01 22:01:04.286 30985 30985 E ArmVmp : Match on catch block at 0xc3 in for 0xa5
04-01 22:01:04.395 30985 30985 E ArmVmp : Match on catch block at 0xc3 in for 0xa9
04-01 22:01:04.399 30985 30985 E ArmVmp : Match on catch block at 0xc3 in for 0xa1
04-01 22:01:04.402 30985 30985 E ArmVmp : Match on catch block at 0xc3 in for 0xa1
04-01 22:01:04.412 30985 30985 E ArmVmp : Match on catch block at 0xc3 in for 0xa5
04-01 22:01:04.417 30985 30985 E ArmVmp : Match on catch block at 0xc3 in for 0xa9
04-01 22:01:04.420 30985 30985 E ArmVmp : Match on catch block at 0xc3 in for 0xa9
04-01 22:01:04.430 30985 30985 E ArmVmp : Match on catch block at 0xc3 in for 0xa1
04-01 22:01:04.433 30985 30985 E ArmVmp : Match on catch block at 0xc3 in for 0xa5
04-01 22:01:04.436 30985 30985 E ArmVmp : Match on catch block at 0xc3 in for 0xa5
04-01 22:01:04.445 30985 30985 E ArmVmp : Match on catch block at 0xc3 in for 0xa9
04-01 22:01:04.449 30985 30985 E ArmVmp : Match on catch block at 0xc3 in for 0xa1
04-01 22:01:04.451 30985 30985 E ArmVmp : Match on catch block at 0xc3 in for 0xa1
04-01 22:01:04.463 30985 30985 E ArmVmp : Match on catch block at 0xc3 in for 0xa5
04-01 22:01:04.467 30985 30985 E ArmVmp : Match on catch block at 0xc3 in for 0xa9
04-01 22:01:04.469 30985 30985 E ArmVmp : Match on catch block at 0xc3 in for 0xa9
04-01 22:01:04.479 30985 30985 E ArmVmp : Match on catch block at 0xc3 in for 0xa1
04-01 22:01:04.483 30985 30985 E ArmVmp : Match on catch block at 0xc3 in for 0xa5
04-01 22:01:04.486 30985 30985 E ArmVmp : Match on catch block at 0xc3 in for 0xa5
04-01 22:01:04.496 30985 30985 E ArmVmp : Match on catch block at 0xc3 in for 0xa9
04-01 22:01:04.500 30985 30985 E ArmVmp : Match on catch block at 0xc3 in for 0xa1
04-01 22:01:04.504 30985 30985 E ArmVmp : Match on catch block at 0xc3 in for 0xa1
04-01 22:01:04.513 30985 30985 E ArmVmp : Match on catch block at 0xc3 in for 0xa5
04-01 22:01:04.518 30985 30985 E ArmVmp : Match on catch block at 0xc3 in for 0xa9
04-01 22:01:04.522 30985 30985 E ArmVmp : Match on catch block at 0xc3 in for 0xa9
04-01 22:01:04.530 30985 30985 E ArmVmp : Match on catch block at 0xc3 in for 0xa1
04-01 22:01:04.536 30985 30985 E ArmVmp : Match on catch block at 0xc3 in for 0xa5
04-01 22:01:04.540 30985 30985 E ArmVmp : Match on catch block at 0xc3 in for 0xa5
04-01 22:01:04.546 30985 30985 E ArmVmp : Match on catch block at 0xc3 in for 0xa9
04-01 22:01:04.551 30985 30985 E ArmVmp : Match on catch block at 0xc3 in for 0xa1
04-01 22:01:04.554 30985 30985 E ArmVmp : Match on catch block at 0xc3 in for 0xa1
04-01 22:01:04.563 30985 30985 E ArmVmp : Match on catch block at 0xc3 in for 0xa5
04-01 22:01:04.567 30985 30985 E ArmVmp : Match on catch block at 0xc3 in for 0xa9
04-01 22:01:04.570 30985 30985 E ArmVmp : Match on catch block at 0xc3 in for 0xa9
04-01 22:01:04.579 30985 30985 E ArmVmp : Match on catch block at 0xc3 in for 0xa1
04-01 22:01:04.585 30985 30985 E ArmVmp : Match on catch block at 0xc3 in for 0xa5
04-01 22:01:04.587 30985 30985 E ArmVmp : Match on catch block at 0xc3 in for 0xa5
04-01 22:01:04.596 30985 30985 E ArmVmp : Match on catch block at 0xc3 in for 0xa9
04-01 22:01:04.600 30985 30985 E ArmVmp : Match on catch block at 0xc3 in for 0xa1
04-01 22:01:04.603 30985 30985 E ArmVmp : Match on catch block at 0xc3 in for 0xa1
04-01 22:01:04.612 30985 30985 E ArmVmp : Match on catch block at 0xc3 in for 0xa5
04-01 22:01:04.617 30985 30985 E ArmVmp : Match on catch block at 0xc3 in for 0xa9
04-01 22:01:04.619 30985 30985 E ArmVmp : Match on catch block at 0xc3 in for 0xa9
04-01 22:01:04.629 30985 30985 E ArmVmp : Match on catch block at 0xc3 in for 0xa1
04-01 22:01:04.633 30985 30985 E ArmVmp : Match on catch block at 0xc3 in for 0xa5
04-01 22:01:04.636 30985 30985 E ArmVmp : Match on catch block at 0xc3 in for 0xa5
04-01 22:01:04.646 30985 30985 E ArmVmp : Match on catch block at 0xc3 in for 0xa9
04-01 22:01:04.649 30985 30985 E ArmVmp : Match on catch block at 0xc3 in for 0xa1
04-01 22:01:04.651 30985 30985 E ArmVmp : Match on catch block at 0xc3 in for 0xa1
04-01 22:01:04.662 30985 30985 E ArmVmp : Match on catch block at 0xc3 in for 0xa5
04-01 22:01:04.666 30985 30985 E ArmVmp : Match on catch block at 0xc3 in for 0xa9
04-01 22:01:04.668 30985 30985 E ArmVmp : Match on catch block at 0xc3 in for 0xa9
04-01 22:01:04.779 30985 30985 E ArmVmp : Match on catch block at 0xc3 in for 0xa1
04-01 22:01:04.782 30985 30985 E ArmVmp : Match on catch block at 0xc3 in for 0xa5
04-01 22:01:04.784 30985 30985 E ArmVmp : Match on catch block at 0xc3 in for 0xa5
04-01 22:01:05.280 30985 30985 E ArmVmp : Match on catch block at 0xc3 in for 0xa9
04-01 22:01:05.285 30985 30985 E ArmVmp : Match on catch block at 0xc3 in for 0xa1
04-01 22:01:05.287 30985 30985 E ArmVmp : Match on catch block at 0xc3 in for 0xa1
04-01 22:01:05.780 30985 30985 E ArmVmp : Match on catch block at 0xc3 in for 0xa5
04-01 22:01:05.784 30985 30985 E ArmVmp : Match on catch block at 0xc3 in for 0xa9
04-01 22:01:05.787 30985 30985 E ArmVmp : Match on catch block at 0xc3 in for 0xa9
04-01 22:01:06.280 30985 30985 E ArmVmp : Match on catch block at 0xc3 in for 0xa1
04-01 22:01:06.284 30985 30985 E ArmVmp : Match on catch block at 0xc3 in for 0xa5
04-01 22:01:06.288 30985 30985 E ArmVmp : Match on catch block at 0xc3 in for 0xa5
04-01 22:01:06.780 30985 30985 E ArmVmp : Match on catch block at 0xc3 in for 0xa9
04-01 22:01:06.784 30985 30985 E ArmVmp : Match on catch block at 0xc3 in for 0xa1
04-01 22:01:06.787 30985 30985 E ArmVmp : Match on catch block at 0xc3 in for 0xa1
04-01 22:01:07.280 30985 30985 E ArmVmp : Match on catch block at 0xc3 in for 0xa5
04-01 22:01:07.284 30985 30985 E ArmVmp : Match on catch block at 0xc3 in for 0xa9
04-01 22:01:07.287 30985 30985 E ArmVmp : Match on catch block at 0xc3 in for 0xa9
04-01 22:01:07.780 30985 30985 E ArmVmp : Match on catch block at 0xc3 in for 0xa1
04-01 22:01:07.784 30985 30985 E ArmVmp : Match on catch block at 0xc3 in for 0xa5
04-01 22:01:07.787 30985 30985 E ArmVmp : Match on catch block at 0xc3 in for 0xa5
04-01 22:01:08.281 30985 30985 E ArmVmp : Match on catch block at 0xc3 in for 0xa5
04-01 22:01:08.285 30985 30985 E ArmVmp : Match on catch block at 0xc3 in for 0xa9
04-01 22:01:08.289 30985 30985 E ArmVmp : Match on catch block at 0xc3 in for 0xa9
04-01 22:01:08.781 30985 30985 E ArmVmp : Match on catch block at 0xc3 in for 0xa1
04-01 22:01:08.784 30985 30985 E ArmVmp : Match on catch block at 0xc3 in for 0xa5
04-01 22:01:08.786 30985 30985 E ArmVmp : Match on catch block at 0xc3 in for 0xa5
04-01 22:01:09.281 30985 30985 E ArmVmp : Match on catch block at 0xc3 in for 0xa9
04-01 22:01:09.285 30985 30985 E ArmVmp : Match on catch block at 0xc3 in for 0xa1
04-01 22:01:09.288 30985 30985 E ArmVmp : Match on catch block at 0xc3 in for 0xa1
04-01 22:01:09.782 30985 30985 E ArmVmp : Match on catch block at 0xc3 in for 0xa5
04-01 22:01:09.786 30985 30985 E ArmVmp : Match on catch block at 0xc3 in for 0xa9
04-01 22:01:09.788 30985 30985 E ArmVmp : Match on catch block at 0xc3 in for 0xa9
04-01 22:01:10.283 30985 30985 E ArmVmp : Match on catch block at 0xc3 in for 0xa1
04-01 22:01:10.287 30985 30985 E ArmVmp : Match on catch block at 0xc3 in for 0xa5
04-01 22:01:10.289 30985 30985 E ArmVmp : Match on catch block at 0xc3 in for 0xa5
04-01 22:01:10.782 30985 30985 E ArmVmp : Match on catch block at 0xc3 in for 0xa9
04-01 22:01:10.786 30985 30985 E ArmVmp : Match on catch block at 0xc3 in for 0xa1
04-01 22:01:10.789 30985 30985 E ArmVmp : Match on catch block at 0xc3 in for 0xa1
04-01 22:01:11.282 30985 30985 E ArmVmp : Match on catch block at 0xc3 in for 0xa5
04-01 22:01:11.286 30985 30985 E ArmVmp : Match on catch block at 0xc3 in for 0xa9
04-01 22:01:11.289 30985 30985 E ArmVmp : Match on catch block at 0xc3 in for 0xa9
04-01 22:01:11.368 30985 30985 E ArmVmp : Match on catch block at 0xc3 in for 0xa1
04-01 22:01:11.371 30985 30985 E ArmVmp : Match on catch block at 0xc3 in for 0xa5
04-01 22:01:11.373 30985 30985 E ArmVmp : Match on catch block at 0xc3 in for 0xa5
04-01 22:01:11.399 30985 30985 E ArmVmp : Match on catch block at 0xc3 in for 0xa9
04-01 22:01:11.403 30985 30985 E ArmVmp : Match on catch block at 0xc3 in for 0xa1
04-01 22:01:11.405 30985 30985 E ArmVmp : Match on catch block at 0xc3 in for 0xa1
04-01 22:01:11.408 30985 30985 W ActivityThread: handleWindowVisibility: no
activity for token android.os.BinderProxy@8d4e2bd
04-01 22:01:11.428 30985 30985 W com.whatsapp: Class com.whatsapp.HomeActivity
failed lock verification and will run slower.
04-01 22:01:11.718 30985 30985 E ArmVmp : Match on catch block at 0x0a in for 0xc9
04-01 22:01:11.724 30985 31867 W System : ClassLoader referenced unknown path:
system/framework/mediatek-cta.jar
04-01 22:01:11.737 30985 30985 E ArmVmp : Match on catch block at 0x0a in for
0x135
04-01 22:01:11.800 30985 31050 W System : ClassLoader referenced unknown path:
system/framework/mediatek-cta.jar
04-01 22:01:11.836 30985 31050 W System : ClassLoader referenced unknown path:
system/framework/mediatek-cta.jar
04-01 22:01:11.926 30985 31873 W LOTTIE : Animation contains merge paths. Merge
paths are only supported on KitKat+ and must be manually enabled by calling
enableMergePathsForKitKatAndAbove().
04-01 22:01:11.938 30985 30985 W Looper : Slow Looper main: Activity
com.whatsapp/.HomeActivity is 544ms late (wall=0ms running=0ms
ClientTransaction{ callbacks=[android.app.servertransaction.TopResumedActivityChang
eItem] }) because of 4 msg, msg 4 took 530ms (seq=537 running=374ms runnable=7ms
io=65ms late=14ms h=android.app.ActivityThread$H w=159)
04-01 22:01:12.364 30985 30985 E RecyclerView: No adapter attached; skipping layout
04-01 22:01:12.423 30985 30985 E ArmVmp : Match on catch block at 0xc3 in for 0xa9
04-01 22:01:12.428 30985 30985 E ArmVmp : Match on catch block at 0xc3 in for 0xa1
04-01 22:01:12.436 30985 30985 W Looper : Slow Looper main: doFrame is 526ms late
because of 3 msg, msg 1 took 530ms (seq=537 running=374ms runnable=7ms io=65ms
late=14ms h=android.app.ActivityThread$H w=159)
04-01 22:01:12.443 30985 30985 W Looper : Slow Looper main: Activity
com.whatsapp/.HomeActivity is 694ms late (wall=2ms running=1ms
ClientTransaction{ callbacks=[android.app.servertransaction.TopResumedActivityChang
eItem] }) because of 13 msg, msg 1 took 530ms (seq=537 running=374ms runnable=7ms
io=65ms late=14ms h=android.app.ActivityThread$H w=159), msg 4 took 497ms (seq=540
running=361ms runnable=13ms io=33ms late=526ms
h=android.view.Choreographer$FrameHandler
c=android.view.Choreographer$FrameDisplayEventReceiver)
04-01 22:01:12.431 30985 30985 E ArmVmp : Match on catch block at 0xc3 in for 0xa1
04-01 22:01:12.467 30985 30985 W Looper : Slow Looper main: Activity
com.whatsapp/.HomeActivity is 696ms late (wall=24ms running=9ms
ClientTransaction{ lifecycleRequest=android.app.servertransaction.PauseActivityItem
}) because of 14 msg, msg 1 took 530ms (seq=537 running=374ms runnable=7ms io=65ms
late=14ms h=android.app.ActivityThread$H w=159), msg 4 took 497ms (seq=540
running=361ms runnable=13ms io=33ms late=526ms
h=android.view.Choreographer$FrameHandler
c=android.view.Choreographer$FrameDisplayEventReceiver)
04-01 22:01:12.472 30985 30985 W LOTTIE : Animation contains merge paths but they
are disabled.
04-01 22:01:12.569 30985 30985 E RecyclerView: No adapter attached; skipping layout
04-01 22:01:12.585 30985 30985 W Looper : Slow Looper main: doFrame is 526ms late
because of 38 msg, msg 1 took 497ms (seq=540 running=361ms runnable=13ms io=33ms
late=526ms h=android.view.Choreographer$FrameHandler
c=android.view.Choreographer$FrameDisplayEventReceiver)
04-01 22:01:12.613 30985 30985 E ArmVmp : Match on catch block at 0x0a in for 0xd1
04-01 22:01:12.624 30985 30985 W Looper : Slow Looper main: Activity
com.whatsapp/mbmodsd.mbmodsw.mbsettings.yo.PauseActivity is 358ms late (wall=15ms
running=8ms
ClientTransaction{ callbacks=[android.app.servertransaction.LaunchActivityItem]
lifecycleRequest=android.app.servertransaction.PauseActivityItem }) because of 128
msg, msg 1 took 497ms (seq=540 running=361ms runnable=13ms io=33ms late=526ms
h=android.view.Choreographer$FrameHandler
c=android.view.Choreographer$FrameDisplayEventReceiver), msg 39 took 112ms (seq=578
running=83ms runnable=2ms io=14ms late=526ms
h=android.view.Choreographer$FrameHandler
c=android.view.Choreographer$FrameDisplayEventReceiver)
04-01 22:01:13.055 30985 30985 E ArmVmp : Match on catch block at 0xc3 in for 0xa5
04-01 22:01:13.061 30985 30985 E ArmVmp : Match on catch block at 0xc3 in for 0xa9
04-01 22:01:13.088 30985 30985 E ArmVmp : Match on catch block at 0xc3 in for 0xa9
04-01 22:01:13.094 30985 30985 E ArmVmp : Match on catch block at 0xc3 in for 0xa1
04-01 22:01:13.096 30985 30985 E ArmVmp : Match on catch block at 0xc3 in for 0xa1
04-01 22:01:13.125 30985 30985 E ArmVmp : Match on catch block at 0xc3 in for 0xa1
04-01 22:01:13.133 30985 30985 E ArmVmp : Match on catch block at 0xc3 in for 0xa5
04-01 22:01:13.136 30985 30985 E ArmVmp : Match on catch block at 0xc3 in for 0xa5
04-01 22:01:13.149 30985 30985 E ArmVmp : Match on catch block at 0xc3 in for 0xa9
04-01 22:01:13.153 30985 30985 E ArmVmp : Match on catch block at 0xc3 in for 0xa1
04-01 22:01:13.156 30985 30985 E ArmVmp : Match on catch block at 0xc3 in for 0xa1
04-01 22:01:13.167 30985 30985 E ArmVmp : Match on catch block at 0xc3 in for 0xa5
04-01 22:01:13.171 30985 30985 E ArmVmp : Match on catch block at 0xc3 in for 0xa9
04-01 22:01:13.174 30985 30985 E ArmVmp : Match on catch block at 0xc3 in for 0xa9
04-01 22:01:13.183 30985 30985 E ArmVmp : Match on catch block at 0xc3 in for 0xa1
04-01 22:01:13.188 30985 30985 E ArmVmp : Match on catch block at 0xc3 in for 0xa5
04-01 22:01:13.190 30985 30985 E ArmVmp : Match on catch block at 0xc3 in for 0xa5
04-01 22:01:13.199 30985 30985 E ArmVmp : Match on catch block at 0xc3 in for 0xa9
04-01 22:01:13.205 30985 30985 E ArmVmp : Match on catch block at 0xc3 in for 0xa1
04-01 22:01:13.207 30985 30985 E ArmVmp : Match on catch block at 0xc3 in for 0xa1
04-01 22:01:13.217 30985 30985 E ArmVmp : Match on catch block at 0xc3 in for 0xa5
04-01 22:01:13.221 30985 30985 E ArmVmp : Match on catch block at 0xc3 in for 0xa9
04-01 22:01:13.223 30985 30985 E ArmVmp : Match on catch block at 0xc3 in for 0xa9
04-01 22:01:13.244 30985 30985 E ArmVmp : Match on catch block at 0xc3 in for 0xa1
04-01 22:01:13.248 30985 30985 E ArmVmp : Match on catch block at 0xc3 in for 0xa5
04-01 22:01:13.249 30985 30985 E ArmVmp : Match on catch block at 0xc3 in for 0xa5
04-01 22:01:13.273 30985 30985 E ArmVmp : Match on catch block at 0xc3 in for 0xa9
04-01 22:01:13.276 30985 30985 E ArmVmp : Match on catch block at 0xc3 in for 0xa1
04-01 22:01:13.278 30985 30985 E ArmVmp : Match on catch block at 0xc3 in for 0xa1
04-01 22:01:13.335 30985 30985 E ArmVmp : Match on catch block at 0xc3 in for 0xa5
04-01 22:01:13.339 30985 30985 E ArmVmp : Match on catch block at 0xc3 in for 0xa9
04-01 22:01:13.342 30985 30985 E ArmVmp : Match on catch block at 0xc3 in for 0xa9
04-01 22:01:14.061 30985 30985 W ActivityThread: handleWindowVisibility: no
activity for token android.os.BinderProxy@2677f44
04-01 22:01:14.250 30985 30985 E ArmVmp : Match on catch block at 0x0a in for 0xc5
04-01 22:01:14.252 30985 31050 W System : ClassLoader referenced unknown path:
system/framework/mediatek-cta.jar
04-01 22:01:14.252 30985 30985 E ArmVmp : Match on catch block at 0x0a in for 0xc1
04-01 22:01:14.405 30985 31050 W System : ClassLoader referenced unknown path:
system/framework/mediatek-cta.jar
04-01 22:01:14.498 30985 30985 E ArmVmp : Match on catch block at 0xc3 in for 0xb5
04-01 22:01:14.505 30985 30985 E ArmVmp : Match on catch block at 0xc3 in for 0xb5
04-01 22:01:14.545 30985 30985 E ArmVmp : Match on catch block at 0xc3 in for 0xa1
04-01 22:01:14.547 30985 30985 E ArmVmp : Match on catch block at 0xc3 in for 0xa5
04-01 22:01:14.552 30985 30985 E ArmVmp : Match on catch block at 0xc3 in for 0xa5
04-01 22:01:14.599 30985 30985 E ArmVmp : Match on catch block at 0xc3 in for 0xa5
04-01 22:01:14.603 30985 30985 E ArmVmp : Match on catch block at 0xc3 in for 0xa9
04-01 22:01:14.606 30985 30985 E ArmVmp : Match on catch block at 0xc3 in for 0xa9
04-01 22:01:14.650 30985 30985 E ArmVmp : Match on catch block at 0xc3 in for 0xa1
04-01 22:01:14.654 30985 30985 E ArmVmp : Match on catch block at 0xc3 in for 0xa5
04-01 22:01:14.656 30985 30985 E ArmVmp : Match on catch block at 0xc3 in for 0xa5
04-01 22:01:15.086 30985 30985 E ArmVmp : Match on catch block at 0xc3 in for 0xa1
04-01 22:01:15.091 30985 30985 E ArmVmp : Match on catch block at 0xc3 in for 0xa5
04-01 22:01:15.094 30985 30985 E ArmVmp : Match on catch block at 0xc3 in for 0xa5
04-01 22:01:15.104 30985 30985 E ArmVmp : Match on catch block at 0xc3 in for 0xa9
04-01 22:01:15.109 30985 30985 E ArmVmp : Match on catch block at 0xc3 in for 0xa1
04-01 22:01:15.114 30985 30985 E ArmVmp : Match on catch block at 0xc3 in for 0xa1
04-01 22:01:15.152 30985 30985 E ArmVmp : Match on catch block at 0xc3 in for 0xa5
04-01 22:01:15.158 30985 30985 E ArmVmp : Match on catch block at 0xc3 in for 0xa9
04-01 22:01:15.162 30985 30985 E ArmVmp : Match on catch block at 0xc3 in for 0xa9
04-01 22:01:15.174 30985 30985 E ArmVmp : Match on catch block at 0xc3 in for 0xa1
04-01 22:01:15.181 30985 30985 E ArmVmp : Match on catch block at 0xc3 in for 0xa5
04-01 22:01:15.184 30985 30985 E ArmVmp : Match on catch block at 0xc3 in for 0xa5
04-01 22:01:15.202 30985 30985 E ArmVmp : Match on catch block at 0xc3 in for 0xa9
04-01 22:01:15.208 30985 30985 E ArmVmp : Match on catch block at 0xc3 in for 0xa1
04-01 22:01:15.212 30985 30985 E ArmVmp : Match on catch block at 0xc3 in for 0xa1
04-01 22:01:15.220 30985 30985 E ArmVmp : Match on catch block at 0xc3 in for 0xa5
04-01 22:01:15.226 30985 30985 E ArmVmp : Match on catch block at 0xc3 in for 0xa9
04-01 22:01:15.229 30985 30985 E ArmVmp : Match on catch block at 0xc3 in for 0xa9
04-01 22:01:15.236 30985 30985 E ArmVmp : Match on catch block at 0xc3 in for 0xa1
04-01 22:01:15.242 30985 30985 E ArmVmp : Match on catch block at 0xc3 in for 0xa5
04-01 22:01:15.246 30985 30985 E ArmVmp : Match on catch block at 0xc3 in for 0xa5
04-01 22:01:15.252 30985 30985 E ArmVmp : Match on catch block at 0xc3 in for 0xa9
04-01 22:01:15.258 30985 30985 E ArmVmp : Match on catch block at 0xc3 in for 0xa1
04-01 22:01:15.262 30985 30985 E ArmVmp : Match on catch block at 0xc3 in for 0xa1
04-01 22:01:15.269 30985 30985 E ArmVmp : Match on catch block at 0xc3 in for 0xa5
04-01 22:01:15.275 30985 30985 E ArmVmp : Match on catch block at 0xc3 in for 0xa9
04-01 22:01:15.279 30985 30985 E ArmVmp : Match on catch block at 0xc3 in for 0xa9
04-01 22:01:15.286 30985 30985 E ArmVmp : Match on catch block at 0xc3 in for 0xa1
04-01 22:01:15.291 30985 30985 E ArmVmp : Match on catch block at 0xc3 in for 0xa5
04-01 22:01:15.294 30985 30985 E ArmVmp : Match on catch block at 0xc3 in for 0xa5
04-01 22:01:15.300 30985 30985 E ArmVmp : Match on catch block at 0xc3 in for 0xa9
04-01 22:01:15.304 30985 30985 E ArmVmp : Match on catch block at 0xc3 in for 0xa1
04-01 22:01:15.308 30985 30985 E ArmVmp : Match on catch block at 0xc3 in for 0xa1
04-01 22:01:15.317 30985 30985 E ArmVmp : Match on catch block at 0xc3 in for 0xa5
04-01 22:01:15.321 30985 30985 E ArmVmp : Match on catch block at 0xc3 in for 0xa9
04-01 22:01:15.326 30985 30985 E ArmVmp : Match on catch block at 0xc3 in for 0xa9
04-01 22:01:15.334 30985 30985 E ArmVmp : Match on catch block at 0xc3 in for 0xa1
04-01 22:01:15.339 30985 30985 E ArmVmp : Match on catch block at 0xc3 in for 0xa5
04-01 22:01:15.343 30985 30985 E ArmVmp : Match on catch block at 0xc3 in for 0xa5
04-01 22:01:15.351 30985 30985 E ArmVmp : Match on catch block at 0xc3 in for 0xa9
04-01 22:01:15.355 30985 30985 E ArmVmp : Match on catch block at 0xc3 in for 0xa1
04-01 22:01:15.360 30985 30985 E ArmVmp : Match on catch block at 0xc3 in for 0xa1
04-01 22:01:15.367 30985 30985 E ArmVmp : Match on catch block at 0xc3 in for 0xa5
04-01 22:01:15.373 30985 30985 E ArmVmp : Match on catch block at 0xc3 in for 0xa9
04-01 22:01:15.376 30985 30985 E ArmVmp : Match on catch block at 0xc3 in for 0xa9
04-01 22:01:15.384 30985 30985 E ArmVmp : Match on catch block at 0xc3 in for 0xa1
04-01 22:01:15.389 30985 30985 E ArmVmp : Match on catch block at 0xc3 in for 0xa5
04-01 22:01:15.393 30985 30985 E ArmVmp : Match on catch block at 0xc3 in for 0xa5
04-01 22:01:15.586 30985 30985 E ArmVmp : Match on catch block at 0xc3 in for 0xa5
04-01 22:01:15.592 30985 30985 E ArmVmp : Match on catch block at 0xc3 in for 0xa9
04-01 22:01:15.594 30985 30985 E ArmVmp : Match on catch block at 0xc3 in for 0xa9
04-01 22:01:15.600 30985 30985 E ArmVmp : Match on catch block at 0xc3 in for 0xa1
04-01 22:01:15.606 30985 30985 E ArmVmp : Match on catch block at 0xc3 in for 0xa5
04-01 22:01:15.609 30985 30985 E ArmVmp : Match on catch block at 0xc3 in for 0xa5
04-01 22:01:15.617 30985 30985 E ArmVmp : Match on catch block at 0xc3 in for 0xa9
04-01 22:01:15.621 30985 30985 E ArmVmp : Match on catch block at 0xc3 in for 0xa1
04-01 22:01:15.625 30985 30985 E ArmVmp : Match on catch block at 0xc3 in for 0xa1
04-01 22:01:15.650 30985 30985 E ArmVmp : Match on catch block at 0xc3 in for 0xa9
04-01 22:01:15.654 30985 30985 E ArmVmp : Match on catch block at 0xc3 in for 0xa1
04-01 22:01:15.656 30985 30985 E ArmVmp : Match on catch block at 0xc3 in for 0xa1
04-01 22:01:15.739 30985 30985 E ArmVmp : Match on catch block at 0xc3 in for 0xa1
04-01 22:01:15.745 30985 30985 E ArmVmp : Match on catch block at 0xc3 in for 0xa5
04-01 22:01:15.747 30985 30985 E ArmVmp : Match on catch block at 0xc3 in for 0xa5
04-01 22:01:16.352 30985 30985 E ArmVmp : Match on catch block at 0xc3 in for 0xa9
04-01 22:01:16.355 30985 30985 E ArmVmp : Match on catch block at 0xc3 in for 0xa1
04-01 22:01:16.358 30985 30985 E ArmVmp : Match on catch block at 0xc3 in for 0xa1
04-01 22:01:16.446 30985 31686 W RenderInspector: DequeueBuffer time out on
com.whatsapp/com.whatsapp.HomeActivity, count=1, avg=19 ms, max=19 ms.
04-01 22:01:17.911 30985 30985 W ActivityThread: handleWindowVisibility: no
activity for token android.os.BinderProxy@9b20122
04-01 22:01:19.203 30985 30985 W ActivityThread: handleWindowVisibility: no
activity for token android.os.BinderProxy@fbbe9f1
04-01 22:01:19.243 30985 31686 W RenderInspector: DequeueBuffer time out on
com.whatsapp/com.whatsapp.conversationslist.ArchivedConversationsActivity, count=2,
avg=21 ms, max=25 ms.
04-01 22:01:19.376 30985 30985 E ArmVmp : Match on catch block at 0x0a in for 0xc5
04-01 22:01:19.380 30985 31050 W System : ClassLoader referenced unknown path:
system/framework/mediatek-cta.jar
04-01 22:01:19.381 30985 30985 E ArmVmp : Match on catch block at 0x0a in for 0xc1
04-01 22:01:19.527 30985 31050 W System : ClassLoader referenced unknown path:
system/framework/mediatek-cta.jar
04-01 22:01:19.649 30985 30985 E ArmVmp : Match on catch block at 0xc3 in for 0xb9
04-01 22:01:19.654 30985 30985 E ArmVmp : Match on catch block at 0xc3 in for 0xb9
04-01 22:01:19.706 30985 30985 E ArmVmp : Match on catch block at 0xc3 in for 0xa9
04-01 22:01:19.709 30985 30985 E ArmVmp : Match on catch block at 0xc3 in for 0xa1
04-01 22:01:19.711 30985 30985 E ArmVmp : Match on catch block at 0xc3 in for 0xa1
04-01 22:01:19.755 30985 30985 E ArmVmp : Match on catch block at 0xc3 in for 0xa9
04-01 22:01:19.759 30985 30985 E ArmVmp : Match on catch block at 0xc3 in for 0xa1
04-01 22:01:19.762 30985 30985 E ArmVmp : Match on catch block at 0xc3 in for 0xa1
04-01 22:01:19.806 30985 30985 E ArmVmp : Match on catch block at 0xc3 in for 0xa9
04-01 22:01:19.813 30985 30985 E ArmVmp : Match on catch block at 0xc3 in for 0xa1
04-01 22:01:19.815 30985 30985 E ArmVmp : Match on catch block at 0xc3 in for 0xa1
04-01 22:01:19.852 30985 30985 E ArmVmp : Match on catch block at 0xc3 in for 0xa1
04-01 22:01:19.855 30985 30985 E ArmVmp : Match on catch block at 0xc3 in for 0xa5
04-01 22:01:19.857 30985 30985 E ArmVmp : Match on catch block at 0xc3 in for 0xa5
04-01 22:01:19.888 30985 30985 E ArmVmp : Match on catch block at 0xc3 in for 0xa9
04-01 22:01:19.891 30985 30985 E ArmVmp : Match on catch block at 0xc3 in for 0xa1
04-01 22:01:19.895 30985 30985 E ArmVmp : Match on catch block at 0xc3 in for 0xa1
04-01 22:01:19.905 30985 30985 E ArmVmp : Match on catch block at 0xc3 in for 0xa5
04-01 22:01:19.909 30985 30985 E ArmVmp : Match on catch block at 0xc3 in for 0xa9
04-01 22:01:19.911 30985 30985 E ArmVmp : Match on catch block at 0xc3 in for 0xa9
04-01 22:01:19.928 30985 30985 E ArmVmp : Match on catch block at 0xc3 in for 0xa1
04-01 22:01:19.931 30985 30985 E ArmVmp : Match on catch block at 0xc3 in for 0xa5
04-01 22:01:19.933 30985 30985 E ArmVmp : Match on catch block at 0xc3 in for 0xa5
04-01 22:01:19.953 30985 30985 E ArmVmp : Match on catch block at 0xc3 in for 0xa9
04-01 22:01:19.956 30985 30985 E ArmVmp : Match on catch block at 0xc3 in for 0xa1
04-01 22:01:19.958 30985 30985 E ArmVmp : Match on catch block at 0xc3 in for 0xa1
04-01 22:01:19.970 30985 30985 E ArmVmp : Match on catch block at 0xc3 in for 0xa5
04-01 22:01:19.973 30985 30985 E ArmVmp : Match on catch block at 0xc3 in for 0xa9
04-01 22:01:19.975 30985 30985 E ArmVmp : Match on catch block at 0xc3 in for 0xa9
04-01 22:01:19.986 30985 30985 E ArmVmp : Match on catch block at 0xc3 in for 0xa1
04-01 22:01:19.989 30985 30985 E ArmVmp : Match on catch block at 0xc3 in for 0xa5
04-01 22:01:19.990 30985 30985 E ArmVmp : Match on catch block at 0xc3 in for 0xa5
04-01 22:01:20.011 30985 30985 E ArmVmp : Match on catch block at 0xc3 in for 0xa9
04-01 22:01:20.014 30985 30985 E ArmVmp : Match on catch block at 0xc3 in for 0xa1
04-01 22:01:20.016 30985 30985 E ArmVmp : Match on catch block at 0xc3 in for 0xa1
04-01 22:01:20.036 30985 30985 E ArmVmp : Match on catch block at 0xc3 in for 0xa5
04-01 22:01:20.039 30985 30985 E ArmVmp : Match on catch block at 0xc3 in for 0xa9
04-01 22:01:20.041 30985 30985 E ArmVmp : Match on catch block at 0xc3 in for 0xa9
04-01 22:01:20.064 30985 30985 E ArmVmp : Match on catch block at 0xc3 in for 0xa5
04-01 22:01:20.067 30985 30985 E ArmVmp : Match on catch block at 0xc3 in for 0xa9
04-01 22:01:20.069 30985 30985 E ArmVmp : Match on catch block at 0xc3 in for 0xa9
04-01 22:01:20.122 30985 31686 W RenderInspector: DequeueBuffer time out on
com.whatsapp/com.whatsapp.conversationslist.ArchivedConversationsActivity, count=3,
avg=17 ms, max=27 ms.
04-01 22:01:20.238 30985 30985 E ArmVmp : Match on catch block at 0xc3 in for 0xa5
04-01 22:01:20.245 30985 30985 E ArmVmp : Match on catch block at 0xc3 in for 0xa9
04-01 22:01:20.249 30985 30985 E ArmVmp : Match on catch block at 0xc3 in for 0xa9
04-01 22:01:20.279 30985 30985 E ArmVmp : Match on catch block at 0xc3 in for 0xa1
04-01 22:01:20.284 30985 30985 E ArmVmp : Match on catch block at 0xc3 in for 0xa5
04-01 22:01:20.287 30985 30985 E ArmVmp : Match on catch block at 0xc3 in for 0xa5
04-01 22:01:20.304 30985 30985 E ArmVmp : Match on catch block at 0xc3 in for 0xa9
04-01 22:01:20.309 30985 30985 E ArmVmp : Match on catch block at 0xc3 in for 0xa1
04-01 22:01:20.313 30985 30985 E ArmVmp : Match on catch block at 0xc3 in for 0xa1
04-01 22:01:20.323 30985 30985 E ArmVmp : Match on catch block at 0xc3 in for 0xa5
04-01 22:01:20.330 30985 30985 E ArmVmp : Match on catch block at 0xc3 in for 0xa9
04-01 22:01:20.334 30985 30985 E ArmVmp : Match on catch block at 0xc3 in for 0xa9
04-01 22:01:20.343 30985 31686 W RenderInspector: DequeueBuffer time out on
com.whatsapp/com.whatsapp.Conversation, count=5, avg=21 ms, max=22 ms.
04-01 22:01:20.355 30985 30985 E ArmVmp : Match on catch block at 0xc3 in for 0xa9
04-01 22:01:20.360 30985 30985 E ArmVmp : Match on catch block at 0xc3 in for 0xa1
04-01 22:01:20.364 30985 30985 E ArmVmp : Match on catch block at 0xc3 in for 0xa1
04-01 22:01:20.371 30985 30985 E ArmVmp : Match on catch block at 0xc3 in for 0xa5
04-01 22:01:20.377 30985 30985 E ArmVmp : Match on catch block at 0xc3 in for 0xa9
04-01 22:01:20.380 30985 30985 E ArmVmp : Match on catch block at 0xc3 in for 0xa9
04-01 22:01:20.387 30985 30985 E ArmVmp : Match on catch block at 0xc3 in for 0xa1
04-01 22:01:20.393 30985 30985 E ArmVmp : Match on catch block at 0xc3 in for 0xa5
04-01 22:01:20.397 30985 30985 E ArmVmp : Match on catch block at 0xc3 in for 0xa5
04-01 22:01:20.404 30985 30985 E ArmVmp : Match on catch block at 0xc3 in for 0xa9
04-01 22:01:20.410 30985 30985 E ArmVmp : Match on catch block at 0xc3 in for 0xa1
04-01 22:01:20.413 30985 30985 E ArmVmp : Match on catch block at 0xc3 in for 0xa1
04-01 22:01:20.420 30985 30985 E ArmVmp : Match on catch block at 0xc3 in for 0xa5
04-01 22:01:20.425 30985 30985 E ArmVmp : Match on catch block at 0xc3 in for 0xa9
04-01 22:01:20.429 30985 30985 E ArmVmp : Match on catch block at 0xc3 in for 0xa9
04-01 22:01:20.437 30985 30985 E ArmVmp : Match on catch block at 0xc3 in for 0xa1
04-01 22:01:20.442 30985 30985 E ArmVmp : Match on catch block at 0xc3 in for 0xa5
04-01 22:01:20.447 30985 30985 E ArmVmp : Match on catch block at 0xc3 in for 0xa5
04-01 22:01:20.454 30985 30985 E ArmVmp : Match on catch block at 0xc3 in for 0xa9
04-01 22:01:20.461 30985 30985 E ArmVmp : Match on catch block at 0xc3 in for 0xa1
04-01 22:01:20.464 30985 30985 E ArmVmp : Match on catch block at 0xc3 in for 0xa1
04-01 22:01:20.470 30985 30985 E ArmVmp : Match on catch block at 0xc3 in for 0xa5
04-01 22:01:20.475 30985 30985 E ArmVmp : Match on catch block at 0xc3 in for 0xa9
04-01 22:01:20.479 30985 30985 E ArmVmp : Match on catch block at 0xc3 in for 0xa9
04-01 22:01:20.487 30985 30985 E ArmVmp : Match on catch block at 0xc3 in for 0xa1
04-01 22:01:20.491 30985 30985 E ArmVmp : Match on catch block at 0xc3 in for 0xa5
04-01 22:01:20.496 30985 30985 E ArmVmp : Match on catch block at 0xc3 in for 0xa5
04-01 22:01:20.504 30985 30985 E ArmVmp : Match on catch block at 0xc3 in for 0xa9
04-01 22:01:20.509 30985 30985 E ArmVmp : Match on catch block at 0xc3 in for 0xa1
04-01 22:01:20.513 30985 30985 E ArmVmp : Match on catch block at 0xc3 in for 0xa1
04-01 22:01:20.520 30985 30985 E ArmVmp : Match on catch block at 0xc3 in for 0xa5
04-01 22:01:20.526 30985 30985 E ArmVmp : Match on catch block at 0xc3 in for 0xa9
04-01 22:01:20.529 30985 30985 E ArmVmp : Match on catch block at 0xc3 in for 0xa9
04-01 22:01:20.537 30985 30985 E ArmVmp : Match on catch block at 0xc3 in for 0xa1
04-01 22:01:20.541 30985 30985 E ArmVmp : Match on catch block at 0xc3 in for 0xa5
04-01 22:01:20.545 30985 30985 E ArmVmp : Match on catch block at 0xc3 in for 0xa5
04-01 22:01:20.788 30985 30985 E ArmVmp : Match on catch block at 0xc3 in for 0xa9
04-01 22:01:20.794 30985 30985 E ArmVmp : Match on catch block at 0xc3 in for 0xa1
04-01 22:01:20.797 30985 30985 E ArmVmp : Match on catch block at 0xc3 in for 0xa1
04-01 22:01:21.288 30985 30985 E ArmVmp : Match on catch block at 0xc3 in for 0xa5
04-01 22:01:21.293 30985 30985 E ArmVmp : Match on catch block at 0xc3 in for 0xa9
04-01 22:01:21.297 30985 30985 E ArmVmp : Match on catch block at 0xc3 in for 0xa9
04-01 22:01:21.388 30985 30985 E ArmVmp : Match on catch block at 0xc3 in for 0xa1
04-01 22:01:21.394 30985 30985 E ArmVmp : Match on catch block at 0xc3 in for 0xa5
04-01 22:01:21.399 30985 30985 E ArmVmp : Match on catch block at 0xc3 in for 0xa5
04-01 22:01:21.406 30985 30985 E ArmVmp : Match on catch block at 0xc3 in for 0xa9
04-01 22:01:21.411 30985 30985 E ArmVmp : Match on catch block at 0xc3 in for 0xa1
04-01 22:01:21.415 30985 30985 E ArmVmp : Match on catch block at 0xc3 in for 0xa1
04-01 22:01:21.422 30985 30985 E ArmVmp : Match on catch block at 0xc3 in for 0xa5
04-01 22:01:21.430 30985 30985 E ArmVmp : Match on catch block at 0xc3 in for 0xa9
04-01 22:01:21.432 30985 30985 E ArmVmp : Match on catch block at 0xc3 in for 0xa9
04-01 22:01:21.440 30985 30985 E ArmVmp : Match on catch block at 0xc3 in for 0xa1
04-01 22:01:21.447 30985 30985 E ArmVmp : Match on catch block at 0xc3 in for 0xa5
04-01 22:01:21.450 30985 30985 E ArmVmp : Match on catch block at 0xc3 in for 0xa5
04-01 22:01:21.457 30985 30985 E ArmVmp : Match on catch block at 0xc3 in for 0xa9
04-01 22:01:21.464 30985 30985 E ArmVmp : Match on catch block at 0xc3 in for 0xa1
04-01 22:01:21.467 30985 30985 E ArmVmp : Match on catch block at 0xc3 in for 0xa1
04-01 22:01:21.474 30985 30985 E ArmVmp : Match on catch block at 0xc3 in for 0xa5
04-01 22:01:21.481 30985 30985 E ArmVmp : Match on catch block at 0xc3 in for 0xa9
04-01 22:01:21.484 30985 30985 E ArmVmp : Match on catch block at 0xc3 in for 0xa9
04-01 22:01:21.490 30985 30985 E ArmVmp : Match on catch block at 0xc3 in for 0xa1
04-01 22:01:21.496 30985 30985 E ArmVmp : Match on catch block at 0xc3 in for 0xa5
04-01 22:01:21.498 30985 30985 E ArmVmp : Match on catch block at 0xc3 in for 0xa5
04-01 22:01:21.506 30985 30985 E ArmVmp : Match on catch block at 0xc3 in for 0xa9
04-01 22:01:21.512 30985 30985 E ArmVmp : Match on catch block at 0xc3 in for 0xa1
04-01 22:01:21.515 30985 30985 E ArmVmp : Match on catch block at 0xc3 in for 0xa1
04-01 22:01:21.521 30985 30985 E ArmVmp : Match on catch block at 0xc3 in for 0xa5
04-01 22:01:21.526 30985 30985 E ArmVmp : Match on catch block at 0xc3 in for 0xa9
04-01 22:01:21.529 30985 30985 E ArmVmp : Match on catch block at 0xc3 in for 0xa9
04-01 22:01:21.537 30985 30985 E ArmVmp : Match on catch block at 0xc3 in for 0xa1
04-01 22:01:21.543 30985 30985 E ArmVmp : Match on catch block at 0xc3 in for 0xa5
04-01 22:01:21.546 30985 30985 E ArmVmp : Match on catch block at 0xc3 in for 0xa5
04-01 22:01:21.555 30985 30985 E ArmVmp : Match on catch block at 0xc3 in for 0xa9
04-01 22:01:21.562 30985 30985 E ArmVmp : Match on catch block at 0xc3 in for 0xa1
04-01 22:01:21.565 30985 30985 E ArmVmp : Match on catch block at 0xc3 in for 0xa1
04-01 22:01:21.571 30985 30985 E ArmVmp : Match on catch block at 0xc3 in for 0xa5
04-01 22:01:21.577 30985 30985 E ArmVmp : Match on catch block at 0xc3 in for 0xa9
04-01 22:01:21.580 30985 30985 E ArmVmp : Match on catch block at 0xc3 in for 0xa9
04-01 22:01:21.588 30985 30985 E ArmVmp : Match on catch block at 0xc3 in for 0xa1
04-01 22:01:21.594 30985 30985 E ArmVmp : Match on catch block at 0xc3 in for 0xa5
04-01 22:01:21.596 30985 30985 E ArmVmp : Match on catch block at 0xc3 in for 0xa5
04-01 22:01:21.603 30985 30985 E ArmVmp : Match on catch block at 0xc3 in for 0xa9
04-01 22:01:21.609 30985 30985 E ArmVmp : Match on catch block at 0xc3 in for 0xa1
04-01 22:01:21.612 30985 30985 E ArmVmp : Match on catch block at 0xc3 in for 0xa1
04-01 22:01:21.621 30985 30985 E ArmVmp : Match on catch block at 0xc3 in for 0xa5
04-01 22:01:21.627 30985 30985 E ArmVmp : Match on catch block at 0xc3 in for 0xa9
04-01 22:01:21.630 30985 30985 E ArmVmp : Match on catch block at 0xc3 in for 0xa9
04-01 22:01:21.637 30985 30985 E ArmVmp : Match on catch block at 0xc3 in for 0xa1
04-01 22:01:21.641 30985 30985 E ArmVmp : Match on catch block at 0xc3 in for 0xa5
04-01 22:01:21.645 30985 30985 E ArmVmp : Match on catch block at 0xc3 in for 0xa5
04-01 22:01:21.654 30985 30985 E ArmVmp : Match on catch block at 0xc3 in for 0xa9
04-01 22:01:21.659 30985 30985 E ArmVmp : Match on catch block at 0xc3 in for 0xa1
04-01 22:01:21.662 30985 30985 E ArmVmp : Match on catch block at 0xc3 in for 0xa1
04-01 22:01:21.788 30985 30985 E ArmVmp : Match on catch block at 0xc3 in for 0xa5
04-01 22:01:21.793 30985 30985 E ArmVmp : Match on catch block at 0xc3 in for 0xa9
04-01 22:01:21.796 30985 30985 E ArmVmp : Match on catch block at 0xc3 in for 0xa9
04-01 22:01:22.288 30985 30985 E ArmVmp : Match on catch block at 0xc3 in for 0xa1
04-01 22:01:22.294 30985 30985 E ArmVmp : Match on catch block at 0xc3 in for 0xa5
04-01 22:01:22.297 30985 30985 E ArmVmp : Match on catch block at 0xc3 in for 0xa5
04-01 22:01:22.587 30985 30985 E ArmVmp : Match on catch block at 0xc3 in for 0xa1
04-01 22:01:22.590 30985 30985 E ArmVmp : Match on catch block at 0xc3 in for 0xa5
04-01 22:01:22.592 30985 30985 E ArmVmp : Match on catch block at 0xc3 in for 0xa5
04-01 22:01:22.604 30985 30985 E ArmVmp : Match on catch block at 0xc3 in for 0xa1
04-01 22:01:22.608 30985 30985 E ArmVmp : Match on catch block at 0xc3 in for 0xa5
04-01 22:01:22.610 30985 30985 E ArmVmp : Match on catch block at 0xc3 in for 0xa5
04-01 22:01:22.622 30985 30985 E ArmVmp : Match on catch block at 0xc3 in for 0xa9
04-01 22:01:22.625 30985 30985 E ArmVmp : Match on catch block at 0xc3 in for 0xa1
04-01 22:01:22.627 30985 30985 E ArmVmp : Match on catch block at 0xc3 in for 0xa1
04-01 22:01:22.637 30985 30985 E ArmVmp : Match on catch block at 0xc3 in for 0xa5
04-01 22:01:22.641 30985 30985 E ArmVmp : Match on catch block at 0xc3 in for 0xa9
04-01 22:01:22.643 30985 30985 E ArmVmp : Match on catch block at 0xc3 in for 0xa9
04-01 22:01:22.659 30985 30985 E ArmVmp : Match on catch block at 0xc3 in for 0xa5
04-01 22:01:22.663 30985 30985 E ArmVmp : Match on catch block at 0xc3 in for 0xa9
04-01 22:01:22.665 30985 30985 E ArmVmp : Match on catch block at 0xc3 in for 0xa9
04-01 22:01:22.671 30985 30985 E ArmVmp : Match on catch block at 0xc3 in for 0xa5
04-01 22:01:22.675 30985 30985 E ArmVmp : Match on catch block at 0xc3 in for 0xa9
04-01 22:01:22.678 30985 30985 E ArmVmp : Match on catch block at 0xc3 in for 0xa9
04-01 22:01:22.687 30985 30985 E ArmVmp : Match on catch block at 0xc3 in for 0xa5
04-01 22:01:22.690 30985 30985 E ArmVmp : Match on catch block at 0xc3 in for 0xa9
04-01 22:01:22.693 30985 30985 E ArmVmp : Match on catch block at 0xc3 in for 0xa9
04-01 22:01:22.704 30985 30985 E ArmVmp : Match on catch block at 0xc3 in for 0xa5
04-01 22:01:22.706 30985 30985 E ArmVmp : Match on catch block at 0xc3 in for 0xa9
04-01 22:01:22.709 30985 30985 E ArmVmp : Match on catch block at 0xc3 in for 0xa9
04-01 22:01:22.734 30985 30985 E ArmVmp : Match on catch block at 0xc3 in for 0xa5
04-01 22:01:22.737 30985 30985 E ArmVmp : Match on catch block at 0xc3 in for 0xa9
04-01 22:01:22.739 30985 30985 E ArmVmp : Match on catch block at 0xc3 in for 0xa9
04-01 22:01:22.746 30985 30985 E ArmVmp : Match on catch block at 0xc3 in for 0xa5
04-01 22:01:22.749 30985 30985 E ArmVmp : Match on catch block at 0xc3 in for 0xa9
04-01 22:01:22.750 30985 30985 E ArmVmp : Match on catch block at 0xc3 in for 0xa9
04-01 22:01:22.759 30985 30985 E ArmVmp : Match on catch block at 0xc3 in for 0xa5
04-01 22:01:22.763 30985 30985 E ArmVmp : Match on catch block at 0xc3 in for 0xa9
04-01 22:01:22.774 30985 30985 E ArmVmp : Match on catch block at 0xc3 in for 0xa9
04-01 22:01:22.778 30985 30985 E ArmVmp : Match on catch block at 0xc3 in for 0xa1
04-01 22:01:22.781 30985 30985 E ArmVmp : Match on catch block at 0xc3 in for 0xa1
04-01 22:01:22.791 30985 30985 E ArmVmp : Match on catch block at 0xc3 in for 0xa9
04-01 22:01:22.796 30985 30985 E ArmVmp : Match on catch block at 0xc3 in for 0xa1
04-01 22:01:22.798 30985 30985 E ArmVmp : Match on catch block at 0xc3 in for 0xa1
04-01 22:01:22.811 30985 30985 E ArmVmp : Match on catch block at 0xc3 in for 0xa9
04-01 22:01:22.815 30985 30985 E ArmVmp : Match on catch block at 0xc3 in for 0xa1
04-01 22:01:22.823 30985 30985 E ArmVmp : Match on catch block at 0xc3 in for 0xa9
04-01 22:01:22.827 30985 30985 E ArmVmp : Match on catch block at 0xc3 in for 0xa1
04-01 22:01:22.841 30985 30985 E ArmVmp : Match on catch block at 0xc3 in for 0xa5
04-01 22:01:22.846 30985 30985 E ArmVmp : Match on catch block at 0xc3 in for 0xa9
04-01 22:01:22.854 30985 30985 E ArmVmp : Match on catch block at 0xc3 in for 0xa1
04-01 22:01:22.857 30985 30985 E ArmVmp : Match on catch block at 0xc3 in for 0xa5
04-01 22:01:22.871 30985 30985 E ArmVmp : Match on catch block at 0xc3 in for 0xa9
04-01 22:01:22.874 30985 30985 E ArmVmp : Match on catch block at 0xc3 in for 0xa1
04-01 22:01:22.887 30985 30985 E ArmVmp : Match on catch block at 0xc3 in for 0xa1
04-01 22:01:22.890 30985 30985 E ArmVmp : Match on catch block at 0xc3 in for 0xa5
04-01 22:01:22.905 30985 30985 E ArmVmp : Match on catch block at 0xc3 in for 0xa5
04-01 22:01:22.910 30985 30985 E ArmVmp : Match on catch block at 0xc3 in for 0xa9
04-01 22:01:23.138 30985 30985 E ArmVmp : Match on catch block at 0xc3 in for 0xa9
04-01 22:01:23.141 30985 30985 E ArmVmp : Match on catch block at 0xc3 in for 0xa1
04-01 22:01:23.154 30985 30985 E ArmVmp : Match on catch block at 0xc3 in for 0xa9
04-01 22:01:23.157 30985 30985 E ArmVmp : Match on catch block at 0xc3 in for 0xa1
04-01 22:01:23.171 30985 30985 E ArmVmp : Match on catch block at 0xc3 in for 0xa9
04-01 22:01:23.177 30985 30985 E ArmVmp : Match on catch block at 0xc3 in for 0xa1
04-01 22:01:23.188 30985 30985 E ArmVmp : Match on catch block at 0xc3 in for 0xa9
04-01 22:01:23.191 30985 30985 E ArmVmp : Match on catch block at 0xc3 in for 0xa1
04-01 22:01:23.205 30985 30985 E ArmVmp : Match on catch block at 0xc3 in for 0xa9
04-01 22:01:23.211 30985 30985 E ArmVmp : Match on catch block at 0xc3 in for 0xa1
04-01 22:01:23.220 30985 30985 E ArmVmp : Match on catch block at 0xc3 in for 0xa5
04-01 22:01:23.225 30985 30985 E ArmVmp : Match on catch block at 0xc3 in for 0xa9
04-01 22:01:23.238 30985 30985 E ArmVmp : Match on catch block at 0xc3 in for 0xa1
04-01 22:01:23.245 30985 30985 E ArmVmp : Match on catch block at 0xc3 in for 0xa5
04-01 22:01:23.253 30985 30985 E ArmVmp : Match on catch block at 0xc3 in for 0xa9
04-01 22:01:23.257 30985 30985 E ArmVmp : Match on catch block at 0xc3 in for 0xa1
04-01 22:01:23.270 30985 30985 E ArmVmp : Match on catch block at 0xc3 in for 0xa5
04-01 22:01:23.273 30985 30985 E ArmVmp : Match on catch block at 0xc3 in for 0xa9
04-01 22:01:23.288 30985 30985 E ArmVmp : Match on catch block at 0xc3 in for 0xa1
04-01 22:01:23.292 30985 30985 E ArmVmp : Match on catch block at 0xc3 in for 0xa5
04-01 22:01:23.304 30985 30985 E ArmVmp : Match on catch block at 0xc3 in for 0xa9
04-01 22:01:23.307 30985 30985 E ArmVmp : Match on catch block at 0xc3 in for 0xa1
04-01 22:01:23.322 30985 30985 E ArmVmp : Match on catch block at 0xc3 in for 0xa5
04-01 22:01:23.325 30985 30985 E ArmVmp : Match on catch block at 0xc3 in for 0xa9
04-01 22:01:23.338 30985 30985 E ArmVmp : Match on catch block at 0xc3 in for 0xa1
04-01 22:01:23.343 30985 30985 E ArmVmp : Match on catch block at 0xc3 in for 0xa5
04-01 22:01:23.354 30985 30985 E ArmVmp : Match on catch block at 0xc3 in for 0xa9
04-01 22:01:23.357 30985 30985 E ArmVmp : Match on catch block at 0xc3 in for 0xa1
04-01 22:01:23.372 30985 30985 E ArmVmp : Match on catch block at 0xc3 in for 0xa5
04-01 22:01:23.378 30985 30985 E ArmVmp : Match on catch block at 0xc3 in for 0xa9
04-01 22:01:23.387 30985 30985 E ArmVmp : Match on catch block at 0xc3 in for 0xa1
04-01 22:01:23.391 30985 30985 E ArmVmp : Match on catch block at 0xc3 in for 0xa5
04-01 22:01:23.404 30985 30985 E ArmVmp : Match on catch block at 0xc3 in for 0xa1
04-01 22:01:23.409 30985 30985 E ArmVmp : Match on catch block at 0xc3 in for 0xa5
04-01 22:01:23.420 30985 30985 E ArmVmp : Match on catch block at 0xc3 in for 0xa5
04-01 22:01:23.425 30985 30985 E ArmVmp : Match on catch block at 0xc3 in for 0xa9
04-01 22:01:23.437 30985 30985 E ArmVmp : Match on catch block at 0xc3 in for 0xa9
04-01 22:01:23.441 30985 30985 E ArmVmp : Match on catch block at 0xc3 in for 0xa1
04-01 22:01:23.455 30985 30985 E ArmVmp : Match on catch block at 0xc3 in for 0xa1
04-01 22:01:23.459 30985 30985 E ArmVmp : Match on catch block at 0xc3 in for 0xa5
04-01 22:01:23.471 30985 30985 E ArmVmp : Match on catch block at 0xc3 in for 0xa5
04-01 22:01:23.477 30985 30985 E ArmVmp : Match on catch block at 0xc3 in for 0xa9
04-01 22:01:23.488 30985 30985 E ArmVmp : Match on catch block at 0xc3 in for 0xa9
04-01 22:01:23.492 30985 30985 E ArmVmp : Match on catch block at 0xc3 in for 0xa1
04-01 22:01:23.504 30985 30985 E ArmVmp : Match on catch block at 0xc3 in for 0xa1
04-01 22:01:23.507 30985 30985 E ArmVmp : Match on catch block at 0xc3 in for 0xa5
04-01 22:01:23.522 30985 30985 E ArmVmp : Match on catch block at 0xc3 in for 0xa5
04-01 22:01:23.526 30985 30985 E ArmVmp : Match on catch block at 0xc3 in for 0xa9
04-01 22:01:23.537 30985 30985 E ArmVmp : Match on catch block at 0xc3 in for 0xa9
04-01 22:01:23.541 30985 30985 E ArmVmp : Match on catch block at 0xc3 in for 0xa1
04-01 22:01:23.804 30985 30985 E ArmVmp : Match on catch block at 0xc3 in for 0xa1
04-01 22:01:23.809 30985 30985 E ArmVmp : Match on catch block at 0xc3 in for 0xa5
04-01 22:01:24.188 30985 30985 E ArmVmp : Match on catch block at 0xc3 in for 0xa9
04-01 22:01:24.191 30985 30985 E ArmVmp : Match on catch block at 0xc3 in for 0xa1
04-01 22:01:24.205 30985 30985 E ArmVmp : Match on catch block at 0xc3 in for 0xa9
04-01 22:01:24.209 30985 30985 E ArmVmp : Match on catch block at 0xc3 in for 0xa1
04-01 22:01:24.224 30985 30985 E ArmVmp : Match on catch block at 0xc3 in for 0xa9
04-01 22:01:24.227 30985 30985 E ArmVmp : Match on catch block at 0xc3 in for 0xa1
04-01 22:01:24.238 30985 30985 E ArmVmp : Match on catch block at 0xc3 in for 0xa9
04-01 22:01:24.244 30985 30985 E ArmVmp : Match on catch block at 0xc3 in for 0xa1
04-01 22:01:24.256 30985 30985 E ArmVmp : Match on catch block at 0xc3 in for 0xa9
04-01 22:01:24.262 30985 30985 E ArmVmp : Match on catch block at 0xc3 in for 0xa1
04-01 22:01:24.287 30985 30985 E ArmVmp : Match on catch block at 0xc3 in for 0xa5
04-01 22:01:24.291 30985 30985 E ArmVmp : Match on catch block at 0xc3 in for 0xa9
04-01 22:01:24.304 30985 30985 E ArmVmp : Match on catch block at 0xc3 in for 0xa1
04-01 22:01:24.308 30985 30985 E ArmVmp : Match on catch block at 0xc3 in for 0xa5
04-01 22:01:24.321 30985 30985 E ArmVmp : Match on catch block at 0xc3 in for 0xa9
04-01 22:01:24.326 30985 30985 E ArmVmp : Match on catch block at 0xc3 in for 0xa1
04-01 22:01:24.338 30985 30985 E ArmVmp : Match on catch block at 0xc3 in for 0xa5
04-01 22:01:24.343 30985 30985 E ArmVmp : Match on catch block at 0xc3 in for 0xa9
04-01 22:01:24.354 30985 30985 E ArmVmp : Match on catch block at 0xc3 in for 0xa1
04-01 22:01:24.358 30985 30985 E ArmVmp : Match on catch block at 0xc3 in for 0xa5
04-01 22:01:24.371 30985 30985 E ArmVmp : Match on catch block at 0xc3 in for 0xa9
04-01 22:01:24.375 30985 30985 E ArmVmp : Match on catch block at 0xc3 in for 0xa1
04-01 22:01:24.388 30985 30985 E ArmVmp : Match on catch block at 0xc3 in for 0xa5
04-01 22:01:24.392 30985 30985 E ArmVmp : Match on catch block at 0xc3 in for 0xa9
04-01 22:01:24.419 30985 30985 E ArmVmp : Match on catch block at 0xc3 in for 0xa1
04-01 22:01:24.424 30985 30985 E ArmVmp : Match on catch block at 0xc3 in for 0xa5
04-01 22:01:24.434 30985 30985 E ArmVmp : Match on catch block at 0xc3 in for 0xa9
04-01 22:01:24.439 30985 30985 E ArmVmp : Match on catch block at 0xc3 in for 0xa1
04-01 22:01:24.454 30985 30985 E ArmVmp : Match on catch block at 0xc3 in for 0xa5
04-01 22:01:24.463 30985 30985 E ArmVmp : Match on catch block at 0xc3 in for 0xa9
04-01 22:01:24.476 30985 30985 E ArmVmp : Match on catch block at 0xc3 in for 0xa1
04-01 22:01:24.490 30985 30985 E ArmVmp : Match on catch block at 0xc3 in for 0xa5
04-01 22:01:24.498 30985 30985 E ArmVmp : Match on catch block at 0xc3 in for 0xa1
04-01 22:01:24.504 30985 30985 E ArmVmp : Match on catch block at 0xc3 in for 0xa5
04-01 22:01:24.806 30985 30985 E ArmVmp : Match on catch block at 0xc3 in for 0xa5
04-01 22:01:24.813 30985 30985 E ArmVmp : Match on catch block at 0xc3 in for 0xa9
04-01 22:01:25.304 30985 30985 E ArmVmp : Match on catch block at 0xc3 in for 0xa9
04-01 22:01:25.308 30985 30985 E ArmVmp : Match on catch block at 0xc3 in for 0xa1
04-01 22:01:25.805 30985 30985 E ArmVmp : Match on catch block at 0xc3 in for 0xa1
04-01 22:01:25.809 30985 30985 E ArmVmp : Match on catch block at 0xc3 in for 0xa5
04-01 22:01:26.004 30985 30985 E ArmVmp : Match on catch block at 0xc3 in for 0xa5
04-01 22:01:26.008 30985 30985 E ArmVmp : Match on catch block at 0xc3 in for 0xa9
04-01 22:01:26.021 30985 30985 E ArmVmp : Match on catch block at 0xc3 in for 0xa9
04-01 22:01:26.025 30985 30985 E ArmVmp : Match on catch block at 0xc3 in for 0xa1
04-01 22:01:26.040 30985 30985 E ArmVmp : Match on catch block at 0xc3 in for 0xa1
04-01 22:01:26.045 30985 30985 E ArmVmp : Match on catch block at 0xc3 in for 0xa5
04-01 22:01:26.057 30985 30985 E ArmVmp : Match on catch block at 0xc3 in for 0xa5
04-01 22:01:26.064 30985 30985 E ArmVmp : Match on catch block at 0xc3 in for 0xa9
04-01 22:01:26.076 30985 30985 E ArmVmp : Match on catch block at 0xc3 in for 0xa9
04-01 22:01:26.082 30985 30985 E ArmVmp : Match on catch block at 0xc3 in for 0xa1
04-01 22:01:26.089 30985 30985 E ArmVmp : Match on catch block at 0xc3 in for 0xa1
04-01 22:01:26.095 30985 30985 E ArmVmp : Match on catch block at 0xc3 in for 0xa5
04-01 22:01:26.138 30985 30985 E ArmVmp : Match on catch block at 0xc3 in for 0xa9
04-01 22:01:26.142 30985 30985 E ArmVmp : Match on catch block at 0xc3 in for 0xa1
04-01 22:01:26.216 30985 30985 E ArmVmp : Match on catch block at 0xc3 in for 0xa9
04-01 22:01:26.220 30985 30985 E ArmVmp : Match on catch block at 0xc3 in for 0xa1
