02-28 00:24:44.659 5545 5545 E ArmVmp : Match on catch block at 0xc3 in for 0xa1
02-28 00:24:44.664 5545 5545 E ArmVmp : Match on catch block at 0xc3 in for 0xa5
02-28 00:24:44.702 5545 5545 E ArmVmp : Match on catch block at 0xc3 in for 0xa1
02-28 00:24:44.705 5545 5545 E ArmVmp : Match on catch block at 0xc3 in for 0xa5
02-28 00:24:44.712 5545 5545 E ArmVmp : Match on catch block at 0xc3 in for 0xa5
02-28 00:24:44.716 5545 5545 E ArmVmp : Match on catch block at 0xc3 in for 0xa9
02-28 00:24:44.724 5545 5545 E ArmVmp : Match on catch block at 0xc3 in for 0xa1
02-28 00:24:44.727 5545 5545 E ArmVmp : Match on catch block at 0xc3 in for 0xa5
02-28 00:24:44.740 5545 5545 E ArmVmp : Match on catch block at 0xc3 in for 0xa1
02-28 00:24:44.745 5545 5545 E ArmVmp : Match on catch block at 0xc3 in for 0xa5
02-28 00:24:44.944 5545 5545 E ArmVmp : Match on catch block at 0xc3 in for 0xa5
02-28 00:24:44.950 5545 5545 E ArmVmp : Match on catch block at 0xc3 in for 0xa9
02-28 00:24:45.157 5545 5545 E ArmVmp : Match on catch block at 0xc3 in for 0xa9
02-28 00:24:45.173 5545 5545 E ArmVmp : Match on catch block at 0xc3 in for 0xa1
02-28 00:24:45.195 5545 5545 E ArmVmp : Match on catch block at 0xc3 in for 0xa1
02-28 00:24:45.202 5545 5545 E ArmVmp : Match on catch block at 0xc3 in for 0xa5
02-28 00:24:45.211 5545 5545 E ArmVmp : Match on catch block at 0xc3 in for 0xa5
02-28 00:24:45.218 5545 5545 E ArmVmp : Match on catch block at 0xc3 in for 0xa9
02-28 00:24:45.225 5545 5545 E ArmVmp : Match on catch block at 0xc3 in for 0xa9
02-28 00:24:45.231 5545 5545 E ArmVmp : Match on catch block at 0xc3 in for 0xa1
02-28 00:24:45.241 5545 5545 E ArmVmp : Match on catch block at 0xc3 in for 0xa1
02-28 00:24:45.247 5545 5545 E ArmVmp : Match on catch block at 0xc3 in for 0xa5
02-28 00:24:45.259 5545 5545 E ArmVmp : Match on catch block at 0xc3 in for 0xa5
02-28 00:24:45.264 5545 5545 E ArmVmp : Match on catch block at 0xc3 in for 0xa9
02-28 00:24:45.274 5545 5545 E ArmVmp : Match on catch block at 0xc3 in for 0xa5
02-28 00:24:45.280 5545 5545 E ArmVmp : Match on catch block at 0xc3 in for 0xa9
02-28 00:24:45.311 5545 5545 E ArmVmp : Match on catch block at 0xc3 in for 0xa1
02-28 00:24:45.314 5545 5545 E ArmVmp : Match on catch block at 0xc3 in for 0xa5
02-28 00:24:45.337 5545 5545 E ArmVmp : Match on catch block at 0xc3 in for 0xa5
02-28 00:24:45.341 5545 5545 E ArmVmp : Match on catch block at 0xc3 in for 0xa9
02-28 00:24:45.410 5545 5545 E ArmVmp : Match on catch block at 0xc3 in for 0xa1
02-28 00:24:45.414 5545 5545 E ArmVmp : Match on catch block at 0xc3 in for 0xa5
02-28 00:24:45.472 5545 5545 E ArmVmp : Match on catch block at 0xc3 in for 0xa9
02-28 00:24:45.475 5545 5545 E ArmVmp : Match on catch block at 0xc3 in for 0xa1
02-28 00:24:45.558 5545 5545 E ArmVmp : Match on catch block at 0xc3 in for 0xa5
02-28 00:24:45.561 5545 5545 E ArmVmp : Match on catch block at 0xc3 in for 0xa9
02-28 00:24:45.572 5545 5545 E ArmVmp : Match on catch block at 0xc3 in for 0xa9
02-28 00:24:45.575 5545 5545 E ArmVmp : Match on catch block at 0xc3 in for 0xa1
02-28 00:24:47.178 5545 5545 E ArmVmp : Match on catch block at 0xc3 in for 0xa1
02-28 00:24:47.189 5545 5545 E ArmVmp : Match on catch block at 0xc3 in for 0xa5
02-28 00:24:47.208 5545 5545 E ArmVmp : Match on catch block at 0xc3 in for 0xa5
02-28 00:24:47.214 5545 5545 E ArmVmp : Match on catch block at 0xc3 in for 0xa9
02-28 00:24:47.225 5545 5545 E ArmVmp : Match on catch block at 0xc3 in for 0xa9
02-28 00:24:47.231 5545 5545 E ArmVmp : Match on catch block at 0xc3 in for 0xa1
02-28 00:24:47.242 5545 5545 E ArmVmp : Match on catch block at 0xc3 in for 0xa1
02-28 00:24:47.248 5545 5545 E ArmVmp : Match on catch block at 0xc3 in for 0xa5
02-28 00:24:47.258 5545 5545 E ArmVmp : Match on catch block at 0xc3 in for 0xa5
02-28 00:24:47.264 5545 5545 E ArmVmp : Match on catch block at 0xc3 in for 0xa9
02-28 00:24:47.274 5545 5545 E ArmVmp : Match on catch block at 0xc3 in for 0xa9
02-28 00:24:47.280 5545 5545 E ArmVmp : Match on catch block at 0xc3 in for 0xa1
02-28 00:24:47.292 5545 5545 E ArmVmp : Match on catch block at 0xc3 in for 0xa1
02-28 00:24:47.297 5545 5545 E ArmVmp : Match on catch block at 0xc3 in for 0xa5
02-28 00:24:47.307 5545 5545 E ArmVmp : Match on catch block at 0xc3 in for 0xa5
02-28 00:24:47.313 5545 5545 E ArmVmp : Match on catch block at 0xc3 in for 0xa9
02-28 00:24:47.325 5545 5545 E ArmVmp : Match on catch block at 0xc3 in for 0xa9
02-28 00:24:47.330 5545 5545 E ArmVmp : Match on catch block at 0xc3 in for 0xa1
02-28 00:24:47.341 5545 5545 E ArmVmp : Match on catch block at 0xc3 in for 0xa1
02-28 00:24:47.348 5545 5545 E ArmVmp : Match on catch block at 0xc3 in for 0xa5
02-28 00:24:47.358 5545 5545 E ArmVmp : Match on catch block at 0xc3 in for 0xa5
02-28 00:24:47.364 5545 5545 E ArmVmp : Match on catch block at 0xc3 in for 0xa9
02-28 00:24:47.374 5545 5545 E ArmVmp : Match on catch block at 0xc3 in for 0xa9
02-28 00:24:47.381 5545 5545 E ArmVmp : Match on catch block at 0xc3 in for 0xa1
02-28 00:24:47.391 5545 5545 E ArmVmp : Match on catch block at 0xc3 in for 0xa1
02-28 00:24:47.397 5545 5545 E ArmVmp : Match on catch block at 0xc3 in for 0xa5
02-28 00:24:47.408 5545 5545 E ArmVmp : Match on catch block at 0xc3 in for 0xa5
02-28 00:24:47.414 5545 5545 E ArmVmp : Match on catch block at 0xc3 in for 0xa9
02-28 00:24:47.425 5545 5545 E ArmVmp : Match on catch block at 0xc3 in for 0xa9
02-28 00:24:47.431 5545 5545 E ArmVmp : Match on catch block at 0xc3 in for 0xa1
02-28 00:24:51.421 5545 5565 E libc : Access denied finding property
"vendor.camera.aux.packagelist"
02-28 00:25:00.305 5545 5565 E libc : Access denied finding property
"vendor.camera.aux.packagelist"
02-28 00:25:06.193 5545 5565 E libc : Access denied finding property
"vendor.camera.aux.packagelist"
02-28 00:25:08.369 5545 5545 E com.whatsapp: Invalid ID 0x00000000.
02-28 00:25:08.668 5545 5565 E libc : Access denied finding property
"vendor.camera.aux.packagelist"
02-28 00:25:08.838 5545 5545 E ArmVmp : Match on catch block at 0xc3 in for 0xa1
02-28 00:25:08.842 5545 5545 E ArmVmp : Match on catch block at 0xc3 in for 0xa5
02-28 00:25:08.857 5545 5545 E ArmVmp : Match on catch block at 0xc3 in for 0xa1
02-28 00:25:08.861 5545 5545 E ArmVmp : Match on catch block at 0xc3 in for 0xa5
02-28 00:25:10.443 5545 5545 E ArmVmp : Match on catch block at 0xc3 in for 0xa5
02-28 00:25:10.448 5545 5545 E ArmVmp : Match on catch block at 0xc3 in for 0xa9
02-28 00:25:10.459 5545 5545 E ArmVmp : Match on catch block at 0xc3 in for 0xa9
02-28 00:25:10.463 5545 5545 E ArmVmp : Match on catch block at 0xc3 in for 0xa1
02-28 00:25:10.472 5545 5545 E ArmVmp : Match on catch block at 0xc3 in for 0xa1
02-28 00:25:10.475 5545 5545 E ArmVmp : Match on catch block at 0xc3 in for 0xa5
02-28 00:25:10.488 5545 5545 E ArmVmp : Match on catch block at 0xc3 in for 0xa5
02-28 00:25:10.492 5545 5545 E ArmVmp : Match on catch block at 0xc3 in for 0xa9
02-28 00:25:10.505 5545 5545 E ArmVmp : Match on catch block at 0xc3 in for 0xa9
02-28 00:25:10.509 5545 5545 E ArmVmp : Match on catch block at 0xc3 in for 0xa1
02-28 00:25:10.522 5545 5545 E ArmVmp : Match on catch block at 0xc3 in for 0xa1
02-28 00:25:10.526 5545 5545 E ArmVmp : Match on catch block at 0xc3 in for 0xa5
02-28 00:25:10.539 5545 5545 E ArmVmp : Match on catch block at 0xc3 in for 0xa5
02-28 00:25:10.542 5545 5545 E ArmVmp : Match on catch block at 0xc3 in for 0xa9
02-28 00:25:10.555 5545 5545 E ArmVmp : Match on catch block at 0xc3 in for 0xa9
02-28 00:25:10.559 5545 5545 E ArmVmp : Match on catch block at 0xc3 in for 0xa1
02-28 00:25:10.572 5545 5545 E ArmVmp : Match on catch block at 0xc3 in for 0xa1
02-28 00:25:10.576 5545 5545 E ArmVmp : Match on catch block at 0xc3 in for 0xa5
02-28 00:25:10.589 5545 5545 E ArmVmp : Match on catch block at 0xc3 in for 0xa5
02-28 00:25:10.593 5545 5545 E ArmVmp : Match on catch block at 0xc3 in for 0xa9
02-28 00:25:10.606 5545 5545 E ArmVmp : Match on catch block at 0xc3 in for 0xa9
02-28 00:25:10.609 5545 5545 E ArmVmp : Match on catch block at 0xc3 in for 0xa1
02-28 00:25:10.622 5545 5545 E ArmVmp : Match on catch block at 0xc3 in for 0xa1
02-28 00:25:10.627 5545 5545 E ArmVmp : Match on catch block at 0xc3 in for 0xa5
02-28 00:25:10.639 5545 5545 E ArmVmp : Match on catch block at 0xc3 in for 0xa5
02-28 00:25:10.643 5545 5545 E ArmVmp : Match on catch block at 0xc3 in for 0xa9
02-28 00:25:10.655 5545 5545 E ArmVmp : Match on catch block at 0xc3 in for 0xa9
02-28 00:25:10.659 5545 5545 E ArmVmp : Match on catch block at 0xc3 in for 0xa1
02-28 00:25:10.672 5545 5545 E ArmVmp : Match on catch block at 0xc3 in for 0xa1
02-28 00:25:10.676 5545 5545 E ArmVmp : Match on catch block at 0xc3 in for 0xa5
02-28 00:25:10.689 5545 5545 E ArmVmp : Match on catch block at 0xc3 in for 0xa5
02-28 00:25:10.692 5545 5545 E ArmVmp : Match on catch block at 0xc3 in for 0xa9
02-28 00:25:10.706 5545 5545 E ArmVmp : Match on catch block at 0xc3 in for 0xa9
02-28 00:25:10.709 5545 5545 E ArmVmp : Match on catch block at 0xc3 in for 0xa1
02-28 00:25:18.647 5545 7897 E libc : Access denied finding property
"vendor.camera.aux.packagelist"
02-28 00:25:19.630 5545 7897 E libc : Access denied finding property
"vendor.camera.aux.packagelist"
02-28 00:25:20.189 5545 5545 E ArmVmp : Match on catch block at 0xc3 in for 0xa1
02-28 00:25:20.193 5545 5545 E ArmVmp : Match on catch block at 0xc3 in for 0xa5
02-28 00:25:20.213 5545 5545 E ArmVmp : Match on catch block at 0xc3 in for 0xa1
02-28 00:25:20.216 5545 5545 E ArmVmp : Match on catch block at 0xc3 in for 0xa5
02-28 00:25:21.767 5545 5545 E ArmVmp : Match on catch block at 0xc3 in for 0xa9
02-28 00:25:21.775 5545 5545 E ArmVmp : Match on catch block at 0xc3 in for 0xa1
02-28 00:25:21.783 5545 5545 E ArmVmp : Match on catch block at 0xc3 in for 0xa1
02-28 00:25:21.789 5545 5545 E ArmVmp : Match on catch block at 0xc3 in for 0xa5
02-28 00:25:21.798 5545 5545 E ArmVmp : Match on catch block at 0xc3 in for 0xa5
02-28 00:25:21.803 5545 5545 E ArmVmp : Match on catch block at 0xc3 in for 0xa9
02-28 00:25:21.816 5545 5545 E ArmVmp : Match on catch block at 0xc3 in for 0xa9
02-28 00:25:21.821 5545 5545 E ArmVmp : Match on catch block at 0xc3 in for 0xa1
02-28 00:25:21.833 5545 5545 E ArmVmp : Match on catch block at 0xc3 in for 0xa1
02-28 00:25:21.838 5545 5545 E ArmVmp : Match on catch block at 0xc3 in for 0xa5
02-28 00:25:21.850 5545 5545 E ArmVmp : Match on catch block at 0xc3 in for 0xa5
02-28 00:25:21.856 5545 5545 E ArmVmp : Match on catch block at 0xc3 in for 0xa9
02-28 00:25:21.878 5545 5545 E ArmVmp : Match on catch block at 0xc3 in for 0xa9
02-28 00:25:21.884 5545 5545 E ArmVmp : Match on catch block at 0xc3 in for 0xa1
02-28 00:25:21.911 5545 5545 E ArmVmp : Match on catch block at 0xc3 in for 0xa1
02-28 00:25:21.918 5545 5545 E ArmVmp : Match on catch block at 0xc3 in for 0xa5
02-28 00:25:21.926 5545 5545 E ArmVmp : Match on catch block at 0xc3 in for 0xa5
02-28 00:25:21.933 5545 5545 E ArmVmp : Match on catch block at 0xc3 in for 0xa9
02-28 00:25:21.944 5545 5545 E ArmVmp : Match on catch block at 0xc3 in for 0xa9
02-28 00:25:21.950 5545 5545 E ArmVmp : Match on catch block at 0xc3 in for 0xa1
02-28 00:25:21.958 5545 5545 E ArmVmp : Match on catch block at 0xc3 in for 0xa1
02-28 00:25:21.964 5545 5545 E ArmVmp : Match on catch block at 0xc3 in for 0xa5
02-28 00:25:21.976 5545 5545 E ArmVmp : Match on catch block at 0xc3 in for 0xa5
02-28 00:25:21.981 5545 5545 E ArmVmp : Match on catch block at 0xc3 in for 0xa9
02-28 00:25:21.992 5545 5545 E ArmVmp : Match on catch block at 0xc3 in for 0xa9
02-28 00:25:21.998 5545 5545 E ArmVmp : Match on catch block at 0xc3 in for 0xa1
02-28 00:25:22.015 5545 5545 E ArmVmp : Match on catch block at 0xc3 in for 0xa1
02-28 00:25:22.020 5545 5545 E ArmVmp : Match on catch block at 0xc3 in for 0xa5
02-28 00:25:22.028 5545 5545 E ArmVmp : Match on catch block at 0xc3 in for 0xa5
02-28 00:25:22.034 5545 5545 E ArmVmp : Match on catch block at 0xc3 in for 0xa9
02-28 00:25:26.701 5545 5565 E libc : Access denied finding property
"vendor.camera.aux.packagelist"
02-28 00:25:26.957 5545 5545 E ArmVmp : Match on catch block at 0xc3 in for 0xa1
02-28 00:25:26.965 5545 5545 E ArmVmp : Match on catch block at 0xc3 in for 0xa5
02-28 00:25:26.986 5545 5545 E ArmVmp : Match on catch block at 0xc3 in for 0xa9
02-28 00:25:26.992 5545 5545 E ArmVmp : Match on catch block at 0xc3 in for 0xa1
02-28 00:25:27.312 5545 5565 E libc : Access denied finding property
"vendor.camera.aux.packagelist"
02-28 00:25:27.489 5545 5545 E ArmVmp : Match on catch block at 0xc3 in for 0xa5
02-28 00:25:27.494 5545 5545 E ArmVmp : Match on catch block at 0xc3 in for 0xa9
02-28 00:25:27.744 5545 5545 E ArmVmp : Match on catch block at 0xc3 in for 0xa9
02-28 00:25:27.747 5545 5545 E ArmVmp : Match on catch block at 0xc3 in for 0xa1
02-28 00:25:27.757 5545 5545 E ArmVmp : Match on catch block at 0xc3 in for 0xa1
02-28 00:25:27.760 5545 5545 E ArmVmp : Match on catch block at 0xc3 in for 0xa5
02-28 00:25:27.774 5545 5545 E ArmVmp : Match on catch block at 0xc3 in for 0xa5
02-28 00:25:27.777 5545 5545 E ArmVmp : Match on catch block at 0xc3 in for 0xa9
02-28 00:25:27.790 5545 5545 E ArmVmp : Match on catch block at 0xc3 in for 0xa5
02-28 00:25:27.794 5545 5545 E ArmVmp : Match on catch block at 0xc3 in for 0xa9
02-28 00:25:27.806 5545 5545 E ArmVmp : Match on catch block at 0xc3 in for 0xa5
02-28 00:25:27.809 5545 5545 E ArmVmp : Match on catch block at 0xc3 in for 0xa9
02-28 00:25:27.823 5545 5545 E ArmVmp : Match on catch block at 0xc3 in for 0xa5
02-28 00:25:27.826 5545 5545 E ArmVmp : Match on catch block at 0xc3 in for 0xa9
02-28 00:25:27.839 5545 5545 E ArmVmp : Match on catch block at 0xc3 in for 0xa1
02-28 00:25:27.843 5545 5545 E ArmVmp : Match on catch block at 0xc3 in for 0xa5
02-28 00:25:27.856 5545 5545 E ArmVmp : Match on catch block at 0xc3 in for 0xa9
02-28 00:25:27.859 5545 5545 E ArmVmp : Match on catch block at 0xc3 in for 0xa1
02-28 00:25:27.873 5545 5545 E ArmVmp : Match on catch block at 0xc3 in for 0xa5
02-28 00:25:27.876 5545 5545 E ArmVmp : Match on catch block at 0xc3 in for 0xa9
02-28 00:25:27.890 5545 5545 E ArmVmp : Match on catch block at 0xc3 in for 0xa1
02-28 00:25:27.894 5545 5545 E ArmVmp : Match on catch block at 0xc3 in for 0xa5
02-28 00:25:27.908 5545 5545 E ArmVmp : Match on catch block at 0xc3 in for 0xa9
02-28 00:25:27.914 5545 5545 E ArmVmp : Match on catch block at 0xc3 in for 0xa1
02-28 00:25:27.925 5545 5545 E ArmVmp : Match on catch block at 0xc3 in for 0xa5
02-28 00:25:27.930 5545 5545 E ArmVmp : Match on catch block at 0xc3 in for 0xa9
02-28 00:25:27.942 5545 5545 E ArmVmp : Match on catch block at 0xc3 in for 0xa1
02-28 00:25:27.949 5545 5545 E ArmVmp : Match on catch block at 0xc3 in for 0xa5
02-28 00:25:27.959 5545 5545 E ArmVmp : Match on catch block at 0xc3 in for 0xa9
02-28 00:25:27.964 5545 5545 E ArmVmp : Match on catch block at 0xc3 in for 0xa1
02-28 00:25:27.973 5545 5545 E ArmVmp : Match on catch block at 0xc3 in for 0xa5
02-28 00:25:27.977 5545 5545 E ArmVmp : Match on catch block at 0xc3 in for 0xa9
02-28 00:25:27.991 5545 5545 E ArmVmp : Match on catch block at 0xc3 in for 0xa1
02-28 00:25:27.995 5545 5545 E ArmVmp : Match on catch block at 0xc3 in for 0xa5
02-28 00:25:28.008 5545 5545 E ArmVmp : Match on catch block at 0xc3 in for 0xa9
02-28 00:25:28.014 5545 5545 E ArmVmp : Match on catch block at 0xc3 in for 0xa1
02-28 00:25:28.025 5545 5545 E ArmVmp : Match on catch block at 0xc3 in for 0xa9
02-28 00:25:28.031 5545 5545 E ArmVmp : Match on catch block at 0xc3 in for 0xa1
02-28 00:25:28.167 5545 5545 E ArmVmp : Match on catch block at 0xc3 in for 0xa9
02-28 00:25:28.171 5545 5545 E ArmVmp : Match on catch block at 0xc3 in for 0xa1
02-28 00:25:28.184 5545 5545 E ArmVmp : Match on catch block at 0xc3 in for 0xa9
02-28 00:25:28.191 5545 5545 E ArmVmp : Match on catch block at 0xc3 in for 0xa1
02-28 00:25:28.197 5545 5545 E ArmVmp : Match on catch block at 0xc3 in for 0xa9
02-28 00:25:28.203 5545 5545 E ArmVmp : Match on catch block at 0xc3 in for 0xa1
02-28 00:25:28.211 5545 5545 E ArmVmp : Match on catch block at 0xc3 in for 0xa9
02-28 00:25:28.219 5545 5545 E ArmVmp : Match on catch block at 0xc3 in for 0xa1
02-28 00:25:28.224 5545 5545 E ArmVmp : Match on catch block at 0xc3 in for 0xa5
02-28 00:25:28.237 5545 5545 E ArmVmp : Match on catch block at 0xc3 in for 0xa9
02-28 00:25:28.248 5545 5545 E ArmVmp : Match on catch block at 0xc3 in for 0xa1
02-28 00:25:28.258 5545 5545 E ArmVmp : Match on catch block at 0xc3 in for 0xa5
02-28 00:25:28.268 5545 5545 E ArmVmp : Match on catch block at 0xc3 in for 0xa9
02-28 00:25:28.274 5545 5545 E ArmVmp : Match on catch block at 0xc3 in for 0xa1
02-28 00:25:28.281 5545 5545 E ArmVmp : Match on catch block at 0xc3 in for 0xa5
02-28 00:25:28.286 5545 5545 E ArmVmp : Match on catch block at 0xc3 in for 0xa9
02-28 00:25:28.299 5545 5545 E ArmVmp : Match on catch block at 0xc3 in for 0xa1
02-28 00:25:28.305 5545 5545 E ArmVmp : Match on catch block at 0xc3 in for 0xa5
02-28 00:25:28.314 5545 5545 E ArmVmp : Match on catch block at 0xc3 in for 0xa9
02-28 00:25:28.319 5545 5545 E ArmVmp : Match on catch block at 0xc3 in for 0xa1
02-28 00:25:28.340 5545 5545 E ArmVmp : Match on catch block at 0xc3 in for 0xa5
02-28 00:25:28.345 5545 5545 E ArmVmp : Match on catch block at 0xc3 in for 0xa9
02-28 00:25:28.350 5545 5545 E ArmVmp : Match on catch block at 0xc3 in for 0xa1
02-28 00:25:28.356 5545 5545 E ArmVmp : Match on catch block at 0xc3 in for 0xa5
02-28 00:25:28.361 5545 5545 E ArmVmp : Match on catch block at 0xc3 in for 0xa9
02-28 00:25:28.366 5545 5545 E ArmVmp : Match on catch block at 0xc3 in for 0xa1
02-28 00:25:28.373 5545 5545 E ArmVmp : Match on catch block at 0xc3 in for 0xa5
02-28 00:25:28.378 5545 5545 E ArmVmp : Match on catch block at 0xc3 in for 0xa9
02-28 00:25:28.389 5545 5545 E ArmVmp : Match on catch block at 0xc3 in for 0xa1
02-28 00:25:28.395 5545 5545 E ArmVmp : Match on catch block at 0xc3 in for 0xa5
02-28 00:25:28.407 5545 5545 E ArmVmp : Match on catch block at 0xc3 in for 0xa1
02-28 00:25:28.412 5545 5545 E ArmVmp : Match on catch block at 0xc3 in for 0xa5
02-28 00:25:28.498 5545 5545 E ArmVmp : Match on catch block at 0xc3 in for 0xa5
02-28 00:25:28.503 5545 5545 E ArmVmp : Match on catch block at 0xc3 in for 0xa9
02-28 00:25:28.545 5545 5545 E ArmVmp : Match on catch block at 0xc3 in for 0xa9
02-28 00:25:28.549 5545 5545 E ArmVmp : Match on catch block at 0xc3 in for 0xa1
02-28 00:25:28.663 5545 5545 E ArmVmp : Match on catch block at 0xc3 in for 0xa9
02-28 00:25:28.671 5545 5545 E ArmVmp : Match on catch block at 0xc3 in for 0xa1
02-28 00:25:29.005 5545 5545 E ArmVmp : Match on catch block at 0xc3 in for 0xa5
02-28 00:25:29.012 5545 5545 E ArmVmp : Match on catch block at 0xc3 in for 0xa9
02-28 00:25:34.625 5545 5565 E libc : Access denied finding property
"vendor.camera.aux.packagelist"
02-28 00:25:35.548 5545 5565 E libc : Access denied finding property
"vendor.camera.aux.packagelist"
02-28 00:25:36.686 5545 5545 E libc : Access denied finding property
"ro.vendor.scroll.preobtain.enable"
02-28 00:25:36.819 5545 5545 E ArmVmp : Match on catch block at 0x0a in for 0xc5
02-28 00:25:36.821 5545 5545 E ArmVmp : Match on catch block at 0x0a in for 0xc1
02-28 00:25:37.068 5545 5545 E ArmVmp : Match on catch block at 0xc3 in for 0xb5
02-28 00:25:37.076 5545 5545 E ArmVmp : Match on catch block at 0xc3 in for 0xb5
02-28 00:25:37.149 5545 5545 E ArmVmp : Match on catch block at 0xc3 in for 0xa1
02-28 00:25:37.152 5545 5545 E ArmVmp : Match on catch block at 0xc3 in for 0xa5
02-28 00:25:37.154 5545 5545 E ArmVmp : Match on catch block at 0xc3 in for 0xa5
02-28 00:25:37.184 5545 5545 E ArmVmp : Match on catch block at 0xc3 in for 0xa9
02-28 00:25:37.187 5545 5545 E ArmVmp : Match on catch block at 0xc3 in for 0xa1
02-28 00:25:37.189 5545 5545 E ArmVmp : Match on catch block at 0xc3 in for 0xa1
02-28 00:25:37.200 5545 5545 E ArmVmp : Match on catch block at 0xc3 in for 0xa5
02-28 00:25:37.205 5545 5545 E ArmVmp : Match on catch block at 0xc3 in for 0xa9
02-28 00:25:37.207 5545 5545 E ArmVmp : Match on catch block at 0xc3 in for 0xa9
02-28 00:25:37.677 5545 5545 E ArmVmp : Match on catch block at 0xc3 in for 0xa9
02-28 00:25:37.685 5545 5545 E ArmVmp : Match on catch block at 0xc3 in for 0xa1
02-28 00:25:37.687 5545 5545 E ArmVmp : Match on catch block at 0xc3 in for 0xa1
02-28 00:25:37.698 5545 5545 E ArmVmp : Match on catch block at 0xc3 in for 0xa5
02-28 00:25:37.702 5545 5545 E ArmVmp : Match on catch block at 0xc3 in for 0xa9
02-28 00:25:37.711 5545 5545 E ArmVmp : Match on catch block at 0xc3 in for 0xa9
02-28 00:25:37.714 5545 5545 E ArmVmp : Match on catch block at 0xc3 in for 0xa1
02-28 00:25:37.724 5545 5545 E ArmVmp : Match on catch block at 0xc3 in for 0xa1
02-28 00:25:37.727 5545 5545 E ArmVmp : Match on catch block at 0xc3 in for 0xa5
02-28 00:25:37.729 5545 5545 E ArmVmp : Match on catch block at 0xc3 in for 0xa5
02-28 00:25:37.740 5545 5545 E ArmVmp : Match on catch block at 0xc3 in for 0xa9
02-28 00:25:37.744 5545 5545 E ArmVmp : Match on catch block at 0xc3 in for 0xa1
02-28 00:25:37.756 5545 5545 E ArmVmp : Match on catch block at 0xc3 in for 0xa1
02-28 00:25:37.760 5545 5545 E ArmVmp : Match on catch block at 0xc3 in for 0xa5
02-28 00:25:37.762 5545 5545 E ArmVmp : Match on catch block at 0xc3 in for 0xa5
02-28 00:25:37.773 5545 5545 E ArmVmp : Match on catch block at 0xc3 in for 0xa1
02-28 00:25:37.777 5545 5545 E ArmVmp : Match on catch block at 0xc3 in for 0xa5
02-28 00:25:37.779 5545 5545 E ArmVmp : Match on catch block at 0xc3 in for 0xa5
02-28 00:25:37.790 5545 5545 E ArmVmp : Match on catch block at 0xc3 in for 0xa1
02-28 00:25:37.794 5545 5545 E ArmVmp : Match on catch block at 0xc3 in for 0xa5
02-28 00:25:37.796 5545 5545 E ArmVmp : Match on catch block at 0xc3 in for 0xa5
02-28 00:25:37.807 5545 5545 E ArmVmp : Match on catch block at 0xc3 in for 0xa1
02-28 00:25:37.810 5545 5545 E ArmVmp : Match on catch block at 0xc3 in for 0xa5
02-28 00:25:37.812 5545 5545 E ArmVmp : Match on catch block at 0xc3 in for 0xa5
02-28 00:25:37.825 5545 5545 E ArmVmp : Match on catch block at 0xc3 in for 0xa1
02-28 00:25:37.828 5545 5545 E ArmVmp : Match on catch block at 0xc3 in for 0xa5
02-28 00:25:37.831 5545 5545 E ArmVmp : Match on catch block at 0xc3 in for 0xa5
02-28 00:25:37.840 5545 5545 E ArmVmp : Match on catch block at 0xc3 in for 0xa1
02-28 00:25:37.844 5545 5545 E ArmVmp : Match on catch block at 0xc3 in for 0xa5
02-28 00:25:37.846 5545 5545 E ArmVmp : Match on catch block at 0xc3 in for 0xa5
02-28 00:25:37.857 5545 5545 E ArmVmp : Match on catch block at 0xc3 in for 0xa1
02-28 00:25:37.860 5545 5545 E ArmVmp : Match on catch block at 0xc3 in for 0xa5
02-28 00:25:37.863 5545 5545 E ArmVmp : Match on catch block at 0xc3 in for 0xa5
02-28 00:25:37.874 5545 5545 E ArmVmp : Match on catch block at 0xc3 in for 0xa1
02-28 00:25:37.879 5545 5545 E ArmVmp : Match on catch block at 0xc3 in for 0xa5
02-28 00:25:37.881 5545 5545 E ArmVmp : Match on catch block at 0xc3 in for 0xa5
02-28 00:25:37.891 5545 5545 E ArmVmp : Match on catch block at 0xc3 in for 0xa1
02-28 00:25:37.895 5545 5545 E ArmVmp : Match on catch block at 0xc3 in for 0xa5
02-28 00:25:37.898 5545 5545 E ArmVmp : Match on catch block at 0xc3 in for 0xa5
02-28 00:25:37.908 5545 5545 E ArmVmp : Match on catch block at 0xc3 in for 0xa1
02-28 00:25:37.914 5545 5545 E ArmVmp : Match on catch block at 0xc3 in for 0xa5
02-28 00:25:37.917 5545 5545 E ArmVmp : Match on catch block at 0xc3 in for 0xa5
02-28 00:25:37.925 5545 5545 E ArmVmp : Match on catch block at 0xc3 in for 0xa1
02-28 00:25:37.931 5545 5545 E ArmVmp : Match on catch block at 0xc3 in for 0xa5
02-28 00:25:37.934 5545 5545 E ArmVmp : Match on catch block at 0xc3 in for 0xa5
02-28 00:25:37.941 5545 5545 E ArmVmp : Match on catch block at 0xc3 in for 0xa1
02-28 00:25:37.947 5545 5545 E ArmVmp : Match on catch block at 0xc3 in for 0xa5
02-28 00:25:37.958 5545 5545 E ArmVmp : Match on catch block at 0xc3 in for 0xa5
02-28 00:25:37.964 5545 5545 E ArmVmp : Match on catch block at 0xc3 in for 0xa9
02-28 00:25:37.966 5545 5545 E ArmVmp : Match on catch block at 0xc3 in for 0xa9
02-28 00:25:37.974 5545 5545 E ArmVmp : Match on catch block at 0xc3 in for 0xa1
02-28 00:25:37.979 5545 5545 E ArmVmp : Match on catch block at 0xc3 in for 0xa5
02-28 00:25:37.981 5545 5545 E ArmVmp : Match on catch block at 0xc3 in for 0xa5
02-28 00:25:38.209 5545 5545 E ArmVmp : Match on catch block at 0xc3 in for 0xa9
02-28 00:25:38.215 5545 5545 E ArmVmp : Match on catch block at 0xc3 in for 0xa1
02-28 00:25:38.219 5545 5545 E ArmVmp : Match on catch block at 0xc3 in for 0xa1
02-28 00:25:38.376 5545 5545 E ArmVmp : Match on catch block at 0xc3 in for 0xa5
02-28 00:25:38.380 5545 5545 E ArmVmp : Match on catch block at 0xc3 in for 0xa9
02-28 00:25:38.382 5545 5545 E ArmVmp : Match on catch block at 0xc3 in for 0xa9
02-28 00:25:38.405 5545 5545 E ArmVmp : Match on catch block at 0xc3 in for 0xa1
02-28 00:25:38.410 5545 5545 E ArmVmp : Match on catch block at 0xc3 in for 0xa5
02-28 00:25:38.416 5545 5545 E ArmVmp : Match on catch block at 0xc3 in for 0xa5
02-28 00:25:38.464 5545 5545 E ArmVmp : Match on catch block at 0xc3 in for 0xa5
02-28 00:25:38.468 5545 5545 E ArmVmp : Match on catch block at 0xc3 in for 0xa9
02-28 00:25:38.470 5545 5545 E ArmVmp : Match on catch block at 0xc3 in for 0xa9
02-28 00:25:38.692 5545 5545 E ArmVmp : Match on catch block at 0xc3 in for 0xa5
02-28 00:25:38.695 5545 5545 E ArmVmp : Match on catch block at 0xc3 in for 0xa9
02-28 00:25:38.697 5545 5545 E ArmVmp : Match on catch block at 0xc3 in for 0xa9
02-28 00:25:38.706 5545 5545 E ArmVmp : Match on catch block at 0xc3 in for 0xa1
02-28 00:25:38.710 5545 5545 E ArmVmp : Match on catch block at 0xc3 in for 0xa5
02-28 00:25:38.712 5545 5545 E ArmVmp : Match on catch block at 0xc3 in for 0xa5
02-28 00:25:38.723 5545 5545 E ArmVmp : Match on catch block at 0xc3 in for 0xa9
02-28 00:25:38.726 5545 5545 E ArmVmp : Match on catch block at 0xc3 in for 0xa1
02-28 00:25:38.729 5545 5545 E ArmVmp : Match on catch block at 0xc3 in for 0xa1
02-28 00:25:38.754 5545 5545 E ArmVmp : Match on catch block at 0xc3 in for 0xa5
02-28 00:25:38.758 5545 5545 E ArmVmp : Match on catch block at 0xc3 in for 0xa9
02-28 00:25:38.760 5545 5545 E ArmVmp : Match on catch block at 0xc3 in for 0xa9
02-28 00:25:45.464 5545 5564 E libc : Access denied finding property
"vendor.camera.aux.packagelist"
02-28 00:25:51.843 5545 5564 E libc : Access denied finding property
"vendor.camera.aux.packagelist"
02-28 00:26:46.606 5545 5545 E libc : Access denied finding property
"ro.vendor.scroll.preobtain.enable"
02-28 00:29:26.299 5545 14175 E NetdClient: querySockNetidForUid nid:0, uid:10291,
command.cmdId:11, id:0
02-28 00:29:27.018 5545 5608 E SQLiteDatabase: Error inserting transferred=1
media_job_uuid=4f340193-0118-4b97-8659-0ebbe060df8f transcoded=0 gif_attribution=0
first_scan_length=4740 direct_path=/o1/v/t62.7118-24/f1/m231/up-oil-image-39ce5723-
e4d8-49a4-ba74-5922636ca709?ccb=9-4&oh=01_AdQ-
124QmKdB6m7bQcSutwchfOmupDeLjud9DhoV0WkT-w&oe=6605A231&_nc_sid=000000
thumbnail_height_width_ratio=1.6 is_animated_sticker=0
file_hash=CDnTX/9HvC+1EXc0mJ75ltfo0Ej4/Z9951p/MNHUuN8=
file_path=Media/.Statuses/f4f03de79a284c978cd198f9c131b579.jpg file_size=35836
partial_media_hash=ZJ2DoWoAIROrU+4B7iiHIwsV78VsIVnT0bicHNEJL84= face_x=0 face_y=0
height=1080 trim_to=0 media_key_timestamp=1709054963000
message_url=https://mmg.whatsapp.net/o1/v/t62.7118-24/f1/m231/up-oil-image-
39ce5723-e4d8-49a4-ba74-5922636ca709?ccb=9-4&oh=01_AdQ-
124QmKdB6m7bQcSutwchfOmupDeLjud9DhoV0WkT-w&oe=6605A231&_nc_sid=000000&mms3=true
media_caption=null trim_from=0 mime_type=image/jpeg partial_media_enc_hash=null
width=673 original_file_hash=null has_streaming_sidecar=1
autotransfer_retry_enabled=1 media_upload_handle=null message_row_id=17243
multicast_id=null enc_file_hash=oXqcCwROrdwEWEH1dbTo4yeJJ8Wu4BLJqxsznurzxD4=
mute_video=0 page_count=0 first_scan_sidecar=[B@1198533 suspicious_content=0
file_length=35836 media_name=null media_duration=0 chat_row_id=9
media_key=[B@6e570f0
02-28 00:29:27.018 5545 5608 E SQLiteDatabase:
android.database.sqlite.SQLiteConstraintException: UNIQUE constraint failed:
message_media.message_row_id (code 1555 SQLITE_CONSTRAINT_PRIMARYKEY)
02-28 00:29:27.018 5545 5608 E SQLiteDatabase: at
android.database.sqlite.SQLiteConnection.nativeExecuteForLastInsertedRowId(Native
Method)
02-28 00:29:27.018 5545 5608 E SQLiteDatabase: at
android.database.sqlite.SQLiteConnection.executeForLastInsertedRowId(SQLiteConnecti
on.java:923)
02-28 00:29:27.018 5545 5608 E SQLiteDatabase: at
android.database.sqlite.SQLiteSession.executeForLastInsertedRowId(SQLiteSession.jav
a:790)
02-28 00:29:27.018 5545 5608 E SQLiteDatabase: at
android.database.sqlite.SQLiteStatement.executeInsert(SQLiteStatement.java:98)
02-28 00:29:27.018 5545 5608 E SQLiteDatabase: at
android.database.sqlite.SQLiteDatabase.insertWithOnConflict(SQLiteDatabase.java:160
6)
02-28 00:29:27.018 5545 5608 E SQLiteDatabase: at
android.database.sqlite.SQLiteDatabase.insert(SQLiteDatabase.java:1475)
02-28 00:29:27.018 5545 5608 E SQLiteDatabase: at X.2tm.A08(Unknown
Source:6)
02-28 00:29:27.018 5545 5608 E SQLiteDatabase: at X.35Y.A07(Unknown
Source:212)
02-28 00:29:27.018 5545 5608 E SQLiteDatabase: at X.3QF.A14(Unknown
Source:470)
02-28 00:29:27.018 5545 5608 E SQLiteDatabase: at X.3gU.run(Unknown
Source:982)
02-28 00:29:27.018 5545 5608 E SQLiteDatabase: at
android.os.Handler.handleCallback(Handler.java:883)
02-28 00:29:27.018 5545 5608 E SQLiteDatabase: at
android.os.Handler.dispatchMessage(Handler.java:100)
02-28 00:29:27.018 5545 5608 E SQLiteDatabase: at
X.0zq.dispatchMessage(Unknown Source:4)
02-28 00:29:27.018 5545 5608 E SQLiteDatabase: at
android.os.Looper.loop(Looper.java:230)
02-28 00:29:27.018 5545 5608 E SQLiteDatabase: at
android.os.HandlerThread.run(HandlerThread.java:67)
02-28 00:30:59.412 5545 5566 E libc : Access denied finding property
"vendor.camera.aux.packagelist"
02-28 00:30:59.419 5545 5566 E libc : Access denied finding property
"vendor.camera.aux.packagelist"
02-28 00:31:01.361 5545 14170 E libc : Access denied finding property
"vendor.camera.aux.packagelist"
02-28 00:31:01.468 5545 5545 E ArmVmp : Match on catch block at 0x0a in for 0xc1
02-28 00:31:01.493 5545 5545 E ArmVmp : Match on catch block at 0x0a in for
0x135
02-28 00:31:01.526 5545 14816 E NetdClient: querySockNetidForUid nid:0, uid:10291,
command.cmdId:11, id:0
02-28 00:31:01.627 5545 9411 E NetdClient: querySockNetidForUid nid:0, uid:10291,
command.cmdId:11, id:0
02-28 00:31:01.713 5545 14170 E libc : Access denied finding property
"vendor.camera.aux.packagelist"
02-28 00:31:01.799 5545 5545 E libc : Access denied finding property
"ro.vendor.scroll.preobtain.enable"
02-28 00:31:01.938 5545 5545 E libc : Access denied finding property
"ro.vendor.scroll.preobtain.enable"
02-28 00:31:02.425 5545 5545 E RecyclerView: No adapter attached; skipping layout
02-28 00:31:02.483 5545 5545 E ArmVmp : Match on catch block at 0x0a in for 0xd1
02-28 00:31:02.527 5545 5545 E RecyclerView: No adapter attached; skipping layout
02-28 00:31:04.263 5545 5545 E libc : Access denied finding property
"ro.vendor.scroll.preobtain.enable"
02-28 00:31:05.790 5545 5545 E libc : Access denied finding property
"ro.vendor.scroll.preobtain.enable"
02-28 00:31:05.927 5545 5545 E ArmVmp : Match on catch block at 0x0a in for 0xc5
02-28 00:31:05.930 5545 5545 E ArmVmp : Match on catch block at 0x0a in for 0xc1
02-28 00:31:05.970 5545 9411 E NetdClient: querySockNetidForUid nid:0, uid:10291,
command.cmdId:11, id:0
02-28 00:31:06.151 5545 5545 E ArmVmp : Match on catch block at 0xc3 in for 0xb1
02-28 00:31:06.160 5545 5545 E ArmVmp : Match on catch block at 0xc3 in for 0xb1
02-28 00:31:06.233 5545 5545 E ArmVmp : Match on catch block at 0xc3 in for 0xa9
02-28 00:31:06.236 5545 5545 E ArmVmp : Match on catch block at 0xc3 in for 0xa1
02-28 00:31:06.239 5545 5545 E ArmVmp : Match on catch block at 0xc3 in for 0xa1
02-28 00:31:06.272 5545 5545 E ArmVmp : Match on catch block at 0xc3 in for 0xa9
02-28 00:31:06.275 5545 5545 E ArmVmp : Match on catch block at 0xc3 in for 0xa1
02-28 00:31:06.277 5545 5545 E ArmVmp : Match on catch block at 0xc3 in for 0xa1
02-28 00:31:06.291 5545 5545 E ArmVmp : Match on catch block at 0xc3 in for 0xa1
02-28 00:31:06.296 5545 5545 E ArmVmp : Match on catch block at 0xc3 in for 0xa5
02-28 00:31:06.298 5545 5545 E ArmVmp : Match on catch block at 0xc3 in for 0xa5
02-28 00:31:06.754 5545 5545 E ArmVmp : Match on catch block at 0xc3 in for 0xa5
02-28 00:31:06.757 5545 5545 E ArmVmp : Match on catch block at 0xc3 in for 0xa9
02-28 00:31:06.760 5545 5545 E ArmVmp : Match on catch block at 0xc3 in for 0xa9
02-28 00:31:06.770 5545 5545 E ArmVmp : Match on catch block at 0xc3 in for 0xa1
02-28 00:31:06.774 5545 5545 E ArmVmp : Match on catch block at 0xc3 in for 0xa5
02-28 00:31:06.776 5545 5545 E ArmVmp : Match on catch block at 0xc3 in for 0xa5
02-28 00:31:06.787 5545 5545 E ArmVmp : Match on catch block at 0xc3 in for 0xa9
02-28 00:31:06.790 5545 5545 E ArmVmp : Match on catch block at 0xc3 in for 0xa1
02-28 00:31:06.792 5545 5545 E ArmVmp : Match on catch block at 0xc3 in for 0xa1
02-28 00:31:06.804 5545 5545 E ArmVmp : Match on catch block at 0xc3 in for 0xa5
02-28 00:31:06.808 5545 5545 E ArmVmp : Match on catch block at 0xc3 in for 0xa9
02-28 00:31:06.820 5545 5545 E ArmVmp : Match on catch block at 0xc3 in for 0xa9
02-28 00:31:06.825 5545 5545 E ArmVmp : Match on catch block at 0xc3 in for 0xa1
02-28 00:31:06.828 5545 5545 E ArmVmp : Match on catch block at 0xc3 in for 0xa1
02-28 00:31:06.837 5545 5545 E ArmVmp : Match on catch block at 0xc3 in for 0xa5
02-28 00:31:06.841 5545 5545 E ArmVmp : Match on catch block at 0xc3 in for 0xa9
02-28 00:31:06.844 5545 5545 E ArmVmp : Match on catch block at 0xc3 in for 0xa9
02-28 00:31:06.853 5545 5545 E ArmVmp : Match on catch block at 0xc3 in for 0xa1
02-28 00:31:06.858 5545 5545 E ArmVmp : Match on catch block at 0xc3 in for 0xa5
02-28 00:31:06.860 5545 5545 E ArmVmp : Match on catch block at 0xc3 in for 0xa5
02-28 00:31:06.870 5545 5545 E ArmVmp : Match on catch block at 0xc3 in for 0xa9
02-28 00:31:06.875 5545 5545 E ArmVmp : Match on catch block at 0xc3 in for 0xa1
02-28 00:31:06.877 5545 5545 E ArmVmp : Match on catch block at 0xc3 in for 0xa1
02-28 00:31:06.888 5545 5545 E ArmVmp : Match on catch block at 0xc3 in for 0xa5
02-28 00:31:06.893 5545 5545 E ArmVmp : Match on catch block at 0xc3 in for 0xa9
02-28 00:31:06.896 5545 5545 E ArmVmp : Match on catch block at 0xc3 in for 0xa9
02-28 00:31:06.905 5545 5545 E ArmVmp : Match on catch block at 0xc3 in for 0xa1
02-28 00:31:06.909 5545 5545 E ArmVmp : Match on catch block at 0xc3 in for 0xa5
02-28 00:31:06.912 5545 5545 E ArmVmp : Match on catch block at 0xc3 in for 0xa5
02-28 00:31:06.921 5545 5545 E ArmVmp : Match on catch block at 0xc3 in for 0xa9
02-28 00:31:06.926 5545 5545 E ArmVmp : Match on catch block at 0xc3 in for 0xa1
02-28 00:31:06.929 5545 5545 E ArmVmp : Match on catch block at 0xc3 in for 0xa1
02-28 00:31:06.937 5545 5545 E ArmVmp : Match on catch block at 0xc3 in for 0xa5
02-28 00:31:06.941 5545 5545 E ArmVmp : Match on catch block at 0xc3 in for 0xa9
02-28 00:31:06.944 5545 5545 E ArmVmp : Match on catch block at 0xc3 in for 0xa9
02-28 00:31:06.954 5545 5545 E ArmVmp : Match on catch block at 0xc3 in for 0xa1
02-28 00:31:06.959 5545 5545 E ArmVmp : Match on catch block at 0xc3 in for 0xa5
02-28 00:31:06.963 5545 5545 E ArmVmp : Match on catch block at 0xc3 in for 0xa5
02-28 00:31:06.971 5545 5545 E ArmVmp : Match on catch block at 0xc3 in for 0xa9
02-28 00:31:06.976 5545 5545 E ArmVmp : Match on catch block at 0xc3 in for 0xa1
02-28 00:31:06.979 5545 5545 E ArmVmp : Match on catch block at 0xc3 in for 0xa1
02-28 00:31:06.987 5545 5545 E ArmVmp : Match on catch block at 0xc3 in for 0xa5
02-28 00:31:06.993 5545 5545 E ArmVmp : Match on catch block at 0xc3 in for 0xa9
02-28 00:31:06.996 5545 5545 E ArmVmp : Match on catch block at 0xc3 in for 0xa9
02-28 00:31:07.004 5545 5545 E ArmVmp : Match on catch block at 0xc3 in for 0xa1
02-28 00:31:07.009 5545 5545 E ArmVmp : Match on catch block at 0xc3 in for 0xa5
02-28 00:31:07.013 5545 5545 E ArmVmp : Match on catch block at 0xc3 in for 0xa5
02-28 00:31:07.021 5545 5545 E ArmVmp : Match on catch block at 0xc3 in for 0xa9
02-28 00:31:07.026 5545 5545 E ArmVmp : Match on catch block at 0xc3 in for 0xa1
02-28 00:31:07.029 5545 5545 E ArmVmp : Match on catch block at 0xc3 in for 0xa1
02-28 00:31:07.037 5545 5545 E ArmVmp : Match on catch block at 0xc3 in for 0xa5
02-28 00:31:07.043 5545 5545 E ArmVmp : Match on catch block at 0xc3 in for 0xa9
02-28 00:31:07.046 5545 5545 E ArmVmp : Match on catch block at 0xc3 in for 0xa9
02-28 00:31:07.054 5545 5545 E ArmVmp : Match on catch block at 0xc3 in for 0xa1
02-28 00:31:07.058 5545 5545 E ArmVmp : Match on catch block at 0xc3 in for 0xa5
02-28 00:31:07.061 5545 5545 E ArmVmp : Match on catch block at 0xc3 in for 0xa5
02-28 00:31:07.070 5545 5545 E ArmVmp : Match on catch block at 0xc3 in for 0xa9
02-28 00:31:07.075 5545 5545 E ArmVmp : Match on catch block at 0xc3 in for 0xa1
02-28 00:31:07.077 5545 5545 E ArmVmp : Match on catch block at 0xc3 in for 0xa1
02-28 00:31:07.275 5545 5545 E ArmVmp : Match on catch block at 0xc3 in for 0xa5
02-28 00:31:07.287 5545 5545 E ArmVmp : Match on catch block at 0xc3 in for 0xa9
02-28 00:31:07.292 5545 5545 E ArmVmp : Match on catch block at 0xc3 in for 0xa9
02-28 00:31:07.772 5545 5545 E ArmVmp : Match on catch block at 0xc3 in for 0xa1
02-28 00:31:07.780 5545 5545 E ArmVmp : Match on catch block at 0xc3 in for 0xa5
02-28 00:31:07.784 5545 5545 E ArmVmp : Match on catch block at 0xc3 in for 0xa5
02-28 00:31:07.870 5545 5545 E ArmVmp : Match on catch block at 0xc3 in for 0xa9
02-28 00:31:07.874 5545 5545 E ArmVmp : Match on catch block at 0xc3 in for 0xa1
02-28 00:31:07.876 5545 5545 E ArmVmp : Match on catch block at 0xc3 in for 0xa1
02-28 00:31:07.886 5545 5545 E ArmVmp : Match on catch block at 0xc3 in for 0xa5
02-28 00:31:07.890 5545 5545 E ArmVmp : Match on catch block at 0xc3 in for 0xa9
02-28 00:31:07.893 5545 5545 E ArmVmp : Match on catch block at 0xc3 in for 0xa9
02-28 00:31:07.903 5545 5545 E ArmVmp : Match on catch block at 0xc3 in for 0xa1
02-28 00:31:07.907 5545 5545 E ArmVmp : Match on catch block at 0xc3 in for 0xa5
02-28 00:31:07.910 5545 5545 E ArmVmp : Match on catch block at 0xc3 in for 0xa5
02-28 00:31:07.920 5545 5545 E ArmVmp : Match on catch block at 0xc3 in for 0xa9
02-28 00:31:07.924 5545 5545 E ArmVmp : Match on catch block at 0xc3 in for 0xa1
02-28 00:31:07.927 5545 5545 E ArmVmp : Match on catch block at 0xc3 in for 0xa1
02-28 00:31:07.936 5545 5545 E ArmVmp : Match on catch block at 0xc3 in for 0xa5
02-28 00:31:07.940 5545 5545 E ArmVmp : Match on catch block at 0xc3 in for 0xa9
02-28 00:31:07.943 5545 5545 E ArmVmp : Match on catch block at 0xc3 in for 0xa9
02-28 00:31:07.953 5545 5545 E ArmVmp : Match on catch block at 0xc3 in for 0xa1
02-28 00:31:07.957 5545 5545 E ArmVmp : Match on catch block at 0xc3 in for 0xa5
02-28 00:31:07.959 5545 5545 E ArmVmp : Match on catch block at 0xc3 in for 0xa5
02-28 00:31:07.970 5545 5545 E ArmVmp : Match on catch block at 0xc3 in for 0xa9
02-28 00:31:07.974 5545 5545 E ArmVmp : Match on catch block at 0xc3 in for 0xa1
02-28 00:31:07.976 5545 5545 E ArmVmp : Match on catch block at 0xc3 in for 0xa1
02-28 00:31:07.987 5545 5545 E ArmVmp : Match on catch block at 0xc3 in for 0xa5
02-28 00:31:07.991 5545 5545 E ArmVmp : Match on catch block at 0xc3 in for 0xa9
02-28 00:31:07.994 5545 5545 E ArmVmp : Match on catch block at 0xc3 in for 0xa9
02-28 00:31:08.003 5545 5545 E ArmVmp : Match on catch block at 0xc3 in for 0xa1
02-28 00:31:08.007 5545 5545 E ArmVmp : Match on catch block at 0xc3 in for 0xa5
02-28 00:31:08.010 5545 5545 E ArmVmp : Match on catch block at 0xc3 in for 0xa5
02-28 00:31:08.020 5545 5545 E ArmVmp : Match on catch block at 0xc3 in for 0xa9
02-28 00:31:08.024 5545 5545 E ArmVmp : Match on catch block at 0xc3 in for 0xa1
02-28 00:31:08.027 5545 5545 E ArmVmp : Match on catch block at 0xc3 in for 0xa1
02-28 00:31:08.036 5545 5545 E ArmVmp : Match on catch block at 0xc3 in for 0xa5
02-28 00:31:08.041 5545 5545 E ArmVmp : Match on catch block at 0xc3 in for 0xa9
02-28 00:31:08.043 5545 5545 E ArmVmp : Match on catch block at 0xc3 in for 0xa9
02-28 00:31:08.053 5545 5545 E ArmVmp : Match on catch block at 0xc3 in for 0xa1
02-28 00:31:08.057 5545 5545 E ArmVmp : Match on catch block at 0xc3 in for 0xa5
02-28 00:31:08.060 5545 5545 E ArmVmp : Match on catch block at 0xc3 in for 0xa5
02-28 00:31:08.070 5545 5545 E ArmVmp : Match on catch block at 0xc3 in for 0xa9
02-28 00:31:08.074 5545 5545 E ArmVmp : Match on catch block at 0xc3 in for 0xa1
02-28 00:31:08.076 5545 5545 E ArmVmp : Match on catch block at 0xc3 in for 0xa1
02-28 00:31:08.086 5545 5545 E ArmVmp : Match on catch block at 0xc3 in for 0xa5
02-28 00:31:08.090 5545 5545 E ArmVmp : Match on catch block at 0xc3 in for 0xa9
02-28 00:31:08.092 5545 5545 E ArmVmp : Match on catch block at 0xc3 in for 0xa9
02-28 00:31:08.103 5545 5545 E ArmVmp : Match on catch block at 0xc3 in for 0xa1
02-28 00:31:08.107 5545 5545 E ArmVmp : Match on catch block at 0xc3 in for 0xa5
02-28 00:31:08.109 5545 5545 E ArmVmp : Match on catch block at 0xc3 in for 0xa5
02-28 00:31:08.120 5545 5545 E ArmVmp : Match on catch block at 0xc3 in for 0xa9
02-28 00:31:08.124 5545 5545 E ArmVmp : Match on catch block at 0xc3 in for 0xa1
02-28 00:31:08.126 5545 5545 E ArmVmp : Match on catch block at 0xc3 in for 0xa1
02-28 00:31:08.270 5545 5545 E ArmVmp : Match on catch block at 0xc3 in for 0xa5
02-28 00:31:08.274 5545 5545 E ArmVmp : Match on catch block at 0xc3 in for 0xa9
02-28 00:31:08.277 5545 5545 E ArmVmp : Match on catch block at 0xc3 in for 0xa9
02-28 00:31:08.799 5545 5545 E ArmVmp : Match on catch block at 0xc3 in for 0xa1
02-28 00:31:08.809 5545 5545 E ArmVmp : Match on catch block at 0xc3 in for 0xa5
02-28 00:31:08.815 5545 5545 E ArmVmp : Match on catch block at 0xc3 in for 0xa5
02-28 00:31:09.278 5545 5545 E ArmVmp : Match on catch block at 0xc3 in for 0xa5
02-28 00:31:09.284 5545 5545 E ArmVmp : Match on catch block at 0xc3 in for 0xa9
02-28 00:31:09.288 5545 5545 E ArmVmp : Match on catch block at 0xc3 in for 0xa9
02-28 00:31:09.779 5545 5545 E ArmVmp : Match on catch block at 0xc3 in for 0xa5
02-28 00:31:09.788 5545 5545 E ArmVmp : Match on catch block at 0xc3 in for 0xa9
02-28 00:31:09.795 5545 5545 E ArmVmp : Match on catch block at 0xc3 in for 0xa9
02-28 00:31:10.287 5545 5545 E ArmVmp : Match on catch block at 0xc3 in for 0xa1
02-28 00:31:10.300 5545 5545 E ArmVmp : Match on catch block at 0xc3 in for 0xa5
02-28 00:31:10.305 5545 5545 E ArmVmp : Match on catch block at 0xc3 in for 0xa5
02-28 00:31:10.784 5545 5545 E ArmVmp : Match on catch block at 0xc3 in for 0xa9
02-28 00:31:10.799 5545 5545 E ArmVmp : Match on catch block at 0xc3 in for 0xa1
02-28 00:31:10.806 5545 5545 E ArmVmp : Match on catch block at 0xc3 in for 0xa1
02-28 00:31:11.288 5545 5545 E ArmVmp : Match on catch block at 0xc3 in for 0xa5
02-28 00:31:11.317 5545 5545 E ArmVmp : Match on catch block at 0xc3 in for 0xa9
02-28 00:31:11.323 5545 5545 E ArmVmp : Match on catch block at 0xc3 in for 0xa9
02-28 00:31:11.807 5545 5545 E ArmVmp : Match on catch block at 0xc3 in for 0xa1
02-28 00:31:11.821 5545 5545 E ArmVmp : Match on catch block at 0xc3 in for 0xa5
02-28 00:31:11.826 5545 5545 E ArmVmp : Match on catch block at 0xc3 in for 0xa5
02-28 00:31:12.259 5545 5545 E ArmVmp : Match on catch block at 0xc3 in for 0xa1
02-28 00:31:12.268 5545 5545 E ArmVmp : Match on catch block at 0xc3 in for 0xa5
02-28 00:31:12.273 5545 5545 E ArmVmp : Match on catch block at 0xc3 in for 0xa5
02-28 00:31:12.282 5545 5545 E ArmVmp : Match on catch block at 0xc3 in for 0xa9
02-28 00:31:12.288 5545 5545 E ArmVmp : Match on catch block at 0xc3 in for 0xa1
02-28 00:31:12.292 5545 5545 E ArmVmp : Match on catch block at 0xc3 in for 0xa1
02-28 00:31:12.299 5545 5545 E ArmVmp : Match on catch block at 0xc3 in for 0xa5
02-28 00:31:12.305 5545 5545 E ArmVmp : Match on catch block at 0xc3 in for 0xa9
02-28 00:31:12.308 5545 5545 E ArmVmp : Match on catch block at 0xc3 in for 0xa9
02-28 00:31:12.480 5545 5545 E ArmVmp : Match on catch block at 0xc3 in for 0xa5
02-28 00:31:12.485 5545 5545 E ArmVmp : Match on catch block at 0xc3 in for 0xa9
02-28 00:31:12.488 5545 5545 E ArmVmp : Match on catch block at 0xc3 in for 0xa9
02-28 00:31:12.500 5545 5545 E ArmVmp : Match on catch block at 0xc3 in for 0xa1
02-28 00:31:12.507 5545 5545 E ArmVmp : Match on catch block at 0xc3 in for 0xa5
02-28 00:31:12.510 5545 5545 E ArmVmp : Match on catch block at 0xc3 in for 0xa5
02-28 00:31:12.807 5545 5545 E ArmVmp : Match on catch block at 0xc3 in for 0xa9
02-28 00:31:12.814 5545 5545 E ArmVmp : Match on catch block at 0xc3 in for 0xa1
02-28 00:31:13.097 5545 5545 E ArmVmp : Match on catch block at 0xc3 in for 0xa1
02-28 00:31:13.103 5545 5545 E ArmVmp : Match on catch block at 0xc3 in for 0xa5
02-28 00:31:13.130 5545 5545 E ArmVmp : Match on catch block at 0xc3 in for 0xa5
02-28 00:31:13.133 5545 5545 E ArmVmp : Match on catch block at 0xc3 in for 0xa9
02-28 00:31:13.136 5545 5545 E ArmVmp : Match on catch block at 0xc3 in for 0xa9
02-28 00:31:13.153 5545 5545 E ArmVmp : Match on catch block at 0xc3 in for 0xa1
02-28 00:31:13.157 5545 5545 E ArmVmp : Match on catch block at 0xc3 in for 0xa5
02-28 00:31:13.160 5545 5545 E ArmVmp : Match on catch block at 0xc3 in for 0xa5
02-28 00:31:13.170 5545 5545 E ArmVmp : Match on catch block at 0xc3 in for 0xa9
02-28 00:31:13.174 5545 5545 E ArmVmp : Match on catch block at 0xc3 in for 0xa1
02-28 00:31:13.177 5545 5545 E ArmVmp : Match on catch block at 0xc3 in for 0xa1
02-28 00:31:13.186 5545 5545 E ArmVmp : Match on catch block at 0xc3 in for 0xa5
02-28 00:31:13.190 5545 5545 E ArmVmp : Match on catch block at 0xc3 in for 0xa9
02-28 00:31:13.192 5545 5545 E ArmVmp : Match on catch block at 0xc3 in for 0xa9
02-28 00:31:13.206 5545 5545 E ArmVmp : Match on catch block at 0xc3 in for 0xa1
02-28 00:31:13.209 5545 5545 E ArmVmp : Match on catch block at 0xc3 in for 0xa5
02-28 00:31:13.212 5545 5545 E ArmVmp : Match on catch block at 0xc3 in for 0xa5
02-28 00:31:13.220 5545 5545 E ArmVmp : Match on catch block at 0xc3 in for 0xa9
02-28 00:31:13.223 5545 5545 E ArmVmp : Match on catch block at 0xc3 in for 0xa1
02-28 00:31:13.225 5545 5545 E ArmVmp : Match on catch block at 0xc3 in for 0xa1
02-28 00:31:13.237 5545 5545 E ArmVmp : Match on catch block at 0xc3 in for 0xa5
02-28 00:31:13.240 5545 5545 E ArmVmp : Match on catch block at 0xc3 in for 0xa9
02-28 00:31:13.242 5545 5545 E ArmVmp : Match on catch block at 0xc3 in for 0xa9
02-28 00:31:13.253 5545 5545 E ArmVmp : Match on catch block at 0xc3 in for 0xa1
02-28 00:31:13.257 5545 5545 E ArmVmp : Match on catch block at 0xc3 in for 0xa5
02-28 00:31:13.260 5545 5545 E ArmVmp : Match on catch block at 0xc3 in for 0xa5
02-28 00:31:13.269 5545 5545 E ArmVmp : Match on catch block at 0xc3 in for 0xa9
02-28 00:31:13.274 5545 5545 E ArmVmp : Match on catch block at 0xc3 in for 0xa1
02-28 00:31:13.276 5545 5545 E ArmVmp : Match on catch block at 0xc3 in for 0xa1
02-28 00:31:13.288 5545 5545 E ArmVmp : Match on catch block at 0xc3 in for 0xa5
02-28 00:31:13.292 5545 5545 E ArmVmp : Match on catch block at 0xc3 in for 0xa9
02-28 00:31:13.296 5545 5545 E ArmVmp : Match on catch block at 0xc3 in for 0xa9
02-28 00:31:13.356 5545 5545 E ArmVmp : Match on catch block at 0xc3 in for 0xa1
02-28 00:31:13.365 5545 5545 E ArmVmp : Match on catch block at 0xc3 in for 0xa5
02-28 00:31:13.370 5545 5545 E ArmVmp : Match on catch block at 0xc3 in for 0xa5
02-28 00:31:13.507 5545 5545 E ArmVmp : Match on catch block at 0xc3 in for 0xa9
02-28 00:31:13.516 5545 5545 E ArmVmp : Match on catch block at 0xc3 in for 0xa1
02-28 00:31:13.520 5545 5545 E ArmVmp : Match on catch block at 0xc3 in for 0xa1
02-28 00:31:13.638 5545 5545 E ArmVmp : Match on catch block at 0xc3 in for 0xa5
02-28 00:31:13.644 5545 5545 E ArmVmp : Match on catch block at 0xc3 in for 0xa9
02-28 00:31:13.648 5545 5545 E ArmVmp : Match on catch block at 0xc3 in for 0xa9
02-28 00:31:13.740 5545 5545 E ArmVmp : Match on catch block at 0xc3 in for 0xa1
02-28 00:31:13.746 5545 5545 E ArmVmp : Match on catch block at 0xc3 in for 0xa5
02-28 00:31:13.752 5545 5545 E ArmVmp : Match on catch block at 0xc3 in for 0xa5
02-28 00:31:14.040 5545 5545 E ArmVmp : Match on catch block at 0xc3 in for 0xa9
02-28 00:31:14.047 5545 5545 E ArmVmp : Match on catch block at 0xc3 in for 0xa1
02-28 00:31:14.051 5545 5545 E ArmVmp : Match on catch block at 0xc3 in for 0xa1
02-28 00:31:14.062 5545 5545 E ArmVmp : Match on catch block at 0xc3 in for 0xa5
02-28 00:31:14.067 5545 5545 E ArmVmp : Match on catch block at 0xc3 in for 0xa9
02-28 00:31:14.071 5545 5545 E ArmVmp : Match on catch block at 0xc3 in for 0xa9
02-28 00:31:14.078 5545 5545 E ArmVmp : Match on catch block at 0xc3 in for 0xa1
02-28 00:31:14.083 5545 5545 E ArmVmp : Match on catch block at 0xc3 in for 0xa5
02-28 00:31:14.087 5545 5545 E ArmVmp : Match on catch block at 0xc3 in for 0xa5
02-28 00:31:14.092 5545 5545 E ArmVmp : Match on catch block at 0xc3 in for 0xa9
02-28 00:31:14.096 5545 5545 E ArmVmp : Match on catch block at 0xc3 in for 0xa1
02-28 00:31:14.099 5545 5545 E ArmVmp : Match on catch block at 0xc3 in for 0xa1
02-28 00:31:14.105 5545 5545 E ArmVmp : Match on catch block at 0xc3 in for 0xa5
02-28 00:31:14.110 5545 5545 E ArmVmp : Match on catch block at 0xc3 in for 0xa9
02-28 00:31:14.112 5545 5545 E ArmVmp : Match on catch block at 0xc3 in for 0xa9
02-28 00:31:14.121 5545 5545 E ArmVmp : Match on catch block at 0xc3 in for 0xa1
