The document appears to be log output from an Android application. It reports errors loading classes and resources, permission denials, and warnings about lock verification failures during startup of the com.mbwhatsapp application.
The document appears to be log output from an Android application. It reports errors loading classes and resources, permission denials, and warnings about lock verification failures during startup of the com.mbwhatsapp application.
The document appears to be log output from an Android application. It reports errors loading classes and resources, permission denials, and warnings about lock verification failures during startup of the com.mbwhatsapp application.
The document appears to be log output from an Android application. It reports errors loading classes and resources, permission denials, and warnings about lock verification failures during startup of the com.mbwhatsapp application.
Download as TXT, PDF, TXT or read online from Scribd
Download as txt, pdf, or txt
You are on page 1/ 7
--------- beginning of main
03-14 07:35:03.529 12172 12172 E com.mbwhatsapp: Not starting debugger since
process cannot load the jdwp agent.
03-14 07:35:03.656 12172 12172 W System.err: java.lang.ClassNotFoundException: mbmodsd.mbmodsw.ui.views.btn.BtnBK
03-14 07:35:03.656 12172 12172 W System.err: at java.lang.Runtime.nativeLoad(Native Method)
03-14 07:35:03.656 12172 12172 W System.err: at java.lang.Runtime.nativeLoad(Runtime.java:1126)
03-14 07:35:03.656 12172 12172 W System.err: at java.lang.Runtime.loadLibrary0(Runtime.java:1080)
03-14 07:35:03.656 12172 12172 W System.err: at java.lang.Runtime.loadLibrary0(Runtime.java:1003)
03-14 07:35:03.656 12172 12172 W System.err: at java.lang.System.loadLibrary(System.java:1661)
03-14 07:35:03.656 12172 12172 W System.err: at arm.EpicVm.<clinit>(Unknown Source:2)
03-14 07:35:03.656 12172 12172 W System.err: at java.lang.Class.newInstance(Native Method)
03-14 07:35:03.656 12172 12172 W System.err: at android.app.AppComponentFactory.instantiateApplication(AppComponentFactory.java:76)
03-14 07:35:03.656 12172 12172 W System.err: at androidx.core.app.CoreComponentFactory.instantiateApplication(Unknown Source:0)
03-14 07:35:03.656 12172 12172 W System.err: at android.app.Instrumentation.newApplication(Instrumentation.java:1236)
03-14 07:35:03.656 12172 12172 W System.err: at android.app.LoadedApk.makeApplicationInner(LoadedApk.java:1466)
03-14 07:35:03.657 12172 12172 W System.err: at android.app.LoadedApk.makeApplicationInner(LoadedApk.java:1399)
03-14 07:35:03.657 12172 12172 W System.err: at android.app.ActivityThread.handleBindApplication(ActivityThread.java:6971)
03-14 07:35:03.657 12172 12172 W System.err: at android.app.ActivityThread.-$ $Nest$mhandleBindApplication(Unknown Source:0)
03-14 07:35:03.657 12172 12172 W System.err: at android.app.ActivityThread$H.handleMessage(ActivityThread.java:2229)
03-14 07:35:03.657 12172 12172 W System.err: at android.os.Handler.dispatchMessage(Handler.java:106)
03-14 07:35:03.657 12172 12172 W System.err: at android.os.Looper.loopOnce(Looper.java:204)
03-14 07:35:03.657 12172 12172 W System.err: at android.os.Looper.loop(Looper.java:291)
03-14 07:35:03.657 12172 12172 W System.err: at android.app.ActivityThread.main(ActivityThread.java:8155)
03-14 07:35:03.657 12172 12172 W System.err: at java.lang.reflect.Method.invoke(Native Method)
03-14 07:35:03.657 12172 12172 W System.err: at com.android.internal.os.RuntimeInit$MethodAndArgsCaller.run(RuntimeInit.java:601)
03-14 07:35:03.657 12172 12172 W System.err: at com.android.internal.os.ZygoteInit.main(ZygoteInit.java:1136)
03-14 07:35:03.709 12172 12172 E CustomActivityOnCrash: IMPORTANT WARNING! You already have an UncaughtExceptionHandler, are you sure this is correct? If you use a custom UncaughtExceptionHandler, you must initialize it AFTER CustomActivityOnCrash! Installing anyway, but your original handler will not be called.
03-14 07:35:03.951 13978 13978 W usap64 : type=1400 audit(0.0:172930): avc: denied { read } for name="u:object_r:vendor_memfusion_size_prop:s0" dev="tmpfs" ino=8676 scontext=u:r:untrusted_app:s0:c247,c256,c512,c768 tcontext=u:object_r:vendor_memfusion_size_prop:s0 tclass=file permissive=0 app=com.mbwhatsapp
03-14 07:35:03.951 13978 13978 W usap64 : type=1400 audit(0.0:172931): avc: denied { read } for name="u:object_r:vendor_memfusion_state_prop:s0" dev="tmpfs" ino=8677 scontext=u:r:untrusted_app:s0:c247,c256,c512,c768 tcontext=u:object_r:vendor_memfusion_state_prop:s0 tclass=file permissive=0 app=com.mbwhatsapp
03-14 07:35:03.951 13978 13978 W usap64 : type=1400 audit(0.0:172932): avc: denied { read } for name="u:object_r:vendor_memfusion_tranlog_prop:s0" dev="tmpfs" ino=8679 scontext=u:r:untrusted_app:s0:c247,c256,c512,c768 tcontext=u:object_r:vendor_memfusion_tranlog_prop:s0 tclass=file permissive=0 app=com.mbwhatsapp
03-14 07:35:03.962 13978 13978 E com.mbwhatsapp: Not starting debugger since process cannot load the jdwp agent.
03-14 07:35:04.029 13978 13978 W System.err: java.lang.ClassNotFoundException: mbmodsd.mbmodsw.ui.views.btn.BtnBK
03-14 07:35:04.029 13978 13978 W System.err: at java.lang.Runtime.nativeLoad(Native Method)
03-14 07:35:04.029 13978 13978 W System.err: at java.lang.Runtime.nativeLoad(Runtime.java:1126)
03-14 07:35:04.029 13978 13978 W System.err: at java.lang.Runtime.loadLibrary0(Runtime.java:1080)
03-14 07:35:04.029 13978 13978 W System.err: at java.lang.Runtime.loadLibrary0(Runtime.java:1003)
03-14 07:35:04.029 13978 13978 W System.err: at java.lang.System.loadLibrary(System.java:1661)
03-14 07:35:04.029 13978 13978 W System.err: at arm.EpicVm.<clinit>(Unknown Source:2)
03-14 07:35:04.029 13978 13978 W System.err: at java.lang.Class.newInstance(Native Method)
03-14 07:35:04.029 13978 13978 W System.err: at android.app.AppComponentFactory.instantiateApplication(AppComponentFactory.java:76)
03-14 07:35:04.029 13978 13978 W System.err: at androidx.core.app.CoreComponentFactory.instantiateApplication(Unknown Source:0)
03-14 07:35:04.029 13978 13978 W System.err: at android.app.Instrumentation.newApplication(Instrumentation.java:1236)
03-14 07:35:04.029 13978 13978 W System.err: at android.app.LoadedApk.makeApplicationInner(LoadedApk.java:1466)
03-14 07:35:04.029 13978 13978 W System.err: at android.app.LoadedApk.makeApplicationInner(LoadedApk.java:1399)
03-14 07:35:04.029 13978 13978 W System.err: at android.app.ActivityThread.handleBindApplication(ActivityThread.java:6971)
03-14 07:35:04.029 13978 13978 W System.err: at android.app.ActivityThread.-$ $Nest$mhandleBindApplication(Unknown Source:0)
03-14 07:35:04.029 13978 13978 W System.err: at android.app.ActivityThread$H.handleMessage(ActivityThread.java:2229)
03-14 07:35:04.029 13978 13978 W System.err: at android.os.Handler.dispatchMessage(Handler.java:106)
03-14 07:35:04.029 13978 13978 W System.err: at android.os.Looper.loopOnce(Looper.java:204)
03-14 07:35:04.029 13978 13978 W System.err: at android.os.Looper.loop(Looper.java:291)
03-14 07:35:04.029 13978 13978 W System.err: at android.app.ActivityThread.main(ActivityThread.java:8155)
03-14 07:35:04.029 13978 13978 W System.err: at java.lang.reflect.Method.invoke(Native Method)
03-14 07:35:04.029 13978 13978 W System.err: at com.android.internal.os.RuntimeInit$MethodAndArgsCaller.run(RuntimeInit.java:601)
03-14 07:35:04.029 13978 13978 W System.err: at com.android.internal.os.ZygoteInit.main(ZygoteInit.java:1136)
03-14 07:35:04.070 13978 13978 E CustomActivityOnCrash: IMPORTANT WARNING! You already have an UncaughtExceptionHandler, are you sure this is correct? If you use a custom UncaughtExceptionHandler, you must initialize it AFTER CustomActivityOnCrash! Installing anyway, but your original handler will not be called.
03-14 07:35:04.215 13978 13978 W com.mbwhatsapp: Accessing hidden method Lcom/android/org/conscrypt/OpenSSLSocketImpl;->setUseSessionTickets(Z)V (max- target-q,core-platform-api, reflection, denied)
03-14 07:35:04.215 13978 13978 W com.mbwhatsapp: Accessing hidden method Lcom/android/org/conscrypt/AbstractConscryptSocket;->setUseSessionTickets(Z)V (max- target-q, reflection, denied)
03-14 07:35:04.239 16323 16323 E libprocessgroup: Support AOSP Freezer= 0
03-14 07:35:04.666 13978 16309 W LibraryVersion: Failed to get app version for libraryName: firebase-iid
03-14 07:35:04.943 13978 13978 W com.mbwhatsapp: type=1400 audit(0.0:172936): avc: granted { execute } for path="/data/data/com.mbwhatsapp/files/decompressed/libs.spk.zst/libc++_shared.so" dev="dm-58" ino=198277 scontext=u:r:untrusted_app:s0:c247,c256,c512,c768 tcontext=u:object_r:app_data_file:s0:c247,c256,c512,c768 tclass=file app=com.mbwhatsapp
03-14 07:35:04.947 13978 13978 W com.mbwhatsapp: type=1400 audit(0.0:172937): avc: granted { execute } for path="/data/data/com.mbwhatsapp/files/decompressed/libs.spk.zst/libvlc.so" dev="dm- 58" ino=198043 scontext=u:r:untrusted_app:s0:c247,c256,c512,c768 tcontext=u:object_r:app_data_file:s0:c247,c256,c512,c768 tclass=file app=com.mbwhatsapp
03-14 07:35:04.951 13978 13978 W com.mbwhatsapp: type=1400 audit(0.0:172938): avc: granted { execute } for path="/data/data/com.mbwhatsapp/files/decompressed/libs.spk.zst/libwhatsapp.so" dev="dm-58" ino=198185 scontext=u:r:untrusted_app:s0:c247,c256,c512,c768 tcontext=u:object_r:app_data_file:s0:c247,c256,c512,c768 tclass=file app=com.mbwhatsapp
03-14 07:35:04.963 13978 13978 W com.mbwhatsapp: type=1400 audit(0.0:172939): avc: granted { execute } for path="/data/data/com.mbwhatsapp/files/decompressed/libs.spk.zst/libcurve25519.so" dev="dm-58" ino=198250 scontext=u:r:untrusted_app:s0:c247,c256,c512,c768 tcontext=u:object_r:app_data_file:s0:c247,c256,c512,c768 tclass=file app=com.mbwhatsapp
03-14 07:35:04.967 13978 13978 W com.mbwhatsapp: type=1400 audit(0.0:172940): avc: granted { execute } for path="/data/data/com.mbwhatsapp/files/decompressed/libs.spk.zst/libwhatsapp.so" dev="dm-58" ino=198185 scontext=u:r:untrusted_app:s0:c247,c256,c512,c768 tcontext=u:object_r:app_data_file:s0:c247,c256,c512,c768 tclass=file app=com.mbwhatsapp
03-14 07:35:05.025 13978 16349 W com.mbwhatsapp: Method void X.2rL.A03(java.lang.Integer) failed lock verification and will run slower.
03-14 07:35:05.025 13978 16349 W com.mbwhatsapp: Common causes for lock verification issues are non-optimized dex code
03-14 07:35:05.025 13978 16349 W com.mbwhatsapp: and incorrect proguard optimizations.
03-14 07:35:05.028 13978 13978 W com.mbwhatsapp: Method void X.0eU.A0h(X.0tK, boolean) failed lock verification and will run slower.
03-14 07:35:05.186 13978 16361 E QT : [QT]file does not exist
03-14 07:35:05.256 13978 13978 E com.mbwhatsapp: Invalid ID 0x00000000.
03-14 07:35:05.257 13978 13978 W System.err: android.content.res.Resources$NotFoundException: String resource ID #0x0
03-14 07:35:05.257 13978 13978 W System.err: at android.content.res.Resources.getText(Resources.java:453)
03-14 07:35:05.257 13978 13978 W System.err: at android.content.res.Resources.getString(Resources.java:546)
03-14 07:35:05.257 13978 13978 W System.err: at X.35t.A0E(Unknown Source:46)
03-14 07:35:05.257 13978 13978 W System.err: at com.mbwhatsapp.yo.yo.getString(Native Method)
03-14 07:35:05.257 13978 13978 W System.err: at com.mbwhatsapp.yo.yo.getString(Native Method)
03-14 07:35:05.257 13978 13978 W System.err: at com.mbwhatsapp.youbasha.task.utils.requestAllFilesAccess14(Native Method)
03-14 07:35:05.257 13978 13978 W System.err: at com.mbwhatsapp.yo.dep.showStoragePermissionRequest(Native Method)
03-14 07:35:05.257 13978 13978 W System.err: at com.mbwhatsapp.registration.EULA.onCreate(Unknown Source:248)
03-14 07:35:05.258 13978 13978 W System.err: at android.app.Activity.performCreate(Activity.java:8338)
03-14 07:35:05.258 13978 13978 W System.err: at android.app.Activity.performCreate(Activity.java:8317)
03-14 07:35:05.258 13978 13978 W System.err: at android.app.Instrumentation.callActivityOnCreate(Instrumentation.java:1388)
03-14 07:35:05.258 13978 13978 W System.err: at android.app.ActivityThread.performLaunchActivity(ActivityThread.java:3766)
03-14 07:35:05.258 13978 13978 W System.err: at android.app.ActivityThread.handleLaunchActivity(ActivityThread.java:3981)
03-14 07:35:05.258 13978 13978 W System.err: at android.app.servertransaction.LaunchActivityItem.execute(LaunchActivityItem.java:10 1)
03-14 07:35:05.258 13978 13978 W System.err: at android.app.servertransaction.TransactionExecutor.executeCallbacks(TransactionExecu tor.java:145)
03-14 07:35:05.258 13978 13978 W System.err: at android.app.servertransaction.TransactionExecutor.execute(TransactionExecutor.java: 105)
03-14 07:35:05.258 13978 13978 W System.err: at android.app.ActivityThread$H.handleMessage(ActivityThread.java:2403)
03-14 07:35:05.258 13978 13978 W System.err: at android.os.Handler.dispatchMessage(Handler.java:106)
03-14 07:35:05.258 13978 13978 W System.err: at android.os.Looper.loopOnce(Looper.java:204)
03-14 07:35:05.258 13978 13978 W System.err: at android.os.Looper.loop(Looper.java:291)
03-14 07:35:05.258 13978 13978 W System.err: at android.app.ActivityThread.main(ActivityThread.java:8155)
03-14 07:35:05.258 13978 13978 W System.err: at java.lang.reflect.Method.invoke(Native Method)
03-14 07:35:05.258 13978 13978 W System.err: at com.android.internal.os.RuntimeInit$MethodAndArgsCaller.run(RuntimeInit.java:601)
03-14 07:35:05.258 13978 13978 W System.err: at com.android.internal.os.ZygoteInit.main(ZygoteInit.java:1136)
03-14 07:35:05.313 13978 13978 W Activity: Can request only one set of permissions at a time
03-14 07:35:05.377 13978 16365 E RenderScript: Failed loading RS driver: dlopen failed: library "libRSDriver_mtk.so" not found
03-14 07:35:05.377 13978 16365 E RenderScript: Failed to load runtime libRSDriver_mtk.so, loading default
03-14 07:35:05.437 13978 13978 E ArmVmp : Match on catch block at 0x0a in for 0x754c87204d
03-14 07:35:05.563 13978 13978 E FBI : Can't load library: dlopen failed: library "libmagtsync.so" not found
03-14 07:35:05.573 13978 16360 E OpenGLRenderer: Device claims wide gamut support, cannot find matching config, error = EGL_SUCCESS
03-14 07:35:05.574 13978 16360 W OpenGLRenderer: Failed to initialize 101010-2 format, error = EGL_SUCCESS
03-14 07:35:05.579 13978 16360 W OpenGLRenderer: ShaderCache::tranMaxTotalSize is 4194304
03-14 07:35:05.635 13978 16360 W Parcel : Expecting binder but got null!
03-14 07:35:05.930 13978 13978 W libc : Access denied finding property "vendor.scroll.fpsgo.release"
03-14 07:35:06.079 13978 16295 W com.mbwhatsapp: Cleared Reference was only reachable from finalizer (only reported once)
03-14 07:35:06.161 13978 16360 W Parcel : Expecting binder but got null! --------- beginning of system
03-14 07:35:06.164 13978 13978 E TranChoreographerImpl: skippedFrames: 37
03-14 07:35:06.159 13978 13978 W FinalizerDaemon: type=1400 audit(0.0:172953): avc: denied { getopt } for path="/dev/socket/usap_pool_primary" scontext=u:r:untrusted_app:s0:c247,c256,c512,c768 tcontext=u:r:zygote:s0 tclass=unix_stream_socket permissive=0 app=com.mbwhatsapp
03-14 07:35:06.452 13978 13978 E com.mbwhatsapp: Invalid ID 0x00000000.
03-14 07:35:06.453 13978 13978 E com.mbwhatsapp: Invalid ID 0x00000000.
03-14 07:35:06.454 13978 13978 E com.mbwhatsapp: Invalid ID 0x00000000.
03-14 07:35:06.454 13978 13978 E com.mbwhatsapp: Invalid ID 0x00000000.
03-14 07:35:06.455 13978 13978 E com.mbwhatsapp: Invalid ID 0x00000000.
03-14 07:35:06.456 13978 13978 E com.mbwhatsapp: Invalid ID 0x00000000.
03-14 07:35:06.456 13978 13978 E com.mbwhatsapp: Invalid ID 0x00000000.
03-14 07:35:06.457 13978 13978 E com.mbwhatsapp: Invalid ID 0x00000000.
03-14 07:35:10.439 13978 13978 W Activity: Can request only one set of permissions at a time
03-14 07:35:10.439 13978 13978 W Activity: Can request only one set of permissions at a time
03-14 07:35:12.610 13978 13978 E RippleDrawable: The RippleDrawable.STYLE_PATTERNED animation is not supported for a non-hardware accelerated Canvas. Skipping animation.
03-14 07:35:12.626 13978 13978 E RippleDrawable: The RippleDrawable.STYLE_PATTERNED animation is not supported for a non-hardware accelerated Canvas. Skipping animation.
03-14 07:35:12.642 13978 13978 E RippleDrawable: The RippleDrawable.STYLE_PATTERNED animation is not supported for a non-hardware accelerated Canvas. Skipping animation.
03-14 07:35:12.659 13978 13978 E RippleDrawable: The RippleDrawable.STYLE_PATTERNED animation is not supported for a non-hardware accelerated Canvas. Skipping animation.
03-14 07:35:12.676 13978 13978 E RippleDrawable: The RippleDrawable.STYLE_PATTERNED animation is not supported for a non-hardware accelerated Canvas. Skipping animation.
03-14 07:35:12.692 13978 13978 E RippleDrawable: The RippleDrawable.STYLE_PATTERNED animation is not supported for a non-hardware accelerated Canvas. Skipping animation.
03-14 07:35:12.709 13978 13978 E RippleDrawable: The RippleDrawable.STYLE_PATTERNED animation is not supported for a non-hardware accelerated Canvas. Skipping animation.
03-14 07:35:12.725 13978 13978 E RippleDrawable: The RippleDrawable.STYLE_PATTERNED animation is not supported for a non-hardware accelerated Canvas. Skipping animation.
03-14 07:35:14.321 13978 16522 E ShortcutInfoCompatSaver: Failed to load saved values from file /data/user/0/com.mbwhatsapp/files/ShortcutInfoCompatSaver_share_targets/ targets.xml. Old state removed, new added
03-14 07:35:14.321 13978 16522 E ShortcutInfoCompatSaver: java.io.FileNotFoundException: /data/user/0/com.mbwhatsapp/files/ShortcutInfoCompatSaver_share_targets/ targets.xml: open failed: ENOENT (No such file or directory)
03-14 07:35:14.321 13978 16522 E ShortcutInfoCompatSaver: at libcore.io.IoBridge.open(IoBridge.java:574)
03-14 07:35:14.321 13978 16522 E ShortcutInfoCompatSaver: at java.io.FileInputStream.<init>(FileInputStream.java:160)
03-14 07:35:14.321 13978 16522 E ShortcutInfoCompatSaver: at X.0nz.run(Unknown Source:82)
03-14 07:35:14.321 13978 16522 E ShortcutInfoCompatSaver: at java.util.concurrent.Executors$RunnableAdapter.call(Executors.java:487)
03-14 07:35:14.321 13978 16522 E ShortcutInfoCompatSaver: at java.util.concurrent.FutureTask.run(FutureTask.java:264)
03-14 07:35:14.321 13978 16522 E ShortcutInfoCompatSaver: at java.util.concurrent.ThreadPoolExecutor.runWorker(ThreadPoolExecutor.java:1145)
03-14 07:35:14.321 13978 16522 E ShortcutInfoCompatSaver: at java.util.concurrent.ThreadPoolExecutor$Worker.run(ThreadPoolExecutor.java:644)
03-14 07:35:14.321 13978 16522 E ShortcutInfoCompatSaver: at java.lang.Thread.run(Thread.java:1012)
03-14 07:35:14.321 13978 16522 E ShortcutInfoCompatSaver: Caused by: android.system.ErrnoException: open failed: ENOENT (No such file or directory)
03-14 07:35:14.321 13978 16522 E ShortcutInfoCompatSaver: at libcore.io.Linux.open(Native Method)
03-14 07:35:14.321 13978 16522 E ShortcutInfoCompatSaver: at libcore.io.ForwardingOs.open(ForwardingOs.java:563)
03-14 07:35:14.321 13978 16522 E ShortcutInfoCompatSaver: at libcore.io.BlockGuardOs.open(BlockGuardOs.java:274)
03-14 07:35:14.321 13978 16522 E ShortcutInfoCompatSaver: at libcore.io.ForwardingOs.open(ForwardingOs.java:563)
03-14 07:35:14.321 13978 16522 E ShortcutInfoCompatSaver: at android.app.ActivityThread$AndroidOs.open(ActivityThread.java:8039)
03-14 07:35:14.321 13978 16522 E ShortcutInfoCompatSaver: at libcore.io.IoBridge.open(IoBridge.java:560)
03-14 07:35:14.321 13978 16522 E ShortcutInfoCompatSaver: ... 7 more
03-14 07:35:14.346 13978 16360 E FrameEvents: updateAcquireFence: Did not find frame.
03-14 07:35:14.357 13978 16360 E FrameEvents: updateAcquireFence: Did not find frame.
03-14 07:35:14.363 13978 16360 E FrameEvents: updateAcquireFence: Did not find frame.
03-14 07:35:14.367 13978 13978 W com.mbwhatsapp: type=1400 audit(0.0:172962): avc: denied { read } for name="osrelease" dev="proc" ino=12905117 scontext=u:r:untrusted_app:s0:c247,c256,c512,c768 tcontext=u:object_r:proc:s0 tclass=file permissive=0 app=com.mbwhatsapp
03-14 07:35:14.367 13978 13978 W com.mbwhatsapp: type=1400 audit(0.0:172963): avc: denied { read } for name="version" dev="proc" ino=12905118 scontext=u:r:untrusted_app:s0:c247,c256,c512,c768 tcontext=u:object_r:proc:s0 tclass=file permissive=0 app=com.mbwhatsapp
03-14 07:35:16.183 13978 16360 W Parcel : Expecting binder but got null!
03-14 07:35:17.973 13978 13978 W OnBackInvokedCallback: OnBackInvokedCallback is not enabled for the application.
03-14 07:35:17.973 13978 13978 W OnBackInvokedCallback: Set 'android:enableOnBackInvokedCallback="true"' in the application manifest.
03-14 07:35:24.223 13978 16360 W Parcel : Expecting binder but got null!
03-14 07:35:24.742 13978 16358 E PlayCore: UID: [10247] PID: [13978] StandardIntegrity : Phonesky is not installed.
03-14 07:35:25.739 13978 16360 W Parcel : Expecting binder but got null!
03-14 07:35:25.742 13978 13978 W OnBackInvokedCallback: OnBackInvokedCallback is not enabled for the application.
03-14 07:35:25.742 13978 13978 W OnBackInvokedCallback: Set 'android:enableOnBackInvokedCallback="true"' in the application manifest.
03-14 07:35:27.663 13978 13978 W OnBackInvokedCallback: OnBackInvokedCallback is not enabled for the application.
03-14 07:35:27.663 13978 13978 W OnBackInvokedCallback: Set 'android:enableOnBackInvokedCallback="true"' in the application manifest.
03-14 07:35:27.781 13978 16360 W Parcel : Expecting binder but got null!
03-14 07:35:27.813 13978 139