03-12 22:14:22.131 492 492 W AudioManager: See the documentation of
requestAudioFocus() for what to use instead with android.media.AudioAttributes to
qualify your playback use case
03-12 22:14:22.159 492 2484 E OplusACodec: [GetVideoCodingTypeFromMime:L709]
mime:video/avc
03-12 22:14:22.162 492 2484 E MtkACodecExt: setConfig(OMX_CONFIG_ROTATIONTYPE)
returned error 0xfffffc0e
03-12 22:14:22.162 492 2484 E ACodec : [OMX.MTK.VIDEO.DECODER.AVC] failed to
setViLTEParameters 1
03-12 22:14:22.193 492 492 E ArmVmp : Match on catch block at 0xc3 in for 0xa1
03-12 22:14:22.199 492 492 E ArmVmp : Match on catch block at 0xc3 in for 0xa5
03-12 22:14:22.217 492 492 E ArmVmp : Match on catch block at 0xc3 in for 0xa5
03-12 22:14:22.218 492 2492 W Codec2Client: query -- param skipped: index =
1107298332.
03-12 22:14:22.218 492 2492 W CCodec : This behavior is subject to change. It
is recommended that app developers double check whether the requested max input
size is in reasonable range.
03-12 22:14:22.219 492 2492 W Codec2Client: query -- param skipped: index =
1342179345.
03-12 22:14:22.219 492 2492 W Codec2Client: query -- param skipped: index =
2415921170.
03-12 22:14:22.219 492 2492 W Codec2Client: query -- param skipped: index =
1610614798.
03-12 22:14:22.220 492 2492 E FMQ : grantorIdx must be less than 3
03-12 22:14:22.221 492 2492 E FMQ : grantorIdx must be less than 3
03-12 22:14:22.222 492 492 E ArmVmp : Match on catch block at 0xc3 in for 0xa9
03-12 22:14:22.227 492 2492 E FMQ : grantorIdx must be less than 3
03-12 22:14:22.236 492 1479 E FMQ : grantorIdx must be less than 3
03-12 22:14:22.237 492 492 E ArmVmp : Match on catch block at 0xc3 in for 0xa9
03-12 22:14:22.244 492 492 E ArmVmp : Match on catch block at 0xc3 in for 0xa1
03-12 22:14:22.261 492 492 E ArmVmp : Match on catch block at 0xc3 in for 0xa1
03-12 22:14:22.266 492 492 E ArmVmp : Match on catch block at 0xc3 in for 0xa5
03-12 22:14:22.290 492 492 E ArmVmp : Match on catch block at 0xc3 in for 0xa5
03-12 22:14:22.295 492 492 E ArmVmp : Match on catch block at 0xc3 in for 0xa9
03-12 22:14:22.318 492 492 E ArmVmp : Match on catch block at 0xc3 in for 0xa9
03-12 22:14:22.324 492 492 E ArmVmp : Match on catch block at 0xc3 in for 0xa1
03-12 22:14:22.364 492 492 E ArmVmp : Match on catch block at 0xc3 in for 0xa9
03-12 22:14:22.368 492 492 E ArmVmp : Match on catch block at 0xc3 in for 0xa1
03-12 22:14:22.385 492 492 E ArmVmp : Match on catch block at 0xc3 in for 0xa1
03-12 22:14:22.388 492 492 E ArmVmp : Match on catch block at 0xc3 in for 0xa5
03-12 22:14:22.436 492 492 E ArmVmp : Match on catch block at 0xc3 in for 0xa5
03-12 22:14:22.441 492 492 E ArmVmp : Match on catch block at 0xc3 in for 0xa9
03-12 22:14:22.460 492 492 E ArmVmp : Match on catch block at 0xc3 in for 0xa9
03-12 22:14:22.465 492 492 E ArmVmp : Match on catch block at 0xc3 in for 0xa1
03-12 22:14:22.490 492 492 E ArmVmp : Match on catch block at 0xc3 in for 0xa1
03-12 22:14:22.496 492 492 E ArmVmp : Match on catch block at 0xc3 in for 0xa5
03-12 22:14:22.510 492 492 E ArmVmp : Match on catch block at 0xc3 in for 0xa5
03-12 22:14:22.514 492 492 E ArmVmp : Match on catch block at 0xc3 in for 0xa9
03-12 22:14:22.530 492 492 E ArmVmp : Match on catch block at 0xc3 in for 0xa9
03-12 22:14:22.534 492 492 E ArmVmp : Match on catch block at 0xc3 in for 0xa1
03-12 22:14:22.557 492 492 E ArmVmp : Match on catch block at 0xc3 in for 0xa1
03-12 22:14:22.562 492 492 E ArmVmp : Match on catch block at 0xc3 in for 0xa5
03-12 22:14:22.578 492 492 E ArmVmp : Match on catch block at 0xc3 in for 0xa5
03-12 22:14:22.583 492 492 E ArmVmp : Match on catch block at 0xc3 in for 0xa9
03-12 22:14:22.598 492 492 E ArmVmp : Match on catch block at 0xc3 in for 0xa9
03-12 22:14:22.603 492 492 E ArmVmp : Match on catch block at 0xc3 in for 0xa1
03-12 22:14:22.625 492 492 E ArmVmp : Match on catch block at 0xc3 in for 0xa1
03-12 22:14:22.631 492 492 E ArmVmp : Match on catch block at 0xc3 in for 0xa5
03-12 22:14:22.902 492 492 E ArmVmp : Match on catch block at 0xc3 in for 0xa5
03-12 22:14:22.906 492 492 E ArmVmp : Match on catch block at 0xc3 in for 0xa9
03-12 22:14:23.851 492 492 E ArmVmp : Match on catch block at 0xc3 in for 0xa9
03-12 22:14:23.858 492 492 E ArmVmp : Match on catch block at 0xc3 in for 0xa1
03-12 22:14:23.875 492 492 E ArmVmp : Match on catch block at 0xc3 in for 0xa1
03-12 22:14:23.880 492 492 E ArmVmp : Match on catch block at 0xc3 in for 0xa5
03-12 22:14:23.901 492 492 E ArmVmp : Match on catch block at 0xc3 in for 0xa5
03-12 22:14:23.905 492 492 E ArmVmp : Match on catch block at 0xc3 in for 0xa9
03-12 22:14:23.919 492 492 E ArmVmp : Match on catch block at 0xc3 in for 0xa9
03-12 22:14:23.923 492 492 E ArmVmp : Match on catch block at 0xc3 in for 0xa1
03-12 22:14:23.940 492 492 E ArmVmp : Match on catch block at 0xc3 in for 0xa1
03-12 22:14:23.945 492 492 E ArmVmp : Match on catch block at 0xc3 in for 0xa5
03-12 22:14:23.958 492 492 E ArmVmp : Match on catch block at 0xc3 in for 0xa5
03-12 22:14:23.962 492 492 E ArmVmp : Match on catch block at 0xc3 in for 0xa9
03-12 22:14:23.982 492 492 E ArmVmp : Match on catch block at 0xc3 in for 0xa9
03-12 22:14:23.987 492 492 E ArmVmp : Match on catch block at 0xc3 in for 0xa1
03-12 22:14:24.001 492 492 E ArmVmp : Match on catch block at 0xc3 in for 0xa1
03-12 22:14:24.006 492 492 E ArmVmp : Match on catch block at 0xc3 in for 0xa5
03-12 22:14:24.020 492 492 E ArmVmp : Match on catch block at 0xc3 in for 0xa5
03-12 22:14:24.026 492 492 E ArmVmp : Match on catch block at 0xc3 in for 0xa9
03-12 22:14:24.040 492 492 E ArmVmp : Match on catch block at 0xc3 in for 0xa9
03-12 22:14:24.044 492 492 E ArmVmp : Match on catch block at 0xc3 in for 0xa1
03-12 22:14:24.708 492 492 E ArmVmp : Match on catch block at 0xc3 in for 0xa5
03-12 22:14:24.712 492 492 E ArmVmp : Match on catch block at 0xc3 in for 0xa9
03-12 22:14:24.724 492 492 E ArmVmp : Match on catch block at 0xc3 in for 0xa9
03-12 22:14:24.727 492 492 E ArmVmp : Match on catch block at 0xc3 in for 0xa1
03-12 22:14:24.894 492 492 E ArmVmp : Match on catch block at 0xc3 in for 0xa1
03-12 22:14:24.899 492 492 E ArmVmp : Match on catch block at 0xc3 in for 0xa5
03-12 22:14:24.934 492 492 E ArmVmp : Match on catch block at 0xc3 in for 0xa1
03-12 22:14:24.939 492 492 E ArmVmp : Match on catch block at 0xc3 in for 0xa5
03-12 22:14:24.967 492 492 E ArmVmp : Match on catch block at 0xc3 in for 0xa5
03-12 22:14:24.971 492 492 E ArmVmp : Match on catch block at 0xc3 in for 0xa9
03-12 22:14:25.057 492 647 W RefBase : CallStack::getCurrentInternal not
linked, returning null
03-12 22:14:25.057 492 647 W RefBase : CallStack::logStackInternal not linked
03-12 22:14:25.057 492 647 W RefBase : CallStack::getCurrentInternal not
linked, returning null
03-12 22:14:25.057 492 647 W RefBase : CallStack::logStackInternal not linked
03-12 22:14:25.058 492 647 W RefBase : CallStack::getCurrentInternal not
linked, returning null
03-12 22:14:25.058 492 647 W RefBase : CallStack::logStackInternal not linked
03-12 22:14:25.058 492 647 W RefBase : CallStack::getCurrentInternal not
linked, returning null
03-12 22:14:25.058 492 647 W RefBase : CallStack::logStackInternal not linked
03-12 22:14:25.059 492 647 W RefBase : CallStack::getCurrentInternal not
linked, returning null
03-12 22:14:25.059 492 647 W RefBase : CallStack::logStackInternal not linked
03-12 22:14:25.059 492 647 W RefBase : CallStack::getCurrentInternal not
linked, returning null
03-12 22:14:25.059 492 647 W RefBase : CallStack::logStackInternal not linked
03-12 22:14:25.059 492 647 W RefBase : CallStack::getCurrentInternal not
linked, returning null
03-12 22:14:25.059 492 647 W RefBase : CallStack::logStackInternal not linked
03-12 22:14:25.060 492 647 W RefBase : CallStack::getCurrentInternal not
linked, returning null
03-12 22:14:25.060 492 647 W RefBase : CallStack::logStackInternal not linked
03-12 22:14:25.060 492 647 W RefBase : CallStack::getCurrentInternal not
linked, returning null
03-12 22:14:25.060 492 647 W RefBase : CallStack::logStackInternal not linked
03-12 22:14:25.061 492 647 W RefBase : CallStack::getCurrentInternal not
linked, returning null
03-12 22:14:25.061 492 647 W RefBase : CallStack::logStackInternal not linked
03-12 22:14:25.061 492 647 W RefBase : CallStack::getCurrentInternal not
linked, returning null
03-12 22:14:25.061 492 647 W RefBase : CallStack::logStackInternal not linked
03-12 22:14:25.062 492 647 W RefBase : CallStack::getCurrentInternal not
linked, returning null
03-12 22:14:25.062 492 647 W RefBase : CallStack::logStackInternal not linked
03-12 22:14:25.062 492 647 W RefBase : CallStack::getCurrentInternal not
linked, returning null
03-12 22:14:25.062 492 647 W RefBase : CallStack::logStackInternal not linked
03-12 22:14:25.063 492 647 W RefBase : CallStack::getCurrentInternal not
linked, returning null
03-12 22:14:25.063 492 647 W RefBase : CallStack::logStackInternal not linked
03-12 22:14:25.063 492 647 W RefBase : CallStack::getCurrentInternal not
linked, returning null
03-12 22:14:25.063 492 647 W RefBase : CallStack::logStackInternal not linked
03-12 22:14:25.063 492 647 W RefBase : CallStack::getCurrentInternal not
linked, returning null
03-12 22:14:25.063 492 647 W RefBase : CallStack::logStackInternal not linked
03-12 22:14:25.064 492 647 W RefBase : CallStack::getCurrentInternal not
linked, returning null
03-12 22:14:25.064 492 647 W RefBase : CallStack::logStackInternal not linked
03-12 22:14:25.064 492 647 W RefBase : CallStack::getCurrentInternal not
linked, returning null
03-12 22:14:25.064 492 647 W RefBase : CallStack::logStackInternal not linked
03-12 22:14:25.064 492 647 W RefBase : CallStack::getCurrentInternal not
linked, returning null
03-12 22:14:25.064 492 647 W RefBase : CallStack::logStackInternal not linked
03-12 22:14:25.065 492 647 W RefBase : CallStack::getCurrentInternal not
linked, returning null
03-12 22:14:25.065 492 647 W RefBase : CallStack::logStackInternal not linked
03-12 22:14:25.065 492 647 W RefBase : CallStack::getCurrentInternal not
linked, returning null
03-12 22:14:25.065 492 647 W RefBase : CallStack::logStackInternal not linked
03-12 22:14:25.079 492 2492 W Codec2Client: query -- param skipped: index =
1342179345.
03-12 22:14:25.079 492 2492 W Codec2Client: query -- param skipped: index =
2415921170.
03-12 22:14:25.079 492 2492 W Codec2Client: query -- param skipped: index =
1610614798.
03-12 22:14:25.081 492 2484 W ACodec : Failed to set ANW_HWComposer to OMX,
ignoring (-2147483648)
03-12 22:14:25.139 492 492 E ArmVmp : Match on catch block at 0xc3 in for 0xa5
03-12 22:14:25.142 492 492 E ArmVmp : Match on catch block at 0xc3 in for 0xa9
03-12 22:14:25.175 492 492 E ArmVmp : Match on catch block at 0xc3 in for 0xa1
03-12 22:14:25.178 492 492 E ArmVmp : Match on catch block at 0xc3 in for 0xa5
03-12 22:14:25.664 492 492 E ArmVmp : Match on catch block at 0xc3 in for 0xa5
03-12 22:14:25.666 492 492 E ArmVmp : Match on catch block at 0xc3 in for 0xa9
03-12 22:14:25.745 492 492 E Parcel : Reading a NULL string not supported
here.
03-12 22:14:25.770 492 492 E ArmVmp : Match on catch block at 0xc3 in for 0xa9
03-12 22:14:25.773 492 492 E ArmVmp : Match on catch block at 0xc3 in for 0xa1
03-12 22:14:25.811 492 2527 E libEGL : Invalid file path for libcolorx-
loader.so
03-12 22:14:25.915 492 492 E libEGL : Invalid file path for libcolorx-
loader.so
03-12 22:14:25.915 492 492 E libEGL : Invalid file path for libcolorx-
loader.so
03-12 22:14:25.988 492 492 E ArmVmp : Match on catch block at 0xc3 in for 0xa1
03-12 22:14:25.991 492 492 E ArmVmp : Match on catch block at 0xc3 in for 0xa5
03-12 22:14:26.254 492 492 E ArmVmp : Match on catch block at 0xc3 in for 0xa1
03-12 22:14:26.257 492 492 E ArmVmp : Match on catch block at 0xc3 in for 0xa5
03-12 22:14:26.381 492 492 W AudioManager: Use of stream types is deprecated
for operations other than volume control
03-12 22:14:26.381 492 492 W AudioManager: See the documentation of
requestAudioFocus() for what to use instead with android.media.AudioAttributes to
qualify your playback use case
03-12 22:14:26.409 492 2588 E OplusACodec: [GetVideoCodingTypeFromMime:L709]
mime:video/avc
03-12 22:14:26.411 492 2588 E MtkACodecExt: setConfig(OMX_CONFIG_ROTATIONTYPE)
returned error 0xfffffc0e
03-12 22:14:26.411 492 2588 E ACodec : [OMX.MTK.VIDEO.DECODER.AVC] failed to
setViLTEParameters 1
03-12 22:14:26.463 492 2593 W Codec2Client: query -- param skipped: index =
1107298332.
03-12 22:14:26.463 492 2593 W CCodec : This behavior is subject to change. It
is recommended that app developers double check whether the requested max input
size is in reasonable range.
03-12 22:14:26.465 492 2593 W Codec2Client: query -- param skipped: index =
1342179345.
03-12 22:14:26.465 492 2593 W Codec2Client: query -- param skipped: index =
2415921170.
03-12 22:14:26.465 492 2593 W Codec2Client: query -- param skipped: index =
1610614798.
03-12 22:14:26.466 492 2593 E FMQ : grantorIdx must be less than 3
03-12 22:14:26.466 492 2593 E FMQ : grantorIdx must be less than 3
03-12 22:14:26.473 492 2593 E FMQ : grantorIdx must be less than 3
03-12 22:14:26.482 492 1479 E FMQ : grantorIdx must be less than 3
03-12 22:14:26.526 492 492 E ArmVmp : Match on catch block at 0xc3 in for 0xa1
03-12 22:14:26.530 492 492 E ArmVmp : Match on catch block at 0xc3 in for 0xa5
03-12 22:14:26.546 492 492 E ArmVmp : Match on catch block at 0xc3 in for 0xa5
03-12 22:14:26.551 492 492 E ArmVmp : Match on catch block at 0xc3 in for 0xa9
03-12 22:14:26.567 492 492 E ArmVmp : Match on catch block at 0xc3 in for 0xa9
03-12 22:14:26.572 492 492 E ArmVmp : Match on catch block at 0xc3 in for 0xa1
03-12 22:14:26.608 492 492 E ArmVmp : Match on catch block at 0xc3 in for 0xa9
03-12 22:14:26.613 492 492 E ArmVmp : Match on catch block at 0xc3 in for 0xa1
03-12 22:14:26.629 492 492 E ArmVmp : Match on catch block at 0xc3 in for 0xa1
03-12 22:14:26.633 492 492 E ArmVmp : Match on catch block at 0xc3 in for 0xa5
03-12 22:14:26.680 492 492 E ArmVmp : Match on catch block at 0xc3 in for 0xa5
03-12 22:14:26.684 492 492 E ArmVmp : Match on catch block at 0xc3 in for 0xa9
03-12 22:14:26.703 492 492 E ArmVmp : Match on catch block at 0xc3 in for 0xa9
03-12 22:14:26.707 492 492 E ArmVmp : Match on catch block at 0xc3 in for 0xa1
03-12 22:14:26.731 492 492 E ArmVmp : Match on catch block at 0xc3 in for 0xa1
03-12 22:14:26.736 492 492 E ArmVmp : Match on catch block at 0xc3 in for 0xa5
03-12 22:14:26.750 492 492 E ArmVmp : Match on catch block at 0xc3 in for 0xa5
03-12 22:14:26.754 492 492 E ArmVmp : Match on catch block at 0xc3 in for 0xa9
03-12 22:14:26.770 492 492 E ArmVmp : Match on catch block at 0xc3 in for 0xa9
03-12 22:14:26.775 492 492 E ArmVmp : Match on catch block at 0xc3 in for 0xa1
03-12 22:14:26.797 492 492 E ArmVmp : Match on catch block at 0xc3 in for 0xa1
03-12 22:14:26.801 492 492 E ArmVmp : Match on catch block at 0xc3 in for 0xa5
03-12 22:14:26.815 492 492 E ArmVmp : Match on catch block at 0xc3 in for 0xa5
03-12 22:14:26.820 492 492 E ArmVmp : Match on catch block at 0xc3 in for 0xa9
03-12 22:14:26.840 492 492 E ArmVmp : Match on catch block at 0xc3 in for 0xa9
03-12 22:14:26.844 492 492 E ArmVmp : Match on catch block at 0xc3 in for 0xa1
03-12 22:14:26.859 492 492 E ArmVmp : Match on catch block at 0xc3 in for 0xa1
03-12 22:14:26.863 492 492 E ArmVmp : Match on catch block at 0xc3 in for 0xa5
03-12 22:14:27.157 492 492 E ArmVmp : Match on catch block at 0xc3 in for 0xa5
03-12 22:14:27.162 492 492 E ArmVmp : Match on catch block at 0xc3 in for 0xa9
03-12 22:14:27.450 492 517 W System : A resource failed to call release.
03-12 22:14:29.712 492 492 E ArmVmp : Match on catch block at 0xc3 in for 0xa5
03-12 22:14:29.718 492 492 E ArmVmp : Match on catch block at 0xc3 in for 0xa9
03-12 22:14:29.739 492 492 E ArmVmp : Match on catch block at 0xc3 in for 0xa9
03-12 22:14:29.747 492 492 E ArmVmp : Match on catch block at 0xc3 in for 0xa1
03-12 22:14:29.771 492 492 E ArmVmp : Match on catch block at 0xc3 in for 0xa1
03-12 22:14:29.776 492 492 E ArmVmp : Match on catch block at 0xc3 in for 0xa5
03-12 22:14:29.791 492 492 E ArmVmp : Match on catch block at 0xc3 in for 0xa5
03-12 22:14:29.796 492 492 E ArmVmp : Match on catch block at 0xc3 in for 0xa9
03-12 22:14:29.813 492 492 E ArmVmp : Match on catch block at 0xc3 in for 0xa9
03-12 22:14:29.817 492 492 E ArmVmp : Match on catch block at 0xc3 in for 0xa1
03-12 22:14:29.835 492 492 E ArmVmp : Match on catch block at 0xc3 in for 0xa1
03-12 22:14:29.838 492 492 E ArmVmp : Match on catch block at 0xc3 in for 0xa5
03-12 22:14:29.852 492 492 E ArmVmp : Match on catch block at 0xc3 in for 0xa5
03-12 22:14:29.857 492 492 E ArmVmp : Match on catch block at 0xc3 in for 0xa9
03-12 22:14:29.875 492 492 E ArmVmp : Match on catch block at 0xc3 in for 0xa9
03-12 22:14:29.879 492 492 E ArmVmp : Match on catch block at 0xc3 in for 0xa1
03-12 22:14:29.894 492 492 E ArmVmp : Match on catch block at 0xc3 in for 0xa1
03-12 22:14:29.898 492 492 E ArmVmp : Match on catch block at 0xc3 in for 0xa5
03-12 22:14:30.248 492 492 E ArmVmp : Match on catch block at 0xc3 in for 0xa5
03-12 22:14:30.253 492 492 E ArmVmp : Match on catch block at 0xc3 in for 0xa9
03-12 22:14:30.271 492 492 E ArmVmp : Match on catch block at 0xc3 in for 0xa9
03-12 22:14:30.275 492 492 E ArmVmp : Match on catch block at 0xc3 in for 0xa1
03-12 22:14:30.295 492 492 E ArmVmp : Match on catch block at 0xc3 in for 0xa1
03-12 22:14:30.299 492 492 E ArmVmp : Match on catch block at 0xc3 in for 0xa5
03-12 22:14:30.314 492 492 E ArmVmp : Match on catch block at 0xc3 in for 0xa5
03-12 22:14:30.319 492 492 E ArmVmp : Match on catch block at 0xc3 in for 0xa9
03-12 22:14:30.334 492 492 E ArmVmp : Match on catch block at 0xc3 in for 0xa9
03-12 22:14:30.339 492 492 E ArmVmp : Match on catch block at 0xc3 in for 0xa1
03-12 22:14:30.357 492 492 E ArmVmp : Match on catch block at 0xc3 in for 0xa1
03-12 22:14:30.361 492 492 E ArmVmp : Match on catch block at 0xc3 in for 0xa5
03-12 22:14:30.376 492 492 E ArmVmp : Match on catch block at 0xc3 in for 0xa5
03-12 22:14:30.381 492 492 E ArmVmp : Match on catch block at 0xc3 in for 0xa9
03-12 22:14:30.399 492 492 E ArmVmp : Match on catch block at 0xc3 in for 0xa9
03-12 22:14:30.403 492 492 E ArmVmp : Match on catch block at 0xc3 in for 0xa1
03-12 22:14:30.418 492 492 E ArmVmp : Match on catch block at 0xc3 in for 0xa1
03-12 22:14:30.422 492 492 E ArmVmp : Match on catch block at 0xc3 in for 0xa5
03-12 22:14:30.441 492 492 E ArmVmp : Match on catch block at 0xc3 in for 0xa5
03-12 22:14:30.445 492 492 E ArmVmp : Match on catch block at 0xc3 in for 0xa9
03-12 22:14:30.845 492 492 E ArmVmp : Match on catch block at 0xc3 in for 0xa9
03-12 22:14:30.848 492 492 E ArmVmp : Match on catch block at 0xc3 in for 0xa1
03-12 22:14:30.867 492 492 E ArmVmp : Match on catch block at 0xc3 in for 0xa1
03-12 22:14:30.870 492 492 E ArmVmp : Match on catch block at 0xc3 in for 0xa5
03-12 22:14:30.885 492 492 E ArmVmp : Match on catch block at 0xc3 in for 0xa5
03-12 22:14:30.890 492 492 E ArmVmp : Match on catch block at 0xc3 in for 0xa9
03-12 22:14:30.904 492 492 E ArmVmp : Match on catch block at 0xc3 in for 0xa9
03-12 22:14:30.908 492 492 E ArmVmp : Match on catch block at 0xc3 in for 0xa1
03-12 22:14:30.927 492 492 E ArmVmp : Match on catch block at 0xc3 in for 0xa1
03-12 22:14:30.931 492 492 E ArmVmp : Match on catch block at 0xc3 in for 0xa5
03-12 22:14:30.946 492 492 E ArmVmp : Match on catch block at 0xc3 in for 0xa5
03-12 22:14:30.949 492 492 E ArmVmp : Match on catch block at 0xc3 in for 0xa9
03-12 22:14:30.969 492 492 E ArmVmp : Match on catch block at 0xc3 in for 0xa9
03-12 22:14:30.973 492 492 E ArmVmp : Match on catch block at 0xc3 in for 0xa1
03-12 22:14:30.988 492 492 E ArmVmp : Match on catch block at 0xc3 in for 0xa1
03-12 22:14:30.992 492 492 E ArmVmp : Match on catch block at 0xc3 in for 0xa5
03-12 22:14:31.010 492 492 E ArmVmp : Match on catch block at 0xc3 in for 0xa5
03-12 22:14:31.014 492 492 E ArmVmp : Match on catch block at 0xc3 in for 0xa9
03-12 22:14:31.029 492 492 E ArmVmp : Match on catch block at 0xc3 in for 0xa9
03-12 22:14:31.034 492 492 E ArmVmp : Match on catch block at 0xc3 in for 0xa1
03-12 22:14:32.391 492 2593 W Codec2Client: query -- param skipped: index =
1342179345.
03-12 22:14:32.391 492 2593 W Codec2Client: query -- param skipped: index =
2415921170.
03-12 22:14:32.391 492 2593 W Codec2Client: query -- param skipped: index =
1610614798.
03-12 22:14:32.833 492 492 E ArmVmp : Match on catch block at 0xc3 in for 0xa9
03-12 22:14:32.838 492 492 E ArmVmp : Match on catch block at 0xc3 in for 0xa1
03-12 22:14:32.855 492 492 E ArmVmp : Match on catch block at 0xc3 in for 0xa1
03-12 22:14:32.861 492 492 E ArmVmp : Match on catch block at 0xc3 in for 0xa5
03-12 22:14:32.881 492 492 E ArmVmp : Match on catch block at 0xc3 in for 0xa5
03-12 22:14:32.885 492 492 E ArmVmp : Match on catch block at 0xc3 in for 0xa9
03-12 22:14:32.901 492 492 E ArmVmp : Match on catch block at 0xc3 in for 0xa9
03-12 22:14:32.907 492 492 E ArmVmp : Match on catch block at 0xc3 in for 0xa1
03-12 22:14:32.925 492 492 E ArmVmp : Match on catch block at 0xc3 in for 0xa1
03-12 22:14:32.930 492 492 E ArmVmp : Match on catch block at 0xc3 in for 0xa5
03-12 22:14:32.947 492 492 E ArmVmp : Match on catch block at 0xc3 in for 0xa5
03-12 22:14:32.954 492 492 E ArmVmp : Match on catch block at 0xc3 in for 0xa9
03-12 22:14:32.974 492 492 E ArmVmp : Match on catch block at 0xc3 in for 0xa9
03-12 22:14:32.979 492 492 E ArmVmp : Match on catch block at 0xc3 in for 0xa1
03-12 22:14:32.996 492 492 E ArmVmp : Match on catch block at 0xc3 in for 0xa1
03-12 22:14:33.001 492 492 E ArmVmp : Match on catch block at 0xc3 in for 0xa5
03-12 22:14:33.019 492 492 E ArmVmp : Match on catch block at 0xc3 in for 0xa5
03-12 22:14:33.024 492 492 E ArmVmp : Match on catch block at 0xc3 in for 0xa9
03-12 22:14:44.757 492 492 E ArmVmp : Match on catch block at 0xc3 in for 0xa9
03-12 22:14:44.762 492 492 E ArmVmp : Match on catch block at 0xc3 in for 0xa1
03-12 22:14:44.789 492 492 E ArmVmp : Match on catch block at 0xc3 in for 0xa1
03-12 22:14:44.794 492 492 E ArmVmp : Match on catch block at 0xc3 in for 0xa5
03-12 22:14:44.814 492 492 E ArmVmp : Match on catch block at 0xc3 in for 0xa5
03-12 22:14:44.819 492 492 E ArmVmp : Match on catch block at 0xc3 in for 0xa9
03-12 22:14:44.835 492 492 E ArmVmp : Match on catch block at 0xc3 in for 0xa9
03-12 22:14:44.840 492 492 E ArmVmp : Match on catch block at 0xc3 in for 0xa1
03-12 22:14:44.859 492 492 E ArmVmp : Match on catch block at 0xc3 in for 0xa1
03-12 22:14:44.864 492 492 E ArmVmp : Match on catch block at 0xc3 in for 0xa5
03-12 22:14:44.880 492 492 E ArmVmp : Match on catch block at 0xc3 in for 0xa5
03-12 22:14:44.885 492 492 E ArmVmp : Match on catch block at 0xc3 in for 0xa9
03-12 22:14:44.904 492 492 E ArmVmp : Match on catch block at 0xc3 in for 0xa9
03-12 22:14:44.909 492 492 E ArmVmp : Match on catch block at 0xc3 in for 0xa1
03-12 22:14:44.924 492 492 E ArmVmp : Match on catch block at 0xc3 in for 0xa1
03-12 22:14:44.929 492 492 E ArmVmp : Match on catch block at 0xc3 in for 0xa5
03-12 22:14:44.943 492 492 E ArmVmp : Match on catch block at 0xc3 in for 0xa5
03-12 22:14:44.947 492 492 E ArmVmp : Match on catch block at 0xc3 in for 0xa9
03-12 22:14:45.345 492 492 E ArmVmp : Match on catch block at 0xc3 in for 0xa9
03-12 22:14:45.349 492 492 E ArmVmp : Match on catch block at 0xc3 in for 0xa1
03-12 22:14:45.366 492 492 E ArmVmp : Match on catch block at 0xc3 in for 0xa1
03-12 22:14:45.371 492 492 E ArmVmp : Match on catch block at 0xc3 in for 0xa5
03-12 22:14:45.391 492 492 E ArmVmp : Match on catch block at 0xc3 in for 0xa5
03-12 22:14:45.394 492 492 E ArmVmp : Match on catch block at 0xc3 in for 0xa9
03-12 22:14:45.409 492 492 E ArmVmp : Match on catch block at 0xc3 in for 0xa9
03-12 22:14:45.412 492 492 E ArmVmp : Match on catch block at 0xc3 in for 0xa1
03-12 22:14:45.427 492 492 E ArmVmp : Match on catch block at 0xc3 in for 0xa1
03-12 22:14:45.430 492 492 E ArmVmp : Match on catch block at 0xc3 in for 0xa5
03-12 22:14:45.449 492 492 E ArmVmp : Match on catch block at 0xc3 in for 0xa5
03-12 22:14:45.453 492 492 E ArmVmp : Match on catch block at 0xc3 in for 0xa9
03-12 22:14:45.469 492 492 E ArmVmp : Match on catch block at 0xc3 in for 0xa9
03-12 22:14:45.473 492 492 E ArmVmp : Match on catch block at 0xc3 in for 0xa1
03-12 22:14:45.493 492 492 E ArmVmp : Match on catch block at 0xc3 in for 0xa1
03-12 22:14:45.497 492 492 E ArmVmp : Match on catch block at 0xc3 in for 0xa5
03-12 22:14:45.511 492 492 E ArmVmp : Match on catch block at 0xc3 in for 0xa5
03-12 22:14:45.515 492 492 E ArmVmp : Match on catch block at 0xc3 in for 0xa9
03-12 22:14:52.280 492 492 E ArmVmp : Match on catch block at 0xc3 in for 0xa9
03-12 22:14:52.285 492 492 E ArmVmp : Match on catch block at 0xc3 in for 0xa1
03-12 22:14:52.306 492 492 E ArmVmp : Match on catch block at 0xc3 in for 0xa1
03-12 22:14:52.311 492 492 E ArmVmp : Match on catch block at 0xc3 in for 0xa5
03-12 22:14:52.335 492 492 E ArmVmp : Match on catch block at 0xc3 in for 0xa5
03-12 22:14:52.340 492 492 E ArmVmp : Match on catch block at 0xc3 in for 0xa9
03-12 22:14:52.355 492 492 E ArmVmp : Match on catch block at 0xc3 in for 0xa9
03-12 22:14:52.360 492 492 E ArmVmp : Match on catch block at 0xc3 in for 0xa1
03-12 22:14:52.381 492 492 E ArmVmp : Match on catch block at 0xc3 in for 0xa1
03-12 22:14:52.386 492 492 E ArmVmp : Match on catch block at 0xc3 in for 0xa5
03-12 22:14:52.401 492 492 E ArmVmp : Match on catch block at 0xc3 in for 0xa5
03-12 22:14:52.406 492 492 E ArmVmp : Match on catch block at 0xc3 in for 0xa9
03-12 22:14:52.421 492 492 E ArmVmp : Match on catch block at 0xc3 in for 0xa9
03-12 22:14:52.426 492 492 E ArmVmp : Match on catch block at 0xc3 in for 0xa1
03-12 22:14:52.444 492 492 E ArmVmp : Match on catch block at 0xc3 in for 0xa1
03-12 22:14:52.448 492 492 E ArmVmp : Match on catch block at 0xc3 in for 0xa5
03-12 22:14:52.465 492 492 E ArmVmp : Match on catch block at 0xc3 in for 0xa5
03-12 22:14:52.469 492 492 E ArmVmp : Match on catch block at 0xc3 in for 0xa9
03-12 22:14:53.826 492 2593 W Codec2Client: query -- param skipped: index =
1342179345.
03-12 22:14:53.826 492 2593 W Codec2Client: query -- param skipped: index =
2415921170.
03-12 22:14:53.826 492 2593 W Codec2Client: query -- param skipped: index =
1610614798.
03-12 22:14:54.293 492 492 E ArmVmp : Match on catch block at 0xc3 in for 0xa5
03-12 22:14:54.297 492 492 E ArmVmp : Match on catch block at 0xc3 in for 0xa9
03-12 22:14:54.311 492 492 E ArmVmp : Match on catch block at 0xc3 in for 0xa9
03-12 22:14:54.315 492 492 E ArmVmp : Match on catch block at 0xc3 in for 0xa1
03-12 22:14:54.330 492 492 E ArmVmp : Match on catch block at 0xc3 in for 0xa1
03-12 22:14:54.334 492 492 E ArmVmp : Match on catch block at 0xc3 in for 0xa5
03-12 22:14:54.351 492 492 E ArmVmp : Match on catch block at 0xc3 in for 0xa5
03-12 22:14:54.357 492 492 E ArmVmp : Match on catch block at 0xc3 in for 0xa9
03-12 22:14:54.372 492 492 E ArmVmp : Match on catch block at 0xc3 in for 0xa9
03-12 22:14:54.377 492 492 E ArmVmp : Match on catch block at 0xc3 in for 0xa1
03-12 22:14:54.394 492 492 E ArmVmp : Match on catch block at 0xc3 in for 0xa1
03-12 22:14:54.399 492 492 E ArmVmp : Match on catch block at 0xc3 in for 0xa5
03-12 22:14:54.418 492 492 E ArmVmp : Match on catch block at 0xc3 in for 0xa5
03-12 22:14:54.422 492 492 E ArmVmp : Match on catch block at 0xc3 in for 0xa9
03-12 22:14:54.436 492 492 E ArmVmp : Match on catch block at 0xc3 in for 0xa9
03-12 22:14:54.440 492 492 E ArmVmp : Match on catch block at 0xc3 in for 0xa1
03-12 22:14:54.454 492 492 E ArmVmp : Match on catch block at 0xc3 in for 0xa1
03-12 22:14:54.458 492 492 E ArmVmp : Match on catch block at 0xc3 in for 0xa5
03-12 22:14:54.476 492 492 E ArmVmp : Match on catch block at 0xc3 in for 0xa5
03-12 22:14:54.481 492 492 E ArmVmp : Match on catch block at 0xc3 in for 0xa9
03-12 22:14:57.373 492 492 E ArmVmp : Match on catch block at 0xc3 in for 0xa9
03-12 22:14:57.380 492 492 E ArmVmp : Match on catch block at 0xc3 in for 0xa1
03-12 22:14:57.406 492 492 E ArmVmp : Match on catch block at 0xc3 in for 0xa1
03-12 22:14:57.411 492 492 E ArmVmp : Match on catch block at 0xc3 in for 0xa5
03-12 22:14:57.433 492 492 E ArmVmp : Match on catch block at 0xc3 in for 0xa5
03-12 22:14:57.439 492 492 E ArmVmp : Match on catch block at 0xc3 in for 0xa9
03-12 22:14:57.457 492 492 E ArmVmp : Match on catch block at 0xc3 in for 0xa9
03-12 22:14:57.463 492 492 E ArmVmp : Match on catch block at 0xc3 in for 0xa1
03-12 22:14:57.483 492 492 E ArmVmp : Match on catch block at 0xc3 in for 0xa1
03-12 22:14:57.489 492 492 E ArmVmp : Match on catch block at 0xc3 in for 0xa5
03-12 22:14:57.513 492 492 E ArmVmp : Match on catch block at 0xc3 in for 0xa5
03-12 22:14:57.518 492 492 E ArmVmp : Match on catch block at 0xc3 in for 0xa9
03-12 22:14:57.540 492 492 E ArmVmp : Match on catch block at 0xc3 in for 0xa9
03-12 22:14:57.546 492 492 E ArmVmp : Match on catch block at 0xc3 in for 0xa1
03-12 22:14:57.572 492 492 E ArmVmp : Match on catch block at 0xc3 in for 0xa1
03-12 22:14:57.577 492 492 E ArmVmp : Match on catch block at 0xc3 in for 0xa5
03-12 22:14:57.944 492 492 E ArmVmp : Match on catch block at 0xc3 in for 0xa1
03-12 22:14:57.950 492 492 E ArmVmp : Match on catch block at 0xc3 in for 0xa5
03-12 22:14:57.957 492 492 E ArmVmp : Match on catch block at 0xc3 in for 0xa5
03-12 22:14:57.961 492 492 E ArmVmp : Match on catch block at 0xc3 in for 0xa9
03-12 22:14:58.125 492 492 E ArmVmp : Match on catch block at 0xc3 in for 0xa9
03-12 22:14:58.129 492 492 E ArmVmp : Match on catch block at 0xc3 in for 0xa1
03-12 22:14:58.159 492 492 E ArmVmp : Match on catch block at 0xc3 in for 0xa9
03-12 22:14:58.164 492 492 E ArmVmp : Match on catch block at 0xc3 in for 0xa1
03-12 22:14:58.186 492 492 E ArmVmp : Match on catch block at 0xc3 in for 0xa1
03-12 22:14:58.191 492 492 E ArmVmp : Match on catch block at 0xc3 in for 0xa5
03-12 22:14:58.271 492 647 W RefBase : CallStack::getCurrentInternal not
linked, returning null
03-12 22:14:58.271 492 647 W RefBase : CallStack::logStackInternal not linked
03-12 22:14:58.272 492 647 W RefBase : CallStack::getCurrentInternal not
linked, returning null
03-12 22:14:58.272 492 647 W RefBase : CallStack::logStackInternal not linked
03-12 22:14:58.273 492 647 W RefBase : CallStack::getCurrentInternal not
linked, returning null
03-12 22:14:58.273 492 647 W RefBase : CallStack::logStackInternal not linked
03-12 22:14:58.273 492 647 W RefBase : CallStack::getCurrentInternal not
linked, returning null
03-12 22:14:58.273 492 647 W RefBase : CallStack::logStackInternal not linked
03-12 22:14:58.273 492 647 W RefBase : CallStack::getCurrentInternal not
linked, returning null
03-12 22:14:58.273 492 647 W RefBase : CallStack::logStackInternal not linked
03-12 22:14:58.274 492 647 W RefBase : CallStack::getCurrentInternal not
linked, returning null
03-12 22:14:58.274 492 647 W RefBase : CallStack::logStackInternal not linked
03-12 22:14:58.274 492 647 W RefBase : CallStack::getCurrentInternal not
linked, returning null
03-12 22:14:58.274 492 647 W RefBase : CallStack::logStackInternal not linked
03-12 22:14:58.275 492 647 W RefBase : CallStack::getCurrentInternal not
linked, returning null
03-12 22:14:58.275 492 647 W RefBase : CallStack::logStackInternal not linked
03-12 22:14:58.276 492 647 W RefBase : CallStack::getCurrentInternal not
linked, returning null
03-12 22:14:58.276 492 647 W RefBase : CallStack::logStackInternal not linked
03-12 22:14:58.276 492 647 W RefBase : CallStack::getCurrentInternal not
linked, returning null
03-12 22:14:58.276 492 647 W RefBase : CallStack::logStackInternal not linked
03-12 22:14:58.277 492 647 W RefBase : CallStack::getCurrentInternal not
linked, returning null
03-12 22:14:58.277 492 647 W RefBase : CallStack::logStackInternal not linked
03-12 22:14:58.277 492 647 W RefBase : CallStack::getCurrentInternal not
linked, returning null
03-12 22:14:58.277 492 647 W RefBase : CallStack::logStackInternal not linked
03-12 22:14:58.278 492 647 W RefBase : CallStack::getCurrentInternal not
linked, returning null
03-12 22:14:58.278 492 647 W RefBase : CallStack::logStackInternal not linked
03-12 22:14:58.278 492 647 W RefBase : CallStack::getCurrentInternal not
linked, returning null
03-12 22:14:58.278 492 647 W RefBase : CallStack::logStackInternal not linked
03-12 22:14:58.279 492 647 W RefBase : CallStack::getCurrentInternal not
linked, returning null
03-12 22:14:58.279 492 647 W RefBase : CallStack::logStackInternal not linked
03-12 22:14:58.279 492 647 W RefBase : CallStack::getCurrentInternal not
linked, returning null
03-12 22:14:58.279 492 647 W RefBase : CallStack::logStackInternal not linked
03-12 22:14:58.280 492 647 W RefBase : CallStack::getCurrentInternal not
linked, returning null
03-12 22:14:58.280 492 647 W RefBase : CallStack::logStackInternal not linked
03-12 22:14:58.280 492 647 W RefBase : CallStack::getCurrentInternal not
linked, returning null
03-12 22:14:58.280 492 647 W RefBase : CallStack::logStackInternal not linked
03-12 22:14:58.281 492 647 W RefBase : CallStack::getCurrentInternal not
linked, returning null
03-12 22:14:58.281 492 647 W RefBase : CallStack::logStackInternal not linked
03-12 22:14:58.282 492 647 W RefBase : CallStack::getCurrentInternal not
linked, returning null
03-12 22:14:58.282 492 647 W RefBase : CallStack::logStackInternal not linked
03-12 22:14:58.282 492 647 W RefBase : CallStack::getCurrentInternal not
linked, returning null
03-12 22:14:58.282 492 647 W RefBase : CallStack::logStackInternal not linked
03-12 22:14:58.326 492 2593 W Codec2Client: query -- param skipped: index =
1342179345.
03-12 22:14:58.326 492 2593 W Codec2Client: query -- param skipped: index =
2415921170.
03-12 22:14:58.326 492 2593 W Codec2Client: query -- param skipped: index =
1610614798.
03-12 22:14:58.330 492 2588 W ACodec : Failed to set ANW_HWComposer to OMX,
ignoring (-2147483648)
03-12 22:14:58.397 492 492 E ArmVmp : Match on catch block at 0xc3 in for 0xa1
03-12 22:14:58.400 492 492 E ArmVmp : Match on catch block at 0xc3 in for 0xa5
03-12 22:14:58.492 492 492 E ArmVmp : Match on catch block at 0xc3 in for 0xa9
03-12 22:14:58.496 492 492 E ArmVmp : Match on catch block at 0xc3 in for 0xa1
03-12 22:14:58.528 492 492 E ArmVmp : Match on catch block at 0xc3 in for 0xa1
03-12 22:14:58.533 492 492 E ArmVmp : Match on catch block at 0xc3 in for 0xa5
03-12 22:14:58.961 492 492 E ArmVmp : Match on catch block at 0xc3 in for 0xa5
03-12 22:14:58.966 492 492 E ArmVmp : Match on catch block at 0xc3 in for 0xa9
03-12 22:15:04.388 492 517 W System : A resource failed to call release.
--------- beginning of system
--------- beginning of main
03-12 22:20:10.615 492 647 W RefBase : CallStack::getCurrentInternal not
linked, returning null
03-12 22:20:10.615 492 647 W RefBase : CallStack::logStackInternal not linked
03-12 22:20:10.616 492 647 W RefBase : CallStack::getCurrentInternal not
linked, returning null
03-12 22:20:10.616 492 647 W RefBase : CallStack::logStackInternal not linked
03-12 22:20:10.616 492 647 W RefBase : CallStack::getCurrentInternal not
linked, returning null
03-12 22:20:10.616 492 647 W RefBase : CallStack::logStackInternal not linked
03-12 22:20:10.617 492 647 W RefBase : CallStack::getCurrentInternal not
linked, returning null
03-12 22:20:10.617 492 647 W RefBase : CallStack::logStackInternal not linked
03-12 22:20:10.617 492 647 W RefBase : CallStack::getCurrentInternal not
linked, returning null
03-12 22:20:10.617 492 647 W RefBase : CallStack::logStackInternal not linked
03-12 22:20:10.618 492 647 W RefBase : CallStack::getCurrentInternal not
linked, returning null
03-12 22:20:10.618 492 647 W RefBase : CallStack::logStackInternal not linked
03-12 22:20:10.618 492 647 W RefBase : CallStack::getCurrentInternal not
linked, returning null
03-12 22:20:10.618 492 647 W RefBase : CallStack::logStackInternal not linked
03-12 22:20:10.618 492 647 W RefBase : CallStack::getCurrentInternal not
linked, returning null
03-12 22:20:10.618 492 647 W RefBase : CallStack::logStackInternal not linked
03-12 22:20:10.619 492 647 W RefBase : CallStack::getCurrentInternal not
linked, returning null
03-12 22:20:10.619 492 647 W RefBase : CallStack::logStackInternal not linked
03-12 22:20:10.619 492 647 W RefBase : CallStack::getCurrentInternal not
linked, returning null
03-12 22:20:10.619 492 647 W RefBase : CallStack::logStackInternal not linked
03-12 22:20:10.620 492 647 W RefBase : CallStack::getCurrentInternal not
linked, returning null
03-12 22:20:10.620 492 647 W RefBase : CallStack::logStackInternal not linked
03-12 22:20:10.620 492 647 W RefBase : CallStack::getCurrentInternal not
linked, returning null
03-12 22:20:10.620 492 647 W RefBase : CallStack::logStackInternal not linked
03-12 22:20:10.621 492 647 W RefBase : CallStack::getCurrentInternal not
linked, returning null
03-12 22:20:10.621 492 647 W RefBase : CallStack::logStackInternal not linked
03-12 22:20:10.621 492 647 W RefBase : CallStack::getCurrentInternal not
linked, returning null
03-12 22:20:10.621 492 647 W RefBase : CallStack::logStackInternal not linked
03-12 22:20:10.622 492 647 W RefBase : CallStack::getCurrentInternal not
linked, returning null
03-12 22:20:10.622 492 647 W RefBase : CallStack::logStackInternal not linked
03-12 22:20:10.641 492 6407 W Codec2Client: query -- param skipped: index =
1342179345.
03-12 22:20:10.641 492 6407 W Codec2Client: query -- param skipped: index =
2415921170.
03-12 22:20:10.641 492 6407 W Codec2Client: query -- param skipped: index =
1610614798.
03-12 22:20:10.645 492 6401 W ACodec : Failed to set ANW_HWComposer to OMX,
ignoring (-2147483648)
03-12 22:20:11.238 492 492 E libEGL : Invalid file path for libcolorx-
loader.so
03-12 22:20:11.239 492 492 E libEGL : Invalid file path for libcolorx-
loader.so
03-12 22:20:15.412 6454 6454 E com.mbwhatsapp: Unknown bits set in runtime_flags:
0x40000000
03-12 22:20:15.423 6454 6454 E com.mbwhatsapp: Not starting debugger since
process cannot load the jdwp agent.
03-12 22:20:15.439 6454 6454 E RefClass:
java.lang.reflect.InvocationTargetException
03-12 22:20:15.500 6454 6454 E libc : Access denied finding property
"ro.odm.prev.product.name"
03-12 22:20:15.700 6454 6454 W System.err: java.lang.ClassNotFoundException:
mbmodsd.mbmodsw.ui.views.btn.BtnBK
03-12 22:20:15.700 6454 6454 W System.err: at
java.lang.Runtime.nativeLoad(Native Method)
03-12 22:20:15.701 6454 6454 W System.err: at
java.lang.Runtime.nativeLoad(Runtime.java:1131)
03-12 22:20:15.701 6454 6454 W System.err: at
java.lang.Runtime.loadLibrary0(Runtime.java:1085)
03-12 22:20:15.701 6454 6454 W System.err: at
java.lang.Runtime.loadLibrary0(Runtime.java:1008)
03-12 22:20:15.701 6454 6454 W System.err: at
java.lang.System.loadLibrary(System.java:1664)
03-12 22:20:15.701 6454 6454 W System.err: at arm.EpicVm.<clinit>(Unknown
Source:2)
03-12 22:20:15.701 6454 6454 W System.err: at
java.lang.Class.newInstance(Native Method)
03-12 22:20:15.701 6454 6454 W System.err: at
android.app.AppComponentFactory.instantiateApplication(AppComponentFactory.java:76)
03-12 22:20:15.701 6454 6454 W System.err: at
androidx.core.app.CoreComponentFactory.instantiateApplication(Unknown Source:0)
03-12 22:20:15.701 6454 6454 W System.err: at
android.app.Instrumentation.newApplication(Instrumentation.java:1158)
03-12 22:20:15.701 6454 6454 W System.err: at
android.app.LoadedApk.makeApplication(LoadedApk.java:1324)
03-12 22:20:15.701 6454 6454 W System.err: at
android.app.ActivityThread.handleBindApplication(ActivityThread.java:7272)
03-12 22:20:15.701 6454 6454 W System.err: at
android.app.ActivityThread.access$1700(ActivityThread.java:309)
03-12 22:20:15.701 6454 6454 W System.err: at
android.app.ActivityThread$H.handleMessage(ActivityThread.java:2194)
03-12 22:20:15.701 6454 6454 W System.err: at
android.os.Handler.dispatchMessage(Handler.java:106)
03-12 22:20:15.701 6454 6454 W System.err: at
android.os.Looper.loop(Looper.java:264)
03-12 22:20:15.702 6454 6454 W System.err: at
android.app.ActivityThread.main(ActivityThread.java:8315)
03-12 22:20:15.702 6454 6454 W System.err: at
java.lang.reflect.Method.invoke(Native Method)
03-12 22:20:15.702 6454 6454 W System.err: at
com.android.internal.os.RuntimeInit$MethodAndArgsCaller.run(RuntimeInit.java:632)
03-12 22:20:15.702 6454 6454 W System.err: at
com.android.internal.os.ZygoteInit.main(ZygoteInit.java:1049)
03-12 22:20:15.831 6454 6454 E CustomActivityOnCrash: IMPORTANT WARNING! You
already have an UncaughtExceptionHandler, are you sure this is correct? If you use
a custom UncaughtExceptionHandler, you must initialize it AFTER
CustomActivityOnCrash! Installing anyway, but your original handler will not be
called.
03-12 22:20:17.322 6454 6454 E Parcel : Reading a NULL string not supported
here.
03-12 22:20:17.609 6454 6454 W com.mbwhatsapp: Accessing hidden method
Lcom/android/org/conscrypt/OpenSSLSocketImpl;->setUseSessionTickets(Z)V (greylist-
max-q,test-api, reflection, denied)
03-12 22:20:17.609 6454 6454 W com.mbwhatsapp: Accessing hidden method
Lcom/android/org/conscrypt/AbstractConscryptSocket;->setUseSessionTickets(Z)V
(greylist-max-q, reflection, denied)
03-12 22:20:17.773 6454 6454 W linker : Warning:
"/data/data/com.mbwhatsapp/files/decompressed/libs.spk.zst/libc++_shared.so" unused
DT entry: unknown processor-specific (type 0x70000001 arg 0x0) (ignoring)
03-12 22:20:18.095 6454 6454 E ANR_LOG : >>> msg's executing time is too long
03-12 22:20:18.095 6454 6454 E ANR_LOG : Blocked msg = { when=-2s635ms what=110
target=android.app.ActivityThread$H obj=AppBindData{appInfo=ApplicationInfo{11f6cdd
com.mbwhatsapp}} } , cost = 2627 ms
03-12 22:20:18.095 6454 6454 E ANR_LOG : >>>Current msg List is:
03-12 22:20:18.095 6454 6454 E ANR_LOG : Current msg <1> = { when=-2s634ms
what=116 target=android.app.ActivityThread$H obj=android.os.BinderProxy@d7ae052 }
03-12 22:20:18.096 6454 6454 E ANR_LOG : Current msg <2> = { when=-2s633ms
what=114 target=android.app.ActivityThread$H
obj=CreateServiceData{token=android.os.BinderProxy@d7ae052
className=com.mbwhatsapp.messaging.MessageService packageName=com.mbwhatsapp
intent=null} }
03-12 22:20:18.096 6454 6454 E ANR_LOG : Current msg <3> = { when=-2s632ms
what=116 target=android.app.ActivityThread$H obj=android.os.BinderProxy@d7ae052 }
03-12 22:20:18.096 6454 6454 E ANR_LOG : Current msg <4> = { when=-2s632ms
what=9999 target=android.app.ActivityThread$H }
03-12 22:20:18.096 6454 6454 E ANR_LOG : Current msg <5> = { when=-1s943ms what=0
target=android.app.ActivityThread$H callback=android.app.-$
$Lambda$LoadedApk$ReceiverDispatcher$Args$_BumDX2UKsnxLVrE6UJsJZkotuA }
03-12 22:20:18.096 6454 6454 E ANR_LOG : >>>CURRENT MSG DUMP OVER<<<
03-12 22:20:18.106 6454 6525 W com.mbwhatsapp: Class X.2rL failed lock
verification and will run slower.
03-12 22:20:18.106 6454 6525 W com.mbwhatsapp: Common causes for lock
verification issues are non-optimized dex code
03-12 22:20:18.106 6454 6525 W com.mbwhatsapp: and incorrect proguard
optimizations.
03-12 22:20:18.504 6454 6557 W System : ClassLoader referenced unknown path:
system/framework/mediatek-cta.jar
03-12 22:20:18.644 6454 6553 W System : ClassLoader referenced unknown path:
system/framework/mediatek-cta.jar
03-12 22:20:18.839 6454 6533 E CheckPermission: _bluetooth code = 1
03-12 22:20:18.841 6454 6533 E CheckPermission: _bluetooth code = 3
03-12 22:20:18.842 6454 6533 E CheckPermission: _bluetooth code = 11
03-12 22:20:19.977 6454 6595 E Parcel : Reading a NULL string not supported
here.
03-12 22:20:20.454 6454 6535 E ion : ioctl c0044901 failed with code -1:
Invalid argument
03-12 22:20:20.471 6454 6535 E libc : Access denied finding property
"vendor.debug.drm.logv"
03-12 22:20:20.471 6454 6535 E libc : Access denied finding property
"vendor.debug.drm.logv"
03-12 22:20:20.472 6454 6535 E libc : Access denied finding property
"vendor.debug.drm.logd"
03-12 22:20:20.472 6454 6535 E libc : Access denied finding property
"vendor.debug.drm.logv"
--------- beginning of main
03-12 23:58:25.790 10043 10043 E com.mbwhatsapp: Unknown bits set in runtime_flags:
0x40000000
03-12 23:58:25.801 10043 10043 E com.mbwhatsapp: Not starting debugger since
process cannot load the jdwp agent.
03-12 23:58:25.814 10043 10043 E RefClass:
java.lang.reflect.InvocationTargetException
--------- beginning of system
03-12 23:58:25.868 10043 10043 E libc : Access denied finding property
"ro.odm.prev.product.name"
03-12 23:58:26.392 10043 10043 W System.err: java.lang.ClassNotFoundException:
mbmodsd.mbmodsw.ui.views.btn.BtnBK
03-12 23:58:26.393 10043 10043 W System.err: at
java.lang.Runtime.nativeLoad(Native Method)
03-12 23:58:26.393 10043 10043 W System.err: at
java.lang.Runtime.nativeLoad(Runtime.java:1131)
03-12 23:58:26.393 10043 10043 W System.err: at
java.lang.Runtime.loadLibrary0(Runtime.java:1085)
03-12 23:58:26.393 10043 10043 W System.err: at
java.lang.Runtime.loadLibrary0(Runtime.java:1008)
03-12 23:58:26.393 10043 10043 W System.err: at
java.lang.System.loadLibrary(System.java:1664)
03-12 23:58:26.393 10043 10043 W System.err: at arm.EpicVm.<clinit>(Unknown
Source:2)
03-12 23:58:26.393 10043 10043 W System.err: at
java.lang.Class.newInstance(Native Method)
03-12 23:58:26.393 10043 10043 W System.err: at
android.app.AppComponentFactory.instantiateApplication(AppComponentFactory.java:76)
03-12 23:58:26.393 10043 10043 W System.err: at
androidx.core.app.CoreComponentFactory.instantiateApplication(Unknown Source:0)
03-12 23:58:26.393 10043 10043 W System.err: at
android.app.Instrumentation.newApplication(Instrumentation.java:1158)
03-12 23:58:26.393 10043 10043 W System.err: at
android.app.LoadedApk.makeApplication(LoadedApk.java:1324)
03-12 23:58:26.393 10043 10043 W System.err: at
android.app.ActivityThread.handleBindApplication(ActivityThread.java:7272)
03-12 23:58:26.393 10043 10043 W System.err: at
android.app.ActivityThread.access$1700(ActivityThread.java:309)
03-12 23:58:26.393 10043 10043 W System.err: at
android.app.ActivityThread$H.handleMessage(ActivityThread.java:2194)
03-12 23:58:26.393 10043 10043 W System.err: at
android.os.Handler.dispatchMessage(Handler.java:106)
03-12 23:58:26.393 10043 10043 W System.err: at
android.os.Looper.loop(Looper.java:264)
03-12 23:58:26.393 10043 10043 W System.err: at
android.app.ActivityThread.main(ActivityThread.java:8315)
03-12 23:58:26.394 10043 10043 W System.err: at
java.lang.reflect.Method.invoke(Native Method)
03-12 23:58:26.394 10043 10043 W System.err: at
com.android.internal.os.RuntimeInit$MethodAndArgsCaller.run(RuntimeInit.java:632)
03-12 23:58:26.394 10043 10043 W System.err: at
com.android.internal.os.ZygoteInit.main(ZygoteInit.java:1049)
03-12 23:58:26.612 10043 10043 E CustomActivityOnCrash: IMPORTANT WARNING! You
already have an UncaughtExceptionHandler, are you sure this is correct? If you use
a custom UncaughtExceptionHandler, you must initialize it AFTER
CustomActivityOnCrash! Installing anyway, but your original handler will not be
called.
03-12 23:58:27.901 10043 10043 W com.mbwhatsapp: Accessing hidden method
Lcom/android/org/conscrypt/OpenSSLSocketImpl;->setUseSessionTickets(Z)V (greylist-
max-q,test-api, reflection, denied)
03-12 23:58:27.902 10043 10043 W com.mbwhatsapp: Accessing hidden method
Lcom/android/org/conscrypt/AbstractConscryptSocket;->setUseSessionTickets(Z)V
(greylist-max-q, reflection, denied)
03-12 23:58:28.094 10043 10043 W linker : Warning:
"/data/data/com.mbwhatsapp/files/decompressed/libs.spk.zst/libc++_shared.so" unused
DT entry: unknown processor-specific (type 0x70000001 arg 0x0) (ignoring)
03-12 23:58:28.568 10043 10043 E ANR_LOG : >>> msg's executing time is too long
03-12 23:58:28.568 10043 10043 E ANR_LOG : Blocked msg = { when=-2s733ms what=110
target=android.app.ActivityThread$H obj=AppBindData{appInfo=ApplicationInfo{d7ae052
com.mbwhatsapp}} } , cost = 2728 ms
03-12 23:58:28.569 10043 10043 E ANR_LOG : >>>Current msg List is:
03-12 23:58:28.569 10043 10043 E ANR_LOG : Current msg <1> = { when=-2s732ms
what=9999 target=android.app.ActivityThread$H }
03-12 23:58:28.569 10043 10043 E ANR_LOG : Current msg <2> = { when=-2s730ms
what=113 target=android.app.ActivityThread$H obj=ReceiverData{intent=Intent
{ act=com.google.android.c2dm.intent.RECEIVE flg=0x11080010 pkg=com.mbwhatsapp
cmp=com.mbwhatsapp/com.google.firebase.iid.FirebaseInstanceIdReceiver (has
extras) } packageName=com.mbwhatsapp resultCode=0 resultData=null
resultExtras=null} }
03-12 23:58:28.570 10043 10043 E ANR_LOG : Current msg <3> = { when=-2s719ms
what=113 target=android.app.ActivityThread$H obj=ReceiverData{intent=Intent
{ flg=0x80014 cmp=com.mbwhatsapp/.yo.autoschedreply.Receiver (has extras) }
packageName=com.mbwhatsapp resultCode=0 resultData=null resultExtras=null} }
03-12 23:58:28.570 10043 10043 E ANR_LOG : Current msg <4> = { when=-1s0ms what=0
target=android.app.ActivityThread$H callback=android.app.-$
$Lambda$LoadedApk$ReceiverDispatcher$Args$_BumDX2UKsnxLVrE6UJsJZkotuA }
03-12 23:58:28.571 10043 10043 E ANR_LOG : >>>CURRENT MSG DUMP OVER<<<
03-12 23:58:28.575 10043 10098 W com.mbwhatsapp: Class X.2rL failed lock
verification and will run slower.
03-12 23:58:28.575 10043 10098 W com.mbwhatsapp: Common causes for lock
verification issues are non-optimized dex code
03-12 23:58:28.575 10043 10098 W com.mbwhatsapp: and incorrect proguard
optimizations.
03-12 23:58:28.865 10043 10107 E Parcel : Reading a NULL string not supported
here.
03-12 23:58:29.216 10043 10115 W System : ClassLoader referenced unknown path:
system/framework/mediatek-cta.jar
03-12 23:58:29.444 10043 10110 W System : ClassLoader referenced unknown path:
system/framework/mediatek-cta.jar
03-12 23:58:29.727 10043 10106 E CheckPermission: _bluetooth code = 1
03-12 23:58:29.729 10043 10106 E CheckPermission: _bluetooth code = 3
