03-13 06:23:12.364 8540 8540 E ArmVmp : Match on catch block at 0xc3 in for 0xa9
03-13 06:23:12.369 8540 8540 E ArmVmp : Match on catch block at 0xc3 in for 0xa1
03-13 06:23:12.400 8540 9296 W Codec2Client: query -- param skipped: index =
1342179345.
03-13 06:23:12.400 8540 9296 W Codec2Client: query -- param skipped: index =
2415921170.
03-13 06:23:12.400 8540 9296 W Codec2Client: query -- param skipped: index =
1610614798.
03-13 06:23:12.403 8540 9291 W ACodec : Failed to set ANW_HWComposer to OMX,
ignoring (-2147483648)
03-13 06:23:45.903 8540 8540 E ArmVmp : Match on catch block at 0x0a in for 0xc9
03-13 06:23:45.909 8540 8540 E ArmVmp : Match on catch block at 0x0a in for 0xc5
03-13 06:23:46.080 8540 8540 E ArmVmp : Match on catch block at 0xc3 in for 0xa5
03-13 06:23:46.084 8540 8540 E ArmVmp : Match on catch block at 0xc3 in for 0xa9
03-13 06:23:46.217 8540 8540 E ArmVmp : Match on catch block at 0xc3 in for 0xa5
03-13 06:23:46.225 8540 8540 E ArmVmp : Match on catch block at 0xc3 in for 0xa9
03-13 06:23:46.250 8540 8540 E ArmVmp : Match on catch block at 0xc3 in for 0xa9
03-13 06:23:46.258 8540 8540 E ArmVmp : Match on catch block at 0xc3 in for 0xa1
03-13 06:23:46.301 8540 8540 E ArmVmp : Match on catch block at 0xc3 in for 0xa1
03-13 06:23:46.305 8540 8540 E ArmVmp : Match on catch block at 0xc3 in for 0xa5
03-13 06:23:46.737 8540 8540 E ArmVmp : Match on catch block at 0xc3 in for 0xa1
03-13 06:23:46.740 8540 8540 E ArmVmp : Match on catch block at 0xc3 in for 0xa5
03-13 06:23:46.753 8540 8540 E ArmVmp : Match on catch block at 0xc3 in for 0xa5
03-13 06:23:46.757 8540 8540 E ArmVmp : Match on catch block at 0xc3 in for 0xa9
03-13 06:23:47.146 8540 8540 E ArmVmp : Match on catch block at 0xc3 in for 0xa5
03-13 06:23:47.150 8540 8540 E ArmVmp : Match on catch block at 0xc3 in for 0xa9
03-13 06:23:47.256 8540 8540 E ArmVmp : Match on catch block at 0xc3 in for 0xa9
03-13 06:23:47.260 8540 8540 E ArmVmp : Match on catch block at 0xc3 in for 0xa1
03-13 06:23:47.760 8540 8540 E ArmVmp : Match on catch block at 0xc3 in for 0xa1
03-13 06:23:47.763 8540 8540 E ArmVmp : Match on catch block at 0xc3 in for 0xa5
03-13 06:23:48.264 8540 8540 E ArmVmp : Match on catch block at 0xc3 in for 0xa5
03-13 06:23:48.270 8540 8540 E ArmVmp : Match on catch block at 0xc3 in for 0xa9
03-13 06:23:48.769 8540 8540 E ArmVmp : Match on catch block at 0xc3 in for 0xa9
03-13 06:23:48.777 8540 8540 E ArmVmp : Match on catch block at 0xc3 in for 0xa1
03-13 06:23:49.108 8540 9763 E libEGL : Invalid file path for libcolorx-
loader.so
03-13 06:23:49.472 8540 8540 E ArmVmp : Match on catch block at 0x0a in for 0xc1
03-13 06:23:49.478 8540 8540 E ArmVmp : Match on catch block at 0x0a in for 0xc9
03-13 06:23:49.545 8540 8540 E libEGL : Invalid file path for libcolorx-
loader.so
03-13 06:23:49.545 8540 8540 E libEGL : Invalid file path for libcolorx-
loader.so
03-13 06:23:50.034 8540 8540 E ArmVmp : Match on catch block at 0xc3 in for 0xb5
03-13 06:23:50.044 8540 8540 E ArmVmp : Match on catch block at 0xc3 in for 0xb5
03-13 06:23:50.283 8540 8540 E ArmVmp : Match on catch block at 0xc3 in for 0xa1
03-13 06:23:50.286 8540 8540 E ArmVmp : Match on catch block at 0xc3 in for 0xa5
03-13 06:23:50.288 8540 8540 E ArmVmp : Match on catch block at 0xc3 in for 0xa5
03-13 06:23:50.378 8540 8540 E ArmVmp : Match on catch block at 0xc3 in for 0xa9
03-13 06:23:50.382 8540 8540 E ArmVmp : Match on catch block at 0xc3 in for 0xa1
03-13 06:23:50.384 8540 8540 E ArmVmp : Match on catch block at 0xc3 in for 0xa1
03-13 06:23:50.416 8540 8540 E ArmVmp : Match on catch block at 0xc3 in for 0xa5
03-13 06:23:50.420 8540 8540 E ArmVmp : Match on catch block at 0xc3 in for 0xa9
03-13 06:23:50.423 8540 8540 E ArmVmp : Match on catch block at 0xc3 in for 0xa9
03-13 06:23:50.462 8540 8540 E ArmVmp : Match on catch block at 0xc3 in for 0xa1
03-13 06:23:50.466 8540 8540 E ArmVmp : Match on catch block at 0xc3 in for 0xa5
03-13 06:23:50.469 8540 8540 E ArmVmp : Match on catch block at 0xc3 in for 0xa5
03-13 06:23:50.530 8540 8540 E ArmVmp : Match on catch block at 0xc3 in for 0xa9
03-13 06:23:50.534 8540 8540 E ArmVmp : Match on catch block at 0xc3 in for 0xa1
03-13 06:23:50.537 8540 8540 E ArmVmp : Match on catch block at 0xc3 in for 0xa1
03-13 06:23:50.618 8540 8540 E ArmVmp : Match on catch block at 0xc3 in for 0xa9
03-13 06:23:50.622 8540 8540 E ArmVmp : Match on catch block at 0xc3 in for 0xa1
03-13 06:23:50.624 8540 8540 E ArmVmp : Match on catch block at 0xc3 in for 0xa1
03-13 06:23:50.697 8540 8540 E ArmVmp : Match on catch block at 0xc3 in for 0xa5
03-13 06:23:50.700 8540 8540 E ArmVmp : Match on catch block at 0xc3 in for 0xa9
03-13 06:23:50.703 8540 8540 E ArmVmp : Match on catch block at 0xc3 in for 0xa9
03-13 06:23:50.779 8540 8540 E ArmVmp : Match on catch block at 0xc3 in for 0xa5
03-13 06:23:50.783 8540 8540 E ArmVmp : Match on catch block at 0xc3 in for 0xa9
03-13 06:23:50.787 8540 8540 E ArmVmp : Match on catch block at 0xc3 in for 0xa9
03-13 06:23:50.799 8540 8540 E ArmVmp : Match on catch block at 0xc3 in for 0xa5
03-13 06:23:50.804 8540 8540 E ArmVmp : Match on catch block at 0xc3 in for 0xa9
03-13 06:23:50.807 8540 8540 E ArmVmp : Match on catch block at 0xc3 in for 0xa9
03-13 06:23:50.815 8540 8540 E ArmVmp : Match on catch block at 0xc3 in for 0xa1
03-13 06:23:50.819 8540 8540 E ArmVmp : Match on catch block at 0xc3 in for 0xa5
03-13 06:23:50.822 8540 8540 E ArmVmp : Match on catch block at 0xc3 in for 0xa5
03-13 06:23:50.882 8540 8540 E ArmVmp : Match on catch block at 0xc3 in for 0xa9
03-13 06:23:50.885 8540 8540 E ArmVmp : Match on catch block at 0xc3 in for 0xa1
03-13 06:23:50.887 8540 8540 E ArmVmp : Match on catch block at 0xc3 in for 0xa1
03-13 06:23:50.967 8540 8540 E ArmVmp : Match on catch block at 0xc3 in for 0xa5
03-13 06:23:50.972 8540 8540 E ArmVmp : Match on catch block at 0xc3 in for 0xa9
03-13 06:23:50.975 8540 8540 E ArmVmp : Match on catch block at 0xc3 in for 0xa9
03-13 06:23:51.050 8540 8540 E ArmVmp : Match on catch block at 0xc3 in for 0xa1
03-13 06:23:51.053 8540 8540 E ArmVmp : Match on catch block at 0xc3 in for 0xa5
03-13 06:23:51.056 8540 8540 E ArmVmp : Match on catch block at 0xc3 in for 0xa5
03-13 06:23:51.119 8540 8540 E ArmVmp : Match on catch block at 0xc3 in for 0xa5
03-13 06:23:51.122 8540 8540 E ArmVmp : Match on catch block at 0xc3 in for 0xa9
03-13 06:23:51.125 8540 8540 E ArmVmp : Match on catch block at 0xc3 in for 0xa9
03-13 06:23:51.134 8540 8540 E ArmVmp : Match on catch block at 0xc3 in for 0xa9
03-13 06:23:51.139 8540 8540 E ArmVmp : Match on catch block at 0xc3 in for 0xa1
03-13 06:23:51.142 8540 8540 E ArmVmp : Match on catch block at 0xc3 in for 0xa1
03-13 06:23:51.200 8540 8540 E ArmVmp : Match on catch block at 0xc3 in for 0xa5
03-13 06:23:51.204 8540 8540 E ArmVmp : Match on catch block at 0xc3 in for 0xa9
03-13 06:23:51.207 8540 8540 E ArmVmp : Match on catch block at 0xc3 in for 0xa9
03-13 06:23:51.285 8540 8540 E ArmVmp : Match on catch block at 0xc3 in for 0xa1
03-13 06:23:51.291 8540 8540 E ArmVmp : Match on catch block at 0xc3 in for 0xa5
03-13 06:23:51.295 8540 8540 E ArmVmp : Match on catch block at 0xc3 in for 0xa5
03-13 06:23:51.318 8540 8540 E ArmVmp : Match on catch block at 0xc3 in for 0xa9
03-13 06:23:51.322 8540 8540 E ArmVmp : Match on catch block at 0xc3 in for 0xa1
03-13 06:23:51.324 8540 8540 E ArmVmp : Match on catch block at 0xc3 in for 0xa1
03-13 06:23:51.368 8540 8540 E ArmVmp : Match on catch block at 0xc3 in for 0xa5
03-13 06:23:51.372 8540 8540 E ArmVmp : Match on catch block at 0xc3 in for 0xa9
03-13 06:23:51.374 8540 8540 E ArmVmp : Match on catch block at 0xc3 in for 0xa9
03-13 06:23:51.452 8540 8540 E ArmVmp : Match on catch block at 0xc3 in for 0xa9
03-13 06:23:51.455 8540 8540 E ArmVmp : Match on catch block at 0xc3 in for 0xa1
03-13 06:23:51.458 8540 8540 E ArmVmp : Match on catch block at 0xc3 in for 0xa1
03-13 06:23:51.536 8540 8540 E ArmVmp : Match on catch block at 0xc3 in for 0xa5
03-13 06:23:51.540 8540 8540 E ArmVmp : Match on catch block at 0xc3 in for 0xa9
03-13 06:23:51.542 8540 8540 E ArmVmp : Match on catch block at 0xc3 in for 0xa9
03-13 06:23:51.605 8540 8540 E ArmVmp : Match on catch block at 0xc3 in for 0xa1
03-13 06:23:51.611 8540 8540 E ArmVmp : Match on catch block at 0xc3 in for 0xa5
03-13 06:23:51.615 8540 8540 E ArmVmp : Match on catch block at 0xc3 in for 0xa5
03-13 06:23:51.689 8540 8540 E ArmVmp : Match on catch block at 0xc3 in for 0xa9
03-13 06:23:51.695 8540 8540 E ArmVmp : Match on catch block at 0xc3 in for 0xa1
03-13 06:23:51.699 8540 8540 E ArmVmp : Match on catch block at 0xc3 in for 0xa1
03-13 06:23:51.773 8540 8540 E ArmVmp : Match on catch block at 0xc3 in for 0xa5
03-13 06:23:51.779 8540 8540 E ArmVmp : Match on catch block at 0xc3 in for 0xa9
03-13 06:23:51.784 8540 8540 E ArmVmp : Match on catch block at 0xc3 in for 0xa9
03-13 06:23:51.823 8540 8540 E ArmVmp : Match on catch block at 0xc3 in for 0xa1
03-13 06:23:51.829 8540 8540 E ArmVmp : Match on catch block at 0xc3 in for 0xa5
03-13 06:23:51.833 8540 8540 E ArmVmp : Match on catch block at 0xc3 in for 0xa5
03-13 06:23:51.856 8540 8540 E ArmVmp : Match on catch block at 0xc3 in for 0xa9
03-13 06:23:51.864 8540 8540 E ArmVmp : Match on catch block at 0xc3 in for 0xa1
03-13 06:23:51.868 8540 8540 E ArmVmp : Match on catch block at 0xc3 in for 0xa1
03-13 06:23:51.939 8540 8540 E ArmVmp : Match on catch block at 0xc3 in for 0xa5
03-13 06:23:51.943 8540 8540 E ArmVmp : Match on catch block at 0xc3 in for 0xa9
03-13 06:23:51.946 8540 8540 E ArmVmp : Match on catch block at 0xc3 in for 0xa9
03-13 06:23:52.007 8540 8540 E ArmVmp : Match on catch block at 0xc3 in for 0xa1
03-13 06:23:52.012 8540 8540 E ArmVmp : Match on catch block at 0xc3 in for 0xa5
03-13 06:23:52.016 8540 8540 E ArmVmp : Match on catch block at 0xc3 in for 0xa5
03-13 06:23:52.041 8540 8540 E ArmVmp : Match on catch block at 0xc3 in for 0xa5
03-13 06:23:52.046 8540 8540 E ArmVmp : Match on catch block at 0xc3 in for 0xa9
03-13 06:23:52.051 8540 8540 E ArmVmp : Match on catch block at 0xc3 in for 0xa9
03-13 06:23:52.091 8540 8540 E ArmVmp : Match on catch block at 0xc3 in for 0xa1
03-13 06:23:52.096 8540 8540 E ArmVmp : Match on catch block at 0xc3 in for 0xa5
03-13 06:23:52.099 8540 8540 E ArmVmp : Match on catch block at 0xc3 in for 0xa5
03-13 06:23:52.109 8540 8540 E ArmVmp : Match on catch block at 0xc3 in for 0xa5
03-13 06:23:52.113 8540 8540 E ArmVmp : Match on catch block at 0xc3 in for 0xa9
03-13 06:23:52.116 8540 8540 E ArmVmp : Match on catch block at 0xc3 in for 0xa9
03-13 06:23:52.174 8540 8540 E ArmVmp : Match on catch block at 0xc3 in for 0xa1
03-13 06:23:52.178 8540 8540 E ArmVmp : Match on catch block at 0xc3 in for 0xa5
03-13 06:23:52.180 8540 8540 E ArmVmp : Match on catch block at 0xc3 in for 0xa5
03-13 06:23:52.259 8540 8540 E ArmVmp : Match on catch block at 0xc3 in for 0xa9
03-13 06:23:52.264 8540 8540 E ArmVmp : Match on catch block at 0xc3 in for 0xa1
03-13 06:23:52.269 8540 8540 E ArmVmp : Match on catch block at 0xc3 in for 0xa1
03-13 06:23:52.327 8540 8540 E ArmVmp : Match on catch block at 0xc3 in for 0xa5
03-13 06:23:52.333 8540 8540 E ArmVmp : Match on catch block at 0xc3 in for 0xa9
03-13 06:23:52.338 8540 8540 E ArmVmp : Match on catch block at 0xc3 in for 0xa9
03-13 06:23:52.360 8540 8540 E ArmVmp : Match on catch block at 0xc3 in for 0xa1
03-13 06:23:52.365 8540 8540 E ArmVmp : Match on catch block at 0xc3 in for 0xa5
03-13 06:23:52.369 8540 8540 E ArmVmp : Match on catch block at 0xc3 in for 0xa5
03-13 06:23:52.444 8540 8540 E ArmVmp : Match on catch block at 0xc3 in for 0xa9
03-13 06:23:52.450 8540 8540 E ArmVmp : Match on catch block at 0xc3 in for 0xa1
03-13 06:23:52.456 8540 8540 E ArmVmp : Match on catch block at 0xc3 in for 0xa1
03-13 06:23:52.528 8540 8540 E ArmVmp : Match on catch block at 0xc3 in for 0xa5
03-13 06:23:52.534 8540 8540 E ArmVmp : Match on catch block at 0xc3 in for 0xa9
03-13 06:23:52.596 8540 8540 E ArmVmp : Match on catch block at 0xc3 in for 0xa9
03-13 06:23:52.602 8540 8540 E ArmVmp : Match on catch block at 0xc3 in for 0xa1
03-13 06:23:52.608 8540 8540 E ArmVmp : Match on catch block at 0xc3 in for 0xa1
03-13 06:23:52.679 8540 8540 E ArmVmp : Match on catch block at 0xc3 in for 0xa5
03-13 06:23:52.686 8540 8540 E ArmVmp : Match on catch block at 0xc3 in for 0xa9
03-13 06:23:52.691 8540 8540 E ArmVmp : Match on catch block at 0xc3 in for 0xa9
03-13 06:23:52.763 8540 8540 E ArmVmp : Match on catch block at 0xc3 in for 0xa1
03-13 06:23:52.770 8540 8540 E ArmVmp : Match on catch block at 0xc3 in for 0xa5
03-13 06:23:52.775 8540 8540 E ArmVmp : Match on catch block at 0xc3 in for 0xa5
03-13 06:23:52.831 8540 8540 E ArmVmp : Match on catch block at 0xc3 in for 0xa9
03-13 06:23:52.837 8540 8540 E ArmVmp : Match on catch block at 0xc3 in for 0xa1
03-13 06:23:52.843 8540 8540 E ArmVmp : Match on catch block at 0xc3 in for 0xa1
03-13 06:23:52.865 8540 8540 E ArmVmp : Match on catch block at 0xc3 in for 0xa5
03-13 06:23:52.872 8540 8540 E ArmVmp : Match on catch block at 0xc3 in for 0xa9
03-13 06:23:52.877 8540 8540 E ArmVmp : Match on catch block at 0xc3 in for 0xa9
03-13 06:23:52.948 8540 8540 E ArmVmp : Match on catch block at 0xc3 in for 0xa1
03-13 06:23:52.956 8540 8540 E ArmVmp : Match on catch block at 0xc3 in for 0xa5
03-13 06:23:52.963 8540 8540 E ArmVmp : Match on catch block at 0xc3 in for 0xa5
03-13 06:23:53.032 8540 8540 E ArmVmp : Match on catch block at 0xc3 in for 0xa9
03-13 06:23:53.039 8540 8540 E ArmVmp : Match on catch block at 0xc3 in for 0xa1
03-13 06:23:53.045 8540 8540 E ArmVmp : Match on catch block at 0xc3 in for 0xa1
03-13 06:23:53.116 8540 8540 E ArmVmp : Match on catch block at 0xc3 in for 0xa5
03-13 06:23:53.124 8540 8540 E ArmVmp : Match on catch block at 0xc3 in for 0xa9
03-13 06:23:53.128 8540 8540 E ArmVmp : Match on catch block at 0xc3 in for 0xa9
03-13 06:23:53.183 8540 8540 E ArmVmp : Match on catch block at 0xc3 in for 0xa1
03-13 06:23:53.190 8540 8540 E ArmVmp : Match on catch block at 0xc3 in for 0xa5
03-13 06:23:53.195 8540 8540 E ArmVmp : Match on catch block at 0xc3 in for 0xa5
03-13 06:23:53.266 8540 8540 E ArmVmp : Match on catch block at 0xc3 in for 0xa9
03-13 06:23:53.274 8540 8540 E ArmVmp : Match on catch block at 0xc3 in for 0xa1
03-13 06:23:53.280 8540 8540 E ArmVmp : Match on catch block at 0xc3 in for 0xa1
03-13 06:23:53.334 8540 8540 E ArmVmp : Match on catch block at 0xc3 in for 0xa5
03-13 06:23:53.342 8540 8540 E ArmVmp : Match on catch block at 0xc3 in for 0xa9
03-13 06:23:53.348 8540 8540 E ArmVmp : Match on catch block at 0xc3 in for 0xa9
03-13 06:23:53.369 8540 8540 E ArmVmp : Match on catch block at 0xc3 in for 0xa1
03-13 06:23:53.374 8540 8540 E ArmVmp : Match on catch block at 0xc3 in for 0xa5
03-13 06:23:53.379 8540 8540 E ArmVmp : Match on catch block at 0xc3 in for 0xa5
03-13 06:23:53.451 8540 8540 E ArmVmp : Match on catch block at 0xc3 in for 0xa9
03-13 06:23:53.458 8540 8540 E ArmVmp : Match on catch block at 0xc3 in for 0xa1
03-13 06:23:53.464 8540 8540 E ArmVmp : Match on catch block at 0xc3 in for 0xa1
03-13 06:23:53.536 8540 8540 E ArmVmp : Match on catch block at 0xc3 in for 0xa5
03-13 06:23:53.543 8540 8540 E ArmVmp : Match on catch block at 0xc3 in for 0xa9
03-13 06:23:53.548 8540 8540 E ArmVmp : Match on catch block at 0xc3 in for 0xa9
03-13 06:23:53.619 8540 8540 E ArmVmp : Match on catch block at 0xc3 in for 0xa1
03-13 06:23:53.626 8540 8540 E ArmVmp : Match on catch block at 0xc3 in for 0xa5
03-13 06:23:53.631 8540 8540 E ArmVmp : Match on catch block at 0xc3 in for 0xa5
03-13 06:23:53.686 8540 8540 E ArmVmp : Match on catch block at 0xc3 in for 0xa9
03-13 06:23:53.693 8540 8540 E ArmVmp : Match on catch block at 0xc3 in for 0xa1
03-13 06:23:53.699 8540 8540 E ArmVmp : Match on catch block at 0xc3 in for 0xa1
03-13 06:23:53.771 8540 8540 E ArmVmp : Match on catch block at 0xc3 in for 0xa5
03-13 06:23:53.778 8540 8540 E ArmVmp : Match on catch block at 0xc3 in for 0xa9
03-13 06:23:53.784 8540 8540 E ArmVmp : Match on catch block at 0xc3 in for 0xa9
03-13 06:23:53.838 8540 8540 E ArmVmp : Match on catch block at 0xc3 in for 0xa1
03-13 06:23:53.845 8540 8540 E ArmVmp : Match on catch block at 0xc3 in for 0xa5
03-13 06:23:53.850 8540 8540 E ArmVmp : Match on catch block at 0xc3 in for 0xa5
03-13 06:23:53.872 8540 8540 E ArmVmp : Match on catch block at 0xc3 in for 0xa9
03-13 06:23:53.879 8540 8540 E ArmVmp : Match on catch block at 0xc3 in for 0xa1
03-13 06:23:53.884 8540 8540 E ArmVmp : Match on catch block at 0xc3 in for 0xa1
03-13 06:23:53.956 8540 8540 E ArmVmp : Match on catch block at 0xc3 in for 0xa5
03-13 06:23:53.963 8540 8540 E ArmVmp : Match on catch block at 0xc3 in for 0xa9
03-13 06:23:53.968 8540 8540 E ArmVmp : Match on catch block at 0xc3 in for 0xa9
03-13 06:23:54.040 8540 8540 E ArmVmp : Match on catch block at 0xc3 in for 0xa1
03-13 06:23:54.046 8540 8540 E ArmVmp : Match on catch block at 0xc3 in for 0xa5
03-13 06:23:54.051 8540 8540 E ArmVmp : Match on catch block at 0xc3 in for 0xa5
03-13 06:23:54.123 8540 8540 E ArmVmp : Match on catch block at 0xc3 in for 0xa9
03-13 06:23:54.131 8540 8540 E ArmVmp : Match on catch block at 0xc3 in for 0xa1
03-13 06:23:54.136 8540 8540 E ArmVmp : Match on catch block at 0xc3 in for 0xa1
03-13 06:23:54.190 8540 8540 E ArmVmp : Match on catch block at 0xc3 in for 0xa5
03-13 06:23:54.196 8540 8540 E ArmVmp : Match on catch block at 0xc3 in for 0xa9
03-13 06:23:54.201 8540 8540 E ArmVmp : Match on catch block at 0xc3 in for 0xa9
03-13 06:23:54.274 8540 8540 E ArmVmp : Match on catch block at 0xc3 in for 0xa1
03-13 06:23:54.282 8540 8540 E ArmVmp : Match on catch block at 0xc3 in for 0xa5
03-13 06:23:54.288 8540 8540 E ArmVmp : Match on catch block at 0xc3 in for 0xa5
03-13 06:23:54.324 8540 8540 E ArmVmp : Match on catch block at 0xc3 in for 0xa9
03-13 06:23:54.331 8540 8540 E ArmVmp : Match on catch block at 0xc3 in for 0xa1
03-13 06:23:54.336 8540 8540 E ArmVmp : Match on catch block at 0xc3 in for 0xa1
03-13 06:23:54.359 8540 8540 E ArmVmp : Match on catch block at 0xc3 in for 0xa5
03-13 06:23:54.366 8540 8540 E ArmVmp : Match on catch block at 0xc3 in for 0xa9
03-13 06:23:54.370 8540 8540 E ArmVmp : Match on catch block at 0xc3 in for 0xa9
03-13 06:23:54.442 8540 8540 E ArmVmp : Match on catch block at 0xc3 in for 0xa1
03-13 06:23:54.450 8540 8540 E ArmVmp : Match on catch block at 0xc3 in for 0xa5
03-13 06:23:54.456 8540 8540 E ArmVmp : Match on catch block at 0xc3 in for 0xa5
03-13 06:23:54.551 8540 8540 E ArmVmp : Match on catch block at 0xc3 in for 0xa9
03-13 06:23:54.558 8540 8540 E ArmVmp : Match on catch block at 0xc3 in for 0xa1
03-13 06:23:54.562 8540 8540 E ArmVmp : Match on catch block at 0xc3 in for 0xa1
03-13 06:23:54.609 8540 8540 E ArmVmp : Match on catch block at 0xc3 in for 0xa5
03-13 06:23:54.616 8540 8540 E ArmVmp : Match on catch block at 0xc3 in for 0xa9
03-13 06:23:54.621 8540 8540 E ArmVmp : Match on catch block at 0xc3 in for 0xa9
03-13 06:23:54.676 8540 8540 E ArmVmp : Match on catch block at 0xc3 in for 0xa1
03-13 06:23:54.682 8540 8540 E ArmVmp : Match on catch block at 0xc3 in for 0xa5
03-13 06:23:54.687 8540 8540 E ArmVmp : Match on catch block at 0xc3 in for 0xa5
03-13 06:23:54.761 8540 8540 E ArmVmp : Match on catch block at 0xc3 in for 0xa9
03-13 06:23:54.768 8540 8540 E ArmVmp : Match on catch block at 0xc3 in for 0xa1
03-13 06:23:54.772 8540 8540 E ArmVmp : Match on catch block at 0xc3 in for 0xa1
03-13 06:23:54.828 8540 8540 E ArmVmp : Match on catch block at 0xc3 in for 0xa5
03-13 06:23:54.835 8540 8540 E ArmVmp : Match on catch block at 0xc3 in for 0xa9
03-13 06:23:54.840 8540 8540 E ArmVmp : Match on catch block at 0xc3 in for 0xa9
03-13 06:23:54.861 8540 8540 E ArmVmp : Match on catch block at 0xc3 in for 0xa1
03-13 06:23:54.868 8540 8540 E ArmVmp : Match on catch block at 0xc3 in for 0xa5
03-13 06:23:54.873 8540 8540 E ArmVmp : Match on catch block at 0xc3 in for 0xa5
03-13 06:23:54.948 8540 8540 E ArmVmp : Match on catch block at 0xc3 in for 0xa9
03-13 06:23:54.955 8540 8540 E ArmVmp : Match on catch block at 0xc3 in for 0xa1
03-13 06:23:54.960 8540 8540 E ArmVmp : Match on catch block at 0xc3 in for 0xa1
03-13 06:23:55.029 8540 8540 E ArmVmp : Match on catch block at 0xc3 in for 0xa5
03-13 06:23:55.038 8540 8540 E ArmVmp : Match on catch block at 0xc3 in for 0xa9
03-13 06:23:55.044 8540 8540 E ArmVmp : Match on catch block at 0xc3 in for 0xa9
03-13 06:23:55.096 8540 8540 E ArmVmp : Match on catch block at 0xc3 in for 0xa1
03-13 06:23:55.103 8540 8540 E ArmVmp : Match on catch block at 0xc3 in for 0xa5
03-13 06:23:55.108 8540 8540 E ArmVmp : Match on catch block at 0xc3 in for 0xa5
03-13 06:23:55.181 8540 8540 E ArmVmp : Match on catch block at 0xc3 in for 0xa9
03-13 06:23:55.188 8540 8540 E ArmVmp : Match on catch block at 0xc3 in for 0xa1
03-13 06:23:55.192 8540 8540 E ArmVmp : Match on catch block at 0xc3 in for 0xa1
03-13 06:23:55.264 8540 8540 E ArmVmp : Match on catch block at 0xc3 in for 0xa5
03-13 06:23:55.271 8540 8540 E ArmVmp : Match on catch block at 0xc3 in for 0xa9
03-13 06:23:55.277 8540 8540 E ArmVmp : Match on catch block at 0xc3 in for 0xa9
03-13 06:23:55.332 8540 8540 E ArmVmp : Match on catch block at 0xc3 in for 0xa1
03-13 06:23:55.339 8540 8540 E ArmVmp : Match on catch block at 0xc3 in for 0xa5
03-13 06:23:55.344 8540 8540 E ArmVmp : Match on catch block at 0xc3 in for 0xa5
03-13 06:23:55.366 8540 8540 E ArmVmp : Match on catch block at 0xc3 in for 0xa9
03-13 06:23:55.373 8540 8540 E ArmVmp : Match on catch block at 0xc3 in for 0xa1
03-13 06:23:55.377 8540 8540 E ArmVmp : Match on catch block at 0xc3 in for 0xa1
03-13 06:23:55.449 8540 8540 E ArmVmp : Match on catch block at 0xc3 in for 0xa5
03-13 06:23:55.456 8540 8540 E ArmVmp : Match on catch block at 0xc3 in for 0xa9
03-13 06:23:55.461 8540 8540 E ArmVmp : Match on catch block at 0xc3 in for 0xa9
03-13 06:23:55.533 8540 8540 E ArmVmp : Match on catch block at 0xc3 in for 0xa1
03-13 06:23:55.541 8540 8540 E ArmVmp : Match on catch block at 0xc3 in for 0xa5
03-13 06:23:55.546 8540 8540 E ArmVmp : Match on catch block at 0xc3 in for 0xa5
03-13 06:23:55.617 8540 8540 E ArmVmp : Match on catch block at 0xc3 in for 0xa9
03-13 06:23:55.623 8540 8540 E ArmVmp : Match on catch block at 0xc3 in for 0xa1
03-13 06:23:55.626 8540 8540 E ArmVmp : Match on catch block at 0xc3 in for 0xa1
03-13 06:23:55.684 8540 8540 E ArmVmp : Match on catch block at 0xc3 in for 0xa5
03-13 06:23:55.692 8540 8540 E ArmVmp : Match on catch block at 0xc3 in for 0xa9
03-13 06:23:55.697 8540 8540 E ArmVmp : Match on catch block at 0xc3 in for 0xa9
03-13 06:23:55.767 8540 8540 E ArmVmp : Match on catch block at 0xc3 in for 0xa1
03-13 06:23:55.774 8540 8540 E ArmVmp : Match on catch block at 0xc3 in for 0xa5
03-13 06:23:55.779 8540 8540 E ArmVmp : Match on catch block at 0xc3 in for 0xa5
03-13 06:23:55.835 8540 8540 E ArmVmp : Match on catch block at 0xc3 in for 0xa9
03-13 06:23:55.842 8540 8540 E ArmVmp : Match on catch block at 0xc3 in for 0xa1
03-13 06:23:55.848 8540 8540 E ArmVmp : Match on catch block at 0xc3 in for 0xa1
03-13 06:23:55.869 8540 8540 E ArmVmp : Match on catch block at 0xc3 in for 0xa5
03-13 06:23:55.875 8540 8540 E ArmVmp : Match on catch block at 0xc3 in for 0xa9
03-13 06:23:55.880 8540 8540 E ArmVmp : Match on catch block at 0xc3 in for 0xa9
03-13 06:23:55.952 8540 8540 E ArmVmp : Match on catch block at 0xc3 in for 0xa1
03-13 06:23:55.960 8540 8540 E ArmVmp : Match on catch block at 0xc3 in for 0xa5
03-13 06:23:55.965 8540 8540 E ArmVmp : Match on catch block at 0xc3 in for 0xa5
03-13 06:23:56.037 8540 8540 E ArmVmp : Match on catch block at 0xc3 in for 0xa9
03-13 06:23:56.044 8540 8540 E ArmVmp : Match on catch block at 0xc3 in for 0xa1
03-13 06:23:56.049 8540 8540 E ArmVmp : Match on catch block at 0xc3 in for 0xa1
03-13 06:23:56.104 8540 8540 E ArmVmp : Match on catch block at 0xc3 in for 0xa5
03-13 06:23:56.111 8540 8540 E ArmVmp : Match on catch block at 0xc3 in for 0xa9
03-13 06:23:56.116 8540 8540 E ArmVmp : Match on catch block at 0xc3 in for 0xa9
03-13 06:23:56.187 8540 8540 E ArmVmp : Match on catch block at 0xc3 in for 0xa1
03-13 06:23:56.194 8540 8540 E ArmVmp : Match on catch block at 0xc3 in for 0xa5
03-13 06:23:56.198 8540 8540 E ArmVmp : Match on catch block at 0xc3 in for 0xa5
03-13 06:23:56.272 8540 8540 E ArmVmp : Match on catch block at 0xc3 in for 0xa9
03-13 06:23:56.279 8540 8540 E ArmVmp : Match on catch block at 0xc3 in for 0xa1
03-13 06:23:56.283 8540 8540 E ArmVmp : Match on catch block at 0xc3 in for 0xa1
03-13 06:23:56.338 8540 8540 E ArmVmp : Match on catch block at 0xc3 in for 0xa5
03-13 06:23:56.345 8540 8540 E ArmVmp : Match on catch block at 0xc3 in for 0xa9
03-13 06:23:56.350 8540 8540 E ArmVmp : Match on catch block at 0xc3 in for 0xa9
03-13 06:23:56.372 8540 8540 E ArmVmp : Match on catch block at 0xc3 in for 0xa1
03-13 06:23:56.380 8540 8540 E ArmVmp : Match on catch block at 0xc3 in for 0xa5
03-13 06:23:56.385 8540 8540 E ArmVmp : Match on catch block at 0xc3 in for 0xa5
03-13 06:23:56.456 8540 8540 E ArmVmp : Match on catch block at 0xc3 in for 0xa5
03-13 06:23:56.459 8540 8540 E ArmVmp : Match on catch block at 0xc3 in for 0xa9
03-13 06:23:56.462 8540 8540 E ArmVmp : Match on catch block at 0xc3 in for 0xa9
03-13 06:23:56.503 8540 8540 E Parcel : Reading a NULL string not supported
here.
03-13 06:23:56.528 8540 8540 E ArmVmp : Match on catch block at 0xc3 in for 0xa5
03-13 06:23:56.533 8540 8540 E ArmVmp : Match on catch block at 0xc3 in for 0xa9
03-13 06:23:56.535 8540 8540 E ArmVmp : Match on catch block at 0xc3 in for 0xa9
03-13 06:23:56.554 8540 8752 E FrameEvents: updateAcquireFence: Did not find
frame.
03-13 06:23:56.586 8540 9775 E libEGL : Invalid file path for libcolorx-
loader.so
03-13 06:23:56.693 8540 8540 E libEGL : Invalid file path for libcolorx-
loader.so
03-13 06:23:56.694 8540 8540 E libEGL : Invalid file path for libcolorx-
loader.so
03-13 06:23:56.699 8540 8540 E ArmVmp : Match on catch block at 0xc3 in for 0xa5
03-13 06:23:56.702 8540 8540 E ArmVmp : Match on catch block at 0xc3 in for 0xa9
03-13 06:23:56.704 8540 8540 E ArmVmp : Match on catch block at 0xc3 in for 0xa9
03-13 06:23:56.757 8540 8540 E ArmVmp : Match on catch block at 0xc3 in for 0xa9
03-13 06:23:56.761 8540 8540 E ArmVmp : Match on catch block at 0xc3 in for 0xa1
03-13 06:23:56.763 8540 8540 E ArmVmp : Match on catch block at 0xc3 in for 0xa1
03-13 06:23:56.899 8540 8540 E ArmVmp : Match on catch block at 0xc3 in for 0xa9
03-13 06:23:56.903 8540 8540 E ArmVmp : Match on catch block at 0xc3 in for 0xa1
03-13 06:23:56.906 8540 8540 E ArmVmp : Match on catch block at 0xc3 in for 0xa1
03-13 06:23:56.937 8540 8540 E ArmVmp : Match on catch block at 0xc3 in for 0xa5
03-13 06:23:56.942 8540 8540 E ArmVmp : Match on catch block at 0xc3 in for 0xa9
03-13 06:23:56.945 8540 8540 E ArmVmp : Match on catch block at 0xc3 in for 0xa9
03-13 06:23:56.993 8540 8540 E ArmVmp : Match on catch block at 0xc3 in for 0xa1
03-13 06:23:56.998 8540 8540 E ArmVmp : Match on catch block at 0xc3 in for 0xa5
03-13 06:23:57.001 8540 8540 E ArmVmp : Match on catch block at 0xc3 in for 0xa5
03-13 06:23:57.094 8540 8540 E ArmVmp : Match on catch block at 0xc3 in for 0xa9
03-13 06:23:57.099 8540 8540 E ArmVmp : Match on catch block at 0xc3 in for 0xa1
03-13 06:23:57.103 8540 8540 E ArmVmp : Match on catch block at 0xc3 in for 0xa1
03-13 06:23:57.178 8540 8540 E ArmVmp : Match on catch block at 0xc3 in for 0xa5
03-13 06:23:57.183 8540 8540 E ArmVmp : Match on catch block at 0xc3 in for 0xa9
03-13 06:23:57.185 8540 8540 E ArmVmp : Match on catch block at 0xc3 in for 0xa9
03-13 06:23:57.263 8540 8540 E ArmVmp : Match on catch block at 0xc3 in for 0xa1
03-13 06:23:57.269 8540 8540 E ArmVmp : Match on catch block at 0xc3 in for 0xa5
03-13 06:23:57.272 8540 8540 E ArmVmp : Match on catch block at 0xc3 in for 0xa5
03-13 06:23:57.302 8540 8540 E ArmVmp : Match on catch block at 0xc3 in for 0xa9
03-13 06:23:57.307 8540 8540 E ArmVmp : Match on catch block at 0xc3 in for 0xa1
03-13 06:23:57.310 8540 8540 E ArmVmp : Match on catch block at 0xc3 in for 0xa1
03-13 06:23:57.331 8540 8540 E ArmVmp : Match on catch block at 0xc3 in for 0xa5
03-13 06:23:57.336 8540 8540 E ArmVmp : Match on catch block at 0xc3 in for 0xa9
03-13 06:23:57.338 8540 8540 E ArmVmp : Match on catch block at 0xc3 in for 0xa9
03-13 06:23:57.356 8540 8540 E ArmVmp : Match on catch block at 0xc3 in for 0xa1
03-13 06:23:57.361 8540 8540 E ArmVmp : Match on catch block at 0xc3 in for 0xa5
03-13 06:23:57.364 8540 8540 E ArmVmp : Match on catch block at 0xc3 in for 0xa5
03-13 06:23:57.384 8540 8540 E ArmVmp : Match on catch block at 0xc3 in for 0xa9
03-13 06:23:57.388 8540 8540 E ArmVmp : Match on catch block at 0xc3 in for 0xa1
03-13 06:23:57.392 8540 8540 E ArmVmp : Match on catch block at 0xc3 in for 0xa1
03-13 06:23:57.411 8540 8540 E ArmVmp : Match on catch block at 0xc3 in for 0xa5
03-13 06:23:57.416 8540 8540 E ArmVmp : Match on catch block at 0xc3 in for 0xa9
03-13 06:23:57.419 8540 8540 E ArmVmp : Match on catch block at 0xc3 in for 0xa9
03-13 06:23:57.439 8540 8540 E ArmVmp : Match on catch block at 0xc3 in for 0xa1
03-13 06:23:57.444 8540 8540 E ArmVmp : Match on catch block at 0xc3 in for 0xa5
03-13 06:23:57.448 8540 8540 E ArmVmp : Match on catch block at 0xc3 in for 0xa5
03-13 06:23:57.470 8540 8540 E ArmVmp : Match on catch block at 0xc3 in for 0xa9
03-13 06:23:57.475 8540 8540 E ArmVmp : Match on catch block at 0xc3 in for 0xa1
03-13 06:23:57.477 8540 8540 E ArmVmp : Match on catch block at 0xc3 in for 0xa1
03-13 06:23:57.497 8540 8540 E ArmVmp : Match on catch block at 0xc3 in for 0xa5
03-13 06:23:57.503 8540 8540 E ArmVmp : Match on catch block at 0xc3 in for 0xa9
03-13 06:23:57.506 8540 8540 E ArmVmp : Match on catch block at 0xc3 in for 0xa9
03-13 06:23:57.525 8540 8540 E ArmVmp : Match on catch block at 0xc3 in for 0xa1
03-13 06:23:57.531 8540 8540 E ArmVmp : Match on catch block at 0xc3 in for 0xa5
03-13 06:23:57.534 8540 8540 E ArmVmp : Match on catch block at 0xc3 in for 0xa5
03-13 06:23:57.553 8540 8540 E ArmVmp : Match on catch block at 0xc3 in for 0xa9
03-13 06:23:57.558 8540 8540 E ArmVmp : Match on catch block at 0xc3 in for 0xa1
03-13 06:23:57.561 8540 8540 E ArmVmp : Match on catch block at 0xc3 in for 0xa1
03-13 06:23:57.585 8540 8540 E ArmVmp : Match on catch block at 0xc3 in for 0xa5
03-13 06:23:57.589 8540 8540 E ArmVmp : Match on catch block at 0xc3 in for 0xa9
03-13 06:23:57.592 8540 8540 E ArmVmp : Match on catch block at 0xc3 in for 0xa9
03-13 06:23:57.681 8540 8540 E ArmVmp : Match on catch block at 0xc3 in for 0xa1
03-13 06:23:57.687 8540 8540 E ArmVmp : Match on catch block at 0xc3 in for 0xa5
03-13 06:23:57.690 8540 8540 E ArmVmp : Match on catch block at 0xc3 in for 0xa5
03-13 06:23:57.765 8540 8540 E ArmVmp : Match on catch block at 0xc3 in for 0xa9
03-13 06:23:57.770 8540 8540 E ArmVmp : Match on catch block at 0xc3 in for 0xa1
03-13 06:23:57.775 8540 8540 E ArmVmp : Match on catch block at 0xc3 in for 0xa1
03-13 06:23:57.832 8540 8540 E ArmVmp : Match on catch block at 0xc3 in for 0xa5
03-13 06:23:57.837 8540 8540 E ArmVmp : Match on catch block at 0xc3 in for 0xa9
03-13 06:23:57.841 8540 8540 E ArmVmp : Match on catch block at 0xc3 in for 0xa9
03-13 06:23:57.916 8540 8540 E ArmVmp : Match on catch block at 0xc3 in for 0xa1
03-13 06:23:57.921 8540 8540 E ArmVmp : Match on catch block at 0xc3 in for 0xa5
03-13 06:23:57.927 8540 8540 E ArmVmp : Match on catch block at 0xc3 in for 0xa5
03-13 06:23:58.000 8540 8540 E ArmVmp : Match on catch block at 0xc3 in for 0xa9
03-13 06:23:58.005 8540 8540 E ArmVmp : Match on catch block at 0xc3 in for 0xa1
03-13 06:23:58.009 8540 8540 E ArmVmp : Match on catch block at 0xc3 in for 0xa1
03-13 06:23:58.082 8540 8540 E ArmVmp : Match on catch block at 0xc3 in for 0xa5
03-13 06:23:58.086 8540 8540 E ArmVmp : Match on catch block at 0xc3 in for 0xa9
03-13 06:23:58.089 8540 8540 E ArmVmp : Match on catch block at 0xc3 in for 0xa9
03-13 06:23:58.166 8540 8540 E ArmVmp : Match on catch block at 0xc3 in for 0xa1
03-13 06:23:58.170 8540 8540 E ArmVmp : Match on catch block at 0xc3 in for 0xa5
03-13 06:23:58.173 8540 8540 E ArmVmp : Match on catch block at 0xc3 in for 0xa5
03-13 06:23:58.235 8540 8540 E ArmVmp : Match on catch block at 0xc3 in for 0xa9
03-13 06:23:58.240 8540 8540 E ArmVmp : Match on catch block at 0xc3 in for 0xa1
03-13 06:23:58.244 8540 8540 E ArmVmp : Match on catch block at 0xc3 in for 0xa1
03-13 06:23:58.319 8540 8540 E ArmVmp : Match on catch block at 0xc3 in for 0xa5
03-13 06:23:58.324 8540 8540 E ArmVmp : Match on catch block at 0xc3 in for 0xa9
03-13 06:23:58.328 8540 8540 E ArmVmp : Match on catch block at 0xc3 in for 0xa9
03-13 06:23:58.403 8540 8540 E ArmVmp : Match on catch block at 0xc3 in for 0xa1
03-13 06:23:58.409 8540 8540 E ArmVmp : Match on catch block at 0xc3 in for 0xa5
03-13 06:23:58.415 8540 8540 E ArmVmp : Match on catch block at 0xc3 in for 0xa5
03-13 06:23:58.486 8540 8540 E ArmVmp : Match on catch block at 0xc3 in for 0xa9
03-13 06:23:58.493 8540 8540 E ArmVmp : Match on catch block at 0xc3 in for 0xa1
03-13 06:23:58.499 8540 8540 E ArmVmp : Match on catch block at 0xc3 in for 0xa1
03-13 06:23:58.570 8540 8540 E ArmVmp : Match on catch block at 0xc3 in for 0xa5
03-13 06:23:58.576 8540 8540 E ArmVmp : Match on catch block at 0xc3 in for 0xa9
03-13 06:23:58.580 8540 8540 E ArmVmp : Match on catch block at 0xc3 in for 0xa9
03-13 06:23:58.637 8540 8540 E ArmVmp : Match on catch block at 0xc3 in for 0xa1
03-13 06:23:58.644 8540 8540 E ArmVmp : Match on catch block at 0xc3 in for 0xa5
03-13 06:23:58.648 8540 8540 E ArmVmp : Match on catch block at 0xc3 in for 0xa5
03-13 06:23:58.722 8540 8540 E ArmVmp : Match on catch block at 0xc3 in for 0xa9
03-13 06:23:58.728 8540 8540 E ArmVmp : Match on catch block at 0xc3 in for 0xa1
03-13 06:23:58.733 8540 8540 E ArmVmp : Match on catch block at 0xc3 in for 0xa1
03-13 06:23:58.806 8540 8540 E ArmVmp : Match on catch block at 0xc3 in for 0xa5
03-13 06:23:58.812 8540 8540 E ArmVmp : Match on catch block at 0xc3 in for 0xa9
03-13 06:23:58.816 8540 8540 E ArmVmp : Match on catch block at 0xc3 in for 0xa9
03-13 06:23:58.889 8540 8540 E ArmVmp : Match on catch block at 0xc3 in for 0xa1
03-13 06:23:58.896 8540 8540 E ArmVmp : Match on catch block at 0xc3 in for 0xa5
03-13 06:23:58.900 8540 8540 E ArmVmp : Match on catch block at 0xc3 in for 0xa5
03-13 06:23:58.973 8540 8540 E ArmVmp : Match on catch block at 0xc3 in for 0xa9
03-13 06:23:58.979 8540 8540 E ArmVmp : Match on catch block at 0xc3 in for 0xa1
03-13 06:23:58.984 8540 8540 E ArmVmp : Match on catch block at 0xc3 in for 0xa1
03-13 06:23:59.041 8540 8540 E ArmVmp : Match on catch block at 0xc3 in for 0xa5
03-13 06:23:59.049 8540 8540 E ArmVmp : Match on catch block at 0xc3 in for 0xa9
03-13 06:23:59.054 8540 8540 E ArmVmp : Match on catch block at 0xc3 in for 0xa9
03-13 06:23:59.124 8540 8540 E ArmVmp : Match on catch block at 0xc3 in for 0xa1
03-13 06:23:59.131 8540 8540 E ArmVmp : Match on catch block at 0xc3 in for 0xa5
03-13 06:23:59.137 8540 8540 E ArmVmp : Match on catch block at 0xc3 in for 0xa5
03-13 06:23:59.208 8540 8540 E ArmVmp : Match on catch block at 0xc3 in for 0xa9
03-13 06:23:59.215 8540 8540 E ArmVmp : Match on catch block at 0xc3 in for 0xa1
03-13 06:23:59.220 8540 8540 E ArmVmp : Match on catch block at 0xc3 in for 0xa1
03-13 06:23:59.295 8540 8540 E ArmVmp : Match on catch block at 0xc3 in for 0xa5
03-13 06:23:59.302 8540 8540 E ArmVmp : Match on catch block at 0xc3 in for 0xa9
03-13 06:23:59.308 8540 8540 E ArmVmp : Match on catch block at 0xc3 in for 0xa9
03-13 06:23:59.377 8540 8540 E ArmVmp : Match on catch block at 0xc3 in for 0xa1
03-13 06:23:59.384 8540 8540 E ArmVmp : Match on catch block at 0xc3 in for 0xa5
03-13 06:23:59.390 8540 8540 E ArmVmp : Match on catch block at 0xc3 in for 0xa5
03-13 06:23:59.443 8540 8540 E ArmVmp : Match on catch block at 0xc3 in for 0xa9
03-13 06:23:59.450 8540 8540 E ArmVmp : Match on catch block at 0xc3 in for 0xa1
03-13 06:23:59.455 8540 8540 E ArmVmp : Match on catch block at 0xc3 in for 0xa1
03-13 06:23:59.527 8540 8540 E ArmVmp : Match on catch block at 0xc3 in for 0xa5
03-13 06:23:59.534 8540 8540 E ArmVmp : Match on catch block at 0xc3 in for 0xa9
03-13 06:23:59.539 8540 8540 E ArmVmp : Match on catch block at 0xc3 in for 0xa9
03-13 06:23:59.612 8540 8540 E ArmVmp : Match on catch block at 0xc3 in for 0xa1
03-13 06:23:59.619 8540 8540 E ArmVmp : Match on catch block at 0xc3 in for 0xa5
03-13 06:23:59.695 8540 8540 E ArmVmp : Match on catch block at 0xc3 in for 0xa5
03-13 06:23:59.702 8540 8540 E ArmVmp : Match on catch block at 0xc3 in for 0xa9
03-13 06:23:59.707 8540 8540 E ArmVmp : Match on catch block at 0xc3 in for 0xa9
03-13 06:23:59.780 8540 8540 E ArmVmp : Match on catch block at 0xc3 in for 0xa1
03-13 06:23:59.788 8540 8540 E ArmVmp : Match on catch block at 0xc3 in for 0xa5
03-13 06:23:59.795 8540 8540 E ArmVmp : Match on catch block at 0xc3 in for 0xa5
03-13 06:23:59.846 8540 8540 E ArmVmp : Match on catch block at 0xc3 in for 0xa9
03-13 06:23:59.853 8540 8540 E ArmVmp : Match on catch block at 0xc3 in for 0xa1
03-13 06:23:59.858 8540 8540 E ArmVmp : Match on catch block at 0xc3 in for 0xa1
03-13 06:23:59.930 8540 8540 E ArmVmp : Match on catch block at 0xc3 in for 0xa5
03-13 06:23:59.937 8540 8540 E ArmVmp : Match on catch block at 0xc3 in for 0xa9
03-13 06:23:59.943 8540 8540 E ArmVmp : Match on catch block at 0xc3 in for 0xa9
03-13 06:24:00.015 8540 8540 E ArmVmp : Match on catch block at 0xc3 in for 0xa1
03-13 06:24:00.023 8540 8540 E ArmVmp : Match on catch block at 0xc3 in for 0xa5
03-13 06:24:00.028 8540 8540 E ArmVmp : Match on catch block at 0xc3 in for 0xa5
03-13 06:24:00.097 8540 8540 E ArmVmp : Match on catch block at 0xc3 in for 0xa9
03-13 06:24:00.105 8540 8540 E ArmVmp : Match on catch block at 0xc3 in for 0xa1
03-13 06:24:00.110 8540 8540 E ArmVmp : Match on catch block at 0xc3 in for 0xa1
03-13 06:24:00.182 8540 8540 E ArmVmp : Match on catch block at 0xc3 in for 0xa5
03-13 06:24:00.189 8540 8540 E ArmVmp : Match on catch block at 0xc3 in for 0xa9
03-13 06:24:00.195 8540 8540 E ArmVmp : Match on catch block at 0xc3 in for 0xa9
03-13 06:24:00.267 8540 8540 E ArmVmp : Match on catch block at 0xc3 in for 0xa1
03-13 06:24:00.274 8540 8540 E ArmVmp : Match on catch block at 0xc3 in for 0xa5
03-13 06:24:00.279 8540 8540 E ArmVmp : Match on catch block at 0xc3 in for 0xa5
03-13 06:24:00.350 8540 8540 E ArmVmp : Match on catch block at 0xc3 in for 0xa9
03-13 06:24:00.358 8540 8540 E ArmVmp : Match on catch block at 0xc3 in for 0xa1
03-13 06:24:00.363 8540 8540 E ArmVmp : Match on catch block at 0xc3 in for 0xa1
03-13 06:24:00.435 8540 8540 E ArmVmp : Match on catch block at 0xc3 in for 0xa5
03-13 06:24:00.442 8540 8540 E ArmVmp : Match on catch block at 0xc3 in for 0xa9
03-13 06:24:00.448 8540 8540 E ArmVmp : Match on catch block at 0xc3 in for 0xa9
03-13 06:24:00.501 8540 8540 E ArmVmp : Match on catch block at 0xc3 in for 0xa1
03-13 06:24:00.508 8540 8540 E ArmVmp : Match on catch block at 0xc3 in for 0xa5
03-13 06:24:00.514 8540 8540 E ArmVmp : Match on catch block at 0xc3 in for 0xa5
03-13 06:24:00.585 8540 8540 E ArmVmp : Match on catch block at 0xc3 in for 0xa9
03-13 06:24:00.592 8540 8540 E ArmVmp : Match on catch block at 0xc3 in for 0xa1
03-13 06:24:00.598 8540 8540 E ArmVmp : Match on catch block at 0xc3 in for 0xa1
03-13 06:24:00.669 8540 8540 E ArmVmp : Match on catch block at 0xc3 in for 0xa5
03-13 06:24:00.676 8540 8540 E ArmVmp : Match on catch block at 0xc3 in for 0xa9
03-13 06:24:00.681 8540 8540 E ArmVmp : Match on catch block at 0xc3 in for 0xa9
03-13 06:24:00.755 8540 8540 E ArmVmp : Match on catch block at 0xc3 in for 0xa1
03-13 06:24:00.762 8540 8540 E ArmVmp : Match on catch block at 0xc3 in for 0xa5
03-13 06:24:00.767 8540 8540 E ArmVmp : Match on catch block at 0xc3 in for 0xa5
03-13 06:24:35.939 8540 8752 E FrameEvents: updateAcquireFence: Did not find
frame.
03-13 06:24:35.954 8540 8540 E ArmVmp : Match on catch block at 0xc3 in for 0xa5
03-13 06:24:35.957 8540 8540 E ArmVmp : Match on catch block at 0xc3 in for 0xa9
03-13 06:24:35.959 8540 8540 E ArmVmp : Match on catch block at 0xc3 in for 0xa9
03-13 06:24:35.964 8540 8540 E ArmVmp : Match on catch block at 0xc3 in for 0xa1
03-13 06:24:35.967 8540 8540 E ArmVmp : Match on catch block at 0xc3 in for 0xa5
03-13 06:24:35.969 8540 8540 E ArmVmp : Match on catch block at 0xc3 in for 0xa5
03-13 06:24:36.152 8540 8540 E ArmVmp : Match on catch block at 0xc3 in for 0xa9
03-13 06:24:36.158 8540 8540 E ArmVmp : Match on catch block at 0xc3 in for 0xa1
03-13 06:24:36.162 8540 8540 E ArmVmp : Match on catch block at 0xc3 in for 0xa1
03-13 06:24:36.199 8540 8540 E ArmVmp : Match on catch block at 0xc3 in for 0xa5
03-13 06:24:36.206 8540 8540 E ArmVmp : Match on catch block at 0xc3 in for 0xa9
03-13 06:24:36.211 8540 8540 E ArmVmp : Match on catch block at 0xc3 in for 0xa9
03-13 06:24:36.245 8540 8540 E ArmVmp : Match on catch block at 0xc3 in for 0xa1
03-13 06:24:36.253 8540 8540 E ArmVmp : Match on catch block at 0xc3 in for 0xa5
03-13 06:24:36.259 8540 8540 E ArmVmp : Match on catch block at 0xc3 in for 0xa5
03-13 06:24:36.374 8540 8540 E ArmVmp : Match on catch block at 0xc3 in for 0xa5
03-13 06:24:36.378 8540 8540 E ArmVmp : Match on catch block at 0xc3 in for 0xa9
03-13 06:24:36.380 8540 8540 E ArmVmp : Match on catch block at 0xc3 in for 0xa9
03-13 06:24:36.428 8540 8540 E ArmVmp : Match on catch block at 0xc3 in for 0xa5
03-13 06:24:36.431 8540 8540 E ArmVmp : Match on catch block at 0xc3 in for 0xa9
03-13 06:24:36.433 8540 8540 E ArmVmp : Match on catch block at 0xc3 in for 0xa9
03-13 06:24:36.451 8540 8540 E ArmVmp : Match on catch block at 0xc3 in for 0xa1
03-13 06:24:36.455 8540 8540 E ArmVmp : Match on catch block at 0xc3 in for 0xa5
03-13 06:24:36.457 8540 8540 E ArmVmp : Match on catch block at 0xc3 in for 0xa5
03-13 06:24:36.518 8540 8540 E ArmVmp : Match on catch block at 0xc3 in for 0xa1
03-13 06:24:36.521 8540 8540 E ArmVmp : Match on catch block at 0xc3 in for 0xa5
03-13 06:24:36.524 8540 8540 E ArmVmp : Match on catch block at 0xc3 in for 0xa5
03-13 06:24:36.535 8540 8540 E ArmVmp : Match on catch block at 0xc3 in for 0xa9
03-13 06:24:36.540 8540 8540 E ArmVmp : Match on catch block at 0xc3 in for 0xa1
03-13 06:24:36.542 8540 8540 E ArmVmp : Match on catch block at 0xc3 in for 0xa1
03-13 06:24:36.573 8540 8540 E ArmVmp : Match on catch block at 0xc3 in for 0xa9
03-13 06:24:36.575 8540 8540 E ArmVmp : Match on catch block at 0xc3 in for 0xa1
03-13 06:24:36.578 8540 8540 E ArmVmp : Match on catch block at 0xc3 in for 0xa1
03-13 06:24:36.925 8540 8555 W System : A resource failed to call close.
03-13 06:24:37.043 8540 8540 E ArmVmp : Match on catch block at 0xc3 in for 0xa9
03-13 06:24:37.046 8540 8540 E ArmVmp : Match on catch block at 0xc3 in for 0xa1
03-13 06:24:37.049 8540 8540 E ArmVmp : Match on catch block at 0xc3 in for 0xa1
03-13 06:24:37.205 8540 8540 E ArmVmp : Match on catch block at 0xc3 in for 0xa5
03-13 06:24:37.208 8540 8540 E ArmVmp : Match on catch block at 0xc3 in for 0xa9
03-13 06:24:37.210 8540 8540 E ArmVmp : Match on catch block at 0xc3 in for 0xa9
03-13 06:24:39.194 8540 8540 E Parcel : Reading a NULL string not supported
here.
03-13 06:24:39.245 8540 9802 E libEGL : Invalid file path for libcolorx-
loader.so
03-13 06:24:39.354 8540 8540 E libEGL : Invalid file path for libcolorx-
loader.so
03-13 06:24:39.355 8540 8540 E libEGL : Invalid file path for libcolorx-
loader.so
03-13 06:24:39.826 8540 8540 E Parcel : Reading a NULL string not supported
here.
03-13 06:24:39.868 8540 9816 E libEGL : Invalid file path for libcolorx-
loader.so
03-13 06:24:39.921 8540 8540 E libEGL : Invalid file path for libcolorx-
loader.so
03-13 06:24:39.922 8540 8540 E libEGL : Invalid file path for libcolorx-
loader.so
03-13 06:24:40.046 8540 8540 W BottomSheetBehavior: BottomSheetBehavior now
supports multiple callbacks. `setBottomSheetCallback()` removes all existing
callbacks, including ones set internally by library authors, which may result in
unintended behavior. This may change in the future. Please use
`addBottomSheetCallback()` and `removeBottomSheetCallback()` instead to set your
own callbacks.
03-13 06:24:40.046 8540 8540 W BottomSheetBehavior: BottomSheetBehavior now
supports multiple callbacks. `setBottomSheetCallback()` removes all existing
callbacks, including ones set internally by library authors, which may result in
unintended behavior. This may change in the future. Please use
`addBottomSheetCallback()` and `removeBottomSheetCallback()` instead to set your
own callbacks.
03-13 06:24:40.170 8540 9818 E Parcel : Reading a NULL string not supported
here.
03-13 06:24:40.198 8540 9828 E OplusACodec: [GetVideoCodingTypeFromMime:L709]
mime:video/avc
03-13 06:24:40.200 8540 9828 E MtkACodecExt: setConfig(OMX_CONFIG_ROTATIONTYPE)
returned error 0xfffffc0e
03-13 06:24:40.201 8540 9828 E ACodec : [OMX.MTK.VIDEO.DECODER.AVC] failed to
setViLTEParameters 1
03-13 06:24:40.254 8540 9833 W Codec2Client: query -- param skipped: index =
1107298332.
03-13 06:24:40.254 8540 9833 W CCodec : This behavior is subject to change. It
is recommended that app developers double check whether the requested max input
size is in reasonable range.
03-13 06:24:40.256 8540 9833 W Codec2Client: query -- param skipped: index =
1342179345.
03-13 06:24:40.256 8540 9833 W Codec2Client: query -- param skipped: index =
2415921170.
03-13 06:24:40.256 8540 9833 W Codec2Client: query -- param skipped: index =
1610614798.
03-13 06:24:40.258 8540 9833 E FMQ : grantorIdx must be less than 3
03-13 06:24:40.258 8540 9833 E FMQ : grantorIdx must be less than 3
03-13 06:24:40.268 8540 9833 E FMQ : grantorIdx must be less than 3
03-13 06:24:40.280 8540 9012 E FMQ : grantorIdx must be less than 3
03-13 06:24:49.293 8540 8752 W RefBase : CallStack::getCurrentInternal not
linked, returning null
03-13 06:24:49.293 8540 8752 W RefBase : CallStack::logStackInternal not linked
03-13 06:24:49.294 8540 8752 W RefBase : CallStack::getCurrentInternal not
linked, returning null
03-13 06:24:49.294 8540 8752 W RefBase : CallStack::logStackInternal not linked
03-13 06:24:49.294 8540 8752 W RefBase : CallStack::getCurrentInternal not
linked, returning null
03-13 06:24:49.294 8540 8752 W RefBase : CallStack::logStackInternal not linked
03-13 06:24:49.295 8540 8752 W RefBase : CallStack::getCurrentInternal not
linked, returning null
03-13 06:24:49.295 8540 8752 W RefBase : CallStack::logStackInternal not linked
03-13 06:24:49.295 8540 8752 W RefBase : CallStack::getCurrentInternal not
linked, returning null
03-13 06:24:49.295 8540 8752 W RefBase : CallStack::logStackInternal not linked
03-13 06:24:49.295 8540 8752 W RefBase : CallStack::getCurrentInternal not
linked, returning null
03-13 06:24:49.295 8540 8752 W RefBase : CallStack::logStackInternal not linked
03-13 06:24:49.295 8540 8752 W RefBase : CallStack::getCurrentInternal not
linked, returning null
03-13 06:24:49.295 8540 8752 W RefBase : CallStack::logStackInternal not linked
03-13 06:24:49.296 8540 8752 W RefBase : CallStack::getCurrentInternal not
linked, returning null
03-13 06:24:49.296 8540 8752 W RefBase : CallStack::logStackInternal not linked
03-13 06:24:49.296 8540 8752 W RefBase : CallStack::getCurrentInternal not
linked, returning null
03-13 06:24:49.296 8540 8752 W RefBase : CallStack::logStackInternal not linked
03-13 06:24:49.296 8540 8752 W RefBase : CallStack::getCurrentInternal not
linked, returning null
03-13 06:24:49.296 8540 8752 W RefBase : CallStack::logStackInternal not linked
03-13 06:24:49.296 8540 8752 W RefBase : CallStack::getCurrentInternal not
linked, returning null
03-13 06:24:49.296 8540 8752 W RefBase : CallStack::logStackInternal not linked
03-13 06:24:49.297 8540 8752 W RefBase : CallStack::getCurrentInternal not
linked, returning null
03-13 06:24:49.297 8540 8752 W RefBase : CallStack::logStackInternal not linked
03-13 06:24:49.297 8540 8752 W RefBase : CallStack::getCurrentInternal not
linked, returning null
03-13 06:24:49.297 8540 8752 W RefBase : CallStack::logStackInternal not linked
03-13 06:24:49.297 8540 8752 W RefBase : CallStack::getCurrentInternal not
linked, returning null
03-13 06:24:49.297 8540 8752 W RefBase : CallStack::logStackInternal not linked
03-13 06:24:49.297 8540 8752 W RefBase : CallStack::getCurrentInternal not
linked, returning null
03-13 06:24:49.297 8540 8752 W RefBase : CallStack::logStackInternal not linked
03-13 06:24:49.317 8540 9833 W Codec2Client: query -- param skipped: index =
1342179345.
03-13 06:24:49.317 8540 9833 W Codec2Client: query -- param skipped: index =
2415921170.
03-13 06:24:49.317 8540 9833 W Codec2Client: query -- param skipped: index =
1610614798.
03-13 06:24:49.319 8540 9828 W ACodec : Failed to set ANW_HWComposer to OMX,
ignoring (-2147483648)
03-13 06:24:55.854 8540 8555 W System : A resource failed to call close.
03-13 06:24:55.861 8540 8555 W System : A resource failed to call release.
03-13 06:25:05.794 8540 8540 E Parcel : Reading a NULL string not supported
here.
03-13 06:25:05.984 8540 8540 E ANR_LOG : >>> msg's executing time is too long
03-13 06:25:05.984 8540 8540 E ANR_LOG : Blocked msg = { when=-1s700ms what=0
target=android.os.Handler callback=X.3ds } , cost = 1700 ms
03-13 06:25:05.984 8540 8540 E ANR_LOG : >>>Current msg List is:
03-13 06:25:05.984 8540 8540 E ANR_LOG : Current msg <1> = { when=-1s690ms
barrier=4308 }
03-13 06:25:05.984 8540 8540 E ANR_LOG : Current msg <2> = { when=-1s496ms what=0
target=android.os.Handler callback=X.3g9 }
03-13 06:25:05.984 8540 8540 E ANR_LOG : Current msg <3> = { when=-1s462ms what=0
target=android.os.Handler callback=X.3g9 }
03-13 06:25:05.984 8540 8540 E ANR_LOG : Current msg <4> = { when=-1s365ms what=0
target=android.os.Handler callback=X.3g9 }
