03-12 21:47:26.675 20003 20003 E ArmVmp : Match on catch block at 0xc3 in for 0xa1
03-12 21:47:26.680 20003 20003 E ArmVmp : Match on catch block at 0xc3 in for 0xa5
03-12 21:47:26.709 20003 20003 E ArmVmp : Match on catch block at 0xc3 in for 0xa5
03-12 21:47:26.716 20003 20003 E ArmVmp : Match on catch block at 0xc3 in for 0xa9
03-12 21:47:26.742 20003 20003 E ArmVmp : Match on catch block at 0xc3 in for 0xa9
03-12 21:47:26.748 20003 20003 E ArmVmp : Match on catch block at 0xc3 in for 0xa1
03-12 21:47:26.776 20003 20003 E ArmVmp : Match on catch block at 0xc3 in for 0xa1
03-12 21:47:26.782 20003 20003 E ArmVmp : Match on catch block at 0xc3 in for 0xa5
03-12 21:47:26.810 20003 20003 E ArmVmp : Match on catch block at 0xc3 in for 0xa5
03-12 21:47:26.816 20003 20003 E ArmVmp : Match on catch block at 0xc3 in for 0xa9
03-12 21:47:26.844 20003 20003 E ArmVmp : Match on catch block at 0xc3 in for 0xa5
03-12 21:47:26.847 20003 20003 E ArmVmp : Match on catch block at 0xc3 in for 0xa9
03-12 21:47:26.858 20003 20003 E ArmVmp : Match on catch block at 0xc3 in for 0xa9
03-12 21:47:26.862 20003 20003 E ArmVmp : Match on catch block at 0xc3 in for 0xa1
03-12 21:47:26.877 20003 20003 E ArmVmp : Match on catch block at 0xc3 in for 0xa1
03-12 21:47:26.880 20003 20003 E ArmVmp : Match on catch block at 0xc3 in for 0xa5
03-12 21:47:26.894 20003 20003 E ArmVmp : Match on catch block at 0xc3 in for 0xa5
03-12 21:47:26.897 20003 20003 E ArmVmp : Match on catch block at 0xc3 in for 0xa9
03-12 21:47:26.920 20003 20003 E ArmVmp : Match on catch block at 0xc3 in for 0xa9
03-12 21:47:26.923 20003 20003 E ArmVmp : Match on catch block at 0xc3 in for 0xa1
03-12 21:47:26.934 20003 20003 E ArmVmp : Match on catch block at 0xc3 in for 0xa1
03-12 21:47:26.937 20003 20003 E ArmVmp : Match on catch block at 0xc3 in for 0xa5
03-12 21:47:26.957 20003 20003 E ArmVmp : Match on catch block at 0xc3 in for 0xa5
03-12 21:47:26.960 20003 20003 E ArmVmp : Match on catch block at 0xc3 in for 0xa9
03-12 21:47:26.980 20003 20003 E ArmVmp : Match on catch block at 0xc3 in for 0xa9
03-12 21:47:26.984 20003 20003 E ArmVmp : Match on catch block at 0xc3 in for 0xa1
03-12 21:47:27.003 20003 20003 E ArmVmp : Match on catch block at 0xc3 in for 0xa1
03-12 21:47:27.006 20003 20003 E ArmVmp : Match on catch block at 0xc3 in for 0xa5
03-12 21:47:27.086 20003 20003 E ArmVmp : Match on catch block at 0xc3 in for 0xa5
03-12 21:47:27.089 20003 20003 E ArmVmp : Match on catch block at 0xc3 in for 0xa9
03-12 21:47:27.099 20003 20003 E ArmVmp : Match on catch block at 0xc3 in for 0xa9
03-12 21:47:27.102 20003 20003 E ArmVmp : Match on catch block at 0xc3 in for 0xa1
03-12 21:47:27.122 20003 20003 E ArmVmp : Match on catch block at 0xc3 in for 0xa1
03-12 21:47:27.124 20003 20003 E ArmVmp : Match on catch block at 0xc3 in for 0xa5
03-12 21:47:27.142 20003 20003 E ArmVmp : Match on catch block at 0xc3 in for 0xa1
03-12 21:47:27.145 20003 20003 E ArmVmp : Match on catch block at 0xc3 in for 0xa5
03-12 21:47:27.166 20003 20003 E ArmVmp : Match on catch block at 0xc3 in for 0xa5
03-12 21:47:27.170 20003 20003 E ArmVmp : Match on catch block at 0xc3 in for 0xa9
03-12 21:47:27.196 20003 20003 E ArmVmp : Match on catch block at 0xc3 in for 0xa9
03-12 21:47:27.199 20003 20003 E ArmVmp : Match on catch block at 0xc3 in for 0xa1
03-12 21:47:27.218 20003 20003 E ArmVmp : Match on catch block at 0xc3 in for 0xa9
03-12 21:47:27.221 20003 20003 E ArmVmp : Match on catch block at 0xc3 in for 0xa1
03-12 21:47:27.243 20003 20003 E ArmVmp : Match on catch block at 0xc3 in for 0xa1
03-12 21:47:27.247 20003 20003 E ArmVmp : Match on catch block at 0xc3 in for 0xa5
03-12 21:47:27.267 20003 20003 E ArmVmp : Match on catch block at 0xc3 in for 0xa5
03-12 21:47:27.270 20003 20003 E ArmVmp : Match on catch block at 0xc3 in for 0xa9
03-12 21:47:27.295 20003 20003 E ArmVmp : Match on catch block at 0xc3 in for 0xa9
03-12 21:47:27.298 20003 20003 E ArmVmp : Match on catch block at 0xc3 in for 0xa1
03-12 21:47:27.320 20003 20003 E ArmVmp : Match on catch block at 0xc3 in for 0xa1
03-12 21:47:27.323 20003 20003 E ArmVmp : Match on catch block at 0xc3 in for 0xa5
03-12 21:47:27.343 20003 20003 E ArmVmp : Match on catch block at 0xc3 in for 0xa5
03-12 21:47:27.347 20003 20003 E ArmVmp : Match on catch block at 0xc3 in for 0xa9
03-12 21:47:27.372 20003 20003 E ArmVmp : Match on catch block at 0xc3 in for 0xa9
03-12 21:47:27.375 20003 20003 E ArmVmp : Match on catch block at 0xc3 in for 0xa1
03-12 21:47:27.402 20003 20003 E ArmVmp : Match on catch block at 0xc3 in for 0xa1
03-12 21:47:27.407 20003 20003 E ArmVmp : Match on catch block at 0xc3 in for 0xa5
03-12 21:47:27.434 20003 20003 E ArmVmp : Match on catch block at 0xc3 in for 0xa5
03-12 21:47:27.438 20003 20003 E ArmVmp : Match on catch block at 0xc3 in for 0xa9
03-12 21:47:27.464 20003 20003 E ArmVmp : Match on catch block at 0xc3 in for 0xa9
03-12 21:47:27.468 20003 20003 E ArmVmp : Match on catch block at 0xc3 in for 0xa1
03-12 21:47:27.494 20003 20003 E ArmVmp : Match on catch block at 0xc3 in for 0xa1
03-12 21:47:27.498 20003 20003 E ArmVmp : Match on catch block at 0xc3 in for 0xa5
03-12 21:47:27.520 20003 20003 E ArmVmp : Match on catch block at 0xc3 in for 0xa5
03-12 21:47:27.523 20003 20003 E ArmVmp : Match on catch block at 0xc3 in for 0xa9
03-12 21:47:27.552 20003 20003 E ArmVmp : Match on catch block at 0xc3 in for 0xa9
03-12 21:47:27.558 20003 20003 E ArmVmp : Match on catch block at 0xc3 in for 0xa1
03-12 21:47:27.585 20003 20003 E ArmVmp : Match on catch block at 0xc3 in for 0xa1
03-12 21:47:27.589 20003 20003 E ArmVmp : Match on catch block at 0xc3 in for 0xa5
03-12 21:47:27.616 20003 20003 E ArmVmp : Match on catch block at 0xc3 in for 0xa5
03-12 21:47:27.620 20003 20003 E ArmVmp : Match on catch block at 0xc3 in for 0xa9
03-12 21:47:27.643 20003 20003 E ArmVmp : Match on catch block at 0xc3 in for 0xa9
03-12 21:47:27.647 20003 20003 E ArmVmp : Match on catch block at 0xc3 in for 0xa1
03-12 21:47:27.671 20003 20003 E ArmVmp : Match on catch block at 0xc3 in for 0xa1
03-12 21:47:27.675 20003 20003 E ArmVmp : Match on catch block at 0xc3 in for 0xa5
03-12 21:47:27.749 20003 20003 E ArmVmp : Match on catch block at 0xc3 in for 0xa1
03-12 21:47:27.752 20003 20003 E ArmVmp : Match on catch block at 0xc3 in for 0xa5
03-12 21:47:27.761 20003 20003 E ArmVmp : Match on catch block at 0xc3 in for 0xa9
03-12 21:47:27.765 20003 20003 E ArmVmp : Match on catch block at 0xc3 in for 0xa1
03-12 21:47:27.827 20003 20003 E ArmVmp : Match on catch block at 0xc3 in for 0xa9
03-12 21:47:27.830 20003 20003 E ArmVmp : Match on catch block at 0xc3 in for 0xa1
03-12 21:47:27.839 20003 20003 E ArmVmp : Match on catch block at 0xc3 in for 0xa5
03-12 21:47:27.843 20003 20003 E ArmVmp : Match on catch block at 0xc3 in for 0xa9
03-12 21:47:27.887 20003 20003 E ArmVmp : Match on catch block at 0xc3 in for 0xa5
03-12 21:47:27.892 20003 20003 E ArmVmp : Match on catch block at 0xc3 in for 0xa9
03-12 21:47:27.902 20003 20003 E ArmVmp : Match on catch block at 0xc3 in for 0xa1
03-12 21:47:27.906 20003 20003 E ArmVmp : Match on catch block at 0xc3 in for 0xa5
03-12 21:47:27.928 20003 20003 E ArmVmp : Match on catch block at 0xc3 in for 0xa9
03-12 21:47:27.932 20003 20003 E ArmVmp : Match on catch block at 0xc3 in for 0xa1
03-12 21:47:27.959 20003 20003 E ArmVmp : Match on catch block at 0xc3 in for 0xa5
03-12 21:47:27.964 20003 20003 E ArmVmp : Match on catch block at 0xc3 in for 0xa9
03-12 21:47:27.993 20003 20003 E ArmVmp : Match on catch block at 0xc3 in for 0xa5
03-12 21:47:27.998 20003 20003 E ArmVmp : Match on catch block at 0xc3 in for 0xa9
03-12 21:47:28.021 20003 20003 E ArmVmp : Match on catch block at 0xc3 in for 0xa9
03-12 21:47:28.025 20003 20003 E ArmVmp : Match on catch block at 0xc3 in for 0xa1
03-12 21:47:28.069 20003 20003 E ArmVmp : Match on catch block at 0xc3 in for 0xa1
03-12 21:47:28.072 20003 20003 E ArmVmp : Match on catch block at 0xc3 in for 0xa5
03-12 21:47:28.137 20003 20003 E ArmVmp : Match on catch block at 0xc3 in for 0xa9
03-12 21:47:28.139 20003 20003 E ArmVmp : Match on catch block at 0xc3 in for 0xa1
03-12 21:47:28.148 20003 20003 E ArmVmp : Match on catch block at 0xc3 in for 0xa1
03-12 21:47:28.151 20003 20003 E ArmVmp : Match on catch block at 0xc3 in for 0xa5
03-12 21:47:28.171 20003 20003 E ArmVmp : Match on catch block at 0xc3 in for 0xa5
03-12 21:47:28.175 20003 20003 E ArmVmp : Match on catch block at 0xc3 in for 0xa9
03-12 21:47:28.197 20003 20003 E ArmVmp : Match on catch block at 0xc3 in for 0xa9
03-12 21:47:28.201 20003 20003 E ArmVmp : Match on catch block at 0xc3 in for 0xa1
03-12 21:47:28.217 20003 20003 E ArmVmp : Match on catch block at 0xc3 in for 0xa5
03-12 21:47:28.221 20003 20003 E ArmVmp : Match on catch block at 0xc3 in for 0xa9
03-12 21:47:28.300 20003 20003 E ArmVmp : Match on catch block at 0xc3 in for 0xa5
03-12 21:47:28.302 20003 20003 E ArmVmp : Match on catch block at 0xc3 in for 0xa9
03-12 21:47:28.310 20003 20003 E ArmVmp : Match on catch block at 0xc3 in for 0xa1
03-12 21:47:28.313 20003 20003 E ArmVmp : Match on catch block at 0xc3 in for 0xa5
03-12 21:47:28.350 20003 20003 E ArmVmp : Match on catch block at 0xc3 in for 0xa9
03-12 21:47:28.354 20003 20003 E ArmVmp : Match on catch block at 0xc3 in for 0xa1
03-12 21:47:28.362 20003 20003 E ArmVmp : Match on catch block at 0xc3 in for 0xa5
03-12 21:47:28.365 20003 20003 E ArmVmp : Match on catch block at 0xc3 in for 0xa9
03-12 21:47:28.386 20003 20003 E ArmVmp : Match on catch block at 0xc3 in for 0xa1
03-12 21:47:28.389 20003 20003 E ArmVmp : Match on catch block at 0xc3 in for 0xa5
03-12 21:47:28.411 20003 20003 E ArmVmp : Match on catch block at 0xc3 in for 0xa9
03-12 21:47:28.414 20003 20003 E ArmVmp : Match on catch block at 0xc3 in for 0xa1
03-12 21:47:28.435 20003 20003 E ArmVmp : Match on catch block at 0xc3 in for 0xa5
03-12 21:47:28.439 20003 20003 E ArmVmp : Match on catch block at 0xc3 in for 0xa9
03-12 21:47:28.458 20003 20003 E ArmVmp : Match on catch block at 0xc3 in for 0xa1
03-12 21:47:28.461 20003 20003 E ArmVmp : Match on catch block at 0xc3 in for 0xa5
03-12 21:47:28.485 20003 20003 E ArmVmp : Match on catch block at 0xc3 in for 0xa9
03-12 21:47:28.489 20003 20003 E ArmVmp : Match on catch block at 0xc3 in for 0xa1
03-12 21:47:28.512 20003 20003 E ArmVmp : Match on catch block at 0xc3 in for 0xa5
03-12 21:47:28.515 20003 20003 E ArmVmp : Match on catch block at 0xc3 in for 0xa9
03-12 21:47:28.536 20003 20003 E ArmVmp : Match on catch block at 0xc3 in for 0xa9
03-12 21:47:28.540 20003 20003 E ArmVmp : Match on catch block at 0xc3 in for 0xa1
03-12 21:47:28.562 20003 20003 E ArmVmp : Match on catch block at 0xc3 in for 0xa1
03-12 21:47:28.566 20003 20003 E ArmVmp : Match on catch block at 0xc3 in for 0xa5
03-12 21:47:28.604 20003 20003 E ArmVmp : Match on catch block at 0xc3 in for 0xa5
03-12 21:47:28.608 20003 20003 E ArmVmp : Match on catch block at 0xc3 in for 0xa9
03-12 21:47:28.654 20003 20003 E ArmVmp : Match on catch block at 0xc3 in for 0xa5
03-12 21:47:28.657 20003 20003 E ArmVmp : Match on catch block at 0xc3 in for 0xa9
03-12 21:47:28.687 20003 20003 E ArmVmp : Match on catch block at 0xc3 in for 0xa9
03-12 21:47:28.690 20003 20003 E ArmVmp : Match on catch block at 0xc3 in for 0xa1
03-12 21:47:28.750 20003 20003 E ArmVmp : Match on catch block at 0xc3 in for 0xa9
03-12 21:47:28.753 20003 20003 E ArmVmp : Match on catch block at 0xc3 in for 0xa1
03-12 21:47:28.763 20003 20003 E ArmVmp : Match on catch block at 0xc3 in for 0xa1
03-12 21:47:28.766 20003 20003 E ArmVmp : Match on catch block at 0xc3 in for 0xa5
03-12 21:47:28.843 20003 20003 E ArmVmp : Match on catch block at 0xc3 in for 0xa9
03-12 21:47:28.846 20003 20003 E ArmVmp : Match on catch block at 0xc3 in for 0xa1
03-12 21:47:28.857 20003 20003 E ArmVmp : Match on catch block at 0xc3 in for 0xa1
03-12 21:47:28.862 20003 20003 E ArmVmp : Match on catch block at 0xc3 in for 0xa5
03-12 21:47:28.881 20003 20003 E ArmVmp : Match on catch block at 0xc3 in for 0xa5
03-12 21:47:28.885 20003 20003 E ArmVmp : Match on catch block at 0xc3 in for 0xa9
03-12 21:47:28.906 20003 20003 E ArmVmp : Match on catch block at 0xc3 in for 0xa9
03-12 21:47:28.910 20003 20003 E ArmVmp : Match on catch block at 0xc3 in for 0xa1
03-12 21:47:28.930 20003 20003 E ArmVmp : Match on catch block at 0xc3 in for 0xa1
03-12 21:47:28.934 20003 20003 E ArmVmp : Match on catch block at 0xc3 in for 0xa5
03-12 21:47:28.957 20003 20003 E ArmVmp : Match on catch block at 0xc3 in for 0xa5
03-12 21:47:28.961 20003 20003 E ArmVmp : Match on catch block at 0xc3 in for 0xa9
03-12 21:47:28.984 20003 20003 E ArmVmp : Match on catch block at 0xc3 in for 0xa5
03-12 21:47:28.988 20003 20003 E ArmVmp : Match on catch block at 0xc3 in for 0xa9
03-12 21:47:29.005 20003 20003 E ArmVmp : Match on catch block at 0xc3 in for 0xa1
03-12 21:47:29.010 20003 20003 E ArmVmp : Match on catch block at 0xc3 in for 0xa5
03-12 21:47:29.029 20003 20003 E ArmVmp : Match on catch block at 0xc3 in for 0xa9
03-12 21:47:29.033 20003 20003 E ArmVmp : Match on catch block at 0xc3 in for 0xa1
03-12 21:47:29.053 20003 20003 E ArmVmp : Match on catch block at 0xc3 in for 0xa5
03-12 21:47:29.058 20003 20003 E ArmVmp : Match on catch block at 0xc3 in for 0xa9
03-12 21:47:29.081 20003 20003 E ArmVmp : Match on catch block at 0xc3 in for 0xa1
03-12 21:47:29.086 20003 20003 E ArmVmp : Match on catch block at 0xc3 in for 0xa5
03-12 21:47:29.108 20003 20003 E ArmVmp : Match on catch block at 0xc3 in for 0xa5
03-12 21:47:29.113 20003 20003 E ArmVmp : Match on catch block at 0xc3 in for 0xa9
03-12 21:47:29.302 20003 20003 E ArmVmp : Match on catch block at 0xc3 in for 0xa5
03-12 21:47:29.307 20003 20003 E ArmVmp : Match on catch block at 0xc3 in for 0xa9
03-12 21:47:29.353 20003 20003 E ArmVmp : Match on catch block at 0xc3 in for 0xa5
03-12 21:47:29.357 20003 20003 E ArmVmp : Match on catch block at 0xc3 in for 0xa9
03-12 21:47:29.378 20003 20003 E ArmVmp : Match on catch block at 0xc3 in for 0xa5
03-12 21:47:29.382 20003 20003 E ArmVmp : Match on catch block at 0xc3 in for 0xa9
03-12 21:47:29.398 20003 20003 E ArmVmp : Match on catch block at 0xc3 in for 0xa9
03-12 21:47:29.403 20003 20003 E ArmVmp : Match on catch block at 0xc3 in for 0xa1
03-12 21:47:29.421 20003 20003 E ArmVmp : Match on catch block at 0xc3 in for 0xa9
03-12 21:47:29.425 20003 20003 E ArmVmp : Match on catch block at 0xc3 in for 0xa1
03-12 21:47:29.440 20003 20003 E ArmVmp : Match on catch block at 0xc3 in for 0xa1
03-12 21:47:29.444 20003 20003 E ArmVmp : Match on catch block at 0xc3 in for 0xa5
03-12 21:47:29.480 20003 20003 E ArmVmp : Match on catch block at 0xc3 in for 0xa5
03-12 21:47:29.484 20003 20003 E ArmVmp : Match on catch block at 0xc3 in for 0xa9
03-12 21:47:29.503 20003 20003 E ArmVmp : Match on catch block at 0xc3 in for 0xa9
03-12 21:47:29.506 20003 20003 E ArmVmp : Match on catch block at 0xc3 in for 0xa1
03-12 21:47:29.527 20003 20003 E ArmVmp : Match on catch block at 0xc3 in for 0xa1
03-12 21:47:29.531 20003 20003 E ArmVmp : Match on catch block at 0xc3 in for 0xa5
03-12 21:47:29.611 20003 20003 E ArmVmp : Match on catch block at 0xc3 in for 0xa5
03-12 21:47:29.614 20003 20003 E ArmVmp : Match on catch block at 0xc3 in for 0xa9
03-12 21:47:29.814 20003 20003 E ArmVmp : Match on catch block at 0xc3 in for 0xa9
03-12 21:47:29.820 20003 20003 E ArmVmp : Match on catch block at 0xc3 in for 0xa1
03-12 21:47:29.829 20003 20003 E ArmVmp : Match on catch block at 0xc3 in for 0xa1
03-12 21:47:29.835 20003 20003 E ArmVmp : Match on catch block at 0xc3 in for 0xa5
03-12 21:47:29.852 20003 20003 E ArmVmp : Match on catch block at 0xc3 in for 0xa5
03-12 21:47:29.857 20003 20003 E ArmVmp : Match on catch block at 0xc3 in for 0xa9
03-12 21:47:29.874 20003 20003 E ArmVmp : Match on catch block at 0xc3 in for 0xa9
03-12 21:47:29.879 20003 20003 E ArmVmp : Match on catch block at 0xc3 in for 0xa1
03-12 21:47:29.896 20003 20003 E ArmVmp : Match on catch block at 0xc3 in for 0xa1
03-12 21:47:29.901 20003 20003 E ArmVmp : Match on catch block at 0xc3 in for 0xa5
03-12 21:47:29.918 20003 20003 E ArmVmp : Match on catch block at 0xc3 in for 0xa5
03-12 21:47:29.923 20003 20003 E ArmVmp : Match on catch block at 0xc3 in for 0xa9
03-12 21:47:29.942 20003 20003 E ArmVmp : Match on catch block at 0xc3 in for 0xa9
03-12 21:47:29.946 20003 20003 E ArmVmp : Match on catch block at 0xc3 in for 0xa1
03-12 21:47:29.970 20003 20003 E ArmVmp : Match on catch block at 0xc3 in for 0xa1
03-12 21:47:29.974 20003 20003 E ArmVmp : Match on catch block at 0xc3 in for 0xa5
03-12 21:47:29.995 20003 20003 E ArmVmp : Match on catch block at 0xc3 in for 0xa5
03-12 21:47:30.000 20003 20003 E ArmVmp : Match on catch block at 0xc3 in for 0xa9
03-12 21:47:30.018 20003 20003 E ArmVmp : Match on catch block at 0xc3 in for 0xa9
03-12 21:47:30.023 20003 20003 E ArmVmp : Match on catch block at 0xc3 in for 0xa1
03-12 21:47:30.041 20003 20003 E ArmVmp : Match on catch block at 0xc3 in for 0xa1
03-12 21:47:30.046 20003 20003 E ArmVmp : Match on catch block at 0xc3 in for 0xa5
03-12 21:47:30.064 20003 20003 E ArmVmp : Match on catch block at 0xc3 in for 0xa5
03-12 21:47:30.069 20003 20003 E ArmVmp : Match on catch block at 0xc3 in for 0xa9
03-12 21:47:30.088 20003 20003 E ArmVmp : Match on catch block at 0xc3 in for 0xa9
03-12 21:47:30.093 20003 20003 E ArmVmp : Match on catch block at 0xc3 in for 0xa1
03-12 21:47:30.116 20003 20003 E ArmVmp : Match on catch block at 0xc3 in for 0xa1
03-12 21:47:30.123 20003 20003 E ArmVmp : Match on catch block at 0xc3 in for 0xa5
03-12 21:47:30.622 20003 20003 E ArmVmp : Match on catch block at 0xc3 in for 0xa5
03-12 21:47:30.628 20003 20003 E ArmVmp : Match on catch block at 0xc3 in for 0xa9
03-12 21:47:30.779 20003 20003 E ArmVmp : Match on catch block at 0xc3 in for 0xa5
03-12 21:47:30.783 20003 20003 E ArmVmp : Match on catch block at 0xc3 in for 0xa9
03-12 21:47:30.793 20003 20003 E ArmVmp : Match on catch block at 0xc3 in for 0xa5
03-12 21:47:30.797 20003 20003 E ArmVmp : Match on catch block at 0xc3 in for 0xa9
03-12 21:47:30.815 20003 20003 E ArmVmp : Match on catch block at 0xc3 in for 0xa5
03-12 21:47:30.819 20003 20003 E ArmVmp : Match on catch block at 0xc3 in for 0xa9
03-12 21:47:30.862 20003 20003 E ArmVmp : Match on catch block at 0xc3 in for 0xa5
03-12 21:47:30.866 20003 20003 E ArmVmp : Match on catch block at 0xc3 in for 0xa9
03-12 21:47:30.892 20003 20003 E ArmVmp : Match on catch block at 0xc3 in for 0xa5
03-12 21:47:30.897 20003 20003 E ArmVmp : Match on catch block at 0xc3 in for 0xa9
03-12 21:47:30.916 20003 20003 E ArmVmp : Match on catch block at 0xc3 in for 0xa5
03-12 21:47:30.920 20003 20003 E ArmVmp : Match on catch block at 0xc3 in for 0xa9
03-12 21:47:30.955 20003 20003 E ArmVmp : Match on catch block at 0xc3 in for 0xa1
03-12 21:47:30.959 20003 20003 E ArmVmp : Match on catch block at 0xc3 in for 0xa5
03-12 21:47:31.005 20003 20003 E ArmVmp : Match on catch block at 0xc3 in for 0xa5
03-12 21:47:31.008 20003 20003 E ArmVmp : Match on catch block at 0xc3 in for 0xa9
03-12 21:47:31.038 20003 20003 E ArmVmp : Match on catch block at 0xc3 in for 0xa1
03-12 21:47:31.041 20003 20003 E ArmVmp : Match on catch block at 0xc3 in for 0xa5
03-12 21:47:31.122 20003 20003 E ArmVmp : Match on catch block at 0xc3 in for 0xa5
03-12 21:47:31.125 20003 20003 E ArmVmp : Match on catch block at 0xc3 in for 0xa9
03-12 21:47:31.189 20003 20003 E ArmVmp : Match on catch block at 0xc3 in for 0xa1
03-12 21:47:31.192 20003 20003 E ArmVmp : Match on catch block at 0xc3 in for 0xa5
03-12 21:47:31.207 20003 20003 E ArmVmp : Match on catch block at 0xc3 in for 0xa1
03-12 21:47:31.211 20003 20003 E ArmVmp : Match on catch block at 0xc3 in for 0xa5
03-12 21:47:31.223 20003 20003 E ArmVmp : Match on catch block at 0xc3 in for 0xa1
03-12 21:47:31.227 20003 20003 E ArmVmp : Match on catch block at 0xc3 in for 0xa5
03-12 21:47:31.246 20003 20003 E ArmVmp : Match on catch block at 0xc3 in for 0xa1
03-12 21:47:31.250 20003 20003 E ArmVmp : Match on catch block at 0xc3 in for 0xa5
03-12 21:47:31.268 20003 20003 E ArmVmp : Match on catch block at 0xc3 in for 0xa1
03-12 21:47:31.272 20003 20003 E ArmVmp : Match on catch block at 0xc3 in for 0xa5
03-12 21:47:31.291 20003 20003 E ArmVmp : Match on catch block at 0xc3 in for 0xa1
03-12 21:47:31.296 20003 20003 E ArmVmp : Match on catch block at 0xc3 in for 0xa5
03-12 21:47:31.315 20003 20003 E ArmVmp : Match on catch block at 0xc3 in for 0xa1
03-12 21:47:31.318 20003 20003 E ArmVmp : Match on catch block at 0xc3 in for 0xa5
03-12 21:47:31.337 20003 20003 E ArmVmp : Match on catch block at 0xc3 in for 0xa1
03-12 21:47:31.340 20003 20003 E ArmVmp : Match on catch block at 0xc3 in for 0xa5
03-12 21:47:31.360 20003 20003 E ArmVmp : Match on catch block at 0xc3 in for 0xa1
03-12 21:47:31.364 20003 20003 E ArmVmp : Match on catch block at 0xc3 in for 0xa5
03-12 21:47:31.625 20003 20003 E ArmVmp : Match on catch block at 0xc3 in for 0xa1
03-12 21:47:31.628 20003 20003 E ArmVmp : Match on catch block at 0xc3 in for 0xa5
03-12 21:47:32.128 20003 20003 E ArmVmp : Match on catch block at 0xc3 in for 0xa1
03-12 21:47:32.131 20003 20003 E ArmVmp : Match on catch block at 0xc3 in for 0xa5
03-12 21:47:32.615 20003 20003 E ArmVmp : Match on catch block at 0xc3 in for 0xa9
03-12 21:47:32.619 20003 20003 E ArmVmp : Match on catch block at 0xc3 in for 0xa1
03-12 21:47:33.119 20003 20003 E ArmVmp : Match on catch block at 0xc3 in for 0xa1
03-12 21:47:33.123 20003 20003 E ArmVmp : Match on catch block at 0xc3 in for 0xa5
03-12 21:47:33.623 20003 20003 E ArmVmp : Match on catch block at 0xc3 in for 0xa9
03-12 21:47:33.627 20003 20003 E ArmVmp : Match on catch block at 0xc3 in for 0xa1
03-12 21:47:33.690 20003 20003 E ArmVmp : Match on catch block at 0xc3 in for 0xa1
03-12 21:47:33.693 20003 20003 E ArmVmp : Match on catch block at 0xc3 in for 0xa5
03-12 21:47:33.724 20003 20003 E ArmVmp : Match on catch block at 0xc3 in for 0xa9
03-12 21:47:33.728 20003 20003 E ArmVmp : Match on catch block at 0xc3 in for 0xa1
03-12 21:47:33.742 20003 20003 E ArmVmp : Match on catch block at 0xc3 in for 0xa9
03-12 21:47:33.745 20003 20003 E ArmVmp : Match on catch block at 0xc3 in for 0xa1
03-12 21:47:33.775 20003 20003 E ArmVmp : Match on catch block at 0xc3 in for 0xa5
03-12 21:47:33.778 20003 20003 E ArmVmp : Match on catch block at 0xc3 in for 0xa9
03-12 21:47:33.792 20003 20003 E ArmVmp : Match on catch block at 0xc3 in for 0xa5
03-12 21:47:33.796 20003 20003 E ArmVmp : Match on catch block at 0xc3 in for 0xa9
03-12 21:47:33.825 20003 20003 E ArmVmp : Match on catch block at 0xc3 in for 0xa1
03-12 21:47:33.829 20003 20003 E ArmVmp : Match on catch block at 0xc3 in for 0xa5
03-12 21:47:33.842 20003 20003 E ArmVmp : Match on catch block at 0xc3 in for 0xa1
03-12 21:47:33.847 20003 20003 E ArmVmp : Match on catch block at 0xc3 in for 0xa5
03-12 21:47:33.864 20003 20003 E ArmVmp : Match on catch block at 0xc3 in for 0xa1
03-12 21:47:33.870 20003 20003 E ArmVmp : Match on catch block at 0xc3 in for 0xa5
03-12 21:47:33.895 20003 20003 E ArmVmp : Match on catch block at 0xc3 in for 0xa1
03-12 21:47:33.900 20003 20003 E ArmVmp : Match on catch block at 0xc3 in for 0xa5
03-12 21:47:33.923 20003 20003 E ArmVmp : Match on catch block at 0xc3 in for 0xa1
03-12 21:47:33.927 20003 20003 E ArmVmp : Match on catch block at 0xc3 in for 0xa5
03-12 21:47:33.951 20003 20003 E ArmVmp : Match on catch block at 0xc3 in for 0xa1
03-12 21:47:33.954 20003 20003 E ArmVmp : Match on catch block at 0xc3 in for 0xa5
03-12 21:47:33.976 20003 20003 E ArmVmp : Match on catch block at 0xc3 in for 0xa1
03-12 21:47:33.980 20003 20003 E ArmVmp : Match on catch block at 0xc3 in for 0xa5
03-12 21:47:34.002 20003 20003 E ArmVmp : Match on catch block at 0xc3 in for 0xa1
03-12 21:47:34.006 20003 20003 E ArmVmp : Match on catch block at 0xc3 in for 0xa5
03-12 21:47:34.125 20003 20003 E ArmVmp : Match on catch block at 0xc3 in for 0xa9
03-12 21:47:34.128 20003 20003 E ArmVmp : Match on catch block at 0xc3 in for 0xa1
03-12 21:47:34.597 20003 20003 E ArmVmp : Match on catch block at 0xc3 in for 0xa1
03-12 21:47:34.600 20003 20003 E ArmVmp : Match on catch block at 0xc3 in for 0xa5
03-12 21:47:34.615 20003 20003 E ArmVmp : Match on catch block at 0xc3 in for 0xa1
03-12 21:47:34.619 20003 20003 E ArmVmp : Match on catch block at 0xc3 in for 0xa5
03-12 21:47:34.629 20003 20003 E ArmVmp : Match on catch block at 0xc3 in for 0xa5
03-12 21:47:34.633 20003 20003 E ArmVmp : Match on catch block at 0xc3 in for 0xa9
03-12 21:47:34.865 20003 20003 E ArmVmp : Match on catch block at 0xc3 in for 0xa5
03-12 21:47:34.868 20003 20003 E ArmVmp : Match on catch block at 0xc3 in for 0xa9
03-12 21:47:34.883 20003 20003 E ArmVmp : Match on catch block at 0xc3 in for 0xa5
03-12 21:47:34.887 20003 20003 E ArmVmp : Match on catch block at 0xc3 in for 0xa9
03-12 21:47:34.899 20003 20003 E ArmVmp : Match on catch block at 0xc3 in for 0xa5
03-12 21:47:34.903 20003 20003 E ArmVmp : Match on catch block at 0xc3 in for 0xa9
03-12 21:47:34.923 20003 20003 E ArmVmp : Match on catch block at 0xc3 in for 0xa5
03-12 21:47:34.927 20003 20003 E ArmVmp : Match on catch block at 0xc3 in for 0xa9
03-12 21:47:34.945 20003 20003 E ArmVmp : Match on catch block at 0xc3 in for 0xa5
03-12 21:47:34.949 20003 20003 E ArmVmp : Match on catch block at 0xc3 in for 0xa9
03-12 21:47:34.967 20003 20003 E ArmVmp : Match on catch block at 0xc3 in for 0xa5
03-12 21:47:34.971 20003 20003 E ArmVmp : Match on catch block at 0xc3 in for 0xa9
03-12 21:47:34.992 20003 20003 E ArmVmp : Match on catch block at 0xc3 in for 0xa5
03-12 21:47:34.996 20003 20003 E ArmVmp : Match on catch block at 0xc3 in for 0xa9
03-12 21:47:35.016 20003 20003 E ArmVmp : Match on catch block at 0xc3 in for 0xa5
03-12 21:47:35.020 20003 20003 E ArmVmp : Match on catch block at 0xc3 in for 0xa9
03-12 21:47:35.041 20003 20003 E ArmVmp : Match on catch block at 0xc3 in for 0xa5
03-12 21:47:35.045 20003 20003 E ArmVmp : Match on catch block at 0xc3 in for 0xa9
03-12 21:47:35.069 20003 20003 E ArmVmp : Match on catch block at 0xc3 in for 0xa5
03-12 21:47:35.073 20003 20003 E ArmVmp : Match on catch block at 0xc3 in for 0xa9
03-12 21:47:35.093 20003 20003 E ArmVmp : Match on catch block at 0xc3 in for 0xa5
03-12 21:47:35.098 20003 20003 E ArmVmp : Match on catch block at 0xc3 in for 0xa9
03-12 21:47:35.117 20003 20003 E ArmVmp : Match on catch block at 0xc3 in for 0xa5
03-12 21:47:35.121 20003 20003 E ArmVmp : Match on catch block at 0xc3 in for 0xa9
03-12 21:47:35.141 20003 20003 E ArmVmp : Match on catch block at 0xc3 in for 0xa5
03-12 21:47:35.145 20003 20003 E ArmVmp : Match on catch block at 0xc3 in for 0xa9
03-12 21:47:35.166 20003 20003 E ArmVmp : Match on catch block at 0xc3 in for 0xa5
03-12 21:47:35.170 20003 20003 E ArmVmp : Match on catch block at 0xc3 in for 0xa9
03-12 21:47:35.191 20003 20003 E ArmVmp : Match on catch block at 0xc3 in for 0xa5
03-12 21:47:35.195 20003 20003 E ArmVmp : Match on catch block at 0xc3 in for 0xa9
03-12 21:47:35.235 20003 20003 E ArmVmp : Match on catch block at 0xc3 in for 0xa9
03-12 21:47:35.238 20003 20003 E ArmVmp : Match on catch block at 0xc3 in for 0xa1
03-12 21:47:35.301 20003 20003 E ArmVmp : Match on catch block at 0xc3 in for 0xa9
03-12 21:47:35.304 20003 20003 E ArmVmp : Match on catch block at 0xc3 in for 0xa1
03-12 21:47:35.318 20003 20003 E ArmVmp : Match on catch block at 0xc3 in for 0xa5
03-12 21:47:35.323 20003 20003 E ArmVmp : Match on catch block at 0xc3 in for 0xa9
03-12 21:47:35.336 20003 20003 E ArmVmp : Match on catch block at 0xc3 in for 0xa1
03-12 21:47:35.340 20003 20003 E ArmVmp : Match on catch block at 0xc3 in for 0xa5
03-12 21:47:35.361 20003 20003 E ArmVmp : Match on catch block at 0xc3 in for 0xa9
03-12 21:47:35.365 20003 20003 E ArmVmp : Match on catch block at 0xc3 in for 0xa1
03-12 21:47:35.388 20003 20003 E ArmVmp : Match on catch block at 0xc3 in for 0xa5
03-12 21:47:35.393 20003 20003 E ArmVmp : Match on catch block at 0xc3 in for 0xa9
03-12 21:47:35.414 20003 20003 E ArmVmp : Match on catch block at 0xc3 in for 0xa5
03-12 21:47:35.418 20003 20003 E ArmVmp : Match on catch block at 0xc3 in for 0xa9
03-12 21:47:35.655 20003 20003 E ArmVmp : Match on catch block at 0xc3 in for 0xa9
03-12 21:47:35.661 20003 20003 E ArmVmp : Match on catch block at 0xc3 in for 0xa1
03-12 21:47:36.058 20003 20003 E ArmVmp : Match on catch block at 0xc3 in for 0xa1
03-12 21:47:36.064 20003 20003 E ArmVmp : Match on catch block at 0xc3 in for 0xa5
03-12 21:47:36.073 20003 20003 E ArmVmp : Match on catch block at 0xc3 in for 0xa5
03-12 21:47:36.078 20003 20003 E ArmVmp : Match on catch block at 0xc3 in for 0xa9
03-12 21:47:36.093 20003 20003 E ArmVmp : Match on catch block at 0xc3 in for 0xa9
03-12 21:47:36.099 20003 20003 E ArmVmp : Match on catch block at 0xc3 in for 0xa1
03-12 21:47:36.117 20003 20003 E ArmVmp : Match on catch block at 0xc3 in for 0xa1
03-12 21:47:36.121 20003 20003 E ArmVmp : Match on catch block at 0xc3 in for 0xa5
03-12 21:47:36.140 20003 20003 E ArmVmp : Match on catch block at 0xc3 in for 0xa5
03-12 21:47:36.144 20003 20003 E ArmVmp : Match on catch block at 0xc3 in for 0xa9
03-12 21:47:36.161 20003 20003 E ArmVmp : Match on catch block at 0xc3 in for 0xa9
03-12 21:47:36.166 20003 20003 E ArmVmp : Match on catch block at 0xc3 in for 0xa1
03-12 21:47:36.184 20003 20003 E ArmVmp : Match on catch block at 0xc3 in for 0xa1
03-12 21:47:36.188 20003 20003 E ArmVmp : Match on catch block at 0xc3 in for 0xa5
03-12 21:47:36.207 20003 20003 E ArmVmp : Match on catch block at 0xc3 in for 0xa5
03-12 21:47:36.212 20003 20003 E ArmVmp : Match on catch block at 0xc3 in for 0xa9
03-12 21:47:36.230 20003 20003 E ArmVmp : Match on catch block at 0xc3 in for 0xa9
03-12 21:47:36.235 20003 20003 E ArmVmp : Match on catch block at 0xc3 in for 0xa1
03-12 21:47:36.257 20003 20003 E ArmVmp : Match on catch block at 0xc3 in for 0xa1
03-12 21:47:36.262 20003 20003 E ArmVmp : Match on catch block at 0xc3 in for 0xa5
03-12 21:47:36.281 20003 20003 E ArmVmp : Match on catch block at 0xc3 in for 0xa5
03-12 21:47:36.285 20003 20003 E ArmVmp : Match on catch block at 0xc3 in for 0xa9
03-12 21:47:36.304 20003 20003 E ArmVmp : Match on catch block at 0xc3 in for 0xa9
03-12 21:47:36.308 20003 20003 E ArmVmp : Match on catch block at 0xc3 in for 0xa1
03-12 21:47:36.328 20003 20003 E ArmVmp : Match on catch block at 0xc3 in for 0xa1
03-12 21:47:36.332 20003 20003 E ArmVmp : Match on catch block at 0xc3 in for 0xa5
03-12 21:47:36.677 20003 20003 E ArmVmp : Match on catch block at 0xc3 in for 0xa5
03-12 21:47:36.682 20003 20003 E ArmVmp : Match on catch block at 0xc3 in for 0xa9
03-12 21:47:37.183 20003 20003 E ArmVmp : Match on catch block at 0xc3 in for 0xa9
03-12 21:47:37.188 20003 20003 E ArmVmp : Match on catch block at 0xc3 in for 0xa1
03-12 21:47:37.668 20003 20003 E ArmVmp : Match on catch block at 0xc3 in for 0xa1
03-12 21:47:37.672 20003 20003 E ArmVmp : Match on catch block at 0xc3 in for 0xa5
03-12 21:47:38.175 20003 20003 E ArmVmp : Match on catch block at 0xc3 in for 0xa5
03-12 21:47:38.181 20003 20003 E ArmVmp : Match on catch block at 0xc3 in for 0xa9
03-12 21:47:38.411 20003 20003 E ArmVmp : Match on catch block at 0xc3 in for 0xa1
03-12 21:47:38.414 20003 20003 E ArmVmp : Match on catch block at 0xc3 in for 0xa5
03-12 21:47:38.479 20003 20003 E ArmVmp : Match on catch block at 0xc3 in for 0xa9
03-12 21:47:38.481 20003 20003 E ArmVmp : Match on catch block at 0xc3 in for 0xa1
03-12 21:47:38.722 20003 20003 E ArmVmp : Match on catch block at 0xc3 in for 0xa5
03-12 21:47:38.726 20003 20003 E ArmVmp : Match on catch block at 0xc3 in for 0xa9
03-12 21:47:38.840 20003 20003 E ArmVmp : Match on catch block at 0xc3 in for 0xa1
03-12 21:47:38.844 20003 20003 E ArmVmp : Match on catch block at 0xc3 in for 0xa5
03-12 21:47:40.206 20003 20003 E Parcel : Reading a NULL string not supported
here.
03-12 21:47:40.269 20003 20583 E libEGL : Invalid file path for libcolorx-
loader.so
03-12 21:47:40.346 20003 20003 E libEGL : Invalid file path for libcolorx-
loader.so
03-12 21:47:40.347 20003 20003 E libEGL : Invalid file path for libcolorx-
loader.so
03-12 21:47:40.520 20003 20003 W BottomSheetBehavior: BottomSheetBehavior now
supports multiple callbacks. `setBottomSheetCallback()` removes all existing
callbacks, including ones set internally by library authors, which may result in
unintended behavior. This may change in the future. Please use
`addBottomSheetCallback()` and `removeBottomSheetCallback()` instead to set your
own callbacks.
03-12 21:47:40.520 20003 20003 W BottomSheetBehavior: BottomSheetBehavior now
supports multiple callbacks. `setBottomSheetCallback()` removes all existing
callbacks, including ones set internally by library authors, which may result in
unintended behavior. This may change in the future. Please use
`addBottomSheetCallback()` and `removeBottomSheetCallback()` instead to set your
own callbacks.
03-12 21:47:40.690 20003 20003 W BottomSheetBehavior: BottomSheetBehavior now
supports multiple callbacks. `setBottomSheetCallback()` removes all existing
callbacks, including ones set internally by library authors, which may result in
unintended behavior. This may change in the future. Please use
`addBottomSheetCallback()` and `removeBottomSheetCallback()` instead to set your
own callbacks.
03-12 21:47:40.690 20003 20003 W BottomSheetBehavior: BottomSheetBehavior now
supports multiple callbacks. `setBottomSheetCallback()` removes all existing
callbacks, including ones set internally by library authors, which may result in
unintended behavior. This may change in the future. Please use
`addBottomSheetCallback()` and `removeBottomSheetCallback()` instead to set your
own callbacks.
03-12 21:47:40.721 20003 20003 W BottomSheetBehavior: BottomSheetBehavior now
supports multiple callbacks. `setBottomSheetCallback()` removes all existing
callbacks, including ones set internally by library authors, which may result in
unintended behavior. This may change in the future. Please use
`addBottomSheetCallback()` and `removeBottomSheetCallback()` instead to set your
own callbacks.
03-12 21:47:40.722 20003 20003 W BottomSheetBehavior: BottomSheetBehavior now
supports multiple callbacks. `setBottomSheetCallback()` removes all existing
callbacks, including ones set internally by library authors, which may result in
unintended behavior. This may change in the future. Please use
`addBottomSheetCallback()` and `removeBottomSheetCallback()` instead to set your
own callbacks.
03-12 21:47:40.804 20003 20003 E RecyclerView: No adapter attached; skipping layout
03-12 21:47:41.412 20003 20593 W AudioCapabilities: Unsupported mime audio/ffmpeg
03-12 21:47:41.412 20003 20593 W AudioCapabilities: Unsupported mime audio/x-adpcm-
ms
03-12 21:47:41.412 20003 20593 W AudioCapabilities: Unsupported mime audio/x-adpcm-
dvi-ima
03-12 21:47:41.412 20003 20593 W AudioCapabilities: Unsupported mime audio/alac
03-12 21:47:41.412 20003 20593 W AudioCapabilities: Unsupported mime audio/ape
03-12 21:47:41.413 20003 20593 W AudioCapabilities: Unsupported mime audio/x-ms-wma
03-12 21:47:41.413 20003 20593 W VideoCapabilities: Unsupported mime video/ffmpeg
03-12 21:47:41.416 20003 20593 W VideoCapabilities: Unrecognized profile/level 1/32
for video/mp4v-es
03-12 21:47:41.416 20003 20593 W VideoCapabilities: Unrecognized profile/level
32768/2 for video/mp4v-es
03-12 21:47:41.416 20003 20593 W VideoCapabilities: Unrecognized profile/level
32768/64 for video/mp4v-es
03-12 21:47:41.417 20003 20593 W VideoCapabilities: Unsupported mime video/x-ms-wmv
03-12 21:47:41.418 20003 20593 W VideoCapabilities: Unrecognized profile/level 1/32
for video/mp4v-es
03-12 21:47:41.437 20003 20593 E Parcel : Reading a NULL string not supported
here.
03-12 21:47:41.487 20003 20626 E OplusACodec: [GetVideoCodingTypeFromMime:L709]
mime:video/avc
03-12 21:47:41.489 20003 20626 E MtkACodecExt: setConfig(OMX_CONFIG_ROTATIONTYPE)
returned error 0xfffffc0e
03-12 21:47:41.489 20003 20626 E ACodec : [OMX.MTK.VIDEO.DECODER.AVC] failed to
setViLTEParameters 1
03-12 21:47:41.587 20003 20633 W Codec2Client: query -- param skipped: index =
1107298332.
03-12 21:47:41.587 20003 20633 W CCodec : This behavior is subject to change. It
is recommended that app developers double check whether the requested max input
size is in reasonable range.
03-12 21:47:41.601 20003 20633 W Codec2Client: query -- param skipped: index =
1342179345.
03-12 21:47:41.602 20003 20633 W Codec2Client: query -- param skipped: index =
2415921170.
03-12 21:47:41.602 20003 20633 W Codec2Client: query -- param skipped: index =
1610614798.
03-12 21:47:41.604 20003 20633 E FMQ : grantorIdx must be less than 3
03-12 21:47:41.604 20003 20633 E FMQ : grantorIdx must be less than 3
03-12 21:47:41.609 20003 20633 E FMQ : grantorIdx must be less than 3
03-12 21:47:41.621 20003 20628 E FMQ : grantorIdx must be less than 3
03-12 21:47:47.556 20003 20003 E Parcel : Reading a NULL string not supported
here.
03-12 21:47:47.634 20003 20675 E libEGL : Invalid file path for libcolorx-
loader.so
03-12 21:47:47.848 20003 20003 W SoundPool: Use of stream types is deprecated for
operations other than volume control
03-12 21:47:47.848 20003 20003 W SoundPool: See the documentation of SoundPool()
for what to use instead with android.media.AudioAttributes to qualify your playback
use case
03-12 21:47:47.883 20003 20679 W Codec2Client: query -- param skipped: index =
1107298332.
03-12 21:47:47.883 20003 20678 W Codec2Client: query -- param skipped: index =
1107298332.
03-12 21:47:47.884 20003 20679 W Codec2Client: query -- param skipped: index =
1342179345.
03-12 21:47:47.884 20003 20678 W Codec2Client: query -- param skipped: index =
1342179345.
03-12 21:47:47.884 20003 20679 W Codec2Client: query -- param skipped: index =
2415921170.
03-12 21:47:47.884 20003 20678 W Codec2Client: query -- param skipped: index =
2415921170.
03-12 21:47:47.887 20003 20678 E FMQ : grantorIdx must be less than 3
03-12 21:47:47.887 20003 20678 E FMQ : grantorIdx must be less than 3
03-12 21:47:47.888 20003 20679 E FMQ : grantorIdx must be less than 3
03-12 21:47:47.888 20003 20679 E FMQ : grantorIdx must be less than 3
03-12 21:47:47.892 20003 20679 E FMQ : grantorIdx must be less than 3
03-12 21:47:47.895 20003 20678 E FMQ : grantorIdx must be less than 3
03-12 21:47:47.898 20003 20003 W BottomSheetBehavior: BottomSheetBehavior now
supports multiple callbacks. `setBottomSheetCallback()` removes all existing
callbacks, including ones set internally by library authors, which may result in
unintended behavior. This may change in the future. Please use
`addBottomSheetCallback()` and `removeBottomSheetCallback()` instead to set your
own callbacks.
03-12 21:47:47.904 20003 20628 E FMQ : grantorIdx must be less than 3
03-12 21:47:47.907 20003 20628 E FMQ : grantorIdx must be less than 3
03-12 21:47:47.932 20003 20003 E libEGL : Invalid file path for libcolorx-
loader.so
03-12 21:47:47.933 20003 20003 E libEGL : Invalid file path for libcolorx-
loader.so
03-12 21:47:47.960 20003 20685 W Codec2Client: query -- param skipped: index =
1107298332.
03-12 21:47:47.961 20003 20685 W Codec2Client: query -- param skipped: index =
1342179345.
03-12 21:47:47.961 20003 20685 W Codec2Client: query -- param skipped: index =
2415921170.
03-12 21:47:47.962 20003 20685 E FMQ : grantorIdx must be less than 3
03-12 21:47:47.962 20003 20685 E FMQ : grantorIdx must be less than 3
03-12 21:47:47.968 20003 20685 E FMQ : grantorIdx must be less than 3
03-12 21:47:47.968 20003 20689 W Codec2Client: query -- param skipped: index =
1107298332.
03-12 21:47:47.969 20003 20689 W Codec2Client: query -- param skipped: index =
1342179345.
03-12 21:47:47.969 20003 20689 W Codec2Client: query -- param skipped: index =
2415921170.
03-12 21:47:47.970 20003 20689 E FMQ : grantorIdx must be less than 3
03-12 21:47:47.970 20003 20689 E FMQ : grantorIdx must be less than 3
03-12 21:47:47.976 20003 20689 E FMQ : grantorIdx must be less than 3
03-12 21:47:47.978 20003 20628 E FMQ : grantorIdx must be less than 3
03-12 21:47:47.990 20003 20628 E FMQ : grantorIdx must be less than 3
03-12 21:47:48.078 20003 20692 W Codec2Client: query -- param skipped: index =
1107298332.
03-12 21:47:48.079 20003 20692 W Codec2Client: query -- param skipped: index =
1342179345.
03-12 21:47:48.079 20003 20692 W Codec2Client: query -- param skipped: index =
2415921170.
03-12 21:47:48.080 20003 20692 E FMQ : grantorIdx must be less than 3
03-12 21:47:48.080 20003 20692 E FMQ : grantorIdx must be less than 3
03-12 21:47:48.086 20003 20692 E FMQ : grantorIdx must be less than 3
03-12 21:47:48.099 20003 20628 E FMQ : grantorIdx must be less than 3
03-12 21:47:48.138 20003 20696 W Codec2Client: query -- param skipped: index =
1107298332.
03-12 21:47:48.143 20003 20696 W Codec2Client: query -- param skipped: index =
1342179345.
03-12 21:47:48.143 20003 20696 W Codec2Client: query -- param skipped: index =
2415921170.
03-12 21:47:48.144 20003 20696 E FMQ : grantorIdx must be less than 3
03-12 21:47:48.144 20003 20696 E FMQ : grantorIdx must be less than 3
03-12 21:47:48.148 20003 20696 E FMQ : grantorIdx must be less than 3
03-12 21:47:48.167 20003 20628 E FMQ : grantorIdx must be less than 3
03-12 21:47:49.857 20003 20003 E Parcel : Reading a NULL string not supported
here.
03-12 21:47:49.896 20003 20147 E FrameEvents: updateAcquireFence: Did not find
frame.
03-12 21:47:49.933 20003 20702 E libEGL : Invalid file path for libcolorx-
loader.so
03-12 21:47:50.140 20003 20003 W ResourceType: Bad XML block: header size 18254 or
total size 169478669 is larger than data size 231
03-12 21:47:50.146 20003 20003 W ResourceType: Bad XML block: header size 18254 or
total size 169478669 is larger than data size 265
03-12 21:47:50.171 20003 20003 W ResourceType: Bad XML block: header size 18254 or
total size 169478669 is larger than data size 376
03-12 21:47:50.178 20003 20003 W ResourceType: Bad XML block: header size 18254 or
total size 169478669 is larger than data size 168
03-12 21:47:50.191 20003 20003 W ResourceType: Bad XML block: header size 18254 or
total size 169478669 is larger than data size 571
03-12 21:47:50.205 20003 20003 W ResourceType: Bad XML block: header size 18254 or
total size 169478669 is larger than data size 193
03-12 21:47:50.211 20003 20003 W ResourceType: Bad XML block: header size 18254 or
total size 169478669 is larger than data size 363
03-12 21:47:50.221 20003 20003 W ResourceType: Bad XML block: header size 18254 or
total size 169478669 is larger than data size 630
03-12 21:47:50.229 20003 20003 W ResourceType: Bad XML block: header size 18254 or
total size 169478669 is larger than data size 313
03-12 21:47:50.237 20003 20003 W ResourceType: Bad XML block: header size 18254 or
total size 169478669 is larger than data size 630
03-12 21:47:50.247 20003 20003 W ResourceType: Bad XML block: header size 18254 or
total size 169478669 is larger than data size 457
03-12 21:47:50.254 20003 20003 W ResourceType: Bad XML block: header size 18254 or
total size 169478669 is larger than data size 343
03-12 21:47:50.272 20003 20003 W ResourceType: Bad XML block: header size 18254 or
total size 169478669 is larger than data size 589
03-12 21:47:50.278 20003 20003 W ResourceType: Bad XML block: header size 18254 or
total size 169478669 is larger than data size 293
03-12 21:47:50.343 20003 20003 W ResourceType: Bad XML block: header size 18254 or
total size 169478669 is larger than data size 547
03-12 21:47:50.355 20003 20142 E Parcel : Reading a NULL string not supported
here.
03-12 21:47:50.408 20003 20142 E Parcel : Reading a NULL string not supported
here.
03-12 21:47:50.474 20003 20003 W ResourceType: Bad XML block: header size 18254 or
total size 169478669 is larger than data size 363
03-12 21:47:50.494 20003 20003 E libEGL : Invalid file path for libcolorx-
loader.so
03-12 21:47:50.495 20003 20003 E libEGL : Invalid file path for libcolorx-
loader.so
03-12 21:47:50.803 20003 20147 W RefBase : CallStack::getCurrentInternal not
linked, returning null
03-12 21:47:50.803 20003 20147 W RefBase : CallStack::logStackInternal not linked
03-12 21:47:50.804 20003 20147 W RefBase : CallStack::getCurrentInternal not
linked, returning null
03-12 21:47:50.804 20003 20147 W RefBase : CallStack::logStackInternal not linked
03-12 21:47:50.804 20003 20147 W RefBase : CallStack::getCurrentInternal not
linked, returning null
03-12 21:47:50.804 20003 20147 W RefBase : CallStack::logStackInternal not linked
03-12 21:47:50.805 20003 20147 W RefBase : CallStack::getCurrentInternal not
linked, returning null
03-12 21:47:50.805 20003 20147 W RefBase : CallStack::logStackInternal not linked
03-12 21:47:50.805 20003 20147 W RefBase : CallStack::getCurrentInternal not
linked, returning null
03-12 21:47:50.805 20003 20147 W RefBase : CallStack::logStackInternal not linked
03-12 21:47:50.806 20003 20147 W RefBase : CallStack::getCurrentInternal not
linked, returning null
03-12 21:47:50.806 20003 20147 W RefBase : CallStack::logStackInternal not linked
03-12 21:47:50.806 20003 20147 W RefBase : CallStack::getCurrentInternal not
linked, returning null
03-12 21:47:50.806 20003 20147 W RefBase : CallStack::logStackInternal not linked
03-12 21:47:50.807 20003 20147 W RefBase : CallStack::getCurrentInternal not
linked, returning null
03-12 21:47:50.807 20003 20147 W RefBase : CallStack::logStackInternal not linked
03-12 21:47:50.807 20003 20147 W RefBase : CallStack::getCurrentInternal not
linked, returning null
03-12 21:47:50.807 20003 20147 W RefBase : CallStack::logStackInternal not linked
03-12 21:47:50.807 20003 20147 W RefBase : CallStack::getCurrentInternal not
linked, returning null
03-12 21:47:50.807 20003 20147 W RefBase : CallStack::logStackInternal not linked
03-12 21:47:50.808 20003 20147 W RefBase : CallStack::getCurrentInternal not
linked, returning null
03-12 21:47:50.808 20003 20147 W RefBase : CallStack::logStackInternal not linked
03-12 21:47:50.808 20003 20147 W RefBase : CallStack::getCurrentInternal not
linked, returning null
03-12 21:47:50.808 20003 20147 W RefBase : CallStack::logStackInternal not linked
03-12 21:47:50.808 20003 20147 W RefBase : CallStack::getCurrentInternal not
linked, returning null
03-12 21:47:50.808 20003 20147 W RefBase : CallStack::logStackInternal not linked
03-12 21:47:50.809 20003 20147 W RefBase : CallStack::getCurrentInternal not
linked, returning null
03-12 21:47:50.809 20003 20147 W RefBase : CallStack::logStackInternal not linked
03-12 21:47:51.230 20003 20003 W ResourceType: Bad XML block: header size 18254 or
total size 169478669 is larger than data size 547
03-12 21:47:51.344 20003 20003 E libEGL : Invalid file path for libcolorx-
loader.so
03-12 21:47:51.345 20003 20003 E libEGL : Invalid file path for libcolorx-
loader.so
03-12 21:47:52.018 20003 20003 E libEGL : Invalid file path for libcolorx-
loader.so
03-12 21:47:52.019 20003 20003 E libEGL : Invalid file path for libcolorx-
loader.so
03-12 21:47:52.114 20003 20003 W ResourceType: Bad XML block: header size 18254 or
total size 169478669 is larger than data size 363
03-12 21:47:52.160 20003 20134 E Parcel : Reading a NULL string not supported
here.
03-12 21:47:52.189 20003 20134 E Parcel : Reading a NULL string not supported
here.
03-12 21:47:52.292 20003 20130 E SQLiteDatabase: Error inserting transferred=1
media_job_uuid=22992cde-b0d1-4967-b65f-da874250d8a3 transcoded=0 gif_attribution=0
first_scan_length=0 direct_path=/v/t62.7161-
24/20098995_1477859609466358_1664598522754258746_n.enc?ccb=11-
4&oh=01_AdR7JgaNtTzHlkjSDDCSvHqRWpcnnlM9LmhJJcmhEQT4-A&oe=6617C95C&_nc_sid=5e03e0
thumbnail_height_width_ratio=1.8113208 is_animated_sticker=0
file_hash=mMSVBho+1VKeKPBN7Fgn2pbXMP3NOwhBYc91uHay/0w=
file_path=Media/.Statuses/caa29981a62f4418a3d8d8380c36d510.mp4 file_size=3626315
partial_media_hash=null face_x=0 face_y=0 height=640 trim_to=0
media_key_timestamp=1710254716000 message_url=https://mmg.whatsapp.net/v/t62.7161-
24/20098995_1477859609466358_1664598522754258746_n.enc?ccb=11-
4&oh=01_AdR7JgaNtTzHlkjSDDCSvHqRWpcnnlM9LmhJJcmhEQT4-
A&oe=6617C95C&_nc_sid=5e03e0&mms3=true media_caption=null trim_from=0
mime_type=video/mp4 partial_media_enc_hash=null width=352 original_file_hash=null
has_streaming_sidecar=1 autotransfer_retry_enabled=1 media_upload_handle=null
message_row_id=16966 multicast_id=null
enc_file_hash=+oQ06R89ozPn6/qA5cmlHKZfvdhtAk1BwT+5pT3UId8= mute_video=0
page_count=0 first_scan_sidecar=null suspicious_content=0 file_length=3626315
media_name=null media_duration=26 chat_row_id=35 media_key=[B@89f4d13
03-12 21:47:52.292 20003 20130 E SQLiteDatabase:
android.database.sqlite.SQLiteConstraintException: UNIQUE constraint failed:
message_media.message_row_id (code 1555 SQLITE_CONSTRAINT_PRIMARYKEY)
03-12 21:47:52.292 20003 20130 E SQLiteDatabase: at
android.database.sqlite.SQLiteConnection.nativeExecuteForLastInsertedRowId(Native
Method)
03-12 21:47:52.292 20003 20130 E SQLiteDatabase: at
android.database.sqlite.SQLiteConnection.executeForLastInsertedRowId(SQLiteConnecti
on.java:948)
03-12 21:47:52.292 20003 20130 E SQLiteDatabase: at
android.database.sqlite.SQLiteSession.executeForLastInsertedRowId(SQLiteSession.jav
a:790)
03-12 21:47:52.292 20003 20130 E SQLiteDatabase: at
android.database.sqlite.SQLiteStatement.executeInsert(SQLiteStatement.java:88)
03-12 21:47:52.292 20003 20130 E SQLiteDatabase: at
android.database.sqlite.SQLiteDatabase.insertWithOnConflict(SQLiteDatabase.java:173
1)
03-12 21:47:52.292 20003 20130 E SQLiteDatabase: at
android.database.sqlite.SQLiteDatabase.insert(SQLiteDatabase.java:1600)
03-12 21:47:52.292 20003 20130 E SQLiteDatabase: at X.2tm.A08(Unknown
Source:6)
03-12 21:47:52.292 20003 20130 E SQLiteDatabase: at X.35Y.A07(Unknown
Source:212)
03-12 21:47:52.292 20003 20130 E SQLiteDatabase: at X.3QF.A14(Unknown
Source:470)
