0% found this document useful (0 votes)
34 views3,327 pages

Logcat

The document contains logcat output from an Android application. It shows errors related to loading classes, accessing hidden methods, and long message execution times causing app not responding (ANR) issues. Specifically: - Class loading errors occurred for classes like BtnBK and exceptions were thrown. - Attempts to access hidden methods on OpenSSLSocketImpl and AbstractConscryptSocket classes were denied. - A message took 3.5 seconds to execute, exceeding the threshold and causing an ANR issue. The blocked message was related to binding an application service.

Uploaded by

ibalb215
Copyright
© © All Rights Reserved
We take content rights seriously. If you suspect this is your content, claim it here.
Available Formats
Download as TXT, PDF, TXT or read online on Scribd
0% found this document useful (0 votes)
34 views3,327 pages

Logcat

The document contains logcat output from an Android application. It shows errors related to loading classes, accessing hidden methods, and long message execution times causing app not responding (ANR) issues. Specifically: - Class loading errors occurred for classes like BtnBK and exceptions were thrown. - Attempts to access hidden methods on OpenSSLSocketImpl and AbstractConscryptSocket classes were denied. - A message took 3.5 seconds to execute, exceeding the threshold and causing an ANR issue. The blocked message was related to binding an application service.

Uploaded by

ibalb215
Copyright
© © All Rights Reserved
We take content rights seriously. If you suspect this is your content, claim it here.
Available Formats
Download as TXT, PDF, TXT or read online on Scribd
You are on page 1/ 3327

--------- beginning of main

03-12 21:22:41.945 31397 31397 E com.mbwhatsapp: Unknown bits set in runtime_flags:


0x40000000
03-12 21:22:41.960 31397 31397 E com.mbwhatsapp: Not starting debugger since
process cannot load the jdwp agent.
03-12 21:22:41.976 31397 31397 E RefClass:
java.lang.reflect.InvocationTargetException
03-12 21:22:42.089 31397 31397 E libc : Access denied finding property
"ro.odm.prev.product.name"
03-12 21:22:42.564 31397 31397 W System.err: java.lang.ClassNotFoundException:
mbmodsd.mbmodsw.ui.views.btn.BtnBK
03-12 21:22:42.564 31397 31397 W System.err: at
java.lang.Runtime.nativeLoad(Native Method)
03-12 21:22:42.564 31397 31397 W System.err: at
java.lang.Runtime.nativeLoad(Runtime.java:1131)
03-12 21:22:42.564 31397 31397 W System.err: at
java.lang.Runtime.loadLibrary0(Runtime.java:1085)
03-12 21:22:42.564 31397 31397 W System.err: at
java.lang.Runtime.loadLibrary0(Runtime.java:1008)
03-12 21:22:42.564 31397 31397 W System.err: at
java.lang.System.loadLibrary(System.java:1664)
03-12 21:22:42.564 31397 31397 W System.err: at arm.EpicVm.<clinit>(Unknown
Source:2)
03-12 21:22:42.564 31397 31397 W System.err: at
java.lang.Class.newInstance(Native Method)
03-12 21:22:42.564 31397 31397 W System.err: at
android.app.AppComponentFactory.instantiateApplication(AppComponentFactory.java:76)
03-12 21:22:42.564 31397 31397 W System.err: at
androidx.core.app.CoreComponentFactory.instantiateApplication(Unknown Source:0)
03-12 21:22:42.564 31397 31397 W System.err: at
android.app.Instrumentation.newApplication(Instrumentation.java:1158)
03-12 21:22:42.564 31397 31397 W System.err: at
android.app.LoadedApk.makeApplication(LoadedApk.java:1324)
03-12 21:22:42.565 31397 31397 W System.err: at
android.app.ActivityThread.handleBindApplication(ActivityThread.java:7272)
03-12 21:22:42.565 31397 31397 W System.err: at
android.app.ActivityThread.access$1700(ActivityThread.java:309)
03-12 21:22:42.565 31397 31397 W System.err: at
android.app.ActivityThread$H.handleMessage(ActivityThread.java:2194)
03-12 21:22:42.565 31397 31397 W System.err: at
android.os.Handler.dispatchMessage(Handler.java:106)
03-12 21:22:42.565 31397 31397 W System.err: at
android.os.Looper.loop(Looper.java:264)
03-12 21:22:42.565 31397 31397 W System.err: at
android.app.ActivityThread.main(ActivityThread.java:8315)
03-12 21:22:42.565 31397 31397 W System.err: at
java.lang.reflect.Method.invoke(Native Method)
03-12 21:22:42.565 31397 31397 W System.err: at
com.android.internal.os.RuntimeInit$MethodAndArgsCaller.run(RuntimeInit.java:632)
03-12 21:22:42.565 31397 31397 W System.err: at
com.android.internal.os.ZygoteInit.main(ZygoteInit.java:1049)
03-12 21:22:42.798 31397 31397 E CustomActivityOnCrash: IMPORTANT WARNING! You
already have an UncaughtExceptionHandler, are you sure this is correct? If you use
a custom UncaughtExceptionHandler, you must initialize it AFTER
CustomActivityOnCrash! Installing anyway, but your original handler will not be
called.
03-12 21:22:44.499 31397 31397 W com.mbwhatsapp: Accessing hidden method
Lcom/android/org/conscrypt/OpenSSLSocketImpl;->setUseSessionTickets(Z)V (greylist-
max-q,test-api, reflection, denied)
03-12 21:22:44.500 31397 31397 W com.mbwhatsapp: Accessing hidden method
Lcom/android/org/conscrypt/AbstractConscryptSocket;->setUseSessionTickets(Z)V
(greylist-max-q, reflection, denied)
03-12 21:22:44.765 31397 31397 W linker : Warning:
"/data/data/com.mbwhatsapp/files/decompressed/libs.spk.zst/libc++_shared.so" unused
DT entry: unknown processor-specific (type 0x70000001 arg 0x0) (ignoring)
03-12 21:22:45.649 31397 31671 W com.mbwhatsapp: Class X.2rL failed lock
verification and will run slower.
03-12 21:22:45.649 31397 31671 W com.mbwhatsapp: Common causes for lock
verification issues are non-optimized dex code
03-12 21:22:45.649 31397 31671 W com.mbwhatsapp: and incorrect proguard
optimizations.
03-12 21:22:45.656 31397 31397 E ANR_LOG : >>> msg's executing time is too long
03-12 21:22:45.656 31397 31397 E ANR_LOG : Blocked msg = { when=-3s664ms what=110
target=android.app.ActivityThread$H obj=AppBindData{appInfo=ApplicationInfo{f16af23
com.mbwhatsapp}} } , cost = 3587 ms
03-12 21:22:45.656 31397 31397 E ANR_LOG : >>>Current msg List is:
03-12 21:22:45.656 31397 31397 E ANR_LOG : Current msg <1> = { when=-3s662ms
what=159 target=android.app.ActivityThread$H obj=ClientTransaction
LaunchActivityItem,ResumeActivityItem }
03-12 21:22:45.656 31397 31397 E ANR_LOG : Current msg <2> = { when=-3s660ms
what=159 target=android.app.ActivityThread$H obj=ClientTransaction
TopResumedActivityChangeItem, }
03-12 21:22:45.656 31397 31397 E ANR_LOG : Current msg <3> = { when=-3s595ms
what=114 target=android.app.ActivityThread$H
obj=CreateServiceData{token=android.os.BinderProxy@e176c20
className=com.mbwhatsapp.AlarmService packageName=com.mbwhatsapp intent=null} }
03-12 21:22:45.656 31397 31397 E ANR_LOG : Current msg <4> = { when=-3s595ms
what=121 target=android.app.ActivityThread$H
obj=BindServiceData{token=android.os.BinderProxy@e176c20 intent=Intent
{ cmp=com.mbwhatsapp/.AlarmService (has extras) }} }
03-12 21:22:45.656 31397 31397 E ANR_LOG : Current msg <5> = { when=-3s593ms
what=114 target=android.app.ActivityThread$H
obj=CreateServiceData{token=android.os.BinderProxy@3aaf9d9
className=com.mbwhatsapp.crash.upload.ExceptionsUploadService
packageName=com.mbwhatsapp intent=null} }
03-12 21:22:45.656 31397 31397 E ANR_LOG : Current msg <6> = { when=-3s593ms
what=121 target=android.app.ActivityThread$H
obj=BindServiceData{token=android.os.BinderProxy@3aaf9d9 intent=Intent
{ cmp=com.mbwhatsapp/.crash.upload.ExceptionsUploadService (has extras) }} }
03-12 21:22:45.657 31397 31397 E ANR_LOG : Current msg <7> = { when=-3s593ms
what=114 target=android.app.ActivityThread$H
obj=CreateServiceData{token=android.os.BinderProxy@ec2af9e
className=com.mbwhatsapp.push.RegistrationIntentService packageName=com.mbwhatsapp
intent=null} }
03-12 21:22:45.657 31397 31397 E ANR_LOG : Current msg <8> = { when=-3s592ms
what=121 target=android.app.ActivityThread$H
obj=BindServiceData{token=android.os.BinderProxy@ec2af9e intent=Intent
{ cmp=com.mbwhatsapp/.push.RegistrationIntentService (has extras) }} }
03-12 21:22:45.657 31397 31397 E ANR_LOG : Current msg <9> = { when=-3s590ms
what=113 target=android.app.ActivityThread$H obj=ReceiverData{intent=Intent
{ flg=0x80014 cmp=com.mbwhatsapp/.yo.autoschedreply.Receiver (has extras) }
packageName=com.mbwhatsapp resultCode=0 resultData=null resultExtras=null} }
03-12 21:22:45.657 31397 31397 E ANR_LOG : Current msg <10> = { when=-3s589ms
what=9999 target=android.app.ActivityThread$H }
03-12 21:22:45.657 31397 31397 E ANR_LOG : >>>CURRENT MSG DUMP OVER<<<
03-12 21:22:45.725 31397 31397 W com.mbwhatsapp: Class X.0eU failed lock
verification and will run slower.
03-12 21:22:45.735 31397 31684 E libEGL : Invalid file path for libcolorx-
loader.so
03-12 21:22:46.134 31397 31397 W com.mbwhatsapp: Verification of void
X.5pH.A1Z(android.os.Bundle) took 148.175ms (68385.18 bytecodes/s) (247944B
approximate peak alloc)
--------- beginning of system
03-12 21:22:47.457 31397 31397 E OplusCustomizeRestrictionManager: sInstance is
null, start a new sInstance
03-12 21:22:49.490 31397 31397 E ion : ioctl c0044901 failed with code -1:
Invalid argument
03-12 21:22:49.715 31397 31397 E libc : Access denied finding property
"vendor.debug.drm.logv"
03-12 21:22:49.715 31397 31397 E libc : Access denied finding property
"vendor.debug.drm.logv"
03-12 21:22:49.716 31397 31397 E libc : Access denied finding property
"vendor.debug.drm.logd"
03-12 21:22:49.716 31397 31397 E libc : Access denied finding property
"vendor.debug.drm.logv"
03-12 21:22:50.034 31397 31397 E ArmVmp : Match on catch block at 0x0a in for 0xc1
03-12 21:22:50.045 31397 31397 E ArmVmp : Match on catch block at 0x0a in for 0xc1
03-12 21:22:50.173 31397 31468 W System : ClassLoader referenced unknown path:
system/framework/mediatek-cta.jar
03-12 21:22:50.403 31397 31468 W System : ClassLoader referenced unknown path:
system/framework/mediatek-cta.jar
03-12 21:22:50.640 31397 31397 E libEGL : Invalid file path for libcolorx-
loader.so
03-12 21:22:50.643 31397 31397 E libEGL : Invalid file path for libcolorx-
loader.so
03-12 21:22:50.644 31397 31397 E libEGL : Invalid file path for libcolorx-
loader.so
03-12 21:22:50.648 31397 31397 E ANR_LOG : >>> msg's executing time is too long
03-12 21:22:50.649 31397 31397 E ANR_LOG : Blocked msg = { when=-8s656ms what=159
target=android.app.ActivityThread$H obj=ClientTransaction
LaunchActivityItem,ResumeActivityItem } , cost = 4992 ms
03-12 21:22:50.649 31397 31397 E ANR_LOG : >>>Current msg List is:
03-12 21:22:50.649 31397 31397 E ANR_LOG : Current msg <1> = { when=-8s654ms
what=159 target=android.app.ActivityThread$H obj=ClientTransaction
TopResumedActivityChangeItem, }
03-12 21:22:50.649 31397 31397 E ANR_LOG : Current msg <2> = { when=-8s589ms
what=114 target=android.app.ActivityThread$H
obj=CreateServiceData{token=android.os.BinderProxy@e176c20
className=com.mbwhatsapp.AlarmService packageName=com.mbwhatsapp intent=null} }
03-12 21:22:50.649 31397 31397 E ANR_LOG : Current msg <3> = { when=-8s589ms
what=121 target=android.app.ActivityThread$H
obj=BindServiceData{token=android.os.BinderProxy@e176c20 intent=Intent
{ cmp=com.mbwhatsapp/.AlarmService (has extras) }} }
03-12 21:22:50.649 31397 31397 E ANR_LOG : Current msg <4> = { when=-8s587ms
what=114 target=android.app.ActivityThread$H
obj=CreateServiceData{token=android.os.BinderProxy@3aaf9d9
className=com.mbwhatsapp.crash.upload.ExceptionsUploadService
packageName=com.mbwhatsapp intent=null} }
03-12 21:22:50.649 31397 31397 E ANR_LOG : Current msg <5> = { when=-8s587ms
what=121 target=android.app.ActivityThread$H
obj=BindServiceData{token=android.os.BinderProxy@3aaf9d9 intent=Intent
{ cmp=com.mbwhatsapp/.crash.upload.ExceptionsUploadService (has extras) }} }
03-12 21:22:50.649 31397 31397 E ANR_LOG : Current msg <6> = { when=-8s587ms
what=114 target=android.app.ActivityThread$H
obj=CreateServiceData{token=android.os.BinderProxy@ec2af9e
className=com.mbwhatsapp.push.RegistrationIntentService packageName=com.mbwhatsapp
intent=null} }
03-12 21:22:50.649 31397 31397 E ANR_LOG : Current msg <7> = { when=-8s586ms
what=121 target=android.app.ActivityThread$H
obj=BindServiceData{token=android.os.BinderProxy@ec2af9e intent=Intent
{ cmp=com.mbwhatsapp/.push.RegistrationIntentService (has extras) }} }
03-12 21:22:50.649 31397 31397 E ANR_LOG : Current msg <8> = { when=-8s584ms
what=113 target=android.app.ActivityThread$H obj=ReceiverData{intent=Intent
{ flg=0x80014 cmp=com.mbwhatsapp/.yo.autoschedreply.Receiver (has extras) }
packageName=com.mbwhatsapp resultCode=0 resultData=null resultExtras=null} }
03-12 21:22:50.649 31397 31397 E ANR_LOG : Current msg <9> = { when=-8s583ms
what=9999 target=android.app.ActivityThread$H }
03-12 21:22:50.649 31397 31397 E ANR_LOG : Current msg <10> = { when=-8s417ms
what=149 target=android.app.ActivityThread$H obj=android.os.BinderProxy@c9b1a7f }
03-12 21:22:50.649 31397 31397 E ANR_LOG : >>>CURRENT MSG DUMP OVER<<<
03-12 21:22:51.136 31397 31681 E libEGL : Invalid file path for libcolorx-
loader.so
03-12 21:22:51.355 31397 31681 E Parcel : Reading a NULL string not supported
here.
03-12 21:22:51.357 31397 31681 E Parcel : Reading a NULL string not supported
here.
03-12 21:22:51.408 31397 31681 E libEGL : Invalid file path for libcolorx-
loader.so
03-12 21:22:51.415 31397 31681 E libEGL : Invalid file path for libcolorx-
loader.so
03-12 21:22:53.071 31397 31417 W System : A resource failed to call close.
03-12 21:22:53.072 31397 31417 W System : A resource failed to call close.
03-12 21:22:53.128 31397 31397 E ArmVmp : Match on catch block at 0xc3 in for 0xb5
03-12 21:22:53.155 31397 31397 E ArmVmp : Match on catch block at 0xc3 in for 0xb5
03-12 21:22:53.162 31397 31397 E ArmVmp : Match on catch block at 0xc3 in for 0xb5
03-12 21:22:53.238 31397 31681 E ion : ioctl c0044901 failed with code -1:
Invalid argument
03-12 21:22:53.601 31397 31397 E ANR_LOG : >>> msg's executing time is too long
03-12 21:22:53.601 31397 31397 E ANR_LOG : Blocked msg = { when=-2s968ms what=0
target=android.view.Choreographer$FrameHandler
callback=android.view.Choreographer$FrameDisplayEventReceiver } , cost = 2648 ms
03-12 21:22:53.601 31397 31397 E ANR_LOG : >>>Current msg List is:
03-12 21:22:53.601 31397 31397 E ANR_LOG : Current msg <1> = { when=-1d9h42m48s34ms
what=0 target=android.view.ViewRootImpl$ViewRootHandler callback=android.view.-$
$Lambda$ViewRootImpl$DJd0VUYJgsebcnSohO6h8zc_ONI }
03-12 21:22:53.601 31397 31397 E ANR_LOG : Current msg <2> = { when=-1d9h42m48s34ms
what=0 target=android.os.Handler callback=X.3fq }
03-12 21:22:53.601 31397 31397 E ANR_LOG : Current msg <3> = { when=-1d9h42m48s34ms
what=0 target=android.os.Handler callback=X.3ef }
03-12 21:22:53.601 31397 31397 E ANR_LOG : Current msg <4> = { when=-2s648ms what=0
target=android.view.ViewRootImpl$ViewRootHandler callback=X.0jM }
03-12 21:22:53.601 31397 31397 E ANR_LOG : Current msg <5> = { when=-2s644ms what=0
target=android.view.ViewRootImpl$ViewRootHandler callback=X.5ur }
03-12 21:22:53.601 31397 31397 E ANR_LOG : Current msg <6> = { when=-2s564ms what=0
target=android.view.ViewRootImpl$ViewRootHandler callback=X.5uk }
03-12 21:22:53.601 31397 31397 E ANR_LOG : Current msg <7> = { when=-2s564ms what=0
target=android.view.ViewRootImpl$ViewRootHandler callback=X.5uA }
03-12 21:22:53.601 31397 31397 E ANR_LOG : Current msg <8> = { when=-2s555ms what=0
target=android.view.ViewRootImpl$ViewRootHandler callback=X.0jO }
03-12 21:22:53.601 31397 31397 E ANR_LOG : Current msg <9> = { when=-2s554ms what=0
target=android.view.ViewRootImpl$ViewRootHandler
callback=mbmodsd.mbmodsw.mbutils.convo.Conversation$6 }
03-12 21:22:53.601 31397 31397 E ANR_LOG : Current msg <10> = { when=-2s428ms
what=0 target=android.os.Handler callback=X.0lO }
03-12 21:22:53.601 31397 31397 E ANR_LOG : >>>CURRENT MSG DUMP OVER<<<
03-12 21:22:53.868 31397 31397 E ArmVmp : Match on catch block at 0xc3 in for 0xa1
03-12 21:22:53.877 31397 31397 E ArmVmp : Match on catch block at 0xc3 in for 0xa9
03-12 21:22:53.883 31397 31397 E ArmVmp : Match on catch block at 0xc3 in for 0xa9
03-12 21:22:53.905 31397 31397 E ScreenmodeClient: display mode not support
03-12 21:22:54.186 31397 31397 E ArmVmp : Match on catch block at 0xc3 in for 0xa5
03-12 21:22:54.192 31397 31397 E ArmVmp : Match on catch block at 0xc3 in for 0xa9
03-12 21:22:54.196 31397 31397 E ArmVmp : Match on catch block at 0xc3 in for 0xa9
03-12 21:22:54.367 31397 31397 E ArmVmp : Match on catch block at 0xc3 in for 0xa9
03-12 21:22:54.375 31397 31397 E ArmVmp : Match on catch block at 0xc3 in for 0xa1
03-12 21:22:54.380 31397 31397 E ArmVmp : Match on catch block at 0xc3 in for 0xa1
03-12 21:22:54.445 31397 31397 E ArmVmp : Match on catch block at 0xc3 in for 0xa5
03-12 21:22:54.452 31397 31397 E ArmVmp : Match on catch block at 0xc3 in for 0xa9
03-12 21:22:54.456 31397 31397 E ArmVmp : Match on catch block at 0xc3 in for 0xa9
03-12 21:22:54.529 31397 31397 E ArmVmp : Match on catch block at 0xc3 in for 0xa5
03-12 21:22:54.535 31397 31397 E ArmVmp : Match on catch block at 0xc3 in for 0xa9
03-12 21:22:54.539 31397 31397 E ArmVmp : Match on catch block at 0xc3 in for 0xa9
03-12 21:22:54.563 31397 31397 E ArmVmp : Match on catch block at 0xc3 in for 0xa1
03-12 21:22:54.569 31397 31397 E ArmVmp : Match on catch block at 0xc3 in for 0xa5
03-12 21:22:54.573 31397 31397 E ArmVmp : Match on catch block at 0xc3 in for 0xa5
03-12 21:22:54.596 31397 31397 E ArmVmp : Match on catch block at 0xc3 in for 0xa9
03-12 21:22:54.601 31397 31397 E ArmVmp : Match on catch block at 0xc3 in for 0xa1
03-12 21:22:54.612 31397 31397 E ArmVmp : Match on catch block at 0xc3 in for 0xa1
03-12 21:22:54.663 31397 31397 E ArmVmp : Match on catch block at 0xc3 in for 0xa5
03-12 21:22:54.672 31397 31397 E ArmVmp : Match on catch block at 0xc3 in for 0xa9
03-12 21:22:54.678 31397 31397 E ArmVmp : Match on catch block at 0xc3 in for 0xa9
03-12 21:22:54.730 31397 31397 E ArmVmp : Match on catch block at 0xc3 in for 0xa1
03-12 21:22:54.762 31397 31397 E ArmVmp : Match on catch block at 0xc3 in for 0xa5
03-12 21:22:54.766 31397 31397 E ArmVmp : Match on catch block at 0xc3 in for 0xa5
03-12 21:22:54.797 31397 31397 E ArmVmp : Match on catch block at 0xc3 in for 0xa9
03-12 21:22:54.802 31397 31397 E ArmVmp : Match on catch block at 0xc3 in for 0xa1
03-12 21:22:54.807 31397 31397 E ArmVmp : Match on catch block at 0xc3 in for 0xa1
03-12 21:22:54.864 31397 31397 E ArmVmp : Match on catch block at 0xc3 in for 0xa5
03-12 21:22:54.874 31397 31397 E ArmVmp : Match on catch block at 0xc3 in for 0xa9
03-12 21:22:54.888 31397 31397 E ArmVmp : Match on catch block at 0xc3 in for 0xa9
03-12 21:22:54.931 31397 31397 E ArmVmp : Match on catch block at 0xc3 in for 0xa1
03-12 21:22:54.942 31397 31397 E ArmVmp : Match on catch block at 0xc3 in for 0xa5
03-12 21:22:54.946 31397 31397 E ArmVmp : Match on catch block at 0xc3 in for 0xa5
03-12 21:22:54.998 31397 31397 E ArmVmp : Match on catch block at 0xc3 in for 0xa9
03-12 21:22:55.004 31397 31397 E ArmVmp : Match on catch block at 0xc3 in for 0xa1
03-12 21:22:55.008 31397 31397 E ArmVmp : Match on catch block at 0xc3 in for 0xa1
03-12 21:22:55.082 31397 31397 E ArmVmp : Match on catch block at 0xc3 in for 0xa5
03-12 21:22:55.087 31397 31397 E ArmVmp : Match on catch block at 0xc3 in for 0xa9
03-12 21:22:55.091 31397 31397 E ArmVmp : Match on catch block at 0xc3 in for 0xa9
03-12 21:22:55.217 31397 31397 E ArmVmp : Match on catch block at 0xc3 in for 0xa9
03-12 21:22:55.224 31397 31397 E ArmVmp : Match on catch block at 0xc3 in for 0xa1
03-12 21:22:55.231 31397 31397 E ArmVmp : Match on catch block at 0xc3 in for 0xa1
03-12 21:22:55.280 31397 31397 E ArmVmp : Match on catch block at 0xc3 in for 0xa9
03-12 21:22:55.285 31397 31397 E ArmVmp : Match on catch block at 0xc3 in for 0xa1
03-12 21:22:55.289 31397 31397 E ArmVmp : Match on catch block at 0xc3 in for 0xa1
03-12 21:22:55.334 31397 31397 E ArmVmp : Match on catch block at 0xc3 in for 0xa5
03-12 21:22:55.340 31397 31397 E ArmVmp : Match on catch block at 0xc3 in for 0xa9
03-12 21:22:55.344 31397 31397 E ArmVmp : Match on catch block at 0xc3 in for 0xa9
03-12 21:22:55.384 31397 31397 E ArmVmp : Match on catch block at 0xc3 in for 0xa1
03-12 21:22:55.391 31397 31397 E ArmVmp : Match on catch block at 0xc3 in for 0xa5
03-12 21:22:55.395 31397 31397 E ArmVmp : Match on catch block at 0xc3 in for 0xa5
03-12 21:22:55.469 31397 31397 E ArmVmp : Match on catch block at 0xc3 in for 0xa9
03-12 21:22:55.476 31397 31397 E ArmVmp : Match on catch block at 0xc3 in for 0xa1
03-12 21:22:55.482 31397 31397 E ArmVmp : Match on catch block at 0xc3 in for 0xa1
03-12 21:22:55.586 31397 31397 E ArmVmp : Match on catch block at 0xc3 in for 0xa5
03-12 21:22:55.591 31397 31397 E ArmVmp : Match on catch block at 0xc3 in for 0xa9
03-12 21:22:55.595 31397 31397 E ArmVmp : Match on catch block at 0xc3 in for 0xa9
03-12 21:22:55.653 31397 31397 E ArmVmp : Match on catch block at 0xc3 in for 0xa1
03-12 21:22:55.660 31397 31397 E ArmVmp : Match on catch block at 0xc3 in for 0xa5
03-12 21:22:55.665 31397 31397 E ArmVmp : Match on catch block at 0xc3 in for 0xa5
03-12 21:22:55.720 31397 31397 E ArmVmp : Match on catch block at 0xc3 in for 0xa9
03-12 21:22:55.725 31397 31397 E ArmVmp : Match on catch block at 0xc3 in for 0xa1
03-12 21:22:55.729 31397 31397 E ArmVmp : Match on catch block at 0xc3 in for 0xa1
03-12 21:22:55.788 31397 31397 E ArmVmp : Match on catch block at 0xc3 in for 0xa5
03-12 21:22:55.793 31397 31397 E ArmVmp : Match on catch block at 0xc3 in for 0xa9
03-12 21:22:55.801 31397 31397 E ArmVmp : Match on catch block at 0xc3 in for 0xa9
03-12 21:22:55.855 31397 31397 E ArmVmp : Match on catch block at 0xc3 in for 0xa1
03-12 21:22:55.862 31397 31397 E ArmVmp : Match on catch block at 0xc3 in for 0xa5
03-12 21:22:55.866 31397 31397 E ArmVmp : Match on catch block at 0xc3 in for 0xa5
03-12 21:22:55.922 31397 31397 E ArmVmp : Match on catch block at 0xc3 in for 0xa9
03-12 21:22:55.927 31397 31397 E ArmVmp : Match on catch block at 0xc3 in for 0xa1
03-12 21:22:55.942 31397 31397 E ArmVmp : Match on catch block at 0xc3 in for 0xa1
03-12 21:22:55.989 31397 31397 E ArmVmp : Match on catch block at 0xc3 in for 0xa5
03-12 21:22:56.000 31397 31397 E ArmVmp : Match on catch block at 0xc3 in for 0xa9
03-12 21:22:56.008 31397 31397 E ArmVmp : Match on catch block at 0xc3 in for 0xa9
03-12 21:22:56.056 31397 31397 E ArmVmp : Match on catch block at 0xc3 in for 0xa1
03-12 21:22:56.061 31397 31397 E ArmVmp : Match on catch block at 0xc3 in for 0xa5
03-12 21:22:56.065 31397 31397 E ArmVmp : Match on catch block at 0xc3 in for 0xa5
03-12 21:22:56.089 31397 31397 E ArmVmp : Match on catch block at 0xc3 in for 0xa9
03-12 21:22:56.144 31397 31397 E ArmVmp : Match on catch block at 0xc3 in for 0xa1
03-12 21:22:56.156 31397 31397 E ArmVmp : Match on catch block at 0xc3 in for 0xa1
03-12 21:22:56.190 31397 31397 E ArmVmp : Match on catch block at 0xc3 in for 0xa5
03-12 21:22:56.202 31397 31397 E ArmVmp : Match on catch block at 0xc3 in for 0xa9
03-12 21:22:56.210 31397 31397 E ArmVmp : Match on catch block at 0xc3 in for 0xa9
03-12 21:22:56.273 31397 31397 E Parcel : Reading a NULL string not supported
here.
03-12 21:22:56.351 31397 31417 W System : A resource failed to call close.
03-12 21:22:56.351 31397 31417 W System : A resource failed to call close.
03-12 21:22:56.475 31397 31397 E ArmVmp : Match on catch block at 0xc3 in for 0xa5
03-12 21:22:56.491 31397 31397 E ArmVmp : Match on catch block at 0xc3 in for 0xa9
03-12 21:22:56.503 31397 31397 E ArmVmp : Match on catch block at 0xc3 in for 0xa9
03-12 21:22:57.054 31397 31397 E ArmVmp : Match on catch block at 0xc3 in for 0xa1
03-12 21:22:57.061 31397 31397 E ArmVmp : Match on catch block at 0xc3 in for 0xa5
03-12 21:22:57.066 31397 31397 E ArmVmp : Match on catch block at 0xc3 in for 0xa5
03-12 21:22:57.127 31397 32217 E libEGL : Invalid file path for libcolorx-
loader.so
03-12 21:22:57.398 31397 31397 E libEGL : Invalid file path for libcolorx-
loader.so
03-12 21:22:57.399 31397 31397 E libEGL : Invalid file path for libcolorx-
loader.so
03-12 21:22:57.415 31397 31397 E ArmVmp : Match on catch block at 0xc3 in for 0xa1
03-12 21:22:57.425 31397 31397 E ArmVmp : Match on catch block at 0xc3 in for 0xa5
03-12 21:22:57.431 31397 31397 E ArmVmp : Match on catch block at 0xc3 in for 0xa5
03-12 21:22:57.735 31397 31397 E ArmVmp : Match on catch block at 0xc3 in for 0xa9
03-12 21:22:57.742 31397 31397 E ArmVmp : Match on catch block at 0xc3 in for 0xa1
03-12 21:22:57.769 31397 31397 E ArmVmp : Match on catch block at 0xc3 in for 0xa1
03-12 21:22:58.033 31397 31397 E ArmVmp : Match on catch block at 0xc3 in for 0xa9
03-12 21:22:58.040 31397 31397 E ArmVmp : Match on catch block at 0xc3 in for 0xa1
03-12 21:22:58.044 31397 31397 E ArmVmp : Match on catch block at 0xc3 in for 0xa1
03-12 21:22:58.089 31397 31397 E ArmVmp : Match on catch block at 0xc3 in for 0xa9
03-12 21:22:58.096 31397 31397 E ArmVmp : Match on catch block at 0xc3 in for 0xa1
03-12 21:22:58.105 31397 31397 E ArmVmp : Match on catch block at 0xc3 in for 0xa1
03-12 21:22:58.150 31397 31397 E ArmVmp : Match on catch block at 0xc3 in for 0xa5
03-12 21:22:58.155 31397 31397 E ArmVmp : Match on catch block at 0xc3 in for 0xa9
03-12 21:22:58.159 31397 31397 E ArmVmp : Match on catch block at 0xc3 in for 0xa9
03-12 21:22:58.307 31397 31397 E ArmVmp : Match on catch block at 0xc3 in for 0xa1
03-12 21:22:58.317 31397 31397 E ArmVmp : Match on catch block at 0xc3 in for 0xa5
03-12 21:22:58.323 31397 31397 E ArmVmp : Match on catch block at 0xc3 in for 0xa5
03-12 21:22:58.372 31397 31397 E ArmVmp : Match on catch block at 0xc3 in for 0xa9
03-12 21:22:58.383 31397 31397 E ArmVmp : Match on catch block at 0xc3 in for 0xa1
03-12 21:22:58.387 31397 31397 E ArmVmp : Match on catch block at 0xc3 in for 0xa1
03-12 21:22:58.439 31397 31397 E ArmVmp : Match on catch block at 0xc3 in for 0xa5
03-12 21:22:58.445 31397 31397 E ArmVmp : Match on catch block at 0xc3 in for 0xa9
03-12 21:22:58.452 31397 31397 E ArmVmp : Match on catch block at 0xc3 in for 0xa9
03-12 21:22:58.507 31397 31397 E ArmVmp : Match on catch block at 0xc3 in for 0xa1
03-12 21:22:58.511 31397 31397 E ArmVmp : Match on catch block at 0xc3 in for 0xa5
03-12 21:22:58.516 31397 31397 E ArmVmp : Match on catch block at 0xc3 in for 0xa5
03-12 21:22:58.574 31397 31397 E ArmVmp : Match on catch block at 0xc3 in for 0xa9
03-12 21:22:58.579 31397 31397 E ArmVmp : Match on catch block at 0xc3 in for 0xa1
03-12 21:22:58.583 31397 31397 E ArmVmp : Match on catch block at 0xc3 in for 0xa1
03-12 21:22:58.641 31397 31397 E ArmVmp : Match on catch block at 0xc3 in for 0xa5
03-12 21:22:58.645 31397 31397 E ArmVmp : Match on catch block at 0xc3 in for 0xa9
03-12 21:22:58.649 31397 31397 E ArmVmp : Match on catch block at 0xc3 in for 0xa9
03-12 21:22:58.708 31397 31397 E ArmVmp : Match on catch block at 0xc3 in for 0xa1
03-12 21:22:58.717 31397 31397 E ArmVmp : Match on catch block at 0xc3 in for 0xa5
03-12 21:22:58.721 31397 31397 E ArmVmp : Match on catch block at 0xc3 in for 0xa5
03-12 21:22:58.775 31397 31397 E ArmVmp : Match on catch block at 0xc3 in for 0xa9
03-12 21:22:58.782 31397 31397 E ArmVmp : Match on catch block at 0xc3 in for 0xa1
03-12 21:22:58.790 31397 31397 E ArmVmp : Match on catch block at 0xc3 in for 0xa1
03-12 21:22:58.847 31397 31397 E ArmVmp : Match on catch block at 0xc3 in for 0xa5
03-12 21:22:58.855 31397 31397 E ArmVmp : Match on catch block at 0xc3 in for 0xa9
03-12 21:22:58.859 31397 31397 E ArmVmp : Match on catch block at 0xc3 in for 0xa9
03-12 21:22:58.910 31397 31397 E ArmVmp : Match on catch block at 0xc3 in for 0xa1
03-12 21:22:58.916 31397 31397 E ArmVmp : Match on catch block at 0xc3 in for 0xa5
03-12 21:22:58.921 31397 31397 E ArmVmp : Match on catch block at 0xc3 in for 0xa5
03-12 21:22:58.977 31397 31397 E ArmVmp : Match on catch block at 0xc3 in for 0xa1
03-12 21:22:58.986 31397 31397 E ArmVmp : Match on catch block at 0xc3 in for 0xa5
03-12 21:22:58.992 31397 31397 E ArmVmp : Match on catch block at 0xc3 in for 0xa5
03-12 21:22:59.044 31397 31397 E ArmVmp : Match on catch block at 0xc3 in for 0xa9
03-12 21:22:59.050 31397 31397 E ArmVmp : Match on catch block at 0xc3 in for 0xa1
03-12 21:22:59.056 31397 31397 E ArmVmp : Match on catch block at 0xc3 in for 0xa1
03-12 21:22:59.111 31397 31397 E ArmVmp : Match on catch block at 0xc3 in for 0xa5
03-12 21:22:59.119 31397 31397 E ArmVmp : Match on catch block at 0xc3 in for 0xa9
03-12 21:22:59.125 31397 31397 E ArmVmp : Match on catch block at 0xc3 in for 0xa9
03-12 21:22:59.245 31397 31397 E ArmVmp : Match on catch block at 0xc3 in for 0xa1
03-12 21:22:59.250 31397 31397 E ArmVmp : Match on catch block at 0xc3 in for 0xa5
03-12 21:22:59.255 31397 31397 E ArmVmp : Match on catch block at 0xc3 in for 0xa5
03-12 21:22:59.481 31397 31397 E ArmVmp : Match on catch block at 0xc3 in for 0xa9
03-12 21:22:59.488 31397 31397 E ArmVmp : Match on catch block at 0xc3 in for 0xa1
03-12 21:22:59.493 31397 31397 E ArmVmp : Match on catch block at 0xc3 in for 0xa1
03-12 21:22:59.678 31397 31397 E ArmVmp : Match on catch block at 0xc3 in for 0xa1
03-12 21:22:59.716 31397 31397 E ArmVmp : Match on catch block at 0xc3 in for 0xa5
03-12 21:22:59.733 31397 31397 E ArmVmp : Match on catch block at 0xc3 in for 0xa5
03-12 21:22:59.800 31397 31397 E ArmVmp : Match on catch block at 0xc3 in for 0xa9
03-12 21:22:59.813 31397 31397 E ArmVmp : Match on catch block at 0xc3 in for 0xa1
03-12 21:22:59.820 31397 31397 E ArmVmp : Match on catch block at 0xc3 in for 0xa1
03-12 21:22:59.857 31397 31397 E ArmVmp : Match on catch block at 0xc3 in for 0xa5
03-12 21:22:59.863 31397 31397 E ArmVmp : Match on catch block at 0xc3 in for 0xa9
03-12 21:22:59.866 31397 31397 E ArmVmp : Match on catch block at 0xc3 in for 0xa9
03-12 21:22:59.874 31397 31397 E ArmVmp : Match on catch block at 0xc3 in for 0xa1
03-12 21:22:59.879 31397 31397 E ArmVmp : Match on catch block at 0xc3 in for 0xa5
03-12 21:22:59.884 31397 31397 E ArmVmp : Match on catch block at 0xc3 in for 0xa5
03-12 21:22:59.906 31397 31397 E ArmVmp : Match on catch block at 0xc3 in for 0xa9
03-12 21:22:59.912 31397 31397 E ArmVmp : Match on catch block at 0xc3 in for 0xa1
03-12 21:22:59.922 31397 31397 E ArmVmp : Match on catch block at 0xc3 in for 0xa1
03-12 21:22:59.984 31397 31397 E ArmVmp : Match on catch block at 0xc3 in for 0xa5
03-12 21:22:59.991 31397 31397 E ArmVmp : Match on catch block at 0xc3 in for 0xa9
03-12 21:22:59.995 31397 31397 E ArmVmp : Match on catch block at 0xc3 in for 0xa9
03-12 21:23:00.051 31397 31397 E ArmVmp : Match on catch block at 0xc3 in for 0xa1
03-12 21:23:00.061 31397 31397 E ArmVmp : Match on catch block at 0xc3 in for 0xa5
03-12 21:23:00.064 31397 31397 E ArmVmp : Match on catch block at 0xc3 in for 0xa5
03-12 21:23:00.119 31397 31397 E ArmVmp : Match on catch block at 0xc3 in for 0xa9
03-12 21:23:00.130 31397 31397 E ArmVmp : Match on catch block at 0xc3 in for 0xa1
03-12 21:23:00.136 31397 31397 E ArmVmp : Match on catch block at 0xc3 in for 0xa1
03-12 21:23:00.185 31397 31397 E ArmVmp : Match on catch block at 0xc3 in for 0xa5
03-12 21:23:00.190 31397 31397 E ArmVmp : Match on catch block at 0xc3 in for 0xa9
03-12 21:23:00.193 31397 31397 E ArmVmp : Match on catch block at 0xc3 in for 0xa9
03-12 21:23:00.252 31397 31397 E ArmVmp : Match on catch block at 0xc3 in for 0xa1
03-12 21:23:00.259 31397 31397 E ArmVmp : Match on catch block at 0xc3 in for 0xa5
03-12 21:23:00.263 31397 31397 E ArmVmp : Match on catch block at 0xc3 in for 0xa5
03-12 21:23:00.319 31397 31397 E ArmVmp : Match on catch block at 0xc3 in for 0xa9
03-12 21:23:00.327 31397 31397 E ArmVmp : Match on catch block at 0xc3 in for 0xa1
03-12 21:23:00.331 31397 31397 E ArmVmp : Match on catch block at 0xc3 in for 0xa1
03-12 21:23:00.354 31397 32292 E Parcel : Reading a NULL string not supported
here.
03-12 21:23:00.386 31397 31397 E ArmVmp : Match on catch block at 0xc3 in for 0xa1
03-12 21:23:00.392 31397 31397 E ArmVmp : Match on catch block at 0xc3 in for 0xa5
03-12 21:23:00.395 31397 31397 E ArmVmp : Match on catch block at 0xc3 in for 0xa5
03-12 21:23:00.453 31397 31397 E ArmVmp : Match on catch block at 0xc3 in for 0xa9
03-12 21:23:00.457 31397 31397 E ArmVmp : Match on catch block at 0xc3 in for 0xa1
03-12 21:23:00.460 31397 31397 E ArmVmp : Match on catch block at 0xc3 in for 0xa1
03-12 21:23:00.520 31397 31397 E ArmVmp : Match on catch block at 0xc3 in for 0xa5
03-12 21:23:00.530 31397 31397 E ArmVmp : Match on catch block at 0xc3 in for 0xa9
03-12 21:23:00.533 31397 31397 E ArmVmp : Match on catch block at 0xc3 in for 0xa9
03-12 21:23:00.588 31397 31397 E ArmVmp : Match on catch block at 0xc3 in for 0xa1
03-12 21:23:00.605 31397 31397 E ArmVmp : Match on catch block at 0xc3 in for 0xa5
03-12 21:23:00.609 31397 31397 E ArmVmp : Match on catch block at 0xc3 in for 0xa5
03-12 21:23:00.655 31397 31397 E ArmVmp : Match on catch block at 0xc3 in for 0xa9
03-12 21:23:00.659 31397 31397 E ArmVmp : Match on catch block at 0xc3 in for 0xa1
03-12 21:23:00.662 31397 31397 E ArmVmp : Match on catch block at 0xc3 in for 0xa1
03-12 21:23:00.722 31397 31397 E ArmVmp : Match on catch block at 0xc3 in for 0xa5
03-12 21:23:00.726 31397 31397 E ArmVmp : Match on catch block at 0xc3 in for 0xa9
03-12 21:23:00.728 31397 31397 E ArmVmp : Match on catch block at 0xc3 in for 0xa9
03-12 21:23:00.774 31397 31397 E ArmVmp : Match on catch block at 0xc3 in for 0xa1
03-12 21:23:00.786 31397 31397 E ArmVmp : Match on catch block at 0xc3 in for 0xa5
03-12 21:23:00.789 31397 31397 E ArmVmp : Match on catch block at 0xc3 in for 0xa5
03-12 21:23:00.839 31397 31397 E ArmVmp : Match on catch block at 0xc3 in for 0xa9
03-12 21:23:00.844 31397 31397 E ArmVmp : Match on catch block at 0xc3 in for 0xa1
03-12 21:23:00.847 31397 31397 E ArmVmp : Match on catch block at 0xc3 in for 0xa1
03-12 21:23:00.907 31397 31397 E ArmVmp : Match on catch block at 0xc3 in for 0xa5
03-12 21:23:00.915 31397 31397 E ArmVmp : Match on catch block at 0xc3 in for 0xa9
03-12 21:23:00.918 31397 31397 E ArmVmp : Match on catch block at 0xc3 in for 0xa9
03-12 21:23:01.444 31397 31397 E ArmVmp : Match on catch block at 0xc3 in for 0xa1
03-12 21:23:01.449 31397 31397 E ArmVmp : Match on catch block at 0xc3 in for 0xa5
03-12 21:23:01.454 31397 31397 E ArmVmp : Match on catch block at 0xc3 in for 0xa5
03-12 21:23:01.511 31397 31397 E ArmVmp : Match on catch block at 0xc3 in for 0xa9
03-12 21:23:01.518 31397 31397 E ArmVmp : Match on catch block at 0xc3 in for 0xa1
03-12 21:23:01.522 31397 31397 E ArmVmp : Match on catch block at 0xc3 in for 0xa1
03-12 21:23:01.578 31397 31768 E CheckPermission: _bluetooth code = 1
03-12 21:23:01.578 31397 31397 E ArmVmp : Match on catch block at 0xc3 in for 0xa5
03-12 21:23:01.582 31397 31768 E CheckPermission: _bluetooth code = 3
03-12 21:23:01.584 31397 31397 E ArmVmp : Match on catch block at 0xc3 in for 0xa9
03-12 21:23:01.585 31397 31768 E CheckPermission: _bluetooth code = 11
03-12 21:23:01.588 31397 31397 E ArmVmp : Match on catch block at 0xc3 in for 0xa9
03-12 21:23:01.645 31397 31397 E ArmVmp : Match on catch block at 0xc3 in for 0xa1
03-12 21:23:01.650 31397 31397 E ArmVmp : Match on catch block at 0xc3 in for 0xa5
03-12 21:23:01.655 31397 31397 E ArmVmp : Match on catch block at 0xc3 in for 0xa5
03-12 21:23:01.712 31397 31397 E ArmVmp : Match on catch block at 0xc3 in for 0xa9
03-12 21:23:01.728 31397 31397 E ArmVmp : Match on catch block at 0xc3 in for 0xa1
03-12 21:23:01.737 31397 31397 E ArmVmp : Match on catch block at 0xc3 in for 0xa1
03-12 21:23:01.779 31397 31397 E ArmVmp : Match on catch block at 0xc3 in for 0xa5
03-12 21:23:01.785 31397 31397 E ArmVmp : Match on catch block at 0xc3 in for 0xa9
03-12 21:23:01.789 31397 31397 E ArmVmp : Match on catch block at 0xc3 in for 0xa9
03-12 21:23:01.847 31397 31397 E ArmVmp : Match on catch block at 0xc3 in for 0xa1
03-12 21:23:01.851 31397 31397 E ArmVmp : Match on catch block at 0xc3 in for 0xa5
03-12 21:23:01.855 31397 31397 E ArmVmp : Match on catch block at 0xc3 in for 0xa5
03-12 21:23:01.914 31397 31397 E ArmVmp : Match on catch block at 0xc3 in for 0xa9
03-12 21:23:01.918 31397 31397 E ArmVmp : Match on catch block at 0xc3 in for 0xa1
03-12 21:23:01.921 31397 31397 E ArmVmp : Match on catch block at 0xc3 in for 0xa1
03-12 21:23:01.981 31397 31397 E ArmVmp : Match on catch block at 0xc3 in for 0xa5
03-12 21:23:01.987 31397 31397 E ArmVmp : Match on catch block at 0xc3 in for 0xa9
03-12 21:23:01.992 31397 31397 E ArmVmp : Match on catch block at 0xc3 in for 0xa9
03-12 21:23:02.048 31397 31397 E ArmVmp : Match on catch block at 0xc3 in for 0xa1
03-12 21:23:02.055 31397 31397 E ArmVmp : Match on catch block at 0xc3 in for 0xa5
03-12 21:23:02.060 31397 31397 E ArmVmp : Match on catch block at 0xc3 in for 0xa5
03-12 21:23:02.115 31397 31397 E ArmVmp : Match on catch block at 0xc3 in for 0xa9
03-12 21:23:02.120 31397 31397 E ArmVmp : Match on catch block at 0xc3 in for 0xa1
03-12 21:23:02.125 31397 31397 E ArmVmp : Match on catch block at 0xc3 in for 0xa1
03-12 21:23:02.182 31397 31397 E ArmVmp : Match on catch block at 0xc3 in for 0xa5
03-12 21:23:02.191 31397 31397 E ArmVmp : Match on catch block at 0xc3 in for 0xa9
03-12 21:23:02.194 31397 31397 E ArmVmp : Match on catch block at 0xc3 in for 0xa9
03-12 21:23:02.249 31397 31397 E ArmVmp : Match on catch block at 0xc3 in for 0xa1
03-12 21:23:02.257 31397 31397 E ArmVmp : Match on catch block at 0xc3 in for 0xa5
03-12 21:23:02.261 31397 31397 E ArmVmp : Match on catch block at 0xc3 in for 0xa5
03-12 21:23:02.316 31397 31397 E ArmVmp : Match on catch block at 0xc3 in for 0xa9
03-12 21:23:02.320 31397 31397 E ArmVmp : Match on catch block at 0xc3 in for 0xa1
03-12 21:23:02.324 31397 31397 E ArmVmp : Match on catch block at 0xc3 in for 0xa1
03-12 21:23:02.384 31397 31397 E ArmVmp : Match on catch block at 0xc3 in for 0xa5
03-12 21:23:02.388 31397 31397 E ArmVmp : Match on catch block at 0xc3 in for 0xa9
03-12 21:23:02.398 31397 31397 E ArmVmp : Match on catch block at 0xc3 in for 0xa9
03-12 21:23:02.434 31397 31397 E ArmVmp : Match on catch block at 0xc3 in for 0xa1
03-12 21:23:02.438 31397 31397 E ArmVmp : Match on catch block at 0xc3 in for 0xa5
03-12 21:23:02.442 31397 31397 E ArmVmp : Match on catch block at 0xc3 in for 0xa5
03-12 21:23:02.501 31397 31397 E ArmVmp : Match on catch block at 0xc3 in for 0xa9
03-12 21:23:02.518 31397 31397 E ArmVmp : Match on catch block at 0xc3 in for 0xa1
03-12 21:23:02.524 31397 31397 E ArmVmp : Match on catch block at 0xc3 in for 0xa1
03-12 21:23:02.568 31397 31397 E ArmVmp : Match on catch block at 0xc3 in for 0xa5
03-12 21:23:02.574 31397 31397 E ArmVmp : Match on catch block at 0xc3 in for 0xa9
03-12 21:23:02.578 31397 31397 E ArmVmp : Match on catch block at 0xc3 in for 0xa9
03-12 21:23:02.636 31397 31397 E ArmVmp : Match on catch block at 0xc3 in for 0xa1
03-12 21:23:02.654 31397 31397 E ArmVmp : Match on catch block at 0xc3 in for 0xa5
03-12 21:23:02.662 31397 31397 E ArmVmp : Match on catch block at 0xc3 in for 0xa5
03-12 21:23:02.703 31397 31397 E ArmVmp : Match on catch block at 0xc3 in for 0xa9
03-12 21:23:02.711 31397 31397 E ArmVmp : Match on catch block at 0xc3 in for 0xa1
03-12 21:23:02.743 31397 31397 E ArmVmp : Match on catch block at 0xc3 in for 0xa1
03-12 21:23:02.769 31397 31397 E ArmVmp : Match on catch block at 0xc3 in for 0xa5
03-12 21:23:02.774 31397 31397 E ArmVmp : Match on catch block at 0xc3 in for 0xa9
03-12 21:23:02.793 31397 31397 E ArmVmp : Match on catch block at 0xc3 in for 0xa9
03-12 21:23:02.854 31397 31397 E ArmVmp : Match on catch block at 0xc3 in for 0xa1
03-12 21:23:02.860 31397 31397 E ArmVmp : Match on catch block at 0xc3 in for 0xa5
03-12 21:23:02.867 31397 31397 E ArmVmp : Match on catch block at 0xc3 in for 0xa5
03-12 21:23:02.921 31397 31397 E ArmVmp : Match on catch block at 0xc3 in for 0xa9
03-12 21:23:02.928 31397 31397 E ArmVmp : Match on catch block at 0xc3 in for 0xa1
03-12 21:23:02.934 31397 31397 E ArmVmp : Match on catch block at 0xc3 in for 0xa1
03-12 21:23:02.988 31397 31397 E ArmVmp : Match on catch block at 0xc3 in for 0xa5
03-12 21:23:02.992 31397 31397 E ArmVmp : Match on catch block at 0xc3 in for 0xa9
03-12 21:23:02.996 31397 31397 E ArmVmp : Match on catch block at 0xc3 in for 0xa9
03-12 21:23:03.055 31397 31397 E ArmVmp : Match on catch block at 0xc3 in for 0xa1
03-12 21:23:03.060 31397 31397 E ArmVmp : Match on catch block at 0xc3 in for 0xa5
03-12 21:23:03.069 31397 31397 E ArmVmp : Match on catch block at 0xc3 in for 0xa5
03-12 21:23:03.122 31397 31397 E ArmVmp : Match on catch block at 0xc3 in for 0xa9
03-12 21:23:03.127 31397 31397 E ArmVmp : Match on catch block at 0xc3 in for 0xa1
03-12 21:23:03.131 31397 31397 E ArmVmp : Match on catch block at 0xc3 in for 0xa1
03-12 21:23:03.189 31397 31397 E ArmVmp : Match on catch block at 0xc3 in for 0xa5
03-12 21:23:03.202 31397 31397 E ArmVmp : Match on catch block at 0xc3 in for 0xa9
03-12 21:23:03.209 31397 31397 E ArmVmp : Match on catch block at 0xc3 in for 0xa9
03-12 21:23:03.256 31397 31397 E ArmVmp : Match on catch block at 0xc3 in for 0xa1
03-12 21:23:03.262 31397 31397 E ArmVmp : Match on catch block at 0xc3 in for 0xa5
03-12 21:23:03.265 31397 31397 E ArmVmp : Match on catch block at 0xc3 in for 0xa5
03-12 21:23:03.324 31397 31397 E ArmVmp : Match on catch block at 0xc3 in for 0xa9
03-12 21:23:03.337 31397 31397 E ArmVmp : Match on catch block at 0xc3 in for 0xa1
03-12 21:23:03.346 31397 31397 E ArmVmp : Match on catch block at 0xc3 in for 0xa1
03-12 21:23:03.391 31397 31397 E ArmVmp : Match on catch block at 0xc3 in for 0xa5
03-12 21:23:03.403 31397 31397 E ArmVmp : Match on catch block at 0xc3 in for 0xa9
03-12 21:23:03.476 31397 31397 E ArmVmp : Match on catch block at 0xc3 in for 0xa9
03-12 21:23:03.492 31397 31397 E ArmVmp : Match on catch block at 0xc3 in for 0xa1
03-12 21:23:03.500 31397 31397 E ArmVmp : Match on catch block at 0xc3 in for 0xa5
03-12 21:23:03.504 31397 31397 E ArmVmp : Match on catch block at 0xc3 in for 0xa5
03-12 21:23:03.559 31397 31397 E ArmVmp : Match on catch block at 0xc3 in for 0xa9
03-12 21:23:03.564 31397 31397 E ArmVmp : Match on catch block at 0xc3 in for 0xa1
03-12 21:23:03.568 31397 31397 E ArmVmp : Match on catch block at 0xc3 in for 0xa1
03-12 21:23:03.626 31397 31397 E ArmVmp : Match on catch block at 0xc3 in for 0xa5
03-12 21:23:03.630 31397 31397 E ArmVmp : Match on catch block at 0xc3 in for 0xa9
03-12 21:23:03.634 31397 31397 E ArmVmp : Match on catch block at 0xc3 in for 0xa9
03-12 21:23:03.693 31397 31397 E ArmVmp : Match on catch block at 0xc3 in for 0xa1
03-12 21:23:03.699 31397 31397 E ArmVmp : Match on catch block at 0xc3 in for 0xa5
03-12 21:23:03.704 31397 31397 E ArmVmp : Match on catch block at 0xc3 in for 0xa5
03-12 21:23:03.760 31397 31397 E ArmVmp : Match on catch block at 0xc3 in for 0xa9
03-12 21:23:03.765 31397 31397 E ArmVmp : Match on catch block at 0xc3 in for 0xa1
03-12 21:23:03.780 31397 31397 E ArmVmp : Match on catch block at 0xc3 in for 0xa1
03-12 21:23:03.827 31397 31397 E ArmVmp : Match on catch block at 0xc3 in for 0xa5
03-12 21:23:03.831 31397 31397 E ArmVmp : Match on catch block at 0xc3 in for 0xa9
03-12 21:23:03.834 31397 31397 E ArmVmp : Match on catch block at 0xc3 in for 0xa9
03-12 21:23:03.894 31397 31397 E ArmVmp : Match on catch block at 0xc3 in for 0xa1
03-12 21:23:03.909 31397 31397 E ArmVmp : Match on catch block at 0xc3 in for 0xa5
03-12 21:23:03.912 31397 31397 E ArmVmp : Match on catch block at 0xc3 in for 0xa5
03-12 21:23:03.961 31397 31397 E ArmVmp : Match on catch block at 0xc3 in for 0xa9
03-12 21:23:03.966 31397 31397 E ArmVmp : Match on catch block at 0xc3 in for 0xa1
03-12 21:23:03.970 31397 31397 E ArmVmp : Match on catch block at 0xc3 in for 0xa1
03-12 21:23:04.028 31397 31397 E ArmVmp : Match on catch block at 0xc3 in for 0xa5
03-12 21:23:04.033 31397 31397 E ArmVmp : Match on catch block at 0xc3 in for 0xa9
03-12 21:23:04.038 31397 31397 E ArmVmp : Match on catch block at 0xc3 in for 0xa9
03-12 21:23:04.096 31397 31397 E ArmVmp : Match on catch block at 0xc3 in for 0xa1
03-12 21:23:04.116 31397 31397 E ArmVmp : Match on catch block at 0xc3 in for 0xa5
03-12 21:23:04.124 31397 31397 E ArmVmp : Match on catch block at 0xc3 in for 0xa5
03-12 21:23:04.163 31397 31397 E ArmVmp : Match on catch block at 0xc3 in for 0xa9
03-12 21:23:04.168 31397 31397 E ArmVmp : Match on catch block at 0xc3 in for 0xa1
03-12 21:23:04.183 31397 31397 E ArmVmp : Match on catch block at 0xc3 in for 0xa1
03-12 21:23:04.230 31397 31397 E ArmVmp : Match on catch block at 0xc3 in for 0xa5
03-12 21:23:04.238 31397 31397 E ArmVmp : Match on catch block at 0xc3 in for 0xa9
03-12 21:23:04.244 31397 31397 E ArmVmp : Match on catch block at 0xc3 in for 0xa9
03-12 21:23:04.297 31397 31397 E ArmVmp : Match on catch block at 0xc3 in for 0xa1
03-12 21:23:04.303 31397 31397 E ArmVmp : Match on catch block at 0xc3 in for 0xa5
03-12 21:23:04.307 31397 31397 E ArmVmp : Match on catch block at 0xc3 in for 0xa5
03-12 21:23:04.364 31397 31397 E ArmVmp : Match on catch block at 0xc3 in for 0xa9
03-12 21:23:04.370 31397 31397 E ArmVmp : Match on catch block at 0xc3 in for 0xa1
03-12 21:23:04.374 31397 31397 E ArmVmp : Match on catch block at 0xc3 in for 0xa1
03-12 21:23:04.431 31397 31397 E ArmVmp : Match on catch block at 0xc3 in for 0xa5
03-12 21:23:04.435 31397 31397 E ArmVmp : Match on catch block at 0xc3 in for 0xa9
03-12 21:23:04.439 31397 31397 E ArmVmp : Match on catch block at 0xc3 in for 0xa9
03-12 21:23:04.498 31397 31397 E ArmVmp : Match on catch block at 0xc3 in for 0xa1
03-12 21:23:04.506 31397 31397 E ArmVmp : Match on catch block at 0xc3 in for 0xa5
03-12 21:23:04.510 31397 31397 E ArmVmp : Match on catch block at 0xc3 in for 0xa5
03-12 21:23:04.566 31397 31397 E ArmVmp : Match on catch block at 0xc3 in for 0xa9
03-12 21:23:04.573 31397 31397 E ArmVmp : Match on catch block at 0xc3 in for 0xa1
03-12 21:23:04.577 31397 31397 E ArmVmp : Match on catch block at 0xc3 in for 0xa1
03-12 21:23:04.633 31397 31397 E ArmVmp : Match on catch block at 0xc3 in for 0xa5
03-12 21:23:04.642 31397 31397 E ArmVmp : Match on catch block at 0xc3 in for 0xa9
03-12 21:23:04.646 31397 31397 E ArmVmp : Match on catch block at 0xc3 in for 0xa9
03-12 21:23:04.700 31397 31397 E ArmVmp : Match on catch block at 0xc3 in for 0xa1
03-12 21:23:04.704 31397 31397 E ArmVmp : Match on catch block at 0xc3 in for 0xa5
03-12 21:23:04.708 31397 31397 E ArmVmp : Match on catch block at 0xc3 in for 0xa5
03-12 21:23:04.767 31397 31397 E ArmVmp : Match on catch block at 0xc3 in for 0xa9
03-12 21:23:04.771 31397 31397 E ArmVmp : Match on catch block at 0xc3 in for 0xa1
03-12 21:23:04.774 31397 31397 E ArmVmp : Match on catch block at 0xc3 in for 0xa1
03-12 21:23:04.834 31397 31397 E ArmVmp : Match on catch block at 0xc3 in for 0xa5
03-12 21:23:04.839 31397 31397 E ArmVmp : Match on catch block at 0xc3 in for 0xa9
03-12 21:23:04.842 31397 31397 E ArmVmp : Match on catch block at 0xc3 in for 0xa9
03-12 21:23:04.901 31397 31397 E ArmVmp : Match on catch block at 0xc3 in for 0xa1
03-12 21:23:04.914 31397 31397 E ArmVmp : Match on catch block at 0xc3 in for 0xa5
03-12 21:23:04.918 31397 31397 E ArmVmp : Match on catch block at 0xc3 in for 0xa5
03-12 21:23:04.968 31397 31397 E ArmVmp : Match on catch block at 0xc3 in for 0xa9
03-12 21:23:04.973 31397 31397 E ArmVmp : Match on catch block at 0xc3 in for 0xa1
03-12 21:23:04.976 31397 31397 E ArmVmp : Match on catch block at 0xc3 in for 0xa1
03-12 21:23:05.036 31397 31397 E ArmVmp : Match on catch block at 0xc3 in for 0xa5
03-12 21:23:05.046 31397 31397 E ArmVmp : Match on catch block at 0xc3 in for 0xa9
03-12 21:23:05.050 31397 31397 E ArmVmp : Match on catch block at 0xc3 in for 0xa9
03-12 21:23:05.103 31397 31397 E ArmVmp : Match on catch block at 0xc3 in for 0xa1
03-12 21:23:05.110 31397 31397 E ArmVmp : Match on catch block at 0xc3 in for 0xa5
03-12 21:23:05.113 31397 31397 E ArmVmp : Match on catch block at 0xc3 in for 0xa5
03-12 21:23:05.170 31397 31397 E ArmVmp : Match on catch block at 0xc3 in for 0xa9
03-12 21:23:05.175 31397 31397 E ArmVmp : Match on catch block at 0xc3 in for 0xa1
03-12 21:23:05.177 31397 31397 E ArmVmp : Match on catch block at 0xc3 in for 0xa1
03-12 21:23:05.237 31397 31397 E ArmVmp : Match on catch block at 0xc3 in for 0xa5
03-12 21:23:05.241 31397 31397 E ArmVmp : Match on catch block at 0xc3 in for 0xa9
03-12 21:23:05.244 31397 31397 E ArmVmp : Match on catch block at 0xc3 in for 0xa9
03-12 21:23:13.282 31397 31397 E ArmVmp : Match on catch block at 0xc3 in for 0xa1
03-12 21:23:13.287 31397 31397 E ArmVmp : Match on catch block at 0xc3 in for 0xa5
03-12 21:23:13.290 31397 31397 E ArmVmp : Match on catch block at 0xc3 in for 0xa5
03-12 21:23:13.488 31397 31397 E ArmVmp : Match on catch block at 0xc3 in for 0xa9
03-12 21:23:13.494 31397 31397 E ArmVmp : Match on catch block at 0xc3 in for 0xa1
03-12 21:23:13.499 31397 31397 E ArmVmp : Match on catch block at 0xc3 in for 0xa1
03-12 21:23:13.749 31397 31397 E ArmVmp : Match on catch block at 0xc3 in for 0xa5
03-12 21:23:13.756 31397 31397 E ArmVmp : Match on catch block at 0xc3 in for 0xa9
03-12 21:23:13.759 31397 31397 E ArmVmp : Match on catch block at 0xc3 in for 0xa9
03-12 21:23:13.915 31397 31397 E ArmVmp : Match on catch block at 0xc3 in for 0xa1
03-12 21:23:13.920 31397 31397 E ArmVmp : Match on catch block at 0xc3 in for 0xa5
03-12 21:23:13.927 31397 31397 E ArmVmp : Match on catch block at 0xc3 in for 0xa5
03-12 21:23:13.965 31397 31397 E ArmVmp : Match on catch block at 0xc3 in for 0xa9
03-12 21:23:13.979 31397 31397 E ArmVmp : Match on catch block at 0xc3 in for 0xa1
03-12 21:23:13.988 31397 31397 E ArmVmp : Match on catch block at 0xc3 in for 0xa1
03-12 21:23:14.019 31397 31397 E ArmVmp : Match on catch block at 0xc3 in for 0xa5
03-12 21:23:14.028 31397 31397 E ArmVmp : Match on catch block at 0xc3 in for 0xa9
03-12 21:23:14.032 31397 31397 E ArmVmp : Match on catch block at 0xc3 in for 0xa9
