03-01 16:54:25.218 23566 23643 W MediaPlayer: Use of stream types is deprecated for
operations other than volume control
03-01 16:54:25.218 23566 23643 W MediaPlayer: See the documentation of
setAudioStreamType() for what to use instead with android.media.AudioAttributes to
qualify your playback use case
03-01 16:54:25.226 23566 23566 E ArmVmp : Match on catch block at 0xc3 in for 0xa5
03-01 16:54:25.228 23566 23566 E ArmVmp : Match on catch block at 0xc3 in for 0xa9
03-01 16:54:25.493 23566 23566 E ArmVmp : Match on catch block at 0xc3 in for 0xa5
03-01 16:54:25.495 23566 23566 E ArmVmp : Match on catch block at 0xc3 in for 0xa9
03-01 16:54:25.912 23566 23566 E ArmVmp : Match on catch block at 0xc3 in for 0xa5
03-01 16:54:25.915 23566 23566 E ArmVmp : Match on catch block at 0xc3 in for 0xa9
03-01 16:54:25.928 23566 23566 E ArmVmp : Match on catch block at 0xc3 in for 0xa9
03-01 16:54:25.931 23566 23566 E ArmVmp : Match on catch block at 0xc3 in for 0xa1
03-01 16:54:25.942 23566 23566 E ArmVmp : Match on catch block at 0xc3 in for 0xa5
03-01 16:54:25.945 23566 23566 E ArmVmp : Match on catch block at 0xc3 in for 0xa9
03-01 16:54:25.992 23566 23566 E ArmVmp : Match on catch block at 0xc3 in for 0xa9
03-01 16:54:25.996 23566 23566 E ArmVmp : Match on catch block at 0xc3 in for 0xa1
03-01 16:54:26.218 23566 23566 W SoundPool: Use of stream types is deprecated for
operations other than volume control
03-01 16:54:26.218 23566 23566 W SoundPool: See the documentation of SoundPool()
for what to use instead with android.media.AudioAttributes to qualify your playback
use case
03-01 16:54:26.227 23566 23566 E ArmVmp : Match on catch block at 0xc3 in for 0xa1
03-01 16:54:26.229 23566 23566 E ArmVmp : Match on catch block at 0xc3 in for 0xa5
03-01 16:54:26.328 23566 26003 W Codec2Client: query -- param skipped: index =
1107298332.
03-01 16:54:26.328 23566 26004 W Codec2Client: query -- param skipped: index =
1107298332.
03-01 16:54:26.329 23566 26004 W Codec2Client: query -- param skipped: index =
1342179345.
03-01 16:54:26.329 23566 26004 W Codec2Client: query -- param skipped: index =
2415921170.
03-01 16:54:26.329 23566 26003 W Codec2Client: query -- param skipped: index =
1342179345.
03-01 16:54:26.329 23566 26003 W Codec2Client: query -- param skipped: index =
2415921170.
03-01 16:54:26.330 23566 26004 E FMQ : grantorIdx must be less than 3
03-01 16:54:26.330 23566 26004 E FMQ : grantorIdx must be less than 3
03-01 16:54:26.330 23566 26003 E FMQ : grantorIdx must be less than 3
03-01 16:54:26.330 23566 26003 E FMQ : grantorIdx must be less than 3
03-01 16:54:26.333 23566 26004 E FMQ : grantorIdx must be less than 3
03-01 16:54:26.334 23566 26003 E FMQ : grantorIdx must be less than 3
03-01 16:54:26.339 23566 23773 E FMQ : grantorIdx must be less than 3
03-01 16:54:26.340 23566 23773 E FMQ : grantorIdx must be less than 3
03-01 16:54:26.361 23566 26008 W Codec2Client: query -- param skipped: index =
1107298332.
03-01 16:54:26.362 23566 26008 W Codec2Client: query -- param skipped: index =
1342179345.
03-01 16:54:26.362 23566 26008 W Codec2Client: query -- param skipped: index =
2415921170.
03-01 16:54:26.362 23566 26008 E FMQ : grantorIdx must be less than 3
03-01 16:54:26.362 23566 26008 E FMQ : grantorIdx must be less than 3
03-01 16:54:26.364 23566 26008 E FMQ : grantorIdx must be less than 3
03-01 16:54:26.371 23566 23773 E FMQ : grantorIdx must be less than 3
03-01 16:54:26.387 23566 26011 W Codec2Client: query -- param skipped: index =
1107298332.
03-01 16:54:26.389 23566 26011 W Codec2Client: query -- param skipped: index =
1342179345.
03-01 16:54:26.389 23566 26011 W Codec2Client: query -- param skipped: index =
2415921170.
03-01 16:54:26.389 23566 26011 E FMQ : grantorIdx must be less than 3
03-01 16:54:26.389 23566 26011 E FMQ : grantorIdx must be less than 3
03-01 16:54:26.392 23566 26011 E FMQ : grantorIdx must be less than 3
03-01 16:54:26.398 23566 23773 E FMQ : grantorIdx must be less than 3
03-01 16:54:26.418 23566 26014 W Codec2Client: query -- param skipped: index =
1107298332.
03-01 16:54:26.419 23566 26014 W Codec2Client: query -- param skipped: index =
1342179345.
03-01 16:54:26.419 23566 26014 W Codec2Client: query -- param skipped: index =
2415921170.
03-01 16:54:26.419 23566 26014 E FMQ : grantorIdx must be less than 3
03-01 16:54:26.419 23566 26014 E FMQ : grantorIdx must be less than 3
03-01 16:54:26.422 23566 26014 E FMQ : grantorIdx must be less than 3
03-01 16:54:26.432 23566 23773 E FMQ : grantorIdx must be less than 3
03-01 16:54:26.465 23566 26020 W Codec2Client: query -- param skipped: index =
1107298332.
03-01 16:54:26.467 23566 26020 W Codec2Client: query -- param skipped: index =
1342179345.
03-01 16:54:26.467 23566 26020 W Codec2Client: query -- param skipped: index =
2415921170.
03-01 16:54:26.467 23566 26020 E FMQ : grantorIdx must be less than 3
03-01 16:54:26.467 23566 26020 E FMQ : grantorIdx must be less than 3
03-01 16:54:26.470 23566 26020 E FMQ : grantorIdx must be less than 3
03-01 16:54:26.478 23566 23773 E FMQ : grantorIdx must be less than 3
03-01 16:54:26.520 23566 23566 E ArmVmp : Match on catch block at 0xc3 in for 0xa9
03-01 16:54:26.522 23566 23566 E ArmVmp : Match on catch block at 0xc3 in for 0xa1
03-01 16:54:26.743 23566 23566 E ArmVmp : Match on catch block at 0xc3 in for 0xa1
03-01 16:54:26.747 23566 23566 E ArmVmp : Match on catch block at 0xc3 in for 0xa5
03-01 16:54:26.761 23566 23566 E ArmVmp : Match on catch block at 0xc3 in for 0xa5
03-01 16:54:26.764 23566 23566 E ArmVmp : Match on catch block at 0xc3 in for 0xa9
03-01 16:54:27.946 23566 23566 E ArmVmp : Match on catch block at 0xc3 in for 0xa9
03-01 16:54:27.949 23566 23566 E ArmVmp : Match on catch block at 0xc3 in for 0xa1
03-01 16:54:27.969 23566 23566 E ArmVmp : Match on catch block at 0xc3 in for 0xa5
03-01 16:54:27.971 23566 23566 E ArmVmp : Match on catch block at 0xc3 in for 0xa9
03-01 16:54:28.475 23566 23566 E ArmVmp : Match on catch block at 0xc3 in for 0xa9
03-01 16:54:28.478 23566 23566 E ArmVmp : Match on catch block at 0xc3 in for 0xa1
03-01 16:54:28.924 23566 23566 W AudioManager: Use of stream types is deprecated
for operations other than volume control
03-01 16:54:28.924 23566 23566 W AudioManager: See the documentation of
requestAudioFocus() for what to use instead with android.media.AudioAttributes to
qualify your playback use case
03-01 16:54:28.974 23566 23566 W libOpenSLES: Conversion from OpenSL ES positional
channel mask 0x4 to Android mask 0 loses channels
03-01 16:54:29.010 23566 23566 E ArmVmp : Match on catch block at 0xc3 in for 0xa5
03-01 16:54:29.012 23566 23566 E ArmVmp : Match on catch block at 0xc3 in for 0xa9
03-01 16:54:29.027 23566 23566 E ArmVmp : Match on catch block at 0xc3 in for 0xa1
03-01 16:54:29.029 23566 23566 E ArmVmp : Match on catch block at 0xc3 in for 0xa5
03-01 16:54:29.041 23566 23566 E ArmVmp : Match on catch block at 0xc3 in for 0xa9
03-01 16:54:29.043 23566 23566 E ArmVmp : Match on catch block at 0xc3 in for 0xa1
03-01 16:54:29.058 23566 23566 E ArmVmp : Match on catch block at 0xc3 in for 0xa5
03-01 16:54:29.060 23566 23566 E ArmVmp : Match on catch block at 0xc3 in for 0xa9
03-01 16:54:29.086 23566 23566 E ArmVmp : Match on catch block at 0xc3 in for 0xa1
03-01 16:54:29.088 23566 23566 E ArmVmp : Match on catch block at 0xc3 in for 0xa5
03-01 16:54:29.108 23566 23566 E ArmVmp : Match on catch block at 0xc3 in for 0xa9
03-01 16:54:29.110 23566 23566 E ArmVmp : Match on catch block at 0xc3 in for 0xa1
03-01 16:54:29.123 23566 23566 E ArmVmp : Match on catch block at 0xc3 in for 0xa5
03-01 16:54:29.126 23566 23566 E ArmVmp : Match on catch block at 0xc3 in for 0xa9
03-01 16:54:29.140 23566 23566 E ArmVmp : Match on catch block at 0xc3 in for 0xa1
03-01 16:54:29.142 23566 23566 E ArmVmp : Match on catch block at 0xc3 in for 0xa5
03-01 16:54:29.156 23566 23566 E ArmVmp : Match on catch block at 0xc3 in for 0xa5
03-01 16:54:29.159 23566 23566 E ArmVmp : Match on catch block at 0xc3 in for 0xa9
03-01 16:54:29.173 23566 23566 E ArmVmp : Match on catch block at 0xc3 in for 0xa9
03-01 16:54:29.175 23566 23566 E ArmVmp : Match on catch block at 0xc3 in for 0xa1
03-01 16:54:29.320 23566 23566 E ArmVmp : Match on catch block at 0xc3 in for 0xa5
03-01 16:54:29.324 23566 23566 E ArmVmp : Match on catch block at 0xc3 in for 0xa9
03-01 16:54:29.332 23566 23566 E ArmVmp : Match on catch block at 0xc3 in for 0xa5
03-01 16:54:29.335 23566 23566 E ArmVmp : Match on catch block at 0xc3 in for 0xa9
03-01 16:54:29.348 23566 23566 E ArmVmp : Match on catch block at 0xc3 in for 0xa5
03-01 16:54:29.351 23566 23566 E ArmVmp : Match on catch block at 0xc3 in for 0xa9
03-01 16:54:29.369 23566 23566 E ArmVmp : Match on catch block at 0xc3 in for 0xa9
03-01 16:54:29.373 23566 23566 E ArmVmp : Match on catch block at 0xc3 in for 0xa1
03-01 16:54:29.378 23566 23566 E ArmVmp : Match on catch block at 0xc3 in for 0xa1
03-01 16:54:29.383 23566 23566 E ArmVmp : Match on catch block at 0xc3 in for 0xa5
03-01 16:54:29.390 23566 23566 E ArmVmp : Match on catch block at 0xc3 in for 0xa5
03-01 16:54:29.396 23566 23566 E ArmVmp : Match on catch block at 0xc3 in for 0xa9
03-01 16:54:29.406 23566 23566 E ArmVmp : Match on catch block at 0xc3 in for 0xa9
03-01 16:54:29.410 23566 23566 E ArmVmp : Match on catch block at 0xc3 in for 0xa1
03-01 16:54:29.423 23566 23566 E ArmVmp : Match on catch block at 0xc3 in for 0xa1
03-01 16:54:29.426 23566 23566 E ArmVmp : Match on catch block at 0xc3 in for 0xa5
03-01 16:54:29.442 23566 23566 E ArmVmp : Match on catch block at 0xc3 in for 0xa9
03-01 16:54:29.445 23566 23566 E ArmVmp : Match on catch block at 0xc3 in for 0xa1
03-01 16:54:29.459 23566 23566 E ArmVmp : Match on catch block at 0xc3 in for 0xa5
03-01 16:54:29.461 23566 23566 E ArmVmp : Match on catch block at 0xc3 in for 0xa9
03-01 16:54:29.473 23566 23566 E ArmVmp : Match on catch block at 0xc3 in for 0xa1
03-01 16:54:29.476 23566 23566 E ArmVmp : Match on catch block at 0xc3 in for 0xa5
03-01 16:54:29.490 23566 23566 E ArmVmp : Match on catch block at 0xc3 in for 0xa9
03-01 16:54:29.493 23566 23566 E ArmVmp : Match on catch block at 0xc3 in for 0xa1
03-01 16:54:29.507 23566 23566 E ArmVmp : Match on catch block at 0xc3 in for 0xa5
03-01 16:54:29.509 23566 23566 E ArmVmp : Match on catch block at 0xc3 in for 0xa9
03-01 16:54:29.523 23566 23566 E ArmVmp : Match on catch block at 0xc3 in for 0xa1
03-01 16:54:29.526 23566 23566 E ArmVmp : Match on catch block at 0xc3 in for 0xa5
03-01 16:54:29.541 23566 23566 E ArmVmp : Match on catch block at 0xc3 in for 0xa9
03-01 16:54:29.543 23566 23566 E ArmVmp : Match on catch block at 0xc3 in for 0xa1
03-01 16:54:29.557 23566 23566 E ArmVmp : Match on catch block at 0xc3 in for 0xa5
03-01 16:54:29.560 23566 23566 E ArmVmp : Match on catch block at 0xc3 in for 0xa9
03-01 16:54:29.574 23566 23566 E ArmVmp : Match on catch block at 0xc3 in for 0xa1
03-01 16:54:29.576 23566 23566 E ArmVmp : Match on catch block at 0xc3 in for 0xa5
03-01 16:54:29.590 23566 23566 E ArmVmp : Match on catch block at 0xc3 in for 0xa9
03-01 16:54:29.592 23566 23566 E ArmVmp : Match on catch block at 0xc3 in for 0xa1
03-01 16:54:29.607 23566 23566 E ArmVmp : Match on catch block at 0xc3 in for 0xa5
03-01 16:54:29.609 23566 23566 E ArmVmp : Match on catch block at 0xc3 in for 0xa9
03-01 16:54:29.624 23566 23566 E ArmVmp : Match on catch block at 0xc3 in for 0xa1
03-01 16:54:29.626 23566 23566 E ArmVmp : Match on catch block at 0xc3 in for 0xa5
03-01 16:54:29.641 23566 23566 E ArmVmp : Match on catch block at 0xc3 in for 0xa5
03-01 16:54:29.643 23566 23566 E ArmVmp : Match on catch block at 0xc3 in for 0xa9
03-01 16:54:29.657 23566 23566 E ArmVmp : Match on catch block at 0xc3 in for 0xa1
03-01 16:54:29.661 23566 23566 E ArmVmp : Match on catch block at 0xc3 in for 0xa5
03-01 16:54:29.674 23566 23566 E ArmVmp : Match on catch block at 0xc3 in for 0xa9
03-01 16:54:29.677 23566 23566 E ArmVmp : Match on catch block at 0xc3 in for 0xa1
03-01 16:54:29.690 23566 23566 E ArmVmp : Match on catch block at 0xc3 in for 0xa5
03-01 16:54:29.693 23566 23566 E ArmVmp : Match on catch block at 0xc3 in for 0xa9
03-01 16:54:29.709 23566 23566 E ArmVmp : Match on catch block at 0xc3 in for 0xa1
03-01 16:54:29.711 23566 23566 E ArmVmp : Match on catch block at 0xc3 in for 0xa5
03-01 16:54:29.723 23566 23566 E ArmVmp : Match on catch block at 0xc3 in for 0xa9
03-01 16:54:29.726 23566 23566 E ArmVmp : Match on catch block at 0xc3 in for 0xa1
03-01 16:54:29.741 23566 23566 E ArmVmp : Match on catch block at 0xc3 in for 0xa5
03-01 16:54:29.744 23566 23566 E ArmVmp : Match on catch block at 0xc3 in for 0xa9
03-01 16:54:29.757 23566 23566 E ArmVmp : Match on catch block at 0xc3 in for 0xa1
03-01 16:54:29.760 23566 23566 E ArmVmp : Match on catch block at 0xc3 in for 0xa5
03-01 16:54:29.774 23566 23566 E ArmVmp : Match on catch block at 0xc3 in for 0xa9
03-01 16:54:29.776 23566 23566 E ArmVmp : Match on catch block at 0xc3 in for 0xa1
03-01 16:54:29.791 23566 23566 E ArmVmp : Match on catch block at 0xc3 in for 0xa5
03-01 16:54:29.794 23566 23566 E ArmVmp : Match on catch block at 0xc3 in for 0xa9
03-01 16:54:29.807 23566 23566 E ArmVmp : Match on catch block at 0xc3 in for 0xa1
03-01 16:54:29.810 23566 23566 E ArmVmp : Match on catch block at 0xc3 in for 0xa5
03-01 16:54:29.824 23566 23566 E ArmVmp : Match on catch block at 0xc3 in for 0xa9
03-01 16:54:29.827 23566 23566 E ArmVmp : Match on catch block at 0xc3 in for 0xa1
03-01 16:54:29.840 23566 23566 E ArmVmp : Match on catch block at 0xc3 in for 0xa5
03-01 16:54:29.844 23566 23566 E ArmVmp : Match on catch block at 0xc3 in for 0xa9
03-01 16:54:29.857 23566 23566 E ArmVmp : Match on catch block at 0xc3 in for 0xa1
03-01 16:54:29.859 23566 23566 E ArmVmp : Match on catch block at 0xc3 in for 0xa5
03-01 16:54:29.874 23566 23566 E ArmVmp : Match on catch block at 0xc3 in for 0xa9
03-01 16:54:29.877 23566 23566 E ArmVmp : Match on catch block at 0xc3 in for 0xa1
03-01 16:54:29.890 23566 23566 E ArmVmp : Match on catch block at 0xc3 in for 0xa5
03-01 16:54:29.893 23566 23566 E ArmVmp : Match on catch block at 0xc3 in for 0xa9
03-01 16:54:29.907 23566 23566 E ArmVmp : Match on catch block at 0xc3 in for 0xa1
03-01 16:54:29.910 23566 23566 E ArmVmp : Match on catch block at 0xc3 in for 0xa5
03-01 16:54:29.924 23566 23566 E ArmVmp : Match on catch block at 0xc3 in for 0xa9
03-01 16:54:29.927 23566 23566 E ArmVmp : Match on catch block at 0xc3 in for 0xa1
03-01 16:54:29.940 23566 23566 E ArmVmp : Match on catch block at 0xc3 in for 0xa5
03-01 16:54:29.943 23566 23566 E ArmVmp : Match on catch block at 0xc3 in for 0xa9
03-01 16:54:29.957 23566 23566 E ArmVmp : Match on catch block at 0xc3 in for 0xa1
03-01 16:54:29.961 23566 23566 E ArmVmp : Match on catch block at 0xc3 in for 0xa5
03-01 16:54:29.973 23566 23566 E ArmVmp : Match on catch block at 0xc3 in for 0xa9
03-01 16:54:29.977 23566 23566 E ArmVmp : Match on catch block at 0xc3 in for 0xa1
03-01 16:54:29.991 23566 23566 E ArmVmp : Match on catch block at 0xc3 in for 0xa5
03-01 16:54:29.993 23566 23566 E ArmVmp : Match on catch block at 0xc3 in for 0xa9
03-01 16:54:30.007 23566 23566 E ArmVmp : Match on catch block at 0xc3 in for 0xa1
03-01 16:54:30.010 23566 23566 E ArmVmp : Match on catch block at 0xc3 in for 0xa5
03-01 16:54:30.024 23566 23566 E ArmVmp : Match on catch block at 0xc3 in for 0xa9
03-01 16:54:30.027 23566 23566 E ArmVmp : Match on catch block at 0xc3 in for 0xa1
03-01 16:54:30.040 23566 23566 E ArmVmp : Match on catch block at 0xc3 in for 0xa5
03-01 16:54:30.044 23566 23566 E ArmVmp : Match on catch block at 0xc3 in for 0xa9
03-01 16:54:30.057 23566 23566 E ArmVmp : Match on catch block at 0xc3 in for 0xa1
03-01 16:54:30.060 23566 23566 E ArmVmp : Match on catch block at 0xc3 in for 0xa5
03-01 16:54:30.074 23566 23566 E ArmVmp : Match on catch block at 0xc3 in for 0xa9
03-01 16:54:30.077 23566 23566 E ArmVmp : Match on catch block at 0xc3 in for 0xa1
03-01 16:54:30.091 23566 23566 E ArmVmp : Match on catch block at 0xc3 in for 0xa5
03-01 16:54:30.094 23566 23566 E ArmVmp : Match on catch block at 0xc3 in for 0xa9
03-01 16:54:30.107 23566 23566 E ArmVmp : Match on catch block at 0xc3 in for 0xa1
03-01 16:54:30.109 23566 23566 E ArmVmp : Match on catch block at 0xc3 in for 0xa5
03-01 16:54:30.123 23566 23566 E ArmVmp : Match on catch block at 0xc3 in for 0xa9
03-01 16:54:30.127 23566 23566 E ArmVmp : Match on catch block at 0xc3 in for 0xa1
03-01 16:54:30.141 23566 23566 E ArmVmp : Match on catch block at 0xc3 in for 0xa5
03-01 16:54:30.145 23566 23566 E ArmVmp : Match on catch block at 0xc3 in for 0xa9
03-01 16:54:30.157 23566 23566 E ArmVmp : Match on catch block at 0xc3 in for 0xa1
03-01 16:54:30.160 23566 23566 E ArmVmp : Match on catch block at 0xc3 in for 0xa5
03-01 16:54:30.174 23566 23566 E ArmVmp : Match on catch block at 0xc3 in for 0xa9
03-01 16:54:30.177 23566 23566 E ArmVmp : Match on catch block at 0xc3 in for 0xa1
03-01 16:54:30.190 23566 23566 E ArmVmp : Match on catch block at 0xc3 in for 0xa5
03-01 16:54:30.194 23566 23566 E ArmVmp : Match on catch block at 0xc3 in for 0xa9
03-01 16:54:30.207 23566 23566 E ArmVmp : Match on catch block at 0xc3 in for 0xa1
03-01 16:54:30.210 23566 23566 E ArmVmp : Match on catch block at 0xc3 in for 0xa5
03-01 16:54:30.224 23566 23566 E ArmVmp : Match on catch block at 0xc3 in for 0xa9
03-01 16:54:30.227 23566 23566 E ArmVmp : Match on catch block at 0xc3 in for 0xa1
03-01 16:54:30.240 23566 23566 E ArmVmp : Match on catch block at 0xc3 in for 0xa5
03-01 16:54:30.244 23566 23566 E ArmVmp : Match on catch block at 0xc3 in for 0xa9
03-01 16:54:30.257 23566 23566 E ArmVmp : Match on catch block at 0xc3 in for 0xa1
03-01 16:54:30.261 23566 23566 E ArmVmp : Match on catch block at 0xc3 in for 0xa5
03-01 16:54:30.274 23566 23566 E ArmVmp : Match on catch block at 0xc3 in for 0xa9
03-01 16:54:30.277 23566 23566 E ArmVmp : Match on catch block at 0xc3 in for 0xa1
03-01 16:54:30.290 23566 23566 E ArmVmp : Match on catch block at 0xc3 in for 0xa5
03-01 16:54:30.294 23566 23566 E ArmVmp : Match on catch block at 0xc3 in for 0xa9
03-01 16:54:30.306 23566 23566 E ArmVmp : Match on catch block at 0xc3 in for 0xa1
03-01 16:54:30.310 23566 23566 E ArmVmp : Match on catch block at 0xc3 in for 0xa5
03-01 16:54:30.324 23566 23566 E ArmVmp : Match on catch block at 0xc3 in for 0xa9
03-01 16:54:30.327 23566 23566 E ArmVmp : Match on catch block at 0xc3 in for 0xa1
03-01 16:54:30.340 23566 23566 E ArmVmp : Match on catch block at 0xc3 in for 0xa5
03-01 16:54:30.344 23566 23566 E ArmVmp : Match on catch block at 0xc3 in for 0xa9
03-01 16:54:30.357 23566 23566 E ArmVmp : Match on catch block at 0xc3 in for 0xa5
03-01 16:54:30.360 23566 23566 E ArmVmp : Match on catch block at 0xc3 in for 0xa9
03-01 16:54:30.373 23566 23566 E ArmVmp : Match on catch block at 0xc3 in for 0xa1
03-01 16:54:30.377 23566 23566 E ArmVmp : Match on catch block at 0xc3 in for 0xa5
03-01 16:54:30.390 23566 23566 E ArmVmp : Match on catch block at 0xc3 in for 0xa9
03-01 16:54:30.393 23566 23566 E ArmVmp : Match on catch block at 0xc3 in for 0xa1
03-01 16:54:30.407 23566 23566 E ArmVmp : Match on catch block at 0xc3 in for 0xa5
03-01 16:54:30.411 23566 23566 E ArmVmp : Match on catch block at 0xc3 in for 0xa9
03-01 16:54:30.424 23566 23566 E ArmVmp : Match on catch block at 0xc3 in for 0xa5
03-01 16:54:30.427 23566 23566 E ArmVmp : Match on catch block at 0xc3 in for 0xa9
03-01 16:54:30.440 23566 23566 E ArmVmp : Match on catch block at 0xc3 in for 0xa9
03-01 16:54:30.443 23566 23566 E ArmVmp : Match on catch block at 0xc3 in for 0xa1
03-01 16:54:30.457 23566 23566 E ArmVmp : Match on catch block at 0xc3 in for 0xa1
03-01 16:54:30.460 23566 23566 E ArmVmp : Match on catch block at 0xc3 in for 0xa5
03-01 16:54:30.473 23566 23566 E ArmVmp : Match on catch block at 0xc3 in for 0xa5
03-01 16:54:30.477 23566 23566 E ArmVmp : Match on catch block at 0xc3 in for 0xa9
03-01 16:54:30.489 23566 23566 E ArmVmp : Match on catch block at 0xc3 in for 0xa1
03-01 16:54:30.493 23566 23566 E ArmVmp : Match on catch block at 0xc3 in for 0xa5
03-01 16:54:30.507 23566 23566 E ArmVmp : Match on catch block at 0xc3 in for 0xa5
03-01 16:54:30.510 23566 23566 E ArmVmp : Match on catch block at 0xc3 in for 0xa9
03-01 16:54:30.523 23566 23566 E ArmVmp : Match on catch block at 0xc3 in for 0xa1
03-01 16:54:30.526 23566 23566 E ArmVmp : Match on catch block at 0xc3 in for 0xa5
03-01 16:54:30.540 23566 23566 E ArmVmp : Match on catch block at 0xc3 in for 0xa5
03-01 16:54:30.543 23566 23566 E ArmVmp : Match on catch block at 0xc3 in for 0xa9
03-01 16:54:30.557 23566 23566 E ArmVmp : Match on catch block at 0xc3 in for 0xa1
03-01 16:54:30.560 23566 23566 E ArmVmp : Match on catch block at 0xc3 in for 0xa5
03-01 16:54:30.573 23566 23566 E ArmVmp : Match on catch block at 0xc3 in for 0xa5
03-01 16:54:30.576 23566 23566 E ArmVmp : Match on catch block at 0xc3 in for 0xa9
03-01 16:54:30.589 23566 23566 E ArmVmp : Match on catch block at 0xc3 in for 0xa9
03-01 16:54:30.593 23566 23566 E ArmVmp : Match on catch block at 0xc3 in for 0xa1
03-01 16:54:30.607 23566 23566 E ArmVmp : Match on catch block at 0xc3 in for 0xa1
03-01 16:54:30.610 23566 23566 E ArmVmp : Match on catch block at 0xc3 in for 0xa5
03-01 16:54:30.623 23566 23566 E ArmVmp : Match on catch block at 0xc3 in for 0xa1
03-01 16:54:30.627 23566 23566 E ArmVmp : Match on catch block at 0xc3 in for 0xa5
03-01 16:54:30.641 23566 23566 E ArmVmp : Match on catch block at 0xc3 in for 0xa5
03-01 16:54:30.644 23566 23566 E ArmVmp : Match on catch block at 0xc3 in for 0xa9
03-01 16:54:30.656 23566 23566 E ArmVmp : Match on catch block at 0xc3 in for 0xa1
03-01 16:54:30.659 23566 23566 E ArmVmp : Match on catch block at 0xc3 in for 0xa5
03-01 16:54:30.674 23566 23566 E ArmVmp : Match on catch block at 0xc3 in for 0xa9
03-01 16:54:30.677 23566 23566 E ArmVmp : Match on catch block at 0xc3 in for 0xa1
03-01 16:54:30.690 23566 23566 E ArmVmp : Match on catch block at 0xc3 in for 0xa9
03-01 16:54:30.693 23566 23566 E ArmVmp : Match on catch block at 0xc3 in for 0xa1
03-01 16:54:30.707 23566 23566 E ArmVmp : Match on catch block at 0xc3 in for 0xa5
03-01 16:54:30.710 23566 23566 E ArmVmp : Match on catch block at 0xc3 in for 0xa9
03-01 16:54:30.723 23566 23566 E ArmVmp : Match on catch block at 0xc3 in for 0xa1
03-01 16:54:30.727 23566 23566 E ArmVmp : Match on catch block at 0xc3 in for 0xa5
03-01 16:54:30.740 23566 23566 E ArmVmp : Match on catch block at 0xc3 in for 0xa9
03-01 16:54:30.744 23566 23566 E ArmVmp : Match on catch block at 0xc3 in for 0xa1
03-01 16:54:30.756 23566 23566 E ArmVmp : Match on catch block at 0xc3 in for 0xa9
03-01 16:54:30.760 23566 23566 E ArmVmp : Match on catch block at 0xc3 in for 0xa1
03-01 16:54:30.773 23566 23566 E ArmVmp : Match on catch block at 0xc3 in for 0xa5
03-01 16:54:30.777 23566 23566 E ArmVmp : Match on catch block at 0xc3 in for 0xa9
03-01 16:54:30.789 23566 23566 E ArmVmp : Match on catch block at 0xc3 in for 0xa1
03-01 16:54:30.793 23566 23566 E ArmVmp : Match on catch block at 0xc3 in for 0xa5
03-01 16:54:30.806 23566 23566 E ArmVmp : Match on catch block at 0xc3 in for 0xa9
03-01 16:54:30.809 23566 23566 E ArmVmp : Match on catch block at 0xc3 in for 0xa1
03-01 16:54:30.823 23566 23566 E ArmVmp : Match on catch block at 0xc3 in for 0xa9
03-01 16:54:30.826 23566 23566 E ArmVmp : Match on catch block at 0xc3 in for 0xa1
03-01 16:54:30.839 23566 23566 E ArmVmp : Match on catch block at 0xc3 in for 0xa1
03-01 16:54:30.843 23566 23566 E ArmVmp : Match on catch block at 0xc3 in for 0xa5
03-01 16:54:30.856 23566 23566 E ArmVmp : Match on catch block at 0xc3 in for 0xa9
03-01 16:54:30.860 23566 23566 E ArmVmp : Match on catch block at 0xc3 in for 0xa1
03-01 16:54:30.873 23566 23566 E ArmVmp : Match on catch block at 0xc3 in for 0xa5
03-01 16:54:30.876 23566 23566 E ArmVmp : Match on catch block at 0xc3 in for 0xa9
03-01 16:54:30.890 23566 23566 E ArmVmp : Match on catch block at 0xc3 in for 0xa5
03-01 16:54:30.893 23566 23566 E ArmVmp : Match on catch block at 0xc3 in for 0xa9
03-01 16:54:30.906 23566 23566 E ArmVmp : Match on catch block at 0xc3 in for 0xa1
03-01 16:54:30.910 23566 23566 E ArmVmp : Match on catch block at 0xc3 in for 0xa5
03-01 16:54:30.923 23566 23566 E ArmVmp : Match on catch block at 0xc3 in for 0xa5
03-01 16:54:30.926 23566 23566 E ArmVmp : Match on catch block at 0xc3 in for 0xa9
03-01 16:54:30.939 23566 23566 E ArmVmp : Match on catch block at 0xc3 in for 0xa1
03-01 16:54:30.943 23566 23566 E ArmVmp : Match on catch block at 0xc3 in for 0xa5
03-01 16:54:30.956 23566 23566 E ArmVmp : Match on catch block at 0xc3 in for 0xa1
03-01 16:54:30.960 23566 23566 E ArmVmp : Match on catch block at 0xc3 in for 0xa5
03-01 16:54:30.973 23566 23566 E ArmVmp : Match on catch block at 0xc3 in for 0xa9
03-01 16:54:30.976 23566 23566 E ArmVmp : Match on catch block at 0xc3 in for 0xa1
03-01 16:54:30.989 23566 23566 E ArmVmp : Match on catch block at 0xc3 in for 0xa5
03-01 16:54:30.992 23566 23566 E ArmVmp : Match on catch block at 0xc3 in for 0xa9
03-01 16:54:31.006 23566 23566 E ArmVmp : Match on catch block at 0xc3 in for 0xa1
03-01 16:54:31.009 23566 23566 E ArmVmp : Match on catch block at 0xc3 in for 0xa5
03-01 16:54:31.024 23566 23566 E ArmVmp : Match on catch block at 0xc3 in for 0xa1
03-01 16:54:31.027 23566 23566 E ArmVmp : Match on catch block at 0xc3 in for 0xa5
03-01 16:54:31.038 23566 23566 E ArmVmp : Match on catch block at 0xc3 in for 0xa5
03-01 16:54:31.042 23566 23566 E ArmVmp : Match on catch block at 0xc3 in for 0xa9
03-01 16:54:31.056 23566 23566 E ArmVmp : Match on catch block at 0xc3 in for 0xa1
03-01 16:54:31.060 23566 23566 E ArmVmp : Match on catch block at 0xc3 in for 0xa5
03-01 16:54:31.073 23566 23566 E ArmVmp : Match on catch block at 0xc3 in for 0xa5
03-01 16:54:31.076 23566 23566 E ArmVmp : Match on catch block at 0xc3 in for 0xa9
03-01 16:54:31.090 23566 23566 E ArmVmp : Match on catch block at 0xc3 in for 0xa5
03-01 16:54:31.093 23566 23566 E ArmVmp : Match on catch block at 0xc3 in for 0xa9
03-01 16:54:31.106 23566 23566 E ArmVmp : Match on catch block at 0xc3 in for 0xa9
03-01 16:54:31.109 23566 23566 E ArmVmp : Match on catch block at 0xc3 in for 0xa1
03-01 16:54:31.123 23566 23566 E ArmVmp : Match on catch block at 0xc3 in for 0xa5
03-01 16:54:31.126 23566 23566 E ArmVmp : Match on catch block at 0xc3 in for 0xa9
03-01 16:54:31.140 23566 23566 E ArmVmp : Match on catch block at 0xc3 in for 0xa1
03-01 16:54:31.144 23566 23566 E ArmVmp : Match on catch block at 0xc3 in for 0xa5
03-01 16:54:31.155 23566 23566 E ArmVmp : Match on catch block at 0xc3 in for 0xa9
03-01 16:54:31.159 23566 23566 E ArmVmp : Match on catch block at 0xc3 in for 0xa1
03-01 16:54:31.173 23566 23566 E ArmVmp : Match on catch block at 0xc3 in for 0xa5
03-01 16:54:31.177 23566 23566 E ArmVmp : Match on catch block at 0xc3 in for 0xa9
03-01 16:54:31.190 23566 23566 E ArmVmp : Match on catch block at 0xc3 in for 0xa1
03-01 16:54:31.192 23566 23566 E ArmVmp : Match on catch block at 0xc3 in for 0xa5
03-01 16:54:31.206 23566 23566 E ArmVmp : Match on catch block at 0xc3 in for 0xa9
03-01 16:54:31.210 23566 23566 E ArmVmp : Match on catch block at 0xc3 in for 0xa1
03-01 16:54:31.224 23566 23566 E ArmVmp : Match on catch block at 0xc3 in for 0xa5
03-01 16:54:31.228 23566 23566 E ArmVmp : Match on catch block at 0xc3 in for 0xa9
03-01 16:54:31.239 23566 23566 E ArmVmp : Match on catch block at 0xc3 in for 0xa1
03-01 16:54:31.242 23566 23566 E ArmVmp : Match on catch block at 0xc3 in for 0xa5
03-01 16:54:31.255 23566 23566 E ArmVmp : Match on catch block at 0xc3 in for 0xa9
03-01 16:54:31.259 23566 23566 E ArmVmp : Match on catch block at 0xc3 in for 0xa1
03-01 16:54:31.273 23566 23566 E ArmVmp : Match on catch block at 0xc3 in for 0xa5
03-01 16:54:31.276 23566 23566 E ArmVmp : Match on catch block at 0xc3 in for 0xa9
03-01 16:54:31.289 23566 23566 E ArmVmp : Match on catch block at 0xc3 in for 0xa1
03-01 16:54:31.292 23566 23566 E ArmVmp : Match on catch block at 0xc3 in for 0xa5
03-01 16:54:31.306 23566 23566 E ArmVmp : Match on catch block at 0xc3 in for 0xa9
03-01 16:54:31.309 23566 23566 E ArmVmp : Match on catch block at 0xc3 in for 0xa1
03-01 16:54:31.322 23566 23566 E ArmVmp : Match on catch block at 0xc3 in for 0xa5
03-01 16:54:31.326 23566 23566 E ArmVmp : Match on catch block at 0xc3 in for 0xa9
03-01 16:54:31.340 23566 23566 E ArmVmp : Match on catch block at 0xc3 in for 0xa1
03-01 16:54:31.343 23566 23566 E ArmVmp : Match on catch block at 0xc3 in for 0xa5
03-01 16:54:31.356 23566 23566 E ArmVmp : Match on catch block at 0xc3 in for 0xa9
03-01 16:54:31.359 23566 23566 E ArmVmp : Match on catch block at 0xc3 in for 0xa1
03-01 16:54:31.372 23566 23566 E ArmVmp : Match on catch block at 0xc3 in for 0xa5
03-01 16:54:31.376 23566 23566 E ArmVmp : Match on catch block at 0xc3 in for 0xa9
03-01 16:54:31.389 23566 23566 E ArmVmp : Match on catch block at 0xc3 in for 0xa1
03-01 16:54:31.392 23566 23566 E ArmVmp : Match on catch block at 0xc3 in for 0xa5
03-01 16:54:31.406 23566 23566 E ArmVmp : Match on catch block at 0xc3 in for 0xa9
03-01 16:54:31.409 23566 23566 E ArmVmp : Match on catch block at 0xc3 in for 0xa1
03-01 16:54:31.422 23566 23566 E ArmVmp : Match on catch block at 0xc3 in for 0xa1
03-01 16:54:31.425 23566 23566 E ArmVmp : Match on catch block at 0xc3 in for 0xa5
03-01 16:54:31.440 23566 23566 E ArmVmp : Match on catch block at 0xc3 in for 0xa9
03-01 16:54:31.443 23566 23566 E ArmVmp : Match on catch block at 0xc3 in for 0xa1
03-01 16:54:31.456 23566 23566 E ArmVmp : Match on catch block at 0xc3 in for 0xa5
03-01 16:54:31.459 23566 23566 E ArmVmp : Match on catch block at 0xc3 in for 0xa9
03-01 16:54:31.473 23566 23566 E ArmVmp : Match on catch block at 0xc3 in for 0xa9
03-01 16:54:31.476 23566 23566 E ArmVmp : Match on catch block at 0xc3 in for 0xa1
03-01 16:54:31.489 23566 23566 E ArmVmp : Match on catch block at 0xc3 in for 0xa1
03-01 16:54:31.492 23566 23566 E ArmVmp : Match on catch block at 0xc3 in for 0xa5
03-01 16:54:31.505 23566 23566 E ArmVmp : Match on catch block at 0xc3 in for 0xa5
03-01 16:54:31.508 23566 23566 E ArmVmp : Match on catch block at 0xc3 in for 0xa9
03-01 16:54:31.522 23566 23566 E ArmVmp : Match on catch block at 0xc3 in for 0xa9
03-01 16:54:31.526 23566 23566 E ArmVmp : Match on catch block at 0xc3 in for 0xa1
03-01 16:54:31.538 23566 23566 E ArmVmp : Match on catch block at 0xc3 in for 0xa1
03-01 16:54:31.542 23566 23566 E ArmVmp : Match on catch block at 0xc3 in for 0xa5
03-01 16:54:31.555 23566 23566 E ArmVmp : Match on catch block at 0xc3 in for 0xa5
03-01 16:54:31.559 23566 23566 E ArmVmp : Match on catch block at 0xc3 in for 0xa9
03-01 16:54:31.572 23566 23566 E ArmVmp : Match on catch block at 0xc3 in for 0xa9
03-01 16:54:31.576 23566 23566 E ArmVmp : Match on catch block at 0xc3 in for 0xa1
03-01 16:54:31.589 23566 23566 E ArmVmp : Match on catch block at 0xc3 in for 0xa1
03-01 16:54:31.592 23566 23566 E ArmVmp : Match on catch block at 0xc3 in for 0xa5
03-01 16:54:31.606 23566 23566 E ArmVmp : Match on catch block at 0xc3 in for 0xa5
03-01 16:54:31.609 23566 23566 E ArmVmp : Match on catch block at 0xc3 in for 0xa9
03-01 16:54:31.622 23566 23566 E ArmVmp : Match on catch block at 0xc3 in for 0xa9
03-01 16:54:31.626 23566 23566 E ArmVmp : Match on catch block at 0xc3 in for 0xa1
03-01 16:54:31.639 23566 23566 E ArmVmp : Match on catch block at 0xc3 in for 0xa1
03-01 16:54:31.642 23566 23566 E ArmVmp : Match on catch block at 0xc3 in for 0xa5
03-01 16:54:31.655 23566 23566 E ArmVmp : Match on catch block at 0xc3 in for 0xa5
03-01 16:54:31.659 23566 23566 E ArmVmp : Match on catch block at 0xc3 in for 0xa9
03-01 16:54:31.672 23566 23566 E ArmVmp : Match on catch block at 0xc3 in for 0xa9
03-01 16:54:31.675 23566 23566 E ArmVmp : Match on catch block at 0xc3 in for 0xa1
03-01 16:54:31.689 23566 23566 E ArmVmp : Match on catch block at 0xc3 in for 0xa1
03-01 16:54:31.692 23566 23566 E ArmVmp : Match on catch block at 0xc3 in for 0xa5
03-01 16:54:31.705 23566 23566 E ArmVmp : Match on catch block at 0xc3 in for 0xa5
03-01 16:54:31.708 23566 23566 E ArmVmp : Match on catch block at 0xc3 in for 0xa9
03-01 16:54:31.722 23566 23566 E ArmVmp : Match on catch block at 0xc3 in for 0xa9
03-01 16:54:31.725 23566 23566 E ArmVmp : Match on catch block at 0xc3 in for 0xa1
03-01 16:54:31.739 23566 23566 E ArmVmp : Match on catch block at 0xc3 in for 0xa1
03-01 16:54:31.742 23566 23566 E ArmVmp : Match on catch block at 0xc3 in for 0xa5
03-01 16:54:31.755 23566 23566 E ArmVmp : Match on catch block at 0xc3 in for 0xa5
03-01 16:54:31.759 23566 23566 E ArmVmp : Match on catch block at 0xc3 in for 0xa9
03-01 16:54:31.772 23566 23566 E ArmVmp : Match on catch block at 0xc3 in for 0xa9
03-01 16:54:31.775 23566 23566 E ArmVmp : Match on catch block at 0xc3 in for 0xa1
03-01 16:54:31.789 23566 23566 E ArmVmp : Match on catch block at 0xc3 in for 0xa5
03-01 16:54:31.792 23566 23566 E ArmVmp : Match on catch block at 0xc3 in for 0xa9
03-01 16:54:31.805 23566 23566 E ArmVmp : Match on catch block at 0xc3 in for 0xa9
03-01 16:54:31.808 23566 23566 E ArmVmp : Match on catch block at 0xc3 in for 0xa1
03-01 16:54:31.821 23566 23566 E ArmVmp : Match on catch block at 0xc3 in for 0xa1
03-01 16:54:31.824 23566 23566 E ArmVmp : Match on catch block at 0xc3 in for 0xa5
03-01 16:54:31.838 23566 23566 E ArmVmp : Match on catch block at 0xc3 in for 0xa5
03-01 16:54:31.841 23566 23566 E ArmVmp : Match on catch block at 0xc3 in for 0xa9
03-01 16:54:31.855 23566 23566 E ArmVmp : Match on catch block at 0xc3 in for 0xa1
03-01 16:54:31.858 23566 23566 E ArmVmp : Match on catch block at 0xc3 in for 0xa5
03-01 16:54:31.872 23566 23566 E ArmVmp : Match on catch block at 0xc3 in for 0xa5
03-01 16:54:31.875 23566 23566 E ArmVmp : Match on catch block at 0xc3 in for 0xa9
03-01 16:54:31.888 23566 23566 E ArmVmp : Match on catch block at 0xc3 in for 0xa9
03-01 16:54:31.891 23566 23566 E ArmVmp : Match on catch block at 0xc3 in for 0xa1
03-01 16:54:31.906 23566 23566 E ArmVmp : Match on catch block at 0xc3 in for 0xa9
03-01 16:54:31.909 23566 23566 E ArmVmp : Match on catch block at 0xc3 in for 0xa1
03-01 16:54:31.922 23566 23566 E ArmVmp : Match on catch block at 0xc3 in for 0xa5
03-01 16:54:31.924 23566 23566 E ArmVmp : Match on catch block at 0xc3 in for 0xa9
03-01 16:54:31.938 23566 23566 E ArmVmp : Match on catch block at 0xc3 in for 0xa9
03-01 16:54:31.942 23566 23566 E ArmVmp : Match on catch block at 0xc3 in for 0xa1
03-01 16:54:31.955 23566 23566 E ArmVmp : Match on catch block at 0xc3 in for 0xa5
03-01 16:54:31.958 23566 23566 E ArmVmp : Match on catch block at 0xc3 in for 0xa9
03-01 16:54:31.972 23566 23566 E ArmVmp : Match on catch block at 0xc3 in for 0xa1
03-01 16:54:31.975 23566 23566 E ArmVmp : Match on catch block at 0xc3 in for 0xa5
03-01 16:54:31.988 23566 23566 E ArmVmp : Match on catch block at 0xc3 in for 0xa9
03-01 16:54:31.992 23566 23566 E ArmVmp : Match on catch block at 0xc3 in for 0xa1
03-01 16:54:32.005 23566 23566 E ArmVmp : Match on catch block at 0xc3 in for 0xa5
03-01 16:54:32.008 23566 23566 E ArmVmp : Match on catch block at 0xc3 in for 0xa9
03-01 16:54:32.022 23566 23566 E ArmVmp : Match on catch block at 0xc3 in for 0xa1
03-01 16:54:32.025 23566 23566 E ArmVmp : Match on catch block at 0xc3 in for 0xa5
03-01 16:54:32.039 23566 23566 E ArmVmp : Match on catch block at 0xc3 in for 0xa9
03-01 16:54:32.042 23566 23566 E ArmVmp : Match on catch block at 0xc3 in for 0xa1
03-01 16:54:32.055 23566 23566 E ArmVmp : Match on catch block at 0xc3 in for 0xa1
03-01 16:54:32.057 23566 23566 E ArmVmp : Match on catch block at 0xc3 in for 0xa5
03-01 16:54:32.072 23566 23566 E ArmVmp : Match on catch block at 0xc3 in for 0xa5
03-01 16:54:32.075 23566 23566 E ArmVmp : Match on catch block at 0xc3 in for 0xa9
03-01 16:54:32.089 23566 23566 E ArmVmp : Match on catch block at 0xc3 in for 0xa9
03-01 16:54:32.092 23566 23566 E ArmVmp : Match on catch block at 0xc3 in for 0xa1
03-01 16:54:32.105 23566 23566 E ArmVmp : Match on catch block at 0xc3 in for 0xa1
03-01 16:54:32.108 23566 23566 E ArmVmp : Match on catch block at 0xc3 in for 0xa5
03-01 16:54:32.121 23566 23566 E ArmVmp : Match on catch block at 0xc3 in for 0xa5
03-01 16:54:32.125 23566 23566 E ArmVmp : Match on catch block at 0xc3 in for 0xa9
03-01 16:54:32.138 23566 23566 E ArmVmp : Match on catch block at 0xc3 in for 0xa9
03-01 16:54:32.141 23566 23566 E ArmVmp : Match on catch block at 0xc3 in for 0xa1
03-01 16:54:32.155 23566 23566 E ArmVmp : Match on catch block at 0xc3 in for 0xa1
03-01 16:54:32.158 23566 23566 E ArmVmp : Match on catch block at 0xc3 in for 0xa5
03-01 16:54:32.172 23566 23566 E ArmVmp : Match on catch block at 0xc3 in for 0xa5
03-01 16:54:32.175 23566 23566 E ArmVmp : Match on catch block at 0xc3 in for 0xa9
03-01 16:54:32.188 23566 23566 E ArmVmp : Match on catch block at 0xc3 in for 0xa9
03-01 16:54:32.192 23566 23566 E ArmVmp : Match on catch block at 0xc3 in for 0xa1
03-01 16:54:32.205 23566 23566 E ArmVmp : Match on catch block at 0xc3 in for 0xa1
03-01 16:54:32.208 23566 23566 E ArmVmp : Match on catch block at 0xc3 in for 0xa5
03-01 16:54:32.222 23566 23566 E ArmVmp : Match on catch block at 0xc3 in for 0xa9
03-01 16:54:32.226 23566 23566 E ArmVmp : Match on catch block at 0xc3 in for 0xa1
03-01 16:54:32.238 23566 23566 E ArmVmp : Match on catch block at 0xc3 in for 0xa1
03-01 16:54:32.241 23566 23566 E ArmVmp : Match on catch block at 0xc3 in for 0xa5
03-01 16:54:32.255 23566 23566 E ArmVmp : Match on catch block at 0xc3 in for 0xa9
03-01 16:54:32.259 23566 23566 E ArmVmp : Match on catch block at 0xc3 in for 0xa1
03-01 16:54:32.272 23566 23566 E ArmVmp : Match on catch block at 0xc3 in for 0xa1
03-01 16:54:32.275 23566 23566 E ArmVmp : Match on catch block at 0xc3 in for 0xa5
03-01 16:54:32.289 23566 23566 E ArmVmp : Match on catch block at 0xc3 in for 0xa9
03-01 16:54:32.292 23566 23566 E ArmVmp : Match on catch block at 0xc3 in for 0xa1
03-01 16:54:32.306 23566 23566 E ArmVmp : Match on catch block at 0xc3 in for 0xa5
03-01 16:54:32.309 23566 23566 E ArmVmp : Match on catch block at 0xc3 in for 0xa9
03-01 16:54:32.322 23566 23566 E ArmVmp : Match on catch block at 0xc3 in for 0xa1
03-01 16:54:32.325 23566 23566 E ArmVmp : Match on catch block at 0xc3 in for 0xa5
03-01 16:54:32.338 23566 23566 E ArmVmp : Match on catch block at 0xc3 in for 0xa5
03-01 16:54:32.341 23566 23566 E ArmVmp : Match on catch block at 0xc3 in for 0xa9
03-01 16:54:32.355 23566 23566 E ArmVmp : Match on catch block at 0xc3 in for 0xa1
03-01 16:54:32.359 23566 23566 E ArmVmp : Match on catch block at 0xc3 in for 0xa5
03-01 16:54:32.372 23566 23566 E ArmVmp : Match on catch block at 0xc3 in for 0xa9
03-01 16:54:32.375 23566 23566 E ArmVmp : Match on catch block at 0xc3 in for 0xa1
03-01 16:54:32.388 23566 23566 E ArmVmp : Match on catch block at 0xc3 in for 0xa1
03-01 16:54:32.391 23566 23566 E ArmVmp : Match on catch block at 0xc3 in for 0xa5
03-01 16:54:32.405 23566 23566 E ArmVmp : Match on catch block at 0xc3 in for 0xa9
03-01 16:54:32.409 23566 23566 E ArmVmp : Match on catch block at 0xc3 in for 0xa1
03-01 16:54:32.421 23566 23566 E ArmVmp : Match on catch block at 0xc3 in for 0xa5
03-01 16:54:32.424 23566 23566 E ArmVmp : Match on catch block at 0xc3 in for 0xa9
03-01 16:54:32.438 23566 23566 E ArmVmp : Match on catch block at 0xc3 in for 0xa1
03-01 16:54:32.442 23566 23566 E ArmVmp : Match on catch block at 0xc3 in for 0xa5
03-01 16:54:32.455 23566 23566 E ArmVmp : Match on catch block at 0xc3 in for 0xa9
03-01 16:54:32.458 23566 23566 E ArmVmp : Match on catch block at 0xc3 in for 0xa1
03-01 16:54:32.472 23566 23566 E ArmVmp : Match on catch block at 0xc3 in for 0xa1
03-01 16:54:32.475 23566 23566 E ArmVmp : Match on catch block at 0xc3 in for 0xa5
03-01 16:54:32.488 23566 23566 E ArmVmp : Match on catch block at 0xc3 in for 0xa5
03-01 16:54:32.491 23566 23566 E ArmVmp : Match on catch block at 0xc3 in for 0xa9
03-01 16:54:32.505 23566 23566 E ArmVmp : Match on catch block at 0xc3 in for 0xa9
03-01 16:54:32.508 23566 23566 E ArmVmp : Match on catch block at 0xc3 in for 0xa1
03-01 16:54:32.521 23566 23566 E ArmVmp : Match on catch block at 0xc3 in for 0xa1
03-01 16:54:32.524 23566 23566 E ArmVmp : Match on catch block at 0xc3 in for 0xa5
03-01 16:54:32.538 23566 23566 E ArmVmp : Match on catch block at 0xc3 in for 0xa9
03-01 16:54:32.542 23566 23566 E ArmVmp : Match on catch block at 0xc3 in for 0xa1
03-01 16:54:32.556 23566 23566 E ArmVmp : Match on catch block at 0xc3 in for 0xa5
03-01 16:54:32.559 23566 23566 E ArmVmp : Match on catch block at 0xc3 in for 0xa9
03-01 16:54:32.572 23566 23566 E ArmVmp : Match on catch block at 0xc3 in for 0xa1
03-01 16:54:32.575 23566 23566 E ArmVmp : Match on catch block at 0xc3 in for 0xa5
03-01 16:54:32.588 23566 23566 E ArmVmp : Match on catch block at 0xc3 in for 0xa9
03-01 16:54:32.592 23566 23566 E ArmVmp : Match on catch block at 0xc3 in for 0xa1
03-01 16:54:32.605 23566 23566 E ArmVmp : Match on catch block at 0xc3 in for 0xa5
03-01 16:54:32.608 23566 23566 E ArmVmp : Match on catch block at 0xc3 in for 0xa9
03-01 16:54:32.621 23566 23566 E ArmVmp : Match on catch block at 0xc3 in for 0xa1
03-01 16:54:32.625 23566 23566 E ArmVmp : Match on catch block at 0xc3 in for 0xa5
03-01 16:54:32.639 23566 23566 E ArmVmp : Match on catch block at 0xc3 in for 0xa9
03-01 16:54:32.642 23566 23566 E ArmVmp : Match on catch block at 0xc3 in for 0xa1
03-01 16:54:32.655 23566 23566 E ArmVmp : Match on catch block at 0xc3 in for 0xa5
03-01 16:54:32.658 23566 23566 E ArmVmp : Match on catch block at 0xc3 in for 0xa9
03-01 16:54:32.673 23566 23566 E ArmVmp : Match on catch block at 0xc3 in for 0xa1
03-01 16:54:32.676 23566 23566 E ArmVmp : Match on catch block at 0xc3 in for 0xa5
03-01 16:54:32.688 23566 23566 E ArmVmp : Match on catch block at 0xc3 in for 0xa9
03-01 16:54:32.691 23566 23566 E ArmVmp : Match on catch block at 0xc3 in for 0xa1
03-01 16:54:32.705 23566 23566 E ArmVmp : Match on catch block at 0xc3 in for 0xa5
03-01 16:54:32.708 23566 23566 E ArmVmp : Match on catch block at 0xc3 in for 0xa9
03-01 16:54:32.722 23566 23566 E ArmVmp : Match on catch block at 0xc3 in for 0xa1
03-01 16:54:32.725 23566 23566 E ArmVmp : Match on catch block at 0xc3 in for 0xa5
03-01 16:54:32.739 23566 23566 E ArmVmp : Match on catch block at 0xc3 in for 0xa9
03-01 16:54:32.742 23566 23566 E ArmVmp : Match on catch block at 0xc3 in for 0xa1
03-01 16:54:32.755 23566 23566 E ArmVmp : Match on catch block at 0xc3 in for 0xa5
03-01 16:54:32.758 23566 23566 E ArmVmp : Match on catch block at 0xc3 in for 0xa9
03-01 16:54:32.771 23566 23566 E ArmVmp : Match on catch block at 0xc3 in for 0xa9
03-01 16:54:32.774 23566 23566 E ArmVmp : Match on catch block at 0xc3 in for 0xa1
03-01 16:54:32.789 23566 23566 E ArmVmp : Match on catch block at 0xc3 in for 0xa5
03-01 16:54:32.792 23566 23566 E ArmVmp : Match on catch block at 0xc3 in for 0xa9
03-01 16:54:32.805 23566 23566 E ArmVmp : Match on catch block at 0xc3 in for 0xa1
03-01 16:54:32.809 23566 23566 E ArmVmp : Match on catch block at 0xc3 in for 0xa5
03-01 16:54:32.822 23566 23566 E ArmVmp : Match on catch block at 0xc3 in for 0xa9
03-01 16:54:32.825 23566 23566 E ArmVmp : Match on catch block at 0xc3 in for 0xa1
03-01 16:54:32.839 23566 23566 E ArmVmp : Match on catch block at 0xc3 in for 0xa5
03-01 16:54:32.842 23566 23566 E ArmVmp : Match on catch block at 0xc3 in for 0xa9
03-01 16:54:32.855 23566 23566 E ArmVmp : Match on catch block at 0xc3 in for 0xa1
03-01 16:54:32.858 23566 23566 E ArmVmp : Match on catch block at 0xc3 in for 0xa5
03-01 16:54:32.872 23566 23566 E ArmVmp : Match on catch block at 0xc3 in for 0xa9
03-01 16:54:32.875 23566 23566 E ArmVmp : Match on catch block at 0xc3 in for 0xa1
03-01 16:54:32.888 23566 23566 E ArmVmp : Match on catch block at 0xc3 in for 0xa5
03-01 16:54:32.892 23566 23566 E ArmVmp : Match on catch block at 0xc3 in for 0xa9
03-01 16:54:32.904 23566 23566 E ArmVmp : Match on catch block at 0xc3 in for 0xa1
03-01 16:54:32.907 23566 23566 E ArmVmp : Match on catch block at 0xc3 in for 0xa5
03-01 16:54:32.921 23566 23566 E ArmVmp : Match on catch block at 0xc3 in for 0xa5
03-01 16:54:32.925 23566 23566 E ArmVmp : Match on catch block at 0xc3 in for 0xa9
03-01 16:54:32.937 23566 23566 E ArmVmp : Match on catch block at 0xc3 in for 0xa9
03-01 16:54:32.941 23566 23566 E ArmVmp : Match on catch block at 0xc3 in for 0xa1
03-01 16:54:32.955 23566 23566 E ArmVmp : Match on catch block at 0xc3 in for 0xa5
03-01 16:54:32.958 23566 23566 E ArmVmp : Match on catch block at 0xc3 in for 0xa9
03-01 16:54:32.972 23566 23566 E ArmVmp : Match on catch block at 0xc3 in for 0xa1
03-01 16:54:32.975 23566 23566 E ArmVmp : Match on catch block at 0xc3 in for 0xa5
03-01 16:54:32.988 23566 23566 E ArmVmp : Match on catch block at 0xc3 in for 0xa5
03-01 16:54:32.991 23566 23566 E ArmVmp : Match on catch block at 0xc3 in for 0xa9
03-01 16:54:33.004 23566 23566 E ArmVmp : Match on catch block at 0xc3 in for 0xa9
03-01 16:54:33.007 23566 23566 E ArmVmp : Match on catch block at 0xc3 in for 0xa1
03-01 16:54:33.021 23566 23566 E ArmVmp : Match on catch block at 0xc3 in for 0xa1
03-01 16:54:33.024 23566 23566 E ArmVmp : Match on catch block at 0xc3 in for 0xa5
03-01 16:54:33.037 23566 23566 E ArmVmp : Match on catch block at 0xc3 in for 0xa5
03-01 16:54:33.040 23566 23566 E ArmVmp : Match on catch block at 0xc3 in for 0xa9
03-01 16:54:33.055 23566 23566 E ArmVmp : Match on catch block at 0xc3 in for 0xa1
03-01 16:54:33.058 23566 23566 E ArmVmp : Match on catch block at 0xc3 in for 0xa5
03-01 16:54:33.072 23566 23566 E ArmVmp : Match on catch block at 0xc3 in for 0xa9
03-01 16:54:33.075 23566 23566 E ArmVmp : Match on catch block at 0xc3 in for 0xa1
03-01 16:54:33.088 23566 23566 E ArmVmp : Match on catch block at 0xc3 in for 0xa5
03-01 16:54:33.091 23566 23566 E ArmVmp : Match on catch block at 0xc3 in for 0xa9
03-01 16:54:33.105 23566 23566 E ArmVmp : Match on catch block at 0xc3 in for 0xa1
03-01 16:54:33.107 23566 23566 E ArmVmp : Match on catch block at 0xc3 in for 0xa5
03-01 16:54:33.122 23566 23566 E ArmVmp : Match on catch block at 0xc3 in for 0xa9
03-01 16:54:33.124 23566 23566 E ArmVmp : Match on catch block at 0xc3 in for 0xa1
03-01 16:54:33.138 23566 23566 E ArmVmp : Match on catch block at 0xc3 in for 0xa5
03-01 16:54:33.141 23566 23566 E ArmVmp : Match on catch block at 0xc3 in for 0xa9
03-01 16:54:33.154 23566 23566 E ArmVmp : Match on catch block at 0xc3 in for 0xa9
03-01 16:54:33.157 23566 23566 E ArmVmp : Match on catch block at 0xc3 in for 0xa1
03-01 16:54:33.172 23566 23566 E ArmVmp : Match on catch block at 0xc3 in for 0xa9
03-01 16:54:33.175 23566 23566 E ArmVmp : Match on catch block at 0xc3 in for 0xa1
03-01 16:54:33.188 23566 23566 E ArmVmp : Match on catch block at 0xc3 in for 0xa5
03-01 16:54:33.190 23566 23566 E ArmVmp : Match on catch block at 0xc3 in for 0xa9
03-01 16:54:33.204 23566 23566 E ArmVmp : Match on catch block at 0xc3 in for 0xa9
03-01 16:54:33.207 23566 23566 E ArmVmp : Match on catch block at 0xc3 in for 0xa1
03-01 16:54:33.222 23566 23566 E ArmVmp : Match on catch block at 0xc3 in for 0xa5
03-01 16:54:33.225 23566 23566 E ArmVmp : Match on catch block at 0xc3 in for 0xa9
03-01 16:54:33.237 23566 23566 E ArmVmp : Match on catch block at 0xc3 in for 0xa9
03-01 16:54:33.241 23566 23566 E ArmVmp : Match on catch block at 0xc3 in for 0xa1
03-01 16:54:33.254 23566 23566 E ArmVmp : Match on catch block at 0xc3 in for 0xa1
03-01 16:54:33.257 23566 23566 E ArmVmp : Match on catch block at 0xc3 in for 0xa5
03-01 16:54:33.270 23566 23566 E ArmVmp : Match on catch block at 0xc3 in for 0xa5
03-01 16:54:33.273 23566 23566 E ArmVmp : Match on catch block at 0xc3 in for 0xa9
03-01 16:54:33.288 23566 23566 E ArmVmp : Match on catch block at 0xc3 in for 0xa1
03-01 16:54:33.291 23566 23566 E ArmVmp : Match on catch block at 0xc3 in for 0xa5
03-01 16:54:33.304 23566 23566 E ArmVmp : Match on catch block at 0xc3 in for 0xa5
03-01 16:54:33.307 23566 23566 E ArmVmp : Match on catch block at 0xc3 in for 0xa9
03-01 16:54:33.321 23566 23566 E ArmVmp : Match on catch block at 0xc3 in for 0xa9
03-01 16:54:33.323 23566 23566 E ArmVmp : Match on catch block at 0xc3 in for 0xa1
03-01 16:54:33.337 23566 23566 E ArmVmp : Match on catch block at 0xc3 in for 0xa1
03-01 16:54:33.340 23566 23566 E ArmVmp : Match on catch block at 0xc3 in for 0xa5
03-01 16:54:33.355 23566 23566 E ArmVmp : Match on catch block at 0xc3 in for 0xa9
03-01 16:54:33.357 23566 23566 E ArmVmp : Match on catch block at 0xc3 in for 0xa1
03-01 16:54:33.371 23566 23566 E ArmVmp : Match on catch block at 0xc3 in for 0xa1
03-01 16:54:33.374 23566 23566 E ArmVmp : Match on catch block at 0xc3 in for 0xa5
03-01 16:54:33.387 23566 23566 E ArmVmp : Match on catch block at 0xc3 in for 0xa5
03-01 16:54:33.390 23566 23566 E ArmVmp : Match on catch block at 0xc3 in for 0xa9
03-01 16:54:33.404 23566 23566 E ArmVmp : Match on catch block at 0xc3 in for 0xa9
03-01 16:54:33.407 23566 23566 E ArmVmp : Match on catch block at 0xc3 in for 0xa1
03-01 16:54:33.421 23566 23566 E ArmVmp : Match on catch block at 0xc3 in for 0xa1
03-01 16:54:33.423 23566 23566 E ArmVmp : Match on catch block at 0xc3 in for 0xa5
03-01 16:54:33.438 23566 23566 E ArmVmp : Match on catch block at 0xc3 in for 0xa5
03-01 16:54:33.440 23566 23566 E ArmVmp : Match on catch block at 0xc3 in for 0xa9
03-01 16:54:33.455 23566 23566 E ArmVmp : Match on catch block at 0xc3 in for 0xa9
03-01 16:54:33.458 23566 23566 E ArmVmp : Match on catch block at 0xc3 in for 0xa1
03-01 16:54:33.472 23566 23566 E ArmVmp : Match on catch block at 0xc3 in for 0xa1
03-01 16:54:33.475 23566 23566 E ArmVmp : Match on catch block at 0xc3 in for 0xa5
03-01 16:54:33.488 23566 23566 E ArmVmp : Match on catch block at 0xc3 in for 0xa5
