03-02 00:07:35.060 14571 14571 E ArmVmp : Match on catch block at 0xc3 in for 0xa5
03-02 00:07:35.075 14571 14571 E ArmVmp : Match on catch block at 0xc3 in for 0xa5
03-02 00:07:35.077 14571 14571 E ArmVmp : Match on catch block at 0xc3 in for 0xa9
03-02 00:07:35.093 14571 14571 E ArmVmp : Match on catch block at 0xc3 in for 0xa9
03-02 00:07:35.096 14571 14571 E ArmVmp : Match on catch block at 0xc3 in for 0xa1
03-02 00:07:35.158 14571 14571 E ArmVmp : Match on catch block at 0xc3 in for 0xa5
03-02 00:07:35.161 14571 14571 E ArmVmp : Match on catch block at 0xc3 in for 0xa9
03-02 00:07:35.275 14571 14571 E ArmVmp : Match on catch block at 0xc3 in for 0xa1
03-02 00:07:35.277 14571 14571 E ArmVmp : Match on catch block at 0xc3 in for 0xa5
03-02 00:07:35.342 14571 14571 E ArmVmp : Match on catch block at 0xc3 in for 0xa9
03-02 00:07:35.344 14571 14571 E ArmVmp : Match on catch block at 0xc3 in for 0xa1
03-02 00:07:35.512 14571 14571 E ArmVmp : Match on catch block at 0xc3 in for 0xa5
03-02 00:07:35.514 14571 14571 E ArmVmp : Match on catch block at 0xc3 in for 0xa9
03-02 00:07:35.526 14571 14571 E ArmVmp : Match on catch block at 0xc3 in for 0xa9
03-02 00:07:35.529 14571 14571 E ArmVmp : Match on catch block at 0xc3 in for 0xa1
03-02 00:07:35.542 14571 14571 E ArmVmp : Match on catch block at 0xc3 in for 0xa1
03-02 00:07:35.545 14571 14571 E ArmVmp : Match on catch block at 0xc3 in for 0xa5
03-02 00:07:35.558 14571 14571 E ArmVmp : Match on catch block at 0xc3 in for 0xa5
03-02 00:07:35.560 14571 14571 E ArmVmp : Match on catch block at 0xc3 in for 0xa9
03-02 00:07:35.575 14571 14571 E ArmVmp : Match on catch block at 0xc3 in for 0xa9
03-02 00:07:35.577 14571 14571 E ArmVmp : Match on catch block at 0xc3 in for 0xa1
03-02 00:07:35.591 14571 14571 E ArmVmp : Match on catch block at 0xc3 in for 0xa1
03-02 00:07:35.594 14571 14571 E ArmVmp : Match on catch block at 0xc3 in for 0xa5
03-02 00:07:35.608 14571 14571 E ArmVmp : Match on catch block at 0xc3 in for 0xa5
03-02 00:07:35.610 14571 14571 E ArmVmp : Match on catch block at 0xc3 in for 0xa9
03-02 00:07:35.628 14571 14571 E ArmVmp : Match on catch block at 0xc3 in for 0xa1
03-02 00:07:35.630 14571 14571 E ArmVmp : Match on catch block at 0xc3 in for 0xa5
03-02 00:07:35.641 14571 14571 E ArmVmp : Match on catch block at 0xc3 in for 0xa5
03-02 00:07:35.644 14571 14571 E ArmVmp : Match on catch block at 0xc3 in for 0xa9
03-02 00:07:35.658 14571 14571 E ArmVmp : Match on catch block at 0xc3 in for 0xa9
03-02 00:07:35.660 14571 14571 E ArmVmp : Match on catch block at 0xc3 in for 0xa1
03-02 00:07:35.675 14571 14571 E ArmVmp : Match on catch block at 0xc3 in for 0xa1
03-02 00:07:35.677 14571 14571 E ArmVmp : Match on catch block at 0xc3 in for 0xa5
03-02 00:07:35.692 14571 14571 E ArmVmp : Match on catch block at 0xc3 in for 0xa9
03-02 00:07:35.694 14571 14571 E ArmVmp : Match on catch block at 0xc3 in for 0xa1
03-02 00:07:35.708 14571 14571 E ArmVmp : Match on catch block at 0xc3 in for 0xa1
03-02 00:07:35.710 14571 14571 E ArmVmp : Match on catch block at 0xc3 in for 0xa5
03-02 00:07:35.726 14571 14571 E ArmVmp : Match on catch block at 0xc3 in for 0xa5
03-02 00:07:35.729 14571 14571 E ArmVmp : Match on catch block at 0xc3 in for 0xa9
03-02 00:07:35.742 14571 14571 E ArmVmp : Match on catch block at 0xc3 in for 0xa1
03-02 00:07:35.744 14571 14571 E ArmVmp : Match on catch block at 0xc3 in for 0xa5
03-02 00:07:35.758 14571 14571 E ArmVmp : Match on catch block at 0xc3 in for 0xa5
03-02 00:07:35.760 14571 14571 E ArmVmp : Match on catch block at 0xc3 in for 0xa9
03-02 00:07:35.775 14571 14571 E ArmVmp : Match on catch block at 0xc3 in for 0xa9
03-02 00:07:35.777 14571 14571 E ArmVmp : Match on catch block at 0xc3 in for 0xa1
03-02 00:07:35.791 14571 14571 E ArmVmp : Match on catch block at 0xc3 in for 0xa1
03-02 00:07:35.793 14571 14571 E ArmVmp : Match on catch block at 0xc3 in for 0xa5
03-02 00:07:35.808 14571 14571 E ArmVmp : Match on catch block at 0xc3 in for 0xa5
03-02 00:07:35.810 14571 14571 E ArmVmp : Match on catch block at 0xc3 in for 0xa9
03-02 00:07:35.825 14571 14571 E ArmVmp : Match on catch block at 0xc3 in for 0xa9
03-02 00:07:35.827 14571 14571 E ArmVmp : Match on catch block at 0xc3 in for 0xa1
03-02 00:07:35.841 14571 14571 E ArmVmp : Match on catch block at 0xc3 in for 0xa1
03-02 00:07:35.843 14571 14571 E ArmVmp : Match on catch block at 0xc3 in for 0xa5
03-02 00:07:35.859 14571 14571 E ArmVmp : Match on catch block at 0xc3 in for 0xa9
03-02 00:07:35.862 14571 14571 E ArmVmp : Match on catch block at 0xc3 in for 0xa1
03-02 00:07:35.874 14571 14571 E ArmVmp : Match on catch block at 0xc3 in for 0xa1
03-02 00:07:35.877 14571 14571 E ArmVmp : Match on catch block at 0xc3 in for 0xa5
03-02 00:07:35.891 14571 14571 E ArmVmp : Match on catch block at 0xc3 in for 0xa5
03-02 00:07:35.893 14571 14571 E ArmVmp : Match on catch block at 0xc3 in for 0xa9
03-02 00:07:35.908 14571 14571 E ArmVmp : Match on catch block at 0xc3 in for 0xa9
03-02 00:07:35.910 14571 14571 E ArmVmp : Match on catch block at 0xc3 in for 0xa1
03-02 00:07:35.924 14571 14571 E ArmVmp : Match on catch block at 0xc3 in for 0xa1
03-02 00:07:35.926 14571 14571 E ArmVmp : Match on catch block at 0xc3 in for 0xa5
03-02 00:07:35.974 14571 14571 E ArmVmp : Match on catch block at 0xc3 in for 0xa1
03-02 00:07:35.978 14571 14571 E ArmVmp : Match on catch block at 0xc3 in for 0xa5
03-02 00:07:35.991 14571 14571 E ArmVmp : Match on catch block at 0xc3 in for 0xa5
03-02 00:07:35.995 14571 14571 E ArmVmp : Match on catch block at 0xc3 in for 0xa9
03-02 00:07:36.008 14571 14571 E ArmVmp : Match on catch block at 0xc3 in for 0xa9
03-02 00:07:36.010 14571 14571 E ArmVmp : Match on catch block at 0xc3 in for 0xa1
03-02 00:07:36.025 14571 14571 E ArmVmp : Match on catch block at 0xc3 in for 0xa1
03-02 00:07:36.027 14571 14571 E ArmVmp : Match on catch block at 0xc3 in for 0xa5
03-02 00:07:36.041 14571 14571 E ArmVmp : Match on catch block at 0xc3 in for 0xa5
03-02 00:07:36.043 14571 14571 E ArmVmp : Match on catch block at 0xc3 in for 0xa9
03-02 00:07:36.058 14571 14571 E ArmVmp : Match on catch block at 0xc3 in for 0xa9
03-02 00:07:36.060 14571 14571 E ArmVmp : Match on catch block at 0xc3 in for 0xa1
03-02 00:07:36.074 14571 14571 E ArmVmp : Match on catch block at 0xc3 in for 0xa1
03-02 00:07:36.076 14571 14571 E ArmVmp : Match on catch block at 0xc3 in for 0xa5
03-02 00:07:36.091 14571 14571 E ArmVmp : Match on catch block at 0xc3 in for 0xa5
03-02 00:07:36.093 14571 14571 E ArmVmp : Match on catch block at 0xc3 in for 0xa9
03-02 00:07:36.109 14571 14571 E ArmVmp : Match on catch block at 0xc3 in for 0xa1
03-02 00:07:36.113 14571 14571 E ArmVmp : Match on catch block at 0xc3 in for 0xa5
03-02 00:07:36.126 14571 14571 E ArmVmp : Match on catch block at 0xc3 in for 0xa5
03-02 00:07:36.128 14571 14571 E ArmVmp : Match on catch block at 0xc3 in for 0xa9
03-02 00:07:36.141 14571 14571 E ArmVmp : Match on catch block at 0xc3 in for 0xa9
03-02 00:07:36.143 14571 14571 E ArmVmp : Match on catch block at 0xc3 in for 0xa1
03-02 00:07:36.158 14571 14571 E ArmVmp : Match on catch block at 0xc3 in for 0xa1
03-02 00:07:36.160 14571 14571 E ArmVmp : Match on catch block at 0xc3 in for 0xa5
03-02 00:07:36.176 14571 14571 E ArmVmp : Match on catch block at 0xc3 in for 0xa5
03-02 00:07:36.180 14571 14571 E ArmVmp : Match on catch block at 0xc3 in for 0xa9
03-02 00:07:36.191 14571 14571 E ArmVmp : Match on catch block at 0xc3 in for 0xa1
03-02 00:07:36.194 14571 14571 E ArmVmp : Match on catch block at 0xc3 in for 0xa5
03-02 00:07:36.208 14571 14571 E ArmVmp : Match on catch block at 0xc3 in for 0xa5
03-02 00:07:36.210 14571 14571 E ArmVmp : Match on catch block at 0xc3 in for 0xa9
03-02 00:07:36.224 14571 14571 E ArmVmp : Match on catch block at 0xc3 in for 0xa9
03-02 00:07:36.226 14571 14571 E ArmVmp : Match on catch block at 0xc3 in for 0xa1
03-02 00:07:36.241 14571 14571 E ArmVmp : Match on catch block at 0xc3 in for 0xa1
03-02 00:07:36.244 14571 14571 E ArmVmp : Match on catch block at 0xc3 in for 0xa5
03-02 00:07:36.258 14571 14571 E ArmVmp : Match on catch block at 0xc3 in for 0xa5
03-02 00:07:36.260 14571 14571 E ArmVmp : Match on catch block at 0xc3 in for 0xa9
03-02 00:07:36.274 14571 14571 E ArmVmp : Match on catch block at 0xc3 in for 0xa9
03-02 00:07:36.277 14571 14571 E ArmVmp : Match on catch block at 0xc3 in for 0xa1
03-02 00:07:36.292 14571 14571 E ArmVmp : Match on catch block at 0xc3 in for 0xa1
03-02 00:07:36.294 14571 14571 E ArmVmp : Match on catch block at 0xc3 in for 0xa5
03-02 00:07:36.308 14571 14571 E ArmVmp : Match on catch block at 0xc3 in for 0xa5
03-02 00:07:36.310 14571 14571 E ArmVmp : Match on catch block at 0xc3 in for 0xa9
03-02 00:07:36.347 14571 14571 E ArmVmp : Match on catch block at 0xc3 in for 0xa1
03-02 00:07:36.350 14571 14571 E ArmVmp : Match on catch block at 0xc3 in for 0xa5
03-02 00:07:36.360 14571 14571 E ArmVmp : Match on catch block at 0xc3 in for 0xa9
03-02 00:07:36.362 14571 14571 E ArmVmp : Match on catch block at 0xc3 in for 0xa1
03-02 00:07:36.374 14571 14571 E ArmVmp : Match on catch block at 0xc3 in for 0xa1
03-02 00:07:36.377 14571 14571 E ArmVmp : Match on catch block at 0xc3 in for 0xa5
03-02 00:07:36.391 14571 14571 E ArmVmp : Match on catch block at 0xc3 in for 0xa5
03-02 00:07:36.394 14571 14571 E ArmVmp : Match on catch block at 0xc3 in for 0xa9
03-02 00:07:36.407 14571 14571 E ArmVmp : Match on catch block at 0xc3 in for 0xa9
03-02 00:07:36.410 14571 14571 E ArmVmp : Match on catch block at 0xc3 in for 0xa1
03-02 00:07:36.424 14571 14571 E ArmVmp : Match on catch block at 0xc3 in for 0xa1
03-02 00:07:36.427 14571 14571 E ArmVmp : Match on catch block at 0xc3 in for 0xa5
03-02 00:07:36.441 14571 14571 E ArmVmp : Match on catch block at 0xc3 in for 0xa5
03-02 00:07:36.443 14571 14571 E ArmVmp : Match on catch block at 0xc3 in for 0xa9
03-02 00:07:36.458 14571 14571 E ArmVmp : Match on catch block at 0xc3 in for 0xa9
03-02 00:07:36.460 14571 14571 E ArmVmp : Match on catch block at 0xc3 in for 0xa1
03-02 00:07:36.475 14571 14571 E ArmVmp : Match on catch block at 0xc3 in for 0xa1
03-02 00:07:36.477 14571 14571 E ArmVmp : Match on catch block at 0xc3 in for 0xa5
03-02 00:07:36.491 14571 14571 E ArmVmp : Match on catch block at 0xc3 in for 0xa5
03-02 00:07:36.494 14571 14571 E ArmVmp : Match on catch block at 0xc3 in for 0xa9
03-02 00:07:36.508 14571 14571 E ArmVmp : Match on catch block at 0xc3 in for 0xa9
03-02 00:07:36.510 14571 14571 E ArmVmp : Match on catch block at 0xc3 in for 0xa1
03-02 00:07:36.524 14571 14571 E ArmVmp : Match on catch block at 0xc3 in for 0xa1
03-02 00:07:36.526 14571 14571 E ArmVmp : Match on catch block at 0xc3 in for 0xa5
03-02 00:07:36.541 14571 14571 E ArmVmp : Match on catch block at 0xc3 in for 0xa5
03-02 00:07:36.544 14571 14571 E ArmVmp : Match on catch block at 0xc3 in for 0xa9
03-02 00:07:36.558 14571 14571 E ArmVmp : Match on catch block at 0xc3 in for 0xa9
03-02 00:07:36.560 14571 14571 E ArmVmp : Match on catch block at 0xc3 in for 0xa1
03-02 00:07:36.578 14571 14571 E ArmVmp : Match on catch block at 0xc3 in for 0xa9
03-02 00:07:36.580 14571 14571 E ArmVmp : Match on catch block at 0xc3 in for 0xa1
03-02 00:07:36.592 14571 14571 E ArmVmp : Match on catch block at 0xc3 in for 0xa1
03-02 00:07:36.594 14571 14571 E ArmVmp : Match on catch block at 0xc3 in for 0xa5
03-02 00:07:36.608 14571 14571 E ArmVmp : Match on catch block at 0xc3 in for 0xa5
03-02 00:07:36.610 14571 14571 E ArmVmp : Match on catch block at 0xc3 in for 0xa9
03-02 00:07:36.624 14571 14571 E ArmVmp : Match on catch block at 0xc3 in for 0xa9
03-02 00:07:36.626 14571 14571 E ArmVmp : Match on catch block at 0xc3 in for 0xa1
03-02 00:07:36.641 14571 14571 E ArmVmp : Match on catch block at 0xc3 in for 0xa1
03-02 00:07:36.643 14571 14571 E ArmVmp : Match on catch block at 0xc3 in for 0xa5
03-02 00:07:36.658 14571 14571 E ArmVmp : Match on catch block at 0xc3 in for 0xa5
03-02 00:07:36.660 14571 14571 E ArmVmp : Match on catch block at 0xc3 in for 0xa9
03-02 00:07:36.693 14571 14571 E ArmVmp : Match on catch block at 0xc3 in for 0xa1
03-02 00:07:36.696 14571 14571 E ArmVmp : Match on catch block at 0xc3 in for 0xa5
03-02 00:07:36.791 14571 14571 E ArmVmp : Match on catch block at 0xc3 in for 0xa9
03-02 00:07:36.793 14571 14571 E ArmVmp : Match on catch block at 0xc3 in for 0xa1
03-02 00:07:36.890 14571 14571 E ArmVmp : Match on catch block at 0xc3 in for 0xa5
03-02 00:07:36.892 14571 14571 E ArmVmp : Match on catch block at 0xc3 in for 0xa9
03-02 00:07:37.024 14571 14571 E ArmVmp : Match on catch block at 0xc3 in for 0xa1
03-02 00:07:37.027 14571 14571 E ArmVmp : Match on catch block at 0xc3 in for 0xa5
03-02 00:07:37.175 14571 14571 E ArmVmp : Match on catch block at 0xc3 in for 0xa9
03-02 00:07:37.178 14571 14571 E ArmVmp : Match on catch block at 0xc3 in for 0xa1
03-02 00:07:37.275 14571 14571 E ArmVmp : Match on catch block at 0xc3 in for 0xa9
03-02 00:07:37.278 14571 14571 E ArmVmp : Match on catch block at 0xc3 in for 0xa1
03-02 00:07:37.290 14571 14571 E ArmVmp : Match on catch block at 0xc3 in for 0xa1
03-02 00:07:37.292 14571 14571 E ArmVmp : Match on catch block at 0xc3 in for 0xa5
03-02 00:07:37.307 14571 14571 E ArmVmp : Match on catch block at 0xc3 in for 0xa5
03-02 00:07:37.309 14571 14571 E ArmVmp : Match on catch block at 0xc3 in for 0xa9
03-02 00:07:37.324 14571 14571 E ArmVmp : Match on catch block at 0xc3 in for 0xa9
03-02 00:07:37.326 14571 14571 E ArmVmp : Match on catch block at 0xc3 in for 0xa1
03-02 00:07:37.341 14571 14571 E ArmVmp : Match on catch block at 0xc3 in for 0xa1
03-02 00:07:37.345 14571 14571 E ArmVmp : Match on catch block at 0xc3 in for 0xa5
03-02 00:07:37.357 14571 14571 E ArmVmp : Match on catch block at 0xc3 in for 0xa5
03-02 00:07:37.359 14571 14571 E ArmVmp : Match on catch block at 0xc3 in for 0xa9
03-02 00:07:37.374 14571 14571 E ArmVmp : Match on catch block at 0xc3 in for 0xa9
03-02 00:07:37.375 14571 14571 E ArmVmp : Match on catch block at 0xc3 in for 0xa1
03-02 00:07:37.390 14571 14571 E ArmVmp : Match on catch block at 0xc3 in for 0xa1
03-02 00:07:37.392 14571 14571 E ArmVmp : Match on catch block at 0xc3 in for 0xa5
03-02 00:07:37.407 14571 14571 E ArmVmp : Match on catch block at 0xc3 in for 0xa5
03-02 00:07:37.409 14571 14571 E ArmVmp : Match on catch block at 0xc3 in for 0xa9
03-02 00:07:37.423 14571 14571 E ArmVmp : Match on catch block at 0xc3 in for 0xa9
03-02 00:07:37.426 14571 14571 E ArmVmp : Match on catch block at 0xc3 in for 0xa1
03-02 00:07:37.440 14571 14571 E ArmVmp : Match on catch block at 0xc3 in for 0xa1
03-02 00:07:37.442 14571 14571 E ArmVmp : Match on catch block at 0xc3 in for 0xa5
03-02 00:07:37.474 14571 14571 E ArmVmp : Match on catch block at 0xc3 in for 0xa9
03-02 00:07:37.477 14571 14571 E ArmVmp : Match on catch block at 0xc3 in for 0xa1
03-02 00:07:37.484 14571 14571 E ArmVmp : Match on catch block at 0xc3 in for 0xa1
03-02 00:07:37.486 14571 14571 E ArmVmp : Match on catch block at 0xc3 in for 0xa5
03-02 00:07:37.491 14571 14571 E ArmVmp : Match on catch block at 0xc3 in for 0xa5
03-02 00:07:37.493 14571 14571 E ArmVmp : Match on catch block at 0xc3 in for 0xa9
03-02 00:07:37.507 14571 14571 E ArmVmp : Match on catch block at 0xc3 in for 0xa1
03-02 00:07:37.509 14571 14571 E ArmVmp : Match on catch block at 0xc3 in for 0xa5
03-02 00:07:37.523 14571 14571 E ArmVmp : Match on catch block at 0xc3 in for 0xa5
03-02 00:07:37.526 14571 14571 E ArmVmp : Match on catch block at 0xc3 in for 0xa9
03-02 00:07:37.541 14571 14571 E ArmVmp : Match on catch block at 0xc3 in for 0xa9
03-02 00:07:37.543 14571 14571 E ArmVmp : Match on catch block at 0xc3 in for 0xa1
03-02 00:07:37.557 14571 14571 E ArmVmp : Match on catch block at 0xc3 in for 0xa1
03-02 00:07:37.559 14571 14571 E ArmVmp : Match on catch block at 0xc3 in for 0xa5
03-02 00:07:37.573 14571 14571 E ArmVmp : Match on catch block at 0xc3 in for 0xa5
03-02 00:07:37.576 14571 14571 E ArmVmp : Match on catch block at 0xc3 in for 0xa9
03-02 00:07:37.590 14571 14571 E ArmVmp : Match on catch block at 0xc3 in for 0xa9
03-02 00:07:37.592 14571 14571 E ArmVmp : Match on catch block at 0xc3 in for 0xa1
03-02 00:07:37.607 14571 14571 E ArmVmp : Match on catch block at 0xc3 in for 0xa1
03-02 00:07:37.609 14571 14571 E ArmVmp : Match on catch block at 0xc3 in for 0xa5
03-02 00:07:37.623 14571 14571 E ArmVmp : Match on catch block at 0xc3 in for 0xa5
03-02 00:07:37.625 14571 14571 E ArmVmp : Match on catch block at 0xc3 in for 0xa9
03-02 00:07:37.640 14571 14571 E ArmVmp : Match on catch block at 0xc3 in for 0xa9
03-02 00:07:37.642 14571 14571 E ArmVmp : Match on catch block at 0xc3 in for 0xa1
03-02 00:07:37.657 14571 14571 E ArmVmp : Match on catch block at 0xc3 in for 0xa1
03-02 00:07:37.659 14571 14571 E ArmVmp : Match on catch block at 0xc3 in for 0xa5
03-02 00:07:37.673 14571 14571 E ArmVmp : Match on catch block at 0xc3 in for 0xa5
03-02 00:07:37.675 14571 14571 E ArmVmp : Match on catch block at 0xc3 in for 0xa9
03-02 00:07:37.692 14571 14571 E ArmVmp : Match on catch block at 0xc3 in for 0xa1
03-02 00:07:37.696 14571 14571 E ArmVmp : Match on catch block at 0xc3 in for 0xa5
03-02 00:07:37.928 14571 14571 E ArmVmp : Match on catch block at 0xc3 in for 0xa9
03-02 00:07:37.932 14571 14571 E ArmVmp : Match on catch block at 0xc3 in for 0xa1
03-02 00:07:38.390 14571 14571 E ArmVmp : Match on catch block at 0xc3 in for 0xa1
03-02 00:07:38.392 14571 14571 E ArmVmp : Match on catch block at 0xc3 in for 0xa5
03-02 00:07:38.690 14571 14571 E ArmVmp : Match on catch block at 0xc3 in for 0xa9
03-02 00:07:38.692 14571 14571 E ArmVmp : Match on catch block at 0xc3 in for 0xa1
03-02 00:07:38.889 14571 14571 E ArmVmp : Match on catch block at 0xc3 in for 0xa1
03-02 00:07:38.891 14571 14571 E ArmVmp : Match on catch block at 0xc3 in for 0xa5
03-02 00:07:38.906 14571 14571 E ArmVmp : Match on catch block at 0xc3 in for 0xa9
03-02 00:07:38.908 14571 14571 E ArmVmp : Match on catch block at 0xc3 in for 0xa1
03-02 00:07:39.073 14571 14571 E ArmVmp : Match on catch block at 0xc3 in for 0xa1
03-02 00:07:39.075 14571 14571 E ArmVmp : Match on catch block at 0xc3 in for 0xa5
03-02 00:07:39.089 14571 14571 E ArmVmp : Match on catch block at 0xc3 in for 0xa9
03-02 00:07:39.092 14571 14571 E ArmVmp : Match on catch block at 0xc3 in for 0xa1
03-02 00:07:39.106 14571 14571 E ArmVmp : Match on catch block at 0xc3 in for 0xa5
03-02 00:07:39.108 14571 14571 E ArmVmp : Match on catch block at 0xc3 in for 0xa9
03-02 00:07:39.123 14571 14571 E ArmVmp : Match on catch block at 0xc3 in for 0xa1
03-02 00:07:39.125 14571 14571 E ArmVmp : Match on catch block at 0xc3 in for 0xa5
03-02 00:07:39.139 14571 14571 E ArmVmp : Match on catch block at 0xc3 in for 0xa9
03-02 00:07:39.141 14571 14571 E ArmVmp : Match on catch block at 0xc3 in for 0xa1
03-02 00:07:39.164 14571 14571 E ArmVmp : Match on catch block at 0xc3 in for 0xa9
03-02 00:07:39.167 14571 14571 E ArmVmp : Match on catch block at 0xc3 in for 0xa1
03-02 00:07:39.182 14571 14571 E ArmVmp : Match on catch block at 0xc3 in for 0xa1
03-02 00:07:39.185 14571 14571 E ArmVmp : Match on catch block at 0xc3 in for 0xa5
03-02 00:07:39.220 14571 14571 E ArmVmp : Match on catch block at 0xc3 in for 0xa9
03-02 00:07:39.223 14571 14571 E ArmVmp : Match on catch block at 0xc3 in for 0xa1
03-02 00:07:39.241 14571 14571 E ArmVmp : Match on catch block at 0xc3 in for 0xa5
03-02 00:07:39.244 14571 14571 E ArmVmp : Match on catch block at 0xc3 in for 0xa9
03-02 00:07:39.254 14571 14571 E ArmVmp : Match on catch block at 0xc3 in for 0xa1
03-02 00:07:39.257 14571 14571 E ArmVmp : Match on catch block at 0xc3 in for 0xa5
03-02 00:07:39.274 14571 14571 E ArmVmp : Match on catch block at 0xc3 in for 0xa5
03-02 00:07:39.277 14571 14571 E ArmVmp : Match on catch block at 0xc3 in for 0xa9
03-02 00:07:39.290 14571 14571 E ArmVmp : Match on catch block at 0xc3 in for 0xa9
03-02 00:07:39.295 14571 14571 E ArmVmp : Match on catch block at 0xc3 in for 0xa1
03-02 00:07:39.307 14571 14571 E ArmVmp : Match on catch block at 0xc3 in for 0xa1
03-02 00:07:39.311 14571 14571 E ArmVmp : Match on catch block at 0xc3 in for 0xa5
03-02 00:07:39.324 14571 14571 E ArmVmp : Match on catch block at 0xc3 in for 0xa5
03-02 00:07:39.327 14571 14571 E ArmVmp : Match on catch block at 0xc3 in for 0xa9
03-02 00:07:39.340 14571 14571 E ArmVmp : Match on catch block at 0xc3 in for 0xa9
03-02 00:07:39.345 14571 14571 E ArmVmp : Match on catch block at 0xc3 in for 0xa1
03-02 00:07:39.357 14571 14571 E ArmVmp : Match on catch block at 0xc3 in for 0xa1
03-02 00:07:39.361 14571 14571 E ArmVmp : Match on catch block at 0xc3 in for 0xa5
03-02 00:07:39.376 14571 14571 E ArmVmp : Match on catch block at 0xc3 in for 0xa5
03-02 00:07:39.379 14571 14571 E ArmVmp : Match on catch block at 0xc3 in for 0xa9
03-02 00:07:39.384 14571 17618 W MediaPlayer: Use of stream types is deprecated for
operations other than volume control
03-02 00:07:39.384 14571 17618 W MediaPlayer: See the documentation of
setAudioStreamType() for what to use instead with android.media.AudioAttributes to
qualify your playback use case
03-02 00:07:39.389 14571 14571 E ArmVmp : Match on catch block at 0xc3 in for 0xa1
03-02 00:07:39.392 14571 14571 E ArmVmp : Match on catch block at 0xc3 in for 0xa5
03-02 00:07:39.655 14571 14571 E ArmVmp : Match on catch block at 0xc3 in for 0xa5
03-02 00:07:39.658 14571 14571 E ArmVmp : Match on catch block at 0xc3 in for 0xa9
03-02 00:07:39.674 14571 14571 E ArmVmp : Match on catch block at 0xc3 in for 0xa9
03-02 00:07:39.677 14571 14571 E ArmVmp : Match on catch block at 0xc3 in for 0xa1
03-02 00:07:39.692 14571 14571 E ArmVmp : Match on catch block at 0xc3 in for 0xa5
03-02 00:07:39.695 14571 14571 E ArmVmp : Match on catch block at 0xc3 in for 0xa9
03-02 00:07:39.707 14571 14571 E ArmVmp : Match on catch block at 0xc3 in for 0xa9
03-02 00:07:39.709 14571 14571 E ArmVmp : Match on catch block at 0xc3 in for 0xa1
03-02 00:07:39.796 14571 14571 E ArmVmp : Match on catch block at 0xc3 in for 0xa5
03-02 00:07:39.798 14571 14571 E ArmVmp : Match on catch block at 0xc3 in for 0xa9
03-02 00:07:39.808 14571 14571 E ArmVmp : Match on catch block at 0xc3 in for 0xa9
03-02 00:07:39.811 14571 14571 E ArmVmp : Match on catch block at 0xc3 in for 0xa1
03-02 00:07:39.908 14571 14571 E ArmVmp : Match on catch block at 0xc3 in for 0xa5
03-02 00:07:39.910 14571 14571 E ArmVmp : Match on catch block at 0xc3 in for 0xa9
03-02 00:07:39.921 14571 14571 E ArmVmp : Match on catch block at 0xc3 in for 0xa5
03-02 00:07:39.925 14571 14571 E ArmVmp : Match on catch block at 0xc3 in for 0xa9
03-02 00:07:39.932 14571 14571 E ArmVmp : Match on catch block at 0xc3 in for 0xa9
03-02 00:07:39.934 14571 14571 E ArmVmp : Match on catch block at 0xc3 in for 0xa1
03-02 00:07:39.991 14571 14571 E ArmVmp : Match on catch block at 0xc3 in for 0xa5
03-02 00:07:39.993 14571 14571 E ArmVmp : Match on catch block at 0xc3 in for 0xa9
03-02 00:07:40.163 14571 14571 E ArmVmp : Match on catch block at 0xc3 in for 0xa9
03-02 00:07:40.165 14571 14571 E ArmVmp : Match on catch block at 0xc3 in for 0xa1
03-02 00:07:41.390 14571 14571 E ArmVmp : Match on catch block at 0x0a in for 0xc9
03-02 00:07:41.393 14571 14571 E ArmVmp : Match on catch block at 0x0a in for 0xc5
03-02 00:07:41.576 14571 14571 E ArmVmp : Match on catch block at 0xc3 in for 0xb1
03-02 00:07:41.579 14571 14571 E ArmVmp : Match on catch block at 0xc3 in for 0xb1
03-02 00:07:41.614 14571 14571 E ArmVmp : Match on catch block at 0xc3 in for 0xa5
03-02 00:07:41.616 14571 14571 E ArmVmp : Match on catch block at 0xc3 in for 0xa9
03-02 00:07:41.643 14571 14571 E ArmVmp : Match on catch block at 0xc3 in for 0xa9
03-02 00:07:41.646 14571 14571 E ArmVmp : Match on catch block at 0xc3 in for 0xa1
03-02 00:07:41.668 14571 14571 E ArmVmp : Match on catch block at 0xc3 in for 0xa5
03-02 00:07:41.670 14571 14571 E ArmVmp : Match on catch block at 0xc3 in for 0xa9
03-02 00:07:42.172 14571 14571 E ArmVmp : Match on catch block at 0xc3 in for 0xa9
03-02 00:07:42.177 14571 14571 E ArmVmp : Match on catch block at 0xc3 in for 0xa1
03-02 00:07:42.221 14571 14571 E ArmVmp : Match on catch block at 0xc3 in for 0xa1
03-02 00:07:42.226 14571 14571 E ArmVmp : Match on catch block at 0xc3 in for 0xa5
03-02 00:07:42.237 14571 14571 E ArmVmp : Match on catch block at 0xc3 in for 0xa5
03-02 00:07:42.242 14571 14571 E ArmVmp : Match on catch block at 0xc3 in for 0xa9
03-02 00:07:42.255 14571 14571 E ArmVmp : Match on catch block at 0xc3 in for 0xa9
03-02 00:07:42.259 14571 14571 E ArmVmp : Match on catch block at 0xc3 in for 0xa1
03-02 00:07:42.271 14571 14571 E ArmVmp : Match on catch block at 0xc3 in for 0xa1
03-02 00:07:42.275 14571 14571 E ArmVmp : Match on catch block at 0xc3 in for 0xa5
03-02 00:07:42.288 14571 14571 E ArmVmp : Match on catch block at 0xc3 in for 0xa5
03-02 00:07:42.291 14571 14571 E ArmVmp : Match on catch block at 0xc3 in for 0xa9
03-02 00:07:42.304 14571 14571 E ArmVmp : Match on catch block at 0xc3 in for 0xa9
03-02 00:07:42.308 14571 14571 E ArmVmp : Match on catch block at 0xc3 in for 0xa1
03-02 00:07:42.321 14571 14571 E ArmVmp : Match on catch block at 0xc3 in for 0xa1
03-02 00:07:42.325 14571 14571 E ArmVmp : Match on catch block at 0xc3 in for 0xa5
03-02 00:07:42.338 14571 14571 E ArmVmp : Match on catch block at 0xc3 in for 0xa5
03-02 00:07:42.342 14571 14571 E ArmVmp : Match on catch block at 0xc3 in for 0xa9
03-02 00:07:42.354 14571 14571 E ArmVmp : Match on catch block at 0xc3 in for 0xa9
03-02 00:07:42.358 14571 14571 E ArmVmp : Match on catch block at 0xc3 in for 0xa1
03-02 00:07:42.371 14571 14571 E ArmVmp : Match on catch block at 0xc3 in for 0xa1
03-02 00:07:42.376 14571 14571 E ArmVmp : Match on catch block at 0xc3 in for 0xa5
03-02 00:07:42.388 14571 14571 E ArmVmp : Match on catch block at 0xc3 in for 0xa5
03-02 00:07:42.392 14571 14571 E ArmVmp : Match on catch block at 0xc3 in for 0xa9
03-02 00:07:42.404 14571 14571 E ArmVmp : Match on catch block at 0xc3 in for 0xa9
03-02 00:07:42.408 14571 14571 E ArmVmp : Match on catch block at 0xc3 in for 0xa1
03-02 00:07:42.421 14571 14571 E ArmVmp : Match on catch block at 0xc3 in for 0xa1
03-02 00:07:42.425 14571 14571 E ArmVmp : Match on catch block at 0xc3 in for 0xa5
03-02 00:07:42.437 14571 14571 E ArmVmp : Match on catch block at 0xc3 in for 0xa1
03-02 00:07:42.439 14571 14571 E ArmVmp : Match on catch block at 0xc3 in for 0xa5
03-02 00:07:42.454 14571 14571 E ArmVmp : Match on catch block at 0xc3 in for 0xa9
03-02 00:07:42.456 14571 14571 E ArmVmp : Match on catch block at 0xc3 in for 0xa1
03-02 00:07:42.470 14571 14571 E ArmVmp : Match on catch block at 0xc3 in for 0xa5
03-02 00:07:42.473 14571 14571 E ArmVmp : Match on catch block at 0xc3 in for 0xa9
03-02 00:07:42.487 14571 14571 E ArmVmp : Match on catch block at 0xc3 in for 0xa1
03-02 00:07:42.489 14571 14571 E ArmVmp : Match on catch block at 0xc3 in for 0xa5
03-02 00:07:42.503 14571 14571 E ArmVmp : Match on catch block at 0xc3 in for 0xa5
03-02 00:07:42.506 14571 14571 E ArmVmp : Match on catch block at 0xc3 in for 0xa9
03-02 00:07:42.550 14571 14571 E ArmVmp : Match on catch block at 0xc3 in for 0xa5
03-02 00:07:42.553 14571 14571 E ArmVmp : Match on catch block at 0xc3 in for 0xa9
03-02 00:07:42.619 14571 14571 E ArmVmp : Match on catch block at 0xc3 in for 0xa9
03-02 00:07:42.621 14571 14571 E ArmVmp : Match on catch block at 0xc3 in for 0xa1
03-02 00:07:42.638 14571 14571 E ArmVmp : Match on catch block at 0xc3 in for 0xa1
03-02 00:07:42.641 14571 14571 E ArmVmp : Match on catch block at 0xc3 in for 0xa5
03-02 00:07:43.493 14571 14571 E ArmVmp : Match on catch block at 0xc3 in for 0xa9
03-02 00:07:43.496 14571 14571 E ArmVmp : Match on catch block at 0xc3 in for 0xa1
03-02 00:07:43.516 14571 17101 W AudioManager: Use of stream types is deprecated
for operations other than volume control
03-02 00:07:43.516 14571 17101 W AudioManager: See the documentation of
requestAudioFocus() for what to use instead with android.media.AudioAttributes to
qualify your playback use case
03-02 00:07:43.585 14571 14571 W SoundPool: Use of stream types is deprecated for
operations other than volume control
03-02 00:07:43.585 14571 14571 W SoundPool: See the documentation of SoundPool()
for what to use instead with android.media.AudioAttributes to qualify your playback
use case
03-02 00:07:43.614 14571 17718 W Codec2Client: query -- param skipped: index =
1107298332.
03-02 00:07:43.615 14571 17718 W Codec2Client: query -- param skipped: index =
1342179345.
03-02 00:07:43.615 14571 17718 W Codec2Client: query -- param skipped: index =
2415921170.
03-02 00:07:43.615 14571 17718 E FMQ : grantorIdx must be less than 3
03-02 00:07:43.616 14571 17718 E FMQ : grantorIdx must be less than 3
03-02 00:07:43.620 14571 14571 E ArmVmp : Match on catch block at 0xc3 in for 0xa9
03-02 00:07:43.625 14571 17718 E FMQ : grantorIdx must be less than 3
03-02 00:07:43.626 14571 17722 W Codec2Client: query -- param skipped: index =
1107298332.
03-02 00:07:43.627 14571 14571 E ArmVmp : Match on catch block at 0xc3 in for 0xa1
03-02 00:07:43.627 14571 17722 W Codec2Client: query -- param skipped: index =
1342179345.
03-02 00:07:43.627 14571 17722 W Codec2Client: query -- param skipped: index =
2415921170.
03-02 00:07:43.627 14571 17722 E FMQ : grantorIdx must be less than 3
03-02 00:07:43.628 14571 17722 E FMQ : grantorIdx must be less than 3
03-02 00:07:43.631 14571 17722 E FMQ : grantorIdx must be less than 3
03-02 00:07:43.635 14571 15330 E FMQ : grantorIdx must be less than 3
03-02 00:07:43.649 14571 15330 E FMQ : grantorIdx must be less than 3
03-02 00:07:43.687 14571 17727 W Codec2Client: query -- param skipped: index =
1107298332.
03-02 00:07:43.688 14571 17727 W Codec2Client: query -- param skipped: index =
1342179345.
03-02 00:07:43.688 14571 17727 W Codec2Client: query -- param skipped: index =
2415921170.
03-02 00:07:43.689 14571 17727 E FMQ : grantorIdx must be less than 3
03-02 00:07:43.689 14571 17727 E FMQ : grantorIdx must be less than 3
03-02 00:07:43.691 14571 17727 E FMQ : grantorIdx must be less than 3
03-02 00:07:43.696 14571 15330 E FMQ : grantorIdx must be less than 3
03-02 00:07:43.721 14571 17730 W Codec2Client: query -- param skipped: index =
1107298332.
03-02 00:07:43.722 14571 17730 W Codec2Client: query -- param skipped: index =
1342179345.
03-02 00:07:43.722 14571 17730 W Codec2Client: query -- param skipped: index =
2415921170.
03-02 00:07:43.722 14571 17730 E FMQ : grantorIdx must be less than 3
03-02 00:07:43.722 14571 17730 E FMQ : grantorIdx must be less than 3
03-02 00:07:43.724 14571 17730 E FMQ : grantorIdx must be less than 3
03-02 00:07:43.730 14571 15330 E FMQ : grantorIdx must be less than 3
03-02 00:07:43.734 14571 17733 W Codec2Client: query -- param skipped: index =
1107298332.
03-02 00:07:43.735 14571 17733 W Codec2Client: query -- param skipped: index =
1342179345.
03-02 00:07:43.735 14571 17733 W Codec2Client: query -- param skipped: index =
2415921170.
03-02 00:07:43.735 14571 17733 E FMQ : grantorIdx must be less than 3
03-02 00:07:43.735 14571 17733 E FMQ : grantorIdx must be less than 3
03-02 00:07:43.737 14571 17733 E FMQ : grantorIdx must be less than 3
03-02 00:07:43.744 14571 15330 E FMQ : grantorIdx must be less than 3
03-02 00:07:44.269 14571 14571 E ArmVmp : Match on catch block at 0xc3 in for 0xa9
03-02 00:07:44.273 14571 14571 E ArmVmp : Match on catch block at 0xc3 in for 0xa1
03-02 00:07:45.086 14571 14571 E ArmVmp : Match on catch block at 0xc3 in for 0xa1
03-02 00:07:45.090 14571 14571 E ArmVmp : Match on catch block at 0xc3 in for 0xa5
03-02 00:07:45.103 14571 14571 E ArmVmp : Match on catch block at 0xc3 in for 0xa5
03-02 00:07:45.106 14571 14571 E ArmVmp : Match on catch block at 0xc3 in for 0xa9
03-02 00:07:45.119 14571 14571 E ArmVmp : Match on catch block at 0xc3 in for 0xa9
03-02 00:07:45.123 14571 14571 E ArmVmp : Match on catch block at 0xc3 in for 0xa1
03-02 00:07:45.135 14571 14571 E ArmVmp : Match on catch block at 0xc3 in for 0xa1
03-02 00:07:45.139 14571 14571 E ArmVmp : Match on catch block at 0xc3 in for 0xa5
03-02 00:07:45.153 14571 14571 E ArmVmp : Match on catch block at 0xc3 in for 0xa5
03-02 00:07:45.157 14571 14571 E ArmVmp : Match on catch block at 0xc3 in for 0xa9
03-02 00:07:45.169 14571 14571 E ArmVmp : Match on catch block at 0xc3 in for 0xa9
03-02 00:07:45.174 14571 14571 E ArmVmp : Match on catch block at 0xc3 in for 0xa1
03-02 00:07:45.186 14571 14571 E ArmVmp : Match on catch block at 0xc3 in for 0xa1
03-02 00:07:45.190 14571 14571 E ArmVmp : Match on catch block at 0xc3 in for 0xa5
03-02 00:07:45.203 14571 14571 E ArmVmp : Match on catch block at 0xc3 in for 0xa5
03-02 00:07:45.207 14571 14571 E ArmVmp : Match on catch block at 0xc3 in for 0xa9
03-02 00:07:45.220 14571 14571 E ArmVmp : Match on catch block at 0xc3 in for 0xa9
03-02 00:07:45.224 14571 14571 E ArmVmp : Match on catch block at 0xc3 in for 0xa1
03-02 00:07:45.236 14571 14571 E ArmVmp : Match on catch block at 0xc3 in for 0xa1
03-02 00:07:45.240 14571 14571 E ArmVmp : Match on catch block at 0xc3 in for 0xa5
03-02 00:07:45.252 14571 14571 E ArmVmp : Match on catch block at 0xc3 in for 0xa5
03-02 00:07:45.257 14571 14571 E ArmVmp : Match on catch block at 0xc3 in for 0xa9
03-02 00:07:45.269 14571 14571 E ArmVmp : Match on catch block at 0xc3 in for 0xa9
03-02 00:07:45.273 14571 14571 E ArmVmp : Match on catch block at 0xc3 in for 0xa1
03-02 00:07:45.285 14571 14571 E ArmVmp : Match on catch block at 0xc3 in for 0xa1
03-02 00:07:45.287 14571 14571 E ArmVmp : Match on catch block at 0xc3 in for 0xa5
03-02 00:07:45.301 14571 14571 E ArmVmp : Match on catch block at 0xc3 in for 0xa5
03-02 00:07:45.304 14571 14571 E ArmVmp : Match on catch block at 0xc3 in for 0xa9
03-02 00:07:45.318 14571 14571 E ArmVmp : Match on catch block at 0xc3 in for 0xa9
03-02 00:07:45.320 14571 14571 E ArmVmp : Match on catch block at 0xc3 in for 0xa1
03-02 00:07:45.335 14571 14571 E ArmVmp : Match on catch block at 0xc3 in for 0xa1
03-02 00:07:45.337 14571 14571 E ArmVmp : Match on catch block at 0xc3 in for 0xa5
03-02 00:07:45.357 14571 14571 W InputEventReceiver: Attempted to finish an input
event but the input event receiver has already been disposed.
03-02 00:07:45.406 14571 14571 E ArmVmp : Match on catch block at 0xc3 in for 0xa9
03-02 00:07:45.408 14571 14571 E ArmVmp : Match on catch block at 0xc3 in for 0xa1
03-02 00:07:45.516 14571 14571 E ArmVmp : Match on catch block at 0xc3 in for 0xa9
03-02 00:07:45.519 14571 14571 E ArmVmp : Match on catch block at 0xc3 in for 0xa1
03-02 00:07:45.526 14571 14571 E ArmVmp : Match on catch block at 0xc3 in for 0xa1
03-02 00:07:45.529 14571 14571 E ArmVmp : Match on catch block at 0xc3 in for 0xa5
03-02 00:07:46.061 14571 14571 W BottomSheetBehavior: BottomSheetBehavior now
supports multiple callbacks. `setBottomSheetCallback()` removes all existing
callbacks, including ones set internally by library authors, which may result in
unintended behavior. This may change in the future. Please use
`addBottomSheetCallback()` and `removeBottomSheetCallback()` instead to set your
own callbacks.
03-02 00:07:46.198 14571 14571 E ArmVmp : Match on catch block at 0xc3 in for 0xa9
03-02 00:07:46.203 14571 14571 E ArmVmp : Match on catch block at 0xc3 in for 0xa1
03-02 00:07:46.228 14571 14571 E ArmVmp : Match on catch block at 0xc3 in for 0xa1
03-02 00:07:46.231 14571 14571 E ArmVmp : Match on catch block at 0xc3 in for 0xa5
03-02 00:07:46.298 14571 17088 W libOpenSLES: Conversion from OpenSL ES positional
channel mask 0x4 to Android mask 0 loses channels
03-02 00:21:44.165 14571 14571 E ArmVmp : Match on catch block at 0x0a in for 0xc5
03-02 00:21:44.173 14571 14571 E ArmVmp : Match on catch block at 0x0a in for 0xc1
03-02 00:21:44.341 14571 14571 E ArmVmp : Match on catch block at 0xc3 in for 0xa5
03-02 00:21:44.345 14571 14571 E ArmVmp : Match on catch block at 0xc3 in for 0xa9
03-02 00:21:44.396 14571 14571 E ArmVmp : Match on catch block at 0xc3 in for 0xa1
03-02 00:21:44.399 14571 14571 E ArmVmp : Match on catch block at 0xc3 in for 0xa5
03-02 00:21:44.415 14571 14571 E ArmVmp : Match on catch block at 0xc3 in for 0xa5
03-02 00:21:44.418 14571 14571 E ArmVmp : Match on catch block at 0xc3 in for 0xa9
03-02 00:21:44.439 14571 14571 E ArmVmp : Match on catch block at 0xc3 in for 0xa1
03-02 00:21:44.441 14571 14571 E ArmVmp : Match on catch block at 0xc3 in for 0xa5
03-02 00:21:44.580 14571 14571 E ArmVmp : Match on catch block at 0xc3 in for 0xa5
03-02 00:21:44.582 14571 14571 E ArmVmp : Match on catch block at 0xc3 in for 0xa9
03-02 00:21:44.596 14571 14571 E ArmVmp : Match on catch block at 0xc3 in for 0xa9
03-02 00:21:44.601 14571 14571 E ArmVmp : Match on catch block at 0xc3 in for 0xa1
03-02 00:21:44.688 14571 14571 E ArmVmp : Match on catch block at 0xc3 in for 0xa1
03-02 00:21:44.691 14571 14571 E ArmVmp : Match on catch block at 0xc3 in for 0xa5
03-02 00:21:44.864 14571 14571 E ArmVmp : Match on catch block at 0xc3 in for 0xa9
03-02 00:21:44.868 14571 14571 E ArmVmp : Match on catch block at 0xc3 in for 0xa1
03-02 00:21:45.029 14571 14571 E ArmVmp : Match on catch block at 0xc3 in for 0xa5
03-02 00:21:45.032 14571 14571 E ArmVmp : Match on catch block at 0xc3 in for 0xa9
03-02 00:21:45.062 14571 14571 E ArmVmp : Match on catch block at 0xc3 in for 0xa1
03-02 00:21:45.066 14571 14571 E ArmVmp : Match on catch block at 0xc3 in for 0xa5
03-02 00:21:45.080 14571 14571 E ArmVmp : Match on catch block at 0xc3 in for 0xa5
03-02 00:21:45.083 14571 14571 E ArmVmp : Match on catch block at 0xc3 in for 0xa9
03-02 00:21:45.096 14571 14571 E ArmVmp : Match on catch block at 0xc3 in for 0xa1
03-02 00:21:45.098 14571 14571 E ArmVmp : Match on catch block at 0xc3 in for 0xa5
03-02 00:21:45.142 14571 14571 E ArmVmp : Match on catch block at 0xc3 in for 0xa5
03-02 00:21:45.146 14571 14571 E ArmVmp : Match on catch block at 0xc3 in for 0xa9
03-02 00:21:45.159 14571 14571 E ArmVmp : Match on catch block at 0xc3 in for 0xa9
03-02 00:21:45.164 14571 14571 E ArmVmp : Match on catch block at 0xc3 in for 0xa1
03-02 00:21:45.175 14571 14571 E ArmVmp : Match on catch block at 0xc3 in for 0xa9
03-02 00:21:45.180 14571 14571 E ArmVmp : Match on catch block at 0xc3 in for 0xa1
03-02 00:21:47.390 14571 14571 E ArmVmp : Match on catch block at 0x0a in for 0xc1
03-02 00:21:47.393 14571 14571 E ArmVmp : Match on catch block at 0x0a in for 0xc9
03-02 00:21:47.594 14571 14571 E ArmVmp : Match on catch block at 0xc3 in for 0xb1
03-02 00:21:47.598 14571 14571 E ArmVmp : Match on catch block at 0xc3 in for 0xb1
03-02 00:21:47.630 14571 14571 E ArmVmp : Match on catch block at 0xc3 in for 0xa1
03-02 00:21:47.632 14571 14571 E ArmVmp : Match on catch block at 0xc3 in for 0xa5
03-02 00:21:47.634 14571 14571 E ArmVmp : Match on catch block at 0xc3 in for 0xa5
03-02 00:21:47.660 14571 14571 E ArmVmp : Match on catch block at 0xc3 in for 0xa5
03-02 00:21:47.662 14571 14571 E ArmVmp : Match on catch block at 0xc3 in for 0xa9
03-02 00:21:47.664 14571 14571 E ArmVmp : Match on catch block at 0xc3 in for 0xa9
03-02 00:21:47.689 14571 14571 E ArmVmp : Match on catch block at 0xc3 in for 0xa5
03-02 00:21:47.692 14571 14571 E ArmVmp : Match on catch block at 0xc3 in for 0xa9
03-02 00:21:47.694 14571 14571 E ArmVmp : Match on catch block at 0xc3 in for 0xa9
03-02 00:21:47.715 14571 14571 E ArmVmp : Match on catch block at 0xc3 in for 0xa1
03-02 00:21:47.718 14571 14571 E ArmVmp : Match on catch block at 0xc3 in for 0xa5
03-02 00:21:47.736 14571 14571 E ArmVmp : Match on catch block at 0xc3 in for 0xa5
03-02 00:21:47.739 14571 14571 E ArmVmp : Match on catch block at 0xc3 in for 0xa9
03-02 00:21:47.742 14571 14571 E ArmVmp : Match on catch block at 0xc3 in for 0xa9
03-02 00:21:48.193 14571 14571 E ArmVmp : Match on catch block at 0xc3 in for 0xa1
03-02 00:21:48.197 14571 14571 E ArmVmp : Match on catch block at 0xc3 in for 0xa5
03-02 00:21:48.200 14571 14571 E ArmVmp : Match on catch block at 0xc3 in for 0xa5
03-02 00:21:48.226 14571 14571 E ArmVmp : Match on catch block at 0xc3 in for 0xa9
03-02 00:21:48.230 14571 14571 E ArmVmp : Match on catch block at 0xc3 in for 0xa1
03-02 00:21:48.232 14571 14571 E ArmVmp : Match on catch block at 0xc3 in for 0xa1
03-02 00:21:48.243 14571 14571 E ArmVmp : Match on catch block at 0xc3 in for 0xa5
03-02 00:21:48.247 14571 14571 E ArmVmp : Match on catch block at 0xc3 in for 0xa9
03-02 00:21:48.249 14571 14571 E ArmVmp : Match on catch block at 0xc3 in for 0xa9
03-02 00:21:48.259 14571 14571 E ArmVmp : Match on catch block at 0xc3 in for 0xa1
03-02 00:21:48.262 14571 14571 E ArmVmp : Match on catch block at 0xc3 in for 0xa5
03-02 00:21:48.265 14571 14571 E ArmVmp : Match on catch block at 0xc3 in for 0xa5
03-02 00:21:48.276 14571 14571 E ArmVmp : Match on catch block at 0xc3 in for 0xa9
03-02 00:21:48.279 14571 14571 E ArmVmp : Match on catch block at 0xc3 in for 0xa1
03-02 00:21:48.282 14571 14571 E ArmVmp : Match on catch block at 0xc3 in for 0xa1
03-02 00:21:48.292 14571 14571 E ArmVmp : Match on catch block at 0xc3 in for 0xa5
03-02 00:21:48.296 14571 14571 E ArmVmp : Match on catch block at 0xc3 in for 0xa9
03-02 00:21:48.299 14571 14571 E ArmVmp : Match on catch block at 0xc3 in for 0xa9
03-02 00:21:48.309 14571 14571 E ArmVmp : Match on catch block at 0xc3 in for 0xa1
03-02 00:21:48.313 14571 14571 E ArmVmp : Match on catch block at 0xc3 in for 0xa5
03-02 00:21:48.316 14571 14571 E ArmVmp : Match on catch block at 0xc3 in for 0xa5
03-02 00:21:48.326 14571 14571 E ArmVmp : Match on catch block at 0xc3 in for 0xa9
03-02 00:21:48.329 14571 14571 E ArmVmp : Match on catch block at 0xc3 in for 0xa1
03-02 00:21:48.332 14571 14571 E ArmVmp : Match on catch block at 0xc3 in for 0xa1
03-02 00:21:48.342 14571 14571 E ArmVmp : Match on catch block at 0xc3 in for 0xa5
03-02 00:21:48.346 14571 14571 E ArmVmp : Match on catch block at 0xc3 in for 0xa9
03-02 00:21:48.349 14571 14571 E ArmVmp : Match on catch block at 0xc3 in for 0xa9
03-02 00:21:48.359 14571 14571 E ArmVmp : Match on catch block at 0xc3 in for 0xa1
03-02 00:21:48.363 14571 14571 E ArmVmp : Match on catch block at 0xc3 in for 0xa5
03-02 00:21:48.366 14571 14571 E ArmVmp : Match on catch block at 0xc3 in for 0xa5
03-02 00:21:48.376 14571 14571 E ArmVmp : Match on catch block at 0xc3 in for 0xa9
03-02 00:21:48.379 14571 14571 E ArmVmp : Match on catch block at 0xc3 in for 0xa1
03-02 00:21:48.383 14571 14571 E ArmVmp : Match on catch block at 0xc3 in for 0xa1
03-02 00:21:48.392 14571 14571 E ArmVmp : Match on catch block at 0xc3 in for 0xa5
03-02 00:21:48.396 14571 14571 E ArmVmp : Match on catch block at 0xc3 in for 0xa9
03-02 00:21:48.399 14571 14571 E ArmVmp : Match on catch block at 0xc3 in for 0xa9
03-02 00:21:48.409 14571 14571 E ArmVmp : Match on catch block at 0xc3 in for 0xa1
03-02 00:21:48.413 14571 14571 E ArmVmp : Match on catch block at 0xc3 in for 0xa5
03-02 00:21:48.415 14571 14571 E ArmVmp : Match on catch block at 0xc3 in for 0xa5
03-02 00:21:48.425 14571 14571 E ArmVmp : Match on catch block at 0xc3 in for 0xa9
03-02 00:21:48.429 14571 14571 E ArmVmp : Match on catch block at 0xc3 in for 0xa1
03-02 00:21:48.431 14571 14571 E ArmVmp : Match on catch block at 0xc3 in for 0xa1
03-02 00:21:48.443 14571 14571 E ArmVmp : Match on catch block at 0xc3 in for 0xa5
03-02 00:21:48.446 14571 14571 E ArmVmp : Match on catch block at 0xc3 in for 0xa9
03-02 00:21:48.449 14571 14571 E ArmVmp : Match on catch block at 0xc3 in for 0xa9
03-02 00:21:48.459 14571 14571 E ArmVmp : Match on catch block at 0xc3 in for 0xa1
03-02 00:21:48.463 14571 14571 E ArmVmp : Match on catch block at 0xc3 in for 0xa5
03-02 00:21:48.465 14571 14571 E ArmVmp : Match on catch block at 0xc3 in for 0xa5
03-02 00:21:48.476 14571 14571 E ArmVmp : Match on catch block at 0xc3 in for 0xa9
03-02 00:21:48.479 14571 14571 E ArmVmp : Match on catch block at 0xc3 in for 0xa1
03-02 00:21:48.482 14571 14571 E ArmVmp : Match on catch block at 0xc3 in for 0xa1
03-02 00:21:48.492 14571 14571 E ArmVmp : Match on catch block at 0xc3 in for 0xa5
03-02 00:21:48.496 14571 14571 E ArmVmp : Match on catch block at 0xc3 in for 0xa9
03-02 00:21:48.499 14571 14571 E ArmVmp : Match on catch block at 0xc3 in for 0xa9
03-02 00:21:48.510 14571 14571 E ArmVmp : Match on catch block at 0xc3 in for 0xa1
03-02 00:21:48.513 14571 14571 E ArmVmp : Match on catch block at 0xc3 in for 0xa5
03-02 00:21:48.515 14571 14571 E ArmVmp : Match on catch block at 0xc3 in for 0xa5
03-02 00:21:48.525 14571 14571 E ArmVmp : Match on catch block at 0xc3 in for 0xa9
03-02 00:21:48.528 14571 14571 E ArmVmp : Match on catch block at 0xc3 in for 0xa1
03-02 00:21:48.531 14571 14571 E ArmVmp : Match on catch block at 0xc3 in for 0xa1
03-02 00:21:48.627 14571 14571 E ArmVmp : Match on catch block at 0xc3 in for 0xa9
03-02 00:21:48.631 14571 14571 E ArmVmp : Match on catch block at 0xc3 in for 0xa1
03-02 00:21:48.634 14571 14571 E ArmVmp : Match on catch block at 0xc3 in for 0xa1
03-02 00:21:48.692 14571 14571 E ArmVmp : Match on catch block at 0xc3 in for 0xa5
03-02 00:21:48.697 14571 14571 E ArmVmp : Match on catch block at 0xc3 in for 0xa9
03-02 00:21:48.700 14571 14571 E ArmVmp : Match on catch block at 0xc3 in for 0xa9
03-02 00:21:49.327 14571 14571 E ArmVmp : Match on catch block at 0xc3 in for 0xa9
03-02 00:21:49.330 14571 14571 E ArmVmp : Match on catch block at 0xc3 in for 0xa1
03-02 00:21:49.333 14571 14571 E ArmVmp : Match on catch block at 0xc3 in for 0xa1
03-02 00:21:49.349 14571 14571 E ArmVmp : Match on catch block at 0xc3 in for 0xa5
03-02 00:21:49.353 14571 14571 E ArmVmp : Match on catch block at 0xc3 in for 0xa9
03-02 00:21:49.355 14571 14571 E ArmVmp : Match on catch block at 0xc3 in for 0xa9
03-02 00:21:49.371 14571 14571 E ArmVmp : Match on catch block at 0xc3 in for 0xa1
03-02 00:21:49.375 14571 14571 E ArmVmp : Match on catch block at 0xc3 in for 0xa5
03-02 00:21:49.378 14571 14571 E ArmVmp : Match on catch block at 0xc3 in for 0xa5
03-02 00:21:49.394 14571 14571 E ArmVmp : Match on catch block at 0xc3 in for 0xa9
03-02 00:21:49.398 14571 14571 E ArmVmp : Match on catch block at 0xc3 in for 0xa1
03-02 00:21:49.401 14571 14571 E ArmVmp : Match on catch block at 0xc3 in for 0xa1
03-02 00:21:49.417 14571 14571 E ArmVmp : Match on catch block at 0xc3 in for 0xa5
03-02 00:21:49.420 14571 14571 E ArmVmp : Match on catch block at 0xc3 in for 0xa9
03-02 00:21:49.423 14571 14571 E ArmVmp : Match on catch block at 0xc3 in for 0xa9
03-02 00:21:49.439 14571 14571 E ArmVmp : Match on catch block at 0xc3 in for 0xa1
03-02 00:21:49.443 14571 14571 E ArmVmp : Match on catch block at 0xc3 in for 0xa5
03-02 00:21:49.446 14571 14571 E ArmVmp : Match on catch block at 0xc3 in for 0xa5
03-02 00:21:49.462 14571 14571 E ArmVmp : Match on catch block at 0xc3 in for 0xa5
03-02 00:21:49.466 14571 14571 E ArmVmp : Match on catch block at 0xc3 in for 0xa9
03-02 00:21:49.470 14571 14571 E ArmVmp : Match on catch block at 0xc3 in for 0xa9
03-02 00:21:49.484 14571 14571 E ArmVmp : Match on catch block at 0xc3 in for 0xa1
03-02 00:21:49.488 14571 14571 E ArmVmp : Match on catch block at 0xc3 in for 0xa5
03-02 00:21:49.491 14571 14571 E ArmVmp : Match on catch block at 0xc3 in for 0xa5
03-02 00:21:49.507 14571 14571 E ArmVmp : Match on catch block at 0xc3 in for 0xa9
03-02 00:21:49.511 14571 14571 E ArmVmp : Match on catch block at 0xc3 in for 0xa1
03-02 00:21:49.513 14571 14571 E ArmVmp : Match on catch block at 0xc3 in for 0xa1
03-02 00:21:49.529 14571 14571 E ArmVmp : Match on catch block at 0xc3 in for 0xa5
03-02 00:21:49.533 14571 14571 E ArmVmp : Match on catch block at 0xc3 in for 0xa9
03-02 00:21:49.537 14571 14571 E ArmVmp : Match on catch block at 0xc3 in for 0xa9
03-02 00:21:49.552 14571 14571 E ArmVmp : Match on catch block at 0xc3 in for 0xa1
03-02 00:21:49.556 14571 14571 E ArmVmp : Match on catch block at 0xc3 in for 0xa5
03-02 00:21:49.559 14571 14571 E ArmVmp : Match on catch block at 0xc3 in for 0xa5
03-02 00:21:49.575 14571 14571 E ArmVmp : Match on catch block at 0xc3 in for 0xa9
03-02 00:21:49.579 14571 14571 E ArmVmp : Match on catch block at 0xc3 in for 0xa1
03-02 00:21:49.581 14571 14571 E ArmVmp : Match on catch block at 0xc3 in for 0xa1
03-02 00:21:49.597 14571 14571 E ArmVmp : Match on catch block at 0xc3 in for 0xa5
03-02 00:21:49.601 14571 14571 E ArmVmp : Match on catch block at 0xc3 in for 0xa9
03-02 00:21:49.604 14571 14571 E ArmVmp : Match on catch block at 0xc3 in for 0xa9
03-02 00:21:49.640 14571 14571 E ArmVmp : Match on catch block at 0xc3 in for 0xa5
03-02 00:21:49.644 14571 14571 E ArmVmp : Match on catch block at 0xc3 in for 0xa9
03-02 00:21:49.647 14571 14571 E ArmVmp : Match on catch block at 0xc3 in for 0xa9
03-02 00:21:49.770 14571 14571 E ArmVmp : Match on catch block at 0xc3 in for 0xa1
03-02 00:21:49.774 14571 14571 E ArmVmp : Match on catch block at 0xc3 in for 0xa5
03-02 00:21:49.777 14571 14571 E ArmVmp : Match on catch block at 0xc3 in for 0xa5
03-02 00:21:50.245 14571 14571 E ArmVmp : Match on catch block at 0xc3 in for 0xa9
03-02 00:21:50.248 14571 14571 E ArmVmp : Match on catch block at 0xc3 in for 0xa1
03-02 00:21:50.251 14571 14571 E ArmVmp : Match on catch block at 0xc3 in for 0xa1
03-02 00:21:50.630 14571 14571 E ArmVmp : Match on catch block at 0xc3 in for 0xa5
03-02 00:21:50.634 14571 14571 E ArmVmp : Match on catch block at 0xc3 in for 0xa9
03-02 00:21:50.637 14571 14571 E ArmVmp : Match on catch block at 0xc3 in for 0xa9
03-02 00:21:50.680 14571 14571 E ArmVmp : Match on catch block at 0xc3 in for 0xa9
03-02 00:21:50.682 14571 14571 E ArmVmp : Match on catch block at 0xc3 in for 0xa1
03-02 00:21:50.684 14571 14571 E ArmVmp : Match on catch block at 0xc3 in for 0xa1
03-02 00:21:50.694 14571 14571 E ArmVmp : Match on catch block at 0xc3 in for 0xa5
03-02 00:21:50.697 14571 14571 E ArmVmp : Match on catch block at 0xc3 in for 0xa9
03-02 00:21:50.699 14571 14571 E ArmVmp : Match on catch block at 0xc3 in for 0xa9
