03-02 00:21:50.744 14571 14571 E ArmVmp : Match on catch block at 0xc3 in for 0xa1
03-02 00:21:50.746 14571 14571 E ArmVmp : Match on catch block at 0xc3 in for 0xa5
03-02 00:21:50.748 14571 14571 E ArmVmp : Match on catch block at 0xc3 in for 0xa5
03-02 00:21:50.794 14571 14571 E ArmVmp : Match on catch block at 0xc3 in for 0xa1
03-02 00:21:50.796 14571 14571 E ArmVmp : Match on catch block at 0xc3 in for 0xa5
03-02 00:21:50.798 14571 14571 E ArmVmp : Match on catch block at 0xc3 in for 0xa5
03-02 00:21:50.891 14571 14571 E ArmVmp : Match on catch block at 0xc3 in for 0xa1
03-02 00:21:50.895 14571 14571 E ArmVmp : Match on catch block at 0xc3 in for 0xa5
03-02 00:21:50.898 14571 14571 E ArmVmp : Match on catch block at 0xc3 in for 0xa5
03-02 00:21:51.220 14571 14571 E ArmVmp : Match on catch block at 0xc3 in for 0xa1
03-02 00:21:51.223 14571 14571 E ArmVmp : Match on catch block at 0xc3 in for 0xa5
03-02 00:21:51.224 14571 14571 E ArmVmp : Match on catch block at 0xc3 in for 0xa5
03-02 00:21:54.837 14571 14571 W BottomSheetBehavior: BottomSheetBehavior now
supports multiple callbacks. `setBottomSheetCallback()` removes all existing
callbacks, including ones set internally by library authors, which may result in
unintended behavior. This may change in the future. Please use
`addBottomSheetCallback()` and `removeBottomSheetCallback()` instead to set your
own callbacks.
03-02 00:24:18.890 14571 14571 E ArmVmp : Match on catch block at 0x0a in for 0xc9
03-02 00:24:18.892 14571 14571 E ArmVmp : Match on catch block at 0x0a in for 0xc5
03-02 00:24:19.070 14571 14571 E ArmVmp : Match on catch block at 0xc3 in for 0xb9
03-02 00:24:19.073 14571 14571 E ArmVmp : Match on catch block at 0xc3 in for 0xb9
03-02 00:24:19.118 14571 14571 E ArmVmp : Match on catch block at 0xc3 in for 0xa1
03-02 00:24:19.121 14571 14571 E ArmVmp : Match on catch block at 0xc3 in for 0xa5
03-02 00:24:19.140 14571 14571 E ArmVmp : Match on catch block at 0xc3 in for 0xa5
03-02 00:24:19.143 14571 14571 E ArmVmp : Match on catch block at 0xc3 in for 0xa9
03-02 00:24:19.173 14571 14571 E ArmVmp : Match on catch block at 0xc3 in for 0xa9
03-02 00:24:19.176 14571 14571 E ArmVmp : Match on catch block at 0xc3 in for 0xa1
03-02 00:24:19.184 14571 14571 E ArmVmp : Match on catch block at 0xc3 in for 0xa1
03-02 00:24:19.187 14571 14571 E ArmVmp : Match on catch block at 0xc3 in for 0xa5
03-02 00:24:19.198 14571 14571 E ArmVmp : Match on catch block at 0xc3 in for 0xa9
03-02 00:24:19.201 14571 14571 E ArmVmp : Match on catch block at 0xc3 in for 0xa1
03-02 00:24:19.674 14571 14571 E ArmVmp : Match on catch block at 0xc3 in for 0xa1
03-02 00:24:19.678 14571 14571 E ArmVmp : Match on catch block at 0xc3 in for 0xa5
03-02 00:24:19.722 14571 14571 E ArmVmp : Match on catch block at 0xc3 in for 0xa1
03-02 00:24:19.725 14571 14571 E ArmVmp : Match on catch block at 0xc3 in for 0xa5
03-02 00:24:19.739 14571 14571 E ArmVmp : Match on catch block at 0xc3 in for 0xa5
03-02 00:24:19.742 14571 14571 E ArmVmp : Match on catch block at 0xc3 in for 0xa9
03-02 00:24:19.756 14571 14571 E ArmVmp : Match on catch block at 0xc3 in for 0xa1
03-02 00:24:19.758 14571 14571 E ArmVmp : Match on catch block at 0xc3 in for 0xa5
03-02 00:24:19.772 14571 14571 E ArmVmp : Match on catch block at 0xc3 in for 0xa9
03-02 00:24:19.775 14571 14571 E ArmVmp : Match on catch block at 0xc3 in for 0xa1
03-02 00:24:19.795 14571 14571 E ArmVmp : Match on catch block at 0xc3 in for 0xa1
03-02 00:24:19.798 14571 14571 E ArmVmp : Match on catch block at 0xc3 in for 0xa5
03-02 00:24:19.815 14571 14571 E ArmVmp : Match on catch block at 0xc3 in for 0xa5
03-02 00:24:19.818 14571 14571 E ArmVmp : Match on catch block at 0xc3 in for 0xa9
03-02 00:24:19.858 14571 14571 W TabLayout: MODE_SCROLLABLE + GRAVITY_FILL is not
supported, GRAVITY_START will be used instead
03-02 00:24:19.882 14571 14571 W BottomSheetBehavior: BottomSheetBehavior now
supports multiple callbacks. `setBottomSheetCallback()` removes all existing
callbacks, including ones set internally by library authors, which may result in
unintended behavior. This may change in the future. Please use
`addBottomSheetCallback()` and `removeBottomSheetCallback()` instead to set your
own callbacks.
03-02 00:24:19.946 14571 14571 E ArmVmp : Match on catch block at 0xc3 in for 0xa9
03-02 00:24:19.948 14571 14571 E ArmVmp : Match on catch block at 0xc3 in for 0xa1
03-02 00:24:20.013 14571 14571 W View : requestLayout() improperly called by
com.whatsapp.WaImageView{62a9e99 VF.D..CL. ......ID 0,0-192,192 #7f0b1814
app:id/shutter} during layout: running second layout pass
03-02 00:24:20.013 14571 14571 W View : requestLayout() improperly called by
com.whatsapp.CircularProgressBar{fce555e V.ED..... ......ID 0,0-192,192 #7f0b14fc
app:id/recording_progress} during layout: running second layout pass
03-02 00:24:20.013 14571 14571 W View : requestLayout() improperly called by
com.whatsapp.WaImageView{d912d3f VF.D..C.. ......ID 0,0-144,144 #7f0b1976
app:id/switch_camera_btn} during layout: running second layout pass
03-02 00:24:20.013 14571 14571 W View : requestLayout() improperly called by
com.whatsapp.WaImageView{53a60c VFED..C.. ......ID 0,0-144,144 #7f0b0b0d
app:id/gallery_btn} during layout: running second layout pass
03-02 00:24:20.013 14571 14571 W View : requestLayout() improperly called by
com.whatsapp.WaImageView{97d8b55 VF.D..C.. ......ID 0,0-144,144 #7f0b0a9c
app:id/flash_btn} during layout: running second layout pass
03-02 00:24:20.013 14571 14571 W View : requestLayout() improperly called by
com.whatsapp.WaImageView{3a6696a VFED..C.. ......ID 0,0-144,144 #7f0b057f
app:id/close_camera_btn} during layout: running second layout pass
03-02 00:24:20.013 14571 14571 W View : requestLayout() improperly called by
X.4Ki{3f55e5b V.ED..... ......ID 0,6-1080,150} during layout: running second layout
pass
03-02 00:24:20.038 14571 14571 E ArmVmp : Match on catch block at 0xc3 in for 0xa5
03-02 00:24:20.043 14571 14571 E ArmVmp : Match on catch block at 0xc3 in for 0xa9
03-02 00:24:20.060 14571 14571 W View : requestLayout() improperly called by
com.whatsapp.WaImageView{62a9e99 VF.D..CL. ......ID 444,1680-636,1872 #7f0b1814
app:id/shutter} during layout: running second layout pass
03-02 00:24:20.060 14571 14571 W View : requestLayout() improperly called by
com.whatsapp.CircularProgressBar{fce555e V.ED..... ......ID 444,1680-636,1872
#7f0b14fc app:id/recording_progress} during layout: running second layout pass
03-02 00:24:20.060 14571 14571 W View : requestLayout() improperly called by
com.whatsapp.WaImageView{d912d3f VF.D..C.. ......ID 912,1704-1056,1848 #7f0b1976
app:id/switch_camera_btn} during layout: running second layout pass
03-02 00:24:20.060 14571 14571 W View : requestLayout() improperly called by
com.whatsapp.WaImageView{53a60c VFED..C.. ......ID 24,1704-168,1848 #7f0b0b0d
app:id/gallery_btn} during layout: running second layout pass
03-02 00:24:20.060 14571 14571 W View : requestLayout() improperly called by
com.whatsapp.WaImageView{97d8b55 VF.D..C.. ......I. 912,24-1056,168 #7f0b0a9c
app:id/flash_btn} during layout: running second layout pass
03-02 00:24:20.060 14571 14571 W View : requestLayout() improperly called by
com.whatsapp.WaImageView{3a6696a VFED..C.. ......I. 24,24-168,168 #7f0b057f
app:id/close_camera_btn} during layout: running second layout pass
03-02 00:24:20.068 14571 14571 E ArmVmp : Match on catch block at 0xc3 in for 0xa1
03-02 00:24:20.071 14571 14571 E ArmVmp : Match on catch block at 0xc3 in for 0xa5
03-02 00:24:20.217 14571 14571 E ArmVmp : Match on catch block at 0xc3 in for 0xa1
03-02 00:24:20.225 14571 14571 E ArmVmp : Match on catch block at 0xc3 in for 0xa5
03-02 00:24:21.452 14571 14586 W System : A resource failed to call close.
03-02 00:24:23.082 14571 15606 E CameraManagerGlobal: Camera 4 is not available.
Ignore physical camera status change
03-02 00:24:26.779 14571 16686 W H2BGraphicBufferProducer: getConsumerUsage is not
fully supported
03-02 00:24:33.431 14571 14589 E CameraManagerGlobal: Camera 4 is not available.
Ignore physical camera status change
03-02 00:24:33.797 14571 20568 W Codec2Client: query -- param skipped: index =
1107298332.
03-02 00:24:33.797 14571 20568 W CCodec : This behavior is subject to change. It
is recommended that app developers double check whether the requested max input
size is in reasonable range.
03-02 00:24:33.800 14571 20568 W Codec2Client: query -- param skipped: index =
1342179345.
03-02 00:24:33.800 14571 20568 W Codec2Client: query -- param skipped: index =
2415921170.
03-02 00:24:33.800 14571 20568 W Codec2Client: query -- param skipped: index =
1610614798.
03-02 00:24:33.800 14571 20568 E FMQ : grantorIdx must be less than 3
03-02 00:24:33.801 14571 20568 E FMQ : grantorIdx must be less than 3
03-02 00:24:33.807 14571 20568 E FMQ : grantorIdx must be less than 3
03-02 00:24:33.814 14571 15330 E FMQ : grantorIdx must be less than 3
03-02 00:24:33.886 14571 20568 W Codec2Client: query -- param skipped: index =
1342179345.
03-02 00:24:33.886 14571 20568 W Codec2Client: query -- param skipped: index =
2415921170.
03-02 00:24:33.886 14571 20568 W Codec2Client: query -- param skipped: index =
1610614798.
03-02 00:24:33.897 14571 20568 W Codec2Client: query -- param skipped: index =
1342179345.
03-02 00:24:33.897 14571 20568 W Codec2Client: query -- param skipped: index =
2415921170.
03-02 00:24:33.897 14571 20568 W Codec2Client: query -- param skipped: index =
1610614798.
03-02 00:24:33.910 14571 20568 W Codec2Client: query -- param skipped: index =
1342179345.
03-02 00:24:33.910 14571 20568 W Codec2Client: query -- param skipped: index =
2415921170.
03-02 00:24:33.910 14571 20568 W Codec2Client: query -- param skipped: index =
1610614798.
03-02 00:24:33.918 14571 20559 W ACodec : Failed to set ANW_HWComposer to OMX,
ignoring (-2147483648)
03-02 00:24:33.929 14571 17111 E DRM_DCF_DECODER_JNI: nativeDecryptDcfFile: failed
to openDecryptSession, trigger showDrmDialogIfNeed
03-02 00:24:33.930 14571 17111 E DRM/DcfDecoder: decodeDrmImage native decrypt
failed
03-02 00:24:34.917 14571 14571 W Choreographer: Frame time is 0.128598 now =
311614373249957 timestampNanos = 311614373378555 ms in the future! Check that
graphics HAL is generating vsync timestamps using the correct timebase.
03-02 00:24:39.673 14571 14589 E CameraManagerGlobal: Camera 4 is not available.
Ignore physical camera status change
03-02 00:24:40.302 14571 20559 W ACodec : Failed to set ANW_HWComposer to OMX,
ignoring (-2147483648)
03-02 00:24:40.312 14571 20568 W Codec2Client: query -- param skipped: index =
1342179345.
03-02 00:24:40.312 14571 20568 W Codec2Client: query -- param skipped: index =
2415921170.
03-02 00:24:40.312 14571 20568 W Codec2Client: query -- param skipped: index =
1610614798.
03-02 00:24:40.316 14571 20559 W ACodec : Failed to set ANW_HWComposer to OMX,
ignoring (-2147483648)
03-02 00:24:40.841 14571 14571 E ArmVmp : Match on catch block at 0x0a in for 0xc9
03-02 00:24:40.844 14571 14571 E ArmVmp : Match on catch block at 0x0a in for 0xc5
03-02 00:24:40.902 14571 14571 E ArmVmp : Match on catch block at 0xc3 in for 0xa1
03-02 00:24:40.910 14571 14571 E ArmVmp : Match on catch block at 0xc3 in for 0xa5
03-02 00:24:40.963 14571 14571 E ArmVmp : Match on catch block at 0xc3 in for 0xa5
03-02 00:24:40.969 14571 14571 E ArmVmp : Match on catch block at 0xc3 in for 0xa9
03-02 00:24:40.988 14571 14571 E ArmVmp : Match on catch block at 0xc3 in for 0xa9
03-02 00:24:40.994 14571 14571 E ArmVmp : Match on catch block at 0xc3 in for 0xa1
03-02 00:24:40.999 14571 19068 E CameraManagerGlobal: Camera 4 is not available.
Ignore physical camera status change
03-02 00:24:41.020 14571 14571 E ArmVmp : Match on catch block at 0xc3 in for 0xa5
03-02 00:24:41.024 14571 14571 E ArmVmp : Match on catch block at 0xc3 in for 0xa9
03-02 00:24:41.396 14571 14571 E ArmVmp : Match on catch block at 0xc3 in for 0xa5
03-02 00:24:41.399 14571 14571 E ArmVmp : Match on catch block at 0xc3 in for 0xa9
03-02 00:24:41.514 14571 14571 E ArmVmp : Match on catch block at 0xc3 in for 0xa9
03-02 00:24:41.517 14571 14571 E ArmVmp : Match on catch block at 0xc3 in for 0xa1
03-02 00:24:41.681 14571 14571 E ArmVmp : Match on catch block at 0xc3 in for 0xa1
03-02 00:24:41.683 14571 14571 E ArmVmp : Match on catch block at 0xc3 in for 0xa5
03-02 00:24:41.697 14571 14571 E ArmVmp : Match on catch block at 0xc3 in for 0xa5
03-02 00:24:41.700 14571 14571 E ArmVmp : Match on catch block at 0xc3 in for 0xa9
03-02 00:24:41.714 14571 14571 E ArmVmp : Match on catch block at 0xc3 in for 0xa9
03-02 00:24:41.716 14571 14571 E ArmVmp : Match on catch block at 0xc3 in for 0xa1
03-02 00:24:41.731 14571 14571 E ArmVmp : Match on catch block at 0xc3 in for 0xa1
03-02 00:24:41.733 14571 14571 E ArmVmp : Match on catch block at 0xc3 in for 0xa5
03-02 00:24:41.748 14571 14571 E ArmVmp : Match on catch block at 0xc3 in for 0xa5
03-02 00:24:41.750 14571 14571 E ArmVmp : Match on catch block at 0xc3 in for 0xa9
03-02 00:24:41.764 14571 14571 E ArmVmp : Match on catch block at 0xc3 in for 0xa9
03-02 00:24:41.767 14571 14571 E ArmVmp : Match on catch block at 0xc3 in for 0xa1
03-02 00:24:41.781 14571 14571 E ArmVmp : Match on catch block at 0xc3 in for 0xa1
03-02 00:24:41.783 14571 14571 E ArmVmp : Match on catch block at 0xc3 in for 0xa5
03-02 00:24:41.798 14571 14571 E ArmVmp : Match on catch block at 0xc3 in for 0xa5
03-02 00:24:41.802 14571 14571 E ArmVmp : Match on catch block at 0xc3 in for 0xa9
03-02 00:24:41.815 14571 14571 E ArmVmp : Match on catch block at 0xc3 in for 0xa9
03-02 00:24:41.818 14571 14571 E ArmVmp : Match on catch block at 0xc3 in for 0xa1
03-02 00:24:41.832 14571 14571 E ArmVmp : Match on catch block at 0xc3 in for 0xa1
03-02 00:24:41.835 14571 14571 E ArmVmp : Match on catch block at 0xc3 in for 0xa5
03-02 00:24:41.849 14571 14571 E ArmVmp : Match on catch block at 0xc3 in for 0xa5
03-02 00:24:41.852 14571 14571 E ArmVmp : Match on catch block at 0xc3 in for 0xa9
03-02 00:24:41.865 14571 14571 E ArmVmp : Match on catch block at 0xc3 in for 0xa9
03-02 00:24:41.869 14571 14571 E ArmVmp : Match on catch block at 0xc3 in for 0xa1
03-02 00:24:41.882 14571 14571 E ArmVmp : Match on catch block at 0xc3 in for 0xa1
03-02 00:24:41.885 14571 14571 E ArmVmp : Match on catch block at 0xc3 in for 0xa5
03-02 00:24:41.898 14571 14571 E ArmVmp : Match on catch block at 0xc3 in for 0xa5
03-02 00:24:41.902 14571 14571 E ArmVmp : Match on catch block at 0xc3 in for 0xa9
03-02 00:24:41.915 14571 14571 E ArmVmp : Match on catch block at 0xc3 in for 0xa9
03-02 00:24:41.918 14571 14571 E ArmVmp : Match on catch block at 0xc3 in for 0xa1
03-02 00:24:41.932 14571 14571 E ArmVmp : Match on catch block at 0xc3 in for 0xa1
03-02 00:24:41.935 14571 14571 E ArmVmp : Match on catch block at 0xc3 in for 0xa5
03-02 00:24:41.949 14571 14571 E ArmVmp : Match on catch block at 0xc3 in for 0xa5
03-02 00:24:41.952 14571 14571 E ArmVmp : Match on catch block at 0xc3 in for 0xa9
03-02 00:24:41.964 14571 14571 E ArmVmp : Match on catch block at 0xc3 in for 0xa9
03-02 00:24:41.966 14571 14571 E ArmVmp : Match on catch block at 0xc3 in for 0xa1
03-02 00:24:41.981 14571 14571 E ArmVmp : Match on catch block at 0xc3 in for 0xa1
03-02 00:24:41.983 14571 14571 E ArmVmp : Match on catch block at 0xc3 in for 0xa5
03-02 00:24:42.015 14571 14571 E ArmVmp : Match on catch block at 0xc3 in for 0xa5
03-02 00:24:42.018 14571 14571 E ArmVmp : Match on catch block at 0xc3 in for 0xa9
03-02 00:24:42.047 14571 14571 E ArmVmp : Match on catch block at 0xc3 in for 0xa1
03-02 00:24:42.050 14571 14571 E ArmVmp : Match on catch block at 0xc3 in for 0xa5
03-02 00:24:42.149 14571 14571 E ArmVmp : Match on catch block at 0xc3 in for 0xa9
03-02 00:24:42.153 14571 14571 E ArmVmp : Match on catch block at 0xc3 in for 0xa1
03-02 00:24:42.418 14571 14571 E ArmVmp : Match on catch block at 0xc3 in for 0xa1
03-02 00:24:42.423 14571 14571 E ArmVmp : Match on catch block at 0xc3 in for 0xa5
03-02 00:24:42.472 14571 14571 E ArmVmp : Match on catch block at 0xc3 in for 0xa5
03-02 00:24:42.475 14571 14571 E ArmVmp : Match on catch block at 0xc3 in for 0xa9
03-02 00:24:43.065 14571 14571 W BottomSheetBehavior: BottomSheetBehavior now
supports multiple callbacks. `setBottomSheetCallback()` removes all existing
callbacks, including ones set internally by library authors, which may result in
unintended behavior. This may change in the future. Please use
`addBottomSheetCallback()` and `removeBottomSheetCallback()` instead to set your
own callbacks.
03-02 00:26:49.624 14571 14571 E ArmVmp : Match on catch block at 0x0a in for 0xc1
03-02 00:26:49.627 14571 14571 E ArmVmp : Match on catch block at 0x0a in for 0xc9
03-02 00:26:49.795 14571 14571 E ArmVmp : Match on catch block at 0xc3 in for 0xb1
03-02 00:26:49.798 14571 14571 E ArmVmp : Match on catch block at 0xc3 in for 0xb1
03-02 00:26:49.837 14571 14571 E ArmVmp : Match on catch block at 0xc3 in for 0xa9
03-02 00:26:49.841 14571 14571 E ArmVmp : Match on catch block at 0xc3 in for 0xa1
03-02 00:26:49.883 14571 14571 E ArmVmp : Match on catch block at 0xc3 in for 0xa9
03-02 00:26:49.886 14571 14571 E ArmVmp : Match on catch block at 0xc3 in for 0xa1
03-02 00:26:49.908 14571 14571 E ArmVmp : Match on catch block at 0xc3 in for 0xa9
03-02 00:26:49.910 14571 14571 E ArmVmp : Match on catch block at 0xc3 in for 0xa1
03-02 00:26:49.923 14571 14571 E ArmVmp : Match on catch block at 0xc3 in for 0xa1
03-02 00:26:49.926 14571 14571 E ArmVmp : Match on catch block at 0xc3 in for 0xa5
03-02 00:26:50.407 14571 14571 E ArmVmp : Match on catch block at 0xc3 in for 0xa5
03-02 00:26:50.409 14571 14571 E ArmVmp : Match on catch block at 0xc3 in for 0xa9
03-02 00:26:50.457 14571 14571 E ArmVmp : Match on catch block at 0xc3 in for 0xa9
03-02 00:26:50.459 14571 14571 E ArmVmp : Match on catch block at 0xc3 in for 0xa1
03-02 00:26:50.497 14571 14571 W SoundPool: Use of stream types is deprecated for
operations other than volume control
03-02 00:26:50.498 14571 14571 W SoundPool: See the documentation of SoundPool()
for what to use instead with android.media.AudioAttributes to qualify your playback
use case
03-02 00:26:50.509 14571 14571 W AudioManager: Use of stream types is deprecated
for operations other than volume control
03-02 00:26:50.509 14571 14571 W AudioManager: See the documentation of
requestAudioFocus() for what to use instead with android.media.AudioAttributes to
qualify your playback use case
03-02 00:26:50.513 14571 19710 W SoundPool: play soundID 1 not READY
03-02 00:26:50.539 14571 14571 W libOpenSLES: Conversion from OpenSL ES positional
channel mask 0x4 to Android mask 0 loses channels
03-02 00:26:50.570 14571 14571 E ArmVmp : Match on catch block at 0xc3 in for 0xa5
03-02 00:26:50.572 14571 20896 W Codec2Client: query -- param skipped: index =
1107298332.
03-02 00:26:50.572 14571 20896 W Codec2Client: query -- param skipped: index =
1342179345.
03-02 00:26:50.572 14571 20896 W Codec2Client: query -- param skipped: index =
2415921170.
03-02 00:26:50.573 14571 14571 E ArmVmp : Match on catch block at 0xc3 in for 0xa9
03-02 00:26:50.573 14571 20896 E FMQ : grantorIdx must be less than 3
03-02 00:26:50.573 14571 20896 E FMQ : grantorIdx must be less than 3
03-02 00:26:50.574 14571 20895 W Codec2Client: query -- param skipped: index =
1107298332.
03-02 00:26:50.575 14571 20895 W Codec2Client: query -- param skipped: index =
1342179345.
03-02 00:26:50.575 14571 20895 W Codec2Client: query -- param skipped: index =
2415921170.
03-02 00:26:50.576 14571 20895 E FMQ : grantorIdx must be less than 3
03-02 00:26:50.576 14571 20895 E FMQ : grantorIdx must be less than 3
03-02 00:26:50.576 14571 20896 E FMQ : grantorIdx must be less than 3
03-02 00:26:50.579 14571 20895 E FMQ : grantorIdx must be less than 3
03-02 00:26:50.582 14571 15330 E FMQ : grantorIdx must be less than 3
03-02 00:26:50.585 14571 15330 E FMQ : grantorIdx must be less than 3
03-02 00:26:50.593 14571 14571 E ArmVmp : Match on catch block at 0xc3 in for 0xa1
03-02 00:26:50.598 14571 14571 E ArmVmp : Match on catch block at 0xc3 in for 0xa5
03-02 00:26:50.606 14571 14571 E ArmVmp : Match on catch block at 0xc3 in for 0xa9
03-02 00:26:50.611 14571 14571 E ArmVmp : Match on catch block at 0xc3 in for 0xa1
03-02 00:26:50.617 14571 20907 W Codec2Client: query -- param skipped: index =
1107298332.
03-02 00:26:50.618 14571 20907 W Codec2Client: query -- param skipped: index =
1342179345.
03-02 00:26:50.618 14571 20907 W Codec2Client: query -- param skipped: index =
2415921170.
03-02 00:26:50.618 14571 20907 E FMQ : grantorIdx must be less than 3
03-02 00:26:50.618 14571 20907 E FMQ : grantorIdx must be less than 3
03-02 00:26:50.620 14571 14571 E ArmVmp : Match on catch block at 0xc3 in for 0xa5
03-02 00:26:50.622 14571 20907 E FMQ : grantorIdx must be less than 3
03-02 00:26:50.626 14571 14571 E ArmVmp : Match on catch block at 0xc3 in for 0xa9
03-02 00:26:50.627 14571 20909 W Codec2Client: query -- param skipped: index =
1107298332.
03-02 00:26:50.628 14571 20909 W Codec2Client: query -- param skipped: index =
1342179345.
03-02 00:26:50.628 14571 20909 W Codec2Client: query -- param skipped: index =
2415921170.
03-02 00:26:50.628 14571 20909 E FMQ : grantorIdx must be less than 3
03-02 00:26:50.628 14571 20909 E FMQ : grantorIdx must be less than 3
03-02 00:26:50.630 14571 15330 E FMQ : grantorIdx must be less than 3
03-02 00:26:50.631 14571 20909 E FMQ : grantorIdx must be less than 3
03-02 00:26:50.635 14571 14571 E ArmVmp : Match on catch block at 0xc3 in for 0xa1
03-02 00:26:50.638 14571 14571 E ArmVmp : Match on catch block at 0xc3 in for 0xa5
03-02 00:26:50.639 14571 15330 E FMQ : grantorIdx must be less than 3
03-02 00:26:50.648 14571 14571 E ArmVmp : Match on catch block at 0xc3 in for 0xa9
03-02 00:26:50.654 14571 14571 E ArmVmp : Match on catch block at 0xc3 in for 0xa1
03-02 00:26:50.662 14571 14571 E ArmVmp : Match on catch block at 0xc3 in for 0xa5
03-02 00:26:50.665 14571 14571 E ArmVmp : Match on catch block at 0xc3 in for 0xa9
03-02 00:26:50.678 14571 14571 E ArmVmp : Match on catch block at 0xc3 in for 0xa1
03-02 00:26:50.682 14571 14571 E ArmVmp : Match on catch block at 0xc3 in for 0xa5
03-02 00:26:50.687 14571 20912 W Codec2Client: query -- param skipped: index =
1107298332.
03-02 00:26:50.687 14571 20912 W Codec2Client: query -- param skipped: index =
1342179345.
03-02 00:26:50.687 14571 20912 W Codec2Client: query -- param skipped: index =
2415921170.
03-02 00:26:50.687 14571 20912 E FMQ : grantorIdx must be less than 3
03-02 00:26:50.687 14571 20912 E FMQ : grantorIdx must be less than 3
03-02 00:26:50.690 14571 20912 E FMQ : grantorIdx must be less than 3
03-02 00:26:50.693 14571 14571 E ArmVmp : Match on catch block at 0xc3 in for 0xa9
03-02 00:26:50.698 14571 14571 E ArmVmp : Match on catch block at 0xc3 in for 0xa1
03-02 00:26:50.698 14571 15330 E FMQ : grantorIdx must be less than 3
03-02 00:26:50.707 14571 14571 E ArmVmp : Match on catch block at 0xc3 in for 0xa5
03-02 00:26:50.711 14571 14571 E ArmVmp : Match on catch block at 0xc3 in for 0xa9
03-02 00:26:50.724 14571 14571 E ArmVmp : Match on catch block at 0xc3 in for 0xa1
03-02 00:26:50.728 14571 20916 W Codec2Client: query -- param skipped: index =
1107298332.
03-02 00:26:50.728 14571 14571 E ArmVmp : Match on catch block at 0xc3 in for 0xa5
03-02 00:26:50.729 14571 20916 W Codec2Client: query -- param skipped: index =
1342179345.
03-02 00:26:50.729 14571 20916 W Codec2Client: query -- param skipped: index =
2415921170.
03-02 00:26:50.729 14571 20916 E FMQ : grantorIdx must be less than 3
03-02 00:26:50.729 14571 20916 E FMQ : grantorIdx must be less than 3
03-02 00:26:50.732 14571 20916 E FMQ : grantorIdx must be less than 3
03-02 00:26:50.737 14571 15330 E FMQ : grantorIdx must be less than 3
03-02 00:26:50.894 14571 14571 E ArmVmp : Match on catch block at 0xc3 in for 0xa9
03-02 00:26:50.899 14571 14571 E ArmVmp : Match on catch block at 0xc3 in for 0xa1
03-02 00:26:50.910 14571 14571 E ArmVmp : Match on catch block at 0xc3 in for 0xa1
03-02 00:26:50.915 14571 14571 E ArmVmp : Match on catch block at 0xc3 in for 0xa5
03-02 00:26:50.930 14571 14571 E ArmVmp : Match on catch block at 0xc3 in for 0xa5
03-02 00:26:50.933 14571 14571 E ArmVmp : Match on catch block at 0xc3 in for 0xa9
03-02 00:26:50.941 14571 14571 E ArmVmp : Match on catch block at 0xc3 in for 0xa1
03-02 00:26:50.945 14571 14571 E ArmVmp : Match on catch block at 0xc3 in for 0xa5
03-02 00:26:50.958 14571 14571 E ArmVmp : Match on catch block at 0xc3 in for 0xa9
03-02 00:26:50.962 14571 14571 E ArmVmp : Match on catch block at 0xc3 in for 0xa1
03-02 00:26:50.974 14571 14571 E ArmVmp : Match on catch block at 0xc3 in for 0xa5
03-02 00:26:50.978 14571 14571 E ArmVmp : Match on catch block at 0xc3 in for 0xa9
03-02 00:26:50.991 14571 14571 E ArmVmp : Match on catch block at 0xc3 in for 0xa1
03-02 00:26:50.996 14571 14571 E ArmVmp : Match on catch block at 0xc3 in for 0xa5
03-02 00:26:51.008 14571 14571 E ArmVmp : Match on catch block at 0xc3 in for 0xa9
03-02 00:26:51.013 14571 14571 E ArmVmp : Match on catch block at 0xc3 in for 0xa1
03-02 00:26:51.026 14571 14571 E ArmVmp : Match on catch block at 0xc3 in for 0xa5
03-02 00:26:51.030 14571 14571 E ArmVmp : Match on catch block at 0xc3 in for 0xa9
03-02 00:26:51.042 14571 14571 E ArmVmp : Match on catch block at 0xc3 in for 0xa1
03-02 00:26:51.046 14571 14571 E ArmVmp : Match on catch block at 0xc3 in for 0xa5
03-02 00:26:51.061 14571 14571 E ArmVmp : Match on catch block at 0xc3 in for 0xa9
03-02 00:26:51.065 14571 14571 E ArmVmp : Match on catch block at 0xc3 in for 0xa1
03-02 00:26:51.074 14571 14571 E ArmVmp : Match on catch block at 0xc3 in for 0xa5
03-02 00:26:51.079 14571 14571 E ArmVmp : Match on catch block at 0xc3 in for 0xa9
03-02 00:26:51.092 14571 14571 E ArmVmp : Match on catch block at 0xc3 in for 0xa1
03-02 00:26:51.097 14571 14571 E ArmVmp : Match on catch block at 0xc3 in for 0xa5
03-02 00:26:51.109 14571 14571 E ArmVmp : Match on catch block at 0xc3 in for 0xa9
03-02 00:26:51.113 14571 14571 E ArmVmp : Match on catch block at 0xc3 in for 0xa1
03-02 00:26:51.125 14571 14571 E ArmVmp : Match on catch block at 0xc3 in for 0xa5
03-02 00:26:51.129 14571 14571 E ArmVmp : Match on catch block at 0xc3 in for 0xa9
03-02 00:26:51.141 14571 14571 E ArmVmp : Match on catch block at 0xc3 in for 0xa1
03-02 00:26:51.146 14571 14571 E ArmVmp : Match on catch block at 0xc3 in for 0xa5
03-02 00:26:51.158 14571 14571 E ArmVmp : Match on catch block at 0xc3 in for 0xa9
03-02 00:26:51.162 14571 14571 E ArmVmp : Match on catch block at 0xc3 in for 0xa1
03-02 00:26:51.174 14571 14571 E ArmVmp : Match on catch block at 0xc3 in for 0xa5
03-02 00:26:51.178 14571 14571 E ArmVmp : Match on catch block at 0xc3 in for 0xa9
03-02 00:26:51.191 14571 14571 E ArmVmp : Match on catch block at 0xc3 in for 0xa1
03-02 00:26:51.195 14571 14571 E ArmVmp : Match on catch block at 0xc3 in for 0xa5
03-02 00:26:51.207 14571 14571 E ArmVmp : Match on catch block at 0xc3 in for 0xa9
03-02 00:26:51.211 14571 14571 E ArmVmp : Match on catch block at 0xc3 in for 0xa1
03-02 00:26:51.224 14571 14571 E ArmVmp : Match on catch block at 0xc3 in for 0xa5
03-02 00:26:51.227 14571 14571 E ArmVmp : Match on catch block at 0xc3 in for 0xa9
03-02 00:26:51.241 14571 14571 E ArmVmp : Match on catch block at 0xc3 in for 0xa1
03-02 00:26:51.244 14571 14571 E ArmVmp : Match on catch block at 0xc3 in for 0xa5
03-02 00:26:51.257 14571 14571 E ArmVmp : Match on catch block at 0xc3 in for 0xa9
03-02 00:26:51.261 14571 14571 E ArmVmp : Match on catch block at 0xc3 in for 0xa1
03-02 00:26:51.275 14571 14571 E ArmVmp : Match on catch block at 0xc3 in for 0xa5
03-02 00:26:51.278 14571 14571 E ArmVmp : Match on catch block at 0xc3 in for 0xa9
03-02 00:26:51.290 14571 14571 E ArmVmp : Match on catch block at 0xc3 in for 0xa1
03-02 00:26:51.295 14571 14571 E ArmVmp : Match on catch block at 0xc3 in for 0xa5
03-02 00:26:51.308 14571 14571 E ArmVmp : Match on catch block at 0xc3 in for 0xa9
03-02 00:26:51.312 14571 14571 E ArmVmp : Match on catch block at 0xc3 in for 0xa1
03-02 00:26:51.324 14571 14571 E ArmVmp : Match on catch block at 0xc3 in for 0xa5
03-02 00:26:51.329 14571 14571 E ArmVmp : Match on catch block at 0xc3 in for 0xa9
03-02 00:26:51.340 14571 14571 E ArmVmp : Match on catch block at 0xc3 in for 0xa1
03-02 00:26:51.343 14571 14571 E ArmVmp : Match on catch block at 0xc3 in for 0xa5
03-02 00:26:51.358 14571 14571 E ArmVmp : Match on catch block at 0xc3 in for 0xa9
03-02 00:26:51.362 14571 14571 E ArmVmp : Match on catch block at 0xc3 in for 0xa1
03-02 00:26:51.373 14571 14571 E ArmVmp : Match on catch block at 0xc3 in for 0xa1
03-02 00:26:51.377 14571 14571 E ArmVmp : Match on catch block at 0xc3 in for 0xa5
03-02 00:26:51.389 14571 14571 E ArmVmp : Match on catch block at 0xc3 in for 0xa9
03-02 00:26:51.392 14571 14571 E ArmVmp : Match on catch block at 0xc3 in for 0xa1
03-02 00:26:51.406 14571 14571 E ArmVmp : Match on catch block at 0xc3 in for 0xa1
03-02 00:26:51.409 14571 14571 E ArmVmp : Match on catch block at 0xc3 in for 0xa5
03-02 00:26:51.423 14571 14571 E ArmVmp : Match on catch block at 0xc3 in for 0xa5
03-02 00:26:51.426 14571 14571 E ArmVmp : Match on catch block at 0xc3 in for 0xa9
03-02 00:26:51.439 14571 14571 E ArmVmp : Match on catch block at 0xc3 in for 0xa9
03-02 00:26:51.442 14571 14571 E ArmVmp : Match on catch block at 0xc3 in for 0xa1
03-02 00:26:51.456 14571 14571 E ArmVmp : Match on catch block at 0xc3 in for 0xa1
03-02 00:26:51.459 14571 14571 E ArmVmp : Match on catch block at 0xc3 in for 0xa5
03-02 00:26:51.473 14571 14571 E ArmVmp : Match on catch block at 0xc3 in for 0xa5
03-02 00:26:51.476 14571 14571 E ArmVmp : Match on catch block at 0xc3 in for 0xa9
03-02 00:26:51.489 14571 14571 E ArmVmp : Match on catch block at 0xc3 in for 0xa9
03-02 00:26:51.492 14571 14571 E ArmVmp : Match on catch block at 0xc3 in for 0xa1
03-02 00:26:51.506 14571 14571 E ArmVmp : Match on catch block at 0xc3 in for 0xa1
03-02 00:26:51.509 14571 14571 E ArmVmp : Match on catch block at 0xc3 in for 0xa5
03-02 00:26:51.523 14571 14571 E ArmVmp : Match on catch block at 0xc3 in for 0xa5
03-02 00:26:51.525 14571 14571 E ArmVmp : Match on catch block at 0xc3 in for 0xa9
03-02 00:26:51.541 14571 14571 E ArmVmp : Match on catch block at 0xc3 in for 0xa9
03-02 00:26:51.543 14571 14571 E ArmVmp : Match on catch block at 0xc3 in for 0xa1
03-02 00:26:51.556 14571 14571 E ArmVmp : Match on catch block at 0xc3 in for 0xa1
03-02 00:26:51.561 14571 14571 E ArmVmp : Match on catch block at 0xc3 in for 0xa5
03-02 00:26:51.573 14571 14571 E ArmVmp : Match on catch block at 0xc3 in for 0xa5
03-02 00:26:51.576 14571 14571 E ArmVmp : Match on catch block at 0xc3 in for 0xa9
03-02 00:26:51.589 14571 14571 E ArmVmp : Match on catch block at 0xc3 in for 0xa9
03-02 00:26:51.593 14571 14571 E ArmVmp : Match on catch block at 0xc3 in for 0xa1
03-02 00:26:51.606 14571 14571 E ArmVmp : Match on catch block at 0xc3 in for 0xa1
03-02 00:26:51.610 14571 14571 E ArmVmp : Match on catch block at 0xc3 in for 0xa5
03-02 00:26:51.623 14571 14571 E ArmVmp : Match on catch block at 0xc3 in for 0xa5
03-02 00:26:51.626 14571 14571 E ArmVmp : Match on catch block at 0xc3 in for 0xa9
03-02 00:26:51.640 14571 14571 E ArmVmp : Match on catch block at 0xc3 in for 0xa9
03-02 00:26:51.645 14571 14571 E ArmVmp : Match on catch block at 0xc3 in for 0xa1
03-02 00:26:51.656 14571 14571 E ArmVmp : Match on catch block at 0xc3 in for 0xa1
03-02 00:26:51.661 14571 14571 E ArmVmp : Match on catch block at 0xc3 in for 0xa5
03-02 00:26:51.672 14571 14571 E ArmVmp : Match on catch block at 0xc3 in for 0xa5
03-02 00:26:51.675 14571 14571 E ArmVmp : Match on catch block at 0xc3 in for 0xa9
03-02 00:26:51.689 14571 14571 E ArmVmp : Match on catch block at 0xc3 in for 0xa9
03-02 00:26:51.693 14571 14571 E ArmVmp : Match on catch block at 0xc3 in for 0xa1
03-02 00:26:51.706 14571 14571 E ArmVmp : Match on catch block at 0xc3 in for 0xa1
03-02 00:26:51.708 14571 14571 E ArmVmp : Match on catch block at 0xc3 in for 0xa5
03-02 00:26:51.723 14571 14571 E ArmVmp : Match on catch block at 0xc3 in for 0xa5
03-02 00:26:51.725 14571 14571 E ArmVmp : Match on catch block at 0xc3 in for 0xa9
03-02 00:26:51.739 14571 14571 E ArmVmp : Match on catch block at 0xc3 in for 0xa9
03-02 00:26:51.742 14571 14571 E ArmVmp : Match on catch block at 0xc3 in for 0xa1
03-02 00:26:51.756 14571 14571 E ArmVmp : Match on catch block at 0xc3 in for 0xa1
03-02 00:26:51.760 14571 14571 E ArmVmp : Match on catch block at 0xc3 in for 0xa5
03-02 00:26:51.772 14571 14571 E ArmVmp : Match on catch block at 0xc3 in for 0xa5
03-02 00:26:51.775 14571 14571 E ArmVmp : Match on catch block at 0xc3 in for 0xa9
03-02 00:26:51.789 14571 14571 E ArmVmp : Match on catch block at 0xc3 in for 0xa9
03-02 00:26:51.792 14571 14571 E ArmVmp : Match on catch block at 0xc3 in for 0xa1
03-02 00:26:51.806 14571 14571 E ArmVmp : Match on catch block at 0xc3 in for 0xa1
03-02 00:26:51.808 14571 14571 E ArmVmp : Match on catch block at 0xc3 in for 0xa5
03-02 00:26:51.823 14571 14571 E ArmVmp : Match on catch block at 0xc3 in for 0xa5
03-02 00:26:51.825 14571 14571 E ArmVmp : Match on catch block at 0xc3 in for 0xa9
03-02 00:26:51.839 14571 14571 E ArmVmp : Match on catch block at 0xc3 in for 0xa9
03-02 00:26:51.842 14571 14571 E ArmVmp : Match on catch block at 0xc3 in for 0xa1
03-02 00:26:51.856 14571 14571 E ArmVmp : Match on catch block at 0xc3 in for 0xa1
03-02 00:26:51.858 14571 14571 E ArmVmp : Match on catch block at 0xc3 in for 0xa5
03-02 00:26:51.872 14571 14571 E ArmVmp : Match on catch block at 0xc3 in for 0xa5
03-02 00:26:51.875 14571 14571 E ArmVmp : Match on catch block at 0xc3 in for 0xa9
03-02 00:26:51.890 14571 14571 E ArmVmp : Match on catch block at 0xc3 in for 0xa9
03-02 00:26:51.894 14571 14571 E ArmVmp : Match on catch block at 0xc3 in for 0xa1
03-02 00:26:51.907 14571 14571 E ArmVmp : Match on catch block at 0xc3 in for 0xa5
03-02 00:26:51.910 14571 14571 E ArmVmp : Match on catch block at 0xc3 in for 0xa9
03-02 00:26:51.923 14571 14571 E ArmVmp : Match on catch block at 0xc3 in for 0xa9
03-02 00:26:51.927 14571 14571 E ArmVmp : Match on catch block at 0xc3 in for 0xa1
03-02 00:26:51.940 14571 14571 E ArmVmp : Match on catch block at 0xc3 in for 0xa1
03-02 00:26:51.944 14571 14571 E ArmVmp : Match on catch block at 0xc3 in for 0xa5
03-02 00:26:51.956 14571 14571 E ArmVmp : Match on catch block at 0xc3 in for 0xa5
03-02 00:26:51.961 14571 14571 E ArmVmp : Match on catch block at 0xc3 in for 0xa9
03-02 00:26:51.973 14571 14571 E ArmVmp : Match on catch block at 0xc3 in for 0xa1
03-02 00:26:51.977 14571 14571 E ArmVmp : Match on catch block at 0xc3 in for 0xa5
03-02 00:26:51.990 14571 14571 E ArmVmp : Match on catch block at 0xc3 in for 0xa5
03-02 00:26:51.994 14571 14571 E ArmVmp : Match on catch block at 0xc3 in for 0xa9
03-02 00:26:52.006 14571 14571 E ArmVmp : Match on catch block at 0xc3 in for 0xa9
03-02 00:26:52.011 14571 14571 E ArmVmp : Match on catch block at 0xc3 in for 0xa1
03-02 00:26:52.023 14571 14571 E ArmVmp : Match on catch block at 0xc3 in for 0xa1
03-02 00:26:52.027 14571 14571 E ArmVmp : Match on catch block at 0xc3 in for 0xa5
03-02 00:26:52.040 14571 14571 E ArmVmp : Match on catch block at 0xc3 in for 0xa9
03-02 00:26:52.044 14571 14571 E ArmVmp : Match on catch block at 0xc3 in for 0xa1
03-02 00:26:52.056 14571 14571 E ArmVmp : Match on catch block at 0xc3 in for 0xa1
03-02 00:26:52.062 14571 14571 E ArmVmp : Match on catch block at 0xc3 in for 0xa5
03-02 00:26:52.073 14571 14571 E ArmVmp : Match on catch block at 0xc3 in for 0xa5
03-02 00:26:52.078 14571 14571 E ArmVmp : Match on catch block at 0xc3 in for 0xa9
03-02 00:26:52.089 14571 14571 E ArmVmp : Match on catch block at 0xc3 in for 0xa9
03-02 00:26:52.094 14571 14571 E ArmVmp : Match on catch block at 0xc3 in for 0xa1
03-02 00:26:52.106 14571 14571 E ArmVmp : Match on catch block at 0xc3 in for 0xa5
03-02 00:26:52.110 14571 14571 E ArmVmp : Match on catch block at 0xc3 in for 0xa9
03-02 00:26:52.123 14571 14571 E ArmVmp : Match on catch block at 0xc3 in for 0xa9
03-02 00:26:52.128 14571 14571 E ArmVmp : Match on catch block at 0xc3 in for 0xa1
03-02 00:26:52.140 14571 14571 E ArmVmp : Match on catch block at 0xc3 in for 0xa1
03-02 00:26:52.144 14571 14571 E ArmVmp : Match on catch block at 0xc3 in for 0xa5
03-02 00:26:52.156 14571 14571 E ArmVmp : Match on catch block at 0xc3 in for 0xa5
03-02 00:26:52.161 14571 14571 E ArmVmp : Match on catch block at 0xc3 in for 0xa9
03-02 00:26:52.173 14571 14571 E ArmVmp : Match on catch block at 0xc3 in for 0xa5
03-02 00:26:52.177 14571 14571 E ArmVmp : Match on catch block at 0xc3 in for 0xa9
03-02 00:26:52.189 14571 14571 E ArmVmp : Match on catch block at 0xc3 in for 0xa9
03-02 00:26:52.193 14571 14571 E ArmVmp : Match on catch block at 0xc3 in for 0xa1
03-02 00:26:52.206 14571 14571 E ArmVmp : Match on catch block at 0xc3 in for 0xa1
03-02 00:26:52.210 14571 14571 E ArmVmp : Match on catch block at 0xc3 in for 0xa5
03-02 00:26:52.224 14571 14571 E ArmVmp : Match on catch block at 0xc3 in for 0xa5
03-02 00:26:52.228 14571 14571 E ArmVmp : Match on catch block at 0xc3 in for 0xa9
03-02 00:26:52.239 14571 14571 E ArmVmp : Match on catch block at 0xc3 in for 0xa1
03-02 00:26:52.244 14571 14571 E ArmVmp : Match on catch block at 0xc3 in for 0xa5
03-02 00:26:52.257 14571 14571 E ArmVmp : Match on catch block at 0xc3 in for 0xa5
03-02 00:26:52.261 14571 14571 E ArmVmp : Match on catch block at 0xc3 in for 0xa9
03-02 00:26:52.273 14571 14571 E ArmVmp : Match on catch block at 0xc3 in for 0xa9
03-02 00:26:52.277 14571 14571 E ArmVmp : Match on catch block at 0xc3 in for 0xa1
03-02 00:26:52.290 14571 14571 E ArmVmp : Match on catch block at 0xc3 in for 0xa1
03-02 00:26:52.294 14571 14571 E ArmVmp : Match on catch block at 0xc3 in for 0xa5
03-02 00:26:52.306 14571 14571 E ArmVmp : Match on catch block at 0xc3 in for 0xa9
03-02 00:26:52.311 14571 14571 E ArmVmp : Match on catch block at 0xc3 in for 0xa1
03-02 00:26:52.323 14571 14571 E ArmVmp : Match on catch block at 0xc3 in for 0xa1
03-02 00:26:52.327 14571 14571 E ArmVmp : Match on catch block at 0xc3 in for 0xa5
03-02 00:26:52.340 14571 14571 E ArmVmp : Match on catch block at 0xc3 in for 0xa5
03-02 00:26:52.344 14571 14571 E ArmVmp : Match on catch block at 0xc3 in for 0xa9
03-02 00:26:52.356 14571 14571 E ArmVmp : Match on catch block at 0xc3 in for 0xa9
03-02 00:26:52.360 14571 14571 E ArmVmp : Match on catch block at 0xc3 in for 0xa1
03-02 00:26:52.373 14571 14571 E ArmVmp : Match on catch block at 0xc3 in for 0xa5
03-02 00:26:52.377 14571 14571 E ArmVmp : Match on catch block at 0xc3 in for 0xa9
03-02 00:26:52.390 14571 14571 E ArmVmp : Match on catch block at 0xc3 in for 0xa9
03-02 00:26:52.394 14571 14571 E ArmVmp : Match on catch block at 0xc3 in for 0xa1
03-02 00:26:52.406 14571 14571 E ArmVmp : Match on catch block at 0xc3 in for 0xa1
03-02 00:26:52.410 14571 14571 E ArmVmp : Match on catch block at 0xc3 in for 0xa5
03-02 00:26:52.423 14571 14571 E ArmVmp : Match on catch block at 0xc3 in for 0xa5
03-02 00:26:52.427 14571 14571 E ArmVmp : Match on catch block at 0xc3 in for 0xa9
03-02 00:26:52.439 14571 14571 E ArmVmp : Match on catch block at 0xc3 in for 0xa1
03-02 00:26:52.444 14571 14571 E ArmVmp : Match on catch block at 0xc3 in for 0xa5
03-02 00:26:52.456 14571 14571 E ArmVmp : Match on catch block at 0xc3 in for 0xa5
03-02 00:26:52.461 14571 14571 E ArmVmp : Match on catch block at 0xc3 in for 0xa9
03-02 00:26:52.473 14571 14571 E ArmVmp : Match on catch block at 0xc3 in for 0xa9
03-02 00:26:52.477 14571 14571 E ArmVmp : Match on catch block at 0xc3 in for 0xa1
03-02 00:26:52.489 14571 14571 E ArmVmp : Match on catch block at 0xc3 in for 0xa1
03-02 00:26:52.494 14571 14571 E ArmVmp : Match on catch block at 0xc3 in for 0xa5
03-02 00:26:52.507 14571 14571 E ArmVmp : Match on catch block at 0xc3 in for 0xa9
03-02 00:26:52.510 14571 14571 E ArmVmp : Match on catch block at 0xc3 in for 0xa1
03-02 00:26:52.523 14571 14571 E ArmVmp : Match on catch block at 0xc3 in for 0xa1
03-02 00:26:52.527 14571 14571 E ArmVmp : Match on catch block at 0xc3 in for 0xa5
03-02 00:26:52.539 14571 14571 E ArmVmp : Match on catch block at 0xc3 in for 0xa5
03-02 00:26:52.543 14571 14571 E ArmVmp : Match on catch block at 0xc3 in for 0xa9
03-02 00:26:52.556 14571 14571 E ArmVmp : Match on catch block at 0xc3 in for 0xa9
03-02 00:26:52.560 14571 14571 E ArmVmp : Match on catch block at 0xc3 in for 0xa1
03-02 00:26:52.572 14571 14571 E ArmVmp : Match on catch block at 0xc3 in for 0xa5
03-02 00:26:52.577 14571 14571 E ArmVmp : Match on catch block at 0xc3 in for 0xa9
03-02 00:26:52.589 14571 14571 E ArmVmp : Match on catch block at 0xc3 in for 0xa9
03-02 00:26:52.593 14571 14571 E ArmVmp : Match on catch block at 0xc3 in for 0xa1
03-02 00:26:52.606 14571 14571 E ArmVmp : Match on catch block at 0xc3 in for 0xa1
03-02 00:26:52.610 14571 14571 E ArmVmp : Match on catch block at 0xc3 in for 0xa5
03-02 00:26:52.622 14571 14571 E ArmVmp : Match on catch block at 0xc3 in for 0xa5
03-02 00:26:52.626 14571 14571 E ArmVmp : Match on catch block at 0xc3 in for 0xa9
03-02 00:26:52.639 14571 14571 E ArmVmp : Match on catch block at 0xc3 in for 0xa1
03-02 00:26:52.644 14571 14571 E ArmVmp : Match on catch block at 0xc3 in for 0xa5
03-02 00:26:52.656 14571 14571 E ArmVmp : Match on catch block at 0xc3 in for 0xa1
03-02 00:26:52.660 14571 14571 E ArmVmp : Match on catch block at 0xc3 in for 0xa5
03-02 00:26:52.672 14571 14571 E ArmVmp : Match on catch block at 0xc3 in for 0xa5
03-02 00:26:52.676 14571 14571 E ArmVmp : Match on catch block at 0xc3 in for 0xa9
03-02 00:26:52.689 14571 14571 E ArmVmp : Match on catch block at 0xc3 in for 0xa9
03-02 00:26:52.694 14571 14571 E ArmVmp : Match on catch block at 0xc3 in for 0xa1
03-02 00:26:52.707 14571 14571 E ArmVmp : Match on catch block at 0xc3 in for 0xa5
03-02 00:26:52.711 14571 14571 E ArmVmp : Match on catch block at 0xc3 in for 0xa9
03-02 00:26:52.722 14571 14571 E ArmVmp : Match on catch block at 0xc3 in for 0xa9
03-02 00:26:52.726 14571 14571 E ArmVmp : Match on catch block at 0xc3 in for 0xa1
03-02 00:26:52.739 14571 14571 E ArmVmp : Match on catch block at 0xc3 in for 0xa1
03-02 00:26:52.743 14571 14571 E ArmVmp : Match on catch block at 0xc3 in for 0xa5
03-02 00:26:52.755 14571 14571 E ArmVmp : Match on catch block at 0xc3 in for 0xa5
03-02 00:26:52.761 14571 14571 E ArmVmp : Match on catch block at 0xc3 in for 0xa9
03-02 00:26:52.773 14571 14571 E ArmVmp : Match on catch block at 0xc3 in for 0xa1
03-02 00:26:52.777 14571 14571 E ArmVmp : Match on catch block at 0xc3 in for 0xa5
03-02 00:26:52.789 14571 14571 E ArmVmp : Match on catch block at 0xc3 in for 0xa5
03-02 00:26:52.793 14571 14571 E ArmVmp : Match on catch block at 0xc3 in for 0xa9
03-02 00:26:52.806 14571 14571 E ArmVmp : Match on catch block at 0xc3 in for 0xa9
03-02 00:26:52.809 14571 14571 E ArmVmp : Match on catch block at 0xc3 in for 0xa1
03-02 00:26:52.823 14571 14571 E ArmVmp : Match on catch block at 0xc3 in for 0xa1
03-02 00:26:52.826 14571 14571 E ArmVmp : Match on catch block at 0xc3 in for 0xa5
03-02 00:26:52.839 14571 14571 E ArmVmp : Match on catch block at 0xc3 in for 0xa9
03-02 00:26:52.843 14571 14571 E ArmVmp : Match on catch block at 0xc3 in for 0xa1
03-02 00:26:52.856 14571 14571 E ArmVmp : Match on catch block at 0xc3 in for 0xa1
03-02 00:26:52.860 14571 14571 E ArmVmp : Match on catch block at 0xc3 in for 0xa5
03-02 00:26:52.872 14571 14571 E ArmVmp : Match on catch block at 0xc3 in for 0xa5
03-02 00:26:52.876 14571 14571 E ArmVmp : Match on catch block at 0xc3 in for 0xa9
03-02 00:26:52.889 14571 14571 E ArmVmp : Match on catch block at 0xc3 in for 0xa9
03-02 00:26:52.894 14571 14571 E ArmVmp : Match on catch block at 0xc3 in for 0xa1
03-02 00:26:52.906 14571 14571 E ArmVmp : Match on catch block at 0xc3 in for 0xa5
03-02 00:26:52.911 14571 14571 E ArmVmp : Match on catch block at 0xc3 in for 0xa9
03-02 00:26:52.922 14571 14571 E ArmVmp : Match on catch block at 0xc3 in for 0xa9
03-02 00:26:52.926 14571 14571 E ArmVmp : Match on catch block at 0xc3 in for 0xa1
03-02 00:26:52.939 14571 14571 E ArmVmp : Match on catch block at 0xc3 in for 0xa1
03-02 00:26:52.943 14571 14571 E ArmVmp : Match on catch block at 0xc3 in for 0xa5
03-02 00:26:52.956 14571 14571 E ArmVmp : Match on catch block at 0xc3 in for 0xa5
03-02 00:26:52.961 14571 14571 E ArmVmp : Match on catch block at 0xc3 in for 0xa9
03-02 00:26:52.972 14571 14571 E ArmVmp : Match on catch block at 0xc3 in for 0xa1
03-02 00:26:52.976 14571 14571 E ArmVmp : Match on catch block at 0xc3 in for 0xa5
03-02 00:26:52.989 14571 14571 E ArmVmp : Match on catch block at 0xc3 in for 0xa5
03-02 00:26:52.993 14571 14571 E ArmVmp : Match on catch block at 0xc3 in for 0xa9
03-02 00:26:53.006 14571 14571 E ArmVmp : Match on catch block at 0xc3 in for 0xa9
03-02 00:26:53.010 14571 14571 E ArmVmp : Match on catch block at 0xc3 in for 0xa1
03-02 00:26:53.022 14571 14571 E ArmVmp : Match on catch block at 0xc3 in for 0xa1
03-02 00:26:53.027 14571 14571 E ArmVmp : Match on catch block at 0xc3 in for 0xa5
03-02 00:26:53.039 14571 14571 E ArmVmp : Match on catch block at 0xc3 in for 0xa9
03-02 00:26:53.044 14571 14571 E ArmVmp : Match on catch block at 0xc3 in for 0xa1
03-02 00:26:53.055 14571 14571 E ArmVmp : Match on catch block at 0xc3 in for 0xa1
03-02 00:26:53.060 14571 14571 E ArmVmp : Match on catch block at 0xc3 in for 0xa5
03-02 00:26:53.073 14571 14571 E ArmVmp : Match on catch block at 0xc3 in for 0xa5
03-02 00:26:53.077 14571 14571 E ArmVmp : Match on catch block at 0xc3 in for 0xa9
03-02 00:26:53.089 14571 14571 E ArmVmp : Match on catch block at 0xc3 in for 0xa9
03-02 00:26:53.094 14571 14571 E ArmVmp : Match on catch block at 0xc3 in for 0xa1
03-02 00:26:53.106 14571 14571 E ArmVmp : Match on catch block at 0xc3 in for 0xa5
03-02 00:26:53.110 14571 14571 E ArmVmp : Match on catch block at 0xc3 in for 0xa9
03-02 00:26:53.122 14571 14571 E ArmVmp : Match on catch block at 0xc3 in for 0xa9
03-02 00:26:53.126 14571 14571 E ArmVmp : Match on catch block at 0xc3 in for 0xa1
03-02 00:26:53.139 14571 14571 E ArmVmp : Match on catch block at 0xc3 in for 0xa1
03-02 00:26:53.144 14571 14571 E ArmVmp : Match on catch block at 0xc3 in for 0xa5
03-02 00:26:53.156 14571 14571 E ArmVmp : Match on catch block at 0xc3 in for 0xa5
03-02 00:26:53.161 14571 14571 E ArmVmp : Match on catch block at 0xc3 in for 0xa9
03-02 00:26:53.172 14571 14571 E ArmVmp : Match on catch block at 0xc3 in for 0xa1
03-02 00:26:53.176 14571 14571 E ArmVmp : Match on catch block at 0xc3 in for 0xa5
03-02 00:26:53.189 14571 14571 E ArmVmp : Match on catch block at 0xc3 in for 0xa5
03-02 00:26:53.193 14571 14571 E ArmVmp : Match on catch block at 0xc3 in for 0xa9
03-02 00:26:53.206 14571 14571 E ArmVmp : Match on catch block at 0xc3 in for 0xa9
03-02 00:26:53.210 14571 14571 E ArmVmp : Match on catch block at 0xc3 in for 0xa1
03-02 00:26:53.222 14571 14571 E ArmVmp : Match on catch block at 0xc3 in for 0xa1
03-02 00:26:53.227 14571 14571 E ArmVmp : Match on catch block at 0xc3 in for 0xa5
03-02 00:26:53.239 14571 14571 E ArmVmp : Match on catch block at 0xc3 in for 0xa9
03-02 00:26:53.243 14571 14571 E ArmVmp : Match on catch block at 0xc3 in for 0xa1
03-02 00:26:53.255 14571 14571 E ArmVmp : Match on catch block at 0xc3 in for 0xa1
03-02 00:26:53.259 14571 14571 E ArmVmp : Match on catch block at 0xc3 in for 0xa5
03-02 00:26:53.273 14571 14571 E ArmVmp : Match on catch block at 0xc3 in for 0xa5
03-02 00:26:53.277 14571 14571 E ArmVmp : Match on catch block at 0xc3 in for 0xa9
03-02 00:26:53.290 14571 14571 E ArmVmp : Match on catch block at 0xc3 in for 0xa9
03-02 00:26:53.294 14571 14571 E ArmVmp : Match on catch block at 0xc3 in for 0xa1
03-02 00:26:53.305 14571 14571 E ArmVmp : Match on catch block at 0xc3 in for 0xa1
03-02 00:26:53.307 14571 14571 E ArmVmp : Match on catch block at 0xc3 in for 0xa5
03-02 00:26:53.322 14571 14571 E ArmVmp : Match on catch block at 0xc3 in for 0xa9
03-02 00:26:53.325 14571 14571 E ArmVmp : Match on catch block at 0xc3 in for 0xa1
03-02 00:26:53.338 14571 14571 E ArmVmp : Match on catch block at 0xc3 in for 0xa1
03-02 00:26:53.341 14571 14571 E ArmVmp : Match on catch block at 0xc3 in for 0xa5
03-02 00:26:53.355 14571 14571 E ArmVmp : Match on catch block at 0xc3 in for 0xa9
03-02 00:26:53.358 14571 14571 E ArmVmp : Match on catch block at 0xc3 in for 0xa1
03-02 00:26:53.371 14571 14571 E ArmVmp : Match on catch block at 0xc3 in for 0xa9
03-02 00:26:53.374 14571 14571 E ArmVmp : Match on catch block at 0xc3 in for 0xa1
03-02 00:26:53.388 14571 14571 E ArmVmp : Match on catch block at 0xc3 in for 0xa5
03-02 00:26:53.391 14571 14571 E ArmVmp : Match on catch block at 0xc3 in for 0xa9
03-02 00:26:53.405 14571 14571 E ArmVmp : Match on catch block at 0xc3 in for 0xa1
03-02 00:26:53.408 14571 14571 E ArmVmp : Match on catch block at 0xc3 in for 0xa5
03-02 00:26:53.421 14571 14571 E ArmVmp : Match on catch block at 0xc3 in for 0xa9
03-02 00:26:53.424 14571 14571 E ArmVmp : Match on catch block at 0xc3 in for 0xa1
03-02 00:26:53.526 14571 20923 E AudioRecord-JNI: Error -38 during AudioRecord
native read
03-02 00:26:53.576 14571 20923 E AudioRecord-JNI: Error -38 during AudioRecord
native read
03-02 00:26:53.621 14571 14571 E ArmVmp : Match on catch block at 0xc3 in for 0xa9
03-02 00:26:53.624 14571 14571 E ArmVmp : Match on catch block at 0xc3 in for 0xa1
03-02 00:26:53.633 14571 14571 E ArmVmp : Match on catch block at 0xc3 in for 0xa5
03-02 00:26:53.635 14571 14571 E ArmVmp : Match on catch block at 0xc3 in for 0xa9
03-02 00:26:53.641 14571 14571 E ArmVmp : Match on catch block at 0xc3 in for 0xa9
03-02 00:26:53.644 14571 14571 E ArmVmp : Match on catch block at 0xc3 in for 0xa1
03-02 00:26:53.654 14571 14571 E ArmVmp : Match on catch block at 0xc3 in for 0xa1
