03-02 00:03:36.712 14571 14571 E ArmVmp : Match on catch block at 0xc3 in for 0xa5
03-02 00:03:36.714 14571 14571 E ArmVmp : Match on catch block at 0xc3 in for 0xa9
03-02 00:03:36.716 14571 14571 E ArmVmp : Match on catch block at 0xc3 in for 0xa9
03-02 00:03:36.728 14571 14571 E ArmVmp : Match on catch block at 0xc3 in for 0xa1
03-02 00:03:36.731 14571 14571 E ArmVmp : Match on catch block at 0xc3 in for 0xa5
03-02 00:03:36.733 14571 14571 E ArmVmp : Match on catch block at 0xc3 in for 0xa5
03-02 00:03:36.745 14571 14571 E ArmVmp : Match on catch block at 0xc3 in for 0xa9
03-02 00:03:36.748 14571 14571 E ArmVmp : Match on catch block at 0xc3 in for 0xa1
03-02 00:03:36.749 14571 14571 E ArmVmp : Match on catch block at 0xc3 in for 0xa1
03-02 00:03:36.762 14571 14571 E ArmVmp : Match on catch block at 0xc3 in for 0xa5
03-02 00:03:36.765 14571 14571 E ArmVmp : Match on catch block at 0xc3 in for 0xa9
03-02 00:03:36.766 14571 14571 E ArmVmp : Match on catch block at 0xc3 in for 0xa9
03-02 00:03:36.778 14571 14571 E ArmVmp : Match on catch block at 0xc3 in for 0xa1
03-02 00:03:36.781 14571 14571 E ArmVmp : Match on catch block at 0xc3 in for 0xa5
03-02 00:03:36.783 14571 14571 E ArmVmp : Match on catch block at 0xc3 in for 0xa5
03-02 00:03:36.795 14571 14571 E ArmVmp : Match on catch block at 0xc3 in for 0xa9
03-02 00:03:36.798 14571 14571 E ArmVmp : Match on catch block at 0xc3 in for 0xa1
03-02 00:03:36.799 14571 14571 E ArmVmp : Match on catch block at 0xc3 in for 0xa1
03-02 00:03:36.812 14571 14571 E ArmVmp : Match on catch block at 0xc3 in for 0xa5
03-02 00:03:36.814 14571 14571 E ArmVmp : Match on catch block at 0xc3 in for 0xa9
03-02 00:03:36.816 14571 14571 E ArmVmp : Match on catch block at 0xc3 in for 0xa9
03-02 00:03:36.828 14571 14571 E ArmVmp : Match on catch block at 0xc3 in for 0xa1
03-02 00:03:36.831 14571 14571 E ArmVmp : Match on catch block at 0xc3 in for 0xa5
03-02 00:03:36.833 14571 14571 E ArmVmp : Match on catch block at 0xc3 in for 0xa5
03-02 00:03:36.845 14571 14571 E ArmVmp : Match on catch block at 0xc3 in for 0xa9
03-02 00:03:36.848 14571 14571 E ArmVmp : Match on catch block at 0xc3 in for 0xa1
03-02 00:03:36.849 14571 14571 E ArmVmp : Match on catch block at 0xc3 in for 0xa1
03-02 00:03:36.862 14571 14571 E ArmVmp : Match on catch block at 0xc3 in for 0xa5
03-02 00:03:36.865 14571 14571 E ArmVmp : Match on catch block at 0xc3 in for 0xa9
03-02 00:03:36.866 14571 14571 E ArmVmp : Match on catch block at 0xc3 in for 0xa9
03-02 00:03:36.878 14571 14571 E ArmVmp : Match on catch block at 0xc3 in for 0xa1
03-02 00:03:36.881 14571 14571 E ArmVmp : Match on catch block at 0xc3 in for 0xa5
03-02 00:03:36.883 14571 14571 E ArmVmp : Match on catch block at 0xc3 in for 0xa5
03-02 00:03:36.895 14571 14571 E ArmVmp : Match on catch block at 0xc3 in for 0xa9
03-02 00:03:36.898 14571 14571 E ArmVmp : Match on catch block at 0xc3 in for 0xa1
03-02 00:03:36.900 14571 14571 E ArmVmp : Match on catch block at 0xc3 in for 0xa1
03-02 00:03:36.912 14571 14571 E ArmVmp : Match on catch block at 0xc3 in for 0xa5
03-02 00:03:36.914 14571 14571 E ArmVmp : Match on catch block at 0xc3 in for 0xa9
03-02 00:03:36.916 14571 14571 E ArmVmp : Match on catch block at 0xc3 in for 0xa9
03-02 00:03:36.928 14571 14571 E ArmVmp : Match on catch block at 0xc3 in for 0xa1
03-02 00:03:36.931 14571 14571 E ArmVmp : Match on catch block at 0xc3 in for 0xa5
03-02 00:03:36.933 14571 14571 E ArmVmp : Match on catch block at 0xc3 in for 0xa5
03-02 00:03:36.945 14571 14571 E ArmVmp : Match on catch block at 0xc3 in for 0xa9
03-02 00:03:36.948 14571 14571 E ArmVmp : Match on catch block at 0xc3 in for 0xa1
03-02 00:03:36.949 14571 14571 E ArmVmp : Match on catch block at 0xc3 in for 0xa1
03-02 00:03:36.962 14571 14571 E ArmVmp : Match on catch block at 0xc3 in for 0xa5
03-02 00:03:36.964 14571 14571 E ArmVmp : Match on catch block at 0xc3 in for 0xa9
03-02 00:03:36.966 14571 14571 E ArmVmp : Match on catch block at 0xc3 in for 0xa9
03-02 00:03:36.978 14571 14571 E ArmVmp : Match on catch block at 0xc3 in for 0xa1
03-02 00:03:36.981 14571 14571 E ArmVmp : Match on catch block at 0xc3 in for 0xa5
03-02 00:03:36.983 14571 14571 E ArmVmp : Match on catch block at 0xc3 in for 0xa5
03-02 00:03:36.995 14571 14571 E ArmVmp : Match on catch block at 0xc3 in for 0xa9
03-02 00:03:36.998 14571 14571 E ArmVmp : Match on catch block at 0xc3 in for 0xa1
03-02 00:03:36.999 14571 14571 E ArmVmp : Match on catch block at 0xc3 in for 0xa1
03-02 00:03:37.012 14571 14571 E ArmVmp : Match on catch block at 0xc3 in for 0xa5
03-02 00:03:37.014 14571 14571 E ArmVmp : Match on catch block at 0xc3 in for 0xa9
03-02 00:03:37.016 14571 14571 E ArmVmp : Match on catch block at 0xc3 in for 0xa9
03-02 00:03:37.178 14571 14571 E ArmVmp : Match on catch block at 0xc3 in for 0xa1
03-02 00:03:37.181 14571 14571 E ArmVmp : Match on catch block at 0xc3 in for 0xa5
03-02 00:03:37.183 14571 14571 E ArmVmp : Match on catch block at 0xc3 in for 0xa5
03-02 00:03:37.678 14571 14571 E ArmVmp : Match on catch block at 0xc3 in for 0xa1
03-02 00:03:37.680 14571 14571 E ArmVmp : Match on catch block at 0xc3 in for 0xa5
03-02 00:03:37.682 14571 14571 E ArmVmp : Match on catch block at 0xc3 in for 0xa5
03-02 00:03:37.762 14571 14571 E ArmVmp : Match on catch block at 0xc3 in for 0xa9
03-02 00:03:37.767 14571 14571 E ArmVmp : Match on catch block at 0xc3 in for 0xa1
03-02 00:03:37.770 14571 14571 E ArmVmp : Match on catch block at 0xc3 in for 0xa1
03-02 00:03:37.779 14571 14571 E ArmVmp : Match on catch block at 0xc3 in for 0xa5
03-02 00:03:37.783 14571 14571 E ArmVmp : Match on catch block at 0xc3 in for 0xa9
03-02 00:03:37.786 14571 14571 E ArmVmp : Match on catch block at 0xc3 in for 0xa9
03-02 00:03:37.795 14571 14571 E ArmVmp : Match on catch block at 0xc3 in for 0xa1
03-02 00:03:37.800 14571 14571 E ArmVmp : Match on catch block at 0xc3 in for 0xa5
03-02 00:03:37.802 14571 14571 E ArmVmp : Match on catch block at 0xc3 in for 0xa5
03-02 00:03:37.812 14571 14571 E ArmVmp : Match on catch block at 0xc3 in for 0xa9
03-02 00:03:37.817 14571 14571 E ArmVmp : Match on catch block at 0xc3 in for 0xa1
03-02 00:03:37.819 14571 14571 E ArmVmp : Match on catch block at 0xc3 in for 0xa1
03-02 00:03:37.829 14571 14571 E ArmVmp : Match on catch block at 0xc3 in for 0xa5
03-02 00:03:37.833 14571 14571 E ArmVmp : Match on catch block at 0xc3 in for 0xa9
03-02 00:03:37.837 14571 14571 E ArmVmp : Match on catch block at 0xc3 in for 0xa9
03-02 00:03:37.845 14571 14571 E ArmVmp : Match on catch block at 0xc3 in for 0xa1
03-02 00:03:37.849 14571 14571 E ArmVmp : Match on catch block at 0xc3 in for 0xa5
03-02 00:03:37.852 14571 14571 E ArmVmp : Match on catch block at 0xc3 in for 0xa5
03-02 00:03:37.863 14571 14571 E ArmVmp : Match on catch block at 0xc3 in for 0xa9
03-02 00:03:37.867 14571 14571 E ArmVmp : Match on catch block at 0xc3 in for 0xa1
03-02 00:03:37.870 14571 14571 E ArmVmp : Match on catch block at 0xc3 in for 0xa1
03-02 00:03:37.878 14571 14571 E ArmVmp : Match on catch block at 0xc3 in for 0xa1
03-02 00:03:37.881 14571 14571 E ArmVmp : Match on catch block at 0xc3 in for 0xa5
03-02 00:03:37.883 14571 14571 E ArmVmp : Match on catch block at 0xc3 in for 0xa5
03-02 00:03:37.895 14571 14571 E ArmVmp : Match on catch block at 0xc3 in for 0xa1
03-02 00:03:37.898 14571 14571 E ArmVmp : Match on catch block at 0xc3 in for 0xa5
03-02 00:03:37.899 14571 14571 E ArmVmp : Match on catch block at 0xc3 in for 0xa5
03-02 00:03:37.911 14571 14571 E ArmVmp : Match on catch block at 0xc3 in for 0xa9
03-02 00:03:37.914 14571 14571 E ArmVmp : Match on catch block at 0xc3 in for 0xa1
03-02 00:03:37.916 14571 14571 E ArmVmp : Match on catch block at 0xc3 in for 0xa1
03-02 00:03:37.928 14571 14571 E ArmVmp : Match on catch block at 0xc3 in for 0xa5
03-02 00:03:37.930 14571 14571 E ArmVmp : Match on catch block at 0xc3 in for 0xa9
03-02 00:03:37.932 14571 14571 E ArmVmp : Match on catch block at 0xc3 in for 0xa9
03-02 00:03:37.945 14571 14571 E ArmVmp : Match on catch block at 0xc3 in for 0xa5
03-02 00:03:37.948 14571 14571 E ArmVmp : Match on catch block at 0xc3 in for 0xa9
03-02 00:03:37.949 14571 14571 E ArmVmp : Match on catch block at 0xc3 in for 0xa9
03-02 00:03:37.961 14571 14571 E ArmVmp : Match on catch block at 0xc3 in for 0xa5
03-02 00:03:37.965 14571 14571 E ArmVmp : Match on catch block at 0xc3 in for 0xa9
03-02 00:03:37.967 14571 14571 E ArmVmp : Match on catch block at 0xc3 in for 0xa9
03-02 00:03:37.978 14571 14571 E ArmVmp : Match on catch block at 0xc3 in for 0xa5
03-02 00:03:37.981 14571 14571 E ArmVmp : Match on catch block at 0xc3 in for 0xa9
03-02 00:03:37.982 14571 14571 E ArmVmp : Match on catch block at 0xc3 in for 0xa9
03-02 00:03:38.004 14571 14571 E ArmVmp : Match on catch block at 0xc3 in for 0xa5
03-02 00:03:38.007 14571 14571 E ArmVmp : Match on catch block at 0xc3 in for 0xa9
03-02 00:03:38.009 14571 14571 E ArmVmp : Match on catch block at 0xc3 in for 0xa9
03-02 00:03:38.014 14571 14571 E ArmVmp : Match on catch block at 0xc3 in for 0xa1
03-02 00:03:38.019 14571 14571 E ArmVmp : Match on catch block at 0xc3 in for 0xa5
03-02 00:03:38.021 14571 14571 E ArmVmp : Match on catch block at 0xc3 in for 0xa5
03-02 00:03:38.073 14571 14571 E ArmVmp : Match on catch block at 0xc3 in for 0xa1
03-02 00:03:38.077 14571 14571 E ArmVmp : Match on catch block at 0xc3 in for 0xa5
03-02 00:03:38.079 14571 14571 E ArmVmp : Match on catch block at 0xc3 in for 0xa5
03-02 00:03:38.097 14571 14571 E ArmVmp : Match on catch block at 0xc3 in for 0xa9
03-02 00:03:38.101 14571 14571 E ArmVmp : Match on catch block at 0xc3 in for 0xa1
03-02 00:03:38.103 14571 14571 E ArmVmp : Match on catch block at 0xc3 in for 0xa1
03-02 00:03:38.177 14571 14571 E ArmVmp : Match on catch block at 0xc3 in for 0xa5
03-02 00:03:38.183 14571 14571 E ArmVmp : Match on catch block at 0xc3 in for 0xa9
03-02 00:03:38.184 14571 14571 E ArmVmp : Match on catch block at 0xc3 in for 0xa9
03-02 00:03:38.663 14571 14571 E ArmVmp : Match on catch block at 0xc3 in for 0xa9
03-02 00:03:38.667 14571 14571 E ArmVmp : Match on catch block at 0xc3 in for 0xa1
03-02 00:03:38.669 14571 14571 E ArmVmp : Match on catch block at 0xc3 in for 0xa1
03-02 00:03:38.684 14571 14571 E ArmVmp : Match on catch block at 0xc3 in for 0xa1
03-02 00:03:38.687 14571 14571 E ArmVmp : Match on catch block at 0xc3 in for 0xa5
03-02 00:03:38.689 14571 14571 E ArmVmp : Match on catch block at 0xc3 in for 0xa5
03-02 00:03:38.694 14571 14571 E ArmVmp : Match on catch block at 0xc3 in for 0xa9
03-02 00:03:38.697 14571 14571 E ArmVmp : Match on catch block at 0xc3 in for 0xa1
03-02 00:03:38.699 14571 14571 E ArmVmp : Match on catch block at 0xc3 in for 0xa1
03-02 00:03:38.710 14571 14571 E ArmVmp : Match on catch block at 0xc3 in for 0xa5
03-02 00:03:38.714 14571 14571 E ArmVmp : Match on catch block at 0xc3 in for 0xa9
03-02 00:03:38.715 14571 14571 E ArmVmp : Match on catch block at 0xc3 in for 0xa9
03-02 00:03:38.727 14571 14571 E ArmVmp : Match on catch block at 0xc3 in for 0xa1
03-02 00:03:38.730 14571 14571 E ArmVmp : Match on catch block at 0xc3 in for 0xa5
03-02 00:03:38.732 14571 14571 E ArmVmp : Match on catch block at 0xc3 in for 0xa5
03-02 00:03:38.744 14571 14571 E ArmVmp : Match on catch block at 0xc3 in for 0xa9
03-02 00:03:38.746 14571 14571 E ArmVmp : Match on catch block at 0xc3 in for 0xa1
03-02 00:03:38.748 14571 14571 E ArmVmp : Match on catch block at 0xc3 in for 0xa1
03-02 00:03:38.760 14571 14571 E ArmVmp : Match on catch block at 0xc3 in for 0xa5
03-02 00:03:38.764 14571 14571 E ArmVmp : Match on catch block at 0xc3 in for 0xa9
03-02 00:03:38.766 14571 14571 E ArmVmp : Match on catch block at 0xc3 in for 0xa9
03-02 00:03:38.780 14571 14571 E ArmVmp : Match on catch block at 0xc3 in for 0xa1
03-02 00:03:38.783 14571 14571 E ArmVmp : Match on catch block at 0xc3 in for 0xa5
03-02 00:03:38.785 14571 14571 E ArmVmp : Match on catch block at 0xc3 in for 0xa5
03-02 00:03:38.795 14571 14571 E ArmVmp : Match on catch block at 0xc3 in for 0xa9
03-02 00:03:38.798 14571 14571 E ArmVmp : Match on catch block at 0xc3 in for 0xa1
03-02 00:03:38.800 14571 14571 E ArmVmp : Match on catch block at 0xc3 in for 0xa1
03-02 00:03:38.810 14571 14571 E ArmVmp : Match on catch block at 0xc3 in for 0xa5
03-02 00:03:38.813 14571 14571 E ArmVmp : Match on catch block at 0xc3 in for 0xa9
03-02 00:03:38.815 14571 14571 E ArmVmp : Match on catch block at 0xc3 in for 0xa9
03-02 00:03:38.827 14571 14571 E ArmVmp : Match on catch block at 0xc3 in for 0xa1
03-02 00:03:38.830 14571 14571 E ArmVmp : Match on catch block at 0xc3 in for 0xa5
03-02 00:03:38.833 14571 14571 E ArmVmp : Match on catch block at 0xc3 in for 0xa5
03-02 00:03:38.844 14571 14571 E ArmVmp : Match on catch block at 0xc3 in for 0xa1
03-02 00:03:38.847 14571 14571 E ArmVmp : Match on catch block at 0xc3 in for 0xa5
03-02 00:03:38.850 14571 14571 E ArmVmp : Match on catch block at 0xc3 in for 0xa5
03-02 00:03:38.860 14571 14571 E ArmVmp : Match on catch block at 0xc3 in for 0xa9
03-02 00:03:38.864 14571 14571 E ArmVmp : Match on catch block at 0xc3 in for 0xa1
03-02 00:03:38.866 14571 14571 E ArmVmp : Match on catch block at 0xc3 in for 0xa1
03-02 00:03:39.010 14571 14571 E ArmVmp : Match on catch block at 0xc3 in for 0xa5
03-02 00:03:39.014 14571 14571 E ArmVmp : Match on catch block at 0xc3 in for 0xa9
03-02 00:03:39.016 14571 14571 E ArmVmp : Match on catch block at 0xc3 in for 0xa9
03-02 00:03:39.193 14571 14571 E ArmVmp : Match on catch block at 0xc3 in for 0xa5
03-02 00:03:39.197 14571 14571 E ArmVmp : Match on catch block at 0xc3 in for 0xa9
03-02 00:03:39.199 14571 14571 E ArmVmp : Match on catch block at 0xc3 in for 0xa9
03-02 00:03:39.328 14571 14571 E ArmVmp : Match on catch block at 0xc3 in for 0xa5
03-02 00:03:39.333 14571 14571 E ArmVmp : Match on catch block at 0xc3 in for 0xa9
03-02 00:03:39.336 14571 14571 E ArmVmp : Match on catch block at 0xc3 in for 0xa9
03-02 00:03:39.445 14571 14571 E ArmVmp : Match on catch block at 0xc3 in for 0xa5
03-02 00:03:39.448 14571 14571 E ArmVmp : Match on catch block at 0xc3 in for 0xa9
03-02 00:03:39.451 14571 14571 E ArmVmp : Match on catch block at 0xc3 in for 0xa9
03-02 00:03:39.526 14571 14571 E ArmVmp : Match on catch block at 0xc3 in for 0xa5
03-02 00:03:39.532 14571 14571 E ArmVmp : Match on catch block at 0xc3 in for 0xa9
03-02 00:03:39.534 14571 14571 E ArmVmp : Match on catch block at 0xc3 in for 0xa9
03-02 00:03:39.676 14571 14571 E ArmVmp : Match on catch block at 0xc3 in for 0xa1
03-02 00:03:39.679 14571 14571 E ArmVmp : Match on catch block at 0xc3 in for 0xa5
03-02 00:03:39.681 14571 14571 E ArmVmp : Match on catch block at 0xc3 in for 0xa5
03-02 00:03:39.693 14571 14571 E ArmVmp : Match on catch block at 0xc3 in for 0xa9
03-02 00:03:39.697 14571 14571 E ArmVmp : Match on catch block at 0xc3 in for 0xa1
03-02 00:03:39.701 14571 14571 E ArmVmp : Match on catch block at 0xc3 in for 0xa1
03-02 00:03:39.710 14571 14571 E ArmVmp : Match on catch block at 0xc3 in for 0xa9
03-02 00:03:39.713 14571 14571 E ArmVmp : Match on catch block at 0xc3 in for 0xa1
03-02 00:03:39.716 14571 14571 E ArmVmp : Match on catch block at 0xc3 in for 0xa1
03-02 00:03:39.728 14571 14571 E ArmVmp : Match on catch block at 0xc3 in for 0xa5
03-02 00:03:39.731 14571 14571 E ArmVmp : Match on catch block at 0xc3 in for 0xa9
03-02 00:03:39.733 14571 14571 E ArmVmp : Match on catch block at 0xc3 in for 0xa9
03-02 00:03:39.744 14571 14571 E ArmVmp : Match on catch block at 0xc3 in for 0xa1
03-02 00:03:39.747 14571 14571 E ArmVmp : Match on catch block at 0xc3 in for 0xa5
03-02 00:03:39.749 14571 14571 E ArmVmp : Match on catch block at 0xc3 in for 0xa5
03-02 00:03:39.760 14571 14571 E ArmVmp : Match on catch block at 0xc3 in for 0xa9
03-02 00:03:39.763 14571 14571 E ArmVmp : Match on catch block at 0xc3 in for 0xa1
03-02 00:03:39.765 14571 14571 E ArmVmp : Match on catch block at 0xc3 in for 0xa1
03-02 00:03:39.776 14571 14571 E ArmVmp : Match on catch block at 0xc3 in for 0xa5
03-02 00:03:39.780 14571 14571 E ArmVmp : Match on catch block at 0xc3 in for 0xa9
03-02 00:03:39.782 14571 14571 E ArmVmp : Match on catch block at 0xc3 in for 0xa9
03-02 00:03:39.793 14571 14571 E ArmVmp : Match on catch block at 0xc3 in for 0xa5
03-02 00:03:39.797 14571 14571 E ArmVmp : Match on catch block at 0xc3 in for 0xa9
03-02 00:03:39.799 14571 14571 E ArmVmp : Match on catch block at 0xc3 in for 0xa9
03-02 00:03:39.810 14571 14571 E ArmVmp : Match on catch block at 0xc3 in for 0xa1
03-02 00:03:39.813 14571 14571 E ArmVmp : Match on catch block at 0xc3 in for 0xa5
03-02 00:03:39.815 14571 14571 E ArmVmp : Match on catch block at 0xc3 in for 0xa5
03-02 00:03:39.826 14571 14571 E ArmVmp : Match on catch block at 0xc3 in for 0xa9
03-02 00:03:39.830 14571 14571 E ArmVmp : Match on catch block at 0xc3 in for 0xa1
03-02 00:03:39.832 14571 14571 E ArmVmp : Match on catch block at 0xc3 in for 0xa1
03-02 00:03:39.843 14571 14571 E ArmVmp : Match on catch block at 0xc3 in for 0xa5
03-02 00:03:39.846 14571 14571 E ArmVmp : Match on catch block at 0xc3 in for 0xa9
03-02 00:03:39.848 14571 14571 E ArmVmp : Match on catch block at 0xc3 in for 0xa9
03-02 00:03:39.860 14571 14571 E ArmVmp : Match on catch block at 0xc3 in for 0xa1
03-02 00:03:39.863 14571 14571 E ArmVmp : Match on catch block at 0xc3 in for 0xa5
03-02 00:03:39.864 14571 14571 E ArmVmp : Match on catch block at 0xc3 in for 0xa5
03-02 00:03:39.876 14571 14571 E ArmVmp : Match on catch block at 0xc3 in for 0xa9
03-02 00:03:39.879 14571 14571 E ArmVmp : Match on catch block at 0xc3 in for 0xa1
03-02 00:03:39.881 14571 14571 E ArmVmp : Match on catch block at 0xc3 in for 0xa1
03-02 00:03:39.893 14571 14571 E ArmVmp : Match on catch block at 0xc3 in for 0xa5
03-02 00:03:39.896 14571 14571 E ArmVmp : Match on catch block at 0xc3 in for 0xa9
03-02 00:03:39.898 14571 14571 E ArmVmp : Match on catch block at 0xc3 in for 0xa9
03-02 00:03:39.910 14571 14571 E ArmVmp : Match on catch block at 0xc3 in for 0xa1
03-02 00:03:39.913 14571 14571 E ArmVmp : Match on catch block at 0xc3 in for 0xa5
03-02 00:03:39.914 14571 14571 E ArmVmp : Match on catch block at 0xc3 in for 0xa5
03-02 00:03:39.926 14571 14571 E ArmVmp : Match on catch block at 0xc3 in for 0xa9
03-02 00:03:39.929 14571 14571 E ArmVmp : Match on catch block at 0xc3 in for 0xa1
03-02 00:03:39.931 14571 14571 E ArmVmp : Match on catch block at 0xc3 in for 0xa1
03-02 00:03:40.294 14571 14571 E ArmVmp : Match on catch block at 0xc3 in for 0xa9
03-02 00:03:40.299 14571 14571 E ArmVmp : Match on catch block at 0xc3 in for 0xa1
03-02 00:03:40.302 14571 14571 E ArmVmp : Match on catch block at 0xc3 in for 0xa1
03-02 00:03:40.543 14571 14571 E ArmVmp : Match on catch block at 0xc3 in for 0xa9
03-02 00:03:40.546 14571 14571 E ArmVmp : Match on catch block at 0xc3 in for 0xa1
03-02 00:03:40.549 14571 14571 E ArmVmp : Match on catch block at 0xc3 in for 0xa1
03-02 00:03:41.009 14571 14571 E ArmVmp : Match on catch block at 0xc3 in for 0xa1
03-02 00:03:41.012 14571 14571 E ArmVmp : Match on catch block at 0xc3 in for 0xa5
03-02 00:03:41.014 14571 14571 E ArmVmp : Match on catch block at 0xc3 in for 0xa5
03-02 00:03:41.508 14571 14571 E ArmVmp : Match on catch block at 0xc3 in for 0xa9
03-02 00:03:41.511 14571 14571 E ArmVmp : Match on catch block at 0xc3 in for 0xa1
03-02 00:03:41.513 14571 14571 E ArmVmp : Match on catch block at 0xc3 in for 0xa1
03-02 00:03:42.008 14571 14571 E ArmVmp : Match on catch block at 0xc3 in for 0xa5
03-02 00:03:42.011 14571 14571 E ArmVmp : Match on catch block at 0xc3 in for 0xa9
03-02 00:03:42.013 14571 14571 E ArmVmp : Match on catch block at 0xc3 in for 0xa9
03-02 00:03:42.291 14571 14571 E ArmVmp : Match on catch block at 0xc3 in for 0xa5
03-02 00:03:42.294 14571 14571 E ArmVmp : Match on catch block at 0xc3 in for 0xa9
03-02 00:03:42.296 14571 14571 E ArmVmp : Match on catch block at 0xc3 in for 0xa9
03-02 00:03:42.311 14571 14571 E ArmVmp : Match on catch block at 0xc3 in for 0xa9
03-02 00:03:42.315 14571 14571 E ArmVmp : Match on catch block at 0xc3 in for 0xa1
03-02 00:03:42.316 14571 14571 E ArmVmp : Match on catch block at 0xc3 in for 0xa1
03-02 00:03:42.335 14571 14571 E ArmVmp : Match on catch block at 0xc3 in for 0xa9
03-02 00:03:42.338 14571 14571 E ArmVmp : Match on catch block at 0xc3 in for 0xa1
03-02 00:03:42.368 14571 14571 E ArmVmp : Match on catch block at 0xc3 in for 0xa1
03-02 00:03:42.371 14571 14571 E ArmVmp : Match on catch block at 0xc3 in for 0xa5
03-02 00:03:42.385 14571 14571 E ArmVmp : Match on catch block at 0xc3 in for 0xa1
03-02 00:03:42.388 14571 14571 E ArmVmp : Match on catch block at 0xc3 in for 0xa5
03-02 00:03:42.398 14571 14571 E ArmVmp : Match on catch block at 0xc3 in for 0xa9
03-02 00:03:42.401 14571 14571 E ArmVmp : Match on catch block at 0xc3 in for 0xa1
03-02 00:03:42.408 14571 14571 E ArmVmp : Match on catch block at 0xc3 in for 0xa9
03-02 00:03:42.411 14571 14571 E ArmVmp : Match on catch block at 0xc3 in for 0xa1
03-02 00:03:42.425 14571 14571 E ArmVmp : Match on catch block at 0xc3 in for 0xa9
03-02 00:03:42.427 14571 14571 E ArmVmp : Match on catch block at 0xc3 in for 0xa1
03-02 00:03:42.441 14571 14571 E ArmVmp : Match on catch block at 0xc3 in for 0xa9
03-02 00:03:42.444 14571 14571 E ArmVmp : Match on catch block at 0xc3 in for 0xa1
03-02 00:03:42.458 14571 14571 E ArmVmp : Match on catch block at 0xc3 in for 0xa9
03-02 00:03:42.461 14571 14571 E ArmVmp : Match on catch block at 0xc3 in for 0xa1
03-02 00:03:42.474 14571 14571 E ArmVmp : Match on catch block at 0xc3 in for 0xa9
03-02 00:03:42.478 14571 14571 E ArmVmp : Match on catch block at 0xc3 in for 0xa1
03-02 00:03:42.491 14571 14571 E ArmVmp : Match on catch block at 0xc3 in for 0xa9
03-02 00:03:42.494 14571 14571 E ArmVmp : Match on catch block at 0xc3 in for 0xa1
03-02 00:03:42.510 14571 14571 E ArmVmp : Match on catch block at 0xc3 in for 0xa1
03-02 00:03:42.513 14571 14571 E ArmVmp : Match on catch block at 0xc3 in for 0xa5
03-02 00:03:42.518 14571 16519 W MediaPlayer: Use of stream types is deprecated for
operations other than volume control
03-02 00:03:42.519 14571 16519 W MediaPlayer: See the documentation of
setAudioStreamType() for what to use instead with android.media.AudioAttributes to
qualify your playback use case
03-02 00:03:42.525 14571 14571 E ArmVmp : Match on catch block at 0xc3 in for 0xa9
03-02 00:03:42.528 14571 14571 E ArmVmp : Match on catch block at 0xc3 in for 0xa1
03-02 00:03:42.794 14571 14571 E ArmVmp : Match on catch block at 0xc3 in for 0xa1
03-02 00:03:42.796 14571 14571 E ArmVmp : Match on catch block at 0xc3 in for 0xa5
03-02 00:03:42.811 14571 14571 E ArmVmp : Match on catch block at 0xc3 in for 0xa1
03-02 00:03:42.813 14571 14571 E ArmVmp : Match on catch block at 0xc3 in for 0xa5
03-02 00:03:42.824 14571 14571 E ArmVmp : Match on catch block at 0xc3 in for 0xa9
03-02 00:03:42.827 14571 14571 E ArmVmp : Match on catch block at 0xc3 in for 0xa1
03-02 00:03:43.324 14571 14571 E ArmVmp : Match on catch block at 0xc3 in for 0xa9
03-02 00:03:43.327 14571 14571 E ArmVmp : Match on catch block at 0xc3 in for 0xa1
03-02 00:03:43.825 14571 14571 E ArmVmp : Match on catch block at 0xc3 in for 0xa9
03-02 00:03:43.829 14571 14571 E ArmVmp : Match on catch block at 0xc3 in for 0xa1
03-02 00:03:44.007 14571 14571 E ArmVmp : Match on catch block at 0xc3 in for 0xa9
03-02 00:03:44.010 14571 14571 E ArmVmp : Match on catch block at 0xc3 in for 0xa1
03-02 00:03:44.155 14571 14571 E ArmVmp : Match on catch block at 0xc3 in for 0xa1
03-02 00:03:44.159 14571 14571 E ArmVmp : Match on catch block at 0xc3 in for 0xa5
03-02 00:03:44.264 14571 14571 E ArmVmp : Match on catch block at 0xc3 in for 0xa1
03-02 00:03:44.268 14571 14571 E ArmVmp : Match on catch block at 0xc3 in for 0xa5
03-02 00:03:44.268 14571 14766 E ActivityThread: Failed to find provider info for
com.snowcorp.stickerly.android.stickercontentprovider
03-02 00:03:44.271 14571 16324 E ActivityThread: Failed to find provider info for
com.snowcorp.stickerly.android.stickercontentprovider
03-02 00:03:44.275 14571 14766 E ActivityThread: Failed to find provider info for
com.snowcorp.stickerly.android.stickercontentprovider
03-02 00:03:44.282 14571 16324 E ActivityThread: Failed to find provider info for
com.snowcorp.stickerly.android.stickercontentprovider
03-02 00:03:44.286 14571 14766 E ActivityThread: Failed to find provider info for
com.snowcorp.stickerly.android.stickercontentprovider
03-02 00:03:44.290 14571 16324 E ActivityThread: Failed to find provider info for
com.snowcorp.stickerly.android.stickercontentprovider
03-02 00:03:44.293 14571 14766 E ActivityThread: Failed to find provider info for
com.snowcorp.stickerly.android.stickercontentprovider
03-02 00:03:44.300 14571 16324 E ActivityThread: Failed to find provider info for
com.snowcorp.stickerly.android.stickercontentprovider
03-02 00:03:44.300 14571 14571 E ArmVmp : Match on catch block at 0xc3 in for 0xa1
03-02 00:03:44.301 14571 14766 E ActivityThread: Failed to find provider info for
com.snowcorp.stickerly.android.stickercontentprovider
03-02 00:03:44.304 14571 16324 E ActivityThread: Failed to find provider info for
com.snowcorp.stickerly.android.stickercontentprovider
03-02 00:03:44.305 14571 14571 E ArmVmp : Match on catch block at 0xc3 in for 0xa5
03-02 00:03:44.307 14571 14766 E ActivityThread: Failed to find provider info for
com.snowcorp.stickerly.android.stickercontentprovider
03-02 00:03:44.313 14571 16324 E ActivityThread: Failed to find provider info for
com.snowcorp.stickerly.android.stickercontentprovider
03-02 00:03:44.319 14571 14766 E ActivityThread: Failed to find provider info for
com.snowcorp.stickerly.android.stickercontentprovider
03-02 00:03:44.322 14571 16324 E ActivityThread: Failed to find provider info for
com.snowcorp.stickerly.android.stickercontentprovider
03-02 00:03:44.328 14571 14766 E ActivityThread: Failed to find provider info for
com.snowcorp.stickerly.android.stickercontentprovider
03-02 00:03:44.331 14571 16324 E ActivityThread: Failed to find provider info for
com.snowcorp.stickerly.android.stickercontentprovider
03-02 00:03:44.334 14571 14766 E ActivityThread: Failed to find provider info for
com.snowcorp.stickerly.android.stickercontentprovider
03-02 00:03:44.336 14571 16324 E ActivityThread: Failed to find provider info for
com.snowcorp.stickerly.android.stickercontentprovider
03-02 00:03:44.339 14571 14766 E ActivityThread: Failed to find provider info for
com.snowcorp.stickerly.android.stickercontentprovider
03-02 00:03:44.343 14571 16324 E ActivityThread: Failed to find provider info for
com.snowcorp.stickerly.android.stickercontentprovider
03-02 00:03:44.349 14571 14571 E ArmVmp : Match on catch block at 0xc3 in for 0xa1
03-02 00:03:44.353 14571 14571 E ArmVmp : Match on catch block at 0xc3 in for 0xa5
03-02 00:03:44.423 14571 14571 E ArmVmp : Match on catch block at 0xc3 in for 0xa1
03-02 00:03:44.426 14571 14571 E ArmVmp : Match on catch block at 0xc3 in for 0xa5
03-02 00:03:44.440 14571 14571 E ArmVmp : Match on catch block at 0xc3 in for 0xa1
03-02 00:03:44.443 14571 14571 E ArmVmp : Match on catch block at 0xc3 in for 0xa5
03-02 00:03:44.457 14571 14571 E ArmVmp : Match on catch block at 0xc3 in for 0xa1
03-02 00:03:44.459 14571 14571 E ArmVmp : Match on catch block at 0xc3 in for 0xa5
03-02 00:03:44.473 14571 14571 E ArmVmp : Match on catch block at 0xc3 in for 0xa1
03-02 00:03:44.477 14571 14571 E ArmVmp : Match on catch block at 0xc3 in for 0xa5
03-02 00:03:44.490 14571 14571 E ArmVmp : Match on catch block at 0xc3 in for 0xa1
03-02 00:03:44.494 14571 14571 E ArmVmp : Match on catch block at 0xc3 in for 0xa5
03-02 00:03:44.508 14571 14571 E ArmVmp : Match on catch block at 0xc3 in for 0xa1
03-02 00:03:44.512 14571 14571 E ArmVmp : Match on catch block at 0xc3 in for 0xa5
03-02 00:03:44.526 14571 14571 E ArmVmp : Match on catch block at 0xc3 in for 0xa1
03-02 00:03:44.531 14571 14571 E ArmVmp : Match on catch block at 0xc3 in for 0xa5
03-02 00:03:44.542 14571 14571 E ArmVmp : Match on catch block at 0xc3 in for 0xa1
03-02 00:03:44.547 14571 14571 E ArmVmp : Match on catch block at 0xc3 in for 0xa5
03-02 00:03:44.559 14571 14571 E ArmVmp : Match on catch block at 0xc3 in for 0xa1
03-02 00:03:44.564 14571 14571 E ArmVmp : Match on catch block at 0xc3 in for 0xa5
03-02 00:03:44.575 14571 14571 E ArmVmp : Match on catch block at 0xc3 in for 0xa1
03-02 00:03:44.581 14571 14571 E ArmVmp : Match on catch block at 0xc3 in for 0xa5
03-02 00:03:44.591 14571 14571 E ArmVmp : Match on catch block at 0xc3 in for 0xa1
03-02 00:03:44.597 14571 14571 E ArmVmp : Match on catch block at 0xc3 in for 0xa5
03-02 00:03:44.608 14571 14571 E ArmVmp : Match on catch block at 0xc3 in for 0xa1
03-02 00:03:44.613 14571 14571 E ArmVmp : Match on catch block at 0xc3 in for 0xa5
03-02 00:03:44.625 14571 14571 E ArmVmp : Match on catch block at 0xc3 in for 0xa1
03-02 00:03:44.630 14571 14571 E ArmVmp : Match on catch block at 0xc3 in for 0xa5
03-02 00:03:44.641 14571 14571 E ArmVmp : Match on catch block at 0xc3 in for 0xa1
03-02 00:03:44.648 14571 14571 E ArmVmp : Match on catch block at 0xc3 in for 0xa5
03-02 00:03:44.658 14571 14571 E ArmVmp : Match on catch block at 0xc3 in for 0xa1
03-02 00:03:44.664 14571 14571 E ArmVmp : Match on catch block at 0xc3 in for 0xa5
03-02 00:03:44.675 14571 14571 E ArmVmp : Match on catch block at 0xc3 in for 0xa1
03-02 00:03:44.680 14571 14571 E ArmVmp : Match on catch block at 0xc3 in for 0xa5
03-02 00:03:44.859 14571 14571 E ArmVmp : Match on catch block at 0xc3 in for 0xa1
03-02 00:03:44.864 14571 14571 E ArmVmp : Match on catch block at 0xc3 in for 0xa5
03-02 00:03:45.357 14571 14571 E ArmVmp : Match on catch block at 0xc3 in for 0xa1
03-02 00:03:45.360 14571 14571 E ArmVmp : Match on catch block at 0xc3 in for 0xa5
03-02 00:03:45.857 14571 14571 E ArmVmp : Match on catch block at 0xc3 in for 0xa1
03-02 00:03:45.861 14571 14571 E ArmVmp : Match on catch block at 0xc3 in for 0xa5
03-02 00:03:46.356 14571 14571 E ArmVmp : Match on catch block at 0xc3 in for 0xa1
03-02 00:03:46.359 14571 14571 E ArmVmp : Match on catch block at 0xc3 in for 0xa5
03-02 00:03:46.855 14571 14571 E ArmVmp : Match on catch block at 0xc3 in for 0xa1
03-02 00:03:46.858 14571 14571 E ArmVmp : Match on catch block at 0xc3 in for 0xa5
03-02 00:03:47.372 14571 14571 E ArmVmp : Match on catch block at 0xc3 in for 0xa1
03-02 00:03:47.375 14571 14571 E ArmVmp : Match on catch block at 0xc3 in for 0xa5
03-02 00:03:47.871 14571 14571 E ArmVmp : Match on catch block at 0xc3 in for 0xa1
03-02 00:03:47.873 14571 14571 E ArmVmp : Match on catch block at 0xc3 in for 0xa5
03-02 00:03:48.203 14571 14571 E ArmVmp : Match on catch block at 0xc3 in for 0xa1
03-02 00:03:48.206 14571 14571 E ArmVmp : Match on catch block at 0xc3 in for 0xa5
03-02 00:03:48.232 14571 14571 E ArmVmp : Match on catch block at 0xc3 in for 0xa5
03-02 00:03:48.235 14571 14571 E ArmVmp : Match on catch block at 0xc3 in for 0xa9
03-02 00:03:48.241 14571 14571 E ArmVmp : Match on catch block at 0xc3 in for 0xa5
03-02 00:03:48.243 14571 14571 E ArmVmp : Match on catch block at 0xc3 in for 0xa9
03-02 00:03:48.254 14571 14571 E ArmVmp : Match on catch block at 0xc3 in for 0xa5
03-02 00:03:48.257 14571 14571 E ArmVmp : Match on catch block at 0xc3 in for 0xa9
03-02 00:03:48.270 14571 14571 E ArmVmp : Match on catch block at 0xc3 in for 0xa5
03-02 00:03:48.273 14571 14571 E ArmVmp : Match on catch block at 0xc3 in for 0xa9
03-02 00:03:48.287 14571 14571 E ArmVmp : Match on catch block at 0xc3 in for 0xa5
03-02 00:03:48.290 14571 14571 E ArmVmp : Match on catch block at 0xc3 in for 0xa9
03-02 00:03:48.307 14571 14571 E ArmVmp : Match on catch block at 0xc3 in for 0xa5
03-02 00:03:48.309 14571 14571 E ArmVmp : Match on catch block at 0xc3 in for 0xa9
03-02 00:03:48.320 14571 14571 E ArmVmp : Match on catch block at 0xc3 in for 0xa5
03-02 00:03:48.323 14571 14571 E ArmVmp : Match on catch block at 0xc3 in for 0xa9
03-02 00:03:48.337 14571 14571 E ArmVmp : Match on catch block at 0xc3 in for 0xa5
03-02 00:03:48.340 14571 14571 E ArmVmp : Match on catch block at 0xc3 in for 0xa9
03-02 00:03:48.354 14571 14571 E ArmVmp : Match on catch block at 0xc3 in for 0xa5
03-02 00:03:48.356 14571 14571 E ArmVmp : Match on catch block at 0xc3 in for 0xa9
03-02 00:03:48.370 14571 14571 E ArmVmp : Match on catch block at 0xc3 in for 0xa5
03-02 00:03:48.373 14571 14571 E ArmVmp : Match on catch block at 0xc3 in for 0xa9
03-02 00:03:48.387 14571 14571 E ArmVmp : Match on catch block at 0xc3 in for 0xa1
03-02 00:03:48.390 14571 14571 E ArmVmp : Match on catch block at 0xc3 in for 0xa5
03-02 00:03:48.705 14571 14571 E ArmVmp : Match on catch block at 0xc3 in for 0xa9
03-02 00:03:48.709 14571 14571 E ArmVmp : Match on catch block at 0xc3 in for 0xa1
03-02 00:03:48.837 14571 14571 E ArmVmp : Match on catch block at 0xc3 in for 0xa9
03-02 00:03:48.839 14571 14571 E ArmVmp : Match on catch block at 0xc3 in for 0xa1
03-02 00:03:48.857 14571 14571 E ArmVmp : Match on catch block at 0xc3 in for 0xa5
03-02 00:03:48.860 14571 14571 E ArmVmp : Match on catch block at 0xc3 in for 0xa9
03-02 00:03:48.878 14571 14571 E ArmVmp : Match on catch block at 0xc3 in for 0xa1
03-02 00:03:48.883 14571 14571 E ArmVmp : Match on catch block at 0xc3 in for 0xa5
03-02 00:03:48.913 14571 14571 E ArmVmp : Match on catch block at 0xc3 in for 0xa5
03-02 00:03:48.916 14571 14571 E ArmVmp : Match on catch block at 0xc3 in for 0xa9
03-02 00:03:48.931 14571 14571 E ArmVmp : Match on catch block at 0xc3 in for 0xa1
03-02 00:03:48.934 14571 14571 E ArmVmp : Match on catch block at 0xc3 in for 0xa5
03-02 00:03:48.945 14571 14571 E ArmVmp : Match on catch block at 0xc3 in for 0xa1
03-02 00:03:48.947 14571 14571 E ArmVmp : Match on catch block at 0xc3 in for 0xa5
03-02 00:03:48.954 14571 14571 E ArmVmp : Match on catch block at 0xc3 in for 0xa1
03-02 00:03:48.959 14571 14571 E ArmVmp : Match on catch block at 0xc3 in for 0xa5
03-02 00:03:48.970 14571 14571 E ArmVmp : Match on catch block at 0xc3 in for 0xa1
03-02 00:03:48.973 14571 14571 E ArmVmp : Match on catch block at 0xc3 in for 0xa5
03-02 00:03:48.987 14571 14571 E ArmVmp : Match on catch block at 0xc3 in for 0xa1
03-02 00:03:48.989 14571 14571 E ArmVmp : Match on catch block at 0xc3 in for 0xa5
03-02 00:03:49.003 14571 14571 E ArmVmp : Match on catch block at 0xc3 in for 0xa1
03-02 00:03:49.006 14571 14571 E ArmVmp : Match on catch block at 0xc3 in for 0xa5
03-02 00:03:49.020 14571 14571 E ArmVmp : Match on catch block at 0xc3 in for 0xa1
03-02 00:03:49.023 14571 14571 E ArmVmp : Match on catch block at 0xc3 in for 0xa5
03-02 00:03:49.037 14571 14571 E ArmVmp : Match on catch block at 0xc3 in for 0xa1
03-02 00:03:49.039 14571 14571 E ArmVmp : Match on catch block at 0xc3 in for 0xa5
03-02 00:03:49.053 14571 14571 E ArmVmp : Match on catch block at 0xc3 in for 0xa1
03-02 00:03:49.056 14571 14571 E ArmVmp : Match on catch block at 0xc3 in for 0xa5
03-02 00:03:49.173 14571 14571 E ArmVmp : Match on catch block at 0xc3 in for 0xa1
03-02 00:03:49.176 14571 14571 E ArmVmp : Match on catch block at 0xc3 in for 0xa5
03-02 00:03:49.181 14571 16519 W MediaPlayer: Use of stream types is deprecated for
operations other than volume control
03-02 00:03:49.181 14571 16519 W MediaPlayer: See the documentation of
setAudioStreamType() for what to use instead with android.media.AudioAttributes to
qualify your playback use case
03-02 00:03:49.189 14571 14571 E ArmVmp : Match on catch block at 0xc3 in for 0xa1
03-02 00:03:49.192 14571 14571 E ArmVmp : Match on catch block at 0xc3 in for 0xa5
03-02 00:03:49.256 14571 14571 E ArmVmp : Match on catch block at 0xc3 in for 0xa5
03-02 00:03:49.259 14571 14571 E ArmVmp : Match on catch block at 0xc3 in for 0xa9
03-02 00:03:49.281 14571 14571 E ArmVmp : Match on catch block at 0xc3 in for 0xa9
03-02 00:03:49.283 14571 14571 E ArmVmp : Match on catch block at 0xc3 in for 0xa1
03-02 00:03:49.290 14571 14571 E ArmVmp : Match on catch block at 0xc3 in for 0xa9
03-02 00:03:49.294 14571 14571 E ArmVmp : Match on catch block at 0xc3 in for 0xa1
03-02 00:03:49.354 14571 14571 E ArmVmp : Match on catch block at 0xc3 in for 0xa9
03-02 00:03:49.357 14571 14571 E ArmVmp : Match on catch block at 0xc3 in for 0xa1
03-02 00:03:49.853 14571 14571 E ArmVmp : Match on catch block at 0xc3 in for 0xa9
03-02 00:03:49.856 14571 14571 E ArmVmp : Match on catch block at 0xc3 in for 0xa1
03-02 00:03:50.120 14571 14571 E ArmVmp : Match on catch block at 0xc3 in for 0xa9
03-02 00:03:50.123 14571 14571 E ArmVmp : Match on catch block at 0xc3 in for 0xa1
03-02 00:03:50.148 14571 14571 E ArmVmp : Match on catch block at 0xc3 in for 0xa9
03-02 00:03:50.151 14571 14571 E ArmVmp : Match on catch block at 0xc3 in for 0xa1
03-02 00:03:50.221 14571 14571 W TabLayout: MODE_SCROLLABLE + GRAVITY_FILL is not
supported, GRAVITY_START will be used instead
03-02 00:03:50.260 14571 14571 W BottomSheetBehavior: BottomSheetBehavior now
supports multiple callbacks. `setBottomSheetCallback()` removes all existing
callbacks, including ones set internally by library authors, which may result in
unintended behavior. This may change in the future. Please use
`addBottomSheetCallback()` and `removeBottomSheetCallback()` instead to set your
own callbacks.
03-02 00:03:50.290 14571 15140 E CameraManagerGlobal: Camera 4 is not available.
Ignore physical camera status change
03-02 00:03:50.457 14571 14571 W View : requestLayout() improperly called by
com.whatsapp.WaImageView{4c0bfd7 VF.D..CL. ......ID 0,0-192,192 #7f0b1814
app:id/shutter} during layout: running second layout pass
03-02 00:03:50.457 14571 14571 W View : requestLayout() improperly called by
com.whatsapp.CircularProgressBar{7cf60c4 V.ED..... ......ID 0,0-192,192 #7f0b14fc
app:id/recording_progress} during layout: running second layout pass
03-02 00:03:50.457 14571 14571 W View : requestLayout() improperly called by
com.whatsapp.WaImageView{e601bad VF.D..C.. ......ID 0,0-144,144 #7f0b1976
app:id/switch_camera_btn} during layout: running second layout pass
03-02 00:03:50.457 14571 14571 W View : requestLayout() improperly called by
com.whatsapp.WaImageView{c28aee2 VFED..C.. ......ID 0,0-144,144 #7f0b0b0d
app:id/gallery_btn} during layout: running second layout pass
03-02 00:03:50.457 14571 14571 W View : requestLayout() improperly called by
com.whatsapp.WaImageView{7678273 VF.D..C.. ......ID 0,0-144,144 #7f0b0a9c
app:id/flash_btn} during layout: running second layout pass
03-02 00:03:50.457 14571 14571 W View : requestLayout() improperly called by
com.whatsapp.WaImageView{8c3c530 VFED..C.. ......ID 0,0-144,144 #7f0b057f
app:id/close_camera_btn} during layout: running second layout pass
03-02 00:03:50.457 14571 14571 W View : requestLayout() improperly called by
X.4Ki{48fc5a9 V.ED..... ......ID 0,6-1080,150} during layout: running second layout
pass
03-02 00:03:50.513 14571 14571 W View : requestLayout() improperly called by
com.whatsapp.WaImageView{4c0bfd7 VF.D..CL. ......ID 444,1680-636,1872 #7f0b1814
app:id/shutter} during layout: running second layout pass
03-02 00:03:50.513 14571 14571 W View : requestLayout() improperly called by
com.whatsapp.CircularProgressBar{7cf60c4 V.ED..... ......ID 444,1680-636,1872
#7f0b14fc app:id/recording_progress} during layout: running second layout pass
03-02 00:03:50.513 14571 14571 W View : requestLayout() improperly called by
com.whatsapp.WaImageView{e601bad VF.D..C.. ......ID 912,1704-1056,1848 #7f0b1976
app:id/switch_camera_btn} during layout: running second layout pass
03-02 00:03:50.513 14571 14571 W View : requestLayout() improperly called by
com.whatsapp.WaImageView{c28aee2 VFED..C.. ......ID 24,1704-168,1848 #7f0b0b0d
app:id/gallery_btn} during layout: running second layout pass
03-02 00:03:50.513 14571 14571 W View : requestLayout() improperly called by
com.whatsapp.WaImageView{7678273 VF.D..C.. ......I. 912,24-1056,168 #7f0b0a9c
app:id/flash_btn} during layout: running second layout pass
03-02 00:03:50.514 14571 14571 W View : requestLayout() improperly called by
com.whatsapp.WaImageView{8c3c530 VFED..C.. ......I. 24,24-168,168 #7f0b057f
app:id/close_camera_btn} during layout: running second layout pass
03-02 00:03:50.518 14571 14571 E ArmVmp : Match on catch block at 0xc3 in for 0xa9
03-02 00:03:50.523 14571 14571 E ArmVmp : Match on catch block at 0xc3 in for 0xa1
03-02 00:03:50.563 14571 14571 E ArmVmp : Match on catch block at 0xc3 in for 0xa9
03-02 00:03:50.566 14571 14571 E ArmVmp : Match on catch block at 0xc3 in for 0xa1
03-02 00:03:50.997 14571 14571 E ArmVmp : Match on catch block at 0xc3 in for 0xa1
03-02 00:03:51.010 14571 14571 E ArmVmp : Match on catch block at 0xc3 in for 0xa5
03-02 00:03:52.977 14571 15606 E CameraManagerGlobal: Camera 4 is not available.
Ignore physical camera status change
03-02 00:03:54.057 14571 16686 W H2BGraphicBufferProducer: getConsumerUsage is not
fully supported
03-02 00:04:00.286 14571 17089 W AudioManager: Use of stream types is deprecated
for operations other than volume control
03-02 00:04:00.288 14571 17089 W AudioManager: See the documentation of
requestAudioFocus() for what to use instead with android.media.AudioAttributes to
qualify your playback use case
03-02 00:04:00.341 14571 14571 W SoundPool: Use of stream types is deprecated for
operations other than volume control
03-02 00:04:00.341 14571 14571 W SoundPool: See the documentation of SoundPool()
for what to use instead with android.media.AudioAttributes to qualify your playback
use case
03-02 00:04:00.474 14571 17158 W Codec2Client: query -- param skipped: index =
1107298332.
03-02 00:04:00.478 14571 17158 W Codec2Client: query -- param skipped: index =
1342179345.
03-02 00:04:00.478 14571 17158 W Codec2Client: query -- param skipped: index =
2415921170.
03-02 00:04:00.481 14571 17159 W Codec2Client: query -- param skipped: index =
1107298332.
03-02 00:04:00.482 14571 17159 W Codec2Client: query -- param skipped: index =
1342179345.
03-02 00:04:00.482 14571 17159 W Codec2Client: query -- param skipped: index =
2415921170.
03-02 00:04:00.488 14571 17158 E FMQ : grantorIdx must be less than 3
03-02 00:04:00.488 14571 17158 E FMQ : grantorIdx must be less than 3
03-02 00:04:00.489 14571 17159 E FMQ : grantorIdx must be less than 3
03-02 00:04:00.490 14571 17159 E FMQ : grantorIdx must be less than 3
03-02 00:04:00.494 14571 17158 E FMQ : grantorIdx must be less than 3
03-02 00:04:00.499 14571 17159 E FMQ : grantorIdx must be less than 3
03-02 00:04:00.513 14571 15330 E FMQ : grantorIdx must be less than 3
03-02 00:04:00.515 14571 15330 E FMQ : grantorIdx must be less than 3
03-02 00:04:00.606 14571 17171 W Codec2Client: query -- param skipped: index =
1107298332.
03-02 00:04:00.607 14571 17171 W Codec2Client: query -- param skipped: index =
1342179345.
03-02 00:04:00.607 14571 17171 W Codec2Client: query -- param skipped: index =
2415921170.
03-02 00:04:00.609 14571 17171 E FMQ : grantorIdx must be less than 3
03-02 00:04:00.609 14571 17171 E FMQ : grantorIdx must be less than 3
03-02 00:04:00.616 14571 17171 E FMQ : grantorIdx must be less than 3
03-02 00:04:00.624 14571 15330 E FMQ : grantorIdx must be less than 3
03-02 00:04:00.662 14571 17180 W Codec2Client: query -- param skipped: index =
1107298332.
03-02 00:04:00.663 14571 17180 W Codec2Client: query -- param skipped: index =
1342179345.
03-02 00:04:00.663 14571 17180 W Codec2Client: query -- param skipped: index =
2415921170.
03-02 00:04:00.663 14571 17180 E FMQ : grantorIdx must be less than 3
03-02 00:04:00.663 14571 17180 E FMQ : grantorIdx must be less than 3
03-02 00:04:00.666 14571 17180 E FMQ : grantorIdx must be less than 3
03-02 00:04:00.673 14571 15330 E FMQ : grantorIdx must be less than 3
03-02 00:04:00.702 14571 17183 W Codec2Client: query -- param skipped: index =
1107298332.
03-02 00:04:00.703 14571 17183 W Codec2Client: query -- param skipped: index =
1342179345.
03-02 00:04:00.703 14571 17183 W Codec2Client: query -- param skipped: index =
2415921170.
03-02 00:04:00.703 14571 17183 E FMQ : grantorIdx must be less than 3
03-02 00:04:00.703 14571 17183 E FMQ : grantorIdx must be less than 3
03-02 00:04:00.707 14571 17183 E FMQ : grantorIdx must be less than 3
03-02 00:04:00.717 14571 15330 E FMQ : grantorIdx must be less than 3
03-02 00:04:02.149 14571 17221 W Codec2Client: query -- param skipped: index =
1107298332.
03-02 00:04:02.149 14571 17221 W CCodec : This behavior is subject to change. It
is recommended that app developers double check whether the requested max input
size is in reasonable range.
03-02 00:04:02.151 14571 17221 W Codec2Client: query -- param skipped: index =
1342179345.
03-02 00:04:02.151 14571 17221 W Codec2Client: query -- param skipped: index =
2415921170.
03-02 00:04:02.151 14571 17221 W Codec2Client: query -- param skipped: index =
1610614798.
03-02 00:04:02.152 14571 17221 E FMQ : grantorIdx must be less than 3
03-02 00:04:02.152 14571 17221 E FMQ : grantorIdx must be less than 3
03-02 00:04:02.155 14571 17221 E FMQ : grantorIdx must be less than 3
03-02 00:04:02.164 14571 15330 E FMQ : grantorIdx must be less than 3
03-02 00:04:02.307 14571 17221 W Codec2Client: query -- param skipped: index =
1342179345.
03-02 00:04:02.307 14571 17221 W Codec2Client: query -- param skipped: index =
2415921170.
03-02 00:04:02.307 14571 17221 W Codec2Client: query -- param skipped: index =
1610614798.
03-02 00:04:02.320 14571 17221 W Codec2Client: query -- param skipped: index =
1342179345.
03-02 00:04:02.320 14571 17221 W Codec2Client: query -- param skipped: index =
2415921170.
03-02 00:04:02.320 14571 17221 W Codec2Client: query -- param skipped: index =
1610614798.
03-02 00:04:02.329 14571 17221 W Codec2Client: query -- param skipped: index =
1342179345.
03-02 00:04:02.329 14571 17221 W Codec2Client: query -- param skipped: index =
2415921170.
03-02 00:04:02.329 14571 17221 W Codec2Client: query -- param skipped: index =
1610614798.
03-02 00:04:02.338 14571 17212 W ACodec : Failed to set ANW_HWComposer to OMX,
ignoring (-2147483648)
03-02 00:04:02.382 14571 17094 E DRM_DCF_DECODER_JNI: nativeDecryptDcfFile: failed
to openDecryptSession, trigger showDrmDialogIfNeed
03-02 00:04:02.384 14571 17094 E DRM/DcfDecoder: decodeDrmImage native decrypt
failed
03-02 00:04:05.954 14571 14571 E ArmVmp : Match on catch block at 0x0a in for 0xc1
03-02 00:04:05.957 14571 14571 E ArmVmp : Match on catch block at 0x0a in for 0xc9
03-02 00:04:06.050 14571 14571 E ArmVmp : Match on catch block at 0xc3 in for 0xa5
03-02 00:04:06.054 14571 14571 E ArmVmp : Match on catch block at 0xc3 in for 0xa9
03-02 00:04:06.093 14571 14571 E ArmVmp : Match on catch block at 0xc3 in for 0xa1
03-02 00:04:06.097 14571 14571 E ArmVmp : Match on catch block at 0xc3 in for 0xa5
03-02 00:04:06.105 14571 14571 E ArmVmp : Match on catch block at 0xc3 in for 0xa1
03-02 00:04:06.108 14571 14571 E ArmVmp : Match on catch block at 0xc3 in for 0xa5
03-02 00:04:06.128 14571 14571 E ArmVmp : Match on catch block at 0xc3 in for 0xa5
03-02 00:04:06.132 14571 14571 E ArmVmp : Match on catch block at 0xc3 in for 0xa9
03-02 00:04:06.147 14571 17212 W ACodec : Failed to set ANW_HWComposer to OMX,
ignoring (-2147483648)
03-02 00:04:06.155 14571 17221 W Codec2Client: query -- param skipped: index =
1342179345.
03-02 00:04:06.155 14571 17221 W Codec2Client: query -- param skipped: index =
2415921170.
03-02 00:04:06.155 14571 17221 W Codec2Client: query -- param skipped: index =
1610614798.
03-02 00:04:06.158 14571 17212 W ACodec : Failed to set ANW_HWComposer to OMX,
ignoring (-2147483648)
03-02 00:04:06.250 14571 14571 E ArmVmp : Match on catch block at 0xc3 in for 0xa9
03-02 00:04:06.253 14571 14571 E ArmVmp : Match on catch block at 0xc3 in for 0xa1
03-02 00:04:06.260 14571 14571 E ArmVmp : Match on catch block at 0xc3 in for 0xa9
03-02 00:04:06.266 14571 14571 E ArmVmp : Match on catch block at 0xc3 in for 0xa1
03-02 00:04:06.375 14571 14571 E ArmVmp : Match on catch block at 0xc3 in for 0xa1
03-02 00:04:06.377 14571 14571 E ArmVmp : Match on catch block at 0xc3 in for 0xa5
03-02 00:04:06.386 14571 14571 E ArmVmp : Match on catch block at 0xc3 in for 0xa1
03-02 00:04:06.388 14571 14571 E ArmVmp : Match on catch block at 0xc3 in for 0xa5
03-02 00:04:06.624 14571 14571 E ArmVmp : Match on catch block at 0xc3 in for 0xa5
03-02 00:04:06.626 14571 14571 E ArmVmp : Match on catch block at 0xc3 in for 0xa9
03-02 00:04:06.791 14571 14571 E ArmVmp : Match on catch block at 0xc3 in for 0xa1
03-02 00:04:06.793 14571 14571 E ArmVmp : Match on catch block at 0xc3 in for 0xa5
03-02 00:04:06.807 14571 14571 E ArmVmp : Match on catch block at 0xc3 in for 0xa1
03-02 00:04:06.809 14571 14571 E ArmVmp : Match on catch block at 0xc3 in for 0xa5
03-02 00:04:06.824 14571 14571 E ArmVmp : Match on catch block at 0xc3 in for 0xa1
03-02 00:04:06.826 14571 14571 E ArmVmp : Match on catch block at 0xc3 in for 0xa5
03-02 00:04:06.841 14571 14571 E ArmVmp : Match on catch block at 0xc3 in for 0xa1
03-02 00:04:06.843 14571 14571 E ArmVmp : Match on catch block at 0xc3 in for 0xa5
03-02 00:04:06.857 14571 14571 E ArmVmp : Match on catch block at 0xc3 in for 0xa1
03-02 00:04:06.860 14571 14571 E ArmVmp : Match on catch block at 0xc3 in for 0xa5
03-02 00:04:06.874 14571 14571 E ArmVmp : Match on catch block at 0xc3 in for 0xa1
03-02 00:04:06.876 14571 14571 E ArmVmp : Match on catch block at 0xc3 in for 0xa5
03-02 00:04:06.890 14571 14571 E ArmVmp : Match on catch block at 0xc3 in for 0xa1
03-02 00:04:06.893 14571 14571 E ArmVmp : Match on catch block at 0xc3 in for 0xa5
03-02 00:04:06.907 14571 14571 E ArmVmp : Match on catch block at 0xc3 in for 0xa1
03-02 00:04:06.911 14571 14571 E ArmVmp : Match on catch block at 0xc3 in for 0xa5
03-02 00:04:06.925 14571 14571 E ArmVmp : Match on catch block at 0xc3 in for 0xa1
03-02 00:04:06.929 14571 14571 E ArmVmp : Match on catch block at 0xc3 in for 0xa5
03-02 00:04:06.942 14571 14571 E ArmVmp : Match on catch block at 0xc3 in for 0xa1
