03-01 23:57:20.728 14571 14571 E ArmVmp : Match on catch block at 0xc3 in for 0xa5
03-01 23:57:20.737 14571 14571 E ArmVmp : Match on catch block at 0xc3 in for 0xa5
03-01 23:57:20.757 14571 14571 E ArmVmp : Match on catch block at 0xc3 in for 0xa9
03-01 23:57:20.762 14571 14571 E ArmVmp : Match on catch block at 0xc3 in for 0xa1
03-01 23:57:20.765 14571 14571 E ArmVmp : Match on catch block at 0xc3 in for 0xa1
03-01 23:57:20.775 14571 14571 E ArmVmp : Match on catch block at 0xc3 in for 0xa5
03-01 23:57:20.783 14571 14571 E ArmVmp : Match on catch block at 0xc3 in for 0xa9
03-01 23:57:20.787 14571 14571 E ArmVmp : Match on catch block at 0xc3 in for 0xa9
03-01 23:57:20.789 14571 15603 W Codec2Client: query -- param skipped: index =
1107298332.
03-01 23:57:20.792 14571 15603 W Codec2Client: query -- param skipped: index =
1342179345.
03-01 23:57:20.792 14571 15603 W Codec2Client: query -- param skipped: index =
2415921170.
03-01 23:57:20.793 14571 15603 E FMQ : grantorIdx must be less than 3
03-01 23:57:20.793 14571 15603 E FMQ : grantorIdx must be less than 3
03-01 23:57:20.795 14571 15603 E FMQ : grantorIdx must be less than 3
03-01 23:57:20.801 14571 15330 E FMQ : grantorIdx must be less than 3
03-01 23:57:20.808 14571 14571 E ArmVmp : Match on catch block at 0xc3 in for 0xa1
03-01 23:57:20.812 14571 15607 W Codec2Client: query -- param skipped: index =
1107298332.
03-01 23:57:20.812 14571 14571 E ArmVmp : Match on catch block at 0xc3 in for 0xa5
03-01 23:57:20.813 14571 15607 W Codec2Client: query -- param skipped: index =
1342179345.
03-01 23:57:20.813 14571 15607 W Codec2Client: query -- param skipped: index =
2415921170.
03-01 23:57:20.813 14571 15607 E FMQ : grantorIdx must be less than 3
03-01 23:57:20.813 14571 15607 E FMQ : grantorIdx must be less than 3
03-01 23:57:20.815 14571 14571 E ArmVmp : Match on catch block at 0xc3 in for 0xa5
03-01 23:57:20.818 14571 15607 E FMQ : grantorIdx must be less than 3
03-01 23:57:20.825 14571 14571 E ArmVmp : Match on catch block at 0xc3 in for 0xa9
03-01 23:57:20.825 14571 15330 E FMQ : grantorIdx must be less than 3
03-01 23:57:20.829 14571 14571 E ArmVmp : Match on catch block at 0xc3 in for 0xa1
03-01 23:57:20.832 14571 14571 E ArmVmp : Match on catch block at 0xc3 in for 0xa1
03-01 23:57:20.840 14571 14571 E ArmVmp : Match on catch block at 0xc3 in for 0xa5
03-01 23:57:20.844 14571 14571 E ArmVmp : Match on catch block at 0xc3 in for 0xa9
03-01 23:57:20.848 14571 14571 E ArmVmp : Match on catch block at 0xc3 in for 0xa9
03-01 23:57:20.858 14571 14571 E ArmVmp : Match on catch block at 0xc3 in for 0xa1
03-01 23:57:20.862 14571 14571 E ArmVmp : Match on catch block at 0xc3 in for 0xa5
03-01 23:57:20.865 14571 14571 E ArmVmp : Match on catch block at 0xc3 in for 0xa5
03-01 23:57:20.868 14571 15610 W Codec2Client: query -- param skipped: index =
1107298332.
03-01 23:57:20.869 14571 15610 W Codec2Client: query -- param skipped: index =
1342179345.
03-01 23:57:20.869 14571 15610 W Codec2Client: query -- param skipped: index =
2415921170.
03-01 23:57:20.870 14571 15610 E FMQ : grantorIdx must be less than 3
03-01 23:57:20.870 14571 15610 E FMQ : grantorIdx must be less than 3
03-01 23:57:20.874 14571 14571 E ArmVmp : Match on catch block at 0xc3 in for 0xa9
03-01 23:57:20.877 14571 15610 E FMQ : grantorIdx must be less than 3
03-01 23:57:20.879 14571 14571 E ArmVmp : Match on catch block at 0xc3 in for 0xa1
03-01 23:57:20.882 14571 14571 E ArmVmp : Match on catch block at 0xc3 in for 0xa1
03-01 23:57:20.884 14571 15330 E FMQ : grantorIdx must be less than 3
03-01 23:57:20.891 14571 14571 E ArmVmp : Match on catch block at 0xc3 in for 0xa5
03-01 23:57:20.896 14571 14571 E ArmVmp : Match on catch block at 0xc3 in for 0xa9
03-01 23:57:20.898 14571 14571 E ArmVmp : Match on catch block at 0xc3 in for 0xa9
03-01 23:57:20.906 14571 14571 E ArmVmp : Match on catch block at 0xc3 in for 0xa1
03-01 23:57:20.910 14571 14571 E ArmVmp : Match on catch block at 0xc3 in for 0xa5
03-01 23:57:20.914 14571 14571 E ArmVmp : Match on catch block at 0xc3 in for 0xa5
03-01 23:57:21.091 14571 14571 E ArmVmp : Match on catch block at 0xc3 in for 0xa5
03-01 23:57:21.094 14571 14571 E ArmVmp : Match on catch block at 0xc3 in for 0xa9
03-01 23:57:21.098 14571 14571 E ArmVmp : Match on catch block at 0xc3 in for 0xa9
03-01 23:57:21.444 14571 14571 E ArmVmp : Match on catch block at 0xc3 in for 0xa9
03-01 23:57:21.447 14571 14571 E ArmVmp : Match on catch block at 0xc3 in for 0xa1
03-01 23:57:21.449 14571 14571 E ArmVmp : Match on catch block at 0xc3 in for 0xa1
03-01 23:57:21.462 14571 14571 E ArmVmp : Match on catch block at 0xc3 in for 0xa1
03-01 23:57:21.467 14571 14571 E ArmVmp : Match on catch block at 0xc3 in for 0xa5
03-01 23:57:21.471 14571 14571 E ArmVmp : Match on catch block at 0xc3 in for 0xa5
03-01 23:57:21.489 14571 14571 E ArmVmp : Match on catch block at 0xc3 in for 0xa9
03-01 23:57:21.492 14571 14571 E ArmVmp : Match on catch block at 0xc3 in for 0xa1
03-01 23:57:21.495 14571 14571 E ArmVmp : Match on catch block at 0xc3 in for 0xa1
03-01 23:57:21.506 14571 14571 E ArmVmp : Match on catch block at 0xc3 in for 0xa5
03-01 23:57:21.509 14571 14571 E ArmVmp : Match on catch block at 0xc3 in for 0xa9
03-01 23:57:21.511 14571 14571 E ArmVmp : Match on catch block at 0xc3 in for 0xa9
03-01 23:57:21.524 14571 14571 E ArmVmp : Match on catch block at 0xc3 in for 0xa1
03-01 23:57:21.527 14571 14571 E ArmVmp : Match on catch block at 0xc3 in for 0xa5
03-01 23:57:21.529 14571 14571 E ArmVmp : Match on catch block at 0xc3 in for 0xa5
03-01 23:57:21.539 14571 14571 E ArmVmp : Match on catch block at 0xc3 in for 0xa9
03-01 23:57:21.542 14571 14571 E ArmVmp : Match on catch block at 0xc3 in for 0xa1
03-01 23:57:21.556 14571 14571 E ArmVmp : Match on catch block at 0xc3 in for 0xa1
03-01 23:57:21.558 14571 14571 E ArmVmp : Match on catch block at 0xc3 in for 0xa5
03-01 23:57:21.561 14571 14571 E ArmVmp : Match on catch block at 0xc3 in for 0xa5
03-01 23:57:21.577 14571 14571 E ArmVmp : Match on catch block at 0xc3 in for 0xa9
03-01 23:57:21.580 14571 14571 E ArmVmp : Match on catch block at 0xc3 in for 0xa1
03-01 23:57:21.582 14571 14571 E ArmVmp : Match on catch block at 0xc3 in for 0xa1
03-01 23:57:21.589 14571 14571 E ArmVmp : Match on catch block at 0xc3 in for 0xa5
03-01 23:57:21.593 14571 14571 E ArmVmp : Match on catch block at 0xc3 in for 0xa9
03-01 23:57:21.597 14571 14571 E ArmVmp : Match on catch block at 0xc3 in for 0xa9
03-01 23:57:21.606 14571 14571 E ArmVmp : Match on catch block at 0xc3 in for 0xa1
03-01 23:57:21.608 14571 14571 E ArmVmp : Match on catch block at 0xc3 in for 0xa5
03-01 23:57:21.610 14571 14571 E ArmVmp : Match on catch block at 0xc3 in for 0xa5
03-01 23:57:21.622 14571 14571 E ArmVmp : Match on catch block at 0xc3 in for 0xa9
03-01 23:57:21.625 14571 14571 E ArmVmp : Match on catch block at 0xc3 in for 0xa1
03-01 23:57:21.627 14571 14571 E ArmVmp : Match on catch block at 0xc3 in for 0xa1
03-01 23:57:21.639 14571 14571 E ArmVmp : Match on catch block at 0xc3 in for 0xa5
03-01 23:57:21.641 14571 14571 E ArmVmp : Match on catch block at 0xc3 in for 0xa9
03-01 23:57:21.643 14571 14571 E ArmVmp : Match on catch block at 0xc3 in for 0xa9
03-01 23:57:21.655 14571 14571 E ArmVmp : Match on catch block at 0xc3 in for 0xa9
03-01 23:57:21.658 14571 14571 E ArmVmp : Match on catch block at 0xc3 in for 0xa1
03-01 23:57:21.660 14571 14571 E ArmVmp : Match on catch block at 0xc3 in for 0xa1
03-01 23:57:21.823 14571 14571 E ArmVmp : Match on catch block at 0xc3 in for 0xa9
03-01 23:57:21.827 14571 14571 E ArmVmp : Match on catch block at 0xc3 in for 0xa1
03-01 23:57:21.830 14571 14571 E ArmVmp : Match on catch block at 0xc3 in for 0xa1
03-01 23:57:21.989 14571 14571 E ArmVmp : Match on catch block at 0xc3 in for 0xa9
03-01 23:57:21.991 14571 14571 E ArmVmp : Match on catch block at 0xc3 in for 0xa1
03-01 23:57:21.995 14571 14571 E ArmVmp : Match on catch block at 0xc3 in for 0xa1
03-01 23:57:22.055 14571 14571 E ArmVmp : Match on catch block at 0xc3 in for 0xa9
03-01 23:57:22.058 14571 14571 E ArmVmp : Match on catch block at 0xc3 in for 0xa1
03-01 23:57:22.061 14571 14571 E ArmVmp : Match on catch block at 0xc3 in for 0xa1
03-01 23:57:22.189 14571 14571 E ArmVmp : Match on catch block at 0xc3 in for 0xa9
03-01 23:57:22.192 14571 14571 E ArmVmp : Match on catch block at 0xc3 in for 0xa1
03-01 23:57:22.195 14571 14571 E ArmVmp : Match on catch block at 0xc3 in for 0xa1
03-01 23:57:22.222 14571 14571 E ArmVmp : Match on catch block at 0xc3 in for 0xa5
03-01 23:57:22.224 14571 14571 E ArmVmp : Match on catch block at 0xc3 in for 0xa9
03-01 23:57:22.226 14571 14571 E ArmVmp : Match on catch block at 0xc3 in for 0xa9
03-01 23:57:22.238 14571 14571 E ArmVmp : Match on catch block at 0xc3 in for 0xa1
03-01 23:57:22.241 14571 14571 E ArmVmp : Match on catch block at 0xc3 in for 0xa5
03-01 23:57:22.242 14571 14571 E ArmVmp : Match on catch block at 0xc3 in for 0xa5
03-01 23:57:22.255 14571 14571 E ArmVmp : Match on catch block at 0xc3 in for 0xa9
03-01 23:57:22.257 14571 14571 E ArmVmp : Match on catch block at 0xc3 in for 0xa1
03-01 23:57:22.259 14571 14571 E ArmVmp : Match on catch block at 0xc3 in for 0xa1
03-01 23:57:22.272 14571 14571 E ArmVmp : Match on catch block at 0xc3 in for 0xa5
03-01 23:57:22.274 14571 14571 E ArmVmp : Match on catch block at 0xc3 in for 0xa9
03-01 23:57:22.276 14571 14571 E ArmVmp : Match on catch block at 0xc3 in for 0xa9
03-01 23:57:22.288 14571 14571 E ArmVmp : Match on catch block at 0xc3 in for 0xa1
03-01 23:57:22.291 14571 14571 E ArmVmp : Match on catch block at 0xc3 in for 0xa5
03-01 23:57:22.294 14571 14571 E ArmVmp : Match on catch block at 0xc3 in for 0xa5
03-01 23:57:22.305 14571 14571 E ArmVmp : Match on catch block at 0xc3 in for 0xa9
03-01 23:57:22.307 14571 14571 E ArmVmp : Match on catch block at 0xc3 in for 0xa1
03-01 23:57:22.310 14571 14571 E ArmVmp : Match on catch block at 0xc3 in for 0xa1
03-01 23:57:22.322 14571 14571 E ArmVmp : Match on catch block at 0xc3 in for 0xa5
03-01 23:57:22.324 14571 14571 E ArmVmp : Match on catch block at 0xc3 in for 0xa9
03-01 23:57:22.327 14571 14571 E ArmVmp : Match on catch block at 0xc3 in for 0xa9
03-01 23:57:22.338 14571 14571 E ArmVmp : Match on catch block at 0xc3 in for 0xa1
03-01 23:57:22.341 14571 14571 E ArmVmp : Match on catch block at 0xc3 in for 0xa5
03-01 23:57:22.344 14571 14571 E ArmVmp : Match on catch block at 0xc3 in for 0xa5
03-01 23:57:22.366 14571 14571 E ArmVmp : Match on catch block at 0xc3 in for 0xa5
03-01 23:57:22.368 14571 14571 E ArmVmp : Match on catch block at 0xc3 in for 0xa9
03-01 23:57:22.370 14571 14571 E ArmVmp : Match on catch block at 0xc3 in for 0xa9
03-01 23:57:22.389 14571 14571 E ArmVmp : Match on catch block at 0xc3 in for 0xa1
03-01 23:57:22.391 14571 14571 E ArmVmp : Match on catch block at 0xc3 in for 0xa5
03-01 23:57:22.393 14571 14571 E ArmVmp : Match on catch block at 0xc3 in for 0xa5
03-01 23:57:22.505 14571 14571 E ArmVmp : Match on catch block at 0xc3 in for 0xa5
03-01 23:57:22.507 14571 14571 E ArmVmp : Match on catch block at 0xc3 in for 0xa9
03-01 23:57:22.509 14571 14571 E ArmVmp : Match on catch block at 0xc3 in for 0xa9
03-01 23:57:22.527 14571 14571 E ArmVmp : Match on catch block at 0xc3 in for 0xa9
03-01 23:57:22.530 14571 14571 E ArmVmp : Match on catch block at 0xc3 in for 0xa1
03-01 23:57:22.532 14571 14571 E ArmVmp : Match on catch block at 0xc3 in for 0xa1
03-01 23:57:22.542 14571 14571 E ArmVmp : Match on catch block at 0xc3 in for 0xa1
03-01 23:57:22.545 14571 14571 E ArmVmp : Match on catch block at 0xc3 in for 0xa5
03-01 23:57:22.556 14571 14571 E ArmVmp : Match on catch block at 0xc3 in for 0xa1
03-01 23:57:22.559 14571 14571 E ArmVmp : Match on catch block at 0xc3 in for 0xa5
03-01 23:57:22.592 14571 14571 E ArmVmp : Match on catch block at 0xc3 in for 0xa9
03-01 23:57:22.595 14571 14571 E ArmVmp : Match on catch block at 0xc3 in for 0xa1
03-01 23:57:22.612 14571 14571 E ArmVmp : Match on catch block at 0xc3 in for 0xa1
03-01 23:57:22.614 14571 14571 E ArmVmp : Match on catch block at 0xc3 in for 0xa5
03-01 23:57:22.624 14571 14571 E ArmVmp : Match on catch block at 0xc3 in for 0xa9
03-01 23:57:22.628 14571 14571 E ArmVmp : Match on catch block at 0xc3 in for 0xa1
03-01 23:57:22.639 14571 14571 E ArmVmp : Match on catch block at 0xc3 in for 0xa9
03-01 23:57:22.641 14571 14571 E ArmVmp : Match on catch block at 0xc3 in for 0xa1
03-01 23:57:22.655 14571 14571 E ArmVmp : Match on catch block at 0xc3 in for 0xa9
03-01 23:57:22.658 14571 14571 E ArmVmp : Match on catch block at 0xc3 in for 0xa1
03-01 23:57:22.672 14571 14571 E ArmVmp : Match on catch block at 0xc3 in for 0xa5
03-01 23:57:22.674 14571 14571 E ArmVmp : Match on catch block at 0xc3 in for 0xa9
03-01 23:57:22.689 14571 14571 E ArmVmp : Match on catch block at 0xc3 in for 0xa5
03-01 23:57:22.692 14571 14571 E ArmVmp : Match on catch block at 0xc3 in for 0xa9
03-01 23:57:22.706 14571 14571 E ArmVmp : Match on catch block at 0xc3 in for 0xa5
03-01 23:57:22.708 14571 14571 E ArmVmp : Match on catch block at 0xc3 in for 0xa9
03-01 23:57:22.722 14571 14571 E ArmVmp : Match on catch block at 0xc3 in for 0xa5
03-01 23:57:22.724 14571 14571 E ArmVmp : Match on catch block at 0xc3 in for 0xa9
03-01 23:57:22.744 14571 14571 E ArmVmp : Match on catch block at 0xc3 in for 0xa1
03-01 23:57:22.747 14571 14571 E ArmVmp : Match on catch block at 0xc3 in for 0xa5
03-01 23:57:22.757 14571 14762 W MediaPlayer: Use of stream types is deprecated for
operations other than volume control
03-01 23:57:22.757 14571 14762 W MediaPlayer: See the documentation of
setAudioStreamType() for what to use instead with android.media.AudioAttributes to
qualify your playback use case
03-01 23:57:22.757 14571 14571 E ArmVmp : Match on catch block at 0xc3 in for 0xa1
03-01 23:57:22.760 14571 14571 E ArmVmp : Match on catch block at 0xc3 in for 0xa5
03-01 23:57:23.021 14571 14571 E ArmVmp : Match on catch block at 0xc3 in for 0xa5
03-01 23:57:23.024 14571 14571 E ArmVmp : Match on catch block at 0xc3 in for 0xa9
03-01 23:57:23.092 14571 14571 E ArmVmp : Match on catch block at 0xc3 in for 0xa1
03-01 23:57:23.095 14571 14571 E ArmVmp : Match on catch block at 0xc3 in for 0xa5
03-01 23:57:23.120 14571 14571 E ArmVmp : Match on catch block at 0xc3 in for 0xa9
03-01 23:57:23.124 14571 14571 E ArmVmp : Match on catch block at 0xc3 in for 0xa1
03-01 23:57:23.155 14571 14571 E ArmVmp : Match on catch block at 0xc3 in for 0xa1
03-01 23:57:23.162 14571 14571 E ArmVmp : Match on catch block at 0xc3 in for 0xa5
03-01 23:57:23.715 14571 14571 W BottomSheetBehavior: BottomSheetBehavior now
supports multiple callbacks. `setBottomSheetCallback()` removes all existing
callbacks, including ones set internally by library authors, which may result in
unintended behavior. This may change in the future. Please use
`addBottomSheetCallback()` and `removeBottomSheetCallback()` instead to set your
own callbacks.
03-01 23:57:24.138 14571 14571 E ArmVmp : Match on catch block at 0xc3 in for 0xa1
03-01 23:57:24.140 14571 14571 E ArmVmp : Match on catch block at 0xc3 in for 0xa5
03-01 23:57:24.149 14571 14571 W IInputConnectionWrapper: requestCursorAnchorInfo
on inactive InputConnection
03-01 23:57:24.166 14571 14571 E ArmVmp : Match on catch block at 0xc3 in for 0xa9
03-01 23:57:24.168 14571 14571 E ArmVmp : Match on catch block at 0xc3 in for 0xa1
03-01 23:57:24.246 14571 14571 E ArmVmp : Match on catch block at 0xc3 in for 0xa5
03-01 23:57:24.254 14571 14571 E ArmVmp : Match on catch block at 0xc3 in for 0xa9
03-01 23:57:24.343 14571 15512 W libOpenSLES: Conversion from OpenSL ES positional
channel mask 0x4 to Android mask 0 loses channels
03-01 23:57:24.958 14571 14586 W System : A resource failed to call close.
03-01 23:57:24.958 14571 14586 W System : A resource failed to call close.
03-01 23:59:31.006 14571 14586 W Parcel : release_object BINDER_TYPE_HANDLE
strongCount==2
03-01 23:59:31.007 14571 14586 W Parcel : release_object BINDER_TYPE_HANDLE
strongCount==2
03-02 00:03:23.596 14571 14571 E ArmVmp : Match on catch block at 0x0a in for 0xc5
03-02 00:03:23.601 14571 14571 E ArmVmp : Match on catch block at 0x0a in for 0xc1
03-02 00:03:23.696 14571 14571 E ArmVmp : Match on catch block at 0xc3 in for 0xa9
03-02 00:03:23.700 14571 14571 E ArmVmp : Match on catch block at 0xc3 in for 0xa1
03-02 00:03:23.705 14571 14571 E ArmVmp : Match on catch block at 0xc3 in for 0xa1
03-02 00:03:23.773 14571 14586 W System : A resource failed to call release.
03-02 00:03:23.773 14571 14586 W System : A resource failed to call release.
03-02 00:03:23.903 14571 14571 E ArmVmp : Match on catch block at 0xc3 in for 0xa9
03-02 00:03:23.906 14571 14571 E ArmVmp : Match on catch block at 0xc3 in for 0xa1
03-02 00:03:23.909 14571 14571 E ArmVmp : Match on catch block at 0xc3 in for 0xa1
03-02 00:03:23.970 14571 14571 E ArmVmp : Match on catch block at 0xc3 in for 0xa5
03-02 00:03:23.974 14571 14571 E ArmVmp : Match on catch block at 0xc3 in for 0xa9
03-02 00:03:23.977 14571 14571 E ArmVmp : Match on catch block at 0xc3 in for 0xa9
03-02 00:03:24.437 14571 14571 E ArmVmp : Match on catch block at 0xc3 in for 0xa1
03-02 00:03:24.440 14571 14571 E ArmVmp : Match on catch block at 0xc3 in for 0xa5
03-02 00:03:24.441 14571 14571 E ArmVmp : Match on catch block at 0xc3 in for 0xa5
03-02 00:03:24.454 14571 14571 E ArmVmp : Match on catch block at 0xc3 in for 0xa9
03-02 00:03:24.456 14571 14571 E ArmVmp : Match on catch block at 0xc3 in for 0xa1
03-02 00:03:24.458 14571 14571 E ArmVmp : Match on catch block at 0xc3 in for 0xa1
03-02 00:03:24.471 14571 14571 E ArmVmp : Match on catch block at 0xc3 in for 0xa9
03-02 00:03:24.473 14571 14571 E ArmVmp : Match on catch block at 0xc3 in for 0xa1
03-02 00:03:24.475 14571 14571 E ArmVmp : Match on catch block at 0xc3 in for 0xa1
03-02 00:03:24.489 14571 14571 E ArmVmp : Match on catch block at 0xc3 in for 0xa9
03-02 00:03:24.491 14571 14571 E ArmVmp : Match on catch block at 0xc3 in for 0xa1
03-02 00:03:24.493 14571 14571 E ArmVmp : Match on catch block at 0xc3 in for 0xa1
03-02 00:03:24.504 14571 14571 E ArmVmp : Match on catch block at 0xc3 in for 0xa9
03-02 00:03:24.506 14571 14571 E ArmVmp : Match on catch block at 0xc3 in for 0xa1
03-02 00:03:24.509 14571 14571 E ArmVmp : Match on catch block at 0xc3 in for 0xa1
03-02 00:03:24.521 14571 14571 E ArmVmp : Match on catch block at 0xc3 in for 0xa9
03-02 00:03:24.523 14571 14571 E ArmVmp : Match on catch block at 0xc3 in for 0xa1
03-02 00:03:24.525 14571 14571 E ArmVmp : Match on catch block at 0xc3 in for 0xa1
03-02 00:03:24.544 14571 14571 E ArmVmp : Match on catch block at 0xc3 in for 0xa9
03-02 00:03:24.547 14571 14571 E ArmVmp : Match on catch block at 0xc3 in for 0xa1
03-02 00:03:24.550 14571 14571 E ArmVmp : Match on catch block at 0xc3 in for 0xa1
03-02 00:03:24.557 14571 14571 E ArmVmp : Match on catch block at 0xc3 in for 0xa5
03-02 00:03:24.559 14571 14571 E ArmVmp : Match on catch block at 0xc3 in for 0xa9
03-02 00:03:24.562 14571 14571 E ArmVmp : Match on catch block at 0xc3 in for 0xa9
03-02 00:03:24.572 14571 14571 E ArmVmp : Match on catch block at 0xc3 in for 0xa1
03-02 00:03:24.574 14571 14571 E ArmVmp : Match on catch block at 0xc3 in for 0xa5
03-02 00:03:24.576 14571 14571 E ArmVmp : Match on catch block at 0xc3 in for 0xa5
03-02 00:03:24.587 14571 14571 E ArmVmp : Match on catch block at 0xc3 in for 0xa9
03-02 00:03:24.590 14571 14571 E ArmVmp : Match on catch block at 0xc3 in for 0xa1
03-02 00:03:24.592 14571 14571 E ArmVmp : Match on catch block at 0xc3 in for 0xa1
03-02 00:03:24.612 14571 14571 E ArmVmp : Match on catch block at 0xc3 in for 0xa9
03-02 00:03:24.614 14571 14571 E ArmVmp : Match on catch block at 0xc3 in for 0xa1
03-02 00:03:24.616 14571 14571 E ArmVmp : Match on catch block at 0xc3 in for 0xa1
03-02 00:03:24.623 14571 14571 E ArmVmp : Match on catch block at 0xc3 in for 0xa5
03-02 00:03:24.626 14571 14571 E ArmVmp : Match on catch block at 0xc3 in for 0xa9
03-02 00:03:24.628 14571 14571 E ArmVmp : Match on catch block at 0xc3 in for 0xa9
03-02 00:03:24.637 14571 14571 E ArmVmp : Match on catch block at 0xc3 in for 0xa1
03-02 00:03:24.640 14571 14571 E ArmVmp : Match on catch block at 0xc3 in for 0xa5
03-02 00:03:24.641 14571 14571 E ArmVmp : Match on catch block at 0xc3 in for 0xa5
03-02 00:03:24.654 14571 14571 E ArmVmp : Match on catch block at 0xc3 in for 0xa9
03-02 00:03:24.656 14571 14571 E ArmVmp : Match on catch block at 0xc3 in for 0xa1
03-02 00:03:24.658 14571 14571 E ArmVmp : Match on catch block at 0xc3 in for 0xa1
03-02 00:03:24.670 14571 14571 E ArmVmp : Match on catch block at 0xc3 in for 0xa5
03-02 00:03:24.672 14571 14571 E ArmVmp : Match on catch block at 0xc3 in for 0xa9
03-02 00:03:24.674 14571 14571 E ArmVmp : Match on catch block at 0xc3 in for 0xa9
03-02 00:03:24.687 14571 14571 E ArmVmp : Match on catch block at 0xc3 in for 0xa1
03-02 00:03:24.689 14571 14571 E ArmVmp : Match on catch block at 0xc3 in for 0xa5
03-02 00:03:24.691 14571 14571 E ArmVmp : Match on catch block at 0xc3 in for 0xa5
03-02 00:03:24.704 14571 14571 E ArmVmp : Match on catch block at 0xc3 in for 0xa9
03-02 00:03:24.706 14571 14571 E ArmVmp : Match on catch block at 0xc3 in for 0xa1
03-02 00:03:24.708 14571 14571 E ArmVmp : Match on catch block at 0xc3 in for 0xa1
03-02 00:03:24.720 14571 14571 E ArmVmp : Match on catch block at 0xc3 in for 0xa5
03-02 00:03:24.722 14571 14571 E ArmVmp : Match on catch block at 0xc3 in for 0xa9
03-02 00:03:24.725 14571 14571 E ArmVmp : Match on catch block at 0xc3 in for 0xa9
03-02 00:03:24.737 14571 14571 E ArmVmp : Match on catch block at 0xc3 in for 0xa1
03-02 00:03:24.739 14571 14571 E ArmVmp : Match on catch block at 0xc3 in for 0xa5
03-02 00:03:24.741 14571 14571 E ArmVmp : Match on catch block at 0xc3 in for 0xa5
03-02 00:03:24.754 14571 14571 E ArmVmp : Match on catch block at 0xc3 in for 0xa9
03-02 00:03:24.756 14571 14571 E ArmVmp : Match on catch block at 0xc3 in for 0xa1
03-02 00:03:24.758 14571 14571 E ArmVmp : Match on catch block at 0xc3 in for 0xa1
03-02 00:03:24.770 14571 14571 E ArmVmp : Match on catch block at 0xc3 in for 0xa5
03-02 00:03:24.772 14571 14571 E ArmVmp : Match on catch block at 0xc3 in for 0xa9
03-02 00:03:24.774 14571 14571 E ArmVmp : Match on catch block at 0xc3 in for 0xa9
03-02 00:03:24.937 14571 14571 E ArmVmp : Match on catch block at 0xc3 in for 0xa1
03-02 00:03:24.940 14571 14571 E ArmVmp : Match on catch block at 0xc3 in for 0xa5
03-02 00:03:24.942 14571 14571 E ArmVmp : Match on catch block at 0xc3 in for 0xa5
03-02 00:03:25.293 14571 14571 E ArmVmp : Match on catch block at 0xc3 in for 0xa1
03-02 00:03:25.295 14571 14571 E ArmVmp : Match on catch block at 0xc3 in for 0xa5
03-02 00:03:25.297 14571 14571 E ArmVmp : Match on catch block at 0xc3 in for 0xa5
03-02 00:03:25.304 14571 14571 E ArmVmp : Match on catch block at 0xc3 in for 0xa9
03-02 00:03:25.306 14571 14571 E ArmVmp : Match on catch block at 0xc3 in for 0xa1
03-02 00:03:25.308 14571 14571 E ArmVmp : Match on catch block at 0xc3 in for 0xa1
03-02 00:03:25.437 14571 14571 E ArmVmp : Match on catch block at 0xc3 in for 0xa5
03-02 00:03:25.440 14571 14571 E ArmVmp : Match on catch block at 0xc3 in for 0xa9
03-02 00:03:25.442 14571 14571 E ArmVmp : Match on catch block at 0xc3 in for 0xa9
03-02 00:03:25.875 14571 14571 E ArmVmp : Match on catch block at 0xc3 in for 0xa1
03-02 00:03:25.878 14571 14571 E ArmVmp : Match on catch block at 0xc3 in for 0xa5
03-02 00:03:25.881 14571 14571 E ArmVmp : Match on catch block at 0xc3 in for 0xa5
03-02 00:03:25.889 14571 14571 E ArmVmp : Match on catch block at 0xc3 in for 0xa9
03-02 00:03:25.893 14571 14571 E ArmVmp : Match on catch block at 0xc3 in for 0xa1
03-02 00:03:25.895 14571 14571 E ArmVmp : Match on catch block at 0xc3 in for 0xa1
03-02 00:03:25.954 14571 14571 E ArmVmp : Match on catch block at 0xc3 in for 0xa5
03-02 00:03:25.958 14571 14571 E ArmVmp : Match on catch block at 0xc3 in for 0xa9
03-02 00:03:25.962 14571 14571 E ArmVmp : Match on catch block at 0xc3 in for 0xa9
03-02 00:03:26.013 14571 14571 E ArmVmp : Match on catch block at 0xc3 in for 0xa5
03-02 00:03:26.015 14571 14571 E ArmVmp : Match on catch block at 0xc3 in for 0xa9
03-02 00:03:26.018 14571 14571 E ArmVmp : Match on catch block at 0xc3 in for 0xa9
03-02 00:03:26.025 14571 14571 E ArmVmp : Match on catch block at 0xc3 in for 0xa1
03-02 00:03:26.028 14571 14571 E ArmVmp : Match on catch block at 0xc3 in for 0xa5
03-02 00:03:26.030 14571 14571 E ArmVmp : Match on catch block at 0xc3 in for 0xa5
03-02 00:03:26.437 14571 14571 E ArmVmp : Match on catch block at 0xc3 in for 0xa9
03-02 00:03:26.441 14571 14571 E ArmVmp : Match on catch block at 0xc3 in for 0xa1
03-02 00:03:26.445 14571 14571 E ArmVmp : Match on catch block at 0xc3 in for 0xa1
03-02 00:03:26.897 14571 14571 E ArmVmp : Match on catch block at 0xc3 in for 0xa5
03-02 00:03:26.900 14571 14571 E ArmVmp : Match on catch block at 0xc3 in for 0xa9
03-02 00:03:26.903 14571 14571 E ArmVmp : Match on catch block at 0xc3 in for 0xa9
03-02 00:03:26.910 14571 14571 E ArmVmp : Match on catch block at 0xc3 in for 0xa1
03-02 00:03:26.913 14571 14571 E ArmVmp : Match on catch block at 0xc3 in for 0xa5
03-02 00:03:26.916 14571 14571 E ArmVmp : Match on catch block at 0xc3 in for 0xa5
03-02 00:03:26.937 14571 14571 E ArmVmp : Match on catch block at 0xc3 in for 0xa9
03-02 00:03:26.940 14571 14571 E ArmVmp : Match on catch block at 0xc3 in for 0xa1
03-02 00:03:26.943 14571 14571 E ArmVmp : Match on catch block at 0xc3 in for 0xa1
03-02 00:03:27.436 14571 14571 E ArmVmp : Match on catch block at 0xc3 in for 0xa5
03-02 00:03:27.441 14571 14571 E ArmVmp : Match on catch block at 0xc3 in for 0xa9
03-02 00:03:27.443 14571 14571 E ArmVmp : Match on catch block at 0xc3 in for 0xa9
03-02 00:03:27.936 14571 14571 E ArmVmp : Match on catch block at 0xc3 in for 0xa1
03-02 00:03:27.939 14571 14571 E ArmVmp : Match on catch block at 0xc3 in for 0xa5
03-02 00:03:27.942 14571 14571 E ArmVmp : Match on catch block at 0xc3 in for 0xa5
03-02 00:03:28.452 14571 14571 E ArmVmp : Match on catch block at 0xc3 in for 0xa9
03-02 00:03:28.455 14571 14571 E ArmVmp : Match on catch block at 0xc3 in for 0xa1
03-02 00:03:28.458 14571 14571 E ArmVmp : Match on catch block at 0xc3 in for 0xa1
03-02 00:03:28.501 14571 14571 E ArmVmp : Match on catch block at 0xc3 in for 0xa5
03-02 00:03:28.504 14571 14571 E ArmVmp : Match on catch block at 0xc3 in for 0xa9
03-02 00:03:28.506 14571 14571 E ArmVmp : Match on catch block at 0xc3 in for 0xa9
03-02 00:03:28.519 14571 14571 E ArmVmp : Match on catch block at 0xc3 in for 0xa1
03-02 00:03:28.522 14571 14571 E ArmVmp : Match on catch block at 0xc3 in for 0xa5
03-02 00:03:28.525 14571 14571 E ArmVmp : Match on catch block at 0xc3 in for 0xa5
03-02 00:03:28.535 14571 14571 E ArmVmp : Match on catch block at 0xc3 in for 0xa9
03-02 00:03:28.539 14571 14571 E ArmVmp : Match on catch block at 0xc3 in for 0xa1
03-02 00:03:28.542 14571 14571 E ArmVmp : Match on catch block at 0xc3 in for 0xa1
03-02 00:03:28.552 14571 14571 E ArmVmp : Match on catch block at 0xc3 in for 0xa5
03-02 00:03:28.556 14571 14571 E ArmVmp : Match on catch block at 0xc3 in for 0xa9
03-02 00:03:28.559 14571 14571 E ArmVmp : Match on catch block at 0xc3 in for 0xa9
03-02 00:03:28.569 14571 14571 E ArmVmp : Match on catch block at 0xc3 in for 0xa1
03-02 00:03:28.572 14571 14571 E ArmVmp : Match on catch block at 0xc3 in for 0xa5
03-02 00:03:28.574 14571 14571 E ArmVmp : Match on catch block at 0xc3 in for 0xa5
03-02 00:03:28.585 14571 14571 E ArmVmp : Match on catch block at 0xc3 in for 0xa9
03-02 00:03:28.589 14571 14571 E ArmVmp : Match on catch block at 0xc3 in for 0xa1
03-02 00:03:28.592 14571 14571 E ArmVmp : Match on catch block at 0xc3 in for 0xa1
03-02 00:03:28.602 14571 14571 E ArmVmp : Match on catch block at 0xc3 in for 0xa5
03-02 00:03:28.605 14571 14571 E ArmVmp : Match on catch block at 0xc3 in for 0xa9
03-02 00:03:28.608 14571 14571 E ArmVmp : Match on catch block at 0xc3 in for 0xa9
03-02 00:03:28.618 14571 14571 E ArmVmp : Match on catch block at 0xc3 in for 0xa1
03-02 00:03:28.622 14571 14571 E ArmVmp : Match on catch block at 0xc3 in for 0xa5
03-02 00:03:28.624 14571 14571 E ArmVmp : Match on catch block at 0xc3 in for 0xa5
03-02 00:03:28.635 14571 14571 E ArmVmp : Match on catch block at 0xc3 in for 0xa9
03-02 00:03:28.638 14571 14571 E ArmVmp : Match on catch block at 0xc3 in for 0xa1
03-02 00:03:28.641 14571 14571 E ArmVmp : Match on catch block at 0xc3 in for 0xa1
03-02 00:03:28.652 14571 14571 E ArmVmp : Match on catch block at 0xc3 in for 0xa5
03-02 00:03:28.655 14571 14571 E ArmVmp : Match on catch block at 0xc3 in for 0xa9
03-02 00:03:28.658 14571 14571 E ArmVmp : Match on catch block at 0xc3 in for 0xa9
03-02 00:03:28.669 14571 14571 E ArmVmp : Match on catch block at 0xc3 in for 0xa1
03-02 00:03:28.673 14571 14571 E ArmVmp : Match on catch block at 0xc3 in for 0xa5
03-02 00:03:28.676 14571 14571 E ArmVmp : Match on catch block at 0xc3 in for 0xa5
03-02 00:03:28.685 14571 14571 E ArmVmp : Match on catch block at 0xc3 in for 0xa9
03-02 00:03:28.688 14571 14571 E ArmVmp : Match on catch block at 0xc3 in for 0xa1
03-02 00:03:28.691 14571 14571 E ArmVmp : Match on catch block at 0xc3 in for 0xa1
03-02 00:03:28.702 14571 14571 E ArmVmp : Match on catch block at 0xc3 in for 0xa5
03-02 00:03:28.705 14571 14571 E ArmVmp : Match on catch block at 0xc3 in for 0xa9
03-02 00:03:28.708 14571 14571 E ArmVmp : Match on catch block at 0xc3 in for 0xa9
03-02 00:03:28.720 14571 14571 E ArmVmp : Match on catch block at 0xc3 in for 0xa1
03-02 00:03:28.723 14571 14571 E ArmVmp : Match on catch block at 0xc3 in for 0xa5
03-02 00:03:28.726 14571 14571 E ArmVmp : Match on catch block at 0xc3 in for 0xa5
03-02 00:03:28.736 14571 14571 E ArmVmp : Match on catch block at 0xc3 in for 0xa9
03-02 00:03:28.740 14571 14571 E ArmVmp : Match on catch block at 0xc3 in for 0xa1
03-02 00:03:28.743 14571 14571 E ArmVmp : Match on catch block at 0xc3 in for 0xa1
03-02 00:03:28.752 14571 14571 E ArmVmp : Match on catch block at 0xc3 in for 0xa5
03-02 00:03:28.755 14571 14571 E ArmVmp : Match on catch block at 0xc3 in for 0xa9
03-02 00:03:28.759 14571 14571 E ArmVmp : Match on catch block at 0xc3 in for 0xa9
03-02 00:03:28.952 14571 14571 E ArmVmp : Match on catch block at 0xc3 in for 0xa1
03-02 00:03:28.955 14571 14571 E ArmVmp : Match on catch block at 0xc3 in for 0xa5
03-02 00:03:28.959 14571 14571 E ArmVmp : Match on catch block at 0xc3 in for 0xa5
03-02 00:03:29.336 14571 14571 E ArmVmp : Match on catch block at 0xc3 in for 0xa5
03-02 00:03:29.339 14571 14571 E ArmVmp : Match on catch block at 0xc3 in for 0xa9
03-02 00:03:29.354 14571 14571 E ArmVmp : Match on catch block at 0xc3 in for 0xa9
03-02 00:03:29.356 14571 14571 E ArmVmp : Match on catch block at 0xc3 in for 0xa1
03-02 00:03:29.358 14571 14571 E ArmVmp : Match on catch block at 0xc3 in for 0xa1
03-02 00:03:29.367 14571 14571 E ArmVmp : Match on catch block at 0xc3 in for 0xa5
03-02 00:03:29.369 14571 14571 E ArmVmp : Match on catch block at 0xc3 in for 0xa9
03-02 00:03:29.371 14571 14571 E ArmVmp : Match on catch block at 0xc3 in for 0xa9
03-02 00:03:29.384 14571 14571 E ArmVmp : Match on catch block at 0xc3 in for 0xa1
03-02 00:03:29.386 14571 14571 E ArmVmp : Match on catch block at 0xc3 in for 0xa5
03-02 00:03:29.388 14571 14571 E ArmVmp : Match on catch block at 0xc3 in for 0xa5
03-02 00:03:29.400 14571 14571 E ArmVmp : Match on catch block at 0xc3 in for 0xa9
03-02 00:03:29.402 14571 14571 E ArmVmp : Match on catch block at 0xc3 in for 0xa1
03-02 00:03:29.404 14571 14571 E ArmVmp : Match on catch block at 0xc3 in for 0xa1
03-02 00:03:29.417 14571 14571 E ArmVmp : Match on catch block at 0xc3 in for 0xa9
03-02 00:03:29.419 14571 14571 E ArmVmp : Match on catch block at 0xc3 in for 0xa1
03-02 00:03:29.421 14571 14571 E ArmVmp : Match on catch block at 0xc3 in for 0xa1
03-02 00:03:29.434 14571 14571 E ArmVmp : Match on catch block at 0xc3 in for 0xa9
03-02 00:03:29.436 14571 14571 E ArmVmp : Match on catch block at 0xc3 in for 0xa1
03-02 00:03:29.439 14571 14571 E ArmVmp : Match on catch block at 0xc3 in for 0xa1
03-02 00:03:29.452 14571 14571 E ArmVmp : Match on catch block at 0xc3 in for 0xa1
03-02 00:03:29.454 14571 14571 E ArmVmp : Match on catch block at 0xc3 in for 0xa5
03-02 00:03:29.456 14571 14571 E ArmVmp : Match on catch block at 0xc3 in for 0xa5
03-02 00:03:29.469 14571 14571 E ArmVmp : Match on catch block at 0xc3 in for 0xa9
03-02 00:03:29.473 14571 14571 E ArmVmp : Match on catch block at 0xc3 in for 0xa1
03-02 00:03:29.476 14571 14571 E ArmVmp : Match on catch block at 0xc3 in for 0xa1
03-02 00:03:29.484 14571 14571 E ArmVmp : Match on catch block at 0xc3 in for 0xa5
03-02 00:03:29.487 14571 14571 E ArmVmp : Match on catch block at 0xc3 in for 0xa9
03-02 00:03:29.490 14571 14571 E ArmVmp : Match on catch block at 0xc3 in for 0xa9
03-02 00:03:29.500 14571 14571 E ArmVmp : Match on catch block at 0xc3 in for 0xa1
03-02 00:03:29.503 14571 14571 E ArmVmp : Match on catch block at 0xc3 in for 0xa5
03-02 00:03:29.506 14571 14571 E ArmVmp : Match on catch block at 0xc3 in for 0xa5
03-02 00:03:29.518 14571 14571 E ArmVmp : Match on catch block at 0xc3 in for 0xa9
03-02 00:03:29.520 14571 14571 E ArmVmp : Match on catch block at 0xc3 in for 0xa1
03-02 00:03:29.522 14571 14571 E ArmVmp : Match on catch block at 0xc3 in for 0xa1
03-02 00:03:29.536 14571 14571 E ArmVmp : Match on catch block at 0xc3 in for 0xa1
03-02 00:03:29.539 14571 14571 E ArmVmp : Match on catch block at 0xc3 in for 0xa5
03-02 00:03:29.542 14571 14571 E ArmVmp : Match on catch block at 0xc3 in for 0xa5
03-02 00:03:29.650 14571 14571 E ArmVmp : Match on catch block at 0xc3 in for 0xa1
03-02 00:03:29.654 14571 14571 E ArmVmp : Match on catch block at 0xc3 in for 0xa5
03-02 00:03:29.656 14571 14571 E ArmVmp : Match on catch block at 0xc3 in for 0xa5
03-02 00:03:29.718 14571 14571 E ArmVmp : Match on catch block at 0xc3 in for 0xa1
03-02 00:03:29.722 14571 14571 E ArmVmp : Match on catch block at 0xc3 in for 0xa5
03-02 00:03:29.724 14571 14571 E ArmVmp : Match on catch block at 0xc3 in for 0xa5
03-02 00:03:29.934 14571 14571 E ArmVmp : Match on catch block at 0xc3 in for 0xa5
03-02 00:03:29.939 14571 14571 E ArmVmp : Match on catch block at 0xc3 in for 0xa9
03-02 00:03:29.945 14571 14571 E ArmVmp : Match on catch block at 0xc3 in for 0xa9
03-02 00:03:30.283 14571 14571 E ArmVmp : Match on catch block at 0xc3 in for 0xa9
03-02 00:03:30.287 14571 14571 E ArmVmp : Match on catch block at 0xc3 in for 0xa1
03-02 00:03:30.290 14571 14571 E ArmVmp : Match on catch block at 0xc3 in for 0xa1
03-02 00:03:30.400 14571 14571 E ArmVmp : Match on catch block at 0xc3 in for 0xa9
03-02 00:03:30.402 14571 14571 E ArmVmp : Match on catch block at 0xc3 in for 0xa1
03-02 00:03:30.405 14571 14571 E ArmVmp : Match on catch block at 0xc3 in for 0xa1
03-02 00:03:30.483 14571 14571 E ArmVmp : Match on catch block at 0xc3 in for 0xa9
03-02 00:03:30.485 14571 14571 E ArmVmp : Match on catch block at 0xc3 in for 0xa1
03-02 00:03:30.487 14571 14571 E ArmVmp : Match on catch block at 0xc3 in for 0xa1
03-02 00:03:30.733 14571 14571 E ArmVmp : Match on catch block at 0xc3 in for 0xa5
03-02 00:03:30.735 14571 14571 E ArmVmp : Match on catch block at 0xc3 in for 0xa9
03-02 00:03:30.737 14571 14571 E ArmVmp : Match on catch block at 0xc3 in for 0xa9
03-02 00:03:30.750 14571 14571 E ArmVmp : Match on catch block at 0xc3 in for 0xa1
03-02 00:03:30.752 14571 14571 E ArmVmp : Match on catch block at 0xc3 in for 0xa5
03-02 00:03:30.754 14571 14571 E ArmVmp : Match on catch block at 0xc3 in for 0xa5
03-02 00:03:30.766 14571 14571 E ArmVmp : Match on catch block at 0xc3 in for 0xa9
03-02 00:03:30.768 14571 14571 E ArmVmp : Match on catch block at 0xc3 in for 0xa1
03-02 00:03:30.770 14571 14571 E ArmVmp : Match on catch block at 0xc3 in for 0xa1
03-02 00:03:30.783 14571 14571 E ArmVmp : Match on catch block at 0xc3 in for 0xa5
03-02 00:03:30.785 14571 14571 E ArmVmp : Match on catch block at 0xc3 in for 0xa9
03-02 00:03:30.786 14571 14571 E ArmVmp : Match on catch block at 0xc3 in for 0xa9
03-02 00:03:30.800 14571 14571 E ArmVmp : Match on catch block at 0xc3 in for 0xa1
03-02 00:03:30.801 14571 14571 E ArmVmp : Match on catch block at 0xc3 in for 0xa5
03-02 00:03:30.803 14571 14571 E ArmVmp : Match on catch block at 0xc3 in for 0xa5
03-02 00:03:30.816 14571 14571 E ArmVmp : Match on catch block at 0xc3 in for 0xa9
03-02 00:03:30.818 14571 14571 E ArmVmp : Match on catch block at 0xc3 in for 0xa1
03-02 00:03:30.820 14571 14571 E ArmVmp : Match on catch block at 0xc3 in for 0xa1
03-02 00:03:30.833 14571 14571 E ArmVmp : Match on catch block at 0xc3 in for 0xa5
03-02 00:03:30.835 14571 14571 E ArmVmp : Match on catch block at 0xc3 in for 0xa9
03-02 00:03:30.836 14571 14571 E ArmVmp : Match on catch block at 0xc3 in for 0xa9
03-02 00:03:30.849 14571 14571 E ArmVmp : Match on catch block at 0xc3 in for 0xa1
03-02 00:03:30.851 14571 14571 E ArmVmp : Match on catch block at 0xc3 in for 0xa5
03-02 00:03:30.853 14571 14571 E ArmVmp : Match on catch block at 0xc3 in for 0xa5
03-02 00:03:30.866 14571 14571 E ArmVmp : Match on catch block at 0xc3 in for 0xa9
03-02 00:03:30.868 14571 14571 E ArmVmp : Match on catch block at 0xc3 in for 0xa1
03-02 00:03:30.870 14571 14571 E ArmVmp : Match on catch block at 0xc3 in for 0xa1
03-02 00:03:30.883 14571 14571 E ArmVmp : Match on catch block at 0xc3 in for 0xa5
03-02 00:03:30.885 14571 14571 E ArmVmp : Match on catch block at 0xc3 in for 0xa9
03-02 00:03:30.886 14571 14571 E ArmVmp : Match on catch block at 0xc3 in for 0xa9
03-02 00:03:30.899 14571 14571 E ArmVmp : Match on catch block at 0xc3 in for 0xa1
03-02 00:03:30.901 14571 14571 E ArmVmp : Match on catch block at 0xc3 in for 0xa5
03-02 00:03:30.903 14571 14571 E ArmVmp : Match on catch block at 0xc3 in for 0xa5
03-02 00:03:30.916 14571 14571 E ArmVmp : Match on catch block at 0xc3 in for 0xa9
03-02 00:03:30.918 14571 14571 E ArmVmp : Match on catch block at 0xc3 in for 0xa1
03-02 00:03:30.920 14571 14571 E ArmVmp : Match on catch block at 0xc3 in for 0xa1
03-02 00:03:30.933 14571 14571 E ArmVmp : Match on catch block at 0xc3 in for 0xa9
03-02 00:03:30.935 14571 14571 E ArmVmp : Match on catch block at 0xc3 in for 0xa1
03-02 00:03:30.937 14571 14571 E ArmVmp : Match on catch block at 0xc3 in for 0xa1
03-02 00:03:30.949 14571 14571 E ArmVmp : Match on catch block at 0xc3 in for 0xa5
03-02 00:03:30.951 14571 14571 E ArmVmp : Match on catch block at 0xc3 in for 0xa9
03-02 00:03:30.953 14571 14571 E ArmVmp : Match on catch block at 0xc3 in for 0xa9
03-02 00:03:30.966 14571 14571 E ArmVmp : Match on catch block at 0xc3 in for 0xa1
03-02 00:03:30.968 14571 14571 E ArmVmp : Match on catch block at 0xc3 in for 0xa5
03-02 00:03:30.970 14571 14571 E ArmVmp : Match on catch block at 0xc3 in for 0xa5
03-02 00:03:30.983 14571 14571 E ArmVmp : Match on catch block at 0xc3 in for 0xa9
03-02 00:03:30.985 14571 14571 E ArmVmp : Match on catch block at 0xc3 in for 0xa1
03-02 00:03:30.986 14571 14571 E ArmVmp : Match on catch block at 0xc3 in for 0xa1
03-02 00:03:30.999 14571 14571 E ArmVmp : Match on catch block at 0xc3 in for 0xa5
03-02 00:03:31.002 14571 14571 E ArmVmp : Match on catch block at 0xc3 in for 0xa9
03-02 00:03:31.004 14571 14571 E ArmVmp : Match on catch block at 0xc3 in for 0xa9
03-02 00:03:31.016 14571 14571 E ArmVmp : Match on catch block at 0xc3 in for 0xa1
03-02 00:03:31.018 14571 14571 E ArmVmp : Match on catch block at 0xc3 in for 0xa5
03-02 00:03:31.020 14571 14571 E ArmVmp : Match on catch block at 0xc3 in for 0xa5
03-02 00:03:31.033 14571 14571 E ArmVmp : Match on catch block at 0xc3 in for 0xa9
03-02 00:03:31.035 14571 14571 E ArmVmp : Match on catch block at 0xc3 in for 0xa1
03-02 00:03:31.037 14571 14571 E ArmVmp : Match on catch block at 0xc3 in for 0xa1
03-02 00:03:31.049 14571 14571 E ArmVmp : Match on catch block at 0xc3 in for 0xa5
03-02 00:03:31.051 14571 14571 E ArmVmp : Match on catch block at 0xc3 in for 0xa9
03-02 00:03:31.053 14571 14571 E ArmVmp : Match on catch block at 0xc3 in for 0xa9
03-02 00:03:31.066 14571 14571 E ArmVmp : Match on catch block at 0xc3 in for 0xa1
03-02 00:03:31.068 14571 14571 E ArmVmp : Match on catch block at 0xc3 in for 0xa5
03-02 00:03:31.070 14571 14571 E ArmVmp : Match on catch block at 0xc3 in for 0xa5
03-02 00:03:31.083 14571 14571 E ArmVmp : Match on catch block at 0xc3 in for 0xa9
03-02 00:03:31.085 14571 14571 E ArmVmp : Match on catch block at 0xc3 in for 0xa1
03-02 00:03:31.086 14571 14571 E ArmVmp : Match on catch block at 0xc3 in for 0xa1
03-02 00:03:31.099 14571 14571 E ArmVmp : Match on catch block at 0xc3 in for 0xa5
03-02 00:03:31.101 14571 14571 E ArmVmp : Match on catch block at 0xc3 in for 0xa9
03-02 00:03:31.103 14571 14571 E ArmVmp : Match on catch block at 0xc3 in for 0xa9
03-02 00:03:31.116 14571 14571 E ArmVmp : Match on catch block at 0xc3 in for 0xa1
03-02 00:03:31.118 14571 14571 E ArmVmp : Match on catch block at 0xc3 in for 0xa5
03-02 00:03:31.120 14571 14571 E ArmVmp : Match on catch block at 0xc3 in for 0xa5
03-02 00:03:31.132 14571 14571 E ArmVmp : Match on catch block at 0xc3 in for 0xa9
03-02 00:03:31.135 14571 14571 E ArmVmp : Match on catch block at 0xc3 in for 0xa1
03-02 00:03:31.136 14571 14571 E ArmVmp : Match on catch block at 0xc3 in for 0xa1
03-02 00:03:31.233 14571 14571 E ArmVmp : Match on catch block at 0xc3 in for 0xa5
03-02 00:03:31.236 14571 14571 E ArmVmp : Match on catch block at 0xc3 in for 0xa9
03-02 00:03:31.239 14571 14571 E ArmVmp : Match on catch block at 0xc3 in for 0xa9
03-02 00:03:31.466 14571 14571 E ArmVmp : Match on catch block at 0xc3 in for 0xa5
03-02 00:03:31.468 14571 14571 E ArmVmp : Match on catch block at 0xc3 in for 0xa9
03-02 00:03:31.470 14571 14571 E ArmVmp : Match on catch block at 0xc3 in for 0xa9
03-02 00:03:31.700 14571 14571 E ArmVmp : Match on catch block at 0xc3 in for 0xa9
03-02 00:03:31.704 14571 14571 E ArmVmp : Match on catch block at 0xc3 in for 0xa1
03-02 00:03:31.707 14571 14571 E ArmVmp : Match on catch block at 0xc3 in for 0xa1
03-02 00:03:31.849 14571 14571 E ArmVmp : Match on catch block at 0xc3 in for 0xa9
03-02 00:03:31.852 14571 14571 E ArmVmp : Match on catch block at 0xc3 in for 0xa1
03-02 00:03:31.855 14571 14571 E ArmVmp : Match on catch block at 0xc3 in for 0xa1
03-02 00:03:31.982 14571 14571 E ArmVmp : Match on catch block at 0xc3 in for 0xa9
03-02 00:03:31.984 14571 14571 E ArmVmp : Match on catch block at 0xc3 in for 0xa1
03-02 00:03:31.986 14571 14571 E ArmVmp : Match on catch block at 0xc3 in for 0xa1
03-02 00:03:32.167 14571 14571 E ArmVmp : Match on catch block at 0xc3 in for 0xa9
03-02 00:03:32.172 14571 14571 E ArmVmp : Match on catch block at 0xc3 in for 0xa1
03-02 00:03:32.176 14571 14571 E ArmVmp : Match on catch block at 0xc3 in for 0xa1
03-02 00:03:32.315 14571 14571 E ArmVmp : Match on catch block at 0xc3 in for 0xa9
03-02 00:03:32.317 14571 14571 E ArmVmp : Match on catch block at 0xc3 in for 0xa1
03-02 00:03:32.319 14571 14571 E ArmVmp : Match on catch block at 0xc3 in for 0xa1
03-02 00:03:32.565 14571 14571 E ArmVmp : Match on catch block at 0xc3 in for 0xa9
03-02 00:03:32.567 14571 14571 E ArmVmp : Match on catch block at 0xc3 in for 0xa1
03-02 00:03:32.569 14571 14571 E ArmVmp : Match on catch block at 0xc3 in for 0xa1
03-02 00:03:32.584 14571 14571 E ArmVmp : Match on catch block at 0xc3 in for 0xa1
03-02 00:03:32.586 14571 14571 E ArmVmp : Match on catch block at 0xc3 in for 0xa5
03-02 00:03:32.588 14571 14571 E ArmVmp : Match on catch block at 0xc3 in for 0xa5
03-02 00:03:32.609 14571 14571 E ArmVmp : Match on catch block at 0xc3 in for 0xa1
03-02 00:03:32.611 14571 14571 E ArmVmp : Match on catch block at 0xc3 in for 0xa5
03-02 00:03:32.641 14571 14571 E ArmVmp : Match on catch block at 0xc3 in for 0xa5
03-02 00:03:32.643 14571 14571 E ArmVmp : Match on catch block at 0xc3 in for 0xa9
03-02 00:03:32.654 14571 14571 E ArmVmp : Match on catch block at 0xc3 in for 0xa5
03-02 00:03:32.656 14571 14571 E ArmVmp : Match on catch block at 0xc3 in for 0xa9
03-02 00:03:32.665 14571 14571 E ArmVmp : Match on catch block at 0xc3 in for 0xa1
03-02 00:03:32.667 14571 14571 E ArmVmp : Match on catch block at 0xc3 in for 0xa5
03-02 00:03:32.681 14571 14571 E ArmVmp : Match on catch block at 0xc3 in for 0xa1
03-02 00:03:32.684 14571 14571 E ArmVmp : Match on catch block at 0xc3 in for 0xa5
03-02 00:03:32.698 14571 14571 E ArmVmp : Match on catch block at 0xc3 in for 0xa1
03-02 00:03:32.700 14571 14571 E ArmVmp : Match on catch block at 0xc3 in for 0xa5
03-02 00:03:32.715 14571 14571 E ArmVmp : Match on catch block at 0xc3 in for 0xa1
03-02 00:03:32.717 14571 14571 E ArmVmp : Match on catch block at 0xc3 in for 0xa5
03-02 00:03:32.731 14571 14571 E ArmVmp : Match on catch block at 0xc3 in for 0xa1
03-02 00:03:32.734 14571 14571 E ArmVmp : Match on catch block at 0xc3 in for 0xa5
03-02 00:03:32.748 14571 14571 E ArmVmp : Match on catch block at 0xc3 in for 0xa1
03-02 00:03:32.750 14571 14571 E ArmVmp : Match on catch block at 0xc3 in for 0xa5
03-02 00:03:32.765 14571 14571 E ArmVmp : Match on catch block at 0xc3 in for 0xa1
03-02 00:03:32.767 14571 14571 E ArmVmp : Match on catch block at 0xc3 in for 0xa5
03-02 00:03:32.781 14571 14571 E ArmVmp : Match on catch block at 0xc3 in for 0xa1
03-02 00:03:32.784 14571 14571 E ArmVmp : Match on catch block at 0xc3 in for 0xa5
03-02 00:03:32.866 14571 14571 E ArmVmp : Match on catch block at 0xc3 in for 0xa5
03-02 00:03:32.868 14571 14571 E ArmVmp : Match on catch block at 0xc3 in for 0xa9
03-02 00:03:32.873 14571 16519 W MediaPlayer: Use of stream types is deprecated for
operations other than volume control
03-02 00:03:32.873 14571 16519 W MediaPlayer: See the documentation of
setAudioStreamType() for what to use instead with android.media.AudioAttributes to
qualify your playback use case
03-02 00:03:32.883 14571 14571 E ArmVmp : Match on catch block at 0xc3 in for 0xa9
03-02 00:03:32.885 14571 14571 E ArmVmp : Match on catch block at 0xc3 in for 0xa1
03-02 00:03:33.081 14571 14571 E ArmVmp : Match on catch block at 0xc3 in for 0xa9
03-02 00:03:33.083 14571 14571 E ArmVmp : Match on catch block at 0xc3 in for 0xa1
03-02 00:03:33.402 14571 14571 E ArmVmp : Match on catch block at 0xc3 in for 0xa1
03-02 00:03:33.404 14571 14571 E ArmVmp : Match on catch block at 0xc3 in for 0xa5
03-02 00:03:33.418 14571 14571 E ArmVmp : Match on catch block at 0xc3 in for 0xa9
03-02 00:03:33.421 14571 14571 E ArmVmp : Match on catch block at 0xc3 in for 0xa1
03-02 00:03:33.432 14571 14571 E ArmVmp : Match on catch block at 0xc3 in for 0xa1
03-02 00:03:33.435 14571 14571 E ArmVmp : Match on catch block at 0xc3 in for 0xa5
03-02 00:03:33.582 14571 14571 E ArmVmp : Match on catch block at 0xc3 in for 0xa1
03-02 00:03:33.584 14571 14571 E ArmVmp : Match on catch block at 0xc3 in for 0xa5
03-02 00:03:34.085 14571 14571 E ArmVmp : Match on catch block at 0xc3 in for 0xa1
03-02 00:03:34.090 14571 14571 E ArmVmp : Match on catch block at 0xc3 in for 0xa5
03-02 00:03:34.222 14571 14571 E ArmVmp : Match on catch block at 0xc3 in for 0xa9
03-02 00:03:34.224 14571 14571 E ArmVmp : Match on catch block at 0xc3 in for 0xa1
03-02 00:03:34.232 14571 14571 E ArmVmp : Match on catch block at 0xc3 in for 0xa9
03-02 00:03:34.234 14571 14571 E ArmVmp : Match on catch block at 0xc3 in for 0xa1
03-02 00:03:34.349 14571 14571 E ArmVmp : Match on catch block at 0xc3 in for 0xa9
03-02 00:03:34.351 14571 14571 E ArmVmp : Match on catch block at 0xc3 in for 0xa1
03-02 00:03:34.365 14571 14571 E ArmVmp : Match on catch block at 0xc3 in for 0xa9
03-02 00:03:34.367 14571 14571 E ArmVmp : Match on catch block at 0xc3 in for 0xa1
03-02 00:03:34.401 14571 14571 E ArmVmp : Match on catch block at 0xc3 in for 0xa1
03-02 00:03:34.403 14571 14571 E ArmVmp : Match on catch block at 0xc3 in for 0xa5
03-02 00:03:34.630 14571 14571 E ArmVmp : Match on catch block at 0xc3 in for 0xa9
03-02 00:03:34.633 14571 14571 E ArmVmp : Match on catch block at 0xc3 in for 0xa1
03-02 00:03:34.929 14571 14571 E ArmVmp : Match on catch block at 0xc3 in for 0xa1
03-02 00:03:34.933 14571 14571 E ArmVmp : Match on catch block at 0xc3 in for 0xa5
03-02 00:03:35.862 14571 14571 E ArmVmp : Match on catch block at 0x0a in for 0xc5
03-02 00:03:35.865 14571 14571 E ArmVmp : Match on catch block at 0x0a in for 0xc1
03-02 00:03:36.079 14571 14571 E ArmVmp : Match on catch block at 0xc3 in for 0xb1
03-02 00:03:36.084 14571 14571 E ArmVmp : Match on catch block at 0xc3 in for 0xb1
03-02 00:03:36.087 14571 14571 E ArmVmp : Match on catch block at 0xc3 in for 0xb1
03-02 00:03:36.128 14571 14571 E ArmVmp : Match on catch block at 0xc3 in for 0xa9
03-02 00:03:36.131 14571 14571 E ArmVmp : Match on catch block at 0xc3 in for 0xa1
03-02 00:03:36.133 14571 14571 E ArmVmp : Match on catch block at 0xc3 in for 0xa1
03-02 00:03:36.155 14571 14571 E ArmVmp : Match on catch block at 0xc3 in for 0xa1
03-02 00:03:36.158 14571 14571 E ArmVmp : Match on catch block at 0xc3 in for 0xa5
03-02 00:03:36.160 14571 14571 E ArmVmp : Match on catch block at 0xc3 in for 0xa5
03-02 00:03:36.189 14571 14571 E ArmVmp : Match on catch block at 0xc3 in for 0xa5
03-02 00:03:36.192 14571 14571 E ArmVmp : Match on catch block at 0xc3 in for 0xa9
03-02 00:03:36.196 14571 14571 E ArmVmp : Match on catch block at 0xc3 in for 0xa9
03-02 00:03:36.678 14571 14571 E ArmVmp : Match on catch block at 0xc3 in for 0xa1
03-02 00:03:36.681 14571 14571 E ArmVmp : Match on catch block at 0xc3 in for 0xa5
03-02 00:03:36.683 14571 14571 E ArmVmp : Match on catch block at 0xc3 in for 0xa5
03-02 00:03:36.695 14571 14571 E ArmVmp : Match on catch block at 0xc3 in for 0xa9
03-02 00:03:36.698 14571 14571 E ArmVmp : Match on catch block at 0xc3 in for 0xa1
03-02 00:03:36.699 14571 14571 E ArmVmp : Match on catch block at 0xc3 in for 0xa1
