03-01 17:02:50.181 32665 32665 E ArmVmp : Match on catch block at 0xc3 in for 0xa1
03-01 17:02:50.184 32665 32665 E ArmVmp : Match on catch block at 0xc3 in for 0xa1
03-01 17:02:50.193 32665 32665 E ArmVmp : Match on catch block at 0xc3 in for 0xa5
03-01 17:02:50.198 32665 32665 E ArmVmp : Match on catch block at 0xc3 in for 0xa9
03-01 17:02:50.201 32665 32665 E ArmVmp : Match on catch block at 0xc3 in for 0xa9
03-01 17:02:50.209 32665 32665 E ArmVmp : Match on catch block at 0xc3 in for 0xa1
03-01 17:02:50.214 32665 32665 E ArmVmp : Match on catch block at 0xc3 in for 0xa5
03-01 17:02:50.217 32665 32665 E ArmVmp : Match on catch block at 0xc3 in for 0xa5
03-01 17:02:50.226 32665 32665 E ArmVmp : Match on catch block at 0xc3 in for 0xa9
03-01 17:02:50.231 32665 32665 E ArmVmp : Match on catch block at 0xc3 in for 0xa1
03-01 17:02:50.234 32665 32665 E ArmVmp : Match on catch block at 0xc3 in for 0xa1
03-01 17:02:50.243 32665 32665 E ArmVmp : Match on catch block at 0xc3 in for 0xa5
03-01 17:02:50.247 32665 32665 E ArmVmp : Match on catch block at 0xc3 in for 0xa9
03-01 17:02:50.251 32665 32665 E ArmVmp : Match on catch block at 0xc3 in for 0xa9
03-01 17:02:50.260 32665 32665 E ArmVmp : Match on catch block at 0xc3 in for 0xa1
03-01 17:02:50.264 32665 32665 E ArmVmp : Match on catch block at 0xc3 in for 0xa5
03-01 17:02:50.267 32665 32665 E ArmVmp : Match on catch block at 0xc3 in for 0xa5
03-01 17:02:50.277 32665 32665 E ArmVmp : Match on catch block at 0xc3 in for 0xa9
03-01 17:02:50.281 32665 32665 E ArmVmp : Match on catch block at 0xc3 in for 0xa1
03-01 17:02:50.284 32665 32665 E ArmVmp : Match on catch block at 0xc3 in for 0xa1
03-01 17:02:50.559 32665 32665 E ArmVmp : Match on catch block at 0xc3 in for 0xa5
03-01 17:02:50.564 32665 32665 E ArmVmp : Match on catch block at 0xc3 in for 0xa9
03-01 17:02:50.567 32665 32665 E ArmVmp : Match on catch block at 0xc3 in for 0xa9
03-01 17:02:51.076 32665 32665 E ArmVmp : Match on catch block at 0xc3 in for 0xa1
03-01 17:02:51.080 32665 32665 E ArmVmp : Match on catch block at 0xc3 in for 0xa5
03-01 17:02:51.084 32665 32665 E ArmVmp : Match on catch block at 0xc3 in for 0xa5
03-01 17:02:51.109 32665 32665 E ArmVmp : Match on catch block at 0xc3 in for 0xa9
03-01 17:02:51.115 32665 32665 E ArmVmp : Match on catch block at 0xc3 in for 0xa1
03-01 17:02:51.119 32665 32665 E ArmVmp : Match on catch block at 0xc3 in for 0xa1
03-01 17:02:51.127 32665 32665 E ArmVmp : Match on catch block at 0xc3 in for 0xa5
03-01 17:02:51.133 32665 32665 E ArmVmp : Match on catch block at 0xc3 in for 0xa9
03-01 17:02:51.136 32665 32665 E ArmVmp : Match on catch block at 0xc3 in for 0xa9
03-01 17:02:51.143 32665 32665 E ArmVmp : Match on catch block at 0xc3 in for 0xa1
03-01 17:02:51.149 32665 32665 E ArmVmp : Match on catch block at 0xc3 in for 0xa5
03-01 17:02:51.152 32665 32665 E ArmVmp : Match on catch block at 0xc3 in for 0xa5
03-01 17:02:51.160 32665 32665 E ArmVmp : Match on catch block at 0xc3 in for 0xa9
03-01 17:02:51.165 32665 32665 E ArmVmp : Match on catch block at 0xc3 in for 0xa1
03-01 17:02:51.168 32665 32665 E ArmVmp : Match on catch block at 0xc3 in for 0xa1
03-01 17:02:51.175 32665 32665 E ArmVmp : Match on catch block at 0xc3 in for 0xa5
03-01 17:02:51.181 32665 32665 E ArmVmp : Match on catch block at 0xc3 in for 0xa9
03-01 17:02:51.184 32665 32665 E ArmVmp : Match on catch block at 0xc3 in for 0xa9
03-01 17:02:51.192 32665 32665 E ArmVmp : Match on catch block at 0xc3 in for 0xa1
03-01 17:02:51.198 32665 32665 E ArmVmp : Match on catch block at 0xc3 in for 0xa5
03-01 17:02:51.201 32665 32665 E ArmVmp : Match on catch block at 0xc3 in for 0xa5
03-01 17:02:51.209 32665 32665 E ArmVmp : Match on catch block at 0xc3 in for 0xa9
03-01 17:02:51.214 32665 32665 E ArmVmp : Match on catch block at 0xc3 in for 0xa1
03-01 17:02:51.216 32665 32665 E ArmVmp : Match on catch block at 0xc3 in for 0xa1
03-01 17:02:51.226 32665 32665 E ArmVmp : Match on catch block at 0xc3 in for 0xa5
03-01 17:02:51.232 32665 32665 E ArmVmp : Match on catch block at 0xc3 in for 0xa9
03-01 17:02:51.234 32665 32665 E ArmVmp : Match on catch block at 0xc3 in for 0xa9
03-01 17:02:51.242 32665 32665 E ArmVmp : Match on catch block at 0xc3 in for 0xa1
03-01 17:02:51.247 32665 32665 E ArmVmp : Match on catch block at 0xc3 in for 0xa5
03-01 17:02:51.251 32665 32665 E ArmVmp : Match on catch block at 0xc3 in for 0xa5
03-01 17:02:51.258 32665 32665 E ArmVmp : Match on catch block at 0xc3 in for 0xa9
03-01 17:02:51.263 32665 32665 E ArmVmp : Match on catch block at 0xc3 in for 0xa1
03-01 17:02:51.266 32665 32665 E ArmVmp : Match on catch block at 0xc3 in for 0xa1
03-01 17:02:51.275 32665 32665 E ArmVmp : Match on catch block at 0xc3 in for 0xa5
03-01 17:02:51.280 32665 32665 E ArmVmp : Match on catch block at 0xc3 in for 0xa9
03-01 17:02:51.282 32665 32665 E ArmVmp : Match on catch block at 0xc3 in for 0xa9
03-01 17:02:51.293 32665 32665 E ArmVmp : Match on catch block at 0xc3 in for 0xa1
03-01 17:02:51.298 32665 32665 E ArmVmp : Match on catch block at 0xc3 in for 0xa5
03-01 17:02:51.301 32665 32665 E ArmVmp : Match on catch block at 0xc3 in for 0xa5
03-01 17:02:51.308 32665 32665 E ArmVmp : Match on catch block at 0xc3 in for 0xa9
03-01 17:02:51.314 32665 32665 E ArmVmp : Match on catch block at 0xc3 in for 0xa1
03-01 17:02:51.317 32665 32665 E ArmVmp : Match on catch block at 0xc3 in for 0xa1
03-01 17:02:51.325 32665 32665 E ArmVmp : Match on catch block at 0xc3 in for 0xa5
03-01 17:02:51.329 32665 32665 E ArmVmp : Match on catch block at 0xc3 in for 0xa9
03-01 17:02:51.332 32665 32665 E ArmVmp : Match on catch block at 0xc3 in for 0xa9
03-01 17:02:51.342 32665 32665 E ArmVmp : Match on catch block at 0xc3 in for 0xa1
03-01 17:02:51.346 32665 32665 E ArmVmp : Match on catch block at 0xc3 in for 0xa5
03-01 17:02:51.349 32665 32665 E ArmVmp : Match on catch block at 0xc3 in for 0xa5
03-01 17:02:51.358 32665 32665 E ArmVmp : Match on catch block at 0xc3 in for 0xa9
03-01 17:02:51.362 32665 32665 E ArmVmp : Match on catch block at 0xc3 in for 0xa1
03-01 17:02:51.365 32665 32665 E ArmVmp : Match on catch block at 0xc3 in for 0xa1
03-01 17:02:51.575 32665 32665 E ArmVmp : Match on catch block at 0xc3 in for 0xa5
03-01 17:02:51.580 32665 32665 E ArmVmp : Match on catch block at 0xc3 in for 0xa9
03-01 17:02:51.583 32665 32665 E ArmVmp : Match on catch block at 0xc3 in for 0xa9
03-01 17:02:52.075 32665 32665 E ArmVmp : Match on catch block at 0xc3 in for 0xa1
03-01 17:02:52.079 32665 32665 E ArmVmp : Match on catch block at 0xc3 in for 0xa5
03-01 17:02:52.082 32665 32665 E ArmVmp : Match on catch block at 0xc3 in for 0xa5
03-01 17:02:52.126 32665 32665 E ArmVmp : Match on catch block at 0xc3 in for 0xa5
03-01 17:02:52.130 32665 32665 E ArmVmp : Match on catch block at 0xc3 in for 0xa9
03-01 17:02:52.132 32665 32665 E ArmVmp : Match on catch block at 0xc3 in for 0xa9
03-01 17:02:52.140 32665 32665 E ArmVmp : Match on catch block at 0xc3 in for 0xa1
03-01 17:02:52.144 32665 32665 E ArmVmp : Match on catch block at 0xc3 in for 0xa5
03-01 17:02:52.145 32665 32665 E ArmVmp : Match on catch block at 0xc3 in for 0xa5
03-01 17:02:52.241 32665 32665 E ArmVmp : Match on catch block at 0xc3 in for 0xa9
03-01 17:02:52.244 32665 32665 E ArmVmp : Match on catch block at 0xc3 in for 0xa1
03-01 17:02:52.246 32665 32665 E ArmVmp : Match on catch block at 0xc3 in for 0xa1
03-01 17:02:52.330 32665 32665 E ArmVmp : Match on catch block at 0xc3 in for 0xa9
03-01 17:02:52.334 32665 32665 E ArmVmp : Match on catch block at 0xc3 in for 0xa1
03-01 17:02:52.337 32665 32665 E ArmVmp : Match on catch block at 0xc3 in for 0xa1
03-01 17:02:52.651 32665 32665 E ArmVmp : Match on catch block at 0xc3 in for 0xa9
03-01 17:02:52.654 32665 32665 E ArmVmp : Match on catch block at 0xc3 in for 0xa1
03-01 17:02:52.655 32665 32665 E ArmVmp : Match on catch block at 0xc3 in for 0xa1
03-01 17:05:31.438 32665 32719 E SQLiteDatabase: Error inserting transferred=1
media_job_uuid=3476735a-60b9-4026-a778-4338e984002f transcoded=0 gif_attribution=0
first_scan_length=6525 direct_path=/v/t62.7118-
24/32421992_911348063799121_7071153293528105138_n.enc?ccb=11-
4&oh=01_AdS8n50o0jPIDMzRsUolATsdFeQkXfAIX4SWUdapQipjyg&oe=6609AA3B&_nc_sid=5e03e0
thumbnail_height_width_ratio=0.75 is_animated_sticker=0
file_hash=m8gLr3o7x53xt4rNzfhRI98yiZjpNkgPOWX9/2txBDs=
file_path=Media/.Statuses/b0de0a5a976b4056b279ad42956ab1a1.jpg file_size=39902
partial_media_hash=xi9RsXbKUW+DcroAP5aCIBcqVyZInyUl4gg26MEU9Go= face_x=0 face_y=0
height=809 trim_to=0 media_key_timestamp=1709330722000
message_url=https://mmg.whatsapp.net/v/t62.7118-
24/32421992_911348063799121_7071153293528105138_n.enc?ccb=11-
4&oh=01_AdS8n50o0jPIDMzRsUolATsdFeQkXfAIX4SWUdapQipjyg&oe=6609AA3B&_nc_sid=5e03e0&m
ms3=true media_caption=null trim_from=0 mime_type=image/jpeg
partial_media_enc_hash=null width=1080 original_file_hash=null
has_streaming_sidecar=1 autotransfer_retry_enabled=1 media_upload_handle=null
message_row_id=390 multicast_id=null
enc_file_hash=rSf3yM6EPHnQNNzip14Vc6YyFU3jDmoyYGPQa4zSCRw= mute_video=0
page_count=0 first_scan_sidecar=[B@7d8d191 suspicious_content=0 file_length=39902
media_name=null media_duration=0 chat_row_id=206 media_key=[B@e5198f6
03-01 17:05:31.438 32665 32719 E SQLiteDatabase:
android.database.sqlite.SQLiteConstraintException: UNIQUE constraint failed:
message_media.message_row_id (code 1555 SQLITE_CONSTRAINT_PRIMARYKEY)
03-01 17:05:31.438 32665 32719 E SQLiteDatabase: at
android.database.sqlite.SQLiteConnection.nativeExecuteForLastInsertedRowId(Native
Method)
03-01 17:05:31.438 32665 32719 E SQLiteDatabase: at
android.database.sqlite.SQLiteConnection.executeForLastInsertedRowId(SQLiteConnecti
on.java:938)
03-01 17:05:31.438 32665 32719 E SQLiteDatabase: at
android.database.sqlite.SQLiteSession.executeForLastInsertedRowId(SQLiteSession.jav
a:790)
03-01 17:05:31.438 32665 32719 E SQLiteDatabase: at
android.database.sqlite.SQLiteStatement.executeInsert(SQLiteStatement.java:88)
03-01 17:05:31.438 32665 32719 E SQLiteDatabase: at
android.database.sqlite.SQLiteDatabase.insertWithOnConflict(SQLiteDatabase.java:172
0)
03-01 17:05:31.438 32665 32719 E SQLiteDatabase: at
android.database.sqlite.SQLiteDatabase.insert(SQLiteDatabase.java:1589)
03-01 17:05:31.438 32665 32719 E SQLiteDatabase: at X.2tm.A08(Unknown
Source:6)
03-01 17:05:31.438 32665 32719 E SQLiteDatabase: at X.35Y.A07(Unknown
Source:212)
03-01 17:05:31.438 32665 32719 E SQLiteDatabase: at X.3QF.A14(Unknown
Source:470)
03-01 17:05:31.438 32665 32719 E SQLiteDatabase: at X.3gU.run(Unknown
Source:982)
03-01 17:05:31.438 32665 32719 E SQLiteDatabase: at
android.os.Handler.handleCallback(Handler.java:938)
03-01 17:05:31.438 32665 32719 E SQLiteDatabase: at
android.os.Handler.dispatchMessage(Handler.java:99)
03-01 17:05:31.438 32665 32719 E SQLiteDatabase: at
X.0zq.dispatchMessage(Unknown Source:4)
03-01 17:05:31.438 32665 32719 E SQLiteDatabase: at
android.os.Looper.loop(Looper.java:268)
03-01 17:05:31.438 32665 32719 E SQLiteDatabase: at
android.os.HandlerThread.run(HandlerThread.java:67)
03-01 17:08:41.366 32665 32719 E SQLiteDatabase: Error inserting transferred=1
media_job_uuid=7daa8d8e-a3a5-49ed-8a62-9bbb1ad55cf6 transcoded=0 gif_attribution=0
first_scan_length=4803 direct_path=/o1/v/t62.7118-24/f1/m231/up-oil-image-77bb2b4c-
7c3b-4598-a4b7-9d580b0de40b?ccb=9-
4&oh=01_AdRDyviVxx7UdW0J3Xl1pTgMmJfXiM5L0CT27yyt4iMwMA&oe=6609D0F7&_nc_sid=000000&_
nc_hot=1709330843 thumbnail_height_width_ratio=2.1818182 is_animated_sticker=0
file_hash=/eXQynpOHGTA3sCmnAoeosElnDGj3nPDdy3NR4z9o0M=
file_path=Media/.Statuses/5a341c53a3ca4bce97d6350779ffd229.jpg file_size=43667
partial_media_hash=0uqGZRuMV6PhhXmmrdNn1uQEBKwYGle3RRPLrxO0aiI= face_x=0 face_y=0
height=1080 trim_to=0 media_key_timestamp=1709330729000
message_url=https://mmg.whatsapp.net/o1/v/t62.7118-24/f1/m231/up-oil-image-
77bb2b4c-7c3b-4598-a4b7-9d580b0de40b?ccb=9-
4&oh=01_AdRDyviVxx7UdW0J3Xl1pTgMmJfXiM5L0CT27yyt4iMwMA&oe=6609D0F7&_nc_sid=000000&m
ms3=true media_caption=null trim_from=0 mime_type=image/jpeg
partial_media_enc_hash=null width=498 original_file_hash=null
has_streaming_sidecar=1 autotransfer_retry_enabled=1 media_upload_handle=null
message_row_id=391 multicast_id=null
enc_file_hash=u3E6aqsIy2dNb6KbWZ5P9BnyUIR54ocjI7A/WAX5QlI= mute_video=0
page_count=0 first_scan_sidecar=[B@4d4a7eb suspicious_content=0 file_length=43667
media_name=null media_duration=0 chat_row_id=206 media_key=[B@4774948
03-01 17:08:41.366 32665 32719 E SQLiteDatabase:
android.database.sqlite.SQLiteConstraintException: UNIQUE constraint failed:
message_media.message_row_id (code 1555 SQLITE_CONSTRAINT_PRIMARYKEY)
03-01 17:08:41.366 32665 32719 E SQLiteDatabase: at
android.database.sqlite.SQLiteConnection.nativeExecuteForLastInsertedRowId(Native
Method)
03-01 17:08:41.366 32665 32719 E SQLiteDatabase: at
android.database.sqlite.SQLiteConnection.executeForLastInsertedRowId(SQLiteConnecti
on.java:938)
03-01 17:08:41.366 32665 32719 E SQLiteDatabase: at
android.database.sqlite.SQLiteSession.executeForLastInsertedRowId(SQLiteSession.jav
a:790)
03-01 17:08:41.366 32665 32719 E SQLiteDatabase: at
android.database.sqlite.SQLiteStatement.executeInsert(SQLiteStatement.java:88)
03-01 17:08:41.366 32665 32719 E SQLiteDatabase: at
android.database.sqlite.SQLiteDatabase.insertWithOnConflict(SQLiteDatabase.java:172
0)
03-01 17:08:41.366 32665 32719 E SQLiteDatabase: at
android.database.sqlite.SQLiteDatabase.insert(SQLiteDatabase.java:1589)
03-01 17:08:41.366 32665 32719 E SQLiteDatabase: at X.2tm.A08(Unknown
Source:6)
03-01 17:08:41.366 32665 32719 E SQLiteDatabase: at X.35Y.A07(Unknown
Source:212)
03-01 17:08:41.366 32665 32719 E SQLiteDatabase: at X.3QF.A14(Unknown
Source:470)
03-01 17:08:41.366 32665 32719 E SQLiteDatabase: at X.3gU.run(Unknown
Source:982)
03-01 17:08:41.366 32665 32719 E SQLiteDatabase: at
android.os.Handler.handleCallback(Handler.java:938)
03-01 17:08:41.366 32665 32719 E SQLiteDatabase: at
android.os.Handler.dispatchMessage(Handler.java:99)
03-01 17:08:41.366 32665 32719 E SQLiteDatabase: at
X.0zq.dispatchMessage(Unknown Source:4)
03-01 17:08:41.366 32665 32719 E SQLiteDatabase: at
android.os.Looper.loop(Looper.java:268)
03-01 17:08:41.366 32665 32719 E SQLiteDatabase: at
android.os.HandlerThread.run(HandlerThread.java:67)
03-01 17:10:47.407 32665 32665 E ArmVmp : Match on catch block at 0x0a in for 0xc1
03-01 17:10:47.410 32665 32665 E ArmVmp : Match on catch block at 0x0a in for 0xc9
03-01 17:10:47.592 32665 32665 W MessageThumbsTh: type=1400 audit(0.0:436659): avc:
denied { search } for name="ppm" dev="proc" ino=4026531935
scontext=u:r:untrusted_app:s0:c154,c258,c512,c768 tcontext=u:object_r:proc_ppm:s0
tclass=dir permissive=0 app=com.whatsapp
03-01 17:10:47.596 32665 32665 W MessageThumbsTh: type=1400 audit(0.0:436660): avc:
denied { search } for name="ppm" dev="proc" ino=4026531935
scontext=u:r:untrusted_app:s0:c154,c258,c512,c768 tcontext=u:object_r:proc_ppm:s0
tclass=dir permissive=0 app=com.whatsapp
03-01 17:10:47.632 32665 32665 E ArmVmp : Match on catch block at 0xc3 in for 0xb1
03-01 17:10:47.639 32665 32665 E ArmVmp : Match on catch block at 0xc3 in for 0xb1
03-01 17:10:47.718 32665 32665 E ArmVmp : Match on catch block at 0xc3 in for 0xa9
03-01 17:10:47.726 32665 32665 E ArmVmp : Match on catch block at 0xc3 in for 0xa1
03-01 17:10:47.793 32665 32665 E ArmVmp : Match on catch block at 0xc3 in for 0xa1
03-01 17:10:47.798 32665 32665 E ArmVmp : Match on catch block at 0xc3 in for 0xa5
03-01 17:10:47.821 32665 32665 E ArmVmp : Match on catch block at 0xc3 in for 0xa9
03-01 17:10:47.823 32665 32665 E ArmVmp : Match on catch block at 0xc3 in for 0xa1
03-01 17:10:47.850 32665 32665 E ArmVmp : Match on catch block at 0xc3 in for 0xa1
03-01 17:10:47.855 32665 32665 E ArmVmp : Match on catch block at 0xc3 in for 0xa5
03-01 17:10:47.886 32665 32665 E ArmVmp : Match on catch block at 0xc3 in for 0xa5
03-01 17:10:47.890 32665 32665 E ArmVmp : Match on catch block at 0xc3 in for 0xa9
03-01 17:10:48.585 32665 32665 E ArmVmp : Match on catch block at 0x0a in for 0xc9
03-01 17:10:48.588 32665 32665 E ArmVmp : Match on catch block at 0x0a in for 0xc5
03-01 17:10:48.833 32665 32665 E ArmVmp : Match on catch block at 0xc3 in for 0xb1
03-01 17:10:48.837 32665 32665 E ArmVmp : Match on catch block at 0xc3 in for 0xb1
03-01 17:10:48.893 32665 32665 E ArmVmp : Match on catch block at 0xc3 in for 0xa1
03-01 17:10:48.897 32665 32665 E ArmVmp : Match on catch block at 0xc3 in for 0xa5
03-01 17:10:48.925 32665 32665 E ArmVmp : Match on catch block at 0xc3 in for 0xa5
03-01 17:10:48.929 32665 32665 E ArmVmp : Match on catch block at 0xc3 in for 0xa9
03-01 17:10:48.958 32665 32665 E ArmVmp : Match on catch block at 0xc3 in for 0xa9
03-01 17:10:48.961 32665 32665 E ArmVmp : Match on catch block at 0xc3 in for 0xa1
03-01 17:10:49.375 32665 32665 W SoundPool: Use of stream types is deprecated for
operations other than volume control
03-01 17:10:49.376 32665 32665 W SoundPool: See the documentation of SoundPool()
for what to use instead with android.media.AudioAttributes to qualify your playback
use case
03-01 17:10:49.385 32665 32665 E ArmVmp : Match on catch block at 0xc3 in for 0xa9
03-01 17:10:49.388 32665 32665 E ArmVmp : Match on catch block at 0xc3 in for 0xa1
03-01 17:10:49.411 32665 32665 E ArmVmp : Match on catch block at 0xc3 in for 0xa1
03-01 17:10:49.415 32665 32665 E ArmVmp : Match on catch block at 0xc3 in for 0xa5
03-01 17:10:49.428 32665 32665 E ArmVmp : Match on catch block at 0xc3 in for 0xa5
03-01 17:10:49.431 32665 32665 E ArmVmp : Match on catch block at 0xc3 in for 0xa9
03-01 17:10:49.445 32665 32665 E ArmVmp : Match on catch block at 0xc3 in for 0xa9
03-01 17:10:49.448 32665 32665 E ArmVmp : Match on catch block at 0xc3 in for 0xa1
03-01 17:10:49.461 32665 32665 E ArmVmp : Match on catch block at 0xc3 in for 0xa1
03-01 17:10:49.464 32665 32665 E ArmVmp : Match on catch block at 0xc3 in for 0xa5
03-01 17:10:49.477 32665 32665 E ArmVmp : Match on catch block at 0xc3 in for 0xa5
03-01 17:10:49.480 32665 32665 E ArmVmp : Match on catch block at 0xc3 in for 0xa9
03-01 17:10:49.494 32665 32665 E ArmVmp : Match on catch block at 0xc3 in for 0xa9
03-01 17:10:49.497 32665 32665 E ArmVmp : Match on catch block at 0xc3 in for 0xa1
03-01 17:10:49.509 32665 3933 W Codec2Client: query -- param skipped: index =
1107298332.
03-01 17:10:49.509 32665 3934 W Codec2Client: query -- param skipped: index =
1107298332.
03-01 17:10:49.509 32665 3933 W Codec2Client: query -- param skipped: index =
1342179345.
03-01 17:10:49.509 32665 3933 W Codec2Client: query -- param skipped: index =
2415921170.
03-01 17:10:49.510 32665 3934 W Codec2Client: query -- param skipped: index =
1342179345.
03-01 17:10:49.510 32665 3934 W Codec2Client: query -- param skipped: index =
2415921170.
03-01 17:10:49.510 32665 3934 E FMQ : grantorIdx must be less than 3
03-01 17:10:49.510 32665 3934 E FMQ : grantorIdx must be less than 3
03-01 17:10:49.510 32665 32665 E ArmVmp : Match on catch block at 0xc3 in for 0xa1
03-01 17:10:49.510 32665 3933 E FMQ : grantorIdx must be less than 3
03-01 17:10:49.510 32665 3933 E FMQ : grantorIdx must be less than 3
03-01 17:10:49.513 32665 3934 E FMQ : grantorIdx must be less than 3
03-01 17:10:49.514 32665 32665 E ArmVmp : Match on catch block at 0xc3 in for 0xa5
03-01 17:10:49.515 32665 3933 E FMQ : grantorIdx must be less than 3
03-01 17:10:49.521 32665 3938 E FMQ : grantorIdx must be less than 3
03-01 17:10:49.522 32665 3938 E FMQ : grantorIdx must be less than 3
03-01 17:10:49.528 32665 32665 E ArmVmp : Match on catch block at 0xc3 in for 0xa5
03-01 17:10:49.532 32665 32665 E ArmVmp : Match on catch block at 0xc3 in for 0xa9
03-01 17:10:49.545 32665 32665 E ArmVmp : Match on catch block at 0xc3 in for 0xa9
03-01 17:10:49.548 32665 32665 E ArmVmp : Match on catch block at 0xc3 in for 0xa1
03-01 17:10:49.555 32665 3946 W Codec2Client: query -- param skipped: index =
1107298332.
03-01 17:10:49.555 32665 3946 W Codec2Client: query -- param skipped: index =
1342179345.
03-01 17:10:49.555 32665 3946 W Codec2Client: query -- param skipped: index =
2415921170.
03-01 17:10:49.555 32665 3946 E FMQ : grantorIdx must be less than 3
03-01 17:10:49.555 32665 3946 E FMQ : grantorIdx must be less than 3
03-01 17:10:49.558 32665 3946 E FMQ : grantorIdx must be less than 3
03-01 17:10:49.560 32665 32665 E ArmVmp : Match on catch block at 0xc3 in for 0xa1
03-01 17:10:49.561 32665 3954 W Codec2Client: query -- param skipped: index =
1107298332.
03-01 17:10:49.562 32665 3954 W Codec2Client: query -- param skipped: index =
1342179345.
03-01 17:10:49.562 32665 3954 W Codec2Client: query -- param skipped: index =
2415921170.
03-01 17:10:49.563 32665 3954 E FMQ : grantorIdx must be less than 3
03-01 17:10:49.563 32665 3954 E FMQ : grantorIdx must be less than 3
03-01 17:10:49.564 32665 32665 E ArmVmp : Match on catch block at 0xc3 in for 0xa5
03-01 17:10:49.565 32665 3954 E FMQ : grantorIdx must be less than 3
03-01 17:10:49.566 32665 3938 E FMQ : grantorIdx must be less than 3
03-01 17:10:49.573 32665 3938 E FMQ : grantorIdx must be less than 3
03-01 17:10:49.579 32665 32665 W AudioManager: Use of stream types is deprecated
for operations other than volume control
03-01 17:10:49.579 32665 32665 W AudioManager: See the documentation of
requestAudioFocus() for what to use instead with android.media.AudioAttributes to
qualify your playback use case
03-01 17:10:49.621 32665 3960 W Codec2Client: query -- param skipped: index =
1107298332.
03-01 17:10:49.622 32665 3960 W Codec2Client: query -- param skipped: index =
1342179345.
03-01 17:10:49.622 32665 3960 W Codec2Client: query -- param skipped: index =
2415921170.
03-01 17:10:49.623 32665 3960 E FMQ : grantorIdx must be less than 3
03-01 17:10:49.623 32665 3960 E FMQ : grantorIdx must be less than 3
03-01 17:10:49.627 32665 3960 E FMQ : grantorIdx must be less than 3
03-01 17:10:49.634 32665 3938 E FMQ : grantorIdx must be less than 3
03-01 17:10:49.662 32665 32665 W libOpenSLES: Conversion from OpenSL ES positional
channel mask 0x4 to Android mask 0 loses channels
03-01 17:10:49.665 32665 3977 W Codec2Client: query -- param skipped: index =
1107298332.
03-01 17:10:49.666 32665 3977 W Codec2Client: query -- param skipped: index =
1342179345.
03-01 17:10:49.666 32665 3977 W Codec2Client: query -- param skipped: index =
2415921170.
03-01 17:10:49.666 32665 3977 E FMQ : grantorIdx must be less than 3
03-01 17:10:49.666 32665 3977 E FMQ : grantorIdx must be less than 3
03-01 17:10:49.668 32665 3977 E FMQ : grantorIdx must be less than 3
03-01 17:10:49.675 32665 3938 E FMQ : grantorIdx must be less than 3
03-01 17:10:49.698 32665 32665 E ArmVmp : Match on catch block at 0xc3 in for 0xa9
03-01 17:10:49.701 32665 32665 E ArmVmp : Match on catch block at 0xc3 in for 0xa1
03-01 17:10:49.715 32665 32665 E ArmVmp : Match on catch block at 0xc3 in for 0xa1
03-01 17:10:49.718 32665 32665 E ArmVmp : Match on catch block at 0xc3 in for 0xa5
03-01 17:10:49.728 32665 32665 E ArmVmp : Match on catch block at 0xc3 in for 0xa5
03-01 17:10:49.731 32665 32665 E ArmVmp : Match on catch block at 0xc3 in for 0xa9
03-01 17:10:49.744 32665 32665 E ArmVmp : Match on catch block at 0xc3 in for 0xa9
03-01 17:10:49.747 32665 32665 E ArmVmp : Match on catch block at 0xc3 in for 0xa1
03-01 17:10:49.760 32665 32665 E ArmVmp : Match on catch block at 0xc3 in for 0xa1
03-01 17:10:49.763 32665 32665 E ArmVmp : Match on catch block at 0xc3 in for 0xa5
03-01 17:10:49.777 32665 32665 E ArmVmp : Match on catch block at 0xc3 in for 0xa5
03-01 17:10:49.780 32665 32665 E ArmVmp : Match on catch block at 0xc3 in for 0xa9
03-01 17:10:49.794 32665 32665 E ArmVmp : Match on catch block at 0xc3 in for 0xa9
03-01 17:10:49.796 32665 32665 E ArmVmp : Match on catch block at 0xc3 in for 0xa1
03-01 17:10:49.810 32665 32665 E ArmVmp : Match on catch block at 0xc3 in for 0xa1
03-01 17:10:49.813 32665 32665 E ArmVmp : Match on catch block at 0xc3 in for 0xa5
03-01 17:10:49.827 32665 32665 E ArmVmp : Match on catch block at 0xc3 in for 0xa5
03-01 17:10:49.830 32665 32665 E ArmVmp : Match on catch block at 0xc3 in for 0xa9
03-01 17:10:49.844 32665 32665 E ArmVmp : Match on catch block at 0xc3 in for 0xa9
03-01 17:10:49.847 32665 32665 E ArmVmp : Match on catch block at 0xc3 in for 0xa1
03-01 17:10:49.994 32665 32665 E ArmVmp : Match on catch block at 0xc3 in for 0xa1
03-01 17:10:49.997 32665 32665 E ArmVmp : Match on catch block at 0xc3 in for 0xa5
03-01 17:10:50.004 32665 32665 E ArmVmp : Match on catch block at 0xc3 in for 0xa1
03-01 17:10:50.008 32665 32665 E ArmVmp : Match on catch block at 0xc3 in for 0xa5
03-01 17:10:50.022 32665 32665 E ArmVmp : Match on catch block at 0xc3 in for 0xa1
03-01 17:10:50.026 32665 32665 E ArmVmp : Match on catch block at 0xc3 in for 0xa5
03-01 17:10:50.038 32665 32665 E ArmVmp : Match on catch block at 0xc3 in for 0xa5
03-01 17:10:50.042 32665 32665 E ArmVmp : Match on catch block at 0xc3 in for 0xa9
03-01 17:10:50.072 32665 32665 E ArmVmp : Match on catch block at 0xc3 in for 0xa1
03-01 17:10:50.079 32665 32665 E ArmVmp : Match on catch block at 0xc3 in for 0xa5
03-01 17:10:50.086 32665 32665 E ArmVmp : Match on catch block at 0xc3 in for 0xa5
03-01 17:10:50.090 32665 32665 E ArmVmp : Match on catch block at 0xc3 in for 0xa9
03-01 17:10:50.101 32665 32665 E ArmVmp : Match on catch block at 0xc3 in for 0xa9
03-01 17:10:50.105 32665 32665 E ArmVmp : Match on catch block at 0xc3 in for 0xa1
03-01 17:10:50.113 32665 32665 E ArmVmp : Match on catch block at 0xc3 in for 0xa1
03-01 17:10:50.118 32665 32665 E ArmVmp : Match on catch block at 0xc3 in for 0xa5
03-01 17:10:50.129 32665 32665 E ArmVmp : Match on catch block at 0xc3 in for 0xa5
03-01 17:10:50.133 32665 32665 E ArmVmp : Match on catch block at 0xc3 in for 0xa9
03-01 17:10:50.147 32665 32665 E ArmVmp : Match on catch block at 0xc3 in for 0xa1
03-01 17:10:50.150 32665 32665 E ArmVmp : Match on catch block at 0xc3 in for 0xa5
03-01 17:10:50.162 32665 32665 E ArmVmp : Match on catch block at 0xc3 in for 0xa5
03-01 17:10:50.165 32665 32665 E ArmVmp : Match on catch block at 0xc3 in for 0xa9
03-01 17:10:50.181 32665 32665 E ArmVmp : Match on catch block at 0xc3 in for 0xa9
03-01 17:10:50.186 32665 32665 E ArmVmp : Match on catch block at 0xc3 in for 0xa1
03-01 17:10:50.197 32665 32665 E ArmVmp : Match on catch block at 0xc3 in for 0xa1
03-01 17:10:50.200 32665 32665 E ArmVmp : Match on catch block at 0xc3 in for 0xa5
03-01 17:10:50.213 32665 32665 E ArmVmp : Match on catch block at 0xc3 in for 0xa5
03-01 17:10:50.218 32665 32665 E ArmVmp : Match on catch block at 0xc3 in for 0xa9
03-01 17:10:50.229 32665 32665 E ArmVmp : Match on catch block at 0xc3 in for 0xa9
03-01 17:10:50.233 32665 32665 E ArmVmp : Match on catch block at 0xc3 in for 0xa1
03-01 17:10:50.245 32665 32665 E ArmVmp : Match on catch block at 0xc3 in for 0xa1
03-01 17:10:50.250 32665 32665 E ArmVmp : Match on catch block at 0xc3 in for 0xa5
03-01 17:10:50.264 32665 32665 E ArmVmp : Match on catch block at 0xc3 in for 0xa9
03-01 17:10:50.269 32665 32665 E ArmVmp : Match on catch block at 0xc3 in for 0xa1
03-01 17:10:50.281 32665 32665 E ArmVmp : Match on catch block at 0xc3 in for 0xa5
03-01 17:10:50.286 32665 32665 E ArmVmp : Match on catch block at 0xc3 in for 0xa9
03-01 17:10:50.298 32665 32665 E ArmVmp : Match on catch block at 0xc3 in for 0xa1
03-01 17:10:50.304 32665 32665 E ArmVmp : Match on catch block at 0xc3 in for 0xa5
03-01 17:10:50.315 32665 32665 E ArmVmp : Match on catch block at 0xc3 in for 0xa9
03-01 17:10:50.319 32665 32665 E ArmVmp : Match on catch block at 0xc3 in for 0xa1
03-01 17:10:50.333 32665 32665 E ArmVmp : Match on catch block at 0xc3 in for 0xa1
03-01 17:10:50.338 32665 32665 E ArmVmp : Match on catch block at 0xc3 in for 0xa5
03-01 17:10:50.348 32665 32665 E ArmVmp : Match on catch block at 0xc3 in for 0xa5
03-01 17:10:50.353 32665 32665 E ArmVmp : Match on catch block at 0xc3 in for 0xa9
03-01 17:10:50.363 32665 32665 E ArmVmp : Match on catch block at 0xc3 in for 0xa9
03-01 17:10:50.369 32665 32665 E ArmVmp : Match on catch block at 0xc3 in for 0xa1
03-01 17:10:50.380 32665 32665 E ArmVmp : Match on catch block at 0xc3 in for 0xa1
03-01 17:10:50.386 32665 32665 E ArmVmp : Match on catch block at 0xc3 in for 0xa5
03-01 17:10:50.401 32665 32665 E ArmVmp : Match on catch block at 0xc3 in for 0xa5
03-01 17:10:50.405 32665 32665 E ArmVmp : Match on catch block at 0xc3 in for 0xa9
03-01 17:10:50.414 32665 32665 E ArmVmp : Match on catch block at 0xc3 in for 0xa9
03-01 17:10:50.418 32665 32665 E ArmVmp : Match on catch block at 0xc3 in for 0xa1
03-01 17:10:50.429 32665 32665 E ArmVmp : Match on catch block at 0xc3 in for 0xa1
03-01 17:10:50.434 32665 32665 E ArmVmp : Match on catch block at 0xc3 in for 0xa5
03-01 17:10:50.446 32665 32665 E ArmVmp : Match on catch block at 0xc3 in for 0xa5
03-01 17:10:50.450 32665 32665 E ArmVmp : Match on catch block at 0xc3 in for 0xa9
03-01 17:10:50.463 32665 32665 E ArmVmp : Match on catch block at 0xc3 in for 0xa9
03-01 17:10:50.469 32665 32665 E ArmVmp : Match on catch block at 0xc3 in for 0xa1
03-01 17:10:50.480 32665 32665 E ArmVmp : Match on catch block at 0xc3 in for 0xa5
03-01 17:10:50.484 32665 32665 E ArmVmp : Match on catch block at 0xc3 in for 0xa9
03-01 17:10:50.496 32665 32665 E ArmVmp : Match on catch block at 0xc3 in for 0xa9
03-01 17:10:50.500 32665 32665 E ArmVmp : Match on catch block at 0xc3 in for 0xa1
03-01 17:10:50.514 32665 32665 E ArmVmp : Match on catch block at 0xc3 in for 0xa1
03-01 17:10:50.518 32665 32665 E ArmVmp : Match on catch block at 0xc3 in for 0xa5
03-01 17:10:50.530 32665 32665 E ArmVmp : Match on catch block at 0xc3 in for 0xa5
03-01 17:10:50.535 32665 32665 E ArmVmp : Match on catch block at 0xc3 in for 0xa9
03-01 17:10:50.547 32665 32665 E ArmVmp : Match on catch block at 0xc3 in for 0xa9
03-01 17:10:50.551 32665 32665 E ArmVmp : Match on catch block at 0xc3 in for 0xa1
03-01 17:10:50.565 32665 32665 E ArmVmp : Match on catch block at 0xc3 in for 0xa5
03-01 17:10:50.571 32665 32665 E ArmVmp : Match on catch block at 0xc3 in for 0xa9
03-01 17:10:50.583 32665 32665 E ArmVmp : Match on catch block at 0xc3 in for 0xa1
03-01 17:10:50.589 32665 32665 E ArmVmp : Match on catch block at 0xc3 in for 0xa5
03-01 17:10:50.598 32665 32665 E ArmVmp : Match on catch block at 0xc3 in for 0xa9
03-01 17:10:50.603 32665 32665 E ArmVmp : Match on catch block at 0xc3 in for 0xa1
03-01 17:10:50.616 32665 32665 E ArmVmp : Match on catch block at 0xc3 in for 0xa1
03-01 17:10:50.621 32665 32665 E ArmVmp : Match on catch block at 0xc3 in for 0xa5
03-01 17:10:50.630 32665 32665 E ArmVmp : Match on catch block at 0xc3 in for 0xa9
03-01 17:10:50.635 32665 32665 E ArmVmp : Match on catch block at 0xc3 in for 0xa1
03-01 17:10:50.648 32665 32665 E ArmVmp : Match on catch block at 0xc3 in for 0xa1
03-01 17:10:50.652 32665 32665 E ArmVmp : Match on catch block at 0xc3 in for 0xa5
03-01 17:10:50.665 32665 32665 E ArmVmp : Match on catch block at 0xc3 in for 0xa5
03-01 17:10:50.669 32665 32665 E ArmVmp : Match on catch block at 0xc3 in for 0xa9
03-01 17:10:50.680 32665 32665 E ArmVmp : Match on catch block at 0xc3 in for 0xa9
03-01 17:10:50.685 32665 32665 E ArmVmp : Match on catch block at 0xc3 in for 0xa1
03-01 17:10:50.698 32665 32665 E ArmVmp : Match on catch block at 0xc3 in for 0xa1
03-01 17:10:50.703 32665 32665 E ArmVmp : Match on catch block at 0xc3 in for 0xa5
03-01 17:10:50.715 32665 32665 E ArmVmp : Match on catch block at 0xc3 in for 0xa5
03-01 17:10:50.721 32665 32665 E ArmVmp : Match on catch block at 0xc3 in for 0xa9
03-01 17:10:50.731 32665 32665 E ArmVmp : Match on catch block at 0xc3 in for 0xa9
03-01 17:10:50.737 32665 32665 E ArmVmp : Match on catch block at 0xc3 in for 0xa1
03-01 17:10:50.748 32665 32665 E ArmVmp : Match on catch block at 0xc3 in for 0xa5
03-01 17:10:50.752 32665 32665 E ArmVmp : Match on catch block at 0xc3 in for 0xa9
03-01 17:10:50.765 32665 32665 E ArmVmp : Match on catch block at 0xc3 in for 0xa1
03-01 17:10:50.770 32665 32665 E ArmVmp : Match on catch block at 0xc3 in for 0xa5
03-01 17:10:50.781 32665 32665 E ArmVmp : Match on catch block at 0xc3 in for 0xa9
03-01 17:10:50.785 32665 32665 E ArmVmp : Match on catch block at 0xc3 in for 0xa1
03-01 17:10:50.797 32665 32665 E ArmVmp : Match on catch block at 0xc3 in for 0xa5
03-01 17:10:50.802 32665 32665 E ArmVmp : Match on catch block at 0xc3 in for 0xa9
03-01 17:10:50.815 32665 32665 E ArmVmp : Match on catch block at 0xc3 in for 0xa1
03-01 17:10:50.821 32665 32665 E ArmVmp : Match on catch block at 0xc3 in for 0xa5
03-01 17:10:50.830 32665 32665 E ArmVmp : Match on catch block at 0xc3 in for 0xa9
03-01 17:10:50.835 32665 32665 E ArmVmp : Match on catch block at 0xc3 in for 0xa1
03-01 17:10:50.850 32665 32665 E ArmVmp : Match on catch block at 0xc3 in for 0xa5
03-01 17:10:50.855 32665 32665 E ArmVmp : Match on catch block at 0xc3 in for 0xa9
03-01 17:10:50.865 32665 32665 E ArmVmp : Match on catch block at 0xc3 in for 0xa1
03-01 17:10:50.870 32665 32665 E ArmVmp : Match on catch block at 0xc3 in for 0xa5
03-01 17:10:50.879 32665 32665 E ArmVmp : Match on catch block at 0xc3 in for 0xa5
03-01 17:10:50.885 32665 32665 E ArmVmp : Match on catch block at 0xc3 in for 0xa9
03-01 17:10:50.896 32665 32665 E ArmVmp : Match on catch block at 0xc3 in for 0xa1
03-01 17:10:50.901 32665 32665 E ArmVmp : Match on catch block at 0xc3 in for 0xa5
03-01 17:10:50.915 32665 32665 E ArmVmp : Match on catch block at 0xc3 in for 0xa9
03-01 17:10:50.920 32665 32665 E ArmVmp : Match on catch block at 0xc3 in for 0xa1
03-01 17:10:50.931 32665 32665 E ArmVmp : Match on catch block at 0xc3 in for 0xa5
03-01 17:10:50.935 32665 32665 E ArmVmp : Match on catch block at 0xc3 in for 0xa9
03-01 17:10:50.949 32665 32665 E ArmVmp : Match on catch block at 0xc3 in for 0xa1
03-01 17:10:50.954 32665 32665 E ArmVmp : Match on catch block at 0xc3 in for 0xa5
03-01 17:10:50.964 32665 32665 E ArmVmp : Match on catch block at 0xc3 in for 0xa9
03-01 17:10:50.969 32665 32665 E ArmVmp : Match on catch block at 0xc3 in for 0xa1
03-01 17:10:50.981 32665 32665 E ArmVmp : Match on catch block at 0xc3 in for 0xa5
03-01 17:10:50.986 32665 32665 E ArmVmp : Match on catch block at 0xc3 in for 0xa9
03-01 17:10:50.996 32665 32665 E ArmVmp : Match on catch block at 0xc3 in for 0xa9
03-01 17:10:51.002 32665 32665 E ArmVmp : Match on catch block at 0xc3 in for 0xa1
03-01 17:10:51.015 32665 32665 E ArmVmp : Match on catch block at 0xc3 in for 0xa5
03-01 17:10:51.019 32665 32665 E ArmVmp : Match on catch block at 0xc3 in for 0xa9
03-01 17:10:51.030 32665 32665 E ArmVmp : Match on catch block at 0xc3 in for 0xa9
03-01 17:10:51.033 32665 32665 E ArmVmp : Match on catch block at 0xc3 in for 0xa1
03-01 17:10:51.047 32665 32665 E ArmVmp : Match on catch block at 0xc3 in for 0xa1
03-01 17:10:51.053 32665 32665 E ArmVmp : Match on catch block at 0xc3 in for 0xa5
03-01 17:10:51.064 32665 32665 E ArmVmp : Match on catch block at 0xc3 in for 0xa5
03-01 17:10:51.069 32665 32665 E ArmVmp : Match on catch block at 0xc3 in for 0xa9
03-01 17:10:51.081 32665 32665 E ArmVmp : Match on catch block at 0xc3 in for 0xa5
03-01 17:10:51.086 32665 32665 E ArmVmp : Match on catch block at 0xc3 in for 0xa9
03-01 17:10:51.096 32665 32665 E ArmVmp : Match on catch block at 0xc3 in for 0xa9
03-01 17:10:51.102 32665 32665 E ArmVmp : Match on catch block at 0xc3 in for 0xa1
03-01 17:10:51.114 32665 32665 E ArmVmp : Match on catch block at 0xc3 in for 0xa1
03-01 17:10:51.119 32665 32665 E ArmVmp : Match on catch block at 0xc3 in for 0xa5
03-01 17:10:51.130 32665 32665 E ArmVmp : Match on catch block at 0xc3 in for 0xa9
03-01 17:10:51.135 32665 32665 E ArmVmp : Match on catch block at 0xc3 in for 0xa1
03-01 17:10:51.147 32665 32665 E ArmVmp : Match on catch block at 0xc3 in for 0xa5
03-01 17:10:51.152 32665 32665 E ArmVmp : Match on catch block at 0xc3 in for 0xa9
03-01 17:10:51.163 32665 32665 E ArmVmp : Match on catch block at 0xc3 in for 0xa1
03-01 17:10:51.169 32665 32665 E ArmVmp : Match on catch block at 0xc3 in for 0xa5
03-01 17:10:51.181 32665 32665 E ArmVmp : Match on catch block at 0xc3 in for 0xa9
03-01 17:10:51.186 32665 32665 E ArmVmp : Match on catch block at 0xc3 in for 0xa1
03-01 17:10:51.196 32665 32665 E ArmVmp : Match on catch block at 0xc3 in for 0xa5
03-01 17:10:51.200 32665 32665 E ArmVmp : Match on catch block at 0xc3 in for 0xa9
03-01 17:10:51.215 32665 32665 E ArmVmp : Match on catch block at 0xc3 in for 0xa5
03-01 17:10:51.220 32665 32665 E ArmVmp : Match on catch block at 0xc3 in for 0xa9
03-01 17:10:51.230 32665 32665 E ArmVmp : Match on catch block at 0xc3 in for 0xa1
03-01 17:10:51.236 32665 32665 E ArmVmp : Match on catch block at 0xc3 in for 0xa5
03-01 17:10:51.249 32665 32665 E ArmVmp : Match on catch block at 0xc3 in for 0xa9
03-01 17:10:51.254 32665 32665 E ArmVmp : Match on catch block at 0xc3 in for 0xa1
03-01 17:10:51.265 32665 32665 E ArmVmp : Match on catch block at 0xc3 in for 0xa5
03-01 17:10:51.270 32665 32665 E ArmVmp : Match on catch block at 0xc3 in for 0xa9
03-01 17:10:51.281 32665 32665 E ArmVmp : Match on catch block at 0xc3 in for 0xa9
03-01 17:10:51.286 32665 32665 E ArmVmp : Match on catch block at 0xc3 in for 0xa1
03-01 17:10:51.296 32665 32665 E ArmVmp : Match on catch block at 0xc3 in for 0xa1
03-01 17:10:51.302 32665 32665 E ArmVmp : Match on catch block at 0xc3 in for 0xa5
03-01 17:10:51.313 32665 32665 E ArmVmp : Match on catch block at 0xc3 in for 0xa9
03-01 17:10:51.318 32665 32665 E ArmVmp : Match on catch block at 0xc3 in for 0xa1
03-01 17:10:51.329 32665 32665 E ArmVmp : Match on catch block at 0xc3 in for 0xa1
03-01 17:10:51.335 32665 32665 E ArmVmp : Match on catch block at 0xc3 in for 0xa5
03-01 17:10:51.348 32665 32665 E ArmVmp : Match on catch block at 0xc3 in for 0xa1
03-01 17:10:51.353 32665 32665 E ArmVmp : Match on catch block at 0xc3 in for 0xa5
03-01 17:10:51.364 32665 32665 E ArmVmp : Match on catch block at 0xc3 in for 0xa9
03-01 17:10:51.369 32665 32665 E ArmVmp : Match on catch block at 0xc3 in for 0xa1
03-01 17:10:51.380 32665 32665 E ArmVmp : Match on catch block at 0xc3 in for 0xa5
03-01 17:10:51.385 32665 32665 E ArmVmp : Match on catch block at 0xc3 in for 0xa9
03-01 17:10:51.397 32665 32665 E ArmVmp : Match on catch block at 0xc3 in for 0xa1
03-01 17:10:51.404 32665 32665 E ArmVmp : Match on catch block at 0xc3 in for 0xa5
03-01 17:10:51.414 32665 32665 E ArmVmp : Match on catch block at 0xc3 in for 0xa1
03-01 17:10:51.419 32665 32665 E ArmVmp : Match on catch block at 0xc3 in for 0xa5
03-01 17:10:51.429 32665 32665 E ArmVmp : Match on catch block at 0xc3 in for 0xa9
03-01 17:10:51.434 32665 32665 E ArmVmp : Match on catch block at 0xc3 in for 0xa1
03-01 17:10:51.446 32665 32665 E ArmVmp : Match on catch block at 0xc3 in for 0xa5
03-01 17:10:51.451 32665 32665 E ArmVmp : Match on catch block at 0xc3 in for 0xa9
03-01 17:10:51.464 32665 32665 E ArmVmp : Match on catch block at 0xc3 in for 0xa1
03-01 17:10:51.468 32665 32665 E ArmVmp : Match on catch block at 0xc3 in for 0xa5
03-01 17:10:51.481 32665 32665 E ArmVmp : Match on catch block at 0xc3 in for 0xa1
03-01 17:10:51.486 32665 32665 E ArmVmp : Match on catch block at 0xc3 in for 0xa5
03-01 17:10:51.497 32665 32665 E ArmVmp : Match on catch block at 0xc3 in for 0xa9
03-01 17:10:51.502 32665 32665 E ArmVmp : Match on catch block at 0xc3 in for 0xa1
03-01 17:10:51.515 32665 32665 E ArmVmp : Match on catch block at 0xc3 in for 0xa5
03-01 17:10:51.520 32665 32665 E ArmVmp : Match on catch block at 0xc3 in for 0xa9
03-01 17:10:51.531 32665 32665 E ArmVmp : Match on catch block at 0xc3 in for 0xa1
03-01 17:10:51.536 32665 32665 E ArmVmp : Match on catch block at 0xc3 in for 0xa5
03-01 17:10:51.547 32665 32665 E ArmVmp : Match on catch block at 0xc3 in for 0xa1
03-01 17:10:51.552 32665 32665 E ArmVmp : Match on catch block at 0xc3 in for 0xa5
03-01 17:10:51.564 32665 32665 E ArmVmp : Match on catch block at 0xc3 in for 0xa5
03-01 17:10:51.569 32665 32665 E ArmVmp : Match on catch block at 0xc3 in for 0xa9
03-01 17:10:51.579 32665 32665 E ArmVmp : Match on catch block at 0xc3 in for 0xa1
03-01 17:10:51.584 32665 32665 E ArmVmp : Match on catch block at 0xc3 in for 0xa5
03-01 17:10:51.596 32665 32665 E ArmVmp : Match on catch block at 0xc3 in for 0xa9
03-01 17:10:51.601 32665 32665 E ArmVmp : Match on catch block at 0xc3 in for 0xa1
03-01 17:10:51.617 32665 32665 E ArmVmp : Match on catch block at 0xc3 in for 0xa5
03-01 17:10:51.622 32665 32665 E ArmVmp : Match on catch block at 0xc3 in for 0xa9
03-01 17:10:51.630 32665 32665 E ArmVmp : Match on catch block at 0xc3 in for 0xa1
03-01 17:10:51.635 32665 32665 E ArmVmp : Match on catch block at 0xc3 in for 0xa5
03-01 17:10:51.647 32665 32665 E ArmVmp : Match on catch block at 0xc3 in for 0xa5
03-01 17:10:51.651 32665 32665 E ArmVmp : Match on catch block at 0xc3 in for 0xa9
03-01 17:10:51.664 32665 32665 E ArmVmp : Match on catch block at 0xc3 in for 0xa9
03-01 17:10:51.670 32665 32665 E ArmVmp : Match on catch block at 0xc3 in for 0xa1
03-01 17:10:51.680 32665 32665 E ArmVmp : Match on catch block at 0xc3 in for 0xa9
03-01 17:10:51.685 32665 32665 E ArmVmp : Match on catch block at 0xc3 in for 0xa1
03-01 17:10:51.696 32665 32665 E ArmVmp : Match on catch block at 0xc3 in for 0xa1
03-01 17:10:51.701 32665 32665 E ArmVmp : Match on catch block at 0xc3 in for 0xa5
03-01 17:10:51.714 32665 32665 E ArmVmp : Match on catch block at 0xc3 in for 0xa9
03-01 17:10:51.720 32665 32665 E ArmVmp : Match on catch block at 0xc3 in for 0xa1
03-01 17:10:51.730 32665 32665 E ArmVmp : Match on catch block at 0xc3 in for 0xa1
03-01 17:10:51.735 32665 32665 E ArmVmp : Match on catch block at 0xc3 in for 0xa5
03-01 17:10:51.746 32665 32665 E ArmVmp : Match on catch block at 0xc3 in for 0xa9
03-01 17:10:51.752 32665 32665 E ArmVmp : Match on catch block at 0xc3 in for 0xa1
03-01 17:10:51.764 32665 32665 E ArmVmp : Match on catch block at 0xc3 in for 0xa5
03-01 17:10:51.768 32665 32665 E ArmVmp : Match on catch block at 0xc3 in for 0xa9
03-01 17:10:51.780 32665 32665 E ArmVmp : Match on catch block at 0xc3 in for 0xa9
03-01 17:10:51.785 32665 32665 E ArmVmp : Match on catch block at 0xc3 in for 0xa1
03-01 17:10:51.797 32665 32665 E ArmVmp : Match on catch block at 0xc3 in for 0xa1
03-01 17:10:51.803 32665 32665 E ArmVmp : Match on catch block at 0xc3 in for 0xa5
03-01 17:10:51.813 32665 32665 E ArmVmp : Match on catch block at 0xc3 in for 0xa9
03-01 17:10:51.817 32665 32665 E ArmVmp : Match on catch block at 0xc3 in for 0xa1
03-01 17:10:51.831 32665 32665 E ArmVmp : Match on catch block at 0xc3 in for 0xa1
03-01 17:10:51.837 32665 32665 E ArmVmp : Match on catch block at 0xc3 in for 0xa5
03-01 17:10:51.847 32665 32665 E ArmVmp : Match on catch block at 0xc3 in for 0xa9
03-01 17:10:51.852 32665 32665 E ArmVmp : Match on catch block at 0xc3 in for 0xa1
03-01 17:10:51.863 32665 32665 E ArmVmp : Match on catch block at 0xc3 in for 0xa1
03-01 17:10:51.868 32665 32665 E ArmVmp : Match on catch block at 0xc3 in for 0xa5
03-01 17:10:51.879 32665 32665 E ArmVmp : Match on catch block at 0xc3 in for 0xa9
03-01 17:10:51.885 32665 32665 E ArmVmp : Match on catch block at 0xc3 in for 0xa1
03-01 17:10:51.896 32665 32665 E ArmVmp : Match on catch block at 0xc3 in for 0xa1
03-01 17:10:51.901 32665 32665 E ArmVmp : Match on catch block at 0xc3 in for 0xa5
03-01 17:10:51.913 32665 32665 E ArmVmp : Match on catch block at 0xc3 in for 0xa5
03-01 17:10:51.918 32665 32665 E ArmVmp : Match on catch block at 0xc3 in for 0xa9
03-01 17:10:51.930 32665 32665 E ArmVmp : Match on catch block at 0xc3 in for 0xa1
03-01 17:10:51.935 32665 32665 E ArmVmp : Match on catch block at 0xc3 in for 0xa5
03-01 17:10:51.946 32665 32665 E ArmVmp : Match on catch block at 0xc3 in for 0xa9
03-01 17:10:51.950 32665 32665 E ArmVmp : Match on catch block at 0xc3 in for 0xa1
03-01 17:10:51.964 32665 32665 E ArmVmp : Match on catch block at 0xc3 in for 0xa5
03-01 17:10:51.970 32665 32665 E ArmVmp : Match on catch block at 0xc3 in for 0xa9
03-01 17:10:51.981 32665 32665 E ArmVmp : Match on catch block at 0xc3 in for 0xa1
03-01 17:10:51.986 32665 32665 E ArmVmp : Match on catch block at 0xc3 in for 0xa5
03-01 17:10:51.998 32665 32665 E ArmVmp : Match on catch block at 0xc3 in for 0xa9
03-01 17:10:52.003 32665 32665 E ArmVmp : Match on catch block at 0xc3 in for 0xa1
03-01 17:10:52.014 32665 32665 E ArmVmp : Match on catch block at 0xc3 in for 0xa9
03-01 17:10:52.019 32665 32665 E ArmVmp : Match on catch block at 0xc3 in for 0xa1
03-01 17:10:52.031 32665 32665 E ArmVmp : Match on catch block at 0xc3 in for 0xa5
03-01 17:10:52.038 32665 32665 E ArmVmp : Match on catch block at 0xc3 in for 0xa9
03-01 17:10:52.048 32665 32665 E ArmVmp : Match on catch block at 0xc3 in for 0xa1
03-01 17:10:52.054 32665 32665 E ArmVmp : Match on catch block at 0xc3 in for 0xa5
03-01 17:10:52.064 32665 32665 E ArmVmp : Match on catch block at 0xc3 in for 0xa9
03-01 17:10:52.069 32665 32665 E ArmVmp : Match on catch block at 0xc3 in for 0xa1
03-01 17:10:52.083 32665 32665 E ArmVmp : Match on catch block at 0xc3 in for 0xa5
03-01 17:10:52.087 32665 32665 E ArmVmp : Match on catch block at 0xc3 in for 0xa9
03-01 17:10:52.096 32665 32665 E ArmVmp : Match on catch block at 0xc3 in for 0xa1
03-01 17:10:52.101 32665 32665 E ArmVmp : Match on catch block at 0xc3 in for 0xa5
03-01 17:10:52.112 32665 32665 E ArmVmp : Match on catch block at 0xc3 in for 0xa5
03-01 17:10:52.116 32665 32665 E ArmVmp : Match on catch block at 0xc3 in for 0xa9
03-01 17:10:52.130 32665 32665 E ArmVmp : Match on catch block at 0xc3 in for 0xa1
03-01 17:10:52.135 32665 32665 E ArmVmp : Match on catch block at 0xc3 in for 0xa5
03-01 17:10:52.147 32665 32665 E ArmVmp : Match on catch block at 0xc3 in for 0xa9
03-01 17:10:52.151 32665 32665 E ArmVmp : Match on catch block at 0xc3 in for 0xa1
03-01 17:10:52.164 32665 32665 E ArmVmp : Match on catch block at 0xc3 in for 0xa1
03-01 17:10:52.169 32665 32665 E ArmVmp : Match on catch block at 0xc3 in for 0xa5
03-01 17:10:52.181 32665 32665 E ArmVmp : Match on catch block at 0xc3 in for 0xa9
03-01 17:10:52.186 32665 32665 E ArmVmp : Match on catch block at 0xc3 in for 0xa1
03-01 17:10:52.194 32665 32665 E ArmVmp : Match on catch block at 0xc3 in for 0xa1
03-01 17:10:52.198 32665 32665 E ArmVmp : Match on catch block at 0xc3 in for 0xa5
03-01 17:10:52.212 32665 32665 E ArmVmp : Match on catch block at 0xc3 in for 0xa5
03-01 17:10:52.216 32665 32665 E ArmVmp : Match on catch block at 0xc3 in for 0xa9
03-01 17:10:52.229 32665 32665 E ArmVmp : Match on catch block at 0xc3 in for 0xa9
03-01 17:10:52.234 32665 32665 E ArmVmp : Match on catch block at 0xc3 in for 0xa1
03-01 17:10:52.246 32665 32665 E ArmVmp : Match on catch block at 0xc3 in for 0xa5
03-01 17:10:52.251 32665 32665 E ArmVmp : Match on catch block at 0xc3 in for 0xa9
03-01 17:10:52.265 32665 32665 E ArmVmp : Match on catch block at 0xc3 in for 0xa1
03-01 17:10:52.270 32665 32665 E ArmVmp : Match on catch block at 0xc3 in for 0xa5
03-01 17:10:52.279 32665 32665 E ArmVmp : Match on catch block at 0xc3 in for 0xa5
03-01 17:10:52.285 32665 32665 E ArmVmp : Match on catch block at 0xc3 in for 0xa9
03-01 17:10:52.295 32665 32665 E ArmVmp : Match on catch block at 0xc3 in for 0xa9
03-01 17:10:52.301 32665 32665 E ArmVmp : Match on catch block at 0xc3 in for 0xa1
03-01 17:10:52.313 32665 32665 E ArmVmp : Match on catch block at 0xc3 in for 0xa1
03-01 17:10:52.318 32665 32665 E ArmVmp : Match on catch block at 0xc3 in for 0xa5
03-01 17:10:52.330 32665 32665 E ArmVmp : Match on catch block at 0xc3 in for 0xa5
03-01 17:10:52.334 32665 32665 E ArmVmp : Match on catch block at 0xc3 in for 0xa9
03-01 17:10:52.345 32665 32665 E ArmVmp : Match on catch block at 0xc3 in for 0xa9
03-01 17:10:52.351 32665 32665 E ArmVmp : Match on catch block at 0xc3 in for 0xa1
03-01 17:10:52.363 32665 32665 E ArmVmp : Match on catch block at 0xc3 in for 0xa5
03-01 17:10:52.367 32665 32665 E ArmVmp : Match on catch block at 0xc3 in for 0xa9
03-01 17:10:52.378 32665 32665 E ArmVmp : Match on catch block at 0xc3 in for 0xa9
03-01 17:10:52.382 32665 32665 E ArmVmp : Match on catch block at 0xc3 in for 0xa1
03-01 17:10:52.395 32665 32665 E ArmVmp : Match on catch block at 0xc3 in for 0xa1
03-01 17:10:52.399 32665 32665 E ArmVmp : Match on catch block at 0xc3 in for 0xa5
03-01 17:10:52.411 32665 32665 E ArmVmp : Match on catch block at 0xc3 in for 0xa5
03-01 17:10:52.415 32665 32665 E ArmVmp : Match on catch block at 0xc3 in for 0xa9
03-01 17:10:52.430 32665 32665 E ArmVmp : Match on catch block at 0xc3 in for 0xa9
03-01 17:10:52.436 32665 32665 E ArmVmp : Match on catch block at 0xc3 in for 0xa1
03-01 17:10:52.444 32665 32665 E ArmVmp : Match on catch block at 0xc3 in for 0xa1
03-01 17:10:52.449 32665 32665 E ArmVmp : Match on catch block at 0xc3 in for 0xa5
03-01 17:10:52.463 32665 32665 E ArmVmp : Match on catch block at 0xc3 in for 0xa9
03-01 17:10:52.467 32665 32665 E ArmVmp : Match on catch block at 0xc3 in for 0xa1
03-01 17:10:52.479 32665 32665 E ArmVmp : Match on catch block at 0xc3 in for 0xa1
03-01 17:10:52.484 32665 32665 E ArmVmp : Match on catch block at 0xc3 in for 0xa5
03-01 17:10:52.494 32665 32665 E ArmVmp : Match on catch block at 0xc3 in for 0xa5
03-01 17:10:52.500 32665 32665 E ArmVmp : Match on catch block at 0xc3 in for 0xa9
03-01 17:10:52.511 32665 32665 E ArmVmp : Match on catch block at 0xc3 in for 0xa9
03-01 17:10:52.516 32665 32665 E ArmVmp : Match on catch block at 0xc3 in for 0xa1
03-01 17:10:52.528 32665 32665 E ArmVmp : Match on catch block at 0xc3 in for 0xa1
03-01 17:10:52.532 32665 32665 E ArmVmp : Match on catch block at 0xc3 in for 0xa5
03-01 17:10:52.546 32665 32665 E ArmVmp : Match on catch block at 0xc3 in for 0xa9
03-01 17:10:52.551 32665 32665 E ArmVmp : Match on catch block at 0xc3 in for 0xa1
