The document appears to contain log output from an Android application. It reports errors loading classes and resources, failures to initialize graphics configurations, and exceptions thrown during activity creation indicating problems accessing required strings, files, or permissions.
The document appears to contain log output from an Android application. It reports errors loading classes and resources, failures to initialize graphics configurations, and exceptions thrown during activity creation indicating problems accessing required strings, files, or permissions.
The document appears to contain log output from an Android application. It reports errors loading classes and resources, failures to initialize graphics configurations, and exceptions thrown during activity creation indicating problems accessing required strings, files, or permissions.
The document appears to contain log output from an Android application. It reports errors loading classes and resources, failures to initialize graphics configurations, and exceptions thrown during activity creation indicating problems accessing required strings, files, or permissions.
Download as TXT, PDF, TXT or read online from Scribd
Download as txt, pdf, or txt
You are on page 1of 8
--------- beginning of main
02-21 15:24:04.795 30958 30958 E com.mbwhatsapp: Not starting debugger since
process cannot load the jdwp agent.
02-21 15:24:04.926 30958 30958 W System.err: java.lang.ClassNotFoundException: mbmodsd.mbmodsw.ui.views.btn.BtnBK
02-21 15:24:04.927 30958 30958 W System.err: at java.lang.Runtime.nativeLoad(Native Method)
02-21 15:24:04.927 30958 30958 W System.err: at java.lang.Runtime.nativeLoad(Runtime.java:1121)
02-21 15:24:04.927 30958 30958 W System.err: at java.lang.Runtime.loadLibrary0(Runtime.java:1075)
02-21 15:24:04.928 30958 30958 W System.err: at java.lang.Runtime.loadLibrary0(Runtime.java:998)
02-21 15:24:04.928 30958 30958 W System.err: at java.lang.System.loadLibrary(System.java:1661)
02-21 15:24:04.929 30958 30958 W System.err: at arm.EpicVm.<clinit>(Unknown Source:2)
02-21 15:24:04.930 30958 30958 W System.err: at java.lang.Class.newInstance(Native Method)
02-21 15:24:04.930 30958 30958 W System.err: at android.app.AppComponentFactory.instantiateApplication(AppComponentFactory.java:76)
02-21 15:24:04.930 30958 30958 W System.err: at androidx.core.app.CoreComponentFactory.instantiateApplication(Unknown Source:0)
02-21 15:24:04.930 30958 30958 W System.err: at android.app.Instrumentation.newApplication(Instrumentation.java:1232)
02-21 15:24:04.930 30958 30958 W System.err: at android.app.LoadedApk.makeApplicationInner(LoadedApk.java:1566)
02-21 15:24:04.930 30958 30958 W System.err: at android.app.LoadedApk.makeApplicationInner(LoadedApk.java:1503)
02-21 15:24:04.930 30958 30958 W System.err: at android.app.ActivityThread.handleBindApplication(ActivityThread.java:7575)
02-21 15:24:04.930 30958 30958 W System.err: at android.app.ActivityThread.-$ $Nest$mhandleBindApplication(Unknown Source:0)
02-21 15:24:04.930 30958 30958 W System.err: at android.app.ActivityThread$H.handleMessage(ActivityThread.java:2400)
02-21 15:24:04.930 30958 30958 W System.err: at android.os.Handler.dispatchMessage(Handler.java:106)
02-21 15:24:04.930 30958 30958 W System.err: at android.os.Looper.loopOnce(Looper.java:226)
02-21 15:24:04.930 30958 30958 W System.err: at android.os.Looper.loop(Looper.java:313)
02-21 15:24:04.930 30958 30958 W System.err: at android.app.ActivityThread.main(ActivityThread.java:8779)
02-21 15:24:04.930 30958 30958 W System.err: at java.lang.reflect.Method.invoke(Native Method)
02-21 15:24:04.930 30958 30958 W System.err: at com.android.internal.os.RuntimeInit$MethodAndArgsCaller.run(RuntimeInit.java:604)
02-21 15:24:04.930 30958 30958 W System.err: at com.android.internal.os.ZygoteInit.main(ZygoteInit.java:1067)
02-21 15:24:04.976 30958 30958 E CustomActivityOnCrash: IMPORTANT WARNING! You already have an UncaughtExceptionHandler, are you sure this is correct? If you use a custom UncaughtExceptionHandler, you must initialize it AFTER CustomActivityOnCrash! Installing anyway, but your original handler will not be called.
02-21 15:24:05.358 30958 31000 W LibraryVersion: Failed to get app version for libraryName: firebase-iid
02-21 15:24:05.659 31040 31040 E com.mbwhatsapp: Not starting debugger since process cannot load the jdwp agent.
02-21 15:24:05.731 31040 31040 W System.err: java.lang.ClassNotFoundException: mbmodsd.mbmodsw.ui.views.btn.BtnBK
02-21 15:24:05.731 31040 31040 W System.err: at java.lang.Runtime.nativeLoad(Native Method)
02-21 15:24:05.731 31040 31040 W System.err: at java.lang.Runtime.nativeLoad(Runtime.java:1121)
02-21 15:24:05.731 31040 31040 W System.err: at java.lang.Runtime.loadLibrary0(Runtime.java:1075)
02-21 15:24:05.731 31040 31040 W System.err: at java.lang.Runtime.loadLibrary0(Runtime.java:998)
02-21 15:24:05.731 31040 31040 W System.err: at java.lang.System.loadLibrary(System.java:1661)
02-21 15:24:05.731 31040 31040 W System.err: at arm.EpicVm.<clinit>(Unknown Source:2)
02-21 15:24:05.731 31040 31040 W System.err: at java.lang.Class.newInstance(Native Method)
02-21 15:24:05.731 31040 31040 W System.err: at android.app.AppComponentFactory.instantiateApplication(AppComponentFactory.java:76)
02-21 15:24:05.731 31040 31040 W System.err: at androidx.core.app.CoreComponentFactory.instantiateApplication(Unknown Source:0)
02-21 15:24:05.731 31040 31040 W System.err: at android.app.Instrumentation.newApplication(Instrumentation.java:1232)
02-21 15:24:05.731 31040 31040 W System.err: at android.app.LoadedApk.makeApplicationInner(LoadedApk.java:1566)
02-21 15:24:05.731 31040 31040 W System.err: at android.app.LoadedApk.makeApplicationInner(LoadedApk.java:1503)
02-21 15:24:05.731 31040 31040 W System.err: at android.app.ActivityThread.handleBindApplication(ActivityThread.java:7575)
02-21 15:24:05.731 31040 31040 W System.err: at android.app.ActivityThread.-$ $Nest$mhandleBindApplication(Unknown Source:0)
02-21 15:24:05.731 31040 31040 W System.err: at android.app.ActivityThread$H.handleMessage(ActivityThread.java:2400)
02-21 15:24:05.731 31040 31040 W System.err: at android.os.Handler.dispatchMessage(Handler.java:106)
02-21 15:24:05.731 31040 31040 W System.err: at android.os.Looper.loopOnce(Looper.java:226)
02-21 15:24:05.731 31040 31040 W System.err: at android.os.Looper.loop(Looper.java:313)
02-21 15:24:05.731 31040 31040 W System.err: at android.app.ActivityThread.main(ActivityThread.java:8779)
02-21 15:24:05.732 31040 31040 W System.err: at java.lang.reflect.Method.invoke(Native Method)
02-21 15:24:05.732 31040 31040 W System.err: at com.android.internal.os.RuntimeInit$MethodAndArgsCaller.run(RuntimeInit.java:604)
02-21 15:24:05.732 31040 31040 W System.err: at com.android.internal.os.ZygoteInit.main(ZygoteInit.java:1067)
02-21 15:24:05.766 31040 31040 E CustomActivityOnCrash: IMPORTANT WARNING! You already have an UncaughtExceptionHandler, are you sure this is correct? If you use a custom UncaughtExceptionHandler, you must initialize it AFTER CustomActivityOnCrash! Installing anyway, but your original handler will not be called.
02-21 15:24:05.797 31040 31066 W LibraryVersion: Failed to get app version for libraryName: firebase-iid
02-21 15:24:05.974 31040 31040 W com.mbwhatsapp: Accessing hidden method Lcom/android/org/conscrypt/OpenSSLSocketImpl;->setUseSessionTickets(Z)V (max- target-q,core-platform-api, reflection, denied)
02-21 15:24:05.975 31040 31040 W com.mbwhatsapp: Accessing hidden method Lcom/android/org/conscrypt/AbstractConscryptSocket;->setUseSessionTickets(Z)V (max- target-q, reflection, denied)
02-21 15:24:06.029 31108 31108 W libprocessgroup: Controller sfreezer is not found
02-21 15:24:06.031 31108 31108 W libprocessgroup: SetAttribute: unknown attribute: OlafState
02-21 15:24:06.031 31108 31108 W libprocessgroup: SetAttribute: unknown attribute: OlafState
02-21 15:24:06.964 31040 31129 W com.mbwhatsapp: Method void X.2rL.A03(java.lang.Integer) failed lock verification and will run slower.
02-21 15:24:06.964 31040 31129 W com.mbwhatsapp: Common causes for lock verification issues are non-optimized dex code
02-21 15:24:06.964 31040 31129 W com.mbwhatsapp: and incorrect proguard optimizations.
02-21 15:24:06.984 31040 31040 W com.mbwhatsapp: Method void X.0eU.A0h(X.0tK, boolean) failed lock verification and will run slower.
02-21 15:24:07.235 31040 31141 E QT : [QT]file does not exist
02-21 15:24:07.262 31040 31141 E OpenGLRenderer: Device claims wide gamut support, cannot find matching config, error = EGL_SUCCESS
02-21 15:24:07.263 31040 31141 W OpenGLRenderer: Failed to initialize 101010-2 format, error = EGL_SUCCESS
02-21 15:24:07.312 31040 31040 E com.mbwhatsapp: Invalid ID 0x00000000.
02-21 15:24:07.314 31040 31040 W System.err: android.content.res.Resources$NotFoundException: String resource ID #0x0
02-21 15:24:07.314 31040 31040 W System.err:
02-21 15:24:07.315 31040 31040 W System.err: at android.content.res.Resources.getText(Resources.java:512)
02-21 15:24:07.315 31040 31040 W System.err:
02-21 15:24:07.315 31040 31040 W System.err: at android.content.res.Resources.getString(Resources.java:605)
02-21 15:24:07.315 31040 31040 W System.err:
02-21 15:24:07.315 31040 31040 W System.err: at X.35t.A0E(Unknown Source:46)
02-21 15:24:07.315 31040 31040 W System.err:
02-21 15:24:07.315 31040 31040 W System.err: at com.mbwhatsapp.yo.yo.getString(Native Method)
02-21 15:24:07.315 31040 31040 W System.err:
02-21 15:24:07.315 31040 31040 W System.err: at com.mbwhatsapp.yo.yo.getString(Native Method)
02-21 15:24:07.315 31040 31040 W System.err:
02-21 15:24:07.315 31040 31040 W System.err: at com.mbwhatsapp.youbasha.task.utils.requestAllFilesAccess14(Native Method)
02-21 15:24:07.315 31040 31040 W System.err:
02-21 15:24:07.315 31040 31040 W System.err: at com.mbwhatsapp.yo.dep.showStoragePermissionRequest(Native Method)
02-21 15:24:07.315 31040 31040 W System.err:
02-21 15:24:07.315 31040 31040 W System.err: at com.mbwhatsapp.registration.EULA.onCreate(Unknown Source:248)
02-21 15:24:07.315 31040 31040 W System.err:
02-21 15:24:07.315 31040 31040 W System.err: at android.app.Activity.performCreate(Activity.java:8591)
02-21 15:24:07.315 31040 31040 W System.err:
02-21 15:24:07.315 31040 31040 W System.err: at android.app.Activity.performCreate(Activity.java:8570)
02-21 15:24:07.315 31040 31040 W System.err:
02-21 15:24:07.315 31040 31040 W System.err: at android.app.Instrumentation.callActivityOnCreate(Instrumentation.java:1384)
02-21 15:24:07.315 31040 31040 W System.err:
02-21 15:24:07.316 31040 31040 W System.err: at android.app.ActivityThread.performLaunchActivity(ActivityThread.java:4150)
02-21 15:24:07.316 31040 31040 W System.err:
02-21 15:24:07.316 31040 31040 W System.err: at android.app.ActivityThread.handleLaunchActivity(ActivityThread.java:4325)
02-21 15:24:07.316 31040 31040 W System.err:
02-21 15:24:07.316 31040 31040 W System.err: at android.app.servertransaction.LaunchActivityItem.execute(LaunchActivityItem.java:10 1)
02-21 15:24:07.316 31040 31040 W System.err:
02-21 15:24:07.316 31040 31040 W System.err: at android.app.servertransaction.TransactionExecutor.executeCallbacks(TransactionExecu tor.java:135)
02-21 15:24:07.316 31040 31040 W System.err:
02-21 15:24:07.316 31040 31040 W System.err: at android.app.servertransaction.TransactionExecutor.execute(TransactionExecutor.java: 95)
02-21 15:24:07.316 31040 31040 W System.err:
02-21 15:24:07.316 31040 31040 W System.err: at android.app.ActivityThread$H.handleMessage(ActivityThread.java:2574)
02-21 15:24:07.316 31040 31040 W System.err:
02-21 15:24:07.316 31040 31040 W System.err: at android.os.Handler.dispatchMessage(Handler.java:106)
02-21 15:24:07.316 31040 31040 W System.err:
02-21 15:24:07.316 31040 31040 W System.err: at android.os.Looper.loopOnce(Looper.java:226)
02-21 15:24:07.316 31040 31040 W System.err:
02-21 15:24:07.316 31040 31040 W System.err: at android.os.Looper.loop(Looper.java:313)
02-21 15:24:07.316 31040 31040 W System.err:
02-21 15:24:07.316 31040 31040 W System.err: at android.app.ActivityThread.main(ActivityThread.java:8779)
02-21 15:24:07.316 31040 31040 W System.err:
02-21 15:24:07.316 31040 31040 W System.err: at java.lang.reflect.Method.invoke(Native Method)
02-21 15:24:07.316 31040 31040 W System.err:
02-21 15:24:07.316 31040 31040 W System.err: at com.android.internal.os.RuntimeInit$MethodAndArgsCaller.run(RuntimeInit.java:604)
02-21 15:24:07.316 31040 31040 W System.err:
02-21 15:24:07.317 31040 31040 W System.err: at com.android.internal.os.ZygoteInit.main(ZygoteInit.java:1067)
02-21 15:24:07.317 31040 31040 W System.err:
02-21 15:24:07.394 31040 31040 W Activity: Can request only one set of permissions at a time
02-21 15:24:07.455 31040 31158 E RenderScript: Failed loading RS driver: dlopen failed: library "libRSDriver_mtk.so" not found
02-21 15:24:07.455 31040 31158 E RenderScript: Failed to load runtime libRSDriver_mtk.so, loading default
02-21 15:24:07.505 31040 31040 E ArmVmp : Match on catch block at 0x0a in for 0x275
02-21 15:24:07.655 31040 31040 E FBI : Can't load library: dlopen failed: library "libmagtsync.so" not found
02-21 15:24:07.764 31040 31141 W Parcel : Expecting binder but got null!
02-21 15:24:08.289 31040 31141 W Parcel : Expecting binder but got null!
02-21 15:24:08.630 31040 31040 E com.mbwhatsapp: Invalid ID 0x00000000.
02-21 15:24:08.631 31040 31040 E com.mbwhatsapp: Invalid ID 0x00000000.
02-21 15:24:08.631 31040 31040 E com.mbwhatsapp: Invalid ID 0x00000000.
02-21 15:24:08.635 31040 31040 E com.mbwhatsapp: Invalid ID 0x00000000.
02-21 15:24:08.636 31040 31040 E com.mbwhatsapp: Invalid ID 0x00000000.
02-21 15:24:08.637 31040 31040 E com.mbwhatsapp: Invalid ID 0x00000000.
02-21 15:24:08.638 31040 31040 E com.mbwhatsapp: Invalid ID 0x00000000.
02-21 15:24:08.638 31040 31040 E com.mbwhatsapp: Invalid ID 0x00000000.
02-21 15:24:13.322 31040 31049 W com.mbwhatsapp: Cleared Reference was only reachable from finalizer (only reported once)
02-21 15:24:14.230 31040 31040 W Activity: Can request only one set of permissions at a time
02-21 15:24:14.230 31040 31040 W Activity: Can request only one set of permissions at a time
02-21 15:24:18.476 31040 31538 E ShortcutInfoCompatSaver: Failed to load saved values from file /data/user/0/com.mbwhatsapp/files/ShortcutInfoCompatSaver_share_targets/ targets.xml. Old state removed, new added
02-21 15:24:18.476 31040 31538 E ShortcutInfoCompatSaver: java.io.FileNotFoundException: /data/user/0/com.mbwhatsapp/files/ShortcutInfoCompatSaver_share_targets/ targets.xml: open failed: ENOENT (No such file or directory)
02-21 15:24:18.476 31040 31538 E ShortcutInfoCompatSaver: at libcore.io.IoBridge.open(IoBridge.java:574)
02-21 15:24:18.476 31040 31538 E ShortcutInfoCompatSaver: at java.io.FileInputStream.<init>(FileInputStream.java:160)
02-21 15:24:18.476 31040 31538 E ShortcutInfoCompatSaver: at X.0nz.run(Unknown Source:82)
02-21 15:24:18.476 31040 31538 E ShortcutInfoCompatSaver: at java.util.concurrent.Executors$RunnableAdapter.call(Executors.java:463)
02-21 15:24:18.476 31040 31538 E ShortcutInfoCompatSaver: at java.util.concurrent.FutureTask.run(FutureTask.java:264)
02-21 15:24:18.476 31040 31538 E ShortcutInfoCompatSaver: at java.util.concurrent.ThreadPoolExecutor.runWorker(ThreadPoolExecutor.java:1137)
02-21 15:24:18.476 31040 31538 E ShortcutInfoCompatSaver: at java.util.concurrent.ThreadPoolExecutor$Worker.run(ThreadPoolExecutor.java:637)
02-21 15:24:18.476 31040 31538 E ShortcutInfoCompatSaver: at java.lang.Thread.run(Thread.java:1012)
02-21 15:24:18.476 31040 31538 E ShortcutInfoCompatSaver: Caused by: android.system.ErrnoException: open failed: ENOENT (No such file or directory)
02-21 15:24:18.476 31040 31538 E ShortcutInfoCompatSaver: at libcore.io.Linux.open(Native Method)
02-21 15:24:18.476 31040 31538 E ShortcutInfoCompatSaver: at libcore.io.ForwardingOs.open(ForwardingOs.java:563)
02-21 15:24:18.476 31040 31538 E ShortcutInfoCompatSaver: at libcore.io.BlockGuardOs.open(BlockGuardOs.java:274)
02-21 15:24:18.476 31040 31538 E ShortcutInfoCompatSaver: at libcore.io.ForwardingOs.open(ForwardingOs.java:563)
02-21 15:24:18.476 31040 31538 E ShortcutInfoCompatSaver: at android.app.ActivityThread$AndroidOs.open(ActivityThread.java:8641)
02-21 15:24:18.476 31040 31538 E ShortcutInfoCompatSaver: at libcore.io.IoBridge.open(IoBridge.java:560)
02-21 15:24:18.476 31040 31538 E ShortcutInfoCompatSaver: ... 7 more
02-21 15:24:18.534 31040 31141 E FrameEvents: updateAcquireFence: Did not find frame.
02-21 15:24:18.544 31040 31141 E FrameEvents: updateAcquireFence: Did not find frame.
02-21 15:24:18.563 31040 31141 E FrameEvents: updateAcquireFence: Did not find frame.
02-21 15:24:20.388 31040 31141 W Parcel : Expecting binder but got null!
02-21 15:24:23.037 31040 31040 W OnBackInvokedCallback: OnBackInvokedCallback is not enabled for the application.
02-21 15:24:23.037 31040 31040 W OnBackInvokedCallback: Set 'android:enableOnBackInvokedCallback="true"' in the application manifest.
02-21 15:24:27.508 31040 31040 W Settings: Setting show_button_background has moved from android.provider.Settings.System to android.provider.Settings.Global, returning read-only value.
02-21 15:24:27.640 31040 31141 W Parcel : Expecting binder but got null!
02-21 15:24:36.945 31040 31136 E PlayCore: UID: [10269] PID: [31040] StandardIntegrity : Phonesky is not installed.
02-21 15:24:36.982 31040 31115 W ziparchive: Unable to open '/system_ext/framework/org.carconnectivity.android.digitalkey.timesync.dm': No such file or directory
02-21 15:24:36.982 31040 31115 W ziparchive: Unable to open '/system_ext/framework/org.carconnectivity.android.digitalkey.timesync.dm': No such file or directory
02-21 15:24:38.122 31040 31141 W Parcel : Expecting binder but got null!
02-21 15:24:38.129 31040 31040 W OnBackInvokedCallback: OnBackInvokedCallback is not enabled for the application.
02-21 15:24:38.129 31040 31040 W OnBackInvokedCallback: Set 'android:enableOnBackInvokedCallback="true"' in the application manifest.
02-21 15:24:39.646 31040 31040 W OnBackInvokedCallback: OnBackInvokedCallback is not enabled for the application.
02-21 15:24:39.646 31040 31040 W OnBackInvokedCallback: Set 'android:enableOnBackInvokedCallback="true"' in the application manifest.
02-21 15:24:40.115 31040 31040 W Settings: Setting show_button_background has moved from android.provider.Settings.System to android.provider.Settings.Global, returning read-only value.
02-21 15:24:40.152 31040 31141 W Parcel : Expecting binder but got null!
02-21 15:24:40.226 31040 31141 W Parcel : Expecting binder but got null!
02-21 15:24:41.074 31040 31141 W Parcel : Expecting binder but got null!
02-21 15:24:44.610 31040 31040 W RemoteInputConnectionImpl: requestCursorAnchorInfo on inactive InputConnection
02-21 15:24:44.635 31040 31040 E ImeBackDispatcher: Ime callback not found. Ignoring unregisterReceivedCallback. callbackId: 161704686
02-21 15:24:44.676 31040 31040 W OnBackInvokedCallback: OnBackInvokedCallback is not enabled for the application.
02-21 15:24:44.676 31040 31040 W OnBackInvokedCallback: Set 'android:enableOnBackInvokedCallback="true"' in the application manifest.
02-21 15:25:20.161 31040 31141 W Parcel : Expecting binder but got null!
02-21 15:25:24.459 31040 31040 W Settings: Setting show_button_background has moved from android.provider.Settings.System to android.provider.Settings.Global, returning read-only value.
02-21 15:25:24.509 31040 31141 W Parcel : Expecting binder but got null!
02-21 15:25:26.250 31040 31141 W Parcel : Expecting binder but got null!
02-21 15:25:26.334 31040 31040 W OnBackInvokedCallback: OnBackInvokedCallback is not enabled for the application.
02-21 15:25:26.334 31040 31040 W OnBackInvokedCallback: Set 'android:enableOnBackInvokedCallback="true"' in the application manifest.
02-21 15:25:28.976 31040 31141 W Parcel : Expecting binder but got null!
02-21 15:25:28.995 31040 31040 W OnBackInvokedCallback: OnBackInvokedCallback is not enabled for the application.
02-21 15:25:28.995 31040 31040 W OnBackInvokedCallback: Set 'android:enableOnBackInvokedCallback="true"' in the application manifest.
02-21 15:25:29.005 31040 31040 W RemoteInputConnectionImpl: requestCursorAnchorInfo on inactive InputConnection
02-21 15:25:36.508 31040 31040 W Activity: Can request only one set of permissions at a time
02-21 15:25:36.556 31040 31141 W Parcel : Expecting binder but got null!
02-21 15:25:36.681 31040 31040 W Choreographer: Frame time is 0.030644 ms in the future! Check that graphics HAL is generating vsync timestamps using the correct timebase.
02-21 15:25:37.806 31040 31040 W X.0Z6 : Invalid or missing region code (México) provided.
02-21 15:25:37.872 31040 31141 W Parcel : Expecting binder but got null!
02-21 15:25:38.099 31040 31040 W OnBackInvokedCallback: OnBackInvokedCallback is not enabled for the application.
02-21 15:25:38.099 31040 31040 W OnBackInvokedCallback: Set 'android:enableOnBackInvokedCallback="true"' in the application manifest.
02-21 15:26:05.420 31040 31040 W OnBackInvokedCallback: OnBackInvokedCallback is not enabled for the application.
02-21 15:26:05.420 31040 31040 W OnBackInvokedCallback: Set 'android:enableOnBackInvokedCallback="true"' in the application manifest.
02-21 15:26:06.427 31040 31141 W Parcel : Expecting binder but got null!
02-21 15:26:07.480 31040 31040 W OnBackInvokedCallback: OnBackInvokedCallback is not enabled for the application.
02-21 15:26:07.480 31040 31040 W OnBackInvokedCallback: Set 'android:enableOnBackInvokedCallback="true"' in the application manifest.
02-21 15:26:12.166 31040 31040 W Settings: Setting show_button_background has moved from android.provider.Settings.System to android.provider.Settings.Global, returning read-only value.
02-21 15:26:12.239 31040 31141 W Parcel : Expecting binder but got null!
02-21 15:26:13.736 31040 31141 W Parcel : Expecting binder but got null!
02-21 15:26:14.983 31040 31040 W OnBackInvokedCallback: OnBackInvokedCallback is not enabled for the application.
02-21 15:26:14.983 31040 31040 W OnBackInvokedCallback: Set 'android:enableOnBackInvokedCallback="true"' in the application manifest.
02-21 15:26:15.350 31040 31040 W Settings: Setting show_button_background has moved from android.provider.Settings.System to android.provider.Settings.Global, returning read-only value.
02-21 15:26:15.396 31040 31141 W Parcel : Expecting binder but got null!
02-21 15:26:15.450 31040 31141 W Parcel : Expecting binder but got null!
02-21 15:26:16.606 31040 31040 W RemoteInputConnectionImpl: requestCursorAnchorInfo on inactive InputConnection
02-21 15:26:16.606 31040 31040 E ImeBackDispatcher: Ime callback not found. Ignoring unregisterReceivedCallback. callbackId: 161704686
02-21 15:26:16.634 31040 31141 W Parcel : Expecting binder but got null!
02-21 15:26:16.675 31040 31040 W OnBackInvokedCallback: OnBackInvokedCallback is not enabled for the application.
02-21 15:26:16.675 31040 31040 W OnBackInvokedCallback: Set 'android:enableOnBackInvokedCallback="true"' in the application manifest.
02-21 15:26:16.741 31040 31040 W RemoteInputConnectionImpl: requestCursorAnchorInfo on inactive InputConnection
02-21 15:27:22.000 31040 31040 W Activity: Can request only one set of permissions at a time
02-21 15:27:22.063 31040 31141 W Parcel : Expecting binder but got null!
02-21 15:27:28.696 31040 31141 W Parcel : Expecting binder but got null!
02-21 15:27:28.704 31040 31040 W BottomSheetBehavior: BottomSheetBehavior now supports multiple callbacks. `setBottomSheetCallback()` removes all existing callbacks, including ones set internally by library authors, which may result in unintended behavior. This may change in the future. Please use `addBottomSheetCallback()` and `removeBottomSheetCallback()` instead to set your own callbacks.
02-21 15:27:30.790 31040 31040 W X.0Z6 : Invalid or missing region code (México) provided.
02-21 15:27:30.846 31040 31141 W Parcel : Expecting binder but got null!
02-21 15:27:31.035 31040 31040 W OnBackInvokedCallback: OnBackInvokedCallback is not enabled for the application.
02-21 15:27:31.035 31040 31040 W OnBackInvokedCallback: Set 'android:enableOnBackInvokedCallback="true"' in the application manifest.
02-21 15:28:13.715 31040 31040 W Settings: Setting show_button_background has moved from android.provider.Settings.System to android.provider.Settings.Global, returning read-only value.
02-21 15:28:13.778 31040 31141 W Parcel : Expecting binder but got null!
02-21 15:28:16.193 31040 31141 W Parcel : Expecting binder but got null!
02-21 15:28:16.198 31040 31040 W OnBackInvokedCallback: OnBackInvokedCallback is not enabled for the application.
02-21 15:28:16.198 31040 31040 W OnBackInvokedCallback: Set 'android:enableOnBackInvokedCallback="true"' in the application manifest.
02-21 15:28:17.393 31040 31040 W Settings: Setting show_button_background has moved from android.provider.Settings.System to android.provider.Settings.Global, returning read-only value.
02-21 15:28:17.453 31040 31141 W Parcel : Expecting binder but got null!
02-21 15:28:22.482 31040 31040 W OnBackInvokedCallback: OnBackInvokedCallback is not enabled for the application.
02-21 15:28:22.482 31040 31040 W OnBackInvokedCallback: Set 'android:enableOnBackInvokedCallback="true"' in the application manifest.
02-21 15:28:22.948 31040 31040 W Settings: Setting show_button_background has moved from android.provider.Settings.System to android.provider.Settings.Global, returning read-only value.
02-21 15:28:22.992 31040 31141 W Parcel : Expecting binder but got null!
02-21 15:28:23.040 31040 31141 W Parcel : Expecting binder but got n