The document contains log entries from an Android application. It records errors related to loading debugging tools, acquiring services, uncaught exceptions, missing files, and other issues. Process IDs and timestamps are provided for each entry. The application attempts to start but encounters multiple errors during initialization.
We take content rights seriously. If you suspect this is your content, claim it here.
Available Formats
Download as TXT, PDF, TXT or read online on Scribd
0 ratings0% found this document useful (0 votes)
2K views4 pages
Logcat
The document contains log entries from an Android application. It records errors related to loading debugging tools, acquiring services, uncaught exceptions, missing files, and other issues. Process IDs and timestamps are provided for each entry. The application attempts to start but encounters multiple errors during initialization.
We take content rights seriously. If you suspect this is your content, claim it here.
Available Formats
Download as TXT, PDF, TXT or read online on Scribd
You are on page 1/ 4
--------- beginning of main
02-22 09:04:26.239 29072 29072 E com.mbwhatsapp: Not starting debugger since
process cannot load the jdwp agent.
02-22 09:04:26.277 29072 29086 E BehaviorCollectManager: Fail to acquire dataAnalyzerService...
02-22 09:04:26.376 29072 29072 E CustomActivityOnCrash: IMPORTANT WARNING! You already have an UncaughtExceptionHandler, are you sure this is correct? If you use a custom UncaughtExceptionHandler, you must initialize it AFTER CustomActivityOnCrash! Installing anyway, but your original handler will not be called.
02-22 09:04:26.389 29072 29091 E AwareLog: AtomicFileUtils: readFileLines file not exist: android.util.AtomicFile@2f5f82d
02-22 09:04:26.420 29072 29072 E ContextImpl: check error = /storage/emulated/0/Android/media/com.snaptube.premium
02-22 09:04:26.420 29072 29072 E ContextImpl: need fix = /storage/emulated/0/Android/media/com.mbwhatsapp
02-22 09:04:26.742 29111 29111 E com.mbwhatsapp: Not starting debugger since process cannot load the jdwp agent.
02-22 09:04:26.782 29111 29136 E BehaviorCollectManager: Fail to acquire dataAnalyzerService...
02-22 09:04:26.860 29111 29111 E CustomActivityOnCrash: IMPORTANT WARNING! You already have an UncaughtExceptionHandler, are you sure this is correct? If you use a custom UncaughtExceptionHandler, you must initialize it AFTER CustomActivityOnCrash! Installing anyway, but your original handler will not be called.
02-22 09:04:26.863 29111 29145 E AwareLog: AtomicFileUtils: readFileLines file not exist: android.util.AtomicFile@2f5f82d
02-22 09:04:26.885 29111 29111 E ContextImpl: check error = /storage/emulated/0/Android/media/com.snaptube.premium
02-22 09:04:26.885 29111 29111 E ContextImpl: need fix = /storage/emulated/0/Android/media/com.mbwhatsapp
02-22 09:04:28.033 29111 29111 E com.mbwhatsapp: Invalid ID 0x00000000.
02-22 09:04:28.109 29111 29194 E RenderScript: Failed loading RS driver: dlopen failed: library "libRSDriver_mtk.so" not found
02-22 09:04:28.109 29111 29194 E RenderScript: Failed to load runtime libRSDriver_mtk.so, loading default
02-22 09:04:28.155 29111 29111 E ArmVmp : Match on catch block at 0x0a in for 0x741167204d
02-22 09:04:28.168 29111 29191 E com.mbwhatsapp: open file error
02-22 09:04:28.274 29111 29191 E com.mbwhatsapp: fbcNotifyFrameComplete error: undefined symbol: fbcNotifyFrameComplete
02-22 09:04:28.274 29111 29191 E com.mbwhatsapp: fbcNotifyNoRender error: undefined symbol: fbcNotifyNoRender
02-22 09:04:28.760 29111 29111 E RtgSchedIpcFile: RtgSchedIpcFile failed to open /proc/29111/rtg
02-22 09:04:28.760 29111 29111 E RtgSchedIpcFile: RtgSchedIpcFile failed to open /proc/29111/rtg
02-22 09:04:28.760 29111 29111 E RtgSchedIpcFile: setCommandByIoctl not opened
02-22 09:04:28.804 29111 29111 E RtgSchedIpcFile: RtgSchedIpcFile failed to open /proc/29111/rtg
02-22 09:04:28.804 29111 29111 E RtgSchedIpcFile: setCommandByIoctl not opened
02-22 09:04:29.162 29111 29111 E com.mbwhatsapp: Invalid ID 0x00000000.
02-22 09:04:29.163 29111 29111 E com.mbwhatsapp: Invalid ID 0x00000000.
02-22 09:04:29.164 29111 29111 E com.mbwhatsapp: Invalid ID 0x00000000.
02-22 09:04:29.164 29111 29111 E com.mbwhatsapp: Invalid ID 0x00000000.
02-22 09:04:29.164 29111 29111 E com.mbwhatsapp: Invalid ID 0x00000000.
02-22 09:04:29.165 29111 29111 E com.mbwhatsapp: Invalid ID 0x00000000.
02-22 09:04:29.165 29111 29111 E com.mbwhatsapp: Invalid ID 0x00000000.
02-22 09:04:29.166 29111 29111 E com.mbwhatsapp: Invalid ID 0x00000000.
02-22 09:04:30.569 29111 29527 E ContextImpl: check error = /storage/emulated/0/Android/media/com.snaptube.premium
02-22 09:04:30.569 29111 29527 E ContextImpl: need fix = /storage/emulated/0/Android/media/com.mbwhatsapp
02-22 09:04:38.249 29111 29111 E RtgSchedIpcFile: RtgSchedIpcFile failed to open /proc/29111/rtg
02-22 09:04:38.249 29111 29111 E RtgSchedIpcFile: setCommandByIoctl not opened
02-22 09:04:38.330 29111 29111 E RtgSchedIpcFile: RtgSchedIpcFile failed to open /proc/29111/rtg
02-22 09:04:38.330 29111 29111 E RtgSchedIpcFile: setCommandByIoctl not opened
02-22 09:04:38.512 29111 29111 E RtgSchedIpcFile: RtgSchedIpcFile failed to open /proc/29111/rtg
02-22 09:04:38.512 29111 29111 E RtgSchedIpcFile: setCommandByIoctl not opened
02-22 09:04:46.673 29111 29609 E ShortcutInfoCompatSaver: Failed to load saved values from file /data/user/0/com.mbwhatsapp/files/ShortcutInfoCompatSaver_share_targets/ targets.xml. Old state removed, new added
02-22 09:04:46.673 29111 29609 E ShortcutInfoCompatSaver: java.io.FileNotFoundException: /data/user/0/com.mbwhatsapp/files/ShortcutInfoCompatSaver_share_targets/ targets.xml: open failed: ENOENT (No such file or directory)
02-22 09:04:46.673 29111 29609 E ShortcutInfoCompatSaver: at libcore.io.IoBridge.open(IoBridge.java:574)
02-22 09:04:46.673 29111 29609 E ShortcutInfoCompatSaver: at java.io.FileInputStream.<init>(FileInputStream.java:160)
02-22 09:04:46.673 29111 29609 E ShortcutInfoCompatSaver: at X.0nz.run(Unknown Source:82)
02-22 09:04:46.673 29111 29609 E ShortcutInfoCompatSaver: at java.util.concurrent.Executors$RunnableAdapter.call(Executors.java:487)
02-22 09:04:46.673 29111 29609 E ShortcutInfoCompatSaver: at java.util.concurrent.FutureTask.run(FutureTask.java:264)
02-22 09:04:46.673 29111 29609 E ShortcutInfoCompatSaver: at java.util.concurrent.ThreadPoolExecutor.runWorker(ThreadPoolExecutor.java:1145)
02-22 09:04:46.673 29111 29609 E ShortcutInfoCompatSaver: at java.util.concurrent.ThreadPoolExecutor$Worker.run(ThreadPoolExecutor.java:644)
02-22 09:04:46.673 29111 29609 E ShortcutInfoCompatSaver: at java.lang.Thread.run(Thread.java:1012)
02-22 09:04:46.673 29111 29609 E ShortcutInfoCompatSaver: Caused by: android.system.ErrnoException: open failed: ENOENT (No such file or directory)
02-22 09:04:46.673 29111 29609 E ShortcutInfoCompatSaver: at libcore.io.Linux.open(Native Method)
02-22 09:04:46.673 29111 29609 E ShortcutInfoCompatSaver: at libcore.io.ForwardingOs.open(ForwardingOs.java:563)
02-22 09:04:46.673 29111 29609 E ShortcutInfoCompatSaver: at libcore.io.BlockGuardOs.open(BlockGuardOs.java:274)
02-22 09:04:46.673 29111 29609 E ShortcutInfoCompatSaver: at libcore.io.ForwardingOs.open(ForwardingOs.java:563)
02-22 09:04:46.673 29111 29609 E ShortcutInfoCompatSaver: at android.app.ActivityThread$AndroidOs.open(ActivityThread.java:8836)
02-22 09:04:46.673 29111 29609 E ShortcutInfoCompatSaver: at libcore.io.IoBridge.open(IoBridge.java:560)
02-22 09:04:46.673 29111 29609 E ShortcutInfoCompatSaver: ... 7 more
02-22 09:04:46.788 29111 29111 E RtgSchedIpcFile: RtgSchedIpcFile failed to open /proc/29111/rtg
02-22 09:04:46.788 29111 29111 E RtgSchedIpcFile: setCommandByIoctl not opened
02-22 09:04:46.980 29111 29111 E RtgSchedIpcFile: RtgSchedIpcFile failed to open /proc/29111/rtg
02-22 09:04:46.980 29111 29111 E RtgSchedIpcFile: setCommandByIoctl not opened
02-22 09:04:49.853 29111 29111 E RtgSchedIpcFile: RtgSchedIpcFile failed to open /proc/29111/rtg
02-22 09:04:49.853 29111 29111 E RtgSchedIpcFile: setCommandByIoctl not opened
02-22 09:04:50.089 29111 29111 E RtgSchedIpcFile: RtgSchedIpcFile failed to open /proc/29111/rtg
02-22 09:04:50.089 29111 29111 E RtgSchedIpcFile: setCommandByIoctl not opened
02-22 09:04:59.298 29111 29111 E RtgSchedIpcFile: RtgSchedIpcFile failed to open /proc/29111/rtg
02-22 09:04:59.298 29111 29111 E RtgSchedIpcFile: setCommandByIoctl not opened --------- beginning of main
02-22 09:05:01.553 29655 29655 E com.mbwhatsapp: Not starting debugger since process cannot load the jdwp agent.
02-22 09:05:01.576 29655 29669 E BehaviorCollectManager: Fail to acquire dataAnalyzerService...
02-22 09:05:01.652 29655 29655 E CustomActivityOnCrash: IMPORTANT WARNING! You already have an UncaughtExceptionHandler, are you sure this is correct? If you use a custom UncaughtExceptionHandler, you must initialize it AFTER CustomActivityOnCrash! Installing anyway, but your original handler will not be called.
02-22 09:05:01.655 29655 29673 E AwareLog: AtomicFileUtils: readFileLines file not exist: android.util.AtomicFile@d8df44
02-22 09:05:01.684 29655 29655 E ContextImpl: check error = /storage/emulated/0/Android/media/com.snaptube.premium
02-22 09:05:01.684 29655 29655 E ContextImpl: need fix = /storage/emulated/0/Android/media/com.mbwhatsapp
02-22 09:05:02.298 29655 29718 E ContextImpl: check error = /storage/emulated/0/Android/media/com.snaptube.premium
02-22 09:05:02.298 29655 29718 E ContextImpl: need fix = /storage/emulated/0/Android/media/com.mbwhatsapp --------- beginning of main
02-25 11:55:47.855 19178 19178 E com.mbwhatsapp: Not starting debugger since process cannot load the jdwp agent.
02-25 11:55:47.893 19178 19191 E BehaviorCollectManager: Fail to acquire dataAnalyzerService...
02-25 11:55:48.004 19178 19178 E CustomActivityOnCrash: IMPORTANT WARNING! You already have an UncaughtExceptionHandler, are you sure this is correct? If you use a custom UncaughtExceptionHandler, you must initialize it AFTER CustomActivityOnCrash! Installing anyway, but your original handler will not be called.
02-25 11:55:48.012 19178 19201 E AwareLog: AtomicFileUtils: readFileLines file not exist: android.util.AtomicFile@917a712
02-25 11:55:48.037 19178 19178 E ContextImpl: check error = /storage/emulated/0/Android/media/com.snaptube.premium
02-25 11:55:48.037 19178 19178 E ContextImpl: need fix = /storage/emulated/0/Android/media/com.mbwhatsapp
02-25 11:55:48.309 19178 19178 E RtgSchedIpcFile: RtgSchedIpcFile failed to open /proc/19178/rtg
02-25 11:55:48.309 19178 19178 E RtgSchedIpcFile: RtgSchedIpcFile failed to open /proc/19178/rtg
02-25 11:55:48.309 19178 19178 E RtgSchedIpcFile: setCommandByIoctl not opened
02-25 11:55:48.688 19178 19237 E com.mbwhatsapp: open file error
02-25 11:55:48.783 19178 19237 E com.mbwhatsapp: fbcNotifyFrameComplete error: undefined symbol: fbcNotifyFrameComplete
02-25 11:55:48.783 19178 19237 E com.mbwhatsapp: fbcNotifyNoRender error: undefined symbol: fbcNotifyNoRender
02-25 11:55:48.787 19178 19178 E RtgSchedIpcFile: RtgSchedIpcFile failed to open /proc/19178/rtg
02-25 11:55:48.787 19178 19178 E RtgSchedIpcFile: setCommandByIoctl not opened
02-25 11:55:48.802 19178 19178 E RtgSchedIpcFile: RtgSchedIpcFile failed to open /proc/19178/rtg
02-25 11:55:48.802 19178 19178 E RtgSchedIpcFile: setCommandByIoctl not opened
02-25 11:55:49.040 19178 19178 E RtgSchedIpcFile: RtgSchedIpcFile failed to open /proc/19178/rtg
02-25 11:55:49.040 19178 19178 E RtgSchedIpcFile: setCommandByIoctl not opened
02-25 11:55:49.363 19178 19310 E ContextImpl: check error = /storage/emulated/0/Android/media/com.snaptube.premium
02-25 11:55:49.363 19178 19310 E ContextImpl: need fix = /storage/emulated/0/Android/media/com.mbwhatsapp
02-25 11:56:02.175 19178 19178 E RtgSchedIpcFile: RtgSchedIpcFile failed to open /proc/19178/rtg
02-25 11:56:02.175 19178 19178 E RtgSchedIpcFile: setCommandByIoctl not opened --------- beginning of main
02-25 11:56:04.002 19402 19402 E com.mbwhatsapp: Not starting debugger since process cannot load the jdwp agent.
02-25 11:56:04.035 19402 19417 E BehaviorCollectManager: Fail to acquire dataAnalyzerService...
02-25 11:56:04.126 19402 19402 E CustomActivityOnCrash: IMPORTANT WARNING! You already have an UncaughtExceptionHandler, are you sure this is correct? If you use a custom UncaughtExceptionHandler, you must initialize it AFTER CustomActivityOnCrash! Installing anyway, but your original handler will not be called.
02-25 11:56:04.132 19402 19421 E AwareLog: AtomicFileUtils: readFileLines file not exist: android.util.AtomicFile@917a712
02-25 11:56:04.164 19402 19402 E ContextImpl: check error = /storage/emulated/0/Android/media/com.snaptube.premium
02-25 11:56:04.164 19402 19402 E ContextImpl: need fix = /storage/emulated/0/Android/media/com.mbwhatsapp
02-25 11:56:04.857 19402 19490 E ContextImpl: check error = /storage/emulated/0/Android/media/com.snaptube.premium
02-25 11:56:04.857 19402 19490 E ContextImpl: need fix = /storage/emulated/0/Android/media/com.mbwhatsapp