02-19 11:00:29.179 20304 20304 W linker : Warning: "/data/data/com.mbwhatsapp/files/decompressed/libs.spk.zst/libc++_shared.so" unused DT entry: unknown processor-specific (type 0x70000001 arg 0x0) (ignoring)
02-19 11:00:29.183 20304 20304 W com.mbwhatsapp: type=1400 audit(0.0:29932): avc: granted { execute } for path="/data/data/com.mbwhatsapp/files/decompressed/libs.spk.zst/libvlc.so" dev="dm- 12" ino=934342 scontext=u:r:untrusted_app:s0:c53,c259,c512,c768 tcontext=u:object_r:app_data_file:s0:c53,c259,c512,c768 tclass=file app=com.mbwhatsapp
02-19 11:00:29.210 20304 20304 W com.mbwhatsapp: type=1400 audit(0.0:29933): avc: granted { execute } for path="/data/data/com.mbwhatsapp/files/decompressed/libs.spk.zst/libwhatsapp.so" dev="dm-12" ino=928776 scontext=u:r:untrusted_app:s0:c53,c259,c512,c768 tcontext=u:object_r:app_data_file:s0:c53,c259,c512,c768 tclass=file app=com.mbwhatsapp
02-19 11:00:29.290 20304 20304 W com.mbwhatsapp: type=1400 audit(0.0:29934): avc: granted { execute } for path="/data/data/com.mbwhatsapp/files/decompressed/libs.spk.zst/libcurve25519.so" dev="dm-12" ino=948437 scontext=u:r:untrusted_app:s0:c53,c259,c512,c768 tcontext=u:object_r:app_data_file:s0:c53,c259,c512,c768 tclass=file app=com.mbwhatsapp
02-19 11:00:29.306 20304 20304 W com.mbwhatsapp: type=1400 audit(0.0:29935): avc: granted { execute } for path="/data/data/com.mbwhatsapp/files/decompressed/libs.spk.zst/libwhatsapp.so" dev="dm-12" ino=928776 scontext=u:r:untrusted_app:s0:c53,c259,c512,c768 tcontext=u:object_r:app_data_file:s0:c53,c259,c512,c768 tclass=file app=com.mbwhatsapp
02-19 11:00:29.488 20304 20373 W com.mbwhatsapp: Class X.2rL failed lock verification and will run slower.
02-19 11:00:29.488 20304 20373 W com.mbwhatsapp: Common causes for lock verification issues are non-optimized dex code
02-19 11:00:29.488 20304 20373 W com.mbwhatsapp: and incorrect proguard optimizations.
02-19 11:00:31.031 20304 20461 E libc : Access denied finding property "fw.max_users"
02-19 11:00:31.031 20304 20461 E libc : Access denied finding property "fw.show_multiuserui"
02-19 11:00:31.032 20304 20461 E libc : Access denied finding property "fw.max_users"
02-19 11:00:31.032 20304 20461 E libc : Access denied finding property "fw.show_multiuserui"
02-19 11:01:29.247 20304 20304 W com.mbwhatsapp: Class X.0eU failed lock verification and will run slower.
02-19 11:01:29.416 20304 20304 W com.mbwhatsapp: Class com.mbwhatsapp.HomeActivity failed lock verification and will run slower.
02-19 11:01:29.796 20304 20304 E ArmVmp : Match on catch block at 0x0a in for 0xc1
02-19 11:01:29.818 20304 20304 E ArmVmp : Match on catch block at 0x0a in for 0x139
02-19 11:01:29.853 20304 20797 W com.mbwhatsapp: Accessing hidden method Lcom/android/org/conscrypt/ConscryptEngineSocket;->setUseSessionTickets(Z)V (greylist-max-q,test-api, reflection, denied)
02-19 11:01:29.853 20304 20797 W com.mbwhatsapp: Accessing hidden method Lcom/android/org/conscrypt/OpenSSLSocketImpl;->setUseSessionTickets(Z)V (greylist- max-q,test-api, reflection, denied)
02-19 11:01:29.853 20304 20797 W com.mbwhatsapp: Accessing hidden method Lcom/android/org/conscrypt/AbstractConscryptSocket;->setUseSessionTickets(Z)V (greylist-max-q, reflection, denied)
02-19 11:01:29.853 20304 20797 W com.mbwhatsapp: Accessing hidden method Lcom/android/org/conscrypt/ConscryptEngineSocket;->setHostname(Ljava/lang/String;)V (greylist-max-q,test-api, reflection, denied)
02-19 11:01:29.853 20304 20797 W com.mbwhatsapp: Accessing hidden method Lcom/android/org/conscrypt/OpenSSLSocketImpl;->setHostname(Ljava/lang/String;)V (greylist-max-q,test-api, reflection, denied)
02-19 11:01:29.853 20304 20797 W com.mbwhatsapp: Accessing hidden method Lcom/android/org/conscrypt/AbstractConscryptSocket;->setHostname(Ljava/lang/ String;)V (greylist-max-q, reflection, denied)
02-19 11:01:29.853 20304 20797 W com.mbwhatsapp: Accessing hidden method Lcom/android/org/conscrypt/OpenSSLSocketImpl;->setAlpnProtocols([B)V (greylist-max- q,test-api, reflection, denied)
02-19 11:01:29.853 20304 20797 W com.mbwhatsapp: Accessing hidden method Lcom/android/org/conscrypt/AbstractConscryptSocket;->setAlpnProtocols([B)V (greylist-max-q, reflection, denied)
02-19 11:01:29.956 20304 20797 W com.mbwhatsapp: Accessing hidden method Lcom/android/org/conscrypt/OpenSSLSocketImpl;->getAlpnSelectedProtocol()[B (greylist-max-q,test-api, reflection, denied)
02-19 11:01:29.956 20304 20797 W com.mbwhatsapp: Accessing hidden method Lcom/android/org/conscrypt/AbstractConscryptSocket;->getAlpnSelectedProtocol()[B (greylist-max-q, reflection, denied)
02-19 11:01:30.224 20304 20441 W SQLiteLog: (28) double-quoted string literal: "20"
02-19 11:01:30.224 20304 20441 W SQLiteLog: (28) double-quoted string literal: "40"
02-19 11:01:31.116 20304 20304 E RecyclerView: No adapter attached; skipping layout
02-19 11:01:31.340 20304 20304 E RecyclerView: No adapter attached; skipping layout
02-19 11:01:31.359 20304 20304 E ArmVmp : Match on catch block at 0x0a in for 0xd1
02-19 11:01:31.650 20304 20827 W LOTTIE : Animation contains merge paths. Merge paths are only supported on KitKat+ and must be manually enabled by calling enableMergePathsForKitKatAndAbove().
02-19 11:01:31.910 20304 20304 W LOTTIE : Animation contains merge paths but they are disabled.
02-19 11:01:32.308 20304 20304 E ArmVmp : Match on catch block at 0x5b in for 0x85
02-19 11:01:33.517 20304 20869 E linker : library "" ("/apex/com.android.vndk.v30/lib64") needed or dlopened by "/apex/com.android.vndk.v30/lib64/libRS_internal.so" is not accessible for the namespace: [name="rs", ld_library_paths="", default_library_paths="/apex/com.android.vndk.v30/lib64:/vendor/lib64", permitted_paths="/odm/lib64:/vendor/lib64:/system/vendor/lib64:/data"]
02-19 11:01:33.517 20304 20869 E RenderScript: Failed loading RS driver: dlopen failed: library "" needed or dlopened by "/apex/com.android.vndk.v30/lib64/libRS_internal.so" is not accessible for the namespace "rs"
02-19 11:01:33.517 20304 20869 E RenderScript: Failed to load runtime , loading default
02-19 11:01:33.774 20304 20304 E ArmVmp : Match on catch block at 0x0a in for 0xc5
02-19 11:01:33.779 20304 20304 E ArmVmp : Match on catch block at 0x0a in for 0xc5
02-19 11:01:34.208 20304 20304 E ArmVmp : Match on catch block at 0xc3 in for 0xb1
02-19 11:01:34.231 20304 20304 E ArmVmp : Match on catch block at 0xc3 in for 0xb9
02-19 11:01:34.302 20304 20304 E ArmVmp : Match on catch block at 0xc3 in for 0xa9
02-19 11:01:34.306 20304 20304 E ArmVmp : Match on catch block at 0xc3 in for 0xa5
02-19 11:01:34.520 20304 20304 E ArmVmp : Match on catch block at 0xc3 in for 0xa1
02-19 11:01:34.524 20304 20304 E ArmVmp : Match on catch block at 0xc3 in for 0xa5
02-19 11:01:34.552 20304 20304 E ArmVmp : Match on catch block at 0xc3 in for 0xa9
02-19 11:01:34.556 20304 20304 E ArmVmp : Match on catch block at 0xc3 in for 0xa1
02-19 11:01:34.645 20304 20304 E ArmVmp : Match on catch block at 0xc3 in for 0xa1
02-19 11:01:34.652 20304 20304 E ArmVmp : Match on catch block at 0xc3 in for 0xa5
02-19 11:01:34.664 20304 20304 E ArmVmp : Match on catch block at 0xc3 in for 0xa1
02-19 11:01:34.670 20304 20304 E ArmVmp : Match on catch block at 0xc3 in for 0xa5
02-19 11:01:34.681 20304 20304 E ArmVmp : Match on catch block at 0xc3 in for 0xa9
02-19 11:01:34.684 20304 20304 E ArmVmp : Match on catch block at 0xc3 in for 0xa1
02-19 11:01:34.715 20304 20304 E ArmVmp : Match on catch block at 0xc3 in for 0xa5
02-19 11:01:34.719 20304 20304 E ArmVmp : Match on catch block at 0xc3 in for 0xa9
02-19 11:01:34.739 20304 20304 E ArmVmp : Match on catch block at 0xc3 in for 0xa5
02-19 11:01:34.748 20304 20304 E ArmVmp : Match on catch block at 0xc3 in for 0xa9
02-19 11:01:34.760 20304 20304 E ArmVmp : Match on catch block at 0xc3 in for 0xa1
02-19 11:01:34.764 20304 20304 E ArmVmp : Match on catch block at 0xc3 in for 0xa5
02-19 11:01:34.792 20304 20304 E ArmVmp : Match on catch block at 0xc3 in for 0xa1
02-19 11:01:34.796 20304 20304 E ArmVmp : Match on catch block at 0xc3 in for 0xa5
02-19 11:01:34.801 20304 20304 E ArmVmp : Match on catch block at 0xc3 in for 0xa5
02-19 11:01:34.805 20304 20304 E ArmVmp : Match on catch block at 0xc3 in for 0xa9
02-19 11:01:34.827 20304 20304 E ArmVmp : Match on catch block at 0xc3 in for 0xa9
02-19 11:01:34.833 20304 20304 E ArmVmp : Match on catch block at 0xc3 in for 0xa1
02-19 11:01:34.843 20304 20304 E ArmVmp : Match on catch block at 0xc3 in for 0xa1
02-19 11:01:34.850 20304 20304 E ArmVmp : Match on catch block at 0xc3 in for 0xa5
02-19 11:01:34.865 20304 20304 E ArmVmp : Match on catch block at 0xc3 in for 0xa5
02-19 11:01:34.870 20304 20304 E ArmVmp : Match on catch block at 0xc3 in for 0xa9
02-19 11:01:34.904 20304 20304 E ArmVmp : Match on catch block at 0xc3 in for 0xa1
02-19 11:01:34.911 20304 20304 E ArmVmp : Match on catch block at 0xc3 in for 0xa5
02-19 11:01:34.925 20304 20304 E ArmVmp : Match on catch block at 0xc3 in for 0xa5
02-19 11:01:34.931 20304 20304 E ArmVmp : Match on catch block at 0xc3 in for 0xa9
02-19 11:01:34.945 20304 20304 E ArmVmp : Match on catch block at 0xc3 in for 0xa9
02-19 11:01:34.948 20304 20304 E ArmVmp : Match on catch block at 0xc3 in for 0xa1
02-19 11:01:35.378 20304 20304 E ArmVmp : Match on catch block at 0xc3 in for 0xa1
02-19 11:01:35.382 20304 20304 E ArmVmp : Match on catch block at 0xc3 in for 0xa5
02-19 11:01:35.450 20304 20304 E ArmVmp : Match on catch block at 0xc3 in for 0xa5
02-19 11:01:35.454 20304 20304 E ArmVmp : Match on catch block at 0xc3 in for 0xa9
02-19 11:01:35.471 20304 20304 E ArmVmp : Match on catch block at 0xc3 in for 0xa5
02-19 11:01:35.474 20304 20304 E ArmVmp : Match on catch block at 0xc3 in for 0xa9
02-19 11:01:35.495 20304 20304 E ArmVmp : Match on catch block at 0xc3 in for 0xa9
02-19 11:01:35.500 20304 20304 E ArmVmp : Match on catch block at 0xc3 in for 0xa1
02-19 11:01:35.513 20304 20304 E ArmVmp : Match on catch block at 0xc3 in for 0xa1
02-19 11:01:35.518 20304 20304 E ArmVmp : Match on catch block at 0xc3 in for 0xa5
02-19 11:01:35.528 20304 20304 E ArmVmp : Match on catch block at 0xc3 in for 0xa5
02-19 11:01:35.534 20304 20304 E ArmVmp : Match on catch block at 0xc3 in for 0xa9
02-19 11:01:35.547 20304 20304 E ArmVmp : Match on catch block at 0xc3 in for 0xa9
02-19 11:01:35.550 20304 20304 E ArmVmp : Match on catch block at 0xc3 in for 0xa1
02-19 11:01:35.567 20304 20304 E ArmVmp : Match on catch block at 0xc3 in for 0xa1
02-19 11:01:35.570 20304 20304 E ArmVmp : Match on catch block at 0xc3 in for 0xa5
02-19 11:01:35.578 20304 20304 E ArmVmp : Match on catch block at 0xc3 in for 0xa5
02-19 11:01:35.581 20304 20304 E ArmVmp : Match on catch block at 0xc3 in for 0xa9
02-19 11:01:35.595 20304 20304 E ArmVmp : Match on catch block at 0xc3 in for 0xa9
02-19 11:01:35.602 20304 20304 E ArmVmp : Match on catch block at 0xc3 in for 0xa1
02-19 11:01:35.611 20304 20304 E ArmVmp : Match on catch block at 0xc3 in for 0xa1
02-19 11:01:35.619 20304 20304 E ArmVmp : Match on catch block at 0xc3 in for 0xa5
02-19 11:01:35.628 20304 20304 E ArmVmp : Match on catch block at 0xc3 in for 0xa5
02-19 11:01:35.632 20304 20304 E ArmVmp : Match on catch block at 0xc3 in for 0xa9
02-19 11:01:35.646 20304 20304 E ArmVmp : Match on catch block at 0xc3 in for 0xa9
02-19 11:01:35.651 20304 20304 E ArmVmp : Match on catch block at 0xc3 in for 0xa1
02-19 11:01:35.662 20304 20304 E ArmVmp : Match on catch block at 0xc3 in for 0xa1
02-19 11:01:35.667 20304 20304 E ArmVmp : Match on catch block at 0xc3 in for 0xa5
02-19 11:01:35.828 20304 20304 E ArmVmp : Match on catch block at 0xc3 in for 0xa5
02-19 11:01:35.833 20304 20304 E ArmVmp : Match on catch block at 0xc3 in for 0xa9
02-19 11:01:36.131 20304 20304 E ArmVmp : Match on catch block at 0xc3 in for 0xa9
02-19 11:01:36.139 20304 20304 E ArmVmp : Match on catch block at 0xc3 in for 0xa1
02-19 11:01:36.363 20304 20304 E ArmVmp : Match on catch block at 0xc3 in for 0xa1
02-19 11:01:36.370 20304 20304 E ArmVmp : Match on catch block at 0xc3 in for 0xa5
02-19 11:01:36.464 20304 20304 E ArmVmp : Match on catch block at 0xc3 in for 0xa5
02-19 11:01:36.471 20304 20304 E ArmVmp : Match on catch block at 0xc3 in for 0xa9
02-19 11:01:36.481 20304 20304 E ArmVmp : Match on catch block at 0xc3 in for 0xa9
02-19 11:01:36.485 20304 20304 E ArmVmp : Match on catch block at 0xc3 in for 0xa1
02-19 11:01:36.497 20304 20304 E ArmVmp : Match on catch block at 0xc3 in for 0xa1
02-19 11:01:36.502 20304 20304 E ArmVmp : Match on catch block at 0xc3 in for 0xa5
02-19 11:01:36.514 20304 20304 E ArmVmp : Match on catch block at 0xc3 in for 0xa5
02-19 11:01:36.518 20304 20304 E ArmVmp : Match on catch block at 0xc3 in for 0xa9
02-19 11:01:36.530 20304 20304 E ArmVmp : Match on catch block at 0xc3 in for 0xa9
02-19 11:01:36.535 20304 20304 E ArmVmp : Match on catch block at 0xc3 in for 0xa1
02-19 11:01:36.547 20304 20304 E ArmVmp : Match on catch block at 0xc3 in for 0xa1
02-19 11:01:36.551 20304 20304 E ArmVmp : Match on catch block at 0xc3 in for 0xa5
02-19 11:01:36.564 20304 20304 E ArmVmp : Match on catch block at 0xc3 in for 0xa5
02-19 11:01:36.568 20304 20304 E ArmVmp : Match on catch block at 0xc3 in for 0xa9
02-19 11:01:36.581 20304 20304 E ArmVmp : Match on catch block at 0xc3 in for 0xa9
02-19 11:01:36.584 20304 20304 E ArmVmp : Match on catch block at 0xc3 in for 0xa1
02-19 11:01:36.597 20304 20304 E ArmVmp : Match on catch block at 0xc3 in for 0xa1
02-19 11:01:36.605 20304 20304 E ArmVmp : Match on catch block at 0xc3 in for 0xa5
02-19 11:01:36.617 20304 20304 E ArmVmp : Match on catch block at 0xc3 in for 0xa5
02-19 11:01:36.623 20304 20304 E ArmVmp : Match on catch block at 0xc3 in for 0xa9
02-19 11:01:36.630 20304 20304 E ArmVmp : Match on catch block at 0xc3 in for 0xa9
02-19 11:01:36.634 20304 20304 E ArmVmp : Match on catch block at 0xc3 in for 0xa1
02-19 11:01:36.647 20304 20304 E ArmVmp : Match on catch block at 0xc3 in for 0xa1
02-19 11:01:36.651 20304 20304 E ArmVmp : Match on catch block at 0xc3 in for 0xa5
02-19 11:01:36.665 20304 20304 E ArmVmp : Match on catch block at 0xc3 in for 0xa5
02-19 11:01:36.675 20304 20304 E ArmVmp : Match on catch block at 0xc3 in for 0xa9
02-19 11:01:36.683 20304 20304 E ArmVmp : Match on catch block at 0xc3 in for 0xa9
02-19 11:01:36.688 20304 20304 E ArmVmp : Match on catch block at 0xc3 in for 0xa1
02-19 11:01:36.697 20304 20304 E ArmVmp : Match on catch block at 0xc3 in for 0xa1
02-19 11:01:36.701 20304 20304 E ArmVmp : Match on catch block at 0xc3 in for 0xa5
02-19 11:01:36.714 20304 20304 E ArmVmp : Match on catch block at 0xc3 in for 0xa5
02-19 11:01:36.718 20304 20304 E ArmVmp : Match on catch block at 0xc3 in for 0xa9
02-19 11:01:36.731 20304 20304 E ArmVmp : Match on catch block at 0xc3 in for 0xa9
02-19 11:01:36.735 20304 20304 E ArmVmp : Match on catch block at 0xc3 in for 0xa1
02-19 11:01:36.748 20304 20304 E ArmVmp : Match on catch block at 0xc3 in for 0xa1
02-19 11:01:36.751 20304 20304 E ArmVmp : Match on catch block at 0xc3 in for 0xa5
02-19 11:01:37.032 20304 20304 E ArmVmp : Match on catch block at 0xc3 in for 0xa9
02-19 11:01:37.035 20304 20304 E ArmVmp : Match on catch block at 0xc3 in for 0xa1
02-19 11:01:37.081 20304 20304 E ArmVmp : Match on catch block at 0xc3 in for 0xa1
02-19 11:01:37.084 20304 20304 E ArmVmp : Match on catch block at 0xc3 in for 0xa5
02-19 11:01:37.175 20304 20304 E ArmVmp : Match on catch block at 0xc3 in for 0xa5
02-19 11:01:37.185 20304 20304 E ArmVmp : Match on catch block at 0xc3 in for 0xa9
02-19 11:01:37.262 20304 20304 E ArmVmp : Match on catch block at 0xc3 in for 0xa5
02-19 11:01:37.266 20304 20304 E ArmVmp : Match on catch block at 0xc3 in for 0xa9
02-19 11:01:37.323 20304 20304 E ArmVmp : Match on catch block at 0xc3 in for 0xa1
02-19 11:01:37.326 20304 20304 E ArmVmp : Match on catch block at 0xc3 in for 0xa5
02-19 11:01:37.369 20304 20304 E ArmVmp : Match on catch block at 0xc3 in for 0xa5
02-19 11:01:37.372 20304 20304 E ArmVmp : Match on catch block at 0xc3 in for 0xa9
02-19 11:01:37.391 20304 20304 E ArmVmp : Match on catch block at 0xc3 in for 0xa5
02-19 11:01:37.395 20304 20304 E ArmVmp : Match on catch block at 0xc3 in for 0xa9
02-19 11:01:37.584 20304 20304 E ArmVmp : Match on catch block at 0xc3 in for 0xa9
02-19 11:01:37.587 20304 20304 E ArmVmp : Match on catch block at 0xc3 in for 0xa1
02-19 11:01:37.656 20304 20304 E ArmVmp : Match on catch block at 0xc3 in for 0xa9
02-19 11:01:37.659 20304 20304 E ArmVmp : Match on catch block at 0xc3 in for 0xa1
02-19 11:01:37.673 20304 20304 E ArmVmp : Match on catch block at 0xc3 in for 0xa9
02-19 11:01:37.676 20304 20304 E ArmVmp : Match on catch block at 0xc3 in for 0xa1
02-19 11:01:37.685 20304 20304 E ArmVmp : Match on catch block at 0xc3 in for 0xa1
02-19 11:01:37.690 20304 20304 E ArmVmp : Match on catch block at 0xc3 in for 0xa5
02-19 11:01:37.701 20304 20304 E ArmVmp : Match on catch block at 0xc3 in for 0xa5
02-19 11:01:37.705 20304 20304 E ArmVmp : Match on catch block at 0xc3 in for 0xa9
02-19 11:01:37.719 20304 20304 E ArmVmp : Match on catch block at 0xc3 in for 0xa9
02-19 11:01:37.724 20304 20304 E ArmVmp : Match on catch block at 0xc3 in for 0xa1
02-19 11:01:37.734 20304 20304 E ArmVmp : Match on catch block at 0xc3 in for 0xa1
02-19 11:01:37.738 20304 20304 E ArmVmp : Match on catch block at 0xc3 in for 0xa5
02-19 11:01:37.756 20304 20304 E ArmVmp : Match on catch block at 0xc3 in for 0xa9
02-19 11:01:37.759 20304 20304 E ArmVmp : Match on catch block at 0xc3 in for 0xa1
02-19 11:01:37.774 20304 20304 E ArmVmp : Match on catch block at 0xc3 in for 0xa1
02-19 11:01:37.779 20304 20304 E ArmVmp : Match on catch block at 0xc3 in for 0xa5
02-19 11:01:37.788 20304 20806 W MediaPlayer: Use of stream types is deprecated for operations other than volume control
02-19 11:01:37.788 20304 20806 W MediaPlayer: See the documentation of setAudioStreamType() for what to use instead with android.media.AudioAttributes to qualify your playback use case
02-19 11:01:37.833 20304 20304 E ArmVmp : Match on catch block at 0xc3 in for 0xa5
02-19 11:01:37.836 20304 20304 E ArmVmp : Match on catch block at 0xc3 in for 0xa9
02-19 11:01:37.845 20304 20304 E ArmVmp : Match on catch block at 0xc3 in for 0xa9
02-19 11:01:37.847 20304 20304 E ArmVmp : Match on catch block at 0xc3 in for 0xa1
02-19 11:01:37.856 20304 20304 E ArmVmp : Match on catch block at 0xc3 in for 0xa1
02-19 11:01:37.859 20304 20304 E ArmVmp : Match on catch block at 0xc3 in for 0xa5
02-19 11:01:38.011 20304 20304 E ArmVmp : Match on catch block at 0xc3 in for 0xa5
02-19 11:01:38.014 20304 20304 E ArmVmp : Match on catch block at 0xc3 in for 0xa9
02-19 11:01:38.131 20304 20304 E ArmVmp : Match on catch block at 0xc3 in for 0xa5
02-19 11:01:38.134 20304 20304 E ArmVmp : Match on catch block at 0xc3 in for 0xa9
02-19 11:01:38.638 20304 20304 E ArmVmp : Match on catch block at 0xc3 in for 0xa1
02-19 11:01:38.644 20304 20304 E ArmVmp : Match on catch block at 0xc3 in for 0xa5
02-19 11:01:38.772 20304 20304 E ArmVmp : Match on catch block at 0xc3 in for 0xa5
02-19 11:01:38.777 20304 20304 E ArmVmp : Match on catch block at 0xc3 in for 0xa9
02-19 11:01:39.038 20304 20304 E ArmVmp : Match on catch block at 0xc3 in for 0xa9
02-19 11:01:39.041 20304 20304 E ArmVmp : Match on catch block at 0xc3 in for 0xa1
02-19 11:01:39.066 20304 20304 E ArmVmp : Match on catch block at 0xc3 in for 0xa5
02-19 11:01:39.069 20304 20304 E ArmVmp : Match on catch block at 0xc3 in for 0xa9
02-19 11:01:39.095 20304 20304 E ArmVmp : Match on catch block at 0xc3 in for 0xa1
02-19 11:01:39.098 20304 20304 E ArmVmp : Match on catch block at 0xc3 in for 0xa5
02-19 11:01:39.104 20304 20304 E ArmVmp : Match on catch block at 0xc3 in for 0xa5
02-19 11:01:39.108 20304 20304 E ArmVmp : Match on catch block at 0xc3 in for 0xa9
02-19 11:01:39.120 20304 20304 E ArmVmp : Match on catch block at 0xc3 in for 0xa9
02-19 11:01:39.124 20304 20304 E ArmVmp : Match on catch block at 0xc3 in for 0xa1
02-19 11:01:39.137 20304 20304 E ArmVmp : Match on catch block at 0xc3 in for 0xa1
02-19 11:01:39.140 20304 20304 E ArmVmp : Match on catch block at 0xc3 in for 0xa5
02-19 11:01:39.184 20304 20304 E ArmVmp : Match on catch block at 0xc3 in for 0xa9
02-19 11:01:39.187 20304 20304 E ArmVmp : Match on catch block at 0xc3 in for 0xa1
02-19 11:01:39.207 20304 20304 E ArmVmp : Match on catch block at 0xc3 in for 0xa1
02-19 11:01:39.210 20304 20304 E ArmVmp : Match on catch block at 0xc3 in for 0xa5
02-19 11:01:39.219 20304 20304 E ArmVmp : Match on catch block at 0xc3 in for 0xa5
02-19 11:01:39.222 20304 20304 E ArmVmp : Match on catch block at 0xc3 in for 0xa9
02-19 11:01:39.226 20304 20304 E ArmVmp : Match on catch block at 0xc3 in for 0xa9
02-19 11:01:39.229 20304 20304 E ArmVmp : Match on catch block at 0xc3 in for 0xa1
02-19 11:01:39.237 20304 20304 E ArmVmp : Match on catch block at 0xc3 in for 0xa1
02-19 11:01:39.240 20304 20304 E ArmVmp : Match on catch block at 0xc3 in for 0xa5
02-19 11:01:39.254 20304 20304 E ArmVmp : Match on catch block at 0xc3 in for 0xa5
02-19 11:01:39.257 20304 20304 E ArmVmp : Match on catch block at 0xc3 in for 0xa9
02-19 11:01:39.408 20304 20304 E ArmVmp : Match on catch block at 0xc3 in for 0xa9
02-19 11:01:39.412 20304 20304 E ArmVmp : Match on catch block at 0xc3 in for 0xa1
02-19 11:01:39.422 20304 20806 W MediaPlayer: Use of stream types is deprecated for operations other than volume control
02-19 11:01:39.422 20304 20806 W MediaPlayer: See the documentation of setAudioStreamType() for what to use instead with android.media.AudioAttributes to qualify your playback use case
02-19 11:01:39.425 20304 20304 E ArmVmp : Match on catch block at 0xc3 in for 0xa1
02-19 11:01:39.429 20304 20304 E ArmVmp : Match on catch block at 0xc3 in for 0xa5
02-19 11:01:39.492 20304 20304 E ArmVmp : Match on catch block at 0xc3 in for 0xa1
02-19 11:01:39.496 20304 20304 E ArmVmp : Match on catch block at 0xc3 in for 0xa5
02-19 11:01:39.511 20304 20304 E ArmVmp : Match on catch block at 0xc3 in for 0xa1
02-19 11:01:39.514 20304 20304 E ArmVmp : Match on catch block at 0xc3 in for 0xa5
02-19 11:01:39.551 20304 20304 E ArmVmp : Match on catch block at 0xc3 in for 0xa5
02-19 11:01:39.554 20304 20304 E ArmVmp : Match on catch block at 0xc3 in for 0xa9
02-19 11:01:39.571 20304 20304 E ArmVmp : Match on catch block at 0xc3 in for 0xa9
02-19 11:01:39.576 20304 20304 E ArmVmp : Match on catch block at 0xc3 in for 0xa1
02-19 11:01:39.588 20304 20304 E ArmVmp : Match on catch block at 0xc3 in for 0xa1
02-19 11:01:39.591 20304 20304 E ArmVmp : Match on catch block at 0xc3 in for 0xa5
02-19 11:01:39.607 20304 20304 E ArmVmp : Match on catch block at 0xc3 in for 0xa5
02-19 11:01:39.611 20304 20304 E ArmVmp : Match on catch block at 0xc3 in for 0xa9
02-19 11:01:39.621 20304 20304 E ArmVmp : Match on catch block at 0xc3 in for 0xa9
02-19 11:01:39.625 20304 20304 E ArmVmp : Match on catch block at 0xc3 in for 0xa1
02-19 11:01:39.638 20304 20304 E ArmVmp : Match on catch block at 0xc3 in for 0xa1
02-19 11:01:39.641 20304 20304 E ArmVmp : Match on catch block at 0xc3 in for 0xa5
02-19 11:01:39.654 20304 20304 E ArmVmp : Match on catch block at 0xc3 in for 0xa5
02-19 11:01:39.658 20304 20304 E ArmVmp : Match on catch block at 0xc3 in for 0xa9
02-19 11:01:39.671 20304 20304 E ArmVmp : Match on catch block at 0xc3 in for 0xa9
02-19 11:01:39.676 20304 20304 E ArmVmp : Match on catch block at 0xc3 in for 0xa1
02-19 11:01:39.688 20304 20304 E ArmVmp : Match on catch block at 0xc3 in for 0xa1
02-19 11:01:39.693 20304 20304 E ArmVmp : Match on catch block at 0xc3 in for 0xa5
02-19 11:01:39.756 20304 20304 E ArmVmp : Match on catch block at 0xc3 in for 0xa5
02-19 11:01:39.763 20304 20304 E ArmVmp : Match on catch block at 0xc3 in for 0xa9
02-19 11:01:39.905 20304 20304 E ArmVmp : Match on catch block at 0xc3 in for 0xa9
02-19 11:01:39.908 20304 20304 E ArmVmp : Match on catch block at 0xc3 in for 0xa1
02-19 11:01:40.006 20304 20304 E ArmVmp : Match on catch block at 0xc3 in for 0xa1
02-19 11:01:40.013 20304 20304 E ArmVmp : Match on catch block at 0xc3 in for 0xa5
02-19 11:01:40.106 20304 20304 E ArmVmp : Match on catch block at 0xc3 in for 0xa5
02-19 11:01:40.110 20304 20304 E ArmVmp : Match on catch block at 0xc3 in for 0xa9
02-19 11:01:40.308 20304 20304 E ArmVmp : Match on catch block at 0xc3 in for 0xa9
02-19 11:01:40.317 20304 20304 E ArmVmp : Match on catch block at 0xc3 in for 0xa1
02-19 11:01:40.407 20304 20304 E ArmVmp : Match on catch block at 0xc3 in for 0xa1
02-19 11:01:40.411 20304 20304 E ArmVmp : Match on catch block at 0xc3 in for 0xa5
02-19 11:01:40.490 20304 20304 E ArmVmp : Match on catch block at 0xc3 in for 0xa5
02-19 11:01:40.495 20304 20304 E ArmVmp : Match on catch block at 0xc3 in for 0xa9
02-19 11:01:40.658 20304 20304 E ArmVmp : Match on catch block at 0xc3 in for 0xa9
02-19 11:01:40.663 20304 20304 E ArmVmp : Match on catch block at 0xc3 in for 0xa1
02-19 11:01:40.891 20304 20304 E ArmVmp : Match on catch block at 0xc3 in for 0xa1
02-19 11:01:40.898 20304 20304 E ArmVmp : Match on catch block at 0xc3 in for 0xa5
02-19 11:01:41.008 20304 20304 E ArmVmp : Match on catch block at 0xc3 in for 0xa5
02-19 11:01:41.012 20304 20304 E ArmVmp : Match on catch block at 0xc3 in for 0xa9
02-19 11:01:41.025 20304 20304 E ArmVmp : Match on catch block at 0xc3 in for 0xa9
02-19 11:01:41.029 20304 20304 E ArmVmp : Match on catch block at 0xc3 in for 0xa1
02-19 11:01:41.041 20304 20304 E ArmVmp : Match on catch block at 0xc3 in for 0xa1
02-19 11:01:41.045 20304 20304 E ArmVmp : Match on catch block at 0xc3 in for 0xa5
02-19 11:01:41.058 20304 20304 E ArmVmp : Match on catch block at 0xc3 in for 0xa5
02-19 11:01:41.062 20304 20304 E ArmVmp : Match on catch block at 0xc3 in for 0xa9
02-19 11:01:41.076 20304 20304 E ArmVmp : Match on catch block at 0xc3 in for 0xa9
02-19 11:01:41.080 20304 20304 E ArmVmp : Match on catch block at 0xc3 in for 0xa1
02-19 11:01:41.092 20304 20304 E ArmVmp : Match on catch block at 0xc3 in for 0xa1
02-19 11:01:41.095 20304 20304 E ArmVmp : Match on catch block at 0xc3 in for 0xa5
02-19 11:01:41.108 20304 20304 E ArmVmp : Match on catch block at 0xc3 in for 0xa5
02-19 11:01:41.112 20304 20304 E ArmVmp : Match on catch block at 0xc3 in for 0xa9
02-19 11:01:41.125 20304 20304 E ArmVmp : Match on catch block at 0xc3 in for 0xa9
02-19 11:01:41.130 20304 20304 E ArmVmp : Match on catch block at 0xc3 in for 0xa1
02-19 11:01:41.142 20304 20304 E ArmVmp : Match on catch block at 0xc3 in for 0xa1
02-19 11:01:41.146 20304 20304 E ArmVmp : Match on catch block at 0xc3 in for 0xa5
02-19 11:01:41.158 20304 20304 E ArmVmp : Match on catch block at 0xc3 in for 0xa5
02-19 11:01:41.162 20304 20304 E ArmVmp : Match on catch block at 0xc3 in for 0xa9
02-19 11:01:41.175 20304 20304 E ArmVmp : Match on catch block at 0xc3 in for 0xa9
02-19 11:01:41.179 20304 20304 E ArmVmp : Match on catch block at 0xc3 in for 0xa1
02-19 11:01:41.192 20304 20304 E ArmVmp : Match on catch block at 0xc3 in for 0xa1
02-19 11:01:41.196 20304 20304 E ArmVmp : Match on catch block at 0xc3 in for 0xa5
02-19 11:01:41.209 20304 20304 E ArmVmp : Match on catch block at 0xc3 in for 0xa5
02-19 11:01:41.213 20304 20304 E ArmVmp : Match on catch block at 0xc3 in for 0xa9
02-19 11:01:41.226 20304 20304 E ArmVmp : Match on catch block at 0xc3 in for 0xa9
02-19 11:01:41.229 20304 20304 E ArmVmp : Match on catch block at 0xc3 in for 0xa1
02-19 11:01:41.242 20304 20304 E ArmVmp : Match on catch block at 0xc3 in for 0xa1
02-19 11:01:41.246 20304 20304 E ArmVmp : Match on catch block at 0xc3 in for 0xa5
02-19 11:01:41.259 20304 20304 E ArmVmp : Match on catch block at 0xc3 in for 0xa5
02-19 11:01:41.263 20304 20304 E ArmVmp : Match on catch block at 0xc3 in for 0xa9
02-19 11:01:41.276 20304 20304 E ArmVmp : Match on catch block at 0xc3 in for 0xa9
02-19 11:01:41.280 20304 20304 E ArmVmp : Match on catch block at 0xc3 in for 0xa1
02-19 11:01:41.543 20304 20304 E ArmVmp : Match on catch block at 0xc3 in for 0xa1
02-19 11:01:41.549 20304 20304 E ArmVmp : Match on catch block at 0xc3 in for 0xa5
02-19 11:01:41.727 20304 20304 E ArmVmp : Match on catch block at 0xc3 in for 0xa5
02-19 11:01:41.732 20304 20304 E ArmVmp : Match on catch block at 0xc3 in for 0xa9
02-19 11:01:42.031 20304 20304 E ArmVmp : Match on catch block at 0xc3 in for 0xa9
02-19 11:01:42.037 20304 20304 E ArmVmp : Match on catch block at 0xc3 in for 0xa1
02-19 11:01:42.262 20304 20304 E ArmVmp : Match on catch block at 0xc3 in for 0xa1
02-19 11:01:42.268 20304 20304 E ArmVmp : Match on catch block at 0xc3 in for 0xa5
02-19 11:01:42.534 20304 20304 E ArmVmp : Match on catch block at 0xc3 in for 0xa5
02-19 11:01:42.540 20304 20304 E ArmVmp : Match on catch block at 0xc3 in for 0xa9
02-19 11:01:43.047 20304 20304 E ArmVmp : Match on catch block at 0xc3 in for 0xa9
02-19 11:01:43.054 20304 20304 E ArmVmp : Match on catch block at 0xc3 in for 0xa1
02-19 11:01:43.114 20304 20304 E ArmVmp : Match on catch block at 0xc3 in for 0xa1
02-19 11:01:43.118 20304 20304 E ArmVmp : Match on catch block at 0xc3 in for 0xa5
02-19 11:01:43.483 20304 20304 E ArmVmp : Match on catch block at 0xc3 in for 0xa9
02-19 11:01:43.489 20304 20304 E ArmVmp : Match on catch block at 0xc3 in for 0xa1
02-19 11:01:43.528 20304 20304 E ArmVmp : Match on catch block at 0xc3 in for 0xa5
02-19 11:01:43.532 20304 20304 E ArmVmp : Match on catch block at 0xc3 in for 0xa9
02-19 11:01:43.561 20304 20304 E ArmVmp : Match on catch block at 0xc3 in for 0xa1
02-19 11:01:43.564 20304 20304 E ArmVmp : Match on catch block at 0xc3 in for 0xa5
02-19 11:01:43.605 20304 20304 E ArmVmp : Match on catch block at 0xc3 in for 0xa5
02-19 11:01:43.608 20304 20304 E ArmVmp : Match on catch block at 0xc3 in for 0xa9
02-19 11:01:43.627 20304 20304 E ArmVmp : Match on catch block at 0xc3 in for 0xa9
02-19 11:01:43.631 20304 20304 E ArmVmp : Match on catch block at 0xc3 in for 0xa1
02-19 11:01:43.641 20304 20304 E ArmVmp : Match on catch block at 0xc3 in for 0xa1
02-19 11:01:43.647 20304 20304 E ArmVmp : Match on catch block at 0xc3 in for 0xa5
02-19 11:01:43.652 20304 20304 E ArmVmp : Match on catch block at 0xc3 in for 0xa5
02-19 11:01:43.655 20304 20304 E ArmVmp : Match on catch block at 0xc3 in for 0xa9
02-19 11:01:43.665 20304 20304 E ArmVmp : Match on catch block at 0xc3 in for 0xa9
02-19 11:01:43.668 20304 20304 E ArmVmp : Match on catch block at 0xc3 in for 0xa1
02-19 11:01:43.681 20304 20304 E ArmVmp : Match on catch block at 0xc3 in for 0xa1
02-19 11:01:43.685 20304 20304 E ArmVmp : Match on catch block at 0xc3 in for 0xa5
02-19 11:01:43.698 20304 20304 E ArmVmp : Match on catch block at 0xc3 in for 0xa5
02-19 11:01:43.702 20304 20304 E ArmVmp : Match on catch block at 0xc3 in for 0xa9
02-19 11:01:43.715 20304 20304 E ArmVmp : Match on catch block at 0xc3 in for 0xa9
02-19 11:01:43.718 20304 20304 E ArmVmp : Match on catch block at 0xc3 in for 0xa1
02-19 11:01:43.819 20304 20304 E ArmVmp : Match on catch block at 0xc3 in for 0xa1
02-19 11:01:43.823 20304 20304 E ArmVmp : Match on catch block at 0xc3 in for 0xa5
02-19 11:01:43.833 20304 20806 W MediaPlayer: Use of stream types is deprecated for operations other than volume control
02-19 11:01:43.833 20304 20806 W MediaPlayer: See the documentation of setAudioStreamType() for what to use instead with android.media.AudioAttributes to qualify your playback use case
02-19 11:01:43.834 20304 20304 E ArmVmp : Match on catch block at 0xc3 in for 0xa5
02-19 11:01:43.838 20304 20304 E ArmVmp : Match on catch block at 0xc3 in for 0xa9
02-19 11:01:44.016 20304 20304 E ArmVmp : Match on catch block at 0xc3 in for 0xa9
02-19 11:01:44.020 20304 20304 E ArmVmp : Match on catch block at 0xc3 in for 0xa1
02-19 11:01:44.518 20304 20304 E ArmVmp : Match on catch block at 0xc3 in for 0xa1
02-19 11:01:44.524 20304 20304 E ArmVmp : Match on catch block at 0xc3 in for 0xa5
02-19 11:01:45.019 20304 20304 E ArmVmp : Match on catch block at 0xc3 in for 0xa5
02-19 11:01:45.027 20304 20304 E ArmVmp : Match on catch block at 0xc3 in for 0xa9
02-19 11:01:45.420 20304 20304 E ArmVmp : Match on catch block at 0xc3 in for 0xa9
02-19 11:01:45.426 20304 20304 E ArmVmp : Match on catch block at 0xc3 in for 0xa1
02-19 11:01:45.439 20304 20304 E ArmVmp : Match on catch block at 0xc3 in for 0xa1
02-19 11:01:45.445 20304 20304 E ArmVmp : Match on catch block at 0xc3 in for 0xa5
02-19 11:01:45.454 20304 20304 E ArmVmp : Match on catch block at 0xc3 in for 0xa5
02-19 11:01:45.462 20304 20304 E ArmVmp : Match on catch block at 0xc3 in for 0xa9
02-19 11:01:45.470 20304 20304 E ArmVmp : Match on catch block at 0xc3 in for 0xa9
02-19 11:01:45.474 20304 20304 E ArmVmp : Match on catch block at 0xc3 in for 0xa1
02-19 11:01:45.486 20304 20304 E ArmVmp : Match on catch block at 0xc3 in for 0xa1
02-19 11:01:45.490 20304 20304 E ArmVmp : Match on catch block at 0xc3 in for 0xa5
02-19 11:01:45.504 20304 20304 E ArmVmp : Match on catch block at 0xc3 in for 0xa5
02-19 11:01:45.508 20304 20304 E ArmVmp : Match on catch block at 0xc3 in for 0xa9
02-19 11:01:45.520 20304 20304 E ArmVmp : Match on catch block at 0xc3 in for 0xa9
02-19 11:01:45.524 20304 20304 E ArmVmp : Match on catch block at 0xc3 in for 0xa1
02-19 11:01:45.537 20304 20304 E ArmVmp : Match on catch block at 0xc3 in for 0xa1
02-19 11:01:45.541 20304 20304 E ArmVmp : Match on catch block at 0xc3 in for 0xa5
02-19 11:01:45.554 20304 20304 E ArmVmp : Match on catch block at 0xc3 in for 0xa5
02-19 11:01:45.558 20304 20304 E ArmVmp : Match on catch block at 0xc3 in for 0xa9
02-19 11:01:45.570 20304 20304 E ArmVmp : Match on catch block at 0xc3 in for 0xa9
02-19 11:01:45.574 20304 20304 E ArmVmp : Match on catch block at 0xc3 in for 0xa1
02-19 11:01:45.587 20304 20304 E ArmVmp : Match on catch block at 0xc3 in for 0xa1
02-19 11:01:45.591 20304 20304 E ArmVmp : Match on catch block at 0xc3 in for 0xa5
02-19 11:01:45.604 20304 20304 E ArmVmp : Match on catch block at 0xc3 in for 0xa5
02-19 11:01:45.608 20304 20304 E ArmVmp : Match on catch block at 0xc3 in for 0xa9
02-19 11:01:45.620 20304 20304 E ArmVmp : Match on catch block at 0xc3 in for 0xa9
02-19 11:01:45.625 20304 20304 E ArmVmp : Match on catch block at 0xc3 in for 0xa1
02-19 11:01:45.637 20304 20304 E ArmVmp : Match on catch block at 0xc3 in for 0xa1
02-19 11:01:45.641 20304 20304 E ArmVmp : Match on catch block at 0xc3 in for 0xa5
02-19 11:01:45.654 20304 20304 E ArmVmp : Match on catch block at 0xc3 in for 0xa5
02-19 11:01:45.658 20304 20304 E ArmVmp : Match on catch block at 0xc3 in for 0xa9
02-19 11:01:45.671 20304 20304 E ArmVmp : Match on catch block at 0xc3 in for 0xa9
02-19 11:01:45.675 20304 20304 E ArmVmp : Match on catch block at 0xc3 in for 0xa1
02-19 11:01:45.687 20304 20304 E ArmVmp : Match on catch block at 0xc3 in for 0xa1
02-19 11:01:45.691 20304 20304 E ArmVmp : Match on catch block at 0xc3 in for 0xa5
02-19 11:01:46.039 20304 20304 E ArmVmp : Match on catch block at 0xc3 in for 0xa5
02-19 11:01:46.045 20304 20304 E ArmVmp : Match on catch block at 0xc3 in for 0xa9
02-19 11:01:46.540 20304 20304 E ArmVmp : Match on catch block at 0xc3 in for 0xa5
02-19 11:01:46.545 20304 20304 E ArmVmp : Match on catch block at 0xc3 in for 0xa9
02-19 11:01:47.041 20304 20304 E ArmVmp : Match on catch block at 0xc3 in for 0xa9
02-19 11:01:47.047 20304 20304 E ArmVmp : Match on catch block at 0xc3 in for 0xa1
02-19 11:01:47.542 20304 20304 E ArmVmp : Match on catch block at 0xc3 in for 0xa1
02-19 11:01:47.548 20304 20304 E ArmVmp : Match on catch block at 0xc3 in for 0xa5
02-19 11:01:48.043 20304 20304 E ArmVmp : Match on catch block at 0xc3 in for 0xa5
02-19 11:01:48.049 20304 20304 E ArmVmp : Match on catch block at 0xc3 in for 0xa9
02-19 11:01:48.545 20304 20304 E ArmVmp : Match on catch block at 0xc3 in for 0xa9
02-19 11:01:48.550 20304 20304 E ArmVmp : Match on catch block at 0xc3 in for 0xa1
02-19 11:01:49.046 20304 20304 E ArmVmp : Match on catch block at 0xc3 in for 0xa1
02-19 11:01:49.052 20304 20304 E ArmVmp : Match on catch block at 0xc3 in for 0xa5
02-19 11:01:49.548 20304 20304 E ArmVmp : Match on catch block at 0xc3 in for 0xa5
02-19 11:01:49.554 20304 20304 E ArmVmp : Match on catch block at 0xc3 in for 0xa9
02-19 11:01:50.048 20304 20304 E ArmVmp : Match on catch block at 0xc3 in for 0xa9
02-19 11:01:50.057 20304 20304 E ArmVmp : Match on catch block at 0xc3 in for 0xa1
02-19 11:01:50.464 20304 20304 E ArmVmp : Match on catch block at 0xc3 in for 0xa1
02-19 11:01:50.467 20304 20304 E ArmVmp : Match on catch block at 0xc3 in for 0xa5
02-19 11:01:50.474 20304 20304 E ArmVmp : Match on catch block at 0xc3 in for 0xa5
02-19 11:01:50.480 20304 20304 E ArmVmp : Match on catch block at 0xc3 in for 0xa9
02-19 11:01:50.549 20304 20304 E ArmVmp : Match on catch block at 0xc3 in for 0xa9
02-19 11:01:50.552 20304 20304 E ArmVmp : Match on catch block at 0xc3 in for 0xa1
02-19 11:01:50.730 20304 20304 E ArmVmp : Match on catch block at 0xc3 in for 0xa9
02-19 11:01:50.742 20304 20304 E ArmVmp : Match on catch block at 0xc3 in for 0xa1
02-19 11:01:50.748 20304 20304 E ArmVmp : Match on catch block at 0xc3 in for 0xa1
02-19 11:01:50.752 20304 20304 E ArmVmp : Match on catch block at 0xc3 in for 0xa5
02-19 11:01:50.801 20304 20304 E ArmVmp : Match on catch block at 0xc3 in for 0xa1
02-19 11:01:50.805 20304 20304 E ArmVmp : Match on catch block at 0xc3 in for 0xa5
02-19 11:01:51.096 20304 20304 E ArmVmp : Match on catch block at 0xc3 in for 0xa5
02-19 11:01:51.100 20304 20304 E ArmVmp : Match on catch block at 0xc3 in for 0xa9
02-19 11:01:51.512 20304 20304 E ArmVmp : Match on catch block at 0xc3 in for 0xa9
02-19 11:01:51.516 20304 20304 E ArmVmp : Match on catch block at 0xc3 in for 0xa1
02-19 11:01:59.554 20304 20318 W System : A resource failed to call dispose.
02-19 11:15:49.121 20304 21829 W LibraryVersion: Failed to get app version for libraryName: firebase-iid
02-19 11:28:39.677 20304 20304 E ArmVmp : Match on catch block at 0x0a in for 0xc5
02-19 11:28:39.699 20304 20304 E ArmVmp : Match on catch block at 0x0a in for 0x139
02-19 11:28:39.787 20304 22211 W com.mbwhatsapp: Accessing hidden method Lcom/android/org/conscrypt/ConscryptEngineSocket;->setUseSessionTickets(Z)V (greylist-max-q,test-api, reflection, denied)
02-19 11:28:39.787 20304 22211 W com.mbwhatsapp: Accessing hidden method Lcom/android/org/conscrypt/OpenSSLSocketImpl;->setUseSessionTickets(Z)V (greylist- max-q,test-api, reflection, denied)
02-19 11:28:39.787 20304 22211 W com.mbwhatsapp: Accessing hidden method Lcom/android/org/conscrypt/AbstractConscryptSocket;->setUseSessionTickets(Z)V (greylist-max-q, reflection, denied)
02-19 11:28:39.788 20304 22211 W com.mbwhatsapp: Accessing hidden method Lcom/android/org/conscrypt/ConscryptEngineSocket;->setHostname(Ljava/lang/String;)V (greylist-max-q,test-api, reflection, denied)
02-19 11:28:39.788 20304 22211 W com.mbwhatsapp: Accessing hidden method Lcom/android/org/conscrypt/OpenSSLSocketImpl;->setHostname(Ljava/lang/String;)V (greylist-max-q,test-api, reflection, denied)
02-19 11:28:39.788 20304 22211 W com.mbwhatsapp: Accessing hidden method Lcom/android/org/conscrypt/AbstractConscryptSocket;->setHostname(Ljava/lang/ String;)V (greylist-max-q, reflection, denied)
02-19 11:28:39.788 20304 22211 W com.mbwhatsapp: Accessing hidden method Lcom/android/org/conscrypt/OpenSSLSocketImpl;->setAlpnProtocols([B)V (greylist-max- q,test-api, reflection, denied)
02-19 11:28:39.788 20304 22211 W com.mbwhatsapp: Accessing hidden method Lcom/android/org/conscrypt/AbstractConscryptSocket;->setAlpnProtocols([B)V (greylist-max-q, reflection, denied)
02-19 11:28:39.909 20304 20388 W SQLiteLog: (28) double-quoted string literal: "20"
02-19 11:28:39.910 20304 20388 W SQLiteLog: (28) double-quoted string literal: "40"
02-19 11:28:39.929 20304 22211 W com.mbwhatsapp: Accessing hidden method Lcom/android/org/conscrypt/OpenSSLSocketImpl;->getAlpnSelectedProtocol()[B (greylist-max-q,test-api, reflection, denied)
02-19 11:28:39.929 20304 22211 W com.mbwhatsapp: Accessing hidden method Lcom/android/org/conscrypt/AbstractConscryptSocket;->getAlpnSelectedProtocol()[B (greylist-max-q, reflection, denied)
02-19 11:28:40.577 20304 20304 E RecyclerView: No adapter attached; skipping layout
02-19 11:28:40.672 20304 20304 E RecyclerView: No adapter attached; skipping layout
02-19 11:28:40.716 20304 20304 E ArmVmp : Match on catch block at 0x0a in for 0xd5
02-19 11:28:42.201 20304 20304 E ArmVmp : Match on catch block at 0x5b in for 0x81
02-19 11:28:44.034 20304 20304 E ArmVmp : Match on catch block at 0x0a in for 0xc9
02-19 11:28:44.053 20304 20304 E ArmVmp : Match on catch block at 0x0a in for 0x135
02-19 11:28:44.812 20304 20304 E RecyclerView: No adapter attached; skipping layout
02-19 11:28:44.890 20304 20304 E RecyclerView: No adapter attached; skipping layout
02-19 11:28:44.910 20304 20304 E ArmVmp : Match on catch block at 0x0a in for 0xd9
02-19 11:28:45.867 20304 20304 E ArmVmp : Match on catch block at 0x5b in for 0x85
02-19 11:28:46.509 20304 20304 E ArmVmp : Match on catch block at 0x0a in for 0xc1
02-19 11:28:46.512 20304 20304 E ArmVmp : Match on catch block at 0x0a in for 0xc9
02-19 11:28:46.833 20304 20304 E ArmVmp : Match on catch block at 0xc3 in for 0xb1
02-19 11:28:46.841 20304 20304 E ArmVmp : Match on catch block at 0xc3 in for 0xb1
02-19 11:28:46.910 20304 20304 E ArmVmp : Match on catch block at 0xc3 in for 0xa5
02-19 11:28:46.913 20304 20304 E ArmVmp : Match on catch block at 0xc3 in for 0xa9
02-19 11:28:46.962 20304 20304 E ArmVmp : Match on catch block at 0xc3 in for 0xa1
02-19 11:28:46.964 20304 20304 E ArmVmp : Match on catch block at 0xc3 in for 0xa5
02-19 11:28:46.983 20304 20304 E ArmVmp : Match on catch block at 0xc3 in for 0xa1
02-19 11:28:46.986 20304 20304 E ArmVmp : Match on catch block at 0xc3 in for 0xa5
02-19 11:28:47.351 20304 20304 E ArmVmp : Match on catch block at 0xc3 in for 0xa5
02-19 11:28:47.354 20304 20304 E ArmVmp : Match on catch block at 0xc3 in for 0xa9
02-19 11:28:47.360 20304 20304 E ArmVmp : Match on catch block at 0xc3 in for 0xa9
02-19 11:28:47.363 20304 20304 E ArmVmp : Match on catch block at 0xc3 in for 0xa1
02-19 11:28:47.373 20304 20304 E ArmVmp : Match on catch block at 0xc3 in for 0xa1
02-19 11:28:47.377 20304 20304 E ArmVmp : Match on catch block at 0xc3 in for 0xa5
02-19 11:28:47.391 20304 20304 E ArmVmp : Match on catch block at 0xc3 in for 0xa5
02-19 11:28:47.395 20304 20304 E ArmVmp : Match on catch block at 0xc3 in for 0xa9
02-19 11:28:47.407 20304 20304 E ArmVmp : Match on catch block at 0xc3 in for 0xa9
02-19 11:28:47.411 20304 20304 E ArmVmp : Match on catch block at 0xc3 in for 0xa1
02-19 11:28:47.423 20304 20304 E ArmVmp : Match on catch block at 0xc3 in for 0xa1
02-19 11:28:47.427 20304 20304 E ArmVmp : Match on catch block at 0xc3 in for 0xa5
02-19 11:28:47.439 20304 20304 E ArmVmp : Match on catch block at 0xc3 in for 0xa5
02-19 11:28:47.443 20304 20304 E ArmVmp : Match on catch block at 0xc3 in for 0xa9
02-19 11:28:47.456 20304 20304 E ArmVmp : Match on catch block at 0xc3 in for 0xa9
02-19 11:28:47.459 20304 20304 E ArmVmp : Match on catch block at 0xc3 in for 0xa1
02-19 11:28:47.473 20304 20304 E ArmVmp : Match on catch block at 0xc3 in for 0xa1
02-19 11:28:47.478 20304 20304 E ArmVmp : Match on catch block at 0xc3 in for 0xa5
02-19 11:28:47.489 20304 20304 E ArmVmp : Match on catch block at 0xc3 in for 0xa5
02-19 11:28:47.492 20304 20304 E ArmVmp : Match on catch block at 0xc3 in for 0xa9
02-19 11:28:47.506 20304 20304 E ArmVmp : Match on catch block at 0xc3 in for 0xa9
02-19 11:28:47.510 20304 20304 E ArmVmp : Match on catch block at 0xc3 in for 0xa1
02-19 11:28:47.524 20304 20304 E ArmVmp : Match on catch block at 0xc3 in for 0xa1
02-19 11:28:47.527 20304 20304 E ArmVmp : Match on catch block at 0xc3 in for 0xa5
02-19 11:28:47.539 20304 20304 E ArmVmp : Match on catch block at 0xc3 in for 0xa5
02-19 11:28:47.547 20304 20304 E ArmVmp : Match on catch block at 0xc3 in for 0xa9
02-19 11:28:47.557 20304 20304 E ArmVmp : Match on catch block at 0xc3 in for 0xa9
02-19 11:28:47.561 20304 20304 E ArmVmp : Match on catch block at 0xc3 in for 0xa1
02-19 11:28:47.573 20304 20304 E ArmVmp : Match on catch block at 0xc3 in for 0xa1
02-19 11:28:47.577 20304 20304 E ArmVmp : Match on catch block at 0xc3 in for 0xa5
02-19 11:28:47.590 20304 20304 E ArmVmp : Match on catch block at 0xc3 in for 0xa5
02-19 11:28:47.600 20304 20304 E ArmVmp : Match on catch block at 0xc3 in for 0xa9
02-19 11:28:47.628 20304 20304 E ArmVmp : Match on catch block at 0xc3 in for 0xa1
02-19 11:28:47.632 20304 20304 E ArmVmp : Match on catch block at 0xc3 in for 0xa5
02-19 11:28:47.648 20304 20304 E ArmVmp : Match on catch block at 0xc3 in for 0xa5
02-19 11:28:47.651 20304 20304 E ArmVmp : Match on catch block at 0xc3 in for 0xa9
02-19 11:28:47.665 20304 20304 E ArmVmp : Match on catch block at 0xc3 in for 0xa9
02-19 11:28:47.668 20304 20304 E ArmVmp : Match on catch block at 0xc3 in for 0xa1
02-19 11:28:47.689 20304 20304 E ArmVmp : Match on catch block at 0xc3 in for 0xa1
02-19 11:28:47.694 20304 20304 E ArmVmp : Match on catch block at 0xc3 in for 0xa5
02-19 11:28:47.957 20304 20304 E ArmVmp : Match on catch block at 0xc3 in for 0xa5
02-19 11:28:47.962 20304 20304 E ArmVmp : Match on catch block at 0xc3 in for 0xa9
02-19 11:28:48.100 20304 20304 E ArmVmp : Match on catch block at 0xc3 in for 0xa9
02-19 11:28:48.106 20304 20304 E ArmVmp : Match on catch block at 0xc3 in for 0xa1
02-19 11:28:48.126 20304 20304 E ArmVmp : Match on catch block at 0xc3 in for 0xa9
02-19 11:28:48.130 20304 20304 E ArmVmp : Match on catch block at 0xc3 in for 0xa1
02-19 11:28:48.142 20304 20304 E ArmVmp : Match on catch block at 0xc3 in for 0xa1
02-19 11:28:48.147 20304 20304 E ArmVmp : Match on catch block at 0xc3 in for 0xa5
02-19 11:28:48.158 20304 20304 E ArmVmp : Match on catch block at 0xc3 in for 0xa5
02-19 11:28:48.164 20304 20304 E ArmVmp : Match on catch block at 0xc3 in for 0xa9
02-19 11:28:48.179 20304 20304 E ArmVmp : Match on catch block at 0xc3 in for 0xa9
02-19 11:28:48.183 20304 20304 E ArmVmp : Match on catch block at 0xc3 in for 0xa1
02-19 11:28:48.191 20304 20304 E ArmVmp : Match on catch block at 0xc3 in for 0xa1
02-19 11:28:48.196 20304 20304 E ArmVmp : Match on catch block at 0xc3 in for 0xa5
02-19 11:28:48.212 20304 20304 E ArmVmp : Match on catch block at 0xc3 in for 0xa5
02-19 11:28:48.217 20304 20304 E ArmVmp : Match on catch block at 0xc3 in for 0xa9
02-19 11:28:48.224 20304 20304 E ArmVmp : Match on catch block at 0xc3 in for 0xa9
02-19 11:28:48.228 20304 20304 E ArmVmp : Match on catch block at 0xc3 in for 0xa1
02-19 11:28:48.241 20304 20304 E ArmVmp : Match on catch block at 0xc3 in for 0xa1
02-19 11:28:48.248 20304 20304 E ArmVmp : Match on catch block at 0xc3 in for 0xa5
02-19 11:28:48.261 20304 20304 E ArmVmp : Match on catch block at 0xc3 in for 0xa5
02-19 11:28:48.265 20304 20304 E ArmVmp : Match on catch block at 0xc3 in for 0xa9
02-19 11:28:48.274 20304 20304 E ArmVmp : Match on catch block at 0xc3 in for 0xa9
02-19 11:28:48.278 20304 20304 E ArmVmp : Match on catch block at 0xc3 in for 0xa1
02-19 11:28:48.291 20304 20304 E ArmVmp : Match on catch block at 0xc3 in for 0xa1
02-19 11:28:48.297 20304 20304 E ArmVmp : Match on catch block at 0xc3 in for 0xa5
02-19 11:28:48.409 20304 20304 E ArmVmp : Match on catch block at 0xc3 in for 0xa5
02-19 11:28:48.414 20304 20304 E ArmVmp : Match on catch block at 0xc3 in for 0xa9
02-19 11:28:48.911 20304 20304 E ArmVmp : Match on catch block at 0xc3 in for 0xa9
02-19 11:28:48.915 20304 20304 E ArmVmp : Match on catch block at 0xc3 in for 0xa1
02-19 11:28:49.161 20304 20304 E ArmVmp : Match on catch block at 0xc3 in for 0xa1
02-19 11:28:49.165 20304 20304 E ArmVmp : Match on catch block at 0xc3 in for 0xa5
02-19 11:28:49.190 20304 20304 E ArmVmp : Match on catch block at 0xc3 in for 0xa9
02-19 11:28:49.193 20304 20304 E ArmVmp : Match on catch block at 0xc3 in for 0xa1
02-19 11:28:49.220 20304 20304 E ArmVmp : Match on catch block at 0xc3 in for 0xa5
02-19 11:28:49.224 20304 20304 E ArmVmp : Match on catch block at 0xc3 in for 0xa9
02-19 11:28:49.270 20304 20304 E ArmVmp : Match on catch block at 0xc3 in for 0xa5
02-19 11:28:49.273 20304 20304 E ArmVmp : Match on catch block at 0xc3 in for 0xa9
02-19 11:28:49.288 20304 20304 E ArmVmp : Match on catch block at 0xc3 in for 0xa1
02-19 11:28:49.290 20304 20304 E ArmVmp : Match on catch block at 0xc3 in for 0xa5
02-19 11:28:49.305 20304 20304 E ArmVmp : Match on catch block at 0xc3 in for 0xa1
02-19 11:28:49.313 20304 20304 E ArmVmp : Match on catch block at 0xc3 in for 0xa5
02-19 11:28:49.317 20304 20304 E ArmVmp : Match on catch block at 0xc3 in for 0xa5
02-19 11:28:49.320 20304 20304 E ArmVmp : Match on catch block at 0xc3 in for 0xa9
02-19 11:28:49.327 20304 20304 E ArmVmp : Match on catch block at 0xc3 in for 0xa9
02-19 11:28:49.330 20304 20304 E ArmVmp : Match on catch block at 0xc3 in for 0xa1
02-19 11:28:49.344 20304 20304 E ArmVmp : Match on catch block at 0xc3 in for 0xa1
02-19 11:28:49.348 20304 20304 E ArmVmp : Match on catch block at 0xc3 in for 0xa5
02-19 11:28:49.361 20304 20304 E ArmVmp : Match on catch block at 0xc3 in for 0xa5
02-19 11:28:49.364 20304 20304 E ArmVmp : Match on catch block at 0xc3 in for 0xa9
02-19 11:28:49.377 20304 20304 E ArmVmp : Match on catch block at 0xc3 in for 0xa9
02-19 11:28:49.381 20304 20304 E ArmVmp : Match on catch block at 0xc3 in for 0xa1
02-19 11:28:49.583 20304 20304 E ArmVmp : Match on catch block at 0xc3 in for 0xa9
02-19 11:28:49.586 20304 20304 E ArmVmp : Match on catch block at 0xc3 in for 0xa1
02-19 11:28:49.592 20304 22217 W MediaPlayer: Use of stream types is deprecated for operations other than volume control
02-19 11:28:49.592 20304 22217 W MediaPlayer: See the documentation of setAudioStreamType() for what to use instead with android.media.AudioAttributes to qualify your playback use case
02-19 11:28:49.598 20304 20304 E ArmVmp : Match on catch block at 0xc3 in for 0xa1
