02-19 11:28:49.602 20304 20304 E ArmVmp : Match on catch block at 0xc3 in for 0xa5
02-19 11:28:49.695 20304 20304 E ArmVmp : Match on catch block at 0xc3 in for 0xa5
02-19 11:28:49.698 20304 20304 E ArmVmp : Match on catch block at 0xc3 in for 0xa9
02-19 11:28:49.764 20304 20304 E ArmVmp : Match on catch block at 0xc3 in for 0xa9
02-19 11:28:49.767 20304 20304 E ArmVmp : Match on catch block at 0xc3 in for 0xa1
02-19 11:28:49.774 20304 20304 E ArmVmp : Match on catch block at 0xc3 in for 0xa1
02-19 11:28:49.777 20304 20304 E ArmVmp : Match on catch block at 0xc3 in for 0xa5
02-19 11:28:50.206 20304 20304 E ArmVmp : Match on catch block at 0xc3 in for 0xa5
02-19 11:28:50.220 20304 20304 E ArmVmp : Match on catch block at 0xc3 in for 0xa9
02-19 11:28:50.702 20304 20304 E ArmVmp : Match on catch block at 0xc3 in for 0xa9
02-19 11:28:50.712 20304 20304 E ArmVmp : Match on catch block at 0xc3 in for 0xa1
02-19 11:28:50.814 20304 20304 E ArmVmp : Match on catch block at 0xc3 in for 0xa1
02-19 11:28:50.823 20304 20304 E ArmVmp : Match on catch block at 0xc3 in for 0xa5
02-19 11:28:51.160 20304 20304 E ArmVmp : Match on catch block at 0xc3 in for 0xa5
02-19 11:28:51.170 20304 20304 E ArmVmp : Match on catch block at 0xc3 in for 0xa9
02-19 11:28:52.176 20304 20304 E ArmVmp : Match on catch block at 0x0a in for 0xc5
02-19 11:28:52.180 20304 20304 E ArmVmp : Match on catch block at 0x0a in for 0xc1
02-19 11:28:52.255 20304 20304 E ArmVmp : Match on catch block at 0xc3 in for 0xa1
02-19 11:28:52.259 20304 20304 E ArmVmp : Match on catch block at 0xc3 in for 0xa5
02-19 11:28:52.305 20304 20304 E ArmVmp : Match on catch block at 0xc3 in for 0xa5
02-19 11:28:52.310 20304 20304 E ArmVmp : Match on catch block at 0xc3 in for 0xa9
02-19 11:28:52.329 20304 20304 E ArmVmp : Match on catch block at 0xc3 in for 0xa9
02-19 11:28:52.333 20304 20304 E ArmVmp : Match on catch block at 0xc3 in for 0xa1
02-19 11:28:52.359 20304 20304 E ArmVmp : Match on catch block at 0xc3 in for 0xa5
02-19 11:28:52.361 20304 20304 E ArmVmp : Match on catch block at 0xc3 in for 0xa9
02-19 11:28:52.853 20304 20304 E ArmVmp : Match on catch block at 0xc3 in for 0xa9
02-19 11:28:52.857 20304 20304 E ArmVmp : Match on catch block at 0xc3 in for 0xa1
02-19 11:28:53.016 20304 20304 E ArmVmp : Match on catch block at 0xc3 in for 0xa1
02-19 11:28:53.021 20304 20304 E ArmVmp : Match on catch block at 0xc3 in for 0xa5
02-19 11:28:53.036 20304 20304 E ArmVmp : Match on catch block at 0xc3 in for 0xa5
02-19 11:28:53.044 20304 20304 E ArmVmp : Match on catch block at 0xc3 in for 0xa9
02-19 11:28:53.058 20304 20304 E ArmVmp : Match on catch block at 0xc3 in for 0xa9
02-19 11:28:53.066 20304 20304 E ArmVmp : Match on catch block at 0xc3 in for 0xa1
02-19 11:28:53.072 20304 20304 E ArmVmp : Match on catch block at 0xc3 in for 0xa1
02-19 11:28:53.078 20304 20304 E ArmVmp : Match on catch block at 0xc3 in for 0xa5
02-19 11:28:53.087 20304 20304 E ArmVmp : Match on catch block at 0xc3 in for 0xa5
02-19 11:28:53.096 20304 20304 E ArmVmp : Match on catch block at 0xc3 in for 0xa9
02-19 11:28:53.104 20304 20304 E ArmVmp : Match on catch block at 0xc3 in for 0xa9
02-19 11:28:53.113 20304 20304 E ArmVmp : Match on catch block at 0xc3 in for 0xa1
02-19 11:28:53.137 20304 20304 E ArmVmp : Match on catch block at 0xc3 in for 0xa1
02-19 11:28:53.153 20304 20304 E ArmVmp : Match on catch block at 0xc3 in for 0xa5
02-19 11:28:53.172 20304 20304 E ArmVmp : Match on catch block at 0xc3 in for 0xa5
02-19 11:28:53.180 20304 20304 E ArmVmp : Match on catch block at 0xc3 in for 0xa9
02-19 11:28:53.187 20304 20304 E ArmVmp : Match on catch block at 0xc3 in for 0xa9
02-19 11:28:53.192 20304 20304 E ArmVmp : Match on catch block at 0xc3 in for 0xa1
02-19 11:28:53.204 20304 20304 E ArmVmp : Match on catch block at 0xc3 in for 0xa1
02-19 11:28:53.209 20304 20304 E ArmVmp : Match on catch block at 0xc3 in for 0xa5
02-19 11:28:53.221 20304 20304 E ArmVmp : Match on catch block at 0xc3 in for 0xa5
02-19 11:28:53.227 20304 20304 E ArmVmp : Match on catch block at 0xc3 in for 0xa9
02-19 11:28:53.238 20304 20304 E ArmVmp : Match on catch block at 0xc3 in for 0xa9
02-19 11:28:53.244 20304 20304 E ArmVmp : Match on catch block at 0xc3 in for 0xa1
02-19 11:28:53.254 20304 20304 E ArmVmp : Match on catch block at 0xc3 in for 0xa1
02-19 11:28:53.258 20304 20304 E ArmVmp : Match on catch block at 0xc3 in for 0xa5
02-19 11:28:53.271 20304 20304 E ArmVmp : Match on catch block at 0xc3 in for 0xa5
02-19 11:28:53.277 20304 20304 E ArmVmp : Match on catch block at 0xc3 in for 0xa9
02-19 11:28:53.287 20304 20304 E ArmVmp : Match on catch block at 0xc3 in for 0xa9
02-19 11:28:53.291 20304 20304 E ArmVmp : Match on catch block at 0xc3 in for 0xa1
02-19 11:28:53.304 20304 20304 E ArmVmp : Match on catch block at 0xc3 in for 0xa1
02-19 11:28:53.309 20304 20304 E ArmVmp : Match on catch block at 0xc3 in for 0xa5
02-19 11:28:53.323 20304 20304 E ArmVmp : Match on catch block at 0xc3 in for 0xa5
02-19 11:28:53.330 20304 20304 E ArmVmp : Match on catch block at 0xc3 in for 0xa9
02-19 11:28:53.370 20304 20304 E ArmVmp : Match on catch block at 0xc3 in for 0xa9
02-19 11:28:53.377 20304 20304 E ArmVmp : Match on catch block at 0xc3 in for 0xa1 --------- beginning of main
02-19 11:28:56.143 22398 22398 E com.mbwhatsapp: Not starting debugger since process cannot load the jdwp agent.
02-19 11:28:56.309 22398 22398 W System.err: java.lang.ClassNotFoundException: mbmodsd.mbmodsw.ui.views.btn.BtnBK
02-19 11:28:56.310 22398 22398 W System.err: at java.lang.Runtime.nativeLoad(Native Method)
02-19 11:28:56.310 22398 22398 W System.err: at java.lang.Runtime.nativeLoad(Runtime.java:1131)
02-19 11:28:56.310 22398 22398 W System.err: at java.lang.Runtime.loadLibrary0(Runtime.java:1085)
02-19 11:28:56.310 22398 22398 W System.err: at java.lang.Runtime.loadLibrary0(Runtime.java:1008)
02-19 11:28:56.310 22398 22398 W System.err: at java.lang.System.loadLibrary(System.java:1664)
02-19 11:28:56.310 22398 22398 W System.err: at arm.EpicVm.<clinit>(Unknown Source:2)
02-19 11:28:56.310 22398 22398 W System.err: at java.lang.Class.newInstance(Native Method)
02-19 11:28:56.310 22398 22398 W System.err: at android.app.AppComponentFactory.instantiateApplication(AppComponentFactory.java:76)
02-19 11:28:56.310 22398 22398 W System.err: at androidx.core.app.CoreComponentFactory.instantiateApplication(Unknown Source:0)
02-19 11:28:56.310 22398 22398 W System.err: at android.app.Instrumentation.newApplication(Instrumentation.java:1158)
02-19 11:28:56.310 22398 22398 W System.err: at android.app.LoadedApk.makeApplication(LoadedApk.java:1244)
02-19 11:28:56.310 22398 22398 W System.err: at android.app.ActivityThread.handleBindApplication(ActivityThread.java:6817)
02-19 11:28:56.310 22398 22398 W System.err: at android.app.ActivityThread.access$1400(ActivityThread.java:251)
02-19 11:28:56.311 22398 22398 W System.err: at android.app.ActivityThread$H.handleMessage(ActivityThread.java:1978)
02-19 11:28:56.311 22398 22398 W System.err: at android.os.Handler.dispatchMessage(Handler.java:106)
02-19 11:28:56.311 22398 22398 W System.err: at android.os.Looper.loop(Looper.java:250)
02-19 11:28:56.311 22398 22398 W System.err: at android.app.ActivityThread.main(ActivityThread.java:7806)
02-19 11:28:56.311 22398 22398 W System.err: at java.lang.reflect.Method.invoke(Native Method)
02-19 11:28:56.311 22398 22398 W System.err: at com.android.internal.os.RuntimeInit$MethodAndArgsCaller.run(RuntimeInit.java:592)
02-19 11:28:56.311 22398 22398 W System.err: at com.android.internal.os.ZygoteInit.main(ZygoteInit.java:958)
02-19 11:28:56.330 22398 22398 E CustomActivityOnCrash: IMPORTANT WARNING! You already have an UncaughtExceptionHandler, are you sure this is correct? If you use a custom UncaughtExceptionHandler, you must initialize it AFTER CustomActivityOnCrash! Installing anyway, but your original handler will not be called.
02-19 11:28:56.414 22398 22424 W LibraryVersion: Failed to get app version for libraryName: firebase-iid
02-19 11:28:56.613 22398 22398 W com.mbwhatsapp: Accessing hidden method Lcom/android/org/conscrypt/OpenSSLSocketImpl;->setUseSessionTickets(Z)V (greylist- max-q,test-api, reflection, denied)
02-19 11:28:56.614 22398 22398 W com.mbwhatsapp: Accessing hidden method Lcom/android/org/conscrypt/AbstractConscryptSocket;->setUseSessionTickets(Z)V (greylist-max-q, reflection, denied)
02-19 11:28:56.697 22398 22398 W com.mbwhatsapp: type=1400 audit(0.0:30056): avc: granted { execute } for path="/data/data/com.mbwhatsapp/files/decompressed/libs.spk.zst/libc++_shared.so" dev="dm-12" ino=945754 scontext=u:r:untrusted_app:s0:c53,c259,c512,c768 tcontext=u:object_r:app_data_file:s0:c53,c259,c512,c768 tclass=file app=com.mbwhatsapp
02-19 11:28:56.700 22398 22398 W com.mbwhatsapp: type=1400 audit(0.0:30057): avc: granted { execute } for path="/data/data/com.mbwhatsapp/files/decompressed/libs.spk.zst/libvlc.so" dev="dm- 12" ino=934342 scontext=u:r:untrusted_app:s0:c53,c259,c512,c768 tcontext=u:object_r:app_data_file:s0:c53,c259,c512,c768 tclass=file app=com.mbwhatsapp
02-19 11:28:56.702 22398 22398 W linker : Warning: "/data/data/com.mbwhatsapp/files/decompressed/libs.spk.zst/libc++_shared.so" unused DT entry: unknown processor-specific (type 0x70000001 arg 0x0) (ignoring)
02-19 11:28:56.717 22398 22398 W com.mbwhatsapp: type=1400 audit(0.0:30058): avc: granted { execute } for path="/data/data/com.mbwhatsapp/files/decompressed/libs.spk.zst/libwhatsapp.so" dev="dm-12" ino=928776 scontext=u:r:untrusted_app:s0:c53,c259,c512,c768 tcontext=u:object_r:app_data_file:s0:c53,c259,c512,c768 tclass=file app=com.mbwhatsapp
02-19 11:28:56.754 22398 22398 W com.mbwhatsapp: type=1400 audit(0.0:30059): avc: granted { execute } for path="/data/data/com.mbwhatsapp/files/decompressed/libs.spk.zst/libcurve25519.so" dev="dm-12" ino=948437 scontext=u:r:untrusted_app:s0:c53,c259,c512,c768 tcontext=u:object_r:app_data_file:s0:c53,c259,c512,c768 tclass=file app=com.mbwhatsapp
02-19 11:28:56.767 22398 22398 W com.mbwhatsapp: type=1400 audit(0.0:30060): avc: granted { execute } for path="/data/data/com.mbwhatsapp/files/decompressed/libs.spk.zst/libwhatsapp.so" dev="dm-12" ino=928776 scontext=u:r:untrusted_app:s0:c53,c259,c512,c768 tcontext=u:object_r:app_data_file:s0:c53,c259,c512,c768 tclass=file app=com.mbwhatsapp
02-19 11:28:56.962 22398 22456 W com.mbwhatsapp: Class X.2rL failed lock verification and will run slower.
02-19 11:28:56.962 22398 22456 W com.mbwhatsapp: Common causes for lock verification issues are non-optimized dex code
02-19 11:28:56.962 22398 22456 W com.mbwhatsapp: and incorrect proguard optimizations.
02-19 11:28:58.010 22398 22489 E libc : Access denied finding property "fw.max_users"
02-19 11:28:58.007 22398 22398 W db_write: type=1400 audit(0.0:30063): avc: denied { read } for name="u:object_r:framework_prop:s0" dev="tmpfs" ino=11751 scontext=u:r:untrusted_app:s0:c53,c259,c512,c768 tcontext=u:object_r:framework_prop:s0 tclass=file permissive=0 app=com.mbwhatsapp
02-19 11:28:58.010 22398 22398 W db_write: type=1400 audit(0.0:30064): avc: denied { read } for name="u:object_r:framework_prop:s0" dev="tmpfs" ino=11751 scontext=u:r:untrusted_app:s0:c53,c259,c512,c768 tcontext=u:object_r:framework_prop:s0 tclass=file permissive=0 app=com.mbwhatsapp
02-19 11:28:58.013 22398 22489 E libc : Access denied finding property "fw.show_multiuserui"
02-19 11:28:58.019 22398 22489 E libc : Access denied finding property "fw.max_users"
02-19 11:28:58.019 22398 22489 E libc : Access denied finding property "fw.show_multiuserui"
02-19 11:28:58.017 22398 22398 W db_write: type=1400 audit(0.0:30065): avc: denied { read } for name="u:object_r:framework_prop:s0" dev="tmpfs" ino=11751 scontext=u:r:untrusted_app:s0:c53,c259,c512,c768 tcontext=u:object_r:framework_prop:s0 tclass=file permissive=0 app=com.mbwhatsapp
02-19 11:28:58.017 22398 22398 W db_write: type=1400 audit(0.0:30066): avc: denied { read } for name="u:object_r:framework_prop:s0" dev="tmpfs" ino=11751 scontext=u:r:untrusted_app:s0:c53,c259,c512,c768 tcontext=u:object_r:framework_prop:s0 tclass=file permissive=0 app=com.mbwhatsapp
02-19 11:36:28.654 22398 22398 W com.mbwhatsapp: Class X.0eU failed lock verification and will run slower.
02-19 11:36:28.800 22398 22398 W com.mbwhatsapp: Class com.mbwhatsapp.HomeActivity failed lock verification and will run slower.
02-19 11:36:29.145 22398 22398 E ArmVmp : Match on catch block at 0x0a in for 0xc1
02-19 11:36:29.166 22398 22398 E ArmVmp : Match on catch block at 0x0a in for 0x135
02-19 11:36:29.193 22398 22956 W com.mbwhatsapp: Accessing hidden method Lcom/android/org/conscrypt/ConscryptEngineSocket;->setUseSessionTickets(Z)V (greylist-max-q,test-api, reflection, denied)
02-19 11:36:29.193 22398 22956 W com.mbwhatsapp: Accessing hidden method Lcom/android/org/conscrypt/OpenSSLSocketImpl;->setUseSessionTickets(Z)V (greylist- max-q,test-api, reflection, denied)
02-19 11:36:29.194 22398 22956 W com.mbwhatsapp: Accessing hidden method Lcom/android/org/conscrypt/AbstractConscryptSocket;->setUseSessionTickets(Z)V (greylist-max-q, reflection, denied)
02-19 11:36:29.194 22398 22956 W com.mbwhatsapp: Accessing hidden method Lcom/android/org/conscrypt/ConscryptEngineSocket;->setHostname(Ljava/lang/String;)V (greylist-max-q,test-api, reflection, denied)
02-19 11:36:29.194 22398 22956 W com.mbwhatsapp: Accessing hidden method Lcom/android/org/conscrypt/OpenSSLSocketImpl;->setHostname(Ljava/lang/String;)V (greylist-max-q,test-api, reflection, denied)
02-19 11:36:29.194 22398 22956 W com.mbwhatsapp: Accessing hidden method Lcom/android/org/conscrypt/AbstractConscryptSocket;->setHostname(Ljava/lang/ String;)V (greylist-max-q, reflection, denied)
02-19 11:36:29.194 22398 22956 W com.mbwhatsapp: Accessing hidden method Lcom/android/org/conscrypt/OpenSSLSocketImpl;->setAlpnProtocols([B)V (greylist-max- q,test-api, reflection, denied)
02-19 11:36:29.194 22398 22956 W com.mbwhatsapp: Accessing hidden method Lcom/android/org/conscrypt/AbstractConscryptSocket;->setAlpnProtocols([B)V (greylist-max-q, reflection, denied)
02-19 11:36:29.259 22398 22956 W com.mbwhatsapp: Accessing hidden method Lcom/android/org/conscrypt/OpenSSLSocketImpl;->getAlpnSelectedProtocol()[B (greylist-max-q,test-api, reflection, denied)
02-19 11:36:29.259 22398 22956 W com.mbwhatsapp: Accessing hidden method Lcom/android/org/conscrypt/AbstractConscryptSocket;->getAlpnSelectedProtocol()[B (greylist-max-q, reflection, denied)
02-19 11:36:29.494 22398 22456 W SQLiteLog: (28) double-quoted string literal: "20"
02-19 11:36:29.494 22398 22456 W SQLiteLog: (28) double-quoted string literal: "40"
02-19 11:36:30.317 22398 22398 E RecyclerView: No adapter attached; skipping layout
02-19 11:36:30.484 22398 22398 E RecyclerView: No adapter attached; skipping layout
02-19 11:36:30.534 22398 22398 E ArmVmp : Match on catch block at 0x0a in for 0xd5
02-19 11:36:30.853 22398 22984 W LOTTIE : Animation contains merge paths. Merge paths are only supported on KitKat+ and must be manually enabled by calling enableMergePathsForKitKatAndAbove().
02-19 11:36:31.085 22398 22398 W LOTTIE : Animation contains merge paths but they are disabled.
02-19 11:36:31.611 22398 22398 E ArmVmp : Match on catch block at 0x5b in for 0x85
02-19 11:36:32.176 22398 22997 E linker : library "" ("/apex/com.android.vndk.v30/lib64") needed or dlopened by "/apex/com.android.vndk.v30/lib64/libRS_internal.so" is not accessible for the namespace: [name="rs", ld_library_paths="", default_library_paths="/apex/com.android.vndk.v30/lib64:/vendor/lib64", permitted_paths="/odm/lib64:/vendor/lib64:/system/vendor/lib64:/data"]
02-19 11:36:32.177 22398 22997 E RenderScript: Failed loading RS driver: dlopen failed: library "" needed or dlopened by "/apex/com.android.vndk.v30/lib64/libRS_internal.so" is not accessible for the namespace "rs"
02-19 11:36:32.177 22398 22997 E RenderScript: Failed to load runtime , loading default
02-19 11:36:32.455 22398 22398 E ArmVmp : Match on catch block at 0x0a in for 0xc9
02-19 11:36:32.460 22398 22398 E ArmVmp : Match on catch block at 0x0a in for 0xc9
02-19 11:36:32.901 22398 22398 E ArmVmp : Match on catch block at 0xc3 in for 0xb5
02-19 11:36:32.962 22398 22398 E ArmVmp : Match on catch block at 0xc3 in for 0xb1
02-19 11:36:32.966 22398 22398 E ArmVmp : Match on catch block at 0xc3 in for 0xb1
02-19 11:36:33.032 22398 22398 E ArmVmp : Match on catch block at 0xc3 in for 0xa5
02-19 11:36:33.037 22398 22398 E ArmVmp : Match on catch block at 0xc3 in for 0xa1
02-19 11:36:33.039 22398 22398 E ArmVmp : Match on catch block at 0xc3 in for 0xa1
02-19 11:36:33.295 22398 22398 E ArmVmp : Match on catch block at 0xc3 in for 0xa9
02-19 11:36:33.298 22398 22398 E ArmVmp : Match on catch block at 0xc3 in for 0xa1
02-19 11:36:33.302 22398 22398 E ArmVmp : Match on catch block at 0xc3 in for 0xa1
02-19 11:36:33.334 22398 22398 E ArmVmp : Match on catch block at 0xc3 in for 0xa9
02-19 11:36:33.337 22398 22398 E ArmVmp : Match on catch block at 0xc3 in for 0xa1
02-19 11:36:33.366 22398 22398 E ArmVmp : Match on catch block at 0xc3 in for 0xa1
02-19 11:36:33.370 22398 22398 E ArmVmp : Match on catch block at 0xc3 in for 0xa5
02-19 11:36:33.373 22398 22398 E ArmVmp : Match on catch block at 0xc3 in for 0xa5
02-19 11:36:33.393 22398 22398 E ArmVmp : Match on catch block at 0xc3 in for 0xa1
02-19 11:36:33.397 22398 22398 E ArmVmp : Match on catch block at 0xc3 in for 0xa5
02-19 11:36:33.401 22398 22398 E ArmVmp : Match on catch block at 0xc3 in for 0xa5
02-19 11:36:33.413 22398 22398 E ArmVmp : Match on catch block at 0xc3 in for 0xa1
02-19 11:36:33.416 22398 22398 E ArmVmp : Match on catch block at 0xc3 in for 0xa5
02-19 11:36:33.420 22398 22398 E ArmVmp : Match on catch block at 0xc3 in for 0xa5
02-19 11:36:33.443 22398 22398 E ArmVmp : Match on catch block at 0xc3 in for 0xa9
02-19 11:36:33.447 22398 22398 E ArmVmp : Match on catch block at 0xc3 in for 0xa1
02-19 11:36:33.450 22398 22398 E ArmVmp : Match on catch block at 0xc3 in for 0xa1
02-19 11:36:33.473 22398 22398 E ArmVmp : Match on catch block at 0xc3 in for 0xa5
02-19 11:36:33.477 22398 22398 E ArmVmp : Match on catch block at 0xc3 in for 0xa9
02-19 11:36:33.479 22398 22398 E ArmVmp : Match on catch block at 0xc3 in for 0xa9
02-19 11:36:33.493 22398 22398 E ArmVmp : Match on catch block at 0xc3 in for 0xa1
02-19 11:36:33.496 22398 22398 E ArmVmp : Match on catch block at 0xc3 in for 0xa5
02-19 11:36:33.499 22398 22398 E ArmVmp : Match on catch block at 0xc3 in for 0xa5
02-19 11:36:33.517 22398 22398 E ArmVmp : Match on catch block at 0xc3 in for 0xa9
02-19 11:36:33.520 22398 22398 E ArmVmp : Match on catch block at 0xc3 in for 0xa1
02-19 11:36:33.523 22398 22398 E ArmVmp : Match on catch block at 0xc3 in for 0xa1
02-19 11:36:33.534 22398 22398 E ArmVmp : Match on catch block at 0xc3 in for 0xa5
02-19 11:36:33.539 22398 22398 E ArmVmp : Match on catch block at 0xc3 in for 0xa9
02-19 11:36:33.542 22398 22398 E ArmVmp : Match on catch block at 0xc3 in for 0xa9
02-19 11:36:33.551 22398 22398 E ArmVmp : Match on catch block at 0xc3 in for 0xa1
02-19 11:36:33.555 22398 22398 E ArmVmp : Match on catch block at 0xc3 in for 0xa5
02-19 11:36:33.558 22398 22398 E ArmVmp : Match on catch block at 0xc3 in for 0xa5
02-19 11:36:33.567 22398 22398 E ArmVmp : Match on catch block at 0xc3 in for 0xa9
02-19 11:36:33.571 22398 22398 E ArmVmp : Match on catch block at 0xc3 in for 0xa1
02-19 11:36:33.573 22398 22398 E ArmVmp : Match on catch block at 0xc3 in for 0xa1
02-19 11:36:33.584 22398 22398 E ArmVmp : Match on catch block at 0xc3 in for 0xa5
02-19 11:36:33.587 22398 22398 E ArmVmp : Match on catch block at 0xc3 in for 0xa9
02-19 11:36:33.601 22398 22398 E ArmVmp : Match on catch block at 0xc3 in for 0xa9
02-19 11:36:33.604 22398 22398 E ArmVmp : Match on catch block at 0xc3 in for 0xa1
02-19 11:36:33.608 22398 22398 E ArmVmp : Match on catch block at 0xc3 in for 0xa1
02-19 11:36:33.617 22398 22398 E ArmVmp : Match on catch block at 0xc3 in for 0xa5
02-19 11:36:33.620 22398 22398 E ArmVmp : Match on catch block at 0xc3 in for 0xa9
02-19 11:36:33.623 22398 22398 E ArmVmp : Match on catch block at 0xc3 in for 0xa9
02-19 11:36:33.635 22398 22398 E ArmVmp : Match on catch block at 0xc3 in for 0xa1
02-19 11:36:33.638 22398 22398 E ArmVmp : Match on catch block at 0xc3 in for 0xa5
02-19 11:36:33.641 22398 22398 E ArmVmp : Match on catch block at 0xc3 in for 0xa5
02-19 11:36:33.651 22398 22398 E ArmVmp : Match on catch block at 0xc3 in for 0xa9
02-19 11:36:33.654 22398 22398 E ArmVmp : Match on catch block at 0xc3 in for 0xa1
02-19 11:36:33.657 22398 22398 E ArmVmp : Match on catch block at 0xc3 in for 0xa1
02-19 11:36:33.668 22398 22398 E ArmVmp : Match on catch block at 0xc3 in for 0xa5
02-19 11:36:33.671 22398 22398 E ArmVmp : Match on catch block at 0xc3 in for 0xa9
02-19 11:36:33.674 22398 22398 E ArmVmp : Match on catch block at 0xc3 in for 0xa9
02-19 11:36:34.040 22398 22398 E ArmVmp : Match on catch block at 0xc3 in for 0xa1
02-19 11:36:34.043 22398 22398 E ArmVmp : Match on catch block at 0xc3 in for 0xa5
02-19 11:36:34.046 22398 22398 E ArmVmp : Match on catch block at 0xc3 in for 0xa5
02-19 11:36:34.052 22398 22398 E ArmVmp : Match on catch block at 0xc3 in for 0xa9
02-19 11:36:34.057 22398 22398 E ArmVmp : Match on catch block at 0xc3 in for 0xa1
02-19 11:36:34.059 22398 22398 E ArmVmp : Match on catch block at 0xc3 in for 0xa1
02-19 11:36:34.102 22398 22398 E ArmVmp : Match on catch block at 0xc3 in for 0xa5
02-19 11:36:34.109 22398 22398 E ArmVmp : Match on catch block at 0xc3 in for 0xa9
02-19 11:36:34.143 22398 22398 E ArmVmp : Match on catch block at 0xc3 in for 0xa9
02-19 11:36:34.147 22398 22398 E ArmVmp : Match on catch block at 0xc3 in for 0xa1
02-19 11:36:34.150 22398 22398 E ArmVmp : Match on catch block at 0xc3 in for 0xa1
02-19 11:36:34.280 22398 22398 E ArmVmp : Match on catch block at 0xc3 in for 0xa1
02-19 11:36:34.284 22398 22398 E ArmVmp : Match on catch block at 0xc3 in for 0xa5
02-19 11:36:34.290 22398 22398 E ArmVmp : Match on catch block at 0xc3 in for 0xa5
02-19 11:36:34.697 22398 22398 E ArmVmp : Match on catch block at 0xc3 in for 0xa9
02-19 11:36:34.701 22398 22398 E ArmVmp : Match on catch block at 0xc3 in for 0xa1
02-19 11:36:34.703 22398 22398 E ArmVmp : Match on catch block at 0xc3 in for 0xa1
02-19 11:36:37.190 22398 22398 W BottomSheetBehavior: BottomSheetBehavior now supports multiple callbacks. `setBottomSheetCallback()` removes all existing callbacks, including ones set internally by library authors, which may result in unintended behavior. This may change in the future. Please use `addBottomSheetCallback()` and `removeBottomSheetCallback()` instead to set your own callbacks.
02-19 11:36:37.294 22398 22398 W BottomSheetBehavior: BottomSheetBehavior now supports multiple callbacks. `setBottomSheetCallback()` removes all existing callbacks, including ones set internally by library authors, which may result in unintended behavior. This may change in the future. Please use `addBottomSheetCallback()` and `removeBottomSheetCallback()` instead to set your own callbacks.
02-19 11:36:37.334 22398 22398 E RecyclerView: No adapter attached; skipping layout
02-19 11:36:37.334 22398 22398 E RecyclerView: No adapter attached; skipping layout
02-19 11:36:38.037 22398 22453 E SQLiteDatabase: Error inserting transferred=1 media_job_uuid=29aa3ef4-3d03-4f5a-862a-9e8bda8b2ea0 transcoded=0 gif_attribution=0 first_scan_length=7125 direct_path=/o1/v/t62.7118-24/f1/m239/up-oil-image-6ed3fdd3- 944f-415e-9bde-03ee831c0178?ccb=9-4&oh=01_AdSslVUP9vhysRrVUD13yuTZvK- dQpXXX_BPErK8CQ-rKQ&oe=65F9DB7C&_nc_sid=000000&_nc_hot=1708287038 thumbnail_height_width_ratio=1.0434783 is_animated_sticker=0 file_hash=M0lz7TbIP8t69zGdhYxVrILpAcs1ZNiosWjdrUuVXxc= file_path=Media/.Statuses/fae02d6db80643e99c7d861f7cc2f2b5.jpg file_size=74488 partial_media_hash=5Bh+/HJELUmp0WjCYu63l7xYiK5aiweNJs314gm6FPI= face_x=0 face_y=0 height=744 trim_to=0 media_key_timestamp=1708120549000 message_url=https://mmg.whatsapp.net/o1/v/t62.7118-24/f1/m239/up-oil-image- 6ed3fdd3-944f-415e-9bde-03ee831c0178?ccb=9-4&oh=01_AdSslVUP9vhysRrVUD13yuTZvK- dQpXXX_BPErK8CQ-rKQ&oe=65F9DB7C&_nc_sid=000000&mms3=true media_caption=null trim_from=0 mime_type=image/jpeg partial_media_enc_hash=null width=720 original_file_hash=null has_streaming_sidecar=1 autotransfer_retry_enabled=1 media_upload_handle=null message_row_id=64530 multicast_id=null enc_file_hash=slmnmAgCW4FwtV32n/pXmF+FuYT2BTv6VBn4hxeXwRY= mute_video=0 page_count=0 first_scan_sidecar=[B@df376a0 suspicious_content=0 file_length=74488 media_name=null media_duration=0 chat_row_id=44 media_key=[B@e8e7259
02-19 11:36:38.037 22398 22453 E SQLiteDatabase: android.database.sqlite.SQLiteConstraintException: UNIQUE constraint failed: message_media.message_row_id (code 1555 SQLITE_CONSTRAINT_PRIMARYKEY)
02-19 11:36:38.037 22398 22453 E SQLiteDatabase: at android.database.sqlite.SQLiteConnection.nativeExecuteForLastInsertedRowId(Native Method)
02-19 11:36:38.037 22398 22453 E SQLiteDatabase: at android.database.sqlite.SQLiteConnection.executeForLastInsertedRowId(SQLiteConnecti on.java:938)
02-19 11:36:38.037 22398 22453 E SQLiteDatabase: at android.database.sqlite.SQLiteSession.executeForLastInsertedRowId(SQLiteSession.jav a:790)
02-19 11:36:38.037 22398 22453 E SQLiteDatabase: at android.database.sqlite.SQLiteStatement.executeInsert(SQLiteStatement.java:88)
02-19 11:36:38.037 22398 22453 E SQLiteDatabase: at android.database.sqlite.SQLiteDatabase.insertWithOnConflict(SQLiteDatabase.java:170 1)
02-19 11:36:38.037 22398 22453 E SQLiteDatabase: at android.database.sqlite.SQLiteDatabase.insert(SQLiteDatabase.java:1570)
02-19 11:36:38.037 22398 22453 E SQLiteDatabase: at X.2tm.A08(Unknown Source:6)
02-19 11:36:38.037 22398 22453 E SQLiteDatabase: at X.35Y.A07(Unknown Source:212)
02-19 11:36:38.037 22398 22453 E SQLiteDatabase: at X.3QF.A14(Unknown Source:470)
02-19 11:36:38.037 22398 22453 E SQLiteDatabase: at X.3gU.run(Unknown Source:982)
02-19 11:36:38.037 22398 22453 E SQLiteDatabase: at android.os.Handler.handleCallback(Handler.java:938)
02-19 11:36:38.037 22398 22453 E SQLiteDatabase: at android.os.Handler.dispatchMessage(Handler.java:99)
02-19 11:36:38.037 22398 22453 E SQLiteDatabase: at X.0zq.dispatchMessage(Unknown Source:4)
02-19 11:36:38.037 22398 22453 E SQLiteDatabase: at android.os.Looper.loop(Looper.java:250)
02-19 11:36:38.037 22398 22453 E SQLiteDatabase: at android.os.HandlerThread.run(HandlerThread.java:67)
02-19 11:36:38.416 22398 22453 E SQLiteDatabase: Error inserting transferred=1 media_job_uuid=ce5f5066-725d-4480-a506-7f97e02316d7 transcoded=0 gif_attribution=0 first_scan_length=23590 direct_path=/o1/v/t62.7118-24/f1/m239/up-oil-image- 4f25f142-b36c-4732-b5d1-c7d8a88254d6?ccb=9- 4&oh=01_AdRavdvIWqN3j3Z97ziPJ83fWeAJhvbgfqjPAH1rLzX5QA&oe=65F9C569&_nc_sid=000000&_ nc_hot=1708287038 thumbnail_height_width_ratio=1.4117647 is_animated_sticker=0 file_hash=cIrywYYeUQfM2xKeJRDE3j6jF2Bgx4vKu528/19cICg= file_path=Media/.Statuses/0bcb4f9c22194121ba52698fe291f721.jpg file_size=294159 partial_media_hash=pFWpMi2reZt+7p9d0q2rRAXqGhS3cgtWp1409x7lQPE= face_x=0 face_y=0 height=1600 trim_to=0 media_key_timestamp=1708120549000 message_url=https://mmg.whatsapp.net/o1/v/t62.7118-24/f1/m239/up-oil-image- 4f25f142-b36c-4732-b5d1-c7d8a88254d6?ccb=9- 4&oh=01_AdRavdvIWqN3j3Z97ziPJ83fWeAJhvbgfqjPAH1rLzX5QA&oe=65F9C569&_nc_sid=000000&m ms3=true media_caption=null trim_from=0 mime_type=image/jpeg partial_media_enc_hash=null width=1131 original_file_hash=null has_streaming_sidecar=1 autotransfer_retry_enabled=1 media_upload_handle=null message_row_id=64531 multicast_id=null enc_file_hash=CqcqruooZQ4g44JNwAIwstqiU/ei2+lomK7Whe8YYJY= mute_video=0 page_count=0 first_scan_sidecar=[B@517dbf4 suspicious_content=0 file_length=294159 media_name=null media_duration=0 chat_row_id=44 media_key=[B@2e52f1d
02-19 11:36:38.416 22398 22453 E SQLiteDatabase: android.database.sqlite.SQLiteConstraintException: UNIQUE constraint failed: message_media.message_row_id (code 1555 SQLITE_CONSTRAINT_PRIMARYKEY)
02-19 11:36:38.416 22398 22453 E SQLiteDatabase: at android.database.sqlite.SQLiteConnection.nativeExecuteForLastInsertedRowId(Native Method)
02-19 11:36:38.416 22398 22453 E SQLiteDatabase: at android.database.sqlite.SQLiteConnection.executeForLastInsertedRowId(SQLiteConnecti on.java:938)
02-19 11:36:38.416 22398 22453 E SQLiteDatabase: at android.database.sqlite.SQLiteSession.executeForLastInsertedRowId(SQLiteSession.jav a:790)
02-19 11:36:38.416 22398 22453 E SQLiteDatabase: at android.database.sqlite.SQLiteStatement.executeInsert(SQLiteStatement.java:88)
02-19 11:36:38.416 22398 22453 E SQLiteDatabase: at android.database.sqlite.SQLiteDatabase.insertWithOnConflict(SQLiteDatabase.java:170 1)
02-19 11:36:38.416 22398 22453 E SQLiteDatabase: at android.database.sqlite.SQLiteDatabase.insert(SQLiteDatabase.java:1570)
02-19 11:36:38.416 22398 22453 E SQLiteDatabase: at X.2tm.A08(Unknown Source:6)
02-19 11:36:38.416 22398 22453 E SQLiteDatabase: at X.35Y.A07(Unknown Source:212)
02-19 11:36:38.416 22398 22453 E SQLiteDatabase: at X.3QF.A14(Unknown Source:470)
02-19 11:36:38.416 22398 22453 E SQLiteDatabase: at X.3gU.run(Unknown Source:982)
02-19 11:36:38.416 22398 22453 E SQLiteDatabase: at android.os.Handler.handleCallback(Handler.java:938)
02-19 11:36:38.416 22398 22453 E SQLiteDatabase: at android.os.Handler.dispatchMessage(Handler.java:99)
02-19 11:36:38.416 22398 22453 E SQLiteDatabase: at X.0zq.dispatchMessage(Unknown Source:4)
02-19 11:36:38.416 22398 22453 E SQLiteDatabase: at android.os.Looper.loop(Looper.java:250)
02-19 11:36:38.416 22398 22453 E SQLiteDatabase: at android.os.HandlerThread.run(HandlerThread.java:67)
02-19 11:36:38.700 22398 22398 W BottomSheetBehavior: BottomSheetBehavior now supports multiple callbacks. `setBottomSheetCallback()` removes all existing callbacks, including ones set internally by library authors, which may result in unintended behavior. This may change in the future. Please use `addBottomSheetCallback()` and `removeBottomSheetCallback()` instead to set your own callbacks.
02-19 11:36:38.700 22398 22398 W BottomSheetBehavior: BottomSheetBehavior now supports multiple callbacks. `setBottomSheetCallback()` removes all existing callbacks, including ones set internally by library authors, which may result in unintended behavior. This may change in the future. Please use `addBottomSheetCallback()` and `removeBottomSheetCallback()` instead to set your own callbacks.
02-19 11:36:38.706 22398 22398 E RecyclerView: No adapter attached; skipping layout
02-19 11:36:38.972 22398 22398 W BottomSheetBehavior: BottomSheetBehavior now supports multiple callbacks. `setBottomSheetCallback()` removes all existing callbacks, including ones set internally by library authors, which may result in unintended behavior. This may change in the future. Please use `addBottomSheetCallback()` and `removeBottomSheetCallback()` instead to set your own callbacks.
02-19 11:36:38.972 22398 22398 W BottomSheetBehavior: BottomSheetBehavior now supports multiple callbacks. `setBottomSheetCallback()` removes all existing callbacks, including ones set internally by library authors, which may result in unintended behavior. This may change in the future. Please use `addBottomSheetCallback()` and `removeBottomSheetCallback()` instead to set your own callbacks.
02-19 11:36:38.981 22398 22398 E RecyclerView: No adapter attached; skipping layout
02-19 11:36:38.992 22398 22453 E SQLiteDatabase: Error inserting transferred=0 media_job_uuid=c0838810-e8c3-4758-b500-97ebf5f2ccdc transcoded=0 gif_attribution=0 first_scan_length=0 direct_path=/v/t62.7161- 24/40878045_1337244233653850_6669246192567727539_n.enc?ccb=11- 4&oh=01_AdTwb_GmPZvAxp6JmwL8iKfPfsl2FLarVpAZy-ILpmnqLg&oe=65F9B07A&_nc_sid=5e03e0 thumbnail_height_width_ratio=1.7777778 is_animated_sticker=0 file_hash=8Ji4la7FxQ530G6V/znpnYwswd+OS6g8i4M9QrIVw2k= file_path=null file_size=0 partial_media_hash=null face_x=0 face_y=0 height=640 trim_to=0 media_key_timestamp=1708279104000 message_url=https://mmg.whatsapp.net/v/t62.7161- 24/40878045_1337244233653850_6669246192567727539_n.enc?ccb=11- 4&oh=01_AdTwb_GmPZvAxp6JmwL8iKfPfsl2FLarVpAZy- ILpmnqLg&oe=65F9B07A&_nc_sid=5e03e0&mms3=true media_caption=null trim_from=0 mime_type=video/mp4 partial_media_enc_hash=null width=360 original_file_hash=null has_streaming_sidecar=1 autotransfer_retry_enabled=0 media_upload_handle=null message_row_id=64523 multicast_id=null enc_file_hash=Ey3PB/I4yFRoJKFo27BWbWqF9GHRN5GHJTHc/20Xo1A= mute_video=0 page_count=0 first_scan_sidecar=null suspicious_content=0 file_length=4614799 media_name=null media_duration=27 chat_row_id=44 media_key=[B@70b3b7b
02-19 11:36:38.992 22398 22453 E SQLiteDatabase: android.database.sqlite.SQLiteConstraintException: UNIQUE constraint failed: message_media.message_row_id (code 1555 SQLITE_CONSTRAINT_PRIMARYKEY)
02-19 11:36:38.992 22398 22453 E SQLiteDatabase: at android.database.sqlite.SQLiteConnection.nativeExecuteForLastInsertedRowId(Native Method)
02-19 11:36:38.992 22398 22453 E SQLiteDatabase: at android.database.sqlite.SQLiteConnection.executeForLastInsertedRowId(SQLiteConnecti on.java:938)
02-19 11:36:38.992 22398 22453 E SQLiteDatabase: at android.database.sqlite.SQLiteSession.executeForLastInsertedRowId(SQLiteSession.jav a:790)
02-19 11:36:38.992 22398 22453 E SQLiteDatabase: at android.database.sqlite.SQLiteStatement.executeInsert(SQLiteStatement.java:88)
02-19 11:36:38.992 22398 22453 E SQLiteDatabase: at android.database.sqlite.SQLiteDatabase.insertWithOnConflict(SQLiteDatabase.java:170 1)
02-19 11:36:38.992 22398 22453 E SQLiteDatabase: at android.database.sqlite.SQLiteDatabase.insert(SQLiteDatabase.java:1570)
02-19 11:36:38.992 22398 22453 E SQLiteDatabase: at X.2tm.A08(Unknown Source:6)
02-19 11:36:38.992 22398 22453 E SQLiteDatabase: at X.35Y.A07(Unknown Source:212)
02-19 11:36:38.992 22398 22453 E SQLiteDatabase: at X.3QF.A14(Unknown Source:470)
02-19 11:36:38.992 22398 22453 E SQLiteDatabase: at X.3gU.run(Unknown Source:982)
02-19 11:36:38.992 22398 22453 E SQLiteDatabase: at android.os.Handler.handleCallback(Handler.java:938)
02-19 11:36:38.992 22398 22453 E SQLiteDatabase: at android.os.Handler.dispatchMessage(Handler.java:99)
02-19 11:36:38.992 22398 22453 E SQLiteDatabase: at X.0zq.dispatchMessage(Unknown Source:4)
02-19 11:36:38.992 22398 22453 E SQLiteDatabase: at android.os.Looper.loop(Looper.java:250)
02-19 11:36:38.992 22398 22453 E SQLiteDatabase: at android.os.HandlerThread.run(HandlerThread.java:67)
02-19 11:36:39.005 22398 22453 E SQLiteDatabase: Error inserting transferred=0 media_job_uuid=c0838810-e8c3-4758-b500-97ebf5f2ccdc transcoded=0 gif_attribution=0 first_scan_length=0 direct_path=/v/t62.7161- 24/40878045_1337244233653850_6669246192567727539_n.enc?ccb=11- 4&oh=01_AdTwb_GmPZvAxp6JmwL8iKfPfsl2FLarVpAZy-ILpmnqLg&oe=65F9B07A&_nc_sid=5e03e0 thumbnail_height_width_ratio=1.7777778 is_animated_sticker=0 file_hash=8Ji4la7FxQ530G6V/znpnYwswd+OS6g8i4M9QrIVw2k= file_path=null file_size=0 partial_media_hash=null face_x=0 face_y=0 height=640 trim_to=0 media_key_timestamp=1708279104000 message_url=https://mmg.whatsapp.net/v/t62.7161- 24/40878045_1337244233653850_6669246192567727539_n.enc?ccb=11- 4&oh=01_AdTwb_GmPZvAxp6JmwL8iKfPfsl2FLarVpAZy- ILpmnqLg&oe=65F9B07A&_nc_sid=5e03e0&mms3=true media_caption=null trim_from=0 mime_type=video/mp4 partial_media_enc_hash=null width=360 original_file_hash=null has_streaming_sidecar=1 autotransfer_retry_enabled=0 media_upload_handle=null message_row_id=64523 multicast_id=null enc_file_hash=Ey3PB/I4yFRoJKFo27BWbWqF9GHRN5GHJTHc/20Xo1A= mute_video=0 page_count=0 first_scan_sidecar=null suspicious_content=0 file_length=4614799 media_name=null media_duration=27 chat_row_id=44 media_key=[B@70b3b7b
02-19 11:36:39.005 22398 22453 E SQLiteDatabase: android.database.sqlite.SQLiteConstraintException: UNIQUE constraint failed: message_media.message_row_id (code 1555 SQLITE_CONSTRAINT_PRIMARYKEY)
02-19 11:36:39.005 22398 22453 E SQLiteDatabase: at android.database.sqlite.SQLiteConnection.nativeExecuteForLastInsertedRowId(Native Method)
02-19 11:36:39.005 22398 22453 E SQLiteDatabase: at android.database.sqlite.SQLiteConnection.executeForLastInsertedRowId(SQLiteConnecti on.java:938)
02-19 11:36:39.005 22398 22453 E SQLiteDatabase: at android.database.sqlite.SQLiteSession.executeForLastInsertedRowId(SQLiteSession.jav a:790)
02-19 11:36:39.005 22398 22453 E SQLiteDatabase: at android.database.sqlite.SQLiteStatement.executeInsert(SQLiteStatement.java:88)
02-19 11:36:39.005 22398 22453 E SQLiteDatabase: at android.database.sqlite.SQLiteDatabase.insertWithOnConflict(SQLiteDatabase.java:170 1)
02-19 11:36:39.005 22398 22453 E SQLiteDatabase: at android.database.sqlite.SQLiteDatabase.insert(SQLiteDatabase.java:1570)
02-19 11:36:39.005 22398 22453 E SQLiteDatabase: at X.2tm.A08(Unknown Source:6)
02-19 11:36:39.005 22398 22453 E SQLiteDatabase: at X.35Y.A07(Unknown Source:212)
02-19 11:36:39.005 22398 22453 E SQLiteDatabase: at X.3QF.A14(Unknown Source:470)
02-19 11:36:39.005 22398 22453 E SQLiteDatabase: at X.3gU.run(Unknown Source:982)
02-19 11:36:39.005 22398 22453 E SQLiteDatabase: at android.os.Handler.handleCallback(Handler.java:938)
02-19 11:36:39.005 22398 22453 E SQLiteDatabase: at android.os.Handler.dispatchMessage(Handler.java:99)
02-19 11:36:39.005 22398 22453 E SQLiteDatabase: at X.0zq.dispatchMessage(Unknown Source:4)
02-19 11:36:39.005 22398 22453 E SQLiteDatabase: at android.os.Looper.loop(Looper.java:250)
02-19 11:36:39.005 22398 22453 E SQLiteDatabase: at android.os.HandlerThread.run(HandlerThread.java:67)
02-19 11:36:39.400 22398 22398 W BottomSheetBehavior: BottomSheetBehavior now supports multiple callbacks. `setBottomSheetCallback()` removes all existing callbacks, including ones set internally by library authors, which may result in unintended behavior. This may change in the future. Please use `addBottomSheetCallback()` and `removeBottomSheetCallback()` instead to set your own callbacks.
02-19 11:36:39.400 22398 22398 W BottomSheetBehavior: BottomSheetBehavior now supports multiple callbacks. `setBottomSheetCallback()` removes all existing callbacks, including ones set internally by library authors, which may result in unintended behavior. This may change in the future. Please use `addBottomSheetCallback()` and `removeBottomSheetCallback()` instead to set your own callbacks.
02-19 11:36:39.409 22398 22398 E RecyclerView: No adapter attached; skipping layout
02-19 11:36:39.453 22398 23031 W VideoCapabilities: Unsupported mime image/vnd.android.heic
02-19 11:36:39.468 22398 22453 E SQLiteDatabase: Error inserting transferred=0 media_job_uuid=5a2519e0-8227-4589-b4ff-93c03ad03ee6 transcoded=0 gif_attribution=0 first_scan_length=14325 direct_path=/v/t62.7118- 24/34554510_928118039008744_3480002725085809687_n.enc?ccb=11- 4&oh=01_AdTSDcBqfyQLcQxgolGszJ6JPA6aI7Y9JDmINsT_FhS7Ug&oe=65F9D4FC&_nc_sid=5e03e0&_ nc_hot=1708287038 thumbnail_height_width_ratio=1.0 is_animated_sticker=0 file_hash=IfVvsedknCDJ7II/EZmZP/HgVy+z7zc/W3udiN9IOr4= file_path=Media/.Statuses/5e3c57dfb68d43cb85067c8634ab8644.jpg file_size=185485 partial_media_hash=kXE/LVQVOXaVDfpfYqBuPHGDuiwmQeW6Jnqk88f0r1M= face_x=0 face_y=0 height=1080 trim_to=0 media_key_timestamp=1708287026000 message_url=https://mmg.whatsapp.net/v/t62.7118- 24/34554510_928118039008744_3480002725085809687_n.enc?ccb=11- 4&oh=01_AdTSDcBqfyQLcQxgolGszJ6JPA6aI7Y9JDmINsT_FhS7Ug&oe=65F9D4FC&_nc_sid=5e03e0&m ms3=true media_caption=null trim_from=0 mime_type=image/jpeg partial_media_enc_hash=null width=1080 original_file_hash=null has_streaming_sidecar=1 autotransfer_retry_enabled=1 media_upload_handle=null message_row_id=64532 multicast_id=null enc_file_hash=hN2KV620JMIy1ZQI9SkwcuF12eqmfclsWJ34BjzkJOA= mute_video=0 page_count=0 first_scan_sidecar=[B@cea18c7 suspicious_content=0 file_length=185485 media_name=null media_duration=0 chat_row_id=44 media_key=[B@4235ef4
02-19 11:36:39.468 22398 22453 E SQLiteDatabase: android.database.sqlite.SQLiteConstraintException: UNIQUE constraint failed: message_media.message_row_id (code 1555 SQLITE_CONSTRAINT_PRIMARYKEY)
02-19 11:36:39.468 22398 22453 E SQLiteDatabase: at android.database.sqlite.SQLiteConnection.nativeExecuteForLastInsertedRowId(Native Method)
02-19 11:36:39.468 22398 22453 E SQLiteDatabase: at android.database.sqlite.SQLiteConnection.executeForLastInsertedRowId(SQLiteConnecti on.java:938)
02-19 11:36:39.468 22398 22453 E SQLiteDatabase: at android.database.sqlite.SQLiteSession.executeForLastInsertedRowId(SQLiteSession.jav a:790)
02-19 11:36:39.468 22398 22453 E SQLiteDatabase: at android.database.sqlite.SQLiteStatement.executeInsert(SQLiteStatement.java:88)
02-19 11:36:39.468 22398 22453 E SQLiteDatabase: at android.database.sqlite.SQLiteDatabase.insertWithOnConflict(SQLiteDatabase.java:170 1)
02-19 11:36:39.468 22398 22453 E SQLiteDatabase: at android.database.sqlite.SQLiteDatabase.insert(SQLiteDatabase.java:1570)
02-19 11:36:39.468 22398 22453 E SQLiteDatabase: at X.2tm.A08(Unknown Source:6)
02-19 11:36:39.468 22398 22453 E SQLiteDatabase: at X.35Y.A07(Unknown Source:212)
02-19 11:36:39.468 22398 22453 E SQLiteDatabase: at X.3QF.A14(Unknown Source:470)
02-19 11:36:39.468 22398 22453 E SQLiteDatabase: at X.3gU.run(Unknown Source:982)
02-19 11:36:39.468 22398 22453 E SQLiteDatabase: at android.os.Handler.handleCallback(Handler.java:938)
02-19 11:36:39.468 22398 22453 E SQLiteDatabase: at android.os.Handler.dispatchMessage(Handler.java:99)
02-19 11:36:39.468 22398 22453 E SQLiteDatabase: at X.0zq.dispatchMessage(Unknown Source:4)
02-19 11:36:39.468 22398 22453 E SQLiteDatabase: at android.os.Looper.loop(Looper.java:250)
02-19 11:36:39.468 22398 22453 E SQLiteDatabase: at android.os.HandlerThread.run(HandlerThread.java:67)
02-19 11:36:39.708 22398 23036 W ExtendedACodec: Failed to set frame packing format on component
02-19 11:36:39.871 22398 22398 W BottomSheetBehavior: BottomSheetBehavior now supports multiple callbacks. `setBottomSheetCallback()` removes all existing callbacks, including ones set internally by library authors, which may result in unintended behavior. This may change in the future. Please use `addBottomSheetCallback()` and `removeBottomSheetCallback()` instead to set your own callbacks.
02-19 11:36:39.871 22398 22398 W BottomSheetBehavior: BottomSheetBehavior now supports multiple callbacks. `setBottomSheetCallback()` removes all existing callbacks, including ones set internally by library authors, which may result in unintended behavior. This may change in the future. Please use `addBottomSheetCallback()` and `removeBottomSheetCallback()` instead to set your own callbacks.
02-19 11:36:39.881 22398 22398 E RecyclerView: No adapter attached; skipping layout
02-19 11:36:39.897 22398 22453 E SQLiteDatabase: Error inserting transferred=0 media_job_uuid=c1fa9bd4-c0ea-4678-8104-7873911c6392 transcoded=0 gif_attribution=0 first_scan_length=0 direct_path=/v/t62.7161- 24/32521321_1616582795749280_2051942381973054084_n.enc?ccb=11- 4&oh=01_AdRSup7dQKy11RTaX1hvrgMg5CIcIyNLPVlhJPoicxCFXQ&oe=65F9C3DC&_nc_sid=5e03e0&_ nc_hot=1708287038 thumbnail_height_width_ratio=1.8 is_animated_sticker=0 file_hash=itY3Vrwz9sexh3DM5vlZr1HhfeXqqGROaIZnuO0NZ+I= file_path=null file_size=0 partial_media_hash=null face_x=0 face_y=0 height=864 trim_to=0 media_key_timestamp=1708287027000 message_url=https://mmg.whatsapp.net/v/t62.7161- 24/32521321_1616582795749280_2051942381973054084_n.enc?ccb=11- 4&oh=01_AdRSup7dQKy11RTaX1hvrgMg5CIcIyNLPVlhJPoicxCFXQ&oe=65F9C3DC&_nc_sid=5e03e0&m ms3=true media_caption=null trim_from=0 mime_type=video/mp4 partial_media_enc_hash=null width=480 original_file_hash=null has_streaming_sidecar=1 autotransfer_retry_enabled=0 media_upload_handle=null message_row_id=64533 multicast_id=null enc_file_hash=fNzUO+pdaaytnLS8/e/ni1F3dio4LloDvK5k3rKb/sE= mute_video=0 page_count=0 first_scan_sidecar=null suspicious_content=0 file_length=2978993 media_name=null media_duration=18 chat_row_id=44 media_key=[B@d77529b
02-19 11:36:39.897 22398 22453 E SQLiteDatabase: android.database.sqlite.SQLiteConstraintException: UNIQUE constraint failed: message_media.message_row_id (code 1555 SQLITE_CONSTRAINT_PRIMARYKEY)
02-19 11:36:39.897 22398 22453 E SQLiteDatabase: at android.database.sqlite.SQLiteConnection.nativeExecuteForLastInsertedRowId(Native Method)
02-19 11:36:39.897 22398 22453 E SQLiteDatabase: at android.database.sqlite.SQLiteConnection.executeForLastInsertedRowId(SQLiteConnecti on.java:938)
02-19 11:36:39.897 22398 22453 E SQLiteDatabase: at android.database.sqlite.SQLiteSession.executeForLastInsertedRowId(SQLiteSession.jav a:790)
02-19 11:36:39.897 22398 22453 E SQLiteDatabase: at android.database.sqlite.SQLiteStatement.executeInsert(SQLiteStatement.java:88)
02-19 11:36:39.897 22398 22453 E SQLiteDatabase: at android.database.sqlite.SQLiteDatabase.insertWithOnConflict(SQLiteDatabase.java:170 1)
02-19 11:36:39.897 22398 22453 E SQLiteDatabase: at android.database.sqlite.SQLiteDatabase.insert(SQLiteDatabase.java:1570)
02-19 11:36:39.897 22398 22453 E SQLiteDatabase: at X.2tm.A08(Unknown Source:6)
02-19 11:36:39.897 22398 22453 E SQLiteDatabase: at X.35Y.A07(Unknown Source:212)
02-19 11:36:39.897 22398 22453 E SQLiteDatabase: at X.3QF.A14(Unknown Source:470)
02-19 11:36:39.897 22398 22453 E SQLiteDatabase: at X.3gU.run(Unknown Source:982)
02-19 11:36:39.897 22398 22453 E SQLiteDatabase: at android.os.Handler.handleCallback(Handler.java:938)
02-19 11:36:39.897 22398 22453 E SQLiteDatabase: at android.os.Handler.dispatchMessage(Handler.java:99)
02-19 11:36:39.897 22398 22453 E SQLiteDatabase: at X.0zq.dispatchMessage(Unknown Source:4)
02-19 11:36:39.897 22398 22453 E SQLiteDatabase: at android.os.Looper.loop(Looper.java:250)
02-19 11:36:39.897 22398 22453 E SQLiteDatabase: at android.os.HandlerThread.run(HandlerThread.java:67)
02-19 11:36:39.911 22398 22453 E SQLiteDatabase: Error inserting transferred=0 media_job_uuid=c1fa9bd4-c0ea-4678-8104-7873911c6392 transcoded=0 gif_attribution=0 first_scan_length=0 direct_path=/v/t62.7161- 24/32521321_1616582795749280_2051942381973054084_n.enc?ccb=11- 4&oh=01_AdRSup7dQKy11RTaX1hvrgMg5CIcIyNLPVlhJPoicxCFXQ&oe=65F9C3DC&_nc_sid=5e03e0&_ nc_hot=1708287038 thumbnail_height_width_ratio=1.8 is_animated_sticker=0 file_hash=itY3Vrwz9sexh3DM5vlZr1HhfeXqqGROaIZnuO0NZ+I= file_path=null file_size=0 partial_media_hash=null face_x=0 face_y=0 height=864 trim_to=0 media_key_timestamp=1708287027000 message_url=https://mmg.whatsapp.net/v/t62.7161- 24/32521321_1616582795749280_2051942381973054084_n.enc?ccb=11- 4&oh=01_AdRSup7dQKy11RTaX1hvrgMg5CIcIyNLPVlhJPoicxCFXQ&oe=65F9C3DC&_nc_sid=5e03e0&m ms3=true media_caption=null trim_from=0 mime_type=video/mp4 partial_media_enc_hash=null width=480 original_file_hash=null has_streaming_sidecar=1 autotransfer_retry_enabled=0 media_upload_handle=null message_row_id=64533 multicast_id=null enc_file_hash=fNzUO+pdaaytnLS8/e/ni1F3dio4LloDvK5k3rKb/sE= mute_video=0 page_count=0 first_scan_sidecar=null suspicious_content=0 file_length=2978993 media_name=null media_duration=18 chat_row_id=44 media_key=[B@d77529b
02-19 11:36:39.911 22398 22453 E SQLiteDatabase: android.database.sqlite.SQLiteConstraintException: UNIQUE constraint failed: message_media.message_row_id (code 1555 SQLITE_CONSTRAINT_PRIMARYKEY)
02-19 11:36:39.911 22398 22453 E SQLiteDatabase: at android.database.sqlite.SQLiteConnection.nativeExecuteForLastInsertedRowId(Native Method)
02-19 11:36:39.911 22398 22453 E SQLiteDatabase: at android.database.sqlite.SQLiteConnection.executeForLastInsertedRowId(SQLiteConnecti on.java:938)
02-19 11:36:39.911 22398 22453 E SQLiteDatabase: at android.database.sqlite.SQLiteSession.executeForLastInsertedRowId(SQLiteSession.jav a:790)
02-19 11:36:39.911 22398 22453 E SQLiteDatabase: at android.database.sqlite.SQLiteStatement.executeInsert(SQLiteStatement.java:88)
02-19 11:36:39.911 22398 22453 E SQLiteDatabase: at android.database.sqlite.SQLiteDatabase.insertWithOnConflict(SQLiteDatabase.java:170 1)
02-19 11:36:39.911 22398 22453 E SQLiteDatabase: at android.database.sqlite.SQLiteDatabase.insert(SQLiteDatabase.java:1570)
02-19 11:36:39.911 22398 22453 E SQLiteDatabase: at X.2tm.A08(Unknown Source:6)
02-19 11:36:39.911 22398 22453 E SQLiteDatabase: at X.35Y.A07(Unknown Source:212)
02-19 11:36:39.911 22398 22453 E SQLiteDatabase: at X.3QF.A14(Unknown Source:470)
02-19 11:36:39.911 22398 22453 E SQLiteDatabase: at X.3gU.run(Unknown Source:982)
02-19 11:36:39.911 22398 22453 E SQLiteDatabase: at android.os.Handler.handleCallback(Handler.java:938)
02-19 11:36:39.911 22398 22453 E SQLiteDatabase: at android.os.Handler.dispatchMessage(Handler.java:99)
02-19 11:36:39.911 22398 22453 E SQLiteDatabase: at X.0zq.dispatchMessage(Unknown Source:4)
02-19 11:36:39.911 22398 22453 E SQLiteDatabase: at android.os.Looper.loop(Looper.java:250)
02-19 11:36:39.911 22398 22453 E SQLiteDatabase: at android.os.HandlerThread.run(HandlerThread.java:67)
02-19 11:36:40.317 22398 22398 W BottomSheetBehavior: BottomSheetBehavior now supports multiple callbacks. `setBottomSheetCallback()` removes all existing callbacks, including ones set internally by library authors, which may result in unintended behavior. This may change in the future. Please use `addBottomSheetCallback()` and `removeBottomSheetCallback()` instead to set your own callbacks.
