02-16 21:54:56.345 30186 30186 W com.mbwhatsapp: type=1400 audit(0.0:2172): avc: granted { execute } for path="/data/data/com.mbwhatsapp/files/decompressed/libs.spk.zst/libc++_shared.so" dev="dm-12" ino=945754 scontext=u:r:untrusted_app:s0:c53,c259,c512,c768 tcontext=u:object_r:app_data_file:s0:c53,c259,c512,c768 tclass=file app=com.mbwhatsapp
02-16 21:54:56.347 30186 30186 W linker : Warning: "/data/data/com.mbwhatsapp/files/decompressed/libs.spk.zst/libc++_shared.so" unused DT entry: unknown processor-specific (type 0x70000001 arg 0x0) (ignoring)
02-16 21:54:56.351 30186 30186 W com.mbwhatsapp: type=1400 audit(0.0:2173): avc: granted { execute } for path="/data/data/com.mbwhatsapp/files/decompressed/libs.spk.zst/libvlc.so" dev="dm- 12" ino=934342 scontext=u:r:untrusted_app:s0:c53,c259,c512,c768 tcontext=u:object_r:app_data_file:s0:c53,c259,c512,c768 tclass=file app=com.mbwhatsapp
02-16 21:54:56.395 30186 30186 W com.mbwhatsapp: type=1400 audit(0.0:2174): avc: granted { execute } for path="/data/data/com.mbwhatsapp/files/decompressed/libs.spk.zst/libwhatsapp.so" dev="dm-12" ino=928776 scontext=u:r:untrusted_app:s0:c53,c259,c512,c768 tcontext=u:object_r:app_data_file:s0:c53,c259,c512,c768 tclass=file app=com.mbwhatsapp
02-16 21:54:56.558 30186 30186 W com.mbwhatsapp: type=1400 audit(0.0:2175): avc: granted { execute } for path="/data/data/com.mbwhatsapp/files/decompressed/libs.spk.zst/libcurve25519.so" dev="dm-12" ino=948437 scontext=u:r:untrusted_app:s0:c53,c259,c512,c768 tcontext=u:object_r:app_data_file:s0:c53,c259,c512,c768 tclass=file app=com.mbwhatsapp
02-16 21:54:56.888 30186 30186 W com.mbwhatsapp: type=1400 audit(0.0:2176): avc: granted { execute } for path="/data/data/com.mbwhatsapp/files/decompressed/libs.spk.zst/libwhatsapp.so" dev="dm-12" ino=928776 scontext=u:r:untrusted_app:s0:c53,c259,c512,c768 tcontext=u:object_r:app_data_file:s0:c53,c259,c512,c768 tclass=file app=com.mbwhatsapp
02-16 21:54:57.524 30186 30250 W com.mbwhatsapp: Class X.2rL failed lock verification and will run slower.
02-16 21:54:57.524 30186 30250 W com.mbwhatsapp: Common causes for lock verification issues are non-optimized dex code
02-16 21:54:57.524 30186 30250 W com.mbwhatsapp: and incorrect proguard optimizations.
02-16 21:55:00.699 30186 30315 E libc : Access denied finding property "fw.max_users"
02-16 21:55:00.700 30186 30315 E libc : Access denied finding property "fw.show_multiuserui"
02-16 21:55:00.713 30186 30315 E libc : Access denied finding property "fw.max_users"
02-16 21:55:00.714 30186 30315 E libc : Access denied finding property "fw.show_multiuserui"
02-16 21:55:00.695 30186 30186 W db_write: type=1400 audit(0.0:2179): avc: denied { read } for name="u:object_r:framework_prop:s0" dev="tmpfs" ino=11751 scontext=u:r:untrusted_app:s0:c53,c259,c512,c768 tcontext=u:object_r:framework_prop:s0 tclass=file permissive=0 app=com.mbwhatsapp
02-16 21:55:00.711 30186 30186 W db_write: type=1400 audit(0.0:2181): avc: denied { read } for name="u:object_r:framework_prop:s0" dev="tmpfs" ino=11751 scontext=u:r:untrusted_app:s0:c53,c259,c512,c768 tcontext=u:object_r:framework_prop:s0 tclass=file permissive=0 app=com.mbwhatsapp --------- beginning of main
02-16 23:42:49.836 28424 28424 E com.mbwhatsapp: Not starting debugger since process cannot load the jdwp agent.
02-16 23:42:50.337 28424 28424 W System.err: java.lang.ClassNotFoundException: mbmodsd.mbmodsw.ui.views.btn.BtnBK
02-16 23:42:50.338 28424 28424 W System.err: at java.lang.Runtime.nativeLoad(Native Method)
02-16 23:42:50.338 28424 28424 W System.err: at java.lang.Runtime.nativeLoad(Runtime.java:1131)
02-16 23:42:50.338 28424 28424 W System.err: at java.lang.Runtime.loadLibrary0(Runtime.java:1085)
02-16 23:42:50.338 28424 28424 W System.err: at java.lang.Runtime.loadLibrary0(Runtime.java:1008)
02-16 23:42:50.338 28424 28424 W System.err: at java.lang.System.loadLibrary(System.java:1664)
02-16 23:42:50.338 28424 28424 W System.err: at arm.EpicVm.<clinit>(Unknown Source:2)
02-16 23:42:50.338 28424 28424 W System.err: at java.lang.Class.newInstance(Native Method)
02-16 23:42:50.338 28424 28424 W System.err: at android.app.AppComponentFactory.instantiateApplication(AppComponentFactory.java:76)
02-16 23:42:50.338 28424 28424 W System.err: at androidx.core.app.CoreComponentFactory.instantiateApplication(Unknown Source:0)
02-16 23:42:50.339 28424 28424 W System.err: at android.app.Instrumentation.newApplication(Instrumentation.java:1158)
02-16 23:42:50.339 28424 28424 W System.err: at android.app.LoadedApk.makeApplication(LoadedApk.java:1244)
02-16 23:42:50.339 28424 28424 W System.err: at android.app.ActivityThread.handleBindApplication(ActivityThread.java:6817)
02-16 23:42:50.339 28424 28424 W System.err: at android.app.ActivityThread.access$1400(ActivityThread.java:251)
02-16 23:42:50.339 28424 28424 W System.err: at android.app.ActivityThread$H.handleMessage(ActivityThread.java:1978)
02-16 23:42:50.339 28424 28424 W System.err: at android.os.Handler.dispatchMessage(Handler.java:106)
02-16 23:42:50.339 28424 28424 W System.err: at android.os.Looper.loop(Looper.java:250)
02-16 23:42:50.339 28424 28424 W System.err: at android.app.ActivityThread.main(ActivityThread.java:7806)
02-16 23:42:50.339 28424 28424 W System.err: at java.lang.reflect.Method.invoke(Native Method)
02-16 23:42:50.339 28424 28424 W System.err: at com.android.internal.os.RuntimeInit$MethodAndArgsCaller.run(RuntimeInit.java:592)
02-16 23:42:50.339 28424 28424 W System.err: at com.android.internal.os.ZygoteInit.main(ZygoteInit.java:958)
02-16 23:42:50.471 28424 28424 E CustomActivityOnCrash: IMPORTANT WARNING! You already have an UncaughtExceptionHandler, are you sure this is correct? If you use a custom UncaughtExceptionHandler, you must initialize it AFTER CustomActivityOnCrash! Installing anyway, but your original handler will not be called.
02-16 23:42:51.346 28424 28424 W com.mbwhatsapp: Accessing hidden method Lcom/android/org/conscrypt/OpenSSLSocketImpl;->setUseSessionTickets(Z)V (greylist- max-q,test-api, reflection, denied)
02-16 23:42:51.347 28424 28424 W com.mbwhatsapp: Accessing hidden method Lcom/android/org/conscrypt/AbstractConscryptSocket;->setUseSessionTickets(Z)V (greylist-max-q, reflection, denied)
02-16 23:42:51.456 28424 28424 W com.mbwhatsapp: type=1400 audit(0.0:3216): avc: granted { execute } for path="/data/data/com.mbwhatsapp/files/decompressed/libs.spk.zst/libc++_shared.so" dev="dm-12" ino=945754 scontext=u:r:untrusted_app:s0:c53,c259,c512,c768 tcontext=u:object_r:app_data_file:s0:c53,c259,c512,c768 tclass=file app=com.mbwhatsapp
02-16 23:42:51.461 28424 28424 W linker : Warning: "/data/data/com.mbwhatsapp/files/decompressed/libs.spk.zst/libc++_shared.so" unused DT entry: unknown processor-specific (type 0x70000001 arg 0x0) (ignoring)
02-16 23:42:51.462 28424 28424 W com.mbwhatsapp: type=1400 audit(0.0:3217): avc: granted { execute } for path="/data/data/com.mbwhatsapp/files/decompressed/libs.spk.zst/libvlc.so" dev="dm- 12" ino=934342 scontext=u:r:untrusted_app:s0:c53,c259,c512,c768 tcontext=u:object_r:app_data_file:s0:c53,c259,c512,c768 tclass=file app=com.mbwhatsapp
02-16 23:42:51.482 28424 28424 W com.mbwhatsapp: type=1400 audit(0.0:3218): avc: granted { execute } for path="/data/data/com.mbwhatsapp/files/decompressed/libs.spk.zst/libwhatsapp.so" dev="dm-12" ino=928776 scontext=u:r:untrusted_app:s0:c53,c259,c512,c768 tcontext=u:object_r:app_data_file:s0:c53,c259,c512,c768 tclass=file app=com.mbwhatsapp
02-16 23:42:51.562 28424 28424 W com.mbwhatsapp: type=1400 audit(0.0:3219): avc: granted { execute } for path="/data/data/com.mbwhatsapp/files/decompressed/libs.spk.zst/libcurve25519.so" dev="dm-12" ino=948437 scontext=u:r:untrusted_app:s0:c53,c259,c512,c768 tcontext=u:object_r:app_data_file:s0:c53,c259,c512,c768 tclass=file app=com.mbwhatsapp
02-16 23:42:51.576 28424 28424 W com.mbwhatsapp: type=1400 audit(0.0:3220): avc: granted { execute } for path="/data/data/com.mbwhatsapp/files/decompressed/libs.spk.zst/libwhatsapp.so" dev="dm-12" ino=928776 scontext=u:r:untrusted_app:s0:c53,c259,c512,c768 tcontext=u:object_r:app_data_file:s0:c53,c259,c512,c768 tclass=file app=com.mbwhatsapp
02-16 23:42:51.576 28424 28424 W com.mbwhatsapp: type=1400 audit(0.0:3221): avc: granted { execute } for path="/data/data/com.mbwhatsapp/files/decompressed/libs.spk.zst/libwhatsapp.so" dev="dm-12" ino=928776 scontext=u:r:untrusted_app:s0:c53,c259,c512,c768 tcontext=u:object_r:app_data_file:s0:c53,c259,c512,c768 tclass=file app=com.mbwhatsapp
02-16 23:42:51.740 28424 28537 W com.mbwhatsapp: Class X.2rL failed lock verification and will run slower.
02-16 23:42:51.740 28424 28537 W com.mbwhatsapp: Common causes for lock verification issues are non-optimized dex code
02-16 23:42:51.740 28424 28537 W com.mbwhatsapp: and incorrect proguard optimizations.
02-16 23:42:53.693 28424 28629 E libc : Access denied finding property "fw.max_users"
02-16 23:42:53.694 28424 28629 E libc : Access denied finding property "fw.show_multiuserui"
02-16 23:42:53.694 28424 28629 E libc : Access denied finding property "fw.max_users"
02-16 23:42:53.689 28424 28424 W db_write: type=1400 audit(0.0:3225): avc: denied { read } for name="u:object_r:framework_prop:s0" dev="tmpfs" ino=11751 scontext=u:r:untrusted_app:s0:c53,c259,c512,c768 tcontext=u:object_r:framework_prop:s0 tclass=file permissive=0 app=com.mbwhatsapp
02-16 23:42:53.694 28424 28629 E libc : Access denied finding property "fw.show_multiuserui"
02-16 23:42:53.689 28424 28424 W db_write: type=1400 audit(0.0:3226): avc: denied { read } for name="u:object_r:framework_prop:s0" dev="tmpfs" ino=11751 scontext=u:r:untrusted_app:s0:c53,c259,c512,c768 tcontext=u:object_r:framework_prop:s0 tclass=file permissive=0 app=com.mbwhatsapp --------- beginning of main
02-16 23:59:20.945 6460 6460 E com.mbwhatsapp: Not starting debugger since process cannot load the jdwp agent.
02-16 23:59:22.046 6460 6460 W System.err: java.lang.ClassNotFoundException: mbmodsd.mbmodsw.ui.views.btn.BtnBK
02-16 23:59:22.047 6460 6460 W System.err: at java.lang.Runtime.nativeLoad(Native Method)
02-16 23:59:22.047 6460 6460 W System.err: at java.lang.Runtime.nativeLoad(Runtime.java:1131)
02-16 23:59:22.047 6460 6460 W System.err: at java.lang.Runtime.loadLibrary0(Runtime.java:1085)
02-16 23:59:22.047 6460 6460 W System.err: at java.lang.Runtime.loadLibrary0(Runtime.java:1008)
02-16 23:59:22.047 6460 6460 W System.err: at java.lang.System.loadLibrary(System.java:1664)
02-16 23:59:22.047 6460 6460 W System.err: at arm.EpicVm.<clinit>(Unknown Source:2)
02-16 23:59:22.047 6460 6460 W System.err: at java.lang.Class.newInstance(Native Method)
02-16 23:59:22.047 6460 6460 W System.err: at android.app.AppComponentFactory.instantiateApplication(AppComponentFactory.java:76)
02-16 23:59:22.047 6460 6460 W System.err: at androidx.core.app.CoreComponentFactory.instantiateApplication(Unknown Source:0)
02-16 23:59:22.047 6460 6460 W System.err: at android.app.Instrumentation.newApplication(Instrumentation.java:1158)
02-16 23:59:22.047 6460 6460 W System.err: at android.app.LoadedApk.makeApplication(LoadedApk.java:1244)
02-16 23:59:22.047 6460 6460 W System.err: at android.app.ActivityThread.handleBindApplication(ActivityThread.java:6817)
02-16 23:59:22.047 6460 6460 W System.err: at android.app.ActivityThread.access$1400(ActivityThread.java:251)
02-16 23:59:22.047 6460 6460 W System.err: at android.app.ActivityThread$H.handleMessage(ActivityThread.java:1978)
02-16 23:59:22.047 6460 6460 W System.err: at android.os.Handler.dispatchMessage(Handler.java:106)
02-16 23:59:22.047 6460 6460 W System.err: at android.os.Looper.loop(Looper.java:250)
02-16 23:59:22.047 6460 6460 W System.err: at android.app.ActivityThread.main(ActivityThread.java:7806)
02-16 23:59:22.047 6460 6460 W System.err: at java.lang.reflect.Method.invoke(Native Method)
02-16 23:59:22.047 6460 6460 W System.err: at com.android.internal.os.RuntimeInit$MethodAndArgsCaller.run(RuntimeInit.java:592)
02-16 23:59:22.047 6460 6460 W System.err: at com.android.internal.os.ZygoteInit.main(ZygoteInit.java:958)
02-16 23:59:22.227 6460 6460 E CustomActivityOnCrash: IMPORTANT WARNING! You already have an UncaughtExceptionHandler, are you sure this is correct? If you use a custom UncaughtExceptionHandler, you must initialize it AFTER CustomActivityOnCrash! Installing anyway, but your original handler will not be called.
02-16 23:59:24.550 6460 6460 W com.mbwhatsapp: Accessing hidden method Lcom/android/org/conscrypt/OpenSSLSocketImpl;->setUseSessionTickets(Z)V (greylist- max-q,test-api, reflection, denied)
02-16 23:59:24.551 6460 6460 W com.mbwhatsapp: Accessing hidden method Lcom/android/org/conscrypt/AbstractConscryptSocket;->setUseSessionTickets(Z)V (greylist-max-q, reflection, denied)
02-16 23:59:24.966 6460 6460 W com.mbwhatsapp: type=1400 audit(0.0:4939): avc: granted { execute } for path="/data/data/com.mbwhatsapp/files/decompressed/libs.spk.zst/libc++_shared.so" dev="dm-12" ino=945754 scontext=u:r:untrusted_app:s0:c53,c259,c512,c768 tcontext=u:object_r:app_data_file:s0:c53,c259,c512,c768 tclass=file app=com.mbwhatsapp
02-16 23:59:24.970 6460 6460 W linker : Warning: "/data/data/com.mbwhatsapp/files/decompressed/libs.spk.zst/libc++_shared.so" unused DT entry: unknown processor-specific (type 0x70000001 arg 0x0) (ignoring)
02-16 23:59:25.006 6460 6460 W com.mbwhatsapp: type=1400 audit(0.0:4940): avc: granted { execute } for path="/data/data/com.mbwhatsapp/files/decompressed/libs.spk.zst/libvlc.so" dev="dm- 12" ino=934342 scontext=u:r:untrusted_app:s0:c53,c259,c512,c768 tcontext=u:object_r:app_data_file:s0:c53,c259,c512,c768 tclass=file app=com.mbwhatsapp
02-16 23:59:25.106 6460 6460 W com.mbwhatsapp: type=1400 audit(0.0:4941): avc: granted { execute } for path="/data/data/com.mbwhatsapp/files/decompressed/libs.spk.zst/libwhatsapp.so" dev="dm-12" ino=928776 scontext=u:r:untrusted_app:s0:c53,c259,c512,c768 tcontext=u:object_r:app_data_file:s0:c53,c259,c512,c768 tclass=file app=com.mbwhatsapp
02-16 23:59:25.326 6460 6460 W com.mbwhatsapp: type=1400 audit(0.0:4942): avc: granted { execute } for path="/data/data/com.mbwhatsapp/files/decompressed/libs.spk.zst/libcurve25519.so" dev="dm-12" ino=948437 scontext=u:r:untrusted_app:s0:c53,c259,c512,c768 tcontext=u:object_r:app_data_file:s0:c53,c259,c512,c768 tclass=file app=com.mbwhatsapp
02-16 23:59:25.372 6460 6460 W com.mbwhatsapp: type=1400 audit(0.0:4943): avc: granted { execute } for path="/data/data/com.mbwhatsapp/files/decompressed/libs.spk.zst/libwhatsapp.so" dev="dm-12" ino=928776 scontext=u:r:untrusted_app:s0:c53,c259,c512,c768 tcontext=u:object_r:app_data_file:s0:c53,c259,c512,c768 tclass=file app=com.mbwhatsapp
02-16 23:59:25.815 6460 6711 W com.mbwhatsapp: Class X.2rL failed lock verification and will run slower.
02-16 23:59:25.815 6460 6711 W com.mbwhatsapp: Common causes for lock verification issues are non-optimized dex code
02-16 23:59:25.815 6460 6711 W com.mbwhatsapp: and incorrect proguard optimizations.
02-16 23:59:28.352 6460 6460 W db_write: type=1400 audit(0.0:4986): avc: denied { read } for name="u:object_r:framework_prop:s0" dev="tmpfs" ino=11751 scontext=u:r:untrusted_app:s0:c53,c259,c512,c768 tcontext=u:object_r:framework_prop:s0 tclass=file permissive=0 app=com.mbwhatsapp
02-16 23:59:28.377 6460 6856 E libc : Access denied finding property "fw.max_users"
02-16 23:59:28.378 6460 6856 E libc : Access denied finding property "fw.show_multiuserui"
02-16 23:59:28.380 6460 6856 E libc : Access denied finding property "fw.max_users"
02-16 23:59:28.380 6460 6856 E libc : Access denied finding property "fw.show_multiuserui" --------- beginning of main
02-17 00:59:08.889 25958 25958 E com.mbwhatsapp: Not starting debugger since process cannot load the jdwp agent.
02-17 00:59:09.379 25958 25958 W System.err: java.lang.ClassNotFoundException: mbmodsd.mbmodsw.ui.views.btn.BtnBK
02-17 00:59:09.380 25958 25958 W System.err: at java.lang.Runtime.nativeLoad(Native Method)
02-17 00:59:09.380 25958 25958 W System.err: at java.lang.Runtime.nativeLoad(Runtime.java:1131)
02-17 00:59:09.380 25958 25958 W System.err: at java.lang.Runtime.loadLibrary0(Runtime.java:1085)
02-17 00:59:09.380 25958 25958 W System.err: at java.lang.Runtime.loadLibrary0(Runtime.java:1008)
02-17 00:59:09.380 25958 25958 W System.err: at java.lang.System.loadLibrary(System.java:1664)
02-17 00:59:09.380 25958 25958 W System.err: at arm.EpicVm.<clinit>(Unknown Source:2)
02-17 00:59:09.380 25958 25958 W System.err: at java.lang.Class.newInstance(Native Method)
02-17 00:59:09.380 25958 25958 W System.err: at android.app.AppComponentFactory.instantiateApplication(AppComponentFactory.java:76)
02-17 00:59:09.380 25958 25958 W System.err: at androidx.core.app.CoreComponentFactory.instantiateApplication(Unknown Source:0)
02-17 00:59:09.380 25958 25958 W System.err: at android.app.Instrumentation.newApplication(Instrumentation.java:1158)
02-17 00:59:09.380 25958 25958 W System.err: at android.app.LoadedApk.makeApplication(LoadedApk.java:1244)
02-17 00:59:09.380 25958 25958 W System.err: at android.app.ActivityThread.handleBindApplication(ActivityThread.java:6817)
02-17 00:59:09.380 25958 25958 W System.err: at android.app.ActivityThread.access$1400(ActivityThread.java:251)
02-17 00:59:09.380 25958 25958 W System.err: at android.app.ActivityThread$H.handleMessage(ActivityThread.java:1978)
02-17 00:59:09.380 25958 25958 W System.err: at android.os.Handler.dispatchMessage(Handler.java:106)
02-17 00:59:09.380 25958 25958 W System.err: at android.os.Looper.loop(Looper.java:250)
02-17 00:59:09.380 25958 25958 W System.err: at android.app.ActivityThread.main(ActivityThread.java:7806)
02-17 00:59:09.380 25958 25958 W System.err: at java.lang.reflect.Method.invoke(Native Method)
02-17 00:59:09.380 25958 25958 W System.err: at com.android.internal.os.RuntimeInit$MethodAndArgsCaller.run(RuntimeInit.java:592)
02-17 00:59:09.380 25958 25958 W System.err: at com.android.internal.os.ZygoteInit.main(ZygoteInit.java:958)
02-17 00:59:09.442 25958 25958 E CustomActivityOnCrash: IMPORTANT WARNING! You already have an UncaughtExceptionHandler, are you sure this is correct? If you use a custom UncaughtExceptionHandler, you must initialize it AFTER CustomActivityOnCrash! Installing anyway, but your original handler will not be called.
02-17 00:59:09.922 25958 25958 W com.mbwhatsapp: Accessing hidden method Lcom/android/org/conscrypt/OpenSSLSocketImpl;->setUseSessionTickets(Z)V (greylist- max-q,test-api, reflection, denied)
02-17 00:59:09.923 25958 25958 W com.mbwhatsapp: Accessing hidden method Lcom/android/org/conscrypt/AbstractConscryptSocket;->setUseSessionTickets(Z)V (greylist-max-q, reflection, denied)
02-17 00:59:10.009 25958 25958 W com.mbwhatsapp: type=1400 audit(0.0:8027): avc: granted { execute } for path="/data/data/com.mbwhatsapp/files/decompressed/libs.spk.zst/libc++_shared.so" dev="dm-12" ino=945754 scontext=u:r:untrusted_app:s0:c53,c259,c512,c768 tcontext=u:object_r:app_data_file:s0:c53,c259,c512,c768 tclass=file app=com.mbwhatsapp
02-17 00:59:10.013 25958 25958 W linker : Warning: "/data/data/com.mbwhatsapp/files/decompressed/libs.spk.zst/libc++_shared.so" unused DT entry: unknown processor-specific (type 0x70000001 arg 0x0) (ignoring)
02-17 00:59:10.016 25958 25958 W com.mbwhatsapp: type=1400 audit(0.0:8028): avc: granted { execute } for path="/data/data/com.mbwhatsapp/files/decompressed/libs.spk.zst/libvlc.so" dev="dm- 12" ino=934342 scontext=u:r:untrusted_app:s0:c53,c259,c512,c768 tcontext=u:object_r:app_data_file:s0:c53,c259,c512,c768 tclass=file app=com.mbwhatsapp
02-17 00:59:10.033 25958 25958 W com.mbwhatsapp: type=1400 audit(0.0:8029): avc: granted { execute } for path="/data/data/com.mbwhatsapp/files/decompressed/libs.spk.zst/libwhatsapp.so" dev="dm-12" ino=928776 scontext=u:r:untrusted_app:s0:c53,c259,c512,c768 tcontext=u:object_r:app_data_file:s0:c53,c259,c512,c768 tclass=file app=com.mbwhatsapp
02-17 00:59:10.109 25958 25958 W com.mbwhatsapp: type=1400 audit(0.0:8030): avc: granted { execute } for path="/data/data/com.mbwhatsapp/files/decompressed/libs.spk.zst/libcurve25519.so" dev="dm-12" ino=948437 scontext=u:r:untrusted_app:s0:c53,c259,c512,c768 tcontext=u:object_r:app_data_file:s0:c53,c259,c512,c768 tclass=file app=com.mbwhatsapp
02-17 00:59:10.129 25958 25958 W com.mbwhatsapp: type=1400 audit(0.0:8031): avc: granted { execute } for path="/data/data/com.mbwhatsapp/files/decompressed/libs.spk.zst/libwhatsapp.so" dev="dm-12" ino=928776 scontext=u:r:untrusted_app:s0:c53,c259,c512,c768 tcontext=u:object_r:app_data_file:s0:c53,c259,c512,c768 tclass=file app=com.mbwhatsapp
02-17 00:59:10.312 25958 26012 W com.mbwhatsapp: Class X.2rL failed lock verification and will run slower.
02-17 00:59:10.312 25958 26012 W com.mbwhatsapp: Common causes for lock verification issues are non-optimized dex code
02-17 00:59:10.312 25958 26012 W com.mbwhatsapp: and incorrect proguard optimizations.
02-17 00:59:11.732 25958 26080 E libc : Access denied finding property "fw.max_users"
02-17 00:59:11.733 25958 26080 E libc : Access denied finding property "fw.show_multiuserui"
02-17 00:59:11.733 25958 26080 E libc : Access denied finding property "fw.max_users"
02-17 00:59:11.733 25958 26080 E libc : Access denied finding property "fw.show_multiuserui"
02-17 00:59:11.729 25958 25958 W db_write: type=1400 audit(0.0:8034): avc: denied { read } for name="u:object_r:framework_prop:s0" dev="tmpfs" ino=11751 scontext=u:r:untrusted_app:s0:c53,c259,c512,c768 tcontext=u:object_r:framework_prop:s0 tclass=file permissive=0 app=com.mbwhatsapp --------- beginning of main
02-17 02:41:22.635 25958 25973 W System : A resource failed to call close.
02-17 02:41:22.638 25958 25973 W System : A resource failed to call close.
02-17 02:41:25.390 25958 25973 W System : A resource failed to call close.
02-17 02:41:25.396 25958 25973 W System : A resource failed to call close.
02-17 02:41:37.402 25958 25973 W System : A resource failed to call close.
02-17 02:41:37.406 25958 25973 W System : A resource failed to call close.
02-17 02:41:37.406 25958 25973 W System : A resource failed to call close.
02-17 02:41:37.406 25958 25973 W System : A resource failed to call close.
02-17 02:42:46.447 4030 4030 E com.mbwhatsapp: Not starting debugger since process cannot load the jdwp agent.
02-17 02:42:46.770 4030 4030 W System.err: java.lang.ClassNotFoundException: mbmodsd.mbmodsw.ui.views.btn.BtnBK
02-17 02:42:46.771 4030 4030 W System.err: at java.lang.Runtime.nativeLoad(Native Method)
02-17 02:42:46.771 4030 4030 W System.err: at java.lang.Runtime.nativeLoad(Runtime.java:1131)
02-17 02:42:46.771 4030 4030 W System.err: at java.lang.Runtime.loadLibrary0(Runtime.java:1085)
02-17 02:42:46.771 4030 4030 W System.err: at java.lang.Runtime.loadLibrary0(Runtime.java:1008)
02-17 02:42:46.771 4030 4030 W System.err: at java.lang.System.loadLibrary(System.java:1664)
02-17 02:42:46.772 4030 4030 W System.err: at arm.EpicVm.<clinit>(Unknown Source:2)
02-17 02:42:46.772 4030 4030 W System.err: at java.lang.Class.newInstance(Native Method)
02-17 02:42:46.772 4030 4030 W System.err: at android.app.AppComponentFactory.instantiateApplication(AppComponentFactory.java:76)
02-17 02:42:46.772 4030 4030 W System.err: at androidx.core.app.CoreComponentFactory.instantiateApplication(Unknown Source:0)
02-17 02:42:46.772 4030 4030 W System.err: at android.app.Instrumentation.newApplication(Instrumentation.java:1158)
02-17 02:42:46.772 4030 4030 W System.err: at android.app.LoadedApk.makeApplication(LoadedApk.java:1244)
02-17 02:42:46.772 4030 4030 W System.err: at android.app.ActivityThread.handleBindApplication(ActivityThread.java:6817)
02-17 02:42:46.772 4030 4030 W System.err: at android.app.ActivityThread.access$1400(ActivityThread.java:251)
02-17 02:42:46.772 4030 4030 W System.err: at android.app.ActivityThread$H.handleMessage(ActivityThread.java:1978)
02-17 02:42:46.772 4030 4030 W System.err: at android.os.Handler.dispatchMessage(Handler.java:106)
02-17 02:42:46.772 4030 4030 W System.err: at android.os.Looper.loop(Looper.java:250)
02-17 02:42:46.772 4030 4030 W System.err: at android.app.ActivityThread.main(ActivityThread.java:7806)
02-17 02:42:46.772 4030 4030 W System.err: at java.lang.reflect.Method.invoke(Native Method)
02-17 02:42:46.772 4030 4030 W System.err: at com.android.internal.os.RuntimeInit$MethodAndArgsCaller.run(RuntimeInit.java:592)
02-17 02:42:46.772 4030 4030 W System.err: at com.android.internal.os.ZygoteInit.main(ZygoteInit.java:958)
02-17 02:42:46.820 4030 4030 E CustomActivityOnCrash: IMPORTANT WARNING! You already have an UncaughtExceptionHandler, are you sure this is correct? If you use a custom UncaughtExceptionHandler, you must initialize it AFTER CustomActivityOnCrash! Installing anyway, but your original handler will not be called.
02-17 02:42:47.526 4030 4030 W com.mbwhatsapp: Accessing hidden method Lcom/android/org/conscrypt/OpenSSLSocketImpl;->setUseSessionTickets(Z)V (greylist- max-q,test-api, reflection, denied)
02-17 02:42:47.526 4030 4030 W com.mbwhatsapp: Accessing hidden method Lcom/android/org/conscrypt/AbstractConscryptSocket;->setUseSessionTickets(Z)V (greylist-max-q, reflection, denied)
02-17 02:42:47.610 4030 4030 W com.mbwhatsapp: type=1400 audit(0.0:11710): avc: granted { execute } for path="/data/data/com.mbwhatsapp/files/decompressed/libs.spk.zst/libc++_shared.so" dev="dm-12" ino=945754 scontext=u:r:untrusted_app:s0:c53,c259,c512,c768 tcontext=u:object_r:app_data_file:s0:c53,c259,c512,c768 tclass=file app=com.mbwhatsapp
02-17 02:42:47.614 4030 4030 W linker : Warning: "/data/data/com.mbwhatsapp/files/decompressed/libs.spk.zst/libc++_shared.so" unused DT entry: unknown processor-specific (type 0x70000001 arg 0x0) (ignoring)
02-17 02:42:47.620 4030 4030 W com.mbwhatsapp: type=1400 audit(0.0:11711): avc: granted { execute } for path="/data/data/com.mbwhatsapp/files/decompressed/libs.spk.zst/libvlc.so" dev="dm- 12" ino=934342 scontext=u:r:untrusted_app:s0:c53,c259,c512,c768 tcontext=u:object_r:app_data_file:s0:c53,c259,c512,c768 tclass=file app=com.mbwhatsapp
02-17 02:42:47.633 4030 4030 W com.mbwhatsapp: type=1400 audit(0.0:11712): avc: granted { execute } for path="/data/data/com.mbwhatsapp/files/decompressed/libs.spk.zst/libwhatsapp.so" dev="dm-12" ino=928776 scontext=u:r:untrusted_app:s0:c53,c259,c512,c768 tcontext=u:object_r:app_data_file:s0:c53,c259,c512,c768 tclass=file app=com.mbwhatsapp
02-17 02:42:47.693 4030 4030 W com.mbwhatsapp: type=1400 audit(0.0:11713): avc: granted { execute } for path="/data/data/com.mbwhatsapp/files/decompressed/libs.spk.zst/libcurve25519.so" dev="dm-12" ino=948437 scontext=u:r:untrusted_app:s0:c53,c259,c512,c768 tcontext=u:object_r:app_data_file:s0:c53,c259,c512,c768 tclass=file app=com.mbwhatsapp
02-17 02:42:47.703 4030 4030 W com.mbwhatsapp: type=1400 audit(0.0:11714): avc: granted { execute } for path="/data/data/com.mbwhatsapp/files/decompressed/libs.spk.zst/libwhatsapp.so" dev="dm-12" ino=928776 scontext=u:r:untrusted_app:s0:c53,c259,c512,c768 tcontext=u:object_r:app_data_file:s0:c53,c259,c512,c768 tclass=file app=com.mbwhatsapp
02-17 02:42:47.703 4030 4030 W com.mbwhatsapp: type=1400 audit(0.0:11715): avc: granted { execute } for path="/data/data/com.mbwhatsapp/files/decompressed/libs.spk.zst/libwhatsapp.so" dev="dm-12" ino=928776 scontext=u:r:untrusted_app:s0:c53,c259,c512,c768 tcontext=u:object_r:app_data_file:s0:c53,c259,c512,c768 tclass=file app=com.mbwhatsapp
02-17 02:42:47.703 4030 4030 W com.mbwhatsapp: type=1400 audit(0.0:11716): avc: granted { execute } for path="/data/data/com.mbwhatsapp/files/decompressed/libs.spk.zst/libwhatsapp.so" dev="dm-12" ino=928776 scontext=u:r:untrusted_app:s0:c53,c259,c512,c768 tcontext=u:object_r:app_data_file:s0:c53,c259,c512,c768 tclass=file app=com.mbwhatsapp
02-17 02:42:47.810 4030 4130 W com.mbwhatsapp: Class X.2rL failed lock verification and will run slower.
02-17 02:42:47.810 4030 4130 W com.mbwhatsapp: Common causes for lock verification issues are non-optimized dex code
02-17 02:42:47.810 4030 4130 W com.mbwhatsapp: and incorrect proguard optimizations.
02-17 02:42:48.849 4030 4197 E libc : Access denied finding property "fw.max_users"
02-17 02:42:48.849 4030 4197 E libc : Access denied finding property "fw.show_multiuserui"
02-17 02:42:48.850 4030 4197 E libc : Access denied finding property "fw.max_users"
02-17 02:42:48.850 4030 4197 E libc : Access denied finding property "fw.show_multiuserui"
02-17 02:42:48.847 4030 4030 W db_write: type=1400 audit(0.0:11717): avc: denied { read } for name="u:object_r:framework_prop:s0" dev="tmpfs" ino=11751 scontext=u:r:untrusted_app:s0:c53,c259,c512,c768 tcontext=u:object_r:framework_prop:s0 tclass=file permissive=0 app=com.mbwhatsapp --------- beginning of main
02-17 11:05:44.185 4030 4030 E ArmVmp : Match on catch block at 0xc3 in for 0xa5
02-17 11:05:44.187 4030 4030 E ArmVmp : Match on catch block at 0xc3 in for 0xa9
02-17 11:05:44.206 4030 4030 E ArmVmp : Match on catch block at 0xc3 in for 0xa5
02-17 11:05:44.208 4030 4030 E ArmVmp : Match on catch block at 0xc3 in for 0xa9
02-17 11:05:44.222 4030 4030 E ArmVmp : Match on catch block at 0xc3 in for 0xa9
02-17 11:05:44.225 4030 4030 E ArmVmp : Match on catch block at 0xc3 in for 0xa1
02-17 11:05:44.239 4030 4030 E ArmVmp : Match on catch block at 0xc3 in for 0xa1
02-17 11:05:44.242 4030 4030 E ArmVmp : Match on catch block at 0xc3 in for 0xa5
02-17 11:05:44.256 4030 4030 E ArmVmp : Match on catch block at 0xc3 in for 0xa5
02-17 11:05:44.258 4030 4030 E ArmVmp : Match on catch block at 0xc3 in for 0xa9
02-17 11:05:44.272 4030 4030 E ArmVmp : Match on catch block at 0xc3 in for 0xa9
02-17 11:05:44.276 4030 4030 E ArmVmp : Match on catch block at 0xc3 in for 0xa1
02-17 11:05:44.292 4030 4030 E ArmVmp : Match on catch block at 0xc3 in for 0xa1
02-17 11:05:44.295 4030 4030 E ArmVmp : Match on catch block at 0xc3 in for 0xa5
02-17 11:05:44.307 4030 4030 E ArmVmp : Match on catch block at 0xc3 in for 0xa1
02-17 11:05:44.310 4030 4030 E ArmVmp : Match on catch block at 0xc3 in for 0xa5
02-17 11:05:44.325 4030 4030 E ArmVmp : Match on catch block at 0xc3 in for 0xa5
02-17 11:05:44.331 4030 4030 E ArmVmp : Match on catch block at 0xc3 in for 0xa9
02-17 11:05:44.340 4030 4030 E ArmVmp : Match on catch block at 0xc3 in for 0xa9
02-17 11:05:44.343 4030 4030 E ArmVmp : Match on catch block at 0xc3 in for 0xa1
02-17 11:05:44.356 4030 4030 E ArmVmp : Match on catch block at 0xc3 in for 0xa1
02-17 11:05:44.358 4030 4030 E ArmVmp : Match on catch block at 0xc3 in for 0xa5
02-17 11:05:44.373 4030 4030 E ArmVmp : Match on catch block at 0xc3 in for 0xa5
02-17 11:05:44.376 4030 4030 E ArmVmp : Match on catch block at 0xc3 in for 0xa9
02-17 11:05:44.524 4030 4030 E ArmVmp : Match on catch block at 0xc3 in for 0xa9
02-17 11:05:44.528 4030 4030 E ArmVmp : Match on catch block at 0xc3 in for 0xa1
02-17 11:05:44.624 4030 4030 E ArmVmp : Match on catch block at 0xc3 in for 0xa1
02-17 11:05:44.628 4030 4030 E ArmVmp : Match on catch block at 0xc3 in for 0xa5
02-17 11:05:44.858 4030 4030 E ArmVmp : Match on catch block at 0xc3 in for 0xa5
02-17 11:05:44.862 4030 4030 E ArmVmp : Match on catch block at 0xc3 in for 0xa9
02-17 11:05:45.161 4030 4030 E ArmVmp : Match on catch block at 0xc3 in for 0xa1
02-17 11:05:45.167 4030 4030 E ArmVmp : Match on catch block at 0xc3 in for 0xa5
02-17 11:05:45.196 4030 4030 E ArmVmp : Match on catch block at 0xc3 in for 0xa9
02-17 11:05:45.200 4030 4030 E ArmVmp : Match on catch block at 0xc3 in for 0xa1
02-17 11:05:45.218 4030 4030 E ArmVmp : Match on catch block at 0xc3 in for 0xa1
02-17 11:05:45.222 4030 4030 E ArmVmp : Match on catch block at 0xc3 in for 0xa5
02-17 11:05:45.229 4030 4030 E ArmVmp : Match on catch block at 0xc3 in for 0xa5
02-17 11:05:45.235 4030 4030 E ArmVmp : Match on catch block at 0xc3 in for 0xa9
02-17 11:05:45.242 4030 4030 E ArmVmp : Match on catch block at 0xc3 in for 0xa9
02-17 11:05:45.244 4030 4030 E ArmVmp : Match on catch block at 0xc3 in for 0xa1
02-17 11:05:45.259 4030 4030 E ArmVmp : Match on catch block at 0xc3 in for 0xa1
02-17 11:05:45.262 4030 4030 E ArmVmp : Match on catch block at 0xc3 in for 0xa5
02-17 11:05:45.275 4030 4030 E ArmVmp : Match on catch block at 0xc3 in for 0xa5
02-17 11:05:45.278 4030 4030 E ArmVmp : Match on catch block at 0xc3 in for 0xa9
02-17 11:05:45.292 4030 4030 E ArmVmp : Match on catch block at 0xc3 in for 0xa9
02-17 11:05:45.295 4030 4030 E ArmVmp : Match on catch block at 0xc3 in for 0xa1
02-17 11:05:45.339 4030 4030 E ArmVmp : Match on catch block at 0xc3 in for 0xa5
02-17 11:05:45.341 4030 4030 E ArmVmp : Match on catch block at 0xc3 in for 0xa9
02-17 11:05:45.373 4030 4030 E ArmVmp : Match on catch block at 0xc3 in for 0xa9
02-17 11:05:45.376 4030 4030 E ArmVmp : Match on catch block at 0xc3 in for 0xa1
02-17 11:05:45.385 4030 4030 E ArmVmp : Match on catch block at 0xc3 in for 0xa1
02-17 11:05:45.387 4030 4030 E ArmVmp : Match on catch block at 0xc3 in for 0xa5
02-17 11:05:45.393 4030 4030 E ArmVmp : Match on catch block at 0xc3 in for 0xa5
02-17 11:05:45.396 4030 4030 E ArmVmp : Match on catch block at 0xc3 in for 0xa9
02-17 11:05:45.563 4030 4030 E ArmVmp : Match on catch block at 0xc3 in for 0xa9
02-17 11:05:45.567 4030 4030 E ArmVmp : Match on catch block at 0xc3 in for 0xa1
02-17 11:05:45.578 4030 16449 W MediaPlayer: Use of stream types is deprecated for operations other than volume control
02-17 11:05:45.579 4030 16449 W MediaPlayer: See the documentation of setAudioStreamType() for what to use instead with android.media.AudioAttributes to qualify your playback use case
02-17 11:05:45.581 4030 4030 E ArmVmp : Match on catch block at 0xc3 in for 0xa1
02-17 11:05:45.585 4030 4030 E ArmVmp : Match on catch block at 0xc3 in for 0xa5
02-17 11:05:45.646 4030 4030 E ArmVmp : Match on catch block at 0xc3 in for 0xa1
02-17 11:05:45.650 4030 4030 E ArmVmp : Match on catch block at 0xc3 in for 0xa5
02-17 11:05:45.677 4030 4030 E ArmVmp : Match on catch block at 0xc3 in for 0xa1
02-17 11:05:45.680 4030 4030 E ArmVmp : Match on catch block at 0xc3 in for 0xa5
02-17 11:05:45.693 4030 4030 E ArmVmp : Match on catch block at 0xc3 in for 0xa5
02-17 11:05:45.695 4030 4030 E ArmVmp : Match on catch block at 0xc3 in for 0xa9
02-17 11:05:45.710 4030 4030 E ArmVmp : Match on catch block at 0xc3 in for 0xa9
02-17 11:05:45.712 4030 4030 E ArmVmp : Match on catch block at 0xc3 in for 0xa1
02-17 11:05:45.726 4030 4030 E ArmVmp : Match on catch block at 0xc3 in for 0xa1
02-17 11:05:45.729 4030 4030 E ArmVmp : Match on catch block at 0xc3 in for 0xa5
02-17 11:05:45.743 4030 4030 E ArmVmp : Match on catch block at 0xc3 in for 0xa5
02-17 11:05:45.745 4030 4030 E ArmVmp : Match on catch block at 0xc3 in for 0xa9
02-17 11:05:45.764 4030 4030 E ArmVmp : Match on catch block at 0xc3 in for 0xa9
02-17 11:05:45.766 4030 4030 E ArmVmp : Match on catch block at 0xc3 in for 0xa1
02-17 11:05:45.776 4030 4030 E ArmVmp : Match on catch block at 0xc3 in for 0xa1
02-17 11:05:45.780 4030 4030 E ArmVmp : Match on catch block at 0xc3 in for 0xa5
02-17 11:05:45.793 4030 4030 E ArmVmp : Match on catch block at 0xc3 in for 0xa5
02-17 11:05:45.796 4030 4030 E ArmVmp : Match on catch block at 0xc3 in for 0xa9
02-17 11:05:45.810 4030 4030 E ArmVmp : Match on catch block at 0xc3 in for 0xa9
02-17 11:05:45.813 4030 4030 E ArmVmp : Match on catch block at 0xc3 in for 0xa1
02-17 11:05:45.826 4030 4030 E ArmVmp : Match on catch block at 0xc3 in for 0xa1
02-17 11:05:45.831 4030 4030 E ArmVmp : Match on catch block at 0xc3 in for 0xa5
02-17 11:05:45.843 4030 4030 E ArmVmp : Match on catch block at 0xc3 in for 0xa5
02-17 11:05:45.846 4030 4030 E ArmVmp : Match on catch block at 0xc3 in for 0xa9
02-17 11:05:45.911 4030 4030 E ArmVmp : Match on catch block at 0xc3 in for 0xa9
02-17 11:05:45.918 4030 4030 E ArmVmp : Match on catch block at 0xc3 in for 0xa1
02-17 11:05:46.027 4030 4030 E ArmVmp : Match on catch block at 0xc3 in for 0xa1
02-17 11:05:46.032 4030 4030 E ArmVmp : Match on catch block at 0xc3 in for 0xa5
02-17 11:05:46.078 4030 4030 E ArmVmp : Match on catch block at 0xc3 in for 0xa5
02-17 11:05:46.083 4030 4030 E ArmVmp : Match on catch block at 0xc3 in for 0xa9
02-17 11:05:46.278 4030 4030 E ArmVmp : Match on catch block at 0xc3 in for 0xa9
02-17 11:05:46.282 4030 4030 E ArmVmp : Match on catch block at 0xc3 in for 0xa1
02-17 11:05:46.495 4030 4030 E ArmVmp : Match on catch block at 0xc3 in for 0xa9
02-17 11:05:46.502 4030 4030 E ArmVmp : Match on catch block at 0xc3 in for 0xa1
02-17 11:05:46.779 4030 4030 E ArmVmp : Match on catch block at 0xc3 in for 0xa1
02-17 11:05:46.782 4030 4030 E ArmVmp : Match on catch block at 0xc3 in for 0xa5
02-17 11:05:47.081 4030 4030 E ArmVmp : Match on catch block at 0xc3 in for 0xa5
02-17 11:05:47.088 4030 4030 E ArmVmp : Match on catch block at 0xc3 in for 0xa9
02-17 11:05:47.164 4030 4030 E ArmVmp : Match on catch block at 0xc3 in for 0xa9
02-17 11:05:47.167 4030 4030 E ArmVmp : Match on catch block at 0xc3 in for 0xa1
02-17 11:05:47.180 4030 4030 E ArmVmp : Match on catch block at 0xc3 in for 0xa1
02-17 11:05:47.183 4030 4030 E ArmVmp : Match on catch block at 0xc3 in for 0xa5
02-17 11:05:47.197 4030 4030 E ArmVmp : Match on catch block at 0xc3 in for 0xa5
02-17 11:05:47.201 4030 4030 E ArmVmp : Match on catch block at 0xc3 in for 0xa9
02-17 11:05:47.213 4030 4030 E ArmVmp : Match on catch block at 0xc3 in for 0xa9
02-17 11:05:47.217 4030 4030 E ArmVmp : Match on catch block at 0xc3 in for 0xa1
02-17 11:05:47.230 4030 4030 E ArmVmp : Match on catch block at 0xc3 in for 0xa1
02-17 11:05:47.233 4030 4030 E ArmVmp : Match on catch block at 0xc3 in for 0xa5
02-17 11:05:47.247 4030 4030 E ArmVmp : Match on catch block at 0xc3 in for 0xa5
02-17 11:05:47.250 4030 4030 E ArmVmp : Match on catch block at 0xc3 in for 0xa9
02-17 11:05:47.264 4030 4030 E ArmVmp : Match on catch block at 0xc3 in for 0xa9
02-17 11:05:47.267 4030 4030 E ArmVmp : Match on catch block at 0xc3 in for 0xa1
02-17 11:05:47.280 4030 4030 E ArmVmp : Match on catch block at 0xc3 in for 0xa1
02-17 11:05:47.283 4030 4030 E ArmVmp : Match on catch block at 0xc3 in for 0xa5
02-17 11:05:47.297 4030 4030 E ArmVmp : Match on catch block at 0xc3 in for 0xa5
02-17 11:05:47.301 4030 4030 E ArmVmp : Match on catch block at 0xc3 in for 0xa9
02-17 11:05:47.314 4030 4030 E ArmVmp : Match on catch block at 0xc3 in for 0xa9
02-17 11:05:47.318 4030 4030 E ArmVmp : Match on catch block at 0xc3 in for 0xa1
02-17 11:05:47.331 4030 4030 E ArmVmp : Match on catch block at 0xc3 in for 0xa1
02-17 11:05:47.334 4030 4030 E ArmVmp : Match on catch block at 0xc3 in for 0xa5
02-17 11:05:47.349 4030 4030 E ArmVmp : Match on catch block at 0xc3 in for 0xa5
02-17 11:05:47.352 4030 4030 E ArmVmp : Match on catch block at 0xc3 in for 0xa9
02-17 11:05:47.365 4030 4030 E ArmVmp : Match on catch block at 0xc3 in for 0xa9
02-17 11:05:47.368 4030 4030 E ArmVmp : Match on catch block at 0xc3 in for 0xa1
02-17 11:05:47.381 4030 4030 E ArmVmp : Match on catch block at 0xc3 in for 0xa1
02-17 11:05:47.385 4030 4030 E ArmVmp : Match on catch block at 0xc3 in for 0xa5
02-17 11:05:47.397 4030 4030 E ArmVmp : Match on catch block at 0xc3 in for 0xa5
02-17 11:05:47.401 4030 4030 E ArmVmp : Match on catch block at 0xc3 in for 0xa9
02-17 11:05:47.415 4030 4030 E ArmVmp : Match on catch block at 0xc3 in for 0xa9
02-17 11:05:47.419 4030 4030 E ArmVmp : Match on catch block at 0xc3 in for 0xa1
02-17 11:05:47.431 4030 4030 E ArmVmp : Match on catch block at 0xc3 in for 0xa1
02-17 11:05:47.435 4030 4030 E ArmVmp : Match on catch block at 0xc3 in for 0xa5
02-17 11:05:47.447 4030 4030 E ArmVmp : Match on catch block at 0xc3 in for 0xa5
02-17 11:05:47.450 4030 4030 E ArmVmp : Match on catch block at 0xc3 in for 0xa9
02-17 11:05:47.514 4030 4030 E ArmVmp : Match on catch block at 0xc3 in for 0xa9
02-17 11:05:47.518 4030 4030 E ArmVmp : Match on catch block at 0xc3 in for 0xa1
02-17 11:05:48.016 4030 4030 E ArmVmp : Match on catch block at 0xc3 in for 0xa1
02-17 11:05:48.024 4030 4030 E ArmVmp : Match on catch block at 0xc3 in for 0xa5
02-17 11:05:48.495 4030 4030 E ArmVmp : Match on catch block at 0xc3 in for 0xa5
02-17 11:05:48.499 4030 4030 E ArmVmp : Match on catch block at 0xc3 in for 0xa9
02-17 11:05:48.702 4030 4030 E ArmVmp : Match on catch block at 0xc3 in for 0xa9
02-17 11:05:48.706 4030 4030 E ArmVmp : Match on catch block at 0xc3 in for 0xa1
02-17 11:05:48.952 4030 4030 E ArmVmp : Match on catch block at 0xc3 in for 0xa1
02-17 11:05:48.956 4030 4030 E ArmVmp : Match on catch block at 0xc3 in for 0xa5
02-17 11:05:49.018 4030 4030 E ArmVmp : Match on catch block at 0xc3 in for 0xa5
02-17 11:05:49.022 4030 4030 E ArmVmp : Match on catch block at 0xc3 in for 0xa9
02-17 11:05:49.235 4030 4030 E ArmVmp : Match on catch block at 0xc3 in for 0xa9
02-17 11:05:49.240 4030 4030 E ArmVmp : Match on catch block at 0xc3 in for 0xa1
02-17 11:05:49.421 4030 4030 E ArmVmp : Match on catch block at 0xc3 in for 0xa1
02-17 11:05:49.426 4030 4030 E ArmVmp : Match on catch block at 0xc3 in for 0xa5
02-17 11:05:49.707 4030 4030 E ArmVmp : Match on catch block at 0xc3 in for 0xa5
02-17 11:05:49.710 4030 4030 E ArmVmp : Match on catch block at 0xc3 in for 0xa9
02-17 11:05:49.920 4030 4030 E ArmVmp : Match on catch block at 0xc3 in for 0xa9
02-17 11:05:49.927 4030 4030 E ArmVmp : Match on catch block at 0xc3 in for 0xa1
02-17 11:05:50.071 4030 4030 E ArmVmp : Match on catch block at 0xc3 in for 0xa1
02-17 11:05:50.081 4030 4030 E ArmVmp : Match on catch block at 0xc3 in for 0xa5
02-17 11:05:50.272 4030 4030 E ArmVmp : Match on catch block at 0xc3 in for 0xa5
02-17 11:05:50.279 4030 4030 E ArmVmp : Match on catch block at 0xc3 in for 0xa9
02-17 11:05:50.388 4030 4030 E ArmVmp : Match on catch block at 0xc3 in for 0xa9
02-17 11:05:50.392 4030 4030 E ArmVmp : Match on catch block at 0xc3 in for 0xa1
02-17 11:05:50.889 4030 4030 E ArmVmp : Match on catch block at 0xc3 in for 0xa1
02-17 11:05:50.893 4030 4030 E ArmVmp : Match on catch block at 0xc3 in for 0xa5
02-17 11:05:50.906 4030 4030 E ArmVmp : Match on catch block at 0xc3 in for 0xa5
02-17 11:05:50.909 4030 4030 E ArmVmp : Match on catch block at 0xc3 in for 0xa9
02-17 11:05:51.257 4030 4030 E ArmVmp : Match on catch block at 0xc3 in for 0xa5
02-17 11:05:51.262 4030 4030 E ArmVmp : Match on catch block at 0xc3 in for 0xa9
02-17 11:05:51.290 4030 4030 E ArmVmp : Match on catch block at 0xc3 in for 0xa1
02-17 11:05:51.293 4030 4030 E ArmVmp : Match on catch block at 0xc3 in for 0xa5
02-17 11:05:51.317 4030 4030 E ArmVmp : Match on catch block at 0xc3 in for 0xa9
02-17 11:05:51.322 4030 4030 E ArmVmp : Match on catch block at 0xc3 in for 0xa1
02-17 11:05:51.376 4030 4030 E ArmVmp : Match on catch block at 0xc3 in for 0xa9
02-17 11:05:51.380 4030 4030 E ArmVmp : Match on catch block at 0xc3 in for 0xa1
02-17 11:05:51.409 4030 4030 E ArmVmp : Match on catch block at 0xc3 in for 0xa5
02-17 11:05:51.413 4030 4030 E ArmVmp : Match on catch block at 0xc3 in for 0xa9
02-17 11:05:51.426 4030 4030 E ArmVmp : Match on catch block at 0xc3 in for 0xa9
02-17 11:05:51.433 4030 4030 E ArmVmp : Match on catch block at 0xc3 in for 0xa1
02-17 11:05:51.445 4030 4030 E ArmVmp : Match on catch block at 0xc3 in for 0xa1
02-17 11:05:51.450 4030 4030 E ArmVmp : Match on catch block at 0xc3 in for 0xa5
02-17 11:05:51.461 4030 4030 E ArmVmp : Match on catch block at 0xc3 in for 0xa5
02-17 11:05:51.465 4030 4030 E ArmVmp : Match on catch block at 0xc3 in for 0xa9
02-17 11:05:51.474 4030 4030 E ArmVmp : Match on catch block at 0xc3 in for 0xa9
02-17 11:05:51.477 4030 4030 E ArmVmp : Match on catch block at 0xc3 in for 0xa1
02-17 11:05:51.612 4030 4030 E ArmVmp : Match on catch block at 0xc3 in for 0xa5
02-17 11:05:51.615 4030 4030 E ArmVmp : Match on catch block at 0xc3 in for 0xa9
02-17 11:05:51.621 4030 16449 W MediaPlayer: Use of stream types is deprecated for operations other than volume control
02-17 11:05:51.621 4030 16449 W MediaPlayer: See the documentation of setAudioStreamType() for what to use instead with android.media.AudioAttributes to qualify your playback use case
02-17 11:05:51.629 4030 4030 E ArmVmp : Match on catch block at 0xc3 in for 0xa9
02-17 11:05:51.632 4030 4030 E ArmVmp : Match on catch block at 0xc3 in for 0xa1
02-17 11:05:51.792 4030 4030 E ArmVmp : Match on catch block at 0xc3 in for 0xa5
02-17 11:05:51.795 4030 4030 E ArmVmp : Match on catch block at 0xc3 in for 0xa9
02-17 11:05:52.238 4030 4030 E ArmVmp : Match on catch block at 0xc3 in for 0xa5
02-17 11:05:52.241 4030 4030 E ArmVmp : Match on catch block at 0xc3 in for 0xa9
02-17 11:05:52.248 4030 4030 E ArmVmp : Match on catch block at 0xc3 in for 0xa9
02-17 11:05:52.251 4030 4030 E ArmVmp : Match on catch block at 0xc3 in for 0xa1
02-17 11:05:52.293 4030 4030 E ArmVmp : Match on catch block at 0xc3 in for 0xa1
02-17 11:05:52.297 4030 4030 E ArmVmp : Match on catch block at 0xc3 in for 0xa5
02-17 11:05:52.398 4030 4030 E ArmVmp : Match on catch block at 0xc3 in for 0xa5
02-17 11:05:52.401 4030 4030 E ArmVmp : Match on catch block at 0xc3 in for 0xa9
02-17 11:05:52.410 4030 4030 E ArmVmp : Match on catch block at 0xc3 in for 0xa9
02-17 11:05:52.415 4030 4030 E ArmVmp : Match on catch block at 0xc3 in for 0xa1
02-17 11:05:52.488 4030 4030 E ArmVmp : Match on catch block at 0xc3 in for 0xa1
02-17 11:05:52.498 4030 4030 E ArmVmp : Match on catch block at 0xc3 in for 0xa5
02-17 11:05:52.576 4030 4030 E ArmVmp : Match on catch block at 0xc3 in for 0xa5
02-17 11:05:52.580 4030 4030 E ArmVmp : Match on catch block at 0xc3 in for 0xa9
02-17 11:05:53.238 4030 4030 E ArmVmp : Match on catch block at 0xc3 in for 0xa5
02-17 11:05:53.241 4030 4030 E ArmVmp : Match on catch block at 0xc3 in for 0xa9
02-17 11:05:54.312 4030 4030 E ArmVmp : Match on catch block at 0x0a in for 0xc5
02-17 11:05:54.315 4030 4030 E ArmVmp : Match on catch block at 0x0a in for 0xc1
02-17 11:05:54.489 4030 4030 E ArmVmp : Match on catch block at 0xc3 in for 0xb9
02-17 11:05:54.496 4030 4030 E ArmVmp : Match on catch block at 0xc3 in for 0xb9
02-17 11:05:54.543 4030 4030 E ArmVmp : Match on catch block at 0xc3 in for 0xa9
02-17 11:05:54.545 4030 4030 E ArmVmp : Match on catch block at 0xc3 in for 0xa1
02-17 11:05:54.548 4030 4030 E ArmVmp : Match on catch block at 0xc3 in for 0xa1
02-17 11:05:54.574 4030 4030 E ArmVmp : Match on catch block at 0xc3 in for 0xa1
02-17 11:05:54.577 4030 4030 E ArmVmp : Match on catch block at 0xc3 in for 0xa5
02-17 11:05:54.579 4030 4030 E ArmVmp : Match on catch block at 0xc3 in for 0xa5
02-17 11:05:54.608 4030 4030 E ArmVmp : Match on catch block at 0xc3 in for 0xa5
02-17 11:05:54.611 4030 4030 E ArmVmp : Match on catch block at 0xc3 in for 0xa9
02-17 11:05:54.613 4030 4030 E ArmVmp : Match on catch block at 0xc3 in for 0xa9
02-17 11:05:54.640 4030 4030 E ArmVmp : Match on catch block at 0xc3 in for 0xa1
02-17 11:05:54.644 4030 4030 E ArmVmp : Match on catch block at 0xc3 in for 0xa5
02-17 11:05:54.647 4030 4030 E ArmVmp : Match on catch block at 0xc3 in for 0xa5
02-17 11:05:55.101 4030 4030 E ArmVmp : Match on catch block at 0xc3 in for 0xa5
02-17 11:05:55.105 4030 4030 E ArmVmp : Match on catch block at 0xc3 in for 0xa9
02-17 11:05:55.107 4030 4030 E ArmVmp : Match on catch block at 0xc3 in for 0xa9
02-17 11:05:55.184 4030 4030 E ArmVmp : Match on catch block at 0xc3 in for 0xa1
02-17 11:05:55.188 4030 4030 E ArmVmp : Match on catch block at 0xc3 in for 0xa5
02-17 11:05:55.191 4030 4030 E ArmVmp : Match on catch block at 0xc3 in for 0xa5
02-17 11:05:55.201 4030 4030 E ArmVmp : Match on catch block at 0xc3 in for 0xa9
02-17 11:05:55.206 4030 4030 E ArmVmp : Match on catch block at 0xc3 in for 0xa1
02-17 11:05:55.209 4030 4030 E ArmVmp : Match on catch block at 0xc3 in for 0xa1
02-17 11:05:55.223 4030 4030 E ArmVmp : Match on catch block at 0xc3 in for 0xa5
02-17 11:05:55.227 4030 4030 E ArmVmp : Match on catch block at 0xc3 in for 0xa9
02-17 11:05:55.229 4030 4030 E ArmVmp : Match on catch block at 0xc3 in for 0xa9
02-17 11:05:55.234 4030 4030 E ArmVmp : Match on catch block at 0xc3 in for 0xa1
02-17 11:05:55.238 4030 4030 E ArmVmp : Match on catch block at 0xc3 in for 0xa5
02-17 11:05:55.240 4030 4030 E ArmVmp : Match on catch block at 0xc3 in for 0xa5
02-17 11:05:55.250 4030 4030 E ArmVmp : Match on catch block at 0xc3 in for 0xa9
02-17 11:05:55.255 4030 4030 E ArmVmp : Match on catch block at 0xc3 in for 0xa1
02-17 11:05:55.257 4030 4030 E ArmVmp : Match on catch block at 0xc3 in for 0xa1
02-17 11:05:55.267 4030 4030 E ArmVmp : Match on catch block at 0xc3 in for 0xa5
02-17 11:05:55.273 4030 4030 E ArmVmp : Match on catch block at 0xc3 in for 0xa9
02-17 11:05:55.275 4030 4030 E ArmVmp : Match on catch block at 0xc3 in for 0xa9
02-17 11:05:55.284 4030 4030 E ArmVmp : Match on catch block at 0xc3 in for 0xa1
02-17 11:05:55.288 4030 4030 E ArmVmp : Match on catch block at 0xc3 in for 0xa5
02-17 11:05:55.290 4030 4030 E ArmVmp : Match on catch block at 0xc3 in for 0xa5
02-17 11:05:55.301 4030 4030 E ArmVmp : Match on catch block at 0xc3 in for 0xa9
02-17 11:05:55.305 4030 4030 E ArmVmp : Match on catch block at 0xc3 in for 0xa1
02-17 11:05:55.307 4030 4030 E ArmVmp : Match on catch block at 0xc3 in for 0xa1
02-17 11:05:55.317 4030 4030 E ArmVmp : Match on catch block at 0xc3 in for 0xa5
02-17 11:05:55.322 4030 4030 E ArmVmp : Match on catch block at 0xc3 in for 0xa9
02-17 11:05:55.324 4030 4030 E ArmVmp : Match on catch block at 0xc3 in for 0xa9
02-17 11:05:55.333 4030 4030 E ArmVmp : Match on catch block at 0xc3 in for 0xa1
02-17 11:05:55.336 4030 4030 E ArmVmp : Match on catch block at 0xc3 in for 0xa5
02-17 11:05:55.338 4030 4030 E ArmVmp : Match on catch block at 0xc3 in for 0xa5
02-17 11:05:55.351 4030 4030 E ArmVmp : Match on catch block at 0xc3 in for 0xa9
02-17 11:05:55.355 4030 4030 E ArmVmp : Match on catch block at 0xc3 in for 0xa1
02-17 11:05:55.358 4030 4030 E ArmVmp : Match on catch block at 0xc3 in for 0xa1
