02-12 13:09:36.580 17537 17611 W KeyStore: at android.os.Parcel.createException(Parcel.java:2358)
02-12 13:09:36.580 17537 17611 W KeyStore: at android.os.Parcel.readException(Parcel.java:2341)
02-12 13:09:36.580 17537 17611 W KeyStore: at android.os.Parcel.readException(Parcel.java:2283)
02-12 13:09:36.580 17537 17611 W KeyStore: at android.security.keystore.IKeystoreService$Stub$Proxy.get(IKeystoreService.java:988 )
02-12 13:09:36.580 17537 17611 W KeyStore: at android.security.KeyStore.get(KeyStore.java:233)
02-12 13:09:36.580 17537 17611 W KeyStore: at android.security.KeyStore.get(KeyStore.java:222)
02-12 13:09:36.580 17537 17611 W KeyStore: at android.security.keystore.AndroidKeyStoreSpi.engineGetCertificate(AndroidKeyStoreSp i.java:165)
02-12 13:09:36.580 17537 17611 W KeyStore: at android.security.keystore.AndroidKeyStoreSpi.engineGetCertificateChain(AndroidKeySt oreSpi.java:120)
02-12 13:09:36.580 17537 17611 W KeyStore: at java.security.KeyStore.getCertificateChain(KeyStore.java:1087)
02-12 13:09:36.580 17537 17611 W KeyStore: at X.2sc.A06(Unknown Source:21)
02-12 13:09:36.580 17537 17611 W KeyStore: at X.3e3.run(Unknown Source:85)
02-12 13:09:36.580 17537 17611 W KeyStore: at X.1nW.run(Unknown Source:2)
02-12 13:09:36.580 17537 17611 W KeyStore: at java.util.concurrent.ThreadPoolExecutor.runWorker(ThreadPoolExecutor.java:1167)
02-12 13:09:36.580 17537 17611 W KeyStore: at java.util.concurrent.ThreadPoolExecutor$Worker.run(ThreadPoolExecutor.java:641)
02-12 13:09:36.580 17537 17611 W KeyStore: at X.3gH.run(Unknown Source:1548)
02-12 13:09:36.580 17537 17611 W KeyStore: at java.lang.Thread.run(Thread.java:923)
02-12 13:11:04.741 17537 17537 W pool-8-thread-1: type=1400 audit(0.0:59816): avc: granted { execute } for path="/data/data/com.mbwhatsapp/files/decompressed/libs.spk.zst/libgifimage.so" dev="dm-12" ino=945953 scontext=u:r:untrusted_app:s0:c53,c259,c512,c768 tcontext=u:object_r:app_data_file:s0:c53,c259,c512,c768 tclass=file app=com.mbwhatsapp
02-12 13:11:04.952 17537 17597 E SQLiteDatabase: Error inserting transferred=1 media_job_uuid=81c31006-dd23-4d5e-bd83-36163f7e9a3a transcoded=0 gif_attribution=0 first_scan_length=0 direct_path=/v/t62.7161- 24/40316010_1494428021117376_1629957897409800946_n.enc?ccb=11-4&oh=01_AdSbgTs8Ct- K2cBbuSJED06phhX6rrm0B5wB_Bcdo5frdQ&oe=65F19EA9&_nc_sid=5e03e0&_nc_hot=1707754251 thumbnail_height_width_ratio=1.8 is_animated_sticker=0 file_hash=EPLH/UBv1mBVt4jqQg1LB0YrOpSQCeFjEDpo9I2O/nw= file_path=Media/MBWhatsApp Video/VID-20240212-WA0000.mp4 file_size=8373753 partial_media_hash=null face_x=0 face_y=0 height=850 trim_to=0 media_key_timestamp=1707753788000 message_url=https://mmg.whatsapp.net/v/t62.7161- 24/40316010_1494428021117376_1629957897409800946_n.enc?ccb=11-4&oh=01_AdSbgTs8Ct- K2cBbuSJED06phhX6rrm0B5wB_Bcdo5frdQ&oe=65F19EA9&_nc_sid=5e03e0&mms3=true media_caption=null trim_from=0 mime_type=video/mp4 partial_media_enc_hash=null width=478 original_file_hash=null has_streaming_sidecar=1 autotransfer_retry_enabled=1 media_upload_handle=null message_row_id=63932 multicast_id=null enc_file_hash=1Boj9sEemli+2+wD3r9BX8EATCjjH7CDTahEc3nZyIA= mute_video=0 page_count=0 first_scan_sidecar=null suspicious_content=0 file_length=8373753 media_name=null media_duration=58 chat_row_id=51 media_key=[B@de8cc41
02-12 13:11:04.952 17537 17597 E SQLiteDatabase: android.database.sqlite.SQLiteConstraintException: UNIQUE constraint failed: message_media.message_row_id (code 1555 SQLITE_CONSTRAINT_PRIMARYKEY)
02-12 13:11:04.952 17537 17597 E SQLiteDatabase: at android.database.sqlite.SQLiteConnection.nativeExecuteForLastInsertedRowId(Native Method)
02-12 13:11:04.952 17537 17597 E SQLiteDatabase: at android.database.sqlite.SQLiteConnection.executeForLastInsertedRowId(SQLiteConnecti on.java:938)
02-12 13:11:04.952 17537 17597 E SQLiteDatabase: at android.database.sqlite.SQLiteSession.executeForLastInsertedRowId(SQLiteSession.jav a:790)
02-12 13:11:04.952 17537 17597 E SQLiteDatabase: at android.database.sqlite.SQLiteStatement.executeInsert(SQLiteStatement.java:88)
02-12 13:11:04.952 17537 17597 E SQLiteDatabase: at android.database.sqlite.SQLiteDatabase.insertWithOnConflict(SQLiteDatabase.java:170 1)
02-12 13:11:04.952 17537 17597 E SQLiteDatabase: at android.database.sqlite.SQLiteDatabase.insert(SQLiteDatabase.java:1570)
02-12 13:11:04.952 17537 17597 E SQLiteDatabase: at X.2tm.A08(Unknown Source:6)
02-12 13:11:04.952 17537 17597 E SQLiteDatabase: at X.35Y.A07(Unknown Source:212)
02-12 13:11:04.952 17537 17597 E SQLiteDatabase: at X.3QF.A14(Unknown Source:470)
02-12 13:11:04.952 17537 17597 E SQLiteDatabase: at X.3gU.run(Unknown Source:982)
02-12 13:11:04.952 17537 17597 E SQLiteDatabase: at android.os.Handler.handleCallback(Handler.java:938)
02-12 13:11:04.952 17537 17597 E SQLiteDatabase: at android.os.Handler.dispatchMessage(Handler.java:99)
02-12 13:11:04.952 17537 17597 E SQLiteDatabase: at X.0zq.dispatchMessage(Unknown Source:4)
02-12 13:11:04.952 17537 17597 E SQLiteDatabase: at android.os.Looper.loop(Looper.java:250)
02-12 13:11:04.952 17537 17597 E SQLiteDatabase: at android.os.HandlerThread.run(HandlerThread.java:67) --------- beginning of system
02-12 14:16:53.756 17537 17537 W ViewRootImpl[PopupWindow:2679e26]: Dropping event due to root view being removed: MotionEvent { action=ACTION_MOVE, actionButton=0, id[0]=0, x[0]=196.46326, y[0]=-842.0412, toolType[0]=TOOL_TYPE_FINGER, buttonState=0, classification=NONE, metaState=0, flags=0x0, edgeFlags=0x0, pointerCount=1, historySize=0, eventTime=255013716, downTime=255013702, deviceId=4, source=0x1002, displayId=0 } --------- beginning of main
02-12 14:51:36.118 17537 17537 W Choreographer: Frame time is 0.031273 ms in the future! Check that graphics HAL is generating vsync timestamps using the correct timebase.
02-12 14:51:55.282 17537 17537 W Choreographer: Frame time is 0.06157 ms in the future! Check that graphics HAL is generating vsync timestamps using the correct timebase.
02-12 14:53:10.460 17946 17946 E com.mbwhatsapp: Not starting debugger since process cannot load the jdwp agent.
02-12 14:53:11.218 17946 17946 W System.err: java.lang.ClassNotFoundException: mbmodsd.mbmodsw.ui.views.btn.BtnBK
02-12 14:53:11.219 17946 17946 W System.err: at java.lang.Runtime.nativeLoad(Native Method)
02-12 14:53:11.219 17946 17946 W System.err: at java.lang.Runtime.nativeLoad(Runtime.java:1131)
02-12 14:53:11.219 17946 17946 W System.err: at java.lang.Runtime.loadLibrary0(Runtime.java:1085)
02-12 14:53:11.219 17946 17946 W System.err: at java.lang.Runtime.loadLibrary0(Runtime.java:1008)
02-12 14:53:11.219 17946 17946 W System.err: at java.lang.System.loadLibrary(System.java:1664)
02-12 14:53:11.219 17946 17946 W System.err: at arm.EpicVm.<clinit>(Unknown Source:2)
02-12 14:53:11.219 17946 17946 W System.err: at java.lang.Class.newInstance(Native Method)
02-12 14:53:11.219 17946 17946 W System.err: at android.app.AppComponentFactory.instantiateApplication(AppComponentFactory.java:76)
02-12 14:53:11.219 17946 17946 W System.err: at androidx.core.app.CoreComponentFactory.instantiateApplication(Unknown Source:0)
02-12 14:53:11.219 17946 17946 W System.err: at android.app.Instrumentation.newApplication(Instrumentation.java:1158)
02-12 14:53:11.219 17946 17946 W System.err: at android.app.LoadedApk.makeApplication(LoadedApk.java:1244)
02-12 14:53:11.219 17946 17946 W System.err: at android.app.ActivityThread.handleBindApplication(ActivityThread.java:6817)
02-12 14:53:11.219 17946 17946 W System.err: at android.app.ActivityThread.access$1400(ActivityThread.java:251)
02-12 14:53:11.219 17946 17946 W System.err: at android.app.ActivityThread$H.handleMessage(ActivityThread.java:1978)
02-12 14:53:11.220 17946 17946 W System.err: at android.os.Handler.dispatchMessage(Handler.java:106)
02-12 14:53:11.220 17946 17946 W System.err: at android.os.Looper.loop(Looper.java:250)
02-12 14:53:11.220 17946 17946 W System.err: at android.app.ActivityThread.main(ActivityThread.java:7806)
02-12 14:53:11.220 17946 17946 W System.err: at java.lang.reflect.Method.invoke(Native Method)
02-12 14:53:11.220 17946 17946 W System.err: at com.android.internal.os.RuntimeInit$MethodAndArgsCaller.run(RuntimeInit.java:592)
02-12 14:53:11.220 17946 17946 W System.err: at com.android.internal.os.ZygoteInit.main(ZygoteInit.java:958)
02-12 14:53:11.288 17946 17946 E CustomActivityOnCrash: IMPORTANT WARNING! You already have an UncaughtExceptionHandler, are you sure this is correct? If you use a custom UncaughtExceptionHandler, you must initialize it AFTER CustomActivityOnCrash! Installing anyway, but your original handler will not be called.
02-12 14:53:11.401 17946 17974 W LibraryVersion: Failed to get app version for libraryName: firebase-iid
02-12 14:53:12.074 17946 17946 W com.mbwhatsapp: Accessing hidden method Lcom/android/org/conscrypt/OpenSSLSocketImpl;->setUseSessionTickets(Z)V (greylist- max-q,test-api, reflection, denied)
02-12 14:53:12.074 17946 17946 W com.mbwhatsapp: Accessing hidden method Lcom/android/org/conscrypt/AbstractConscryptSocket;->setUseSessionTickets(Z)V (greylist-max-q, reflection, denied)
02-12 14:53:12.148 17946 17946 W com.mbwhatsapp: type=1400 audit(0.0:61178): avc: granted { execute } for path="/data/data/com.mbwhatsapp/files/decompressed/libs.spk.zst/libc++_shared.so" dev="dm-12" ino=945754 scontext=u:r:untrusted_app:s0:c53,c259,c512,c768 tcontext=u:object_r:app_data_file:s0:c53,c259,c512,c768 tclass=file app=com.mbwhatsapp
02-12 14:53:12.150 17946 17946 W linker : Warning: "/data/data/com.mbwhatsapp/files/decompressed/libs.spk.zst/libc++_shared.so" unused DT entry: unknown processor-specific (type 0x70000001 arg 0x0) (ignoring)
02-12 14:53:12.155 17946 17946 W com.mbwhatsapp: type=1400 audit(0.0:61179): avc: granted { execute } for path="/data/data/com.mbwhatsapp/files/decompressed/libs.spk.zst/libvlc.so" dev="dm- 12" ino=934342 scontext=u:r:untrusted_app:s0:c53,c259,c512,c768 tcontext=u:object_r:app_data_file:s0:c53,c259,c512,c768 tclass=file app=com.mbwhatsapp
02-12 14:53:12.175 17946 17946 W com.mbwhatsapp: type=1400 audit(0.0:61180): avc: granted { execute } for path="/data/data/com.mbwhatsapp/files/decompressed/libs.spk.zst/libwhatsapp.so" dev="dm-12" ino=928776 scontext=u:r:untrusted_app:s0:c53,c259,c512,c768 tcontext=u:object_r:app_data_file:s0:c53,c259,c512,c768 tclass=file app=com.mbwhatsapp
02-12 14:53:12.255 17946 17946 W com.mbwhatsapp: type=1400 audit(0.0:61181): avc: granted { execute } for path="/data/data/com.mbwhatsapp/files/decompressed/libs.spk.zst/libcurve25519.so" dev="dm-12" ino=948437 scontext=u:r:untrusted_app:s0:c53,c259,c512,c768 tcontext=u:object_r:app_data_file:s0:c53,c259,c512,c768 tclass=file app=com.mbwhatsapp
02-12 14:53:12.268 17946 17946 W com.mbwhatsapp: type=1400 audit(0.0:61182): avc: granted { execute } for path="/data/data/com.mbwhatsapp/files/decompressed/libs.spk.zst/libwhatsapp.so" dev="dm-12" ino=928776 scontext=u:r:untrusted_app:s0:c53,c259,c512,c768 tcontext=u:object_r:app_data_file:s0:c53,c259,c512,c768 tclass=file app=com.mbwhatsapp
02-12 14:53:12.434 17946 18013 W com.mbwhatsapp: Class X.2rL failed lock verification and will run slower.
02-12 14:53:12.434 17946 18013 W com.mbwhatsapp: Common causes for lock verification issues are non-optimized dex code
02-12 14:53:12.434 17946 18013 W com.mbwhatsapp: and incorrect proguard optimizations.
02-12 14:53:14.008 17946 17946 W db_write: type=1400 audit(0.0:61185): avc: denied { read } for name="u:object_r:framework_prop:s0" dev="tmpfs" ino=10820 scontext=u:r:untrusted_app:s0:c53,c259,c512,c768 tcontext=u:object_r:framework_prop:s0 tclass=file permissive=0 app=com.mbwhatsapp
02-12 14:53:14.008 17946 17946 W db_write: type=1400 audit(0.0:61186): avc: denied { read } for name="u:object_r:framework_prop:s0" dev="tmpfs" ino=10820 scontext=u:r:untrusted_app:s0:c53,c259,c512,c768 tcontext=u:object_r:framework_prop:s0 tclass=file permissive=0 app=com.mbwhatsapp
02-12 14:53:14.011 17946 18062 E libc : Access denied finding property "fw.max_users"
02-12 14:53:14.012 17946 18062 E libc : Access denied finding property "fw.show_multiuserui"
02-12 14:53:14.012 17946 18062 E libc : Access denied finding property "fw.max_users"
02-12 14:53:14.012 17946 18062 E libc : Access denied finding property "fw.show_multiuserui"
02-12 14:53:14.008 17946 17946 W db_write: type=1400 audit(0.0:61187): avc: denied { read } for name="u:object_r:framework_prop:s0" dev="tmpfs" ino=10820 scontext=u:r:untrusted_app:s0:c53,c259,c512,c768 tcontext=u:object_r:framework_prop:s0 tclass=file permissive=0 app=com.mbwhatsapp --------- beginning of main
02-12 15:32:10.455 32375 32375 E com.mbwhatsapp: Not starting debugger since process cannot load the jdwp agent.
02-12 15:32:10.787 32375 32375 W System.err: java.lang.ClassNotFoundException: mbmodsd.mbmodsw.ui.views.btn.BtnBK
02-12 15:32:10.788 32375 32375 W System.err: at java.lang.Runtime.nativeLoad(Native Method)
02-12 15:32:10.788 32375 32375 W System.err: at java.lang.Runtime.nativeLoad(Runtime.java:1131)
02-12 15:32:10.788 32375 32375 W System.err: at java.lang.Runtime.loadLibrary0(Runtime.java:1085)
02-12 15:32:10.788 32375 32375 W System.err: at java.lang.Runtime.loadLibrary0(Runtime.java:1008)
02-12 15:32:10.788 32375 32375 W System.err: at java.lang.System.loadLibrary(System.java:1664)
02-12 15:32:10.788 32375 32375 W System.err: at arm.EpicVm.<clinit>(Unknown Source:2)
02-12 15:32:10.788 32375 32375 W System.err: at java.lang.Class.newInstance(Native Method)
02-12 15:32:10.788 32375 32375 W System.err: at android.app.AppComponentFactory.instantiateApplication(AppComponentFactory.java:76)
02-12 15:32:10.788 32375 32375 W System.err: at androidx.core.app.CoreComponentFactory.instantiateApplication(Unknown Source:0)
02-12 15:32:10.788 32375 32375 W System.err: at android.app.Instrumentation.newApplication(Instrumentation.java:1158)
02-12 15:32:10.788 32375 32375 W System.err: at android.app.LoadedApk.makeApplication(LoadedApk.java:1244)
02-12 15:32:10.788 32375 32375 W System.err: at android.app.ActivityThread.handleBindApplication(ActivityThread.java:6817)
02-12 15:32:10.788 32375 32375 W System.err: at android.app.ActivityThread.access$1400(ActivityThread.java:251)
02-12 15:32:10.788 32375 32375 W System.err: at android.app.ActivityThread$H.handleMessage(ActivityThread.java:1978)
02-12 15:32:10.788 32375 32375 W System.err: at android.os.Handler.dispatchMessage(Handler.java:106)
02-12 15:32:10.788 32375 32375 W System.err: at android.os.Looper.loop(Looper.java:250)
02-12 15:32:10.788 32375 32375 W System.err: at android.app.ActivityThread.main(ActivityThread.java:7806)
02-12 15:32:10.788 32375 32375 W System.err: at java.lang.reflect.Method.invoke(Native Method)
02-12 15:32:10.788 32375 32375 W System.err: at com.android.internal.os.RuntimeInit$MethodAndArgsCaller.run(RuntimeInit.java:592)
02-12 15:32:10.788 32375 32375 W System.err: at com.android.internal.os.ZygoteInit.main(ZygoteInit.java:958)
02-12 15:32:10.853 32375 32375 E CustomActivityOnCrash: IMPORTANT WARNING! You already have an UncaughtExceptionHandler, are you sure this is correct? If you use a custom UncaughtExceptionHandler, you must initialize it AFTER CustomActivityOnCrash! Installing anyway, but your original handler will not be called.
02-12 15:32:11.863 32375 32375 W com.mbwhatsapp: Accessing hidden method Lcom/android/org/conscrypt/OpenSSLSocketImpl;->setUseSessionTickets(Z)V (greylist- max-q,test-api, reflection, denied)
02-12 15:32:11.864 32375 32375 W com.mbwhatsapp: Accessing hidden method Lcom/android/org/conscrypt/AbstractConscryptSocket;->setUseSessionTickets(Z)V (greylist-max-q, reflection, denied)
02-12 15:32:12.048 32375 32375 W com.mbwhatsapp: type=1400 audit(0.0:61375): avc: granted { execute } for path="/data/data/com.mbwhatsapp/files/decompressed/libs.spk.zst/libc++_shared.so" dev="dm-12" ino=945754 scontext=u:r:untrusted_app:s0:c53,c259,c512,c768 tcontext=u:object_r:app_data_file:s0:c53,c259,c512,c768 tclass=file app=com.mbwhatsapp
02-12 15:32:12.053 32375 32375 W linker : Warning: "/data/data/com.mbwhatsapp/files/decompressed/libs.spk.zst/libc++_shared.so" unused DT entry: unknown processor-specific (type 0x70000001 arg 0x0) (ignoring)
02-12 15:32:12.082 32375 32375 W com.mbwhatsapp: type=1400 audit(0.0:61376): avc: granted { execute } for path="/data/data/com.mbwhatsapp/files/decompressed/libs.spk.zst/libvlc.so" dev="dm- 12" ino=934342 scontext=u:r:untrusted_app:s0:c53,c259,c512,c768 tcontext=u:object_r:app_data_file:s0:c53,c259,c512,c768 tclass=file app=com.mbwhatsapp
02-12 15:32:12.162 32375 32375 W com.mbwhatsapp: type=1400 audit(0.0:61377): avc: granted { execute } for path="/data/data/com.mbwhatsapp/files/decompressed/libs.spk.zst/libwhatsapp.so" dev="dm-12" ino=928776 scontext=u:r:untrusted_app:s0:c53,c259,c512,c768 tcontext=u:object_r:app_data_file:s0:c53,c259,c512,c768 tclass=file app=com.mbwhatsapp
02-12 15:32:12.312 32375 32375 W com.mbwhatsapp: type=1400 audit(0.0:61378): avc: granted { execute } for path="/data/data/com.mbwhatsapp/files/decompressed/libs.spk.zst/libcurve25519.so" dev="dm-12" ino=948437 scontext=u:r:untrusted_app:s0:c53,c259,c512,c768 tcontext=u:object_r:app_data_file:s0:c53,c259,c512,c768 tclass=file app=com.mbwhatsapp
02-12 15:32:12.338 32375 32375 W com.mbwhatsapp: type=1400 audit(0.0:61379): avc: granted { execute } for path="/data/data/com.mbwhatsapp/files/decompressed/libs.spk.zst/libwhatsapp.so" dev="dm-12" ino=928776 scontext=u:r:untrusted_app:s0:c53,c259,c512,c768 tcontext=u:object_r:app_data_file:s0:c53,c259,c512,c768 tclass=file app=com.mbwhatsapp
02-12 15:32:12.338 32375 32375 W com.mbwhatsapp: type=1400 audit(0.0:61380): avc: granted { execute } for path="/data/data/com.mbwhatsapp/files/decompressed/libs.spk.zst/libwhatsapp.so" dev="dm-12" ino=928776 scontext=u:r:untrusted_app:s0:c53,c259,c512,c768 tcontext=u:object_r:app_data_file:s0:c53,c259,c512,c768 tclass=file app=com.mbwhatsapp
02-12 15:32:12.338 32375 32375 W com.mbwhatsapp: type=1400 audit(0.0:61381): avc: granted { execute } for path="/data/data/com.mbwhatsapp/files/decompressed/libs.spk.zst/libwhatsapp.so" dev="dm-12" ino=928776 scontext=u:r:untrusted_app:s0:c53,c259,c512,c768 tcontext=u:object_r:app_data_file:s0:c53,c259,c512,c768 tclass=file app=com.mbwhatsapp
02-12 15:32:13.089 32375 32656 W com.mbwhatsapp: Class X.2rL failed lock verification and will run slower.
02-12 15:32:13.089 32375 32656 W com.mbwhatsapp: Common causes for lock verification issues are non-optimized dex code
02-12 15:32:13.089 32375 32656 W com.mbwhatsapp: and incorrect proguard optimizations.
02-12 15:32:15.052 32375 32375 W db_write: type=1400 audit(0.0:61382): avc: denied { read } for name="u:object_r:framework_prop:s0" dev="tmpfs" ino=10820 scontext=u:r:untrusted_app:s0:c53,c259,c512,c768 tcontext=u:object_r:framework_prop:s0 tclass=file permissive=0 app=com.mbwhatsapp
02-12 15:32:15.055 32375 568 E libc : Access denied finding property "fw.max_users"
02-12 15:32:15.055 32375 568 E libc : Access denied finding property "fw.show_multiuserui"
02-12 15:32:15.055 32375 568 E libc : Access denied finding property "fw.max_users"
02-12 15:32:15.056 32375 568 E libc : Access denied finding property "fw.show_multiuserui"
02-12 15:32:15.052 32375 32375 W db_write: type=1400 audit(0.0:61383): avc: denied { read } for name="u:object_r:framework_prop:s0" dev="tmpfs" ino=10820 scontext=u:r:untrusted_app:s0:c53,c259,c512,c768 tcontext=u:object_r:framework_prop:s0 tclass=file permissive=0 app=com.mbwhatsapp --------- beginning of main
02-12 19:01:18.771 32375 18778 W MediaPlayer: Use of stream types is deprecated for operations other than volume control
02-12 19:01:18.771 32375 18778 W MediaPlayer: See the documentation of setAudioStreamType() for what to use instead with android.media.AudioAttributes to qualify your playback use case
02-12 19:01:18.800 32375 32375 E ArmVmp : Match on catch block at 0xc3 in for 0xa9
02-12 19:01:18.804 32375 32375 E ArmVmp : Match on catch block at 0xc3 in for 0xa1
02-12 19:01:18.842 32375 32375 E ArmVmp : Match on catch block at 0xc3 in for 0xa9
02-12 19:01:18.847 32375 32375 E ArmVmp : Match on catch block at 0xc3 in for 0xa1
02-12 19:01:18.878 32375 32375 E ArmVmp : Match on catch block at 0xc3 in for 0xa9
02-12 19:01:18.883 32375 32375 E ArmVmp : Match on catch block at 0xc3 in for 0xa1
02-12 19:01:18.893 32375 32375 E ArmVmp : Match on catch block at 0xc3 in for 0xa9
02-12 19:01:18.896 32375 32375 E ArmVmp : Match on catch block at 0xc3 in for 0xa1
02-12 19:01:18.913 32375 32375 E ArmVmp : Match on catch block at 0xc3 in for 0xa9
02-12 19:01:18.917 32375 32375 E ArmVmp : Match on catch block at 0xc3 in for 0xa1
02-12 19:01:18.926 32375 32375 E ArmVmp : Match on catch block at 0xc3 in for 0xa9
02-12 19:01:18.929 32375 32375 E ArmVmp : Match on catch block at 0xc3 in for 0xa1
02-12 19:01:18.943 32375 32375 E ArmVmp : Match on catch block at 0xc3 in for 0xa9
02-12 19:01:18.946 32375 32375 E ArmVmp : Match on catch block at 0xc3 in for 0xa1
02-12 19:01:18.959 32375 32375 E ArmVmp : Match on catch block at 0xc3 in for 0xa9
02-12 19:01:18.963 32375 32375 E ArmVmp : Match on catch block at 0xc3 in for 0xa1
02-12 19:01:18.976 32375 32375 E ArmVmp : Match on catch block at 0xc3 in for 0xa9
02-12 19:01:18.980 32375 32375 E ArmVmp : Match on catch block at 0xc3 in for 0xa1
02-12 19:01:18.993 32375 32375 E ArmVmp : Match on catch block at 0xc3 in for 0xa9
02-12 19:01:18.996 32375 32375 E ArmVmp : Match on catch block at 0xc3 in for 0xa1
02-12 19:01:19.030 32375 32375 E ArmVmp : Match on catch block at 0xc3 in for 0xa9
02-12 19:01:19.033 32375 32375 E ArmVmp : Match on catch block at 0xc3 in for 0xa1
02-12 19:01:19.054 32375 32375 E ArmVmp : Match on catch block at 0xc3 in for 0xa9
02-12 19:01:19.058 32375 32375 E ArmVmp : Match on catch block at 0xc3 in for 0xa1
02-12 19:01:19.072 32375 32375 E ArmVmp : Match on catch block at 0xc3 in for 0xa5
02-12 19:01:19.076 32375 32375 E ArmVmp : Match on catch block at 0xc3 in for 0xa9
02-12 19:01:19.179 32375 32375 E ArmVmp : Match on catch block at 0xc3 in for 0xa5
02-12 19:01:19.185 32375 32375 E ArmVmp : Match on catch block at 0xc3 in for 0xa9
02-12 19:01:19.277 32375 32375 E ArmVmp : Match on catch block at 0xc3 in for 0xa5
02-12 19:01:19.283 32375 32375 E ArmVmp : Match on catch block at 0xc3 in for 0xa9
02-12 19:01:19.411 32375 32375 E ArmVmp : Match on catch block at 0xc3 in for 0xa1
02-12 19:01:19.416 32375 32375 E ArmVmp : Match on catch block at 0xc3 in for 0xa5
02-12 19:01:19.655 32375 32375 E ArmVmp : Match on catch block at 0xc3 in for 0xa1
02-12 19:01:19.658 32375 32375 E ArmVmp : Match on catch block at 0xc3 in for 0xa5
02-12 19:01:19.779 32375 32375 E ArmVmp : Match on catch block at 0xc3 in for 0xa1
02-12 19:01:19.783 32375 32375 E ArmVmp : Match on catch block at 0xc3 in for 0xa5
02-12 19:01:19.979 32375 32375 E ArmVmp : Match on catch block at 0xc3 in for 0xa1
02-12 19:01:19.984 32375 32375 E ArmVmp : Match on catch block at 0xc3 in for 0xa5
02-12 19:01:20.163 32375 32375 E ArmVmp : Match on catch block at 0xc3 in for 0xa1
02-12 19:01:20.169 32375 32375 E ArmVmp : Match on catch block at 0xc3 in for 0xa5
02-12 19:01:20.330 32375 32375 E ArmVmp : Match on catch block at 0xc3 in for 0xa1
02-12 19:01:20.334 32375 32375 E ArmVmp : Match on catch block at 0xc3 in for 0xa5
02-12 19:01:20.650 32375 32375 E ArmVmp : Match on catch block at 0xc3 in for 0xa1
02-12 19:01:20.658 32375 32375 E ArmVmp : Match on catch block at 0xc3 in for 0xa5
02-12 19:01:20.672 32375 32375 E ArmVmp : Match on catch block at 0xc3 in for 0xa5
02-12 19:01:20.677 32375 32375 E ArmVmp : Match on catch block at 0xc3 in for 0xa9
02-12 19:01:20.702 32375 32375 E ArmVmp : Match on catch block at 0xc3 in for 0xa9
02-12 19:01:20.706 32375 32375 E ArmVmp : Match on catch block at 0xc3 in for 0xa1
02-12 19:01:20.729 32375 32375 E ArmVmp : Match on catch block at 0xc3 in for 0xa1
02-12 19:01:20.734 32375 32375 E ArmVmp : Match on catch block at 0xc3 in for 0xa5
02-12 19:01:20.785 32375 32375 E ArmVmp : Match on catch block at 0xc3 in for 0xa1
02-12 19:01:20.789 32375 32375 E ArmVmp : Match on catch block at 0xc3 in for 0xa5
02-12 19:01:20.816 32375 32375 E ArmVmp : Match on catch block at 0xc3 in for 0xa5
02-12 19:01:20.820 32375 32375 E ArmVmp : Match on catch block at 0xc3 in for 0xa9
02-12 19:01:20.831 32375 32375 E ArmVmp : Match on catch block at 0xc3 in for 0xa5
02-12 19:01:20.842 32375 32375 E ArmVmp : Match on catch block at 0xc3 in for 0xa9
02-12 19:01:20.848 32375 32375 E ArmVmp : Match on catch block at 0xc3 in for 0xa5
02-12 19:01:20.855 32375 32375 E ArmVmp : Match on catch block at 0xc3 in for 0xa9
02-12 19:01:20.864 32375 32375 E ArmVmp : Match on catch block at 0xc3 in for 0xa5
02-12 19:01:20.867 32375 32375 E ArmVmp : Match on catch block at 0xc3 in for 0xa9
02-12 19:01:20.881 32375 32375 E ArmVmp : Match on catch block at 0xc3 in for 0xa5
02-12 19:01:20.884 32375 32375 E ArmVmp : Match on catch block at 0xc3 in for 0xa9
02-12 19:01:20.969 32375 32375 E ArmVmp : Match on catch block at 0xc3 in for 0xa9
02-12 19:01:20.973 32375 32375 E ArmVmp : Match on catch block at 0xc3 in for 0xa1
02-12 19:01:20.983 32375 18778 W MediaPlayer: Use of stream types is deprecated for operations other than volume control
02-12 19:01:20.983 32375 18778 W MediaPlayer: See the documentation of setAudioStreamType() for what to use instead with android.media.AudioAttributes to qualify your playback use case
02-12 19:01:20.985 32375 32375 E ArmVmp : Match on catch block at 0xc3 in for 0xa9
02-12 19:01:20.988 32375 32375 E ArmVmp : Match on catch block at 0xc3 in for 0xa1
02-12 19:01:21.115 32375 32375 E ArmVmp : Match on catch block at 0xc3 in for 0xa9
02-12 19:01:21.118 32375 32375 E ArmVmp : Match on catch block at 0xc3 in for 0xa1
02-12 19:01:21.333 32375 32375 E ArmVmp : Match on catch block at 0xc3 in for 0xa5
02-12 19:01:21.337 32375 32375 E ArmVmp : Match on catch block at 0xc3 in for 0xa9
02-12 19:01:21.517 32375 32375 E ArmVmp : Match on catch block at 0xc3 in for 0xa1
02-12 19:01:21.522 32375 32375 E ArmVmp : Match on catch block at 0xc3 in for 0xa5
02-12 19:01:21.598 32375 32375 E ArmVmp : Match on catch block at 0xc3 in for 0xa9
02-12 19:01:21.605 32375 32375 E ArmVmp : Match on catch block at 0xc3 in for 0xa1
02-12 19:01:21.866 32375 32375 E RecyclerView: No adapter attached; skipping layout
02-12 19:01:21.872 32375 32375 E ArmVmp : Match on catch block at 0xc3 in for 0xa1
02-12 19:01:21.876 32375 32375 E ArmVmp : Match on catch block at 0xc3 in for 0xa5
02-12 19:01:22.569 32375 32375 E ArmVmp : Match on catch block at 0xc3 in for 0xa1
02-12 19:01:22.573 32375 32375 E ArmVmp : Match on catch block at 0xc3 in for 0xa5
02-12 19:01:22.585 32375 32375 E ArmVmp : Match on catch block at 0xc3 in for 0xa1
02-12 19:01:22.589 32375 32375 E ArmVmp : Match on catch block at 0xc3 in for 0xa5
02-12 19:01:22.603 32375 32375 E ArmVmp : Match on catch block at 0xc3 in for 0xa1
02-12 19:01:22.609 32375 32375 E ArmVmp : Match on catch block at 0xc3 in for 0xa5
02-12 19:01:22.620 32375 32375 E ArmVmp : Match on catch block at 0xc3 in for 0xa1
02-12 19:01:22.625 32375 32375 E ArmVmp : Match on catch block at 0xc3 in for 0xa5
02-12 19:01:22.636 32375 32375 E ArmVmp : Match on catch block at 0xc3 in for 0xa1
02-12 19:01:22.639 32375 32375 E ArmVmp : Match on catch block at 0xc3 in for 0xa5
02-12 19:01:22.652 32375 32375 E ArmVmp : Match on catch block at 0xc3 in for 0xa1
02-12 19:01:22.656 32375 32375 E ArmVmp : Match on catch block at 0xc3 in for 0xa5
02-12 19:01:22.670 32375 32375 E ArmVmp : Match on catch block at 0xc3 in for 0xa1
02-12 19:01:22.675 32375 32375 E ArmVmp : Match on catch block at 0xc3 in for 0xa5
02-12 19:01:22.687 32375 32375 E ArmVmp : Match on catch block at 0xc3 in for 0xa1
02-12 19:01:22.692 32375 32375 E ArmVmp : Match on catch block at 0xc3 in for 0xa5
02-12 19:01:22.703 32375 32375 E ArmVmp : Match on catch block at 0xc3 in for 0xa1
02-12 19:01:22.709 32375 32375 E ArmVmp : Match on catch block at 0xc3 in for 0xa5
02-12 19:01:22.720 32375 32375 E ArmVmp : Match on catch block at 0xc3 in for 0xa1
02-12 19:01:22.726 32375 32375 E ArmVmp : Match on catch block at 0xc3 in for 0xa5
02-12 19:01:22.737 32375 32375 E ArmVmp : Match on catch block at 0xc3 in for 0xa1
02-12 19:01:22.742 32375 32375 E ArmVmp : Match on catch block at 0xc3 in for 0xa5
02-12 19:01:22.753 32375 32375 E ArmVmp : Match on catch block at 0xc3 in for 0xa1
02-12 19:01:22.757 32375 32375 E ArmVmp : Match on catch block at 0xc3 in for 0xa5
02-12 19:01:22.769 32375 32375 E ArmVmp : Match on catch block at 0xc3 in for 0xa1
02-12 19:01:22.772 32375 32375 E ArmVmp : Match on catch block at 0xc3 in for 0xa5
02-12 19:01:22.787 32375 32375 E ArmVmp : Match on catch block at 0xc3 in for 0xa1
02-12 19:01:22.791 32375 32375 E ArmVmp : Match on catch block at 0xc3 in for 0xa5
02-12 19:01:22.803 32375 32375 E ArmVmp : Match on catch block at 0xc3 in for 0xa1
02-12 19:01:22.808 32375 32375 E ArmVmp : Match on catch block at 0xc3 in for 0xa5
02-12 19:01:22.820 32375 32375 E ArmVmp : Match on catch block at 0xc3 in for 0xa1
02-12 19:01:22.824 32375 32375 E ArmVmp : Match on catch block at 0xc3 in for 0xa5
02-12 19:01:22.836 32375 32375 E ArmVmp : Match on catch block at 0xc3 in for 0xa1
02-12 19:01:22.840 32375 32375 E ArmVmp : Match on catch block at 0xc3 in for 0xa5
02-12 19:01:23.162 32375 32375 E ArmVmp : Match on catch block at 0x0a in for 0xa1
02-12 19:01:23.167 32375 32375 E ArmVmp : Match on catch block at 0x0a in for 0xa5
02-12 19:01:25.582 32375 32375 E ArmVmp : Match on catch block at 0xc3 in for 0xa1
02-12 19:01:25.600 32375 32375 E ArmVmp : Match on catch block at 0xc3 in for 0xa1
02-12 19:01:25.608 32375 32375 E ArmVmp : Match on catch block at 0xc3 in for 0xa5
02-12 19:01:25.618 32375 32375 E ArmVmp : Match on catch block at 0xc3 in for 0xa5
02-12 19:01:25.621 32375 32375 E ArmVmp : Match on catch block at 0xc3 in for 0xa9
02-12 19:01:25.636 32375 32375 E ArmVmp : Match on catch block at 0xc3 in for 0xa9
02-12 19:01:25.640 32375 32375 E ArmVmp : Match on catch block at 0xc3 in for 0xa1
02-12 19:01:25.655 32375 32375 E ArmVmp : Match on catch block at 0xc3 in for 0xa5
02-12 19:01:25.659 32375 32375 E ArmVmp : Match on catch block at 0xc3 in for 0xa9
02-12 19:01:25.927 32375 32375 W InputEventReceiver: Attempted to finish an input event but the input event receiver has already been disposed.
02-12 19:01:25.933 32375 32375 E ArmVmp : Match on catch block at 0xc3 in for 0xa9
02-12 19:01:25.937 32375 32375 E ArmVmp : Match on catch block at 0xc3 in for 0xa1
02-12 19:01:25.958 32375 32375 E ArmVmp : Match on catch block at 0xc3 in for 0xa9
02-12 19:01:25.962 32375 32375 E ArmVmp : Match on catch block at 0xc3 in for 0xa1
02-12 19:01:26.210 32375 32375 E ArmVmp : Match on catch block at 0xc3 in for 0xa5
02-12 19:01:26.214 32375 32375 E ArmVmp : Match on catch block at 0xc3 in for 0xa9
02-12 19:01:26.283 32375 32375 E ArmVmp : Match on catch block at 0xc3 in for 0xa5
02-12 19:01:26.286 32375 32375 E ArmVmp : Match on catch block at 0xc3 in for 0xa9
02-12 19:01:26.314 32375 32375 E ArmVmp : Match on catch block at 0xc3 in for 0xa5
02-12 19:01:26.318 32375 32375 E ArmVmp : Match on catch block at 0xc3 in for 0xa9
02-12 19:01:27.064 32375 32375 E ArmVmp : Match on catch block at 0xc3 in for 0xa5
02-12 19:01:27.068 32375 32375 E ArmVmp : Match on catch block at 0xc3 in for 0xa9
02-12 19:01:27.142 32375 32375 E ArmVmp : Match on catch block at 0xc3 in for 0xa1
02-12 19:01:27.146 32375 32375 E ArmVmp : Match on catch block at 0xc3 in for 0xa5
02-12 19:01:27.205 32375 32375 E ArmVmp : Match on catch block at 0xc3 in for 0xa1
02-12 19:01:27.209 32375 32375 E ArmVmp : Match on catch block at 0xc3 in for 0xa5
02-12 19:01:27.401 32375 32375 E ArmVmp : Match on catch block at 0xc3 in for 0xa5
02-12 19:01:27.405 32375 32375 E ArmVmp : Match on catch block at 0xc3 in for 0xa9
02-12 19:01:27.426 32375 32375 E ArmVmp : Match on catch block at 0xc3 in for 0xa5
02-12 19:01:27.434 32375 32375 E ArmVmp : Match on catch block at 0xc3 in for 0xa9
02-12 19:01:27.471 32375 32375 E ArmVmp : Match on catch block at 0xc3 in for 0xa5
02-12 19:01:27.475 32375 32375 E ArmVmp : Match on catch block at 0xc3 in for 0xa9
02-12 19:01:27.497 32375 32375 E ArmVmp : Match on catch block at 0xc3 in for 0xa5
02-12 19:01:27.518 32375 32375 E ArmVmp : Match on catch block at 0xc3 in for 0xa9
02-12 19:01:27.560 32375 32375 E ArmVmp : Match on catch block at 0xc3 in for 0xa5
02-12 19:01:27.569 32375 32375 E ArmVmp : Match on catch block at 0xc3 in for 0xa9
02-12 19:01:27.781 32375 32375 E ArmVmp : Match on catch block at 0xc3 in for 0xa5
02-12 19:01:27.790 32375 32375 E ArmVmp : Match on catch block at 0xc3 in for 0xa9
02-12 19:01:28.720 32375 32375 E ArmVmp : Match on catch block at 0xc3 in for 0xa5
02-12 19:01:28.725 32375 32375 E ArmVmp : Match on catch block at 0xc3 in for 0xa9
02-12 19:01:28.734 32375 32375 E ArmVmp : Match on catch block at 0xc3 in for 0xa5
02-12 19:01:28.738 32375 32375 E ArmVmp : Match on catch block at 0xc3 in for 0xa9
02-12 19:01:28.751 32375 32375 E ArmVmp : Match on catch block at 0xc3 in for 0xa5
02-12 19:01:28.754 32375 32375 E ArmVmp : Match on catch block at 0xc3 in for 0xa9
02-12 19:01:28.768 32375 32375 E ArmVmp : Match on catch block at 0xc3 in for 0xa5
02-12 19:01:28.772 32375 32375 E ArmVmp : Match on catch block at 0xc3 in for 0xa9
02-12 19:01:28.784 32375 32375 E ArmVmp : Match on catch block at 0xc3 in for 0xa5
02-12 19:01:28.789 32375 32375 E ArmVmp : Match on catch block at 0xc3 in for 0xa9
02-12 19:01:28.802 32375 32375 E ArmVmp : Match on catch block at 0xc3 in for 0xa5
02-12 19:01:28.805 32375 32375 E ArmVmp : Match on catch block at 0xc3 in for 0xa9
02-12 19:01:28.824 32375 32375 E ArmVmp : Match on catch block at 0xc3 in for 0xa5
02-12 19:01:28.827 32375 32375 E ArmVmp : Match on catch block at 0xc3 in for 0xa9
02-12 19:01:28.838 32375 32375 E ArmVmp : Match on catch block at 0xc3 in for 0xa5
02-12 19:01:28.843 32375 32375 E ArmVmp : Match on catch block at 0xc3 in for 0xa9
02-12 19:01:28.851 32375 32375 E ArmVmp : Match on catch block at 0xc3 in for 0xa5
02-12 19:01:28.855 32375 32375 E ArmVmp : Match on catch block at 0xc3 in for 0xa9
02-12 19:01:28.868 32375 32375 E ArmVmp : Match on catch block at 0xc3 in for 0xa5
02-12 19:01:28.872 32375 32375 E ArmVmp : Match on catch block at 0xc3 in for 0xa9
02-12 19:01:28.885 32375 32375 E ArmVmp : Match on catch block at 0xc3 in for 0xa5
02-12 19:01:28.890 32375 32375 E ArmVmp : Match on catch block at 0xc3 in for 0xa9
02-12 19:01:28.902 32375 32375 E ArmVmp : Match on catch block at 0xc3 in for 0xa5
02-12 19:01:28.906 32375 32375 E ArmVmp : Match on catch block at 0xc3 in for 0xa9
02-12 19:01:28.918 32375 32375 E ArmVmp : Match on catch block at 0xc3 in for 0xa5
02-12 19:01:28.922 32375 32375 E ArmVmp : Match on catch block at 0xc3 in for 0xa9
02-12 19:01:28.935 32375 32375 E ArmVmp : Match on catch block at 0xc3 in for 0xa5
02-12 19:01:28.939 32375 32375 E ArmVmp : Match on catch block at 0xc3 in for 0xa9
02-12 19:01:28.952 32375 32375 E ArmVmp : Match on catch block at 0xc3 in for 0xa5
02-12 19:01:28.955 32375 32375 E ArmVmp : Match on catch block at 0xc3 in for 0xa9
02-12 19:01:28.968 32375 32375 E ArmVmp : Match on catch block at 0xc3 in for 0xa5
02-12 19:01:28.972 32375 32375 E ArmVmp : Match on catch block at 0xc3 in for 0xa9
02-12 19:01:30.913 32375 32375 E ArmVmp : Match on catch block at 0xc3 in for 0xa1
02-12 19:01:30.917 32375 32375 E ArmVmp : Match on catch block at 0xc3 in for 0xa5
02-12 19:01:30.992 32375 32375 E ArmVmp : Match on catch block at 0xc3 in for 0xa5
02-12 19:01:30.995 32375 32375 E ArmVmp : Match on catch block at 0xc3 in for 0xa9
02-12 19:01:31.024 32375 32375 E ArmVmp : Match on catch block at 0xc3 in for 0xa9
02-12 19:01:31.028 32375 32375 E ArmVmp : Match on catch block at 0xc3 in for 0xa1
02-12 19:01:31.038 32375 18778 W MediaPlayer: Use of stream types is deprecated for operations other than volume control
02-12 19:01:31.038 32375 18778 W MediaPlayer: See the documentation of setAudioStreamType() for what to use instead with android.media.AudioAttributes to qualify your playback use case
02-12 19:01:31.041 32375 32375 E ArmVmp : Match on catch block at 0xc3 in for 0xa9
02-12 19:01:31.046 32375 32375 E ArmVmp : Match on catch block at 0xc3 in for 0xa1
02-12 19:01:31.380 32375 32375 E ArmVmp : Match on catch block at 0xc3 in for 0xa5
02-12 19:01:31.383 32375 32375 E ArmVmp : Match on catch block at 0xc3 in for 0xa9
02-12 19:01:31.403 32375 32375 E ArmVmp : Match on catch block at 0xc3 in for 0xa5
02-12 19:01:31.406 32375 32375 E ArmVmp : Match on catch block at 0xc3 in for 0xa9
02-12 19:01:31.457 32375 32375 E ArmVmp : Match on catch block at 0xc3 in for 0xa5
02-12 19:01:31.459 32375 32375 E ArmVmp : Match on catch block at 0xc3 in for 0xa9
02-12 19:01:31.945 32375 32375 E ArmVmp : Match on catch block at 0x0a in for 0xa9
02-12 19:01:31.953 32375 32375 E ArmVmp : Match on catch block at 0x0a in for 0xa9
02-12 19:01:31.959 32375 32375 E ArmVmp : Match on catch block at 0xc3 in for 0xa1
02-12 19:01:31.962 32375 32375 E ArmVmp : Match on catch block at 0xc3 in for 0xa5
02-12 19:01:32.478 32375 32375 E ArmVmp : Match on catch block at 0xc3 in for 0xa1
02-12 19:01:32.482 32375 32375 E ArmVmp : Match on catch block at 0xc3 in for 0xa5
02-12 19:01:32.982 32375 32375 E ArmVmp : Match on catch block at 0xc3 in for 0xa1
02-12 19:01:32.986 32375 32375 E ArmVmp : Match on catch block at 0xc3 in for 0xa5
02-12 19:01:33.001 32375 32375 E ArmVmp : Match on catch block at 0xc3 in for 0xa1
02-12 19:01:33.005 32375 32375 E ArmVmp : Match on catch block at 0xc3 in for 0xa5
02-12 19:01:33.011 32375 32375 E ArmVmp : Match on catch block at 0xc3 in for 0xa1
02-12 19:01:33.014 32375 32375 E ArmVmp : Match on catch block at 0xc3 in for 0xa5
02-12 19:01:33.028 32375 32375 E ArmVmp : Match on catch block at 0xc3 in for 0xa1
02-12 19:01:33.033 32375 32375 E ArmVmp : Match on catch block at 0xc3 in for 0xa5
02-12 19:01:33.044 32375 32375 E ArmVmp : Match on catch block at 0xc3 in for 0xa1
02-12 19:01:33.048 32375 32375 E ArmVmp : Match on catch block at 0xc3 in for 0xa5
02-12 19:01:33.062 32375 32375 E ArmVmp : Match on catch block at 0xc3 in for 0xa1
02-12 19:01:33.067 32375 32375 E ArmVmp : Match on catch block at 0xc3 in for 0xa5
02-12 19:01:33.081 32375 32375 E ArmVmp : Match on catch block at 0xc3 in for 0xa1
02-12 19:01:33.087 32375 32375 E ArmVmp : Match on catch block at 0xc3 in for 0xa5
02-12 19:01:33.100 32375 32375 E ArmVmp : Match on catch block at 0xc3 in for 0xa1
02-12 19:01:33.104 32375 32375 E ArmVmp : Match on catch block at 0xc3 in for 0xa5
02-12 19:01:33.116 32375 32375 E ArmVmp : Match on catch block at 0xc3 in for 0xa1
02-12 19:01:33.120 32375 32375 E ArmVmp : Match on catch block at 0xc3 in for 0xa5
02-12 19:01:33.129 32375 32375 E ArmVmp : Match on catch block at 0xc3 in for 0xa1
02-12 19:01:33.133 32375 32375 E ArmVmp : Match on catch block at 0xc3 in for 0xa5
02-12 19:01:33.147 32375 32375 E ArmVmp : Match on catch block at 0xc3 in for 0xa1
02-12 19:01:33.152 32375 32375 E ArmVmp : Match on catch block at 0xc3 in for 0xa5
02-12 19:01:33.168 32375 32375 E ArmVmp : Match on catch block at 0xc3 in for 0xa1
02-12 19:01:33.172 32375 32375 E ArmVmp : Match on catch block at 0xc3 in for 0xa5
02-12 19:01:33.189 32375 32375 E ArmVmp : Match on catch block at 0xc3 in for 0xa1
02-12 19:01:33.192 32375 32375 E ArmVmp : Match on catch block at 0xc3 in for 0xa5
02-12 19:01:33.212 32375 32375 E ArmVmp : Match on catch block at 0xc3 in for 0xa1
02-12 19:01:33.216 32375 32375 E ArmVmp : Match on catch block at 0xc3 in for 0xa5
02-12 19:01:33.231 32375 32375 E ArmVmp : Match on catch block at 0xc3 in for 0xa1
02-12 19:01:33.238 32375 32375 E ArmVmp : Match on catch block at 0xc3 in for 0xa5
02-12 19:01:33.255 32375 32375 E ArmVmp : Match on catch block at 0xc3 in for 0xa1
02-12 19:01:33.259 32375 32375 E ArmVmp : Match on catch block at 0xc3 in for 0xa5
02-12 19:01:33.275 32375 32375 E ArmVmp : Match on catch block at 0xc3 in for 0xa1
02-12 19:01:33.280 32375 32375 E ArmVmp : Match on catch block at 0xc3 in for 0xa5
02-12 19:01:33.498 32375 32375 E ArmVmp : Match on catch block at 0xc3 in for 0xa1
02-12 19:01:33.501 32375 32375 E ArmVmp : Match on catch block at 0xc3 in for 0xa5
02-12 19:01:33.999 32375 32375 E ArmVmp : Match on catch block at 0xc3 in for 0xa9
02-12 19:01:34.003 32375 32375 E ArmVmp : Match on catch block at 0xc3 in for 0xa1
02-12 19:01:34.516 32375 32375 E ArmVmp : Match on catch block at 0xc3 in for 0xa9
02-12 19:01:34.520 32375 32375 E ArmVmp : Match on catch block at 0xc3 in for 0xa1
02-12 19:01:34.997 32375 32375 W Choreographer: Frame time is 0.092494 ms in the future! Check that graphics HAL is generating vsync timestamps using the correct timebase.
02-12 19:01:35.019 32375 32375 E ArmVmp : Match on catch block at 0xc3 in for 0xa9
02-12 19:01:35.024 32375 32375 E ArmVmp : Match on catch block at 0xc3 in for 0xa1
02-12 19:01:35.521 32375 32375 E ArmVmp : Match on catch block at 0xc3 in for 0xa9
02-12 19:01:35.527 32375 32375 E ArmVmp : Match on catch block at 0xc3 in for 0xa1
02-12 19:01:36.039 32375 32375 E ArmVmp : Match on catch block at 0xc3 in for 0xa9
02-12 19:01:36.045 32375 32375 E ArmVmp : Match on catch block at 0xc3 in for 0xa1
02-12 19:01:36.539 32375 32375 E ArmVmp : Match on catch block at 0xc3 in for 0xa9
02-12 19:01:36.544 32375 32375 E ArmVmp : Match on catch block at 0xc3 in for 0xa1
02-12 19:01:37.091 32375 32375 E ArmVmp : Match on catch block at 0xc3 in for 0xa5
02-12 19:01:37.096 32375 32375 E ArmVmp : Match on catch block at 0xc3 in for 0xa9
02-12 19:01:37.150 32375 32375 E ArmVmp : Match on catch block at 0xc3 in for 0xb9
02-12 19:01:37.222 32375 32375 E ArmVmp : Match on catch block at 0xc3 in for 0xa5
02-12 19:01:37.239 32375 32375 E ArmVmp : Match on catch block at 0xc3 in for 0xa9
02-12 19:01:37.264 32375 32375 E ArmVmp : Match on catch block at 0xc3 in for 0xa1
02-12 19:01:37.279 32375 32389 W System : A resource failed to call release.
02-12 19:01:37.302 32375 32375 E ArmVmp : Match on catch block at 0xc3 in for 0xa1
02-12 19:01:37.315 32375 32375 E ArmVmp : Match on catch block at 0xc3 in for 0xa5
02-12 19:01:37.335 32375 32375 E ArmVmp : Match on catch block at 0xc3 in for 0xa9
02-12 19:01:38.309 32375 32375 E ArmVmp : Match on catch block at 0xc3 in for 0xa1
02-12 19:01:38.314 32375 32375 E ArmVmp : Match on catch block at 0xc3 in for 0xa5
02-12 19:01:38.365 32375 32375 E ArmVmp : Match on catch block at 0xc3 in for 0xa5
02-12 19:01:38.371 32375 32375 E ArmVmp : Match on catch block at 0xc3 in for 0xa9
02-12 19:01:38.867 32375 32375 E ArmVmp : Match on catch block at 0xc3 in for 0xa5
02-12 19:01:38.871 32375 32375 E ArmVmp : Match on catch block at 0xc3 in for 0xa9
02-12 19:01:38.902 32375 32375 E ArmVmp : Match on catch block at 0x0a in for 0xa1
02-12 19:01:38.905 32375 32375 E ArmVmp : Match on catch block at 0x0a in for 0xa1
02-12 19:01:38.912 32375 32375 E ArmVmp : Match on catch block at 0x0a in for 0xa1
02-12 19:01:38.915 32375 32375 E ArmVmp : Match on catch block at 0x0a in for 0xa1
02-12 19:01:39.013 32375 32375 E ArmVmp : Match on catch block at 0x0a in for 0xa1
02-12 19:01:39.017 32375 32375 E ArmVmp : Match on catch block at 0x0a in for 0xa1
02-12 19:01:39.365 32375 32375 E ArmVmp : Match on catch block at 0xc3 in for 0xa5
02-12 19:01:39.372 32375 32375 E ArmVmp : Match on catch block at 0xc3 in for 0xa9
02-12 19:01:39.503 32375 32375 E ArmVmp : Match on catch block at 0xc3 in for 0xa5
02-12 19:01:39.506 32375 32375 E ArmVmp : Match on catch block at 0xc3 in for 0xa9
02-12 19:01:39.521 32375 32375 E ArmVmp : Match on catch block at 0xc3 in for 0xa1
02-12 19:01:39.573 32375 32375 E ArmVmp : Match on catch block at 0xc3 in for 0xa1
02-12 19:01:39.576 32375 32375 E ArmVmp : Match on catch block at 0xc3 in for 0xa5
02-12 19:01:39.592 32375 32375 E ArmVmp : Match on catch block at 0xc3 in for 0xa9
02-12 19:01:40.386 32375 32375 E ArmVmp : Match on catch block at 0xc3 in for 0xa9
02-12 19:01:40.392 32375 32375 E ArmVmp : Match on catch block at 0xc3 in for 0xa1
02-12 19:01:40.404 32375 32375 E ArmVmp : Match on catch block at 0xc3 in for 0xa9
02-12 19:01:40.410 32375 32375 E ArmVmp : Match on catch block at 0xc3 in for 0xa1
02-12 19:01:40.422 32375 32637 E SQLiteDatabase: Error inserting transferred=0 media_job_uuid=1d2ebbc8-08ad-4393-9264-3cca99ce1c2f transcoded=1 gif_attribution=0 first_scan_length=0 direct_path=null thumbnail_height_width_ratio=1.0 is_animated_sticker=0 file_hash=MuOTt26zmDcogSXXAn2O2enGs1Qp4F9ZJq47i43vXfc= file_path=/data/user/0/com.mbwhatsapp/files/Stickers/MuOTt26zmDcogSXXAn2O2enGs1Qp4F 9ZJq47i43vXfc=.webp file_size=17846 partial_media_hash=null face_x=0 face_y=0 height=64 trim_to=0 media_key_timestamp=0 message_url=null media_caption=null trim_from=0 mime_type=image/webp partial_media_enc_hash=null width=64 original_file_hash=null has_streaming_sidecar=0 autotransfer_retry_enabled=1 media_upload_handle=null message_row_id=63997 multicast_id=null enc_file_hash=null mute_video=0 page_count=0 first_scan_sidecar=null suspicious_content=0 file_length=17846 media_name=MuOTt26zmDcogSXXAn2O2enGs1Qp4F9ZJq47i43vXfc=.webp media_duration=0 chat_row_id=444 media_key=null
02-12 19:01:40.422 32375 32637 E SQLiteDatabase: android.database.sqlite.SQLiteConstraintException: UNIQUE constraint failed: message_media.message_row_id (code 1555 SQLITE_CONSTRAINT_PRIMARYKEY)
02-12 19:01:40.422 32375 32637 E SQLiteDatabase: at android.database.sqlite.SQLiteConnection.nativeExecuteForLastInsertedRowId(Native Method)
02-12 19:01:40.422 32375 32637 E SQLiteDatabase: at android.database.sqlite.SQLiteConnection.executeForLastInsertedRowId(SQLiteConnecti on.java:938)
02-12 19:01:40.422 32375 32637 E SQLiteDatabase: at android.database.sqlite.SQLiteSession.executeForLastInsertedRowId(SQLiteSession.jav a:790)
02-12 19:01:40.422 32375 32637 E SQLiteDatabase: at android.database.sqlite.SQLiteStatement.executeInsert(SQLiteStatement.java:88)
02-12 19:01:40.422 32375 32637 E SQLiteDatabase: at android.database.sqlite.SQLiteDatabase.insertWithOnConflict(SQLiteDatabase.java:170 1)
02-12 19:01:40.422 32375 32637 E SQLiteDatabase: at android.database.sqlite.SQLiteDatabase.insert(SQLiteDatabase.java:1570)
02-12 19:01:40.422 32375 32637 E SQLiteDatabase: at X.2tm.A08(Unknown Source:6)
02-12 19:01:40.422 32375 32637 E SQLiteDatabase: at X.35Y.A07(Unknown Source:212)
02-12 19:01:40.422 32375 32637 E SQLiteDatabase: at X.3QF.A14(Unknown Source:470)
02-12 19:01:40.422 32375 32637 E SQLiteDatabase: at X.3gU.run(Unknown Source:982)
02-12 19:01:40.422 32375 32637 E SQLiteDatabase: at android.os.Handler.handleCallback(Handler.java:938)
02-12 19:01:40.422 32375 32637 E SQLiteDatabase: at android.os.Handler.dispatchMessage(Handler.java:99)
02-12 19:01:40.422 32375 32637 E SQLiteDatabase: at X.0zq.dispatchMessage(Unknown Source:4)
02-12 19:01:40.422 32375 32637 E SQLiteDatabase: at android.os.Looper.loop(Looper.java:250)
02-12 19:01:40.422 32375 32637 E SQLiteDatabase: at android.os.HandlerThread.run(HandlerThread.java:67)
02-12 19:01:40.512 32375 32375 E ArmVmp : Match on catch block at 0xc3 in for 0xa5
02-12 19:01:40.518 32375 32375 E ArmVmp : Match on catch block at 0xc3 in for 0xa9
02-12 19:01:40.608 32375 32375 E ArmVmp : Match on catch block at 0xc3 in for 0xa9
02-12 19:01:40.613 32375 32375 E ArmVmp : Match on catch block at 0xc3 in for 0xa1
02-12 19:01:40.651 32375 32375 E ArmVmp : Match on catch block at 0xc3 in for 0xa1
02-12 19:01:40.655 32375 32375 E ArmVmp : Match on catch block at 0xc3 in for 0xa5
02-12 19:01:40.691 32375 32375 E ArmVmp : Match on catch block at 0xc3 in for 0xa5
02-12 19:01:40.695 32375 32375 E ArmVmp : Match on catch block at 0xc3 in for 0xa9
02-12 19:01:40.709 32375 32375 E ArmVmp : Match on catch block at 0xc3 in for 0xa5
02-12 19:01:40.718 32375 32375 E ArmVmp : Match on catch block at 0xc3 in for 0xa9
02-12 19:01:40.768 32375 32375 E ArmVmp : Match on catch block at 0xc3 in for 0xa1
02-12 19:01:40.772 32375 32375 E ArmVmp : Match on catch block at 0xc3 in for 0xa5
02-12 19:01:40.791 32375 32375 E ArmVmp : Match on catch block at 0xc3 in for 0xa1
02-12 19:01:40.798 32375 32375 E ArmVmp : Match on catch block at 0xc3 in for 0xa5
02-12 19:01:40.949 32375 32375 E ArmVmp : Match on catch block at 0xc3 in for 0xa9
02-12 19:01:40.953 32375 32375 E ArmVmp : Match on catch block at 0xc3 in for 0xa1
02-12 19:01:41.338 32375 32375 E ArmVmp : Match on catch block at 0xc3 in for 0xa9
02-12 19:01:41.347 32375 32375 E ArmVmp : Match on catch block at 0xc3 in for 0xa1
