02-09 19:38:13.870 21873 21873 E ArmVmp : Match on catch block at 0xc3 in for 0xa9
02-09 19:38:13.873 21873 21873 E ArmVmp : Match on catch block at 0xc3 in for 0xa1
02-09 19:38:13.938 21873 21873 E ArmVmp : Match on catch block at 0xc3 in for 0xa1
02-09 19:38:13.942 21873 21873 E ArmVmp : Match on catch block at 0xc3 in for 0xa5
02-09 19:38:13.989 21873 21873 E ArmVmp : Match on catch block at 0xc3 in for 0xa5
02-09 19:38:13.992 21873 21873 E ArmVmp : Match on catch block at 0xc3 in for 0xa9
02-09 19:38:14.019 21873 21873 E ArmVmp : Match on catch block at 0xc3 in for 0xa9
02-09 19:38:14.024 21873 21873 E ArmVmp : Match on catch block at 0xc3 in for 0xa1
02-09 19:38:14.086 21873 21873 E ArmVmp : Match on catch block at 0xc3 in for 0xa1
02-09 19:38:14.090 21873 21873 E ArmVmp : Match on catch block at 0xc3 in for 0xa5
02-09 19:38:14.152 21873 21873 E ArmVmp : Match on catch block at 0xc3 in for 0xa5
02-09 19:38:14.155 21873 21873 E ArmVmp : Match on catch block at 0xc3 in for 0xa9
02-09 19:38:14.243 21873 21873 E ArmVmp : Match on catch block at 0xc3 in for 0xa9
02-09 19:38:14.246 21873 21873 E ArmVmp : Match on catch block at 0xc3 in for 0xa1
02-09 19:38:14.260 21873 21873 E ArmVmp : Match on catch block at 0xc3 in for 0xa5
02-09 19:38:14.312 21873 21873 E ArmVmp : Match on catch block at 0xc3 in for 0xa9
02-09 19:38:14.315 21873 21873 E ArmVmp : Match on catch block at 0xc3 in for 0xa1
02-09 19:38:14.327 21873 21873 E ArmVmp : Match on catch block at 0xc3 in for 0xa5
02-09 19:38:14.342 21873 21873 E ArmVmp : Match on catch block at 0xc3 in for 0xa9
02-09 19:38:14.345 21873 21873 E ArmVmp : Match on catch block at 0xc3 in for 0xa1
02-09 19:38:14.358 21873 21873 E ArmVmp : Match on catch block at 0xc3 in for 0xa5
02-09 19:38:14.402 21873 21873 E ArmVmp : Match on catch block at 0xc3 in for 0xa9
02-09 19:38:14.408 21873 21873 E ArmVmp : Match on catch block at 0xc3 in for 0xa1
02-09 19:38:14.423 21873 21873 E ArmVmp : Match on catch block at 0xc3 in for 0xa5
02-09 19:38:14.470 21873 21873 E ArmVmp : Match on catch block at 0xc3 in for 0xa9
02-09 19:38:14.475 21873 21873 E ArmVmp : Match on catch block at 0xc3 in for 0xa1
02-09 19:38:14.491 21873 21873 E ArmVmp : Match on catch block at 0xc3 in for 0xa5
02-09 19:38:14.555 21873 21873 E ArmVmp : Match on catch block at 0xc3 in for 0xa9
02-09 19:38:14.560 21873 21873 E ArmVmp : Match on catch block at 0xc3 in for 0xa1
02-09 19:38:14.575 21873 21873 E ArmVmp : Match on catch block at 0xc3 in for 0xa5
02-09 19:38:14.619 21873 21873 E ArmVmp : Match on catch block at 0xc3 in for 0xa9
02-09 19:38:14.623 21873 21873 E ArmVmp : Match on catch block at 0xc3 in for 0xa1
02-09 19:38:14.636 21873 21873 E ArmVmp : Match on catch block at 0xc3 in for 0xa5
02-09 19:38:14.705 21873 21873 E ArmVmp : Match on catch block at 0xc3 in for 0xa9
02-09 19:38:14.708 21873 21873 E ArmVmp : Match on catch block at 0xc3 in for 0xa1
02-09 19:38:14.719 21873 21873 E ArmVmp : Match on catch block at 0xc3 in for 0xa5
02-09 19:38:14.773 21873 21873 E ArmVmp : Match on catch block at 0xc3 in for 0xa9
02-09 19:38:14.777 21873 21873 E ArmVmp : Match on catch block at 0xc3 in for 0xa1
02-09 19:38:14.793 21873 21873 E ArmVmp : Match on catch block at 0xc3 in for 0xa5
02-09 19:38:14.839 21873 21873 E ArmVmp : Match on catch block at 0xc3 in for 0xa9
02-09 19:38:14.842 21873 21873 E ArmVmp : Match on catch block at 0xc3 in for 0xa1
02-09 19:38:14.855 21873 21873 E ArmVmp : Match on catch block at 0xc3 in for 0xa5
02-09 19:38:14.908 21873 21873 E ArmVmp : Match on catch block at 0xc3 in for 0xa9
02-09 19:38:14.912 21873 21873 E ArmVmp : Match on catch block at 0xc3 in for 0xa1
02-09 19:38:14.927 21873 21873 E ArmVmp : Match on catch block at 0xc3 in for 0xa5
02-09 19:38:14.988 21873 21873 E ArmVmp : Match on catch block at 0xc3 in for 0xa9
02-09 19:38:14.992 21873 21873 E ArmVmp : Match on catch block at 0xc3 in for 0xa1
02-09 19:38:15.006 21873 21873 E ArmVmp : Match on catch block at 0xc3 in for 0xa5
02-09 19:38:15.053 21873 21873 E ArmVmp : Match on catch block at 0xc3 in for 0xa9
02-09 19:38:15.057 21873 21873 E ArmVmp : Match on catch block at 0xc3 in for 0xa1
02-09 19:38:15.070 21873 21873 E ArmVmp : Match on catch block at 0xc3 in for 0xa5
02-09 19:38:15.120 21873 21873 E ArmVmp : Match on catch block at 0xc3 in for 0xa9
02-09 19:38:15.124 21873 21873 E ArmVmp : Match on catch block at 0xc3 in for 0xa1
02-09 19:38:15.137 21873 21873 E ArmVmp : Match on catch block at 0xc3 in for 0xa5
02-09 19:38:15.204 21873 21873 E ArmVmp : Match on catch block at 0xc3 in for 0xa9
02-09 19:38:15.207 21873 21873 E ArmVmp : Match on catch block at 0xc3 in for 0xa1
02-09 19:38:15.220 21873 21873 E ArmVmp : Match on catch block at 0xc3 in for 0xa5
02-09 19:38:15.273 21873 21873 E ArmVmp : Match on catch block at 0xc3 in for 0xa9
02-09 19:38:15.277 21873 21873 E ArmVmp : Match on catch block at 0xc3 in for 0xa1
02-09 19:38:15.291 21873 21873 E ArmVmp : Match on catch block at 0xc3 in for 0xa5
02-09 19:38:15.355 21873 21873 E ArmVmp : Match on catch block at 0xc3 in for 0xa9
02-09 19:38:15.358 21873 21873 E ArmVmp : Match on catch block at 0xc3 in for 0xa1
02-09 19:38:15.371 21873 21873 E ArmVmp : Match on catch block at 0xc3 in for 0xa5
02-09 19:38:15.421 21873 21873 E ArmVmp : Match on catch block at 0xc3 in for 0xa9
02-09 19:38:15.424 21873 21873 E ArmVmp : Match on catch block at 0xc3 in for 0xa1
02-09 19:38:15.436 21873 21873 E ArmVmp : Match on catch block at 0xc3 in for 0xa5
02-09 19:38:15.488 21873 21873 E ArmVmp : Match on catch block at 0xc3 in for 0xa9
02-09 19:38:15.491 21873 21873 E ArmVmp : Match on catch block at 0xc3 in for 0xa1
02-09 19:38:15.504 21873 21873 E ArmVmp : Match on catch block at 0xc3 in for 0xa5
02-09 19:38:15.572 21873 21873 E ArmVmp : Match on catch block at 0xc3 in for 0xa9
02-09 19:38:15.576 21873 21873 E ArmVmp : Match on catch block at 0xc3 in for 0xa1
02-09 19:38:15.590 21873 21873 E ArmVmp : Match on catch block at 0xc3 in for 0xa5
02-09 19:38:15.638 21873 21873 E ArmVmp : Match on catch block at 0xc3 in for 0xa9
02-09 19:38:15.641 21873 21873 E ArmVmp : Match on catch block at 0xc3 in for 0xa1
02-09 19:38:15.655 21873 21873 E ArmVmp : Match on catch block at 0xc3 in for 0xa5
02-09 19:38:15.705 21873 21873 E ArmVmp : Match on catch block at 0xc3 in for 0xa9
02-09 19:38:15.708 21873 21873 E ArmVmp : Match on catch block at 0xc3 in for 0xa1
02-09 19:38:15.720 21873 21873 E ArmVmp : Match on catch block at 0xc3 in for 0xa5
02-09 19:38:15.775 21873 21873 E ArmVmp : Match on catch block at 0xc3 in for 0xa9
02-09 19:38:15.778 21873 21873 E ArmVmp : Match on catch block at 0xc3 in for 0xa1
02-09 19:38:15.793 21873 21873 E ArmVmp : Match on catch block at 0xc3 in for 0xa5
02-09 19:38:15.840 21873 21873 E ArmVmp : Match on catch block at 0xc3 in for 0xa9
02-09 19:38:15.845 21873 21873 E ArmVmp : Match on catch block at 0xc3 in for 0xa1
02-09 19:38:15.859 21873 21873 E ArmVmp : Match on catch block at 0xc3 in for 0xa5
02-09 19:38:15.907 21873 21873 E ArmVmp : Match on catch block at 0xc3 in for 0xa9
02-09 19:38:15.910 21873 21873 E ArmVmp : Match on catch block at 0xc3 in for 0xa1
02-09 19:38:15.923 21873 21873 E ArmVmp : Match on catch block at 0xc3 in for 0xa5
02-09 19:38:15.992 21873 21873 E ArmVmp : Match on catch block at 0xc3 in for 0xa9
02-09 19:38:15.995 21873 21873 E ArmVmp : Match on catch block at 0xc3 in for 0xa1
02-09 19:38:16.013 21873 21873 E ArmVmp : Match on catch block at 0xc3 in for 0xa5
02-09 19:38:16.057 21873 21873 E ArmVmp : Match on catch block at 0xc3 in for 0xa9
02-09 19:38:16.062 21873 21873 E ArmVmp : Match on catch block at 0xc3 in for 0xa1
02-09 19:38:16.077 21873 21873 E ArmVmp : Match on catch block at 0xc3 in for 0xa5
02-09 19:38:16.141 21873 21873 E ArmVmp : Match on catch block at 0xc3 in for 0xa9
02-09 19:38:16.145 21873 21873 E ArmVmp : Match on catch block at 0xc3 in for 0xa1
02-09 19:38:16.160 21873 21873 E ArmVmp : Match on catch block at 0xc3 in for 0xa5
02-09 19:38:16.211 21873 21873 E ArmVmp : Match on catch block at 0xc3 in for 0xa9
02-09 19:38:16.215 21873 21873 E ArmVmp : Match on catch block at 0xc3 in for 0xa1
02-09 19:38:16.231 21873 21873 E ArmVmp : Match on catch block at 0xc3 in for 0xa5
02-09 19:38:16.291 21873 21873 E ArmVmp : Match on catch block at 0xc3 in for 0xa9
02-09 19:38:16.295 21873 21873 E ArmVmp : Match on catch block at 0xc3 in for 0xa1
02-09 19:38:16.315 21873 21873 E ArmVmp : Match on catch block at 0xc3 in for 0xa5
02-09 19:38:16.349 21873 21873 E ArmVmp : Match on catch block at 0xc3 in for 0xa9
02-09 19:38:16.351 21873 21873 E ArmVmp : Match on catch block at 0xc3 in for 0xa1
02-09 19:38:16.363 21873 21873 E ArmVmp : Match on catch block at 0xc3 in for 0xa5
02-09 19:38:16.424 21873 21873 E ArmVmp : Match on catch block at 0xc3 in for 0xa9
02-09 19:38:16.429 21873 21873 E ArmVmp : Match on catch block at 0xc3 in for 0xa1
02-09 19:38:16.448 21873 21873 E ArmVmp : Match on catch block at 0xc3 in for 0xa5
02-09 19:38:16.529 21873 21873 E ArmVmp : Match on catch block at 0xc3 in for 0xa5
02-09 19:38:16.532 21873 21873 E ArmVmp : Match on catch block at 0xc3 in for 0xa9
02-09 19:38:16.548 21873 21873 E ArmVmp : Match on catch block at 0xc3 in for 0xa1
02-09 19:38:16.580 21873 21873 E ArmVmp : Match on catch block at 0xc3 in for 0xa5
02-09 19:38:16.583 21873 21873 E ArmVmp : Match on catch block at 0xc3 in for 0xa9
02-09 19:38:16.610 21873 21873 E ArmVmp : Match on catch block at 0xc3 in for 0xa9
02-09 19:38:16.613 21873 21873 E ArmVmp : Match on catch block at 0xc3 in for 0xa1
02-09 19:38:16.692 21873 21873 E ArmVmp : Match on catch block at 0xc3 in for 0xa1
02-09 19:38:16.698 21873 21873 E ArmVmp : Match on catch block at 0xc3 in for 0xa5
02-09 19:38:16.776 21873 21873 E ArmVmp : Match on catch block at 0xc3 in for 0xa5
02-09 19:38:16.779 21873 21873 E ArmVmp : Match on catch block at 0xc3 in for 0xa9
02-09 19:38:16.843 21873 21873 E ArmVmp : Match on catch block at 0xc3 in for 0xa9
02-09 19:38:16.845 21873 21873 E ArmVmp : Match on catch block at 0xc3 in for 0xa1
02-09 19:38:16.927 21873 21873 E ArmVmp : Match on catch block at 0xc3 in for 0xa1
02-09 19:38:16.931 21873 21873 E ArmVmp : Match on catch block at 0xc3 in for 0xa5
02-09 19:38:16.944 21873 21873 E ArmVmp : Match on catch block at 0xc3 in for 0xa9
02-09 19:38:16.993 21873 21873 E ArmVmp : Match on catch block at 0xc3 in for 0xa1
02-09 19:38:16.997 21873 21873 E ArmVmp : Match on catch block at 0xc3 in for 0xa5
02-09 19:38:17.010 21873 21873 E ArmVmp : Match on catch block at 0xc3 in for 0xa9
02-09 19:38:17.021 21873 21873 E ArmVmp : Match on catch block at 0xc3 in for 0xa1
02-09 19:38:17.025 21873 21873 E ArmVmp : Match on catch block at 0xc3 in for 0xa5
02-09 19:38:17.036 21873 21873 E ArmVmp : Match on catch block at 0xc3 in for 0xa9
02-09 19:38:17.092 21873 21873 E ArmVmp : Match on catch block at 0xc3 in for 0xa1
02-09 19:38:17.095 21873 21873 E ArmVmp : Match on catch block at 0xc3 in for 0xa5
02-09 19:38:17.108 21873 21873 E ArmVmp : Match on catch block at 0xc3 in for 0xa9
02-09 19:38:17.160 21873 21873 E ArmVmp : Match on catch block at 0xc3 in for 0xa1
02-09 19:38:17.163 21873 21873 E ArmVmp : Match on catch block at 0xc3 in for 0xa5
02-09 19:38:17.174 21873 21873 E ArmVmp : Match on catch block at 0xc3 in for 0xa9
02-09 19:38:17.225 21873 21873 E ArmVmp : Match on catch block at 0xc3 in for 0xa1
02-09 19:38:17.228 21873 21873 E ArmVmp : Match on catch block at 0xc3 in for 0xa5
02-09 19:38:17.241 21873 21873 E ArmVmp : Match on catch block at 0xc3 in for 0xa9
02-09 19:38:17.292 21873 21873 E ArmVmp : Match on catch block at 0xc3 in for 0xa1
02-09 19:38:17.295 21873 21873 E ArmVmp : Match on catch block at 0xc3 in for 0xa5
02-09 19:38:17.308 21873 21873 E ArmVmp : Match on catch block at 0xc3 in for 0xa9
02-09 19:38:17.376 21873 21873 E ArmVmp : Match on catch block at 0xc3 in for 0xa1
02-09 19:38:17.378 21873 21873 E ArmVmp : Match on catch block at 0xc3 in for 0xa5
02-09 19:38:17.391 21873 21873 E ArmVmp : Match on catch block at 0xc3 in for 0xa9
02-09 19:38:17.443 21873 21873 E ArmVmp : Match on catch block at 0xc3 in for 0xa1
02-09 19:38:17.446 21873 21873 E ArmVmp : Match on catch block at 0xc3 in for 0xa5
02-09 19:38:17.458 21873 21873 E ArmVmp : Match on catch block at 0xc3 in for 0xa9
02-09 19:38:17.510 21873 21873 E ArmVmp : Match on catch block at 0xc3 in for 0xa1
02-09 19:38:17.513 21873 21873 E ArmVmp : Match on catch block at 0xc3 in for 0xa5
02-09 19:38:17.530 21873 21873 E ArmVmp : Match on catch block at 0xc3 in for 0xa9
02-09 19:38:17.577 21873 21873 E ArmVmp : Match on catch block at 0xc3 in for 0xa1
02-09 19:38:17.580 21873 21873 E ArmVmp : Match on catch block at 0xc3 in for 0xa5
02-09 19:38:17.594 21873 21873 E ArmVmp : Match on catch block at 0xc3 in for 0xa9
02-09 19:38:17.660 21873 21873 E ArmVmp : Match on catch block at 0xc3 in for 0xa1
02-09 19:38:17.663 21873 21873 E ArmVmp : Match on catch block at 0xc3 in for 0xa5
02-09 19:38:17.676 21873 21873 E ArmVmp : Match on catch block at 0xc3 in for 0xa9
02-09 19:38:17.718 21873 21873 E ArmVmp : Match on catch block at 0xc3 in for 0xa9
02-09 19:38:17.721 21873 21873 E ArmVmp : Match on catch block at 0xc3 in for 0xa1
02-09 19:38:17.739 21873 21932 E SQLiteDatabase: Error inserting transferred=0 media_job_uuid=73df2cd7-a186-40cf-865d-373ebaed371d transcoded=1 gif_attribution=0 first_scan_length=4728 direct_path=null thumbnail_height_width_ratio=1.0 is_animated_sticker=1 file_hash=/RdEKzWwwSPIzPH+KHnaH07rhW2AUt96QyxUpkZs+T8= file_path=/data/user/0/com.mbwhatsapp/files/Stickers/- RdEKzWwwSPIzPH+KHnaH07rhW2AUt96QyxUpkZs+T8=.webp file_size=417726 partial_media_hash=null face_x=0 face_y=0 height=64 trim_to=0 media_key_timestamp=0 message_url=null media_caption=null trim_from=0 mime_type=image/webp partial_media_enc_hash=null width=64 original_file_hash=null has_streaming_sidecar=0 autotransfer_retry_enabled=1 media_upload_handle=null message_row_id=63661 multicast_id=null enc_file_hash=null mute_video=0 page_count=0 first_scan_sidecar=null suspicious_content=0 file_length=417726 media_name=- RdEKzWwwSPIzPH+KHnaH07rhW2AUt96QyxUpkZs+T8=.webp media_duration=0 chat_row_id=50 media_key=null
02-09 19:38:17.739 21873 21932 E SQLiteDatabase: android.database.sqlite.SQLiteConstraintException: UNIQUE constraint failed: message_media.message_row_id (code 1555 SQLITE_CONSTRAINT_PRIMARYKEY)
02-09 19:38:17.739 21873 21932 E SQLiteDatabase: at android.database.sqlite.SQLiteConnection.nativeExecuteForLastInsertedRowId(Native Method)
02-09 19:38:17.739 21873 21932 E SQLiteDatabase: at android.database.sqlite.SQLiteConnection.executeForLastInsertedRowId(SQLiteConnecti on.java:938)
02-09 19:38:17.739 21873 21932 E SQLiteDatabase: at android.database.sqlite.SQLiteSession.executeForLastInsertedRowId(SQLiteSession.jav a:790)
02-09 19:38:17.739 21873 21932 E SQLiteDatabase: at android.database.sqlite.SQLiteStatement.executeInsert(SQLiteStatement.java:88)
02-09 19:38:17.739 21873 21932 E SQLiteDatabase: at android.database.sqlite.SQLiteDatabase.insertWithOnConflict(SQLiteDatabase.java:170 1)
02-09 19:38:17.739 21873 21932 E SQLiteDatabase: at android.database.sqlite.SQLiteDatabase.insert(SQLiteDatabase.java:1570)
02-09 19:38:17.739 21873 21932 E SQLiteDatabase: at X.2tm.A08(Unknown Source:6)
02-09 19:38:17.739 21873 21932 E SQLiteDatabase: at X.35Y.A07(Unknown Source:212)
02-09 19:38:17.739 21873 21932 E SQLiteDatabase: at X.3QF.A14(Unknown Source:470)
02-09 19:38:17.739 21873 21932 E SQLiteDatabase: at X.3gU.run(Unknown Source:982)
02-09 19:38:17.739 21873 21932 E SQLiteDatabase: at android.os.Handler.handleCallback(Handler.java:938)
02-09 19:38:17.739 21873 21932 E SQLiteDatabase: at android.os.Handler.dispatchMessage(Handler.java:99)
02-09 19:38:17.739 21873 21932 E SQLiteDatabase: at X.0zq.dispatchMessage(Unknown Source:4)
02-09 19:38:17.739 21873 21932 E SQLiteDatabase: at android.os.Looper.loop(Looper.java:250)
02-09 19:38:17.739 21873 21932 E SQLiteDatabase: at android.os.HandlerThread.run(HandlerThread.java:67)
02-09 19:38:17.776 21873 21873 E ArmVmp : Match on catch block at 0xc3 in for 0xa1
02-09 19:38:17.778 21873 21873 E ArmVmp : Match on catch block at 0xc3 in for 0xa5
02-09 19:38:17.817 21873 21873 E ArmVmp : Match on catch block at 0xc3 in for 0xa1
02-09 19:38:17.820 21873 21873 E ArmVmp : Match on catch block at 0xc3 in for 0xa5
02-09 19:38:17.838 21873 21932 E SQLiteDatabase: Error inserting transferred=1 media_job_uuid=73df2cd7-a186-40cf-865d-373ebaed371d transcoded=1 gif_attribution=0 first_scan_length=4728 direct_path=null thumbnail_height_width_ratio=1.0 is_animated_sticker=1 file_hash=/RdEKzWwwSPIzPH+KHnaH07rhW2AUt96QyxUpkZs+T8= file_path=Media/MBWhatsApp Stickers/STK-20240123-WA0002.webp file_size=417726 partial_media_hash=null face_x=0 face_y=0 height=64 trim_to=0 media_key_timestamp=0 message_url=null media_caption=null trim_from=0 mime_type=image/webp partial_media_enc_hash=null width=64 original_file_hash=null has_streaming_sidecar=0 autotransfer_retry_enabled=0 media_upload_handle=null message_row_id=63661 multicast_id=null enc_file_hash=5CfdSAxN6Ls4opaC6GkW59TfLt9iUeg++wXM7UXGwb8= mute_video=0 page_count=0 first_scan_sidecar=null suspicious_content=0 file_length=417726 media_name=-RdEKzWwwSPIzPH+KHnaH07rhW2AUt96QyxUpkZs+T8=.webp media_duration=0 chat_row_id=50 media_key=null
02-09 19:38:17.838 21873 21932 E SQLiteDatabase: android.database.sqlite.SQLiteConstraintException: UNIQUE constraint failed: message_media.message_row_id (code 1555 SQLITE_CONSTRAINT_PRIMARYKEY)
02-09 19:38:17.838 21873 21932 E SQLiteDatabase: at android.database.sqlite.SQLiteConnection.nativeExecuteForLastInsertedRowId(Native Method)
02-09 19:38:17.838 21873 21932 E SQLiteDatabase: at android.database.sqlite.SQLiteConnection.executeForLastInsertedRowId(SQLiteConnecti on.java:938)
02-09 19:38:17.838 21873 21932 E SQLiteDatabase: at android.database.sqlite.SQLiteSession.executeForLastInsertedRowId(SQLiteSession.jav a:790)
02-09 19:38:17.838 21873 21932 E SQLiteDatabase: at android.database.sqlite.SQLiteStatement.executeInsert(SQLiteStatement.java:88)
02-09 19:38:17.838 21873 21932 E SQLiteDatabase: at android.database.sqlite.SQLiteDatabase.insertWithOnConflict(SQLiteDatabase.java:170 1)
02-09 19:38:17.838 21873 21932 E SQLiteDatabase: at android.database.sqlite.SQLiteDatabase.insert(SQLiteDatabase.java:1570)
02-09 19:38:17.838 21873 21932 E SQLiteDatabase: at X.2tm.A08(Unknown Source:6)
02-09 19:38:17.838 21873 21932 E SQLiteDatabase: at X.35Y.A07(Unknown Source:212)
02-09 19:38:17.838 21873 21932 E SQLiteDatabase: at X.3QF.A14(Unknown Source:470)
02-09 19:38:17.838 21873 21932 E SQLiteDatabase: at X.3gU.run(Unknown Source:982)
02-09 19:38:17.838 21873 21932 E SQLiteDatabase: at android.os.Handler.handleCallback(Handler.java:938)
02-09 19:38:17.838 21873 21932 E SQLiteDatabase: at android.os.Handler.dispatchMessage(Handler.java:99)
02-09 19:38:17.838 21873 21932 E SQLiteDatabase: at X.0zq.dispatchMessage(Unknown Source:4)
02-09 19:38:17.838 21873 21932 E SQLiteDatabase: at android.os.Looper.loop(Looper.java:250)
02-09 19:38:17.838 21873 21932 E SQLiteDatabase: at android.os.HandlerThread.run(HandlerThread.java:67)
02-09 19:38:17.840 21873 21873 E ArmVmp : Match on catch block at 0xc3 in for 0xa1
02-09 19:38:17.843 21873 21873 E ArmVmp : Match on catch block at 0xc3 in for 0xa5
02-09 19:38:17.886 21873 21873 E ArmVmp : Match on catch block at 0xc3 in for 0xa5
02-09 19:38:17.889 21873 21873 E ArmVmp : Match on catch block at 0xc3 in for 0xa9
02-09 19:38:17.904 21873 21873 E ArmVmp : Match on catch block at 0xc3 in for 0xa9
02-09 19:38:17.908 21873 21873 E ArmVmp : Match on catch block at 0xc3 in for 0xa1
02-09 19:38:17.927 21873 21873 E ArmVmp : Match on catch block at 0xc3 in for 0xa1
02-09 19:38:17.930 21873 21873 E ArmVmp : Match on catch block at 0xc3 in for 0xa5
02-09 19:38:17.961 21873 21873 E ArmVmp : Match on catch block at 0x0a in for 0xa1
02-09 19:38:17.966 21873 21873 E ArmVmp : Match on catch block at 0xc3 in for 0xa5
02-09 19:38:17.969 21873 21873 E ArmVmp : Match on catch block at 0xc3 in for 0xa9
02-09 19:38:18.012 21873 21873 E ArmVmp : Match on catch block at 0xc3 in for 0xa9
02-09 19:38:18.014 21873 21873 E ArmVmp : Match on catch block at 0xc3 in for 0xa1
02-09 19:38:18.028 21873 21873 E ArmVmp : Match on catch block at 0xc3 in for 0xa1
02-09 19:38:18.031 21873 21873 E ArmVmp : Match on catch block at 0xc3 in for 0xa5
02-09 19:38:18.061 21873 21873 E ArmVmp : Match on catch block at 0xc3 in for 0xa5
02-09 19:38:18.063 21873 21873 E ArmVmp : Match on catch block at 0xc3 in for 0xa9
02-09 19:38:18.112 21873 21873 E ArmVmp : Match on catch block at 0xc3 in for 0xa5
02-09 19:38:18.115 21873 21873 E ArmVmp : Match on catch block at 0xc3 in for 0xa9
02-09 19:38:18.129 21873 21873 E ArmVmp : Match on catch block at 0xc3 in for 0xa9
02-09 19:38:18.132 21873 21873 E ArmVmp : Match on catch block at 0xc3 in for 0xa1
02-09 19:38:18.182 21873 21873 E ArmVmp : Match on catch block at 0xc3 in for 0xa1
02-09 19:38:18.185 21873 21873 E ArmVmp : Match on catch block at 0xc3 in for 0xa5
02-09 19:38:18.213 21873 21873 E ArmVmp : Match on catch block at 0xc3 in for 0xa5
02-09 19:38:18.216 21873 21873 E ArmVmp : Match on catch block at 0xc3 in for 0xa9
02-09 19:38:18.246 21873 21873 E ArmVmp : Match on catch block at 0xc3 in for 0xa9
02-09 19:38:18.251 21873 21873 E ArmVmp : Match on catch block at 0xc3 in for 0xa1
02-09 19:38:18.266 21873 21873 E ArmVmp : Match on catch block at 0xc3 in for 0xa1
02-09 19:38:18.269 21873 21873 E ArmVmp : Match on catch block at 0xc3 in for 0xa5
02-09 19:38:18.296 21873 21873 E ArmVmp : Match on catch block at 0xc3 in for 0xa5
02-09 19:38:18.298 21873 21873 E ArmVmp : Match on catch block at 0xc3 in for 0xa9
02-09 19:38:18.315 21873 21873 E ArmVmp : Match on catch block at 0xc3 in for 0xa9
02-09 19:38:18.318 21873 21873 E ArmVmp : Match on catch block at 0xc3 in for 0xa1
02-09 19:38:18.346 21873 21873 E ArmVmp : Match on catch block at 0xc3 in for 0xa1
02-09 19:38:18.349 21873 21873 E ArmVmp : Match on catch block at 0xc3 in for 0xa5
02-09 19:38:18.380 21873 21873 E ArmVmp : Match on catch block at 0xc3 in for 0xa5
02-09 19:38:18.383 21873 21873 E ArmVmp : Match on catch block at 0xc3 in for 0xa9
02-09 19:38:18.413 21873 21873 E ArmVmp : Match on catch block at 0xc3 in for 0xa9
02-09 19:38:18.417 21873 21873 E ArmVmp : Match on catch block at 0xc3 in for 0xa1
02-09 19:38:18.445 21873 21873 E ArmVmp : Match on catch block at 0xc3 in for 0xa1
02-09 19:38:18.448 21873 21873 E ArmVmp : Match on catch block at 0xc3 in for 0xa5
02-09 19:38:18.479 21873 21873 E ArmVmp : Match on catch block at 0xc3 in for 0xa5
02-09 19:38:18.482 21873 21873 E ArmVmp : Match on catch block at 0xc3 in for 0xa9
02-09 19:38:18.513 21873 21873 E ArmVmp : Match on catch block at 0xc3 in for 0xa9
02-09 19:38:18.516 21873 21873 E ArmVmp : Match on catch block at 0xc3 in for 0xa1
02-09 19:38:18.562 21873 21873 E ArmVmp : Match on catch block at 0xc3 in for 0xa5
02-09 19:38:18.565 21873 21873 E ArmVmp : Match on catch block at 0xc3 in for 0xa9
02-09 19:38:18.579 21873 21873 E ArmVmp : Match on catch block at 0xc3 in for 0xa9
02-09 19:38:18.582 21873 21873 E ArmVmp : Match on catch block at 0xc3 in for 0xa1
02-09 19:38:18.646 21873 21873 E ArmVmp : Match on catch block at 0xc3 in for 0xa1
02-09 19:38:18.650 21873 21873 E ArmVmp : Match on catch block at 0xc3 in for 0xa5
02-09 19:38:18.662 21873 21873 E ArmVmp : Match on catch block at 0xc3 in for 0xa5
02-09 19:38:18.666 21873 21873 E ArmVmp : Match on catch block at 0xc3 in for 0xa9
02-09 19:38:18.696 21873 21873 E ArmVmp : Match on catch block at 0xc3 in for 0xa9
02-09 19:38:18.698 21873 21873 E ArmVmp : Match on catch block at 0xc3 in for 0xa1
02-09 19:38:18.729 21873 21873 E ArmVmp : Match on catch block at 0xc3 in for 0xa1
02-09 19:38:18.732 21873 21873 E ArmVmp : Match on catch block at 0xc3 in for 0xa5
02-09 19:38:18.779 21873 21873 E ArmVmp : Match on catch block at 0xc3 in for 0xa5
02-09 19:38:18.782 21873 21873 E ArmVmp : Match on catch block at 0xc3 in for 0xa9
02-09 19:38:18.812 21873 21873 E ArmVmp : Match on catch block at 0xc3 in for 0xa9
02-09 19:38:18.815 21873 21873 E ArmVmp : Match on catch block at 0xc3 in for 0xa1
02-09 19:38:18.846 21873 21873 E ArmVmp : Match on catch block at 0xc3 in for 0xa1
02-09 19:38:18.849 21873 21873 E ArmVmp : Match on catch block at 0xc3 in for 0xa5
02-09 19:38:18.879 21873 21873 E ArmVmp : Match on catch block at 0xc3 in for 0xa5
02-09 19:38:18.883 21873 21873 E ArmVmp : Match on catch block at 0xc3 in for 0xa9
02-09 19:38:18.913 21873 21873 E ArmVmp : Match on catch block at 0xc3 in for 0xa9
02-09 19:38:18.916 21873 21873 E ArmVmp : Match on catch block at 0xc3 in for 0xa1
02-09 19:38:18.946 21873 21873 E ArmVmp : Match on catch block at 0xc3 in for 0xa1
02-09 19:38:18.948 21873 21873 E ArmVmp : Match on catch block at 0xc3 in for 0xa5
02-09 19:38:18.980 21873 21873 E ArmVmp : Match on catch block at 0xc3 in for 0xa5
02-09 19:38:18.983 21873 21873 E ArmVmp : Match on catch block at 0xc3 in for 0xa9
02-09 19:38:19.013 21873 21873 E ArmVmp : Match on catch block at 0xc3 in for 0xa9
02-09 19:38:19.016 21873 21873 E ArmVmp : Match on catch block at 0xc3 in for 0xa1
02-09 19:38:19.064 21873 21873 E ArmVmp : Match on catch block at 0xc3 in for 0xa1
02-09 19:38:19.066 21873 21873 E ArmVmp : Match on catch block at 0xc3 in for 0xa5
02-09 19:38:19.080 21873 21873 E ArmVmp : Match on catch block at 0xc3 in for 0xa5
02-09 19:38:19.084 21873 21873 E ArmVmp : Match on catch block at 0xc3 in for 0xa9
02-09 19:38:19.130 21873 21873 E ArmVmp : Match on catch block at 0xc3 in for 0xa9
02-09 19:38:19.133 21873 21873 E ArmVmp : Match on catch block at 0xc3 in for 0xa1
02-09 19:38:19.147 21873 21873 E ArmVmp : Match on catch block at 0xc3 in for 0xa1
02-09 19:38:19.149 21873 21873 E ArmVmp : Match on catch block at 0xc3 in for 0xa5
02-09 19:38:19.197 21873 21873 E ArmVmp : Match on catch block at 0xc3 in for 0xa5
02-09 19:38:19.199 21873 21873 E ArmVmp : Match on catch block at 0xc3 in for 0xa9
02-09 19:38:19.215 21873 21873 E ArmVmp : Match on catch block at 0xc3 in for 0xa9
02-09 19:38:19.220 21873 21873 E ArmVmp : Match on catch block at 0xc3 in for 0xa1
02-09 19:38:19.264 21873 21873 E ArmVmp : Match on catch block at 0xc3 in for 0xa1
02-09 19:38:19.266 21873 21873 E ArmVmp : Match on catch block at 0xc3 in for 0xa5
02-09 19:38:19.282 21873 21873 E ArmVmp : Match on catch block at 0xc3 in for 0xa5
02-09 19:38:19.285 21873 21873 E ArmVmp : Match on catch block at 0xc3 in for 0xa9
02-09 19:38:19.314 21873 21873 E ArmVmp : Match on catch block at 0xc3 in for 0xa9
02-09 19:38:19.317 21873 21873 E ArmVmp : Match on catch block at 0xc3 in for 0xa1
02-09 19:38:19.331 21873 21873 E ArmVmp : Match on catch block at 0xc3 in for 0xa1
02-09 19:38:19.333 21873 21873 E ArmVmp : Match on catch block at 0xc3 in for 0xa5
02-09 19:38:19.347 21873 21873 E ArmVmp : Match on catch block at 0xc3 in for 0xa5
02-09 19:38:19.350 21873 21873 E ArmVmp : Match on catch block at 0xc3 in for 0xa9
02-09 19:38:19.397 21873 21873 E ArmVmp : Match on catch block at 0xc3 in for 0xa9
02-09 19:38:19.399 21873 21873 E ArmVmp : Match on catch block at 0xc3 in for 0xa1
02-09 19:38:19.414 21873 21873 E ArmVmp : Match on catch block at 0xc3 in for 0xa1
02-09 19:38:19.417 21873 21873 E ArmVmp : Match on catch block at 0xc3 in for 0xa5
02-09 19:38:19.481 21873 21873 E ArmVmp : Match on catch block at 0xc3 in for 0xa5
02-09 19:38:19.483 21873 21873 E ArmVmp : Match on catch block at 0xc3 in for 0xa9
02-09 19:38:19.497 21873 21873 E ArmVmp : Match on catch block at 0xc3 in for 0xa9
02-09 19:38:19.500 21873 21873 E ArmVmp : Match on catch block at 0xc3 in for 0xa1
02-09 19:38:19.514 21873 21873 E ArmVmp : Match on catch block at 0xc3 in for 0xa1
02-09 19:38:19.517 21873 21873 E ArmVmp : Match on catch block at 0xc3 in for 0xa5
02-09 19:38:19.531 21873 21873 E ArmVmp : Match on catch block at 0xc3 in for 0xa5
02-09 19:38:19.534 21873 21873 E ArmVmp : Match on catch block at 0xc3 in for 0xa9
02-09 19:38:19.549 21873 21873 E ArmVmp : Match on catch block at 0xc3 in for 0xa9
02-09 19:38:19.551 21873 21873 E ArmVmp : Match on catch block at 0xc3 in for 0xa1
02-09 19:38:19.564 21873 21873 E ArmVmp : Match on catch block at 0xc3 in for 0xa1
02-09 19:38:19.567 21873 21873 E ArmVmp : Match on catch block at 0xc3 in for 0xa5
02-09 19:38:19.581 21873 21873 E ArmVmp : Match on catch block at 0xc3 in for 0xa5
02-09 19:38:19.584 21873 21873 E ArmVmp : Match on catch block at 0xc3 in for 0xa9
02-09 19:38:19.598 21873 21873 E ArmVmp : Match on catch block at 0xc3 in for 0xa9
02-09 19:38:19.600 21873 21873 E ArmVmp : Match on catch block at 0xc3 in for 0xa1
02-09 19:38:19.615 21873 21873 E ArmVmp : Match on catch block at 0xc3 in for 0xa1
02-09 19:38:19.617 21873 21873 E ArmVmp : Match on catch block at 0xc3 in for 0xa5
02-09 19:38:19.631 21873 21873 E ArmVmp : Match on catch block at 0xc3 in for 0xa5
02-09 19:38:19.634 21873 21873 E ArmVmp : Match on catch block at 0xc3 in for 0xa9
02-09 19:38:19.648 21873 21873 E ArmVmp : Match on catch block at 0xc3 in for 0xa9
02-09 19:38:19.650 21873 21873 E ArmVmp : Match on catch block at 0xc3 in for 0xa1
02-09 19:38:19.665 21873 21873 E ArmVmp : Match on catch block at 0xc3 in for 0xa1
02-09 19:38:19.668 21873 21873 E ArmVmp : Match on catch block at 0xc3 in for 0xa5
02-09 19:38:19.681 21873 21873 E ArmVmp : Match on catch block at 0xc3 in for 0xa5
02-09 19:38:19.684 21873 21873 E ArmVmp : Match on catch block at 0xc3 in for 0xa9
02-09 19:38:19.698 21873 21873 E ArmVmp : Match on catch block at 0xc3 in for 0xa9
02-09 19:38:19.701 21873 21873 E ArmVmp : Match on catch block at 0xc3 in for 0xa1
02-09 19:38:19.715 21873 21873 E ArmVmp : Match on catch block at 0xc3 in for 0xa1
02-09 19:38:19.717 21873 21873 E ArmVmp : Match on catch block at 0xc3 in for 0xa5
02-09 19:38:19.732 21873 21873 E ArmVmp : Match on catch block at 0xc3 in for 0xa5
02-09 19:38:19.734 21873 21873 E ArmVmp : Match on catch block at 0xc3 in for 0xa9
02-09 19:38:19.748 21873 21873 E ArmVmp : Match on catch block at 0xc3 in for 0xa9
02-09 19:38:19.751 21873 21873 E ArmVmp : Match on catch block at 0xc3 in for 0xa1
02-09 19:38:19.765 21873 21873 E ArmVmp : Match on catch block at 0xc3 in for 0xa1
02-09 19:38:19.767 21873 21873 E ArmVmp : Match on catch block at 0xc3 in for 0xa5
02-09 19:38:19.782 21873 21873 E ArmVmp : Match on catch block at 0xc3 in for 0xa5
02-09 19:38:19.785 21873 21873 E ArmVmp : Match on catch block at 0xc3 in for 0xa9
02-09 19:38:19.798 21873 21873 E ArmVmp : Match on catch block at 0x0a in for 0xc9
02-09 19:38:19.800 21873 21873 E ArmVmp : Match on catch block at 0x0a in for 0xc9
02-09 19:38:19.803 21873 21873 E ArmVmp : Match on catch block at 0x0a in for 0xc9
02-09 19:38:19.815 21873 21873 E ArmVmp : Match on catch block at 0xc3 in for 0xa1
02-09 19:38:19.818 21873 21873 E ArmVmp : Match on catch block at 0xc3 in for 0xa5
02-09 19:38:19.831 21873 21873 E ArmVmp : Match on catch block at 0x0a in for 0xa1
02-09 19:38:19.838 21873 21873 E ArmVmp : Match on catch block at 0x0a in for 0xa1
02-09 19:38:19.850 21873 21873 E ArmVmp : Match on catch block at 0xc3 in for 0xa5
02-09 19:38:19.852 21873 21873 E ArmVmp : Match on catch block at 0xc3 in for 0xa9
02-09 19:38:19.863 21873 21873 E ArmVmp : Match on catch block at 0x0a in for 0xa5
02-09 19:38:19.879 21873 21873 E ArmVmp : Match on catch block at 0x0a in for 0xa5
02-09 19:38:19.900 21873 21873 E ArmVmp : Match on catch block at 0xc3 in for 0xa9
02-09 19:38:19.902 21873 21873 E ArmVmp : Match on catch block at 0xc3 in for 0xa1
02-09 19:38:19.909 21873 21873 E ArmVmp : Match on catch block at 0x0a in for 0xa9
02-09 19:38:19.913 21873 21873 E ArmVmp : Match on catch block at 0x0a in for 0xa9
02-09 19:38:19.933 21873 21873 E ArmVmp : Match on catch block at 0xc3 in for 0xa1
02-09 19:38:19.936 21873 21873 E ArmVmp : Match on catch block at 0xc3 in for 0xa5
02-09 19:38:19.966 21873 21873 E ArmVmp : Match on catch block at 0xc3 in for 0xa5
02-09 19:38:19.969 21873 21873 E ArmVmp : Match on catch block at 0xc3 in for 0xa9
02-09 19:38:19.999 21873 21873 E ArmVmp : Match on catch block at 0xc3 in for 0xa9
02-09 19:38:20.002 21873 21873 E ArmVmp : Match on catch block at 0xc3 in for 0xa1
02-09 19:38:20.035 21873 21873 E ArmVmp : Match on catch block at 0xc3 in for 0xa1
02-09 19:38:20.038 21873 21873 E ArmVmp : Match on catch block at 0xc3 in for 0xa5
02-09 19:38:20.066 21873 21873 E ArmVmp : Match on catch block at 0xc3 in for 0xa5
02-09 19:38:20.069 21873 21873 E ArmVmp : Match on catch block at 0xc3 in for 0xa9
02-09 19:38:20.106 21873 21873 E ArmVmp : Match on catch block at 0xc3 in for 0xa9
02-09 19:38:20.110 21873 21873 E ArmVmp : Match on catch block at 0xc3 in for 0xa1
02-09 19:38:20.136 21873 21873 E ArmVmp : Match on catch block at 0xc3 in for 0xa1
02-09 19:38:20.139 21873 21873 E ArmVmp : Match on catch block at 0xc3 in for 0xa5
02-09 19:38:20.166 21873 21873 E ArmVmp : Match on catch block at 0xc3 in for 0xa5
02-09 19:38:20.169 21873 21873 E ArmVmp : Match on catch block at 0xc3 in for 0xa9
02-09 19:38:20.200 21873 21873 E ArmVmp : Match on catch block at 0xc3 in for 0xa9
02-09 19:38:20.203 21873 21873 E ArmVmp : Match on catch block at 0xc3 in for 0xa1
02-09 19:38:20.233 21873 21873 E ArmVmp : Match on catch block at 0xc3 in for 0xa1
02-09 19:38:20.236 21873 21873 E ArmVmp : Match on catch block at 0xc3 in for 0xa5
02-09 19:38:20.266 21873 21873 E ArmVmp : Match on catch block at 0xc3 in for 0xa5
02-09 19:38:20.269 21873 21873 E ArmVmp : Match on catch block at 0xc3 in for 0xa9
02-09 19:38:20.300 21873 21873 E ArmVmp : Match on catch block at 0xc3 in for 0xa9
02-09 19:38:20.303 21873 21873 E ArmVmp : Match on catch block at 0xc3 in for 0xa1
02-09 19:38:20.333 21873 21873 E ArmVmp : Match on catch block at 0xc3 in for 0xa1
02-09 19:38:20.336 21873 21873 E ArmVmp : Match on catch block at 0xc3 in for 0xa5
02-09 19:38:20.350 21873 21873 E ArmVmp : Match on catch block at 0xc3 in for 0xa5
02-09 19:38:20.352 21873 21873 E ArmVmp : Match on catch block at 0xc3 in for 0xa9
02-09 19:38:20.367 21873 21873 E ArmVmp : Match on catch block at 0xc3 in for 0xa9
02-09 19:38:20.369 21873 21873 E ArmVmp : Match on catch block at 0xc3 in for 0xa1
02-09 19:38:20.433 21873 21873 E ArmVmp : Match on catch block at 0xc3 in for 0xa1
02-09 19:38:20.436 21873 21873 E ArmVmp : Match on catch block at 0xc3 in for 0xa5
02-09 19:38:20.450 21873 21873 E ArmVmp : Match on catch block at 0xc3 in for 0xa5
02-09 19:38:20.453 21873 21873 E ArmVmp : Match on catch block at 0xc3 in for 0xa9
02-09 19:38:20.500 21873 21873 E ArmVmp : Match on catch block at 0xc3 in for 0xa9
02-09 19:38:20.503 21873 21873 E ArmVmp : Match on catch block at 0xc3 in for 0xa1
02-09 19:38:20.519 21873 21873 E ArmVmp : Match on catch block at 0xc3 in for 0xa1
02-09 19:38:20.521 21873 21873 E ArmVmp : Match on catch block at 0xc3 in for 0xa5
02-09 19:38:20.567 21873 21873 E ArmVmp : Match on catch block at 0xc3 in for 0xa5
02-09 19:38:20.570 21873 21873 E ArmVmp : Match on catch block at 0xc3 in for 0xa9
02-09 19:38:20.585 21873 21873 E ArmVmp : Match on catch block at 0xc3 in for 0xa9
02-09 19:38:20.588 21873 21873 E ArmVmp : Match on catch block at 0xc3 in for 0xa1
02-09 19:38:20.635 21873 21873 E ArmVmp : Match on catch block at 0xc3 in for 0xa1
02-09 19:38:20.639 21873 21873 E ArmVmp : Match on catch block at 0xc3 in for 0xa5
02-09 19:38:20.651 21873 21873 E ArmVmp : Match on catch block at 0xc3 in for 0xa5
02-09 19:38:20.656 21873 21873 E ArmVmp : Match on catch block at 0xc3 in for 0xa9
02-09 19:38:20.701 21873 21873 E ArmVmp : Match on catch block at 0xc3 in for 0xa9
02-09 19:38:20.704 21873 21873 E ArmVmp : Match on catch block at 0xc3 in for 0xa1
02-09 19:38:20.734 21873 21873 E ArmVmp : Match on catch block at 0xc3 in for 0xa1
02-09 19:38:20.737 21873 21873 E ArmVmp : Match on catch block at 0xc3 in for 0xa5
02-09 19:38:20.785 21873 21873 E ArmVmp : Match on catch block at 0xc3 in for 0xa5
02-09 19:38:20.788 21873 21873 E ArmVmp : Match on catch block at 0xc3 in for 0xa9
02-09 19:38:20.810 21873 21873 E ArmVmp : Match on catch block at 0xc3 in for 0xa9
02-09 19:38:20.813 21873 21873 E ArmVmp : Match on catch block at 0xc3 in for 0xa1
02-09 19:38:20.866 21873 21873 E ArmVmp : Match on catch block at 0xc3 in for 0xa1
02-09 19:38:20.884 21873 21873 E ArmVmp : Match on catch block at 0xc3 in for 0xa5
02-09 19:38:20.906 21873 21873 E ArmVmp : Match on catch block at 0xc3 in for 0xa5
02-09 19:38:20.913 21873 21873 E ArmVmp : Match on catch block at 0xc3 in for 0xa9
02-09 19:38:20.935 21873 21873 E ArmVmp : Match on catch block at 0xc3 in for 0xa9
02-09 19:38:20.943 21873 21873 E ArmVmp : Match on catch block at 0xc3 in for 0xa1
02-09 19:38:20.989 21873 21873 E ArmVmp : Match on catch block at 0xc3 in for 0xa1
02-09 19:38:20.992 21873 21873 E ArmVmp : Match on catch block at 0xc3 in for 0xa5
02-09 19:38:21.004 21873 21873 E ArmVmp : Match on catch block at 0xc3 in for 0xa5
02-09 19:38:21.007 21873 21873 E ArmVmp : Match on catch block at 0xc3 in for 0xa9
02-09 19:38:21.052 21873 21873 E ArmVmp : Match on catch block at 0xc3 in for 0xa9
02-09 19:38:21.055 21873 21873 E ArmVmp : Match on catch block at 0xc3 in for 0xa1
02-09 19:38:21.069 21873 21873 E ArmVmp : Match on catch block at 0xc3 in for 0xa1
02-09 19:38:21.071 21873 21873 E ArmVmp : Match on catch block at 0xc3 in for 0xa5
02-09 19:38:21.129 21873 21873 E ArmVmp : Match on catch block at 0xc3 in for 0xa5
02-09 19:38:21.141 21873 21873 E ArmVmp : Match on catch block at 0xc3 in for 0xa9
02-09 19:38:22.999 11510 11510 E com.mbwhatsapp: Not starting debugger since process cannot load the jdwp agent.
02-09 19:38:23.270 11510 11510 W System.err: java.lang.ClassNotFoundException: mbmodsd.mbmodsw.ui.views.btn.BtnBK
02-09 19:38:23.271 11510 11510 W System.err: at java.lang.Runtime.nativeLoad(Native Method)
02-09 19:38:23.271 11510 11510 W System.err: at java.lang.Runtime.nativeLoad(Runtime.java:1131)
02-09 19:38:23.271 11510 11510 W System.err: at java.lang.Runtime.loadLibrary0(Runtime.java:1085)
02-09 19:38:23.271 11510 11510 W System.err: at java.lang.Runtime.loadLibrary0(Runtime.java:1008)
02-09 19:38:23.271 11510 11510 W System.err: at java.lang.System.loadLibrary(System.java:1664)
02-09 19:38:23.271 11510 11510 W System.err: at arm.EpicVm.<clinit>(Unknown Source:2)
02-09 19:38:23.271 11510 11510 W System.err: at java.lang.Class.newInstance(Native Method)
02-09 19:38:23.271 11510 11510 W System.err: at android.app.AppComponentFactory.instantiateApplication(AppComponentFactory.java:76)
02-09 19:38:23.271 11510 11510 W System.err: at androidx.core.app.CoreComponentFactory.instantiateApplication(Unknown Source:0)
02-09 19:38:23.271 11510 11510 W System.err: at android.app.Instrumentation.newApplication(Instrumentation.java:1158)
02-09 19:38:23.271 11510 11510 W System.err: at android.app.LoadedApk.makeApplication(LoadedApk.java:1244)
02-09 19:38:23.271 11510 11510 W System.err: at android.app.ActivityThread.handleBindApplication(ActivityThread.java:6817)
02-09 19:38:23.271 11510 11510 W System.err: at android.app.ActivityThread.access$1400(ActivityThread.java:251)
02-09 19:38:23.271 11510 11510 W System.err: at android.app.ActivityThread$H.handleMessage(ActivityThread.java:1978)
02-09 19:38:23.271 11510 11510 W System.err: at android.os.Handler.dispatchMessage(Handler.java:106)
02-09 19:38:23.271 11510 11510 W System.err: at android.os.Looper.loop(Looper.java:250)
02-09 19:38:23.271 11510 11510 W System.err: at android.app.ActivityThread.main(ActivityThread.java:7806)
02-09 19:38:23.271 11510 11510 W System.err: at java.lang.reflect.Method.invoke(Native Method)
02-09 19:38:23.271 11510 11510 W System.err: at com.android.internal.os.RuntimeInit$MethodAndArgsCaller.run(RuntimeInit.java:592)
02-09 19:38:23.271 11510 11510 W System.err: at com.android.internal.os.ZygoteInit.main(ZygoteInit.java:958)
02-09 19:38:23.422 11510 11510 E CustomActivityOnCrash: IMPORTANT WARNING! You already have an UncaughtExceptionHandler, are you sure this is correct? If you use a custom UncaughtExceptionHandler, you must initialize it AFTER CustomActivityOnCrash! Installing anyway, but your original handler will not be called.
02-09 19:38:23.523 11510 11542 W LibraryVersion: Failed to get app version for libraryName: firebase-iid
02-09 19:38:24.259 11510 11510 W com.mbwhatsapp: Accessing hidden method Lcom/android/org/conscrypt/OpenSSLSocketImpl;->setUseSessionTickets(Z)V (greylist- max-q,test-api, reflection, denied)
02-09 19:38:24.259 11510 11510 W com.mbwhatsapp: Accessing hidden method Lcom/android/org/conscrypt/AbstractConscryptSocket;->setUseSessionTickets(Z)V (greylist-max-q, reflection, denied)
02-09 19:38:24.333 11510 11510 W linker : Warning: "/data/data/com.mbwhatsapp/files/decompressed/libs.spk.zst/libc++_shared.so" unused DT entry: unknown processor-specific (type 0x70000001 arg 0x0) (ignoring)
02-09 19:38:24.328 11510 11510 W com.mbwhatsapp: type=1400 audit(0.0:28899): avc: granted { execute } for path="/data/data/com.mbwhatsapp/files/decompressed/libs.spk.zst/libc++_shared.so" dev="dm-12" ino=945754 scontext=u:r:untrusted_app:s0:c53,c259,c512,c768 tcontext=u:object_r:app_data_file:s0:c53,c259,c512,c768 tclass=file app=com.mbwhatsapp
02-09 19:38:24.334 11510 11510 W com.mbwhatsapp: type=1400 audit(0.0:28900): avc: granted { execute } for path="/data/data/com.mbwhatsapp/files/decompressed/libs.spk.zst/libvlc.so" dev="dm- 12" ino=934342 scontext=u:r:untrusted_app:s0:c53,c259,c512,c768 tcontext=u:object_r:app_data_file:s0:c53,c259,c512,c768 tclass=file app=com.mbwhatsapp
02-09 19:38:24.344 11510 11510 W com.mbwhatsapp: type=1400 audit(0.0:28901): avc: granted { execute } for path="/data/data/com.mbwhatsapp/files/decompressed/libs.spk.zst/libwhatsapp.so" dev="dm-12" ino=928776 scontext=u:r:untrusted_app:s0:c53,c259,c512,c768 tcontext=u:object_r:app_data_file:s0:c53,c259,c512,c768 tclass=file app=com.mbwhatsapp
02-09 19:38:24.371 11510 11510 W com.mbwhatsapp: type=1400 audit(0.0:28902): avc: granted { execute } for path="/data/data/com.mbwhatsapp/files/decompressed/libs.spk.zst/libcurve25519.so" dev="dm-12" ino=948437 scontext=u:r:untrusted_app:s0:c53,c259,c512,c768 tcontext=u:object_r:app_data_file:s0:c53,c259,c512,c768 tclass=file app=com.mbwhatsapp
02-09 19:38:24.378 11510 11510 W com.mbwhatsapp: type=1400 audit(0.0:28903): avc: granted { execute } for path="/data/data/com.mbwhatsapp/files/decompressed/libs.spk.zst/libwhatsapp.so" dev="dm-12" ino=928776 scontext=u:r:untrusted_app:s0:c53,c259,c512,c768 tcontext=u:object_r:app_data_file:s0:c53,c259,c512,c768 tclass=file app=com.mbwhatsapp
02-09 19:38:24.378 11510 11510 W com.mbwhatsapp: type=1400 audit(0.0:28904): avc: granted { execute } for path="/data/data/com.mbwhatsapp/files/decompressed/libs.spk.zst/libwhatsapp.so" dev="dm-12" ino=928776 scontext=u:r:untrusted_app:s0:c53,c259,c512,c768 tcontext=u:object_r:app_data_file:s0:c53,c259,c512,c768 tclass=file app=com.mbwhatsapp
02-09 19:38:24.378 11510 11510 W com.mbwhatsapp: type=1400 audit(0.0:28905): avc: granted { execute } for path="/data/data/com.mbwhatsapp/files/decompressed/libs.spk.zst/libwhatsapp.so" dev="dm-12" ino=928776 scontext=u:r:untrusted_app:s0:c53,c259,c512,c768 tcontext=u:object_r:app_data_file:s0:c53,c259,c512,c768 tclass=file app=com.mbwhatsapp
02-09 19:38:24.536 11510 11620 W com.mbwhatsapp: Class X.2rL failed lock verification and will run slower.
02-09 19:38:24.536 11510 11620 W com.mbwhatsapp: Common causes for lock verification issues are non-optimized dex code
02-09 19:38:24.536 11510 11620 W com.mbwhatsapp: and incorrect proguard optimizations.
02-09 19:38:26.162 11510 11739 E libc : Access denied finding property "fw.max_users"
02-09 19:38:26.162 11510 11739 E libc : Access denied finding property "fw.show_multiuserui"
02-09 19:38:26.158 11510 11510 W db_write: type=1400 audit(0.0:28906): avc: denied { read } for name="u:object_r:framework_prop:s0" dev="tmpfs" ino=10820 scontext=u:r:untrusted_app:s0:c53,c259,c512,c768 tcontext=u:object_r:framework_prop:s0 tclass=file permissive=0 app=com.mbwhatsapp
02-09 19:38:26.158 11510 11510 W db_write: type=1400 audit(0.0:28907): avc: denied { read } for name="u:object_r:framework_prop:s0" dev="tmpfs" ino=10820 scontext=u:r:untrusted_app:s0:c53,c259,c512,c768 tcontext=u:object_r:framework_prop:s0 tclass=file permissive=0 app=com.mbwhatsapp
02-09 19:38:26.184 11510 11510 W db_write: type=1400 audit(0.0:28908): avc: denied { read } for name="u:object_r:framework_prop:s0" dev="tmpfs" ino=10820 scontext=u:r:untrusted_app:s0:c53,c259,c512,c768 tcontext=u:object_r:framework_prop:s0 tclass=file permissive=0 app=com.mbwhatsapp
02-09 19:38:26.187 11510 11739 E libc : Access denied finding property "fw.max_users"
02-09 19:38:26.187 11510 11739 E libc : Access denied finding property "fw.show_multiuserui"
02-09 19:38:26.184 11510 11510 W db_write: type=1400 audit(0.0:28909): avc: denied { read } for name="u:object_r:framework_prop:s0" dev="tmpfs" ino=10820 scontext=u:r:untrusted_app:s0:c53,c259,c512,c768 tcontext=u:object_r:framework_prop:s0 tclass=file permissive=0 app=com.mbwhatsapp
02-09 19:38:26.603 11510 11726 W VideoCapabilities: Unsupported mime image/vnd.android.heic
02-09 19:38:33.203 11510 11524 W System : A resource failed to call close. --------- beginning of main
02-09 19:57:12.250 11510 11510 W com.mbwhatsapp: Class X.0eU failed lock verification and will run slower.
02-09 19:57:12.491 11510 11510 W com.mbwhatsapp: Class com.mbwhatsapp.HomeActivity failed lock verification and will run slower.
02-09 19:57:12.897 11510 11510 E ArmVmp : Match on catch block at 0x0a in for 0xc9
02-09 19:57:12.941 11510 11510 E ArmVmp : Match on catch block at 0x0a in for 0x131
02-09 19:57:13.019 11510 14820 W com.mbwhatsapp: Accessing hidden method Lcom/android/org/conscrypt/ConscryptEngineSocket;->setUseSessionTickets(Z)V (greylist-max-q,test-api, reflection, denied)
02-09 19:57:13.019 11510 14820 W com.mbwhatsapp: Accessing hidden method Lcom/android/org/conscrypt/OpenSSLSocketImpl;->setUseSessionTickets(Z)V (greylist- max-q,test-api, reflection, denied)
02-09 19:57:13.019 11510 14820 W com.mbwhatsapp: Accessing hidden method Lcom/android/org/conscrypt/AbstractConscryptSocket;->setUseSessionTickets(Z)V (greylist-max-q, reflection, denied)
02-09 19:57:13.019 11510 14820 W com.mbwhatsapp: Accessing hidden method Lcom/android/org/conscrypt/ConscryptEngineSocket;->setHostname(Ljava/lang/String;)V (greylist-max-q,test-api, reflection, denied)
02-09 19:57:13.019 11510 14820 W com.mbwhatsapp: Accessing hidden method Lcom/android/org/conscrypt/OpenSSLSocketImpl;->setHostname(Ljava/lang/String;)V (greylist-max-q,test-api, reflection, denied)
02-09 19:57:13.019 11510 14820 W com.mbwhatsapp: Accessing hidden method Lcom/android/org/conscrypt/AbstractConscryptSocket;->setHostname(Ljava/lang/ String;)V (greylist-max-q, reflection, denied)
02-09 19:57:13.020 11510 14820 W com.mbwhatsapp: Accessing hidden method Lcom/android/org/conscrypt/OpenSSLSocketImpl;->setAlpnProtocols([B)V (greylist-max- q,test-api, reflection, denied)
02-09 19:57:13.020 11510 14820 W com.mbwhatsapp: Accessing hidden method Lcom/android/org/conscrypt/AbstractConscryptSocket;->setAlpnProtocols([B)V (greylist-max-q, reflection, denied)
02-09 19:57:13.132 11510 14820 W com.mbwhatsapp: Accessing hidden method Lcom/android/org/conscrypt/OpenSSLSocketImpl;->getAlpnSelectedProtocol()[B (greylist-max-q,test-api, reflection, denied)
02-09 19:57:13.133 11510 14820 W com.mbwhatsapp: Accessing hidden method Lcom/android/org/conscrypt/AbstractConscryptSocket;->getAlpnSelectedProtocol()[B (greylist-max-q, reflection, denied)
02-09 19:57:13.477 11510 11634 W SQLiteLog: (28) double-quoted string literal: "20"
02-09 19:57:13.477 11510 11634 W SQLiteLog: (28) double-quoted string literal: "40"
02-09 19:57:14.335 11510 11510 E RecyclerView: No adapter attached; skipping layout
02-09 19:57:14.487 11510 11510 E RecyclerView: No adapter attached; skipping layout
02-09 19:57:14.530 11510 11510 E ArmVmp : Match on catch block at 0x0a in for 0xd5
02-09 19:57:14.815 11510 14869 W LOTTIE : Animation contains merge paths. Merge paths are only supported on KitKat+ and must be manually enabled by calling enableMergePathsForKitKatAndAbove().
02-09 19:57:15.146 11510 11510 W LOTTIE : Animation contains merge paths but they are disabled.
02-09 19:57:15.783 11510 11510 E ArmVmp : Match on catch block at 0x5b in for 0x81
02-09 19:57:17.568 11510 14886 E linker : library "" ("/apex/com.android.vndk.v30/lib64") needed or dlopened by "/apex/com.android.vndk.v30/lib64/libRS_internal.so" is not accessible for the namespace: [name="rs", ld_library_paths="", default_library_paths="/apex/com.android.vndk.v30/lib64:/vendor/lib64", permitted_paths="/odm/lib64:/vendor/lib64:/system/vendor/lib64:/data"]
02-09 19:57:17.569 11510 14886 E RenderScript: Failed loading RS driver: dlopen failed: library "" needed or dlopened by "/apex/com.android.vndk.v30/lib64/libRS_internal.so" is not accessible for the namespace "rs"
02-09 19:57:17.569 11510 14886 E RenderScript: Failed to load runtime , loading default
02-09 19:57:17.873 11510 11510 E ArmVmp : Match on catch block at 0x0a in for 0xc1
02-09 19:57:17.878 11510 11510 E ArmVmp : Match on catch block at 0x0a in for 0xc1
02-09 19:57:18.301 11510 11510 W StickerImageFil: type=1400 audit(0.0:28944): avc: granted { execute } for path="/data/data/com.mbwhatsapp/files/decompressed/libs.spk.zst/libstatic-webp.so" dev="dm-12" ino=946259 scontext=u:r:untrusted_app:s0:c53,c259,c512,c768 tcontext=u:object_r:app_data_file:s0:c53,c259,c512,c768 tclass=file app=com.mbwhatsapp
02-09 19:57:18.382 11510 11510 E ArmVmp : Match on catch block at 0xc3 in for 0xb9
02-09 19:57:18.410 11510 11510 E ArmVmp : Match on catch block at 0xc3 in for 0xb5
02-09 19:57:18.503 11510 11510 E ArmVmp : Match on catch block at 0xc3 in for 0xa9
