02-22 17:51:17.213 10270 10437 E IMGMapper: set:488 set: Unset optional value from type SMPTE2086
02-22 17:51:17.213 10270 10437 E IMGMapper: set:488 set: Unset optional value from type CTA861_3
02-22 17:51:17.231 10270 10437 E IMGMapper: set:488 set: Unset optional value from type SMPTE2086
02-22 17:51:17.231 10270 10437 E IMGMapper: set:488 set: Unset optional value from type CTA861_3
02-22 17:51:17.248 10270 10437 E IMGMapper: set:488 set: Unset optional value from type SMPTE2086
02-22 17:51:17.248 10270 10437 E IMGMapper: set:488 set: Unset optional value from type CTA861_3
02-22 17:51:17.263 10270 10437 E IMGMapper: set:488 set: Unset optional value from type SMPTE2086
02-22 17:51:17.264 10270 10437 E IMGMapper: set:488 set: Unset optional value from type CTA861_3
02-22 17:51:17.281 10270 10437 E IMGMapper: set:488 set: Unset optional value from type SMPTE2086
02-22 17:51:17.281 10270 10437 E IMGMapper: set:488 set: Unset optional value from type CTA861_3
02-22 17:51:17.296 10270 10437 E IMGMapper: set:488 set: Unset optional value from type SMPTE2086
02-22 17:51:17.297 10270 10437 E IMGMapper: set:488 set: Unset optional value from type CTA861_3
02-22 17:51:17.314 10270 10437 E IMGMapper: set:488 set: Unset optional value from type SMPTE2086
02-22 17:51:17.314 10270 10437 E IMGMapper: set:488 set: Unset optional value from type CTA861_3
02-22 17:51:17.329 10270 10437 E IMGMapper: set:488 set: Unset optional value from type SMPTE2086
02-22 17:51:17.330 10270 10437 E IMGMapper: set:488 set: Unset optional value from type CTA861_3
02-22 17:51:17.346 10270 10437 E IMGMapper: set:488 set: Unset optional value from type SMPTE2086
02-22 17:51:17.346 10270 10437 E IMGMapper: set:488 set: Unset optional value from type CTA861_3
02-22 17:51:17.362 10270 10437 E IMGMapper: set:488 set: Unset optional value from type SMPTE2086
02-22 17:51:17.362 10270 10437 E IMGMapper: set:488 set: Unset optional value from type CTA861_3
02-22 17:51:17.379 10270 10437 E IMGMapper: set:488 set: Unset optional value from type SMPTE2086
02-22 17:51:17.379 10270 10437 E IMGMapper: set:488 set: Unset optional value from type CTA861_3
02-22 17:51:17.397 10270 10437 E IMGMapper: set:488 set: Unset optional value from type SMPTE2086
02-22 17:51:17.397 10270 10437 E IMGMapper: set:488 set: Unset optional value from type CTA861_3
02-22 17:51:17.412 10270 10437 E IMGMapper: set:488 set: Unset optional value from type SMPTE2086
02-22 17:51:17.413 10270 10437 E IMGMapper: set:488 set: Unset optional value from type CTA861_3
02-22 17:51:17.432 10270 10437 E IMGMapper: set:488 set: Unset optional value from type SMPTE2086
02-22 17:51:17.432 10270 10437 E IMGMapper: set:488 set: Unset optional value from type CTA861_3
02-22 17:51:17.446 10270 10437 E IMGMapper: set:488 set: Unset optional value from type SMPTE2086
02-22 17:51:17.446 10270 10437 E IMGMapper: set:488 set: Unset optional value from type CTA861_3
02-22 17:51:17.461 10270 10437 E IMGMapper: set:488 set: Unset optional value from type SMPTE2086
02-22 17:51:17.461 10270 10437 E IMGMapper: set:488 set: Unset optional value from type CTA861_3
02-22 17:51:17.479 10270 10437 E IMGMapper: set:488 set: Unset optional value from type SMPTE2086
02-22 17:51:17.480 10270 10437 E IMGMapper: set:488 set: Unset optional value from type CTA861_3
02-22 17:51:17.742 10270 10437 E IMGMapper: set:488 set: Unset optional value from type SMPTE2086
02-22 17:51:17.742 10270 10437 E IMGMapper: set:488 set: Unset optional value from type CTA861_3
02-22 17:51:18.091 10270 10437 E IMGMapper: set:488 set: Unset optional value from type SMPTE2086
02-22 17:51:18.091 10270 10437 E IMGMapper: set:488 set: Unset optional value from type CTA861_3
02-22 17:51:18.407 10270 10437 E IMGMapper: set:488 set: Unset optional value from type SMPTE2086
02-22 17:51:18.407 10270 10437 E IMGMapper: set:488 set: Unset optional value from type CTA861_3
02-22 17:51:18.806 10270 10437 E IMGMapper: set:488 set: Unset optional value from type SMPTE2086
02-22 17:51:18.806 10270 10437 E IMGMapper: set:488 set: Unset optional value from type CTA861_3
02-22 17:51:19.055 10270 10437 E IMGMapper: set:488 set: Unset optional value from type SMPTE2086
02-22 17:51:19.055 10270 10437 E IMGMapper: set:488 set: Unset optional value from type CTA861_3
02-22 17:51:19.470 10270 10437 E IMGMapper: set:488 set: Unset optional value from type SMPTE2086
02-22 17:51:19.470 10270 10437 E IMGMapper: set:488 set: Unset optional value from type CTA861_3
02-22 17:51:19.968 10270 10437 E IMGMapper: set:488 set: Unset optional value from type SMPTE2086
02-22 17:51:19.968 10270 10437 E IMGMapper: set:488 set: Unset optional value from type CTA861_3
02-22 17:51:20.018 10270 10437 E IMGMapper: set:488 set: Unset optional value from type SMPTE2086
02-22 17:51:20.018 10270 10437 E IMGMapper: set:488 set: Unset optional value from type CTA861_3
02-22 17:51:20.516 10270 10437 E IMGMapper: set:488 set: Unset optional value from type SMPTE2086
02-22 17:51:20.516 10270 10437 E IMGMapper: set:488 set: Unset optional value from type CTA861_3
02-22 17:51:20.851 10270 10437 E IMGMapper: set:488 set: Unset optional value from type SMPTE2086
02-22 17:51:20.851 10270 10437 E IMGMapper: set:488 set: Unset optional value from type CTA861_3
02-22 17:51:21.348 10270 10437 E IMGMapper: set:488 set: Unset optional value from type SMPTE2086
02-22 17:51:21.348 10270 10437 E IMGMapper: set:488 set: Unset optional value from type CTA861_3
02-22 17:51:21.869 10270 10437 E IMGMapper: set:488 set: Unset optional value from type SMPTE2086
02-22 17:51:21.869 10270 10437 E IMGMapper: set:488 set: Unset optional value from type CTA861_3
02-22 17:51:22.359 10270 10437 E IMGMapper: set:488 set: Unset optional value from type SMPTE2086
02-22 17:51:22.359 10270 10437 E IMGMapper: set:488 set: Unset optional value from type CTA861_3
02-22 17:51:22.411 10270 10437 E IMGMapper: set:488 set: Unset optional value from type SMPTE2086
02-22 17:51:22.412 10270 10437 E IMGMapper: set:488 set: Unset optional value from type CTA861_3
02-22 17:51:22.483 10270 10270 W Settings: Setting show_button_background has moved from android.provider.Settings.System to android.provider.Settings.Global, returning read-only value.
02-22 17:51:22.533 10270 10437 E IMGMapper: set:488 set: Unset optional value from type SMPTE2086
02-22 17:51:22.533 10270 10437 E IMGMapper: set:488 set: Unset optional value from type CTA861_3
02-22 17:51:22.536 10270 10437 W Parcel : Expecting binder but got null!
02-22 17:51:22.542 10270 10437 E IMGMapper: set:488 set: Unset optional value from type SMPTE2086
02-22 17:51:22.542 10270 10437 E IMGMapper: set:488 set: Unset optional value from type CTA861_3
02-22 17:51:22.548 10270 10437 E IMGMapper: set:488 set: Unset optional value from type SMPTE2086
02-22 17:51:22.548 10270 10437 E IMGMapper: set:488 set: Unset optional value from type CTA861_3
02-22 17:51:22.562 10270 10437 E IMGMapper: set:488 set: Unset optional value from type SMPTE2086
02-22 17:51:22.562 10270 10437 E IMGMapper: set:488 set: Unset optional value from type CTA861_3
02-22 17:51:23.402 10270 10437 E IMGMapper: set:488 set: Unset optional value from type SMPTE2086
02-22 17:51:23.403 10270 10437 E IMGMapper: set:488 set: Unset optional value from type CTA861_3
02-22 17:51:23.407 10270 10437 W Parcel : Expecting binder but got null!
02-22 17:51:24.871 10270 10437 E IMGMapper: set:488 set: Unset optional value from type SMPTE2086
02-22 17:51:24.871 10270 10437 E IMGMapper: set:488 set: Unset optional value from type CTA861_3
02-22 17:51:24.920 10270 10270 W OnBackInvokedCallback: OnBackInvokedCallback is not enabled for the application.
02-22 17:51:24.920 10270 10270 W OnBackInvokedCallback: Set 'android:enableOnBackInvokedCallback="true"' in the application manifest.
02-22 17:51:24.936 10270 10437 E IMGMapper: set:488 set: Unset optional value from type SMPTE2086
02-22 17:51:24.936 10270 10437 E IMGMapper: set:488 set: Unset optional value from type CTA861_3
02-22 17:51:25.482 10270 10270 W Settings: Setting show_button_background has moved from android.provider.Settings.System to android.provider.Settings.Global, returning read-only value.
02-22 17:51:25.560 10270 10437 E IMGMapper: set:488 set: Unset optional value from type SMPTE2086
02-22 17:51:25.560 10270 10437 E IMGMapper: set:488 set: Unset optional value from type CTA861_3
02-22 17:51:25.564 10270 10437 W Parcel : Expecting binder but got null!
02-22 17:51:25.683 10270 10437 E IMGMapper: set:488 set: Unset optional value from type SMPTE2086
02-22 17:51:25.684 10270 10437 E IMGMapper: set:488 set: Unset optional value from type CTA861_3
02-22 17:51:25.687 10270 10437 W Parcel : Expecting binder but got null!
02-22 17:51:25.694 10270 10437 E IMGMapper: set:488 set: Unset optional value from type SMPTE2086
02-22 17:51:25.694 10270 10437 E IMGMapper: set:488 set: Unset optional value from type CTA861_3
02-22 17:51:25.707 10270 10437 E IMGMapper: set:488 set: Unset optional value from type SMPTE2086
02-22 17:51:25.707 10270 10437 E IMGMapper: set:488 set: Unset optional value from type CTA861_3
02-22 17:51:25.718 10270 10437 E IMGMapper: set:488 set: Unset optional value from type SMPTE2086
02-22 17:51:25.718 10270 10437 E IMGMapper: set:488 set: Unset optional value from type CTA861_3
02-22 17:51:25.725 10270 10437 E IMGMapper: set:488 set: Unset optional value from type SMPTE2086
02-22 17:51:25.726 10270 10437 E IMGMapper: set:488 set: Unset optional value from type CTA861_3
02-22 17:51:25.740 10270 10437 E IMGMapper: set:488 set: Unset optional value from type SMPTE2086
02-22 17:51:25.740 10270 10437 E IMGMapper: set:488 set: Unset optional value from type CTA861_3
02-22 17:51:25.751 10270 10437 E IMGMapper: set:488 set: Unset optional value from type SMPTE2086
02-22 17:51:25.751 10270 10437 E IMGMapper: set:488 set: Unset optional value from type CTA861_3
02-22 17:51:26.086 10270 10437 E IMGMapper: set:488 set: Unset optional value from type SMPTE2086
02-22 17:51:26.086 10270 10437 E IMGMapper: set:488 set: Unset optional value from type CTA861_3
02-22 17:51:26.547 10270 10270 W RemoteInputConnectionImpl: requestCursorAnchorInfo on inactive InputConnection
02-22 17:51:26.548 10270 10270 E ImeBackDispatcher: Ime callback not found. Ignoring unregisterReceivedCallback. callbackId: 171612761
02-22 17:51:26.595 10270 10437 E IMGMapper: set:488 set: Unset optional value from type SMPTE2086
02-22 17:51:26.596 10270 10437 E IMGMapper: set:488 set: Unset optional value from type CTA861_3
02-22 17:51:26.598 10270 10437 W Parcel : Expecting binder but got null!
02-22 17:51:26.609 10270 10437 E IMGMapper: set:488 set: Unset optional value from type SMPTE2086
02-22 17:51:26.609 10270 10437 E IMGMapper: set:488 set: Unset optional value from type CTA861_3
02-22 17:51:26.639 10270 10437 E IMGMapper: set:488 set: Unset optional value from type SMPTE2086
02-22 17:51:26.639 10270 10437 E IMGMapper: set:488 set: Unset optional value from type CTA861_3
02-22 17:51:26.690 10270 10270 W OnBackInvokedCallback: OnBackInvokedCallback is not enabled for the application.
02-22 17:51:26.690 10270 10270 W OnBackInvokedCallback: Set 'android:enableOnBackInvokedCallback="true"' in the application manifest.
02-22 17:51:26.690 10270 10270 E ViewRootImpl: Calling showInsets(8,true) on window that no longer has views.
02-22 17:51:26.704 10270 10437 E IMGMapper: set:488 set: Unset optional value from type SMPTE2086
02-22 17:51:26.704 10270 10437 E IMGMapper: set:488 set: Unset optional value from type CTA861_3
02-22 17:51:26.813 10270 10270 W RemoteInputConnectionImpl: requestCursorAnchorInfo on inactive InputConnection
02-22 17:51:26.833 10270 10437 E IMGMapper: set:488 set: Unset optional value from type SMPTE2086
02-22 17:51:26.834 10270 10437 E IMGMapper: set:488 set: Unset optional value from type CTA861_3
02-22 17:51:38.562 10270 10437 E IMGMapper: set:488 set: Unset optional value from type SMPTE2086
02-22 17:51:38.562 10270 10437 E IMGMapper: set:488 set: Unset optional value from type CTA861_3
02-22 17:51:38.713 10270 10270 W Activity: Can request only one set of permissions at a time
02-22 17:51:38.786 10270 10437 E IMGMapper: set:488 set: Unset optional value from type SMPTE2086
02-22 17:51:38.786 10270 10437 E IMGMapper: set:488 set: Unset optional value from type CTA861_3
02-22 17:51:38.789 10270 10437 W Parcel : Expecting binder but got null!
02-22 17:51:38.803 10270 10437 E IMGMapper: set:488 set: Unset optional value from type SMPTE2086
02-22 17:51:38.803 10270 10437 E IMGMapper: set:488 set: Unset optional value from type CTA861_3
02-22 17:51:38.813 10270 10437 E IMGMapper: set:488 set: Unset optional value from type SMPTE2086
02-22 17:51:38.813 10270 10437 E IMGMapper: set:488 set: Unset optional value from type CTA861_3
02-22 17:51:38.837 10270 10437 E IMGMapper: set:488 set: Unset optional value from type SMPTE2086
02-22 17:51:38.837 10270 10437 E IMGMapper: set:488 set: Unset optional value from type CTA861_3
02-22 17:51:38.843 10270 10437 E IMGMapper: set:488 set: Unset optional value from type SMPTE2086
02-22 17:51:38.843 10270 10437 E IMGMapper: set:488 set: Unset optional value from type CTA861_3
02-22 17:51:38.859 10270 10437 E IMGMapper: set:488 set: Unset optional value from type SMPTE2086
02-22 17:51:38.859 10270 10437 E IMGMapper: set:488 set: Unset optional value from type CTA861_3
02-22 17:51:38.877 10270 10437 E IMGMapper: set:488 set: Unset optional value from type SMPTE2086
02-22 17:51:38.877 10270 10437 E IMGMapper: set:488 set: Unset optional value from type CTA861_3
02-22 17:51:38.894 10270 10437 E IMGMapper: set:488 set: Unset optional value from type SMPTE2086
02-22 17:51:38.894 10270 10437 E IMGMapper: set:488 set: Unset optional value from type CTA861_3
02-22 17:51:40.330 10270 10437 E IMGMapper: set:488 set: Unset optional value from type SMPTE2086
02-22 17:51:40.330 10270 10437 E IMGMapper: set:488 set: Unset optional value from type CTA861_3
02-22 17:51:40.455 10270 10270 W X.0Z6 : Invalid or missing region code (Guatemala) provided.
02-22 17:51:40.574 10270 10437 E IMGMapper: set:488 set: Unset optional value from type SMPTE2086
02-22 17:51:40.574 10270 10437 E IMGMapper: set:488 set: Unset optional value from type CTA861_3
02-22 17:51:40.577 10270 10437 W Parcel : Expecting binder but got null!
02-22 17:51:40.582 10270 10437 E IMGMapper: set:488 set: Unset optional value from type SMPTE2086
02-22 17:51:40.582 10270 10437 E IMGMapper: set:488 set: Unset optional value from type CTA861_3
02-22 17:51:40.599 10270 10437 E IMGMapper: set:488 set: Unset optional value from type SMPTE2086
02-22 17:51:40.599 10270 10437 E IMGMapper: set:488 set: Unset optional value from type CTA861_3
02-22 17:51:40.609 10270 10437 E IMGMapper: set:488 set: Unset optional value from type SMPTE2086
02-22 17:51:40.610 10270 10437 E IMGMapper: set:488 set: Unset optional value from type CTA861_3
02-22 17:51:40.831 10270 10437 E IMGMapper: set:488 set: Unset optional value from type SMPTE2086
02-22 17:51:40.832 10270 10437 E IMGMapper: set:488 set: Unset optional value from type CTA861_3
02-22 17:51:40.871 10270 10437 E IMGMapper: set:488 set: Unset optional value from type SMPTE2086
02-22 17:51:40.871 10270 10437 E IMGMapper: set:488 set: Unset optional value from type CTA861_3
02-22 17:51:40.912 10270 10270 W OnBackInvokedCallback: OnBackInvokedCallback is not enabled for the application.
02-22 17:51:40.912 10270 10270 W OnBackInvokedCallback: Set 'android:enableOnBackInvokedCallback="true"' in the application manifest.
02-22 17:51:41.015 10270 10437 E IMGMapper: set:488 set: Unset optional value from type SMPTE2086
02-22 17:51:41.015 10270 10437 E IMGMapper: set:488 set: Unset optional value from type CTA861_3
02-22 17:51:41.023 10270 10437 E IMGMapper: set:488 set: Unset optional value from type SMPTE2086
02-22 17:51:41.023 10270 10437 E IMGMapper: set:488 set: Unset optional value from type CTA861_3
02-22 17:51:41.292 10270 10437 E IMGMapper: set:488 set: Unset optional value from type SMPTE2086
02-22 17:51:41.292 10270 10437 E IMGMapper: set:488 set: Unset optional value from type CTA861_3
02-22 17:51:41.310 10270 10437 E IMGMapper: set:488 set: Unset optional value from type SMPTE2086
02-22 17:51:41.310 10270 10437 E IMGMapper: set:488 set: Unset optional value from type CTA861_3
02-22 17:51:41.326 10270 10437 E IMGMapper: set:488 set: Unset optional value from type SMPTE2086
02-22 17:51:41.326 10270 10437 E IMGMapper: set:488 set: Unset optional value from type CTA861_3
02-22 17:51:41.342 10270 10437 E IMGMapper: set:488 set: Unset optional value from type SMPTE2086
02-22 17:51:41.342 10270 10437 E IMGMapper: set:488 set: Unset optional value from type CTA861_3
02-22 17:51:41.359 10270 10437 E IMGMapper: set:488 set: Unset optional value from type SMPTE2086
02-22 17:51:41.359 10270 10437 E IMGMapper: set:488 set: Unset optional value from type CTA861_3
02-22 17:51:41.374 10270 10437 E IMGMapper: set:488 set: Unset optional value from type SMPTE2086
02-22 17:51:41.374 10270 10437 E IMGMapper: set:488 set: Unset optional value from type CTA861_3
02-22 17:51:41.391 10270 10437 E IMGMapper: set:488 set: Unset optional value from type SMPTE2086
02-22 17:51:41.391 10270 10437 E IMGMapper: set:488 set: Unset optional value from type CTA861_3
02-22 17:51:41.408 10270 10437 E IMGMapper: set:488 set: Unset optional value from type SMPTE2086
02-22 17:51:41.408 10270 10437 E IMGMapper: set:488 set: Unset optional value from type CTA861_3
02-22 17:51:41.426 10270 10437 E IMGMapper: set:488 set: Unset optional value from type SMPTE2086
02-22 17:51:41.426 10270 10437 E IMGMapper: set:488 set: Unset optional value from type CTA861_3
02-22 17:51:41.441 10270 10437 E IMGMapper: set:488 set: Unset optional value from type SMPTE2086
02-22 17:51:41.441 10270 10437 E IMGMapper: set:488 set: Unset optional value from type CTA861_3
02-22 17:51:41.457 10270 10437 E IMGMapper: set:488 set: Unset optional value from type SMPTE2086
02-22 17:51:41.457 10270 10437 E IMGMapper: set:488 set: Unset optional value from type CTA861_3
02-22 17:51:41.474 10270 10437 E IMGMapper: set:488 set: Unset optional value from type SMPTE2086
02-22 17:51:41.474 10270 10437 E IMGMapper: set:488 set: Unset optional value from type CTA861_3
02-22 17:51:41.490 10270 10437 E IMGMapper: set:488 set: Unset optional value from type SMPTE2086
02-22 17:51:41.490 10270 10437 E IMGMapper: set:488 set: Unset optional value from type CTA861_3
02-22 17:51:41.506 10270 10437 E IMGMapper: set:488 set: Unset optional value from type SMPTE2086
02-22 17:51:41.506 10270 10437 E IMGMapper: set:488 set: Unset optional value from type CTA861_3
02-22 17:51:41.522 10270 10437 E IMGMapper: set:488 set: Unset optional value from type SMPTE2086
02-22 17:51:41.522 10270 10437 E IMGMapper: set:488 set: Unset optional value from type CTA861_3
02-22 17:51:41.538 10270 10437 E IMGMapper: set:488 set: Unset optional value from type SMPTE2086
02-22 17:51:41.538 10270 10437 E IMGMapper: set:488 set: Unset optional value from type CTA861_3
02-22 17:51:41.555 10270 10437 E IMGMapper: set:488 set: Unset optional value from type SMPTE2086
02-22 17:51:41.555 10270 10437 E IMGMapper: set:488 set: Unset optional value from type CTA861_3
02-22 17:51:41.874 10270 10437 E IMGMapper: set:488 set: Unset optional value from type SMPTE2086
02-22 17:51:41.874 10270 10437 E IMGMapper: set:488 set: Unset optional value from type CTA861_3
02-22 17:51:42.202 10270 10437 E IMGMapper: set:488 set: Unset optional value from type SMPTE2086
02-22 17:51:42.202 10270 10437 E IMGMapper: set:488 set: Unset optional value from type CTA861_3
02-22 17:51:42.277 10270 10437 E IMGMapper: set:488 set: Unset optional value from type SMPTE2086
02-22 17:51:42.277 10270 10437 E IMGMapper: set:488 set: Unset optional value from type CTA861_3
02-22 17:51:42.317 10270 10437 E IMGMapper: set:488 set: Unset optional value from type SMPTE2086
02-22 17:51:42.317 10270 10437 E IMGMapper: set:488 set: Unset optional value from type CTA861_3
02-22 17:51:42.319 10270 10437 W Parcel : Expecting binder but got null!
02-22 17:51:42.326 10270 10437 E IMGMapper: set:488 set: Unset optional value from type SMPTE2086
02-22 17:51:42.326 10270 10437 E IMGMapper: set:488 set: Unset optional value from type CTA861_3
02-22 17:51:42.332 10270 10437 E IMGMapper: set:488 set: Unset optional value from type SMPTE2086
02-22 17:51:42.332 10270 10437 E IMGMapper: set:488 set: Unset optional value from type CTA861_3
02-22 17:51:42.337 10270 10437 E IMGMapper: set:488 set: Unset optional value from type SMPTE2086
02-22 17:51:42.337 10270 10437 E IMGMapper: set:488 set: Unset optional value from type CTA861_3
02-22 17:51:42.344 10270 10437 E IMGMapper: set:488 set: Unset optional value from type SMPTE2086
02-22 17:51:42.344 10270 10437 E IMGMapper: set:488 set: Unset optional value from type CTA861_3
02-22 17:51:42.352 10270 10437 E IMGMapper: set:488 set: Unset optional value from type SMPTE2086
02-22 17:51:42.352 10270 10437 E IMGMapper: set:488 set: Unset optional value from type CTA861_3
02-22 17:51:42.370 10270 10437 E IMGMapper: set:488 set: Unset optional value from type SMPTE2086
02-22 17:51:42.370 10270 10437 E IMGMapper: set:488 set: Unset optional value from type CTA861_3
02-22 17:51:42.386 10270 10437 E IMGMapper: set:488 set: Unset optional value from type SMPTE2086
02-22 17:51:42.386 10270 10437 E IMGMapper: set:488 set: Unset optional value from type CTA861_3
02-22 17:51:42.402 10270 10437 E IMGMapper: set:488 set: Unset optional value from type SMPTE2086
02-22 17:51:42.403 10270 10437 E IMGMapper: set:488 set: Unset optional value from type CTA861_3
02-22 17:51:42.419 10270 10437 E IMGMapper: set:488 set: Unset optional value from type SMPTE2086
02-22 17:51:42.419 10270 10437 E IMGMapper: set:488 set: Unset optional value from type CTA861_3
02-22 17:51:42.436 10270 10437 E IMGMapper: set:488 set: Unset optional value from type SMPTE2086
02-22 17:51:42.436 10270 10437 E IMGMapper: set:488 set: Unset optional value from type CTA861_3
02-22 17:51:42.452 10270 10437 E IMGMapper: set:488 set: Unset optional value from type SMPTE2086
02-22 17:51:42.453 10270 10437 E IMGMapper: set:488 set: Unset optional value from type CTA861_3
02-22 17:51:42.469 10270 10437 E IMGMapper: set:488 set: Unset optional value from type SMPTE2086
02-22 17:51:42.469 10270 10437 E IMGMapper: set:488 set: Unset optional value from type CTA861_3
02-22 17:51:42.486 10270 10437 E IMGMapper: set:488 set: Unset optional value from type SMPTE2086
02-22 17:51:42.486 10270 10437 E IMGMapper: set:488 set: Unset optional value from type CTA861_3
02-22 17:51:42.502 10270 10437 E IMGMapper: set:488 set: Unset optional value from type SMPTE2086
02-22 17:51:42.502 10270 10437 E IMGMapper: set:488 set: Unset optional value from type CTA861_3
02-22 17:51:42.519 10270 10437 E IMGMapper: set:488 set: Unset optional value from type SMPTE2086
02-22 17:51:42.519 10270 10437 E IMGMapper: set:488 set: Unset optional value from type CTA861_3
02-22 17:51:42.536 10270 10437 E IMGMapper: set:488 set: Unset optional value from type SMPTE2086
02-22 17:51:42.536 10270 10437 E IMGMapper: set:488 set: Unset optional value from type CTA861_3
02-22 17:51:42.552 10270 10437 E IMGMapper: set:488 set: Unset optional value from type SMPTE2086
02-22 17:51:42.552 10270 10437 E IMGMapper: set:488 set: Unset optional value from type CTA861_3
02-22 17:51:42.865 10270 10437 E IMGMapper: set:488 set: Unset optional value from type SMPTE2086
02-22 17:51:42.865 10270 10437 E IMGMapper: set:488 set: Unset optional value from type CTA861_3
02-22 17:51:42.977 10270 10437 E IMGMapper: set:488 set: Unset optional value from type SMPTE2086
02-22 17:51:42.977 10270 10437 E IMGMapper: set:488 set: Unset optional value from type CTA861_3
02-22 17:51:43.012 10270 10437 E IMGMapper: set:488 set: Unset optional value from type SMPTE2086
02-22 17:51:43.012 10270 10437 E IMGMapper: set:488 set: Unset optional value from type CTA861_3
02-22 17:51:43.191 10270 10437 E IMGMapper: set:488 set: Unset optional value from type SMPTE2086
02-22 17:51:43.191 10270 10437 E IMGMapper: set:488 set: Unset optional value from type CTA861_3
02-22 17:51:43.385 10270 10437 E IMGMapper: set:488 set: Unset optional value from type SMPTE2086
02-22 17:51:43.385 10270 10437 E IMGMapper: set:488 set: Unset optional value from type CTA861_3
02-22 17:51:43.388 10270 10437 W Parcel : Expecting binder but got null!
02-22 17:51:43.437 10270 10437 E IMGMapper: set:488 set: Unset optional value from type SMPTE2086
02-22 17:51:43.437 10270 10437 E IMGMapper: set:488 set: Unset optional value from type CTA861_3
02-22 17:51:43.445 10270 10437 E IMGMapper: set:488 set: Unset optional value from type SMPTE2086
02-22 17:51:43.445 10270 10437 E IMGMapper: set:488 set: Unset optional value from type CTA861_3
02-22 17:51:43.451 10270 10270 W OnBackInvokedCallback: OnBackInvokedCallback is not enabled for the application.
02-22 17:51:43.451 10270 10270 W OnBackInvokedCallback: Set 'android:enableOnBackInvokedCallback="true"' in the application manifest.
02-22 17:51:43.484 10270 10437 E IMGMapper: set:488 set: Unset optional value from type SMPTE2086
02-22 17:51:43.484 10270 10437 E IMGMapper: set:488 set: Unset optional value from type CTA861_3
02-22 17:51:43.508 10270 10270 W RemoteInputConnectionImpl: requestCursorAnchorInfo on inactive InputConnection
02-22 17:51:43.567 10270 10437 E IMGMapper: set:488 set: Unset optional value from type SMPTE2086
02-22 17:51:43.567 10270 10437 E IMGMapper: set:488 set: Unset optional value from type CTA861_3
02-22 17:51:44.597 10270 10437 E IMGMapper: set:488 set: Unset optional value from type SMPTE2086
02-22 17:51:44.598 10270 10437 E IMGMapper: set:488 set: Unset optional value from type CTA861_3
02-22 17:51:45.708 10270 10437 E IMGMapper: set:488 set: Unset optional value from type SMPTE2086
02-22 17:51:45.708 10270 10437 E IMGMapper: set:488 set: Unset optional value from type CTA861_3
02-22 17:51:45.773 10270 10437 E IMGMapper: set:488 set: Unset optional value from type SMPTE2086
02-22 17:51:45.773 10270 10437 E IMGMapper: set:488 set: Unset optional value from type CTA861_3
02-22 17:51:45.775 10270 10437 W Parcel : Expecting binder but got null!
02-22 17:51:45.783 10270 10437 E IMGMapper: set:488 set: Unset optional value from type SMPTE2086
02-22 17:51:45.783 10270 10437 E IMGMapper: set:488 set: Unset optional value from type CTA861_3
02-22 17:51:45.799 10270 10437 E IMGMapper: set:488 set: Unset optional value from type SMPTE2086
02-22 17:51:45.799 10270 10437 E IMGMapper: set:488 set: Unset optional value from type CTA861_3
02-22 17:51:48.278 10270 10437 E IMGMapper: set:488 set: Unset optional value from type SMPTE2086
02-22 17:51:48.278 10270 10437 E IMGMapper: set:488 set: Unset optional value from type CTA861_3
02-22 17:52:04.519 10270 10437 E IMGMapper: set:488 set: Unset optional value from type SMPTE2086
02-22 17:52:04.519 10270 10437 E IMGMapper: set:488 set: Unset optional value from type CTA861_3
02-22 17:52:19.096 10270 10437 E IMGMapper: set:488 set: Unset optional value from type SMPTE2086
02-22 17:52:19.096 10270 10437 E IMGMapper: set:488 set: Unset optional value from type CTA861_3
02-22 17:52:19.217 10270 10270 W X.0Z6 : Invalid or missing region code (Guatemala) provided.
02-22 17:52:19.324 10270 10437 E IMGMapper: set:488 set: Unset optional value from type SMPTE2086
02-22 17:52:19.324 10270 10437 E IMGMapper: set:488 set: Unset optional value from type CTA861_3
02-22 17:52:19.327 10270 10437 W Parcel : Expecting binder but got null!
02-22 17:52:19.342 10270 10437 E IMGMapper: set:488 set: Unset optional value from type SMPTE2086
02-22 17:52:19.342 10270 10437 E IMGMapper: set:488 set: Unset optional value from type CTA861_3
02-22 17:52:19.351 10270 10437 E IMGMapper: set:488 set: Unset optional value from type SMPTE2086
02-22 17:52:19.351 10270 10437 E IMGMapper: set:488 set: Unset optional value from type CTA861_3
02-22 17:52:19.361 10270 10437 E IMGMapper: set:488 set: Unset optional value from type SMPTE2086
02-22 17:52:19.361 10270 10437 E IMGMapper: set:488 set: Unset optional value from type CTA861_3
02-22 17:52:19.563 10270 10437 E IMGMapper: set:488 set: Unset optional value from type SMPTE2086
02-22 17:52:19.563 10270 10437 E IMGMapper: set:488 set: Unset optional value from type CTA861_3
02-22 17:52:19.611 10270 10437 E IMGMapper: set:488 set: Unset optional value from type SMPTE2086
02-22 17:52:19.611 10270 10437 E IMGMapper: set:488 set: Unset optional value from type CTA861_3
02-22 17:52:19.656 10270 10270 W OnBackInvokedCallback: OnBackInvokedCallback is not enabled for the application.
02-22 17:52:19.656 10270 10270 W OnBackInvokedCallback: Set 'android:enableOnBackInvokedCallback="true"' in the application manifest.
02-22 17:52:19.748 10270 10437 E IMGMapper: set:488 set: Unset optional value from type SMPTE2086
02-22 17:52:19.748 10270 10437 E IMGMapper: set:488 set: Unset optional value from type CTA861_3
02-22 17:52:19.757 10270 10437 E IMGMapper: set:488 set: Unset optional value from type SMPTE2086
02-22 17:52:19.757 10270 10437 E IMGMapper: set:488 set: Unset optional value from type CTA861_3
02-22 17:52:20.042 10270 10437 E IMGMapper: set:488 set: Unset optional value from type SMPTE2086
02-22 17:52:20.043 10270 10437 E IMGMapper: set:488 set: Unset optional value from type CTA861_3
02-22 17:52:20.060 10270 10437 E IMGMapper: set:488 set: Unset optional value from type SMPTE2086
02-22 17:52:20.060 10270 10437 E IMGMapper: set:488 set: Unset optional value from type CTA861_3
02-22 17:52:20.076 10270 10437 E IMGMapper: set:488 set: Unset optional value from type SMPTE2086
02-22 17:52:20.076 10270 10437 E IMGMapper: set:488 set: Unset optional value from type CTA861_3
02-22 17:52:20.094 10270 10437 E IMGMapper: set:488 set: Unset optional value from type SMPTE2086
02-22 17:52:20.094 10270 10437 E IMGMapper: set:488 set: Unset optional value from type CTA861_3
02-22 17:52:20.109 10270 10437 E IMGMapper: set:488 set: Unset optional value from type SMPTE2086
02-22 17:52:20.109 10270 10437 E IMGMapper: set:488 set: Unset optional value from type CTA861_3
02-22 17:52:20.126 10270 10437 E IMGMapper: set:488 set: Unset optional value from type SMPTE2086
02-22 17:52:20.126 10270 10437 E IMGMapper: set:488 set: Unset optional value from type CTA861_3
02-22 17:52:20.142 10270 10437 E IMGMapper: set:488 set: Unset optional value from type SMPTE2086
02-22 17:52:20.143 10270 10437 E IMGMapper: set:488 set: Unset optional value from type CTA861_3
02-22 17:52:20.160 10270 10437 E IMGMapper: set:488 set: Unset optional value from type SMPTE2086
02-22 17:52:20.160 10270 10437 E IMGMapper: set:488 set: Unset optional value from type CTA861_3
02-22 17:52:20.176 10270 10437 E IMGMapper: set:488 set: Unset optional value from type SMPTE2086
02-22 17:52:20.176 10270 10437 E IMGMapper: set:488 set: Unset optional value from type CTA861_3
02-22 17:52:20.192 10270 10437 E IMGMapper: set:488 set: Unset optional value from type SMPTE2086
02-22 17:52:20.192 10270 10437 E IMGMapper: set:488 set: Unset optional value from type CTA861_3
02-22 17:52:20.209 10270 10437 E IMGMapper: set:488 set: Unset optional value from type SMPTE2086
02-22 17:52:20.210 10270 10437 E IMGMapper: set:488 set: Unset optional value from type CTA861_3
02-22 17:52:20.224 10270 10437 E IMGMapper: set:488 set: Unset optional value from type SMPTE2086
02-22 17:52:20.224 10270 10437 E IMGMapper: set:488 set: Unset optional value from type CTA861_3
02-22 17:52:20.240 10270 10437 E IMGMapper: set:488 set: Unset optional value from type SMPTE2086
02-22 17:52:20.241 10270 10437 E IMGMapper: set:488 set: Unset optional value from type CTA861_3
02-22 17:52:20.257 10270 10437 E IMGMapper: set:488 set: Unset optional value from type SMPTE2086
02-22 17:52:20.258 10270 10437 E IMGMapper: set:488 set: Unset optional value from type CTA861_3
02-22 17:52:20.273 10270 10437 E IMGMapper: set:488 set: Unset optional value from type SMPTE2086
02-22 17:52:20.274 10270 10437 E IMGMapper: set:488 set: Unset optional value from type CTA861_3
02-22 17:52:20.291 10270 10437 E IMGMapper: set:488 set: Unset optional value from type SMPTE2086
02-22 17:52:20.291 10270 10437 E IMGMapper: set:488 set: Unset optional value from type CTA861_3
02-22 17:52:20.306 10270 10437 E IMGMapper: set:488 set: Unset optional value from type SMPTE2086
02-22 17:52:20.306 10270 10437 E IMGMapper: set:488 set: Unset optional value from type CTA861_3
02-22 17:52:20.591 10270 10437 E IMGMapper: set:488 set: Unset optional value from type SMPTE2086
02-22 17:52:20.591 10270 10437 E IMGMapper: set:488 set: Unset optional value from type CTA861_3
02-22 17:52:21.035 10270 10437 E IMGMapper: set:488 set: Unset optional value from type SMPTE2086
02-22 17:52:21.035 10270 10437 E IMGMapper: set:488 set: Unset optional value from type CTA861_3
02-22 17:52:21.085 10270 10437 E IMGMapper: set:488 set: Unset optional value from type SMPTE2086
02-22 17:52:21.085 10270 10437 E IMGMapper: set:488 set: Unset optional value from type CTA861_3
02-22 17:52:21.130 10270 10437 E IMGMapper: set:488 set: Unset optional value from type SMPTE2086
02-22 17:52:21.130 10270 10437 E IMGMapper: set:488 set: Unset optional value from type CTA861_3
02-22 17:52:21.256 10270 10437 E IMGMapper: set:488 set: Unset optional value from type SMPTE2086
02-22 17:52:21.256 10270 10437 E IMGMapper: set:488 set: Unset optional value from type CTA861_3
02-22 17:52:21.258 10270 10437 W Parcel : Expecting binder but got null!
02-22 17:52:21.266 10270 10437 E IMGMapper: set:488 set: Unset optional value from type SMPTE2086
02-22 17:52:21.266 10270 10437 E IMGMapper: set:488 set: Unset optional value from type CTA861_3
02-22 17:52:21.287 10270 10437 E IMGMapper: set:488 set: Unset optional value from type SMPTE2086
02-22 17:52:21.287 10270 10437 E IMGMapper: set:488 set: Unset optional value from type CTA861_3
02-22 17:52:21.290 10270 10270 W OnBackInvokedCallback: OnBackInvokedCallback is not enabled for the application.
02-22 17:52:21.290 10270 10270 W OnBackInvokedCallback: Set 'android:enableOnBackInvokedCallback="true"' in the application manifest.
02-22 17:52:21.320 10270 10270 W RemoteInputConnectionImpl: requestCursorAnchorInfo on inactive InputConnection
02-22 17:52:21.322 10270 10437 E IMGMapper: set:488 set: Unset optional value from type SMPTE2086
02-22 17:52:21.322 10270 10437 E IMGMapper: set:488 set: Unset optional value from type CTA861_3
02-22 17:52:21.337 10270 10437 E IMGMapper: set:488 set: Unset optional value from type SMPTE2086
02-22 17:52:21.337 10270 10437 E IMGMapper: set:488 set: Unset optional value from type CTA861_3
02-22 17:52:21.342 10270 10437 E IMGMapper: set:488 set: Unset optional value from type SMPTE2086
02-22 17:52:21.342 10270 10437 E IMGMapper: set:488 set: Unset optional value from type CTA861_3
02-22 17:52:21.351 10270 10437 E IMGMapper: set:488 set: Unset optional value from type SMPTE2086
02-22 17:52:21.351 10270 10437 E IMGMapper: set:488 set: Unset optional value from type CTA861_3
02-22 17:52:21.367 10270 10437 E IMGMapper: set:488 set: Unset optional value from type SMPTE2086
02-22 17:52:21.367 10270 10437 E IMGMapper: set:488 set: Unset optional value from type CTA861_3
02-22 17:52:21.385 10270 10437 E IMGMapper: set:488 set: Unset optional value from type SMPTE2086
02-22 17:52:21.385 10270 10437 E IMGMapper: set:488 set: Unset optional value from type CTA861_3
02-22 17:52:21.400 10270 10437 E IMGMapper: set:488 set: Unset optional value from type SMPTE2086
02-22 17:52:21.400 10270 10437 E IMGMapper: set:488 set: Unset optional value from type CTA861_3
02-22 17:52:21.417 10270 10437 E IMGMapper: set:488 set: Unset optional value from type SMPTE2086
02-22 17:52:21.417 10270 10437 E IMGMapper: set:488 set: Unset optional value from type CTA861_3
02-22 17:52:21.433 10270 10437 E IMGMapper: set:488 set: Unset optional value from type SMPTE2086
02-22 17:52:21.433 10270 10437 E IMGMapper: set:488 set: Unset optional value from type CTA861_3
02-22 17:52:21.450 10270 10437 E IMGMapper: set:488 set: Unset optional value from type SMPTE2086
02-22 17:52:21.450 10270 10437 E IMGMapper: set:488 set: Unset optional value from type CTA861_3
02-22 17:52:21.467 10270 10437 E IMGMapper: set:488 set: Unset optional value from type SMPTE2086
02-22 17:52:21.467 10270 10437 E IMGMapper: set:488 set: Unset optional value from type CTA861_3
02-22 17:52:21.483 10270 10437 E IMGMapper: set:488 set: Unset optional value from type SMPTE2086
02-22 17:52:21.483 10270 10437 E IMGMapper: set:488 set: Unset optional value from type CTA861_3
02-22 17:52:21.500 10270 10437 E IMGMapper: set:488 set: Unset optional value from type SMPTE2086
02-22 17:52:21.500 10270 10437 E IMGMapper: set:488 set: Unset optional value from type CTA861_3
02-22 17:52:21.517 10270 10437 E IMGMapper: set:488 set: Unset optional value from type SMPTE2086
02-22 17:52:21.517 10270 10437 E IMGMapper: set:488 set: Unset optional value from type CTA861_3
02-22 17:52:21.533 10270 10437 E IMGMapper: set:488 set: Unset optional value from type SMPTE2086
02-22 17:52:21.533 10270 10437 E IMGMapper: set:488 set: Unset optional value from type CTA861_3
02-22 17:52:21.550 10270 10437 E IMGMapper: set:488 set: Unset optional value from type SMPTE2086
02-22 17:52:21.550 10270 10437 E IMGMapper: set:488 set: Unset optional value from type CTA861_3
02-22 17:52:21.566 10270 10437 E IMGMapper: set:488 set: Unset optional value from type SMPTE2086
02-22 17:52:21.566 10270 10437 E IMGMapper: set:488 set: Unset optional value from type CTA861_3
02-22 17:52:21.584 10270 10437 E IMGMapper: set:488 set: Unset optional value from type SMPTE2086
02-22 17:52:21.584 10270 10437 E IMGMapper: set:488 set: Unset optional value from type CTA861_3
02-22 17:52:21.600 10270 10437 E IMGMapper: set:488 set: Unset optional value from type SMPTE2086
02-22 17:52:21.600 10270 10437 E IMGMapper: set:488 set: Unset optional value from type CTA861_3
02-22 17:52:22.005 10270 10437 E IMGMapper: set:488 set: Unset optional value from type SMPTE2086
02-22 17:52:22.006 10270 10437 E IMGMapper: set:488 set: Unset optional value from type CTA861_3
02-22 17:52:22.020 10270 10437 E IMGMapper: set:488 set: Unset optional value from type SMPTE2086
02-22 17:52:22.021 10270 10437 E IMGMapper: set:488 set: Unset optional value from type CTA861_3
02-22 17:52:22.038 10270 10437 E IMGMapper: set:488 set: Unset optional value from type SMPTE2086
02-22 17:52:22.038 10270 10437 E IMGMapper: set:488 set: Unset optional value from type CTA861_3
02-22 17:52:22.054 10270 10437 E IMGMapper: set:488 set: Unset optional value from type SMPTE2086
02-22 17:52:22.054 10270 10437 E IMGMapper: set:488 set: Unset optional value from type CTA861_3
02-22 17:52:22.071 10270 10437 E IMGMapper: set:488 set: Unset optional value from type SMPTE2086
02-22 17:52:22.071 10270 10437 E IMGMapper: set:488 set: Unset optional value from type CTA861_3
02-22 17:52:22.087 10270 10437 E IMGMapper: set:488 set: Unset optional value from type SMPTE2086
02-22 17:52:22.088 10270 10437 E IMGMapper: set:488 set: Unset optional value from type CTA861_3
02-22 17:52:22.106 10270 10437 E IMGMapper: set:488 set: Unset optional value from type SMPTE2086
02-22 17:52:22.107 10270 10437 E IMGMapper: set:488 set: Unset optional value from type CTA861_3
02-22 17:52:22.118 10270 10437 E IMGMapper: set:488 set: Unset optional value from type SMPTE2086
02-22 17:52:22.118 10270 10437 E IMGMapper: set:488 set: Unset optional value from type CTA861_3
02-22 17:52:22.136 10270 10437 E IMGMapper: set:488 set: Unset optional value from type SMPTE2086
02-22 17:52:22.136 10270 10437 E IMGMapper: set:488 set: Unset optional value from type CTA861_3
02-22 17:52:22.152 10270 10437 E IMGMapper: set:488 set: Unset optional value from type SMPTE2086
02-22 17:52:22.152 10270 10437 E IMGMapper: set:488 set: Unset optional value from type CTA861_3
02-22 17:52:22.170 10270 10437 E IMGMapper: set:488 set: Unset optional value from type SMPTE2086
02-22 17:52:22.170 10270 10437 E IMGMapper: set:488 set: Unset optional value from type CTA861_3
02-22 17:52:22.186 10270 10437 E IMGMapper: set:488 set: Unset optional value from type SMPTE2086
02-22 17:52:22.186 10270 10437 E IMGMapper: set:488 set: Unset optional value from type CTA861_3
02-22 17:52:22.202 10270 10437 E IMGMapper: set:488 set: Unset optional value from type SMPTE2086
02-22 17:52:22.202 10270 10437 E IMGMapper: set:488 set: Unset optional value from type CTA861_3
02-22 17:52:22.219 10270 10437 E IMGMapper: set:488 set: Unset optional value from type SMPTE2086
02-22 17:52:22.219 10270 10437 E IMGMapper: set:488 set: Unset optional value from type CTA861_3
02-22 17:52:22.236 10270 10437 E IMGMapper: set:488 set: Unset optional value from type SMPTE2086
02-22 17:52:22.236 10270 10437 E IMGMapper: set:488 set: Unset optional value from type CTA861_3
02-22 17:52:22.252 10270 10437 E IMGMapper: set:488 set: Unset optional value from type SMPTE2086
02-22 17:52:22.252 10270 10437 E IMGMapper: set:488 set: Unset optional value from type CTA861_3
02-22 17:52:22.268 10270 10437 E IMGMapper: set:488 set: Unset optional value from type SMPTE2086
02-22 17:52:22.269 10270 10437 E IMGMapper: set:488 set: Unset optional value from type CTA861_3
02-22 17:52:24.300 10270 10437 E IMGMapper: set:488 set: Unset optional value from type SMPTE2086
02-22 17:52:24.300 10270 10437 E IMGMapper: set:488 set: Unset optional value from type CTA861_3
02-22 17:52:24.339 10270 10437 E IMGMapper: set:488 set: Unset optional value from type SMPTE2086
02-22 17:52:24.339 10270 10437 E IMGMapper: set:488 set: Unset optional value from type CTA861_3
02-22 17:52:24.372 10270 10437 E IMGMapper: set:488 set: Unset optional value from type SMPTE2086
02-22 17:52:24.372 10270 10437 E IMGMapper: set:488 set: Unset optional value from type CTA861_3
02-22 17:52:25.747 10270 10437 E IMGMapper: set:488 set: Unset optional value from type SMPTE2086
02-22 17:52:25.747 10270 10437 E IMGMapper: set:488 set: Unset optional value from type CTA861_3
02-22 17:52:25.761 10270 10437 E IMGMapper: set:488 set: Unset optional value from type SMPTE2086
02-22 17:52:25.761 10270 10437 E IMGMapper: set:488 set: Unset optional value from type CTA861_3
02-22 17:52:25.772 10270 10437 E IMGMapper: set:488 set: Unset optional value from type SMPTE2086
02-22 17:52:25.772 10270 10437 E IMGMapper: set:488 set: Unset optional value from type CTA861_3
02-22 17:52:25.790 10270 10437 E IMGMapper: set:488 set: Unset optional value from type SMPTE2086
02-22 17:52:25.790 10270 10437 E IMGMapper: set:488 set: Unset optional value from type CTA861_3
02-22 17:52:25.805 10270 10437 E IMGMapper: set:488 set: Unset optional value from type SMPTE2086
02-22 17:52:25.805 10270 10437 E IMGMapper: set:488 set: Unset optional value from type CTA861_3
02-22 17:52:25.821 10270 10437 E IMGMapper: set:488 set: Unset optional value from type SMPTE2086
02-22 17:52:25.822 10270 10437 E IMGMapper: set:488 set: Unset optional value from type CTA861_3
02-22 17:52:25.828 10270 10270 W OnBackInvokedCallback: OnBackInvokedCallback is not enabled for the application.
02-22 17:52:25.828 10270 10270 W OnBackInvokedCallback: Set 'android:enableOnBackInvokedCallback="true"' in the application manifest.
02-22 17:52:25.838 10270 10437 E IMGMapper: set:488 set: Unset optional value from type SMPTE2086
02-22 17:52:25.838 10270 10437 E IMGMapper: set:488 set: Unset optional value from type CTA861_3
02-22 17:52:25.854 10270 10437 E IMGMapper: set:488 set: Unset optional value from type SMPTE2086
02-22 17:52:25.854 10270 10437 E IMGMapper: set:488 set: Unset optional value from type CTA861_3
02-22 17:52:25.871 10270 10437 E IMGMapper: set:488 set: Unset optional value from type SMPTE2086
02-22 17:52:25.871 10270 10437 E IMGMapper: set:488 set: Unset optional value from type CTA861_3
02-22 17:52:25.892 10270 10437 E IMGMapper: set:488 set: Unset optional value from type SMPTE2086
02-22 17:52:25.892 10270 10437 E IMGMapper: set:488 set: Unset optional value from type CTA861_3
02-22 17:52:25.924 10270 10437 E IMGMapper: set:488 set: Unset optional value from type SMPTE2086
02-22 17:52:25.924 10270 10437 E IMGMapper: set:488 set: Unset optional value from type CTA861_3
02-22 17:52:26.253 10270 10437 E IMGMapper: set:488 set: Unset optional value from type SMPTE2086
02-22 17:52:26.253 10270 10437 E IMGMapper: set:488 set: Unset optional value from type CTA861_3
02-22 17:52:26.286 10270 10437 E IMGMapper: set:488 set: Unset optional value from type SMPTE2086
02-22 17:52:26.286 10270 10437 E IMGMapper: set:488 set: Unset optional value from type CTA861_3
02-22 17:52:26.302 10270 10437 E IMGMapper: set:488 set: Unset optional value from type SMPTE2086
02-22 17:52:26.302 10270 10437 E IMGMapper: set:488 set: Unset optional value from type CTA861_3
02-22 17:52:26.319 10270 10437 E IMGMapper: set:488 set: Unset optional value from type SMPTE2086
02-22 17:52:26.319 10270 10437 E IMGMapper: set:488 set: Unset optional value from type CTA861_3
02-22 17:52:26.336 10270 10437 E IMGMapper: set:488 set: Unset optional value from type SMPTE2086
02-22 17:52:26.336 10270 10437 E IMGMapper: set:488 set: Unset optional value from type CTA861_3
02-22 17:52:26.353 10270 10437 E IMGMapper: set:488 set: Unset optional value from type SMPTE2086
02-22 17:52:26.353 10270 10437 E IMGMapper: set:488 set: Unset optional value from type CTA861_3
02-22 17:52:26.370 10270 10437 E IMGMapper: set:488 set: Unset optional value from type SMPTE2086
02-22 17:52:26.370 10270 10437 E IMGMapper: set:488 set: Unset optional value from type CTA861_3
02-22 17:52:26.386 10270 10437 E IMGMapper: set:488 set: Unset optional value from type SMPTE2086
02-22 17:52:26.386 10270 10437 E IMGMapper: set:488 set: Unset optional value from type CTA861_3
02-22 17:52:26.403 10270 10437 E IMGMapper: set:488 set: Unset optional value from type SMPTE2086
02-22 17:52:26.403 10270 10437 E IMGMapper: set:488 set: Unset optional value from type CTA861_3
02-22 17:52:26.419 10270 10437 E IMGMapper: set:488 set: Unset optional value from type SMPTE2086
02-22 17:52:26.419 10270 10437 E IMGMapper: set:488 set: Unset optional value from type CTA861_3
02-22 17:52:26.436 10270 10437 E IMGMapper: set:488 set: Unset optional value from type SMPTE2086
02-22 17:52:26.436 10270 10437 E IMGMapper: set:488 set: Unset optional value from type CTA861_3
02-22 17:52:26.453 10270 10437 E IMGMapper: set:488 set: Unset optional value from type SMPTE2086
02-22 17:52:26.453 10270 10437 E IMGMapper: set:488 set: Unset optional value from type CTA861_3
02-22 17:52:26.469 10270 10437 E IMGMapper: set:488 set: Unset optional value from type SMPTE2086
02-22 17:52:26.469 10270 10437 E IMGMapper: set:488 set: Unset optional value from type CTA861_3
02-22 17:52:26.486 10270 10437 E IMGMapper: set:488 set: Unset optional value from type SMPTE2086
02-22 17:52:26.486 10270 10437 E IMGMapper: set:488 set: Unset optional value from type CTA861_3
02-22 17:52:26.503 10270 10437 E IMGMapper: set:488 set: Unset optional value from type SMPTE2086
02-22 17:52:26.503 10270 10437 E IMGMapper: set:488 set: Unset optional value from type CTA861_3
02-22 17:52:26.519 10270 10437 E IMGMapper: set:488 set: Unset optional value from type SMPTE2086
02-22 17:52:26.519 10270 10437 E IMGMapper: set:488 set: Unset optional value from type CTA861_3
02-22 17:52:26.536 10270 10437 E IMGMapper: set:488 set: Unset optional value from type SMPTE2086
02-22 17:52:26.536 10270 10437 E IMGMapper: set:488 set: Unset optional value from type CTA861_3
02-22 17:52:26.552 10270 10437 E IMGMapper: set:488 set: Unset optional value from type SMPTE2086
02-22 17:52:26.552 10270 10437 E IMGMapper: set:488 set: Unset optional value from type CTA861_3
02-22 17:52:26.757 10270 10437 E IMGMapper: set:488 set: Unset optional value from type SMPTE2086
02-22 17:52:26.757 10270 10437 E IMGMapper: set:488 set: Unset optional value from type CTA861_3
02-22 17:52:27.274 10270 10437 E IMGMapper: set:488 set: Unset optional value from type SMPTE2086
02-22 17:52:27.274 10270 10437 E IMGMapper: set:488 set: Unset optional value from type CTA861_3
02-22 17:52:27.771 10270 10437 E IMGMapper: set:488 set: Unset optional value from type SMPTE2086
02-22 17:52:27.772 10270 10437 E IMGMapper: set:488 set: Unset optional value from type CTA861_3
02-22 17:52:28.269 10270 10437 E IMGMapper: set:488 set: Unset optional value from type SMPTE2086
02-22 17:52:28.270 10270 10437 E IMGMapper: set:488 set: Unset optional value from type CTA861_3
02-22 17:52:28.769 10270 10437 E IMGMapper: set:488 set: Unset optional value from type SMPTE2086
02-22 17:52:28.769 10270 10437 E IMGMapper: set:488 set: Unset optional value from type CTA861_3
02-22 17:52:29.266 10270 10437 E IMGMapper: set:488 set: Unset optional value from type SMPTE2086
02-22 17:52:29.267 10270 10437 E IMGMapper: set:488 set: Unset optional value from type CTA861_3
02-22 17:52:29.661 10270 10437 E IMGMapper: set:488 set: Unset optional value from type SMPTE2086
02-22 17:52:29.661 10270 10437 E IMGMapper: set:488 set: Unset optional value from type CTA861_3
02-22 17:52:30.159 10270 10437 E IMGMapper: set:488 set: Unset optional value from type SMPTE2086
02-22 17:52:30.160 10270 10437 E IMGMapper: set:488 set: Unset optional value from type CTA861_3
02-22 17:52:30.682 10270 10437 E IMGMapper: set:488 set: Unset optional value from type SMPTE2086
02-22 17:52:30.683 10270 10437 E IMGMapper: set:488 set: Unset optional value from type CTA861_3
02-22 17:52:31.177 10270 10437 E IMGMapper: set:488 set: Unset optional value from type SMPTE2086
02-22 17:52:31.177 10270 10437 E IMGMapper: set:488 set: Unset optional value from type CTA861_3
02-22 17:52:31.675 10270 10437 E IMGMapper: set:488 set: Unset optional value from type SMPTE2086
02-22 17:52:31.676 10270 10437 E IMGMapper: set:488 set: Unset optional value from type CTA861_3
