The log file records errors and warnings from an Android application. It indicates that the application failed to load a class file during startup and encountered a null string resource, preventing the main activity from launching properly. Additional verification warnings are present suggesting performance issues.
We take content rights seriously. If you suspect this is your content, claim it here.
Available Formats
Download as TXT, PDF, TXT or read online on Scribd
0 ratings0% found this document useful (0 votes)
23 views50 pages
Logcat
The log file records errors and warnings from an Android application. It indicates that the application failed to load a class file during startup and encountered a null string resource, preventing the main activity from launching properly. Additional verification warnings are present suggesting performance issues.
We take content rights seriously. If you suspect this is your content, claim it here.
Available Formats
Download as TXT, PDF, TXT or read online on Scribd
You are on page 1/ 50
--------- beginning of main
02-22 17:50:18.620 10221 10221 E com.mbwhatsapp: Not starting debugger since
process cannot load the jdwp agent.
02-22 17:50:19.016 10221 10221 W System.err: java.lang.ClassNotFoundException: mbmodsd.mbmodsw.ui.views.btn.BtnBK
02-22 17:50:19.020 10221 10221 W System.err: at java.lang.Runtime.nativeLoad(Native Method)
02-22 17:50:19.020 10221 10221 W System.err: at java.lang.Runtime.nativeLoad(Runtime.java:1126)
02-22 17:50:19.020 10221 10221 W System.err: at java.lang.Runtime.loadLibrary0(Runtime.java:1080)
02-22 17:50:19.020 10221 10221 W System.err: at java.lang.Runtime.loadLibrary0(Runtime.java:1003)
02-22 17:50:19.020 10221 10221 W System.err: at java.lang.System.loadLibrary(System.java:1661)
02-22 17:50:19.020 10221 10221 W System.err: at arm.EpicVm.<clinit>(Unknown Source:2)
02-22 17:50:19.020 10221 10221 W System.err: at java.lang.Class.newInstance(Native Method)
02-22 17:50:19.020 10221 10221 W System.err: at android.app.AppComponentFactory.instantiateApplication(AppComponentFactory.java:76)
02-22 17:50:19.020 10221 10221 W System.err: at androidx.core.app.CoreComponentFactory.instantiateApplication(Unknown Source:0)
02-22 17:50:19.020 10221 10221 W System.err: at android.app.Instrumentation.newApplication(Instrumentation.java:1232)
02-22 17:50:19.020 10221 10221 W System.err: at android.app.LoadedApk.makeApplicationInner(LoadedApk.java:1565)
02-22 17:50:19.020 10221 10221 W System.err: at android.app.LoadedApk.makeApplicationInner(LoadedApk.java:1502)
02-22 17:50:19.020 10221 10221 W System.err: at android.app.ActivityThread.handleBindApplication(ActivityThread.java:7553)
02-22 17:50:19.020 10221 10221 W System.err: at android.app.ActivityThread.-$ $Nest$mhandleBindApplication(Unknown Source:0)
02-22 17:50:19.020 10221 10221 W System.err: at android.app.ActivityThread$H.handleMessage(ActivityThread.java:2400)
02-22 17:50:19.020 10221 10221 W System.err: at android.os.Handler.dispatchMessage(Handler.java:106)
02-22 17:50:19.020 10221 10221 W System.err: at android.os.Looper.loopOnce(Looper.java:226)
02-22 17:50:19.020 10221 10221 W System.err: at android.os.Looper.loop(Looper.java:313)
02-22 17:50:19.020 10221 10221 W System.err: at android.app.ActivityThread.main(ActivityThread.java:8757)
02-22 17:50:19.020 10221 10221 W System.err: at java.lang.reflect.Method.invoke(Native Method)
02-22 17:50:19.020 10221 10221 W System.err: at com.android.internal.os.RuntimeInit$MethodAndArgsCaller.run(RuntimeInit.java:571)
02-22 17:50:19.020 10221 10221 W System.err: at com.android.internal.os.ZygoteInit.main(ZygoteInit.java:1067)
02-22 17:50:19.126 10221 10221 E CustomActivityOnCrash: IMPORTANT WARNING! You already have an UncaughtExceptionHandler, are you sure this is correct? If you use a custom UncaughtExceptionHandler, you must initialize it AFTER CustomActivityOnCrash! Installing anyway, but your original handler will not be called.
02-22 17:50:19.421 10221 10246 W LibraryVersion: Failed to get app version for libraryName: firebase-iid
02-22 17:50:19.840 10270 10270 E com.mbwhatsapp: Not starting debugger since process cannot load the jdwp agent.
02-22 17:50:19.963 10270 10270 W System.err: java.lang.ClassNotFoundException: mbmodsd.mbmodsw.ui.views.btn.BtnBK
02-22 17:50:19.964 10270 10270 W System.err: at java.lang.Runtime.nativeLoad(Native Method)
02-22 17:50:19.964 10270 10270 W System.err: at java.lang.Runtime.nativeLoad(Runtime.java:1126)
02-22 17:50:19.964 10270 10270 W System.err: at java.lang.Runtime.loadLibrary0(Runtime.java:1080)
02-22 17:50:19.964 10270 10270 W System.err: at java.lang.Runtime.loadLibrary0(Runtime.java:1003)
02-22 17:50:19.964 10270 10270 W System.err: at java.lang.System.loadLibrary(System.java:1661)
02-22 17:50:19.964 10270 10270 W System.err: at arm.EpicVm.<clinit>(Unknown Source:2)
02-22 17:50:19.964 10270 10270 W System.err: at java.lang.Class.newInstance(Native Method)
02-22 17:50:19.964 10270 10270 W System.err: at android.app.AppComponentFactory.instantiateApplication(AppComponentFactory.java:76)
02-22 17:50:19.964 10270 10270 W System.err: at androidx.core.app.CoreComponentFactory.instantiateApplication(Unknown Source:0)
02-22 17:50:19.964 10270 10270 W System.err: at android.app.Instrumentation.newApplication(Instrumentation.java:1232)
02-22 17:50:19.964 10270 10270 W System.err: at android.app.LoadedApk.makeApplicationInner(LoadedApk.java:1565)
02-22 17:50:19.964 10270 10270 W System.err: at android.app.LoadedApk.makeApplicationInner(LoadedApk.java:1502)
02-22 17:50:19.964 10270 10270 W System.err: at android.app.ActivityThread.handleBindApplication(ActivityThread.java:7553)
02-22 17:50:19.964 10270 10270 W System.err: at android.app.ActivityThread.-$ $Nest$mhandleBindApplication(Unknown Source:0)
02-22 17:50:19.964 10270 10270 W System.err: at android.app.ActivityThread$H.handleMessage(ActivityThread.java:2400)
02-22 17:50:19.964 10270 10270 W System.err: at android.os.Handler.dispatchMessage(Handler.java:106)
02-22 17:50:19.964 10270 10270 W System.err: at android.os.Looper.loopOnce(Looper.java:226)
02-22 17:50:19.964 10270 10270 W System.err: at android.os.Looper.loop(Looper.java:313)
02-22 17:50:19.964 10270 10270 W System.err: at android.app.ActivityThread.main(ActivityThread.java:8757)
02-22 17:50:19.964 10270 10270 W System.err: at java.lang.reflect.Method.invoke(Native Method)
02-22 17:50:19.964 10270 10270 W System.err: at com.android.internal.os.RuntimeInit$MethodAndArgsCaller.run(RuntimeInit.java:571)
02-22 17:50:19.964 10270 10270 W System.err: at com.android.internal.os.ZygoteInit.main(ZygoteInit.java:1067)
02-22 17:50:20.029 10270 10270 E CustomActivityOnCrash: IMPORTANT WARNING! You already have an UncaughtExceptionHandler, are you sure this is correct? If you use a custom UncaughtExceptionHandler, you must initialize it AFTER CustomActivityOnCrash! Installing anyway, but your original handler will not be called.
02-22 17:50:20.076 10270 10289 W LibraryVersion: Failed to get app version for libraryName: firebase-iid
02-22 17:50:20.423 10270 10270 W com.mbwhatsapp: Accessing hidden method Lcom/android/org/conscrypt/OpenSSLSocketImpl;->setUseSessionTickets(Z)V (max- target-q,core-platform-api, reflection, denied)
02-22 17:50:20.423 10270 10270 W com.mbwhatsapp: Accessing hidden method Lcom/android/org/conscrypt/AbstractConscryptSocket;->setUseSessionTickets(Z)V (max- target-q, reflection, denied)
02-22 17:50:20.515 10326 10326 W libprocessgroup: Controller sfreezer is not found
02-22 17:50:20.517 10326 10326 W libprocessgroup: SetAttribute: unknown attribute: OlafState
02-22 17:50:20.517 10326 10326 W libprocessgroup: SetAttribute: unknown attribute: OlafState
02-22 17:50:22.712 10270 10270 W com.mbwhatsapp: Verification of void X.0eU.<init>() took 121.890ms (1247.02 bytecodes/s) (6400B approximate peak alloc)
02-22 17:50:22.818 10270 10270 W com.mbwhatsapp: Verification of android.os.Bundle X.0eU.A08() took 104.884ms (4662.28 bytecodes/s) (11920B approximate peak alloc)
02-22 17:50:22.831 10270 10386 W com.mbwhatsapp: Method void X.2rL.A03(java.lang.Integer) failed lock verification and will run slower.
02-22 17:50:22.831 10270 10386 W com.mbwhatsapp: Common causes for lock verification issues are non-optimized dex code
02-22 17:50:22.831 10270 10386 W com.mbwhatsapp: and incorrect proguard optimizations.
02-22 17:50:22.836 10270 10270 W com.mbwhatsapp: Method void X.0eU.A0h(X.0tK, boolean) failed lock verification and will run slower.
02-22 17:50:25.748 10270 10437 E QT : [QT]file does not exist
02-22 17:50:26.089 10270 10270 E com.mbwhatsapp: Invalid ID 0x00000000.
02-22 17:50:26.092 10270 10270 W System.err: android.content.res.Resources$NotFoundException: String resource ID #0x0
02-22 17:50:26.092 10270 10270 W System.err: at android.content.res.Resources.getText(Resources.java:512)
02-22 17:50:26.093 10270 10270 W System.err: at android.content.res.Resources.getString(Resources.java:605)
02-22 17:50:26.093 10270 10270 W System.err: at X.35t.A0E(Unknown Source:46)
02-22 17:50:26.093 10270 10270 W System.err: at com.mbwhatsapp.yo.yo.getString(Native Method)
02-22 17:50:26.093 10270 10270 W System.err: at com.mbwhatsapp.yo.yo.getString(Native Method)
02-22 17:50:26.093 10270 10270 W System.err: at com.mbwhatsapp.youbasha.task.utils.requestAllFilesAccess14(Native Method)
02-22 17:50:26.093 10270 10270 W System.err: at com.mbwhatsapp.yo.dep.showStoragePermissionRequest(Native Method)
02-22 17:50:26.093 10270 10270 W System.err: at com.mbwhatsapp.registration.EULA.onCreate(Unknown Source:248)
02-22 17:50:26.093 10270 10270 W System.err: at android.app.Activity.performCreate(Activity.java:8591)
02-22 17:50:26.094 10270 10270 W System.err: at android.app.Activity.performCreate(Activity.java:8570)
02-22 17:50:26.094 10270 10270 W System.err: at android.app.Instrumentation.callActivityOnCreate(Instrumentation.java:1384)
02-22 17:50:26.094 10270 10270 W System.err: at android.app.ActivityThread.performLaunchActivity(ActivityThread.java:4150)
02-22 17:50:26.094 10270 10270 W System.err: at android.app.ActivityThread.handleLaunchActivity(ActivityThread.java:4325)
02-22 17:50:26.094 10270 10270 W System.err: at android.app.servertransaction.LaunchActivityItem.execute(LaunchActivityItem.java:10 1)
02-22 17:50:26.094 10270 10270 W System.err: at android.app.servertransaction.TransactionExecutor.executeCallbacks(TransactionExecu tor.java:135)
02-22 17:50:26.094 10270 10270 W System.err: at android.app.servertransaction.TransactionExecutor.execute(TransactionExecutor.java: 95)
02-22 17:50:26.095 10270 10270 W System.err: at android.app.ActivityThread$H.handleMessage(ActivityThread.java:2574)
02-22 17:50:26.096 10270 10270 W System.err: at android.os.Handler.dispatchMessage(Handler.java:106)
02-22 17:50:26.096 10270 10270 W System.err: at android.os.Looper.loopOnce(Looper.java:226)
02-22 17:50:26.096 10270 10270 W System.err: at android.os.Looper.loop(Looper.java:313)
02-22 17:50:26.096 10270 10270 W System.err: at android.app.ActivityThread.main(ActivityThread.java:8757)
02-22 17:50:26.096 10270 10270 W System.err: at java.lang.reflect.Method.invoke(Native Method)
02-22 17:50:26.096 10270 10270 W System.err: at com.android.internal.os.RuntimeInit$MethodAndArgsCaller.run(RuntimeInit.java:571)
02-22 17:50:26.097 10270 10270 W System.err: at com.android.internal.os.ZygoteInit.main(ZygoteInit.java:1067)
02-22 17:50:26.354 10270 10270 W Activity: Can request only one set of permissions at a time
02-22 17:50:26.611 10270 10270 E ArmVmp : Match on catch block at 0x0a in for 0x75e6dff04d
02-22 17:50:27.016 10270 10270 E FBI : Can't load library: dlopen failed: library "libmagtsync.so" not found
02-22 17:50:27.055 10270 10487 E ion : ioctl c0044901 failed with code -1: Invalid argument
02-22 17:50:27.225 10270 10437 E IMGMapper: set:488 set: Unset optional value from type SMPTE2086
02-22 17:50:27.225 10270 10437 E IMGMapper: set:488 set: Unset optional value from type CTA861_3
02-22 17:50:27.234 10270 10437 W Parcel : Expecting binder but got null!
02-22 17:50:27.674 10270 10270 E ViewRootImpl@dc6d2c7[EULA]: Surface is not valid.
02-22 17:50:27.703 10270 10437 E IMGMapper: set:488 set: Unset optional value from type SMPTE2086
02-22 17:50:27.703 10270 10437 E IMGMapper: set:488 set: Unset optional value from type CTA861_3
02-22 17:50:27.944 10270 10278 W com.mbwhatsapp: Cleared Reference was only reachable from finalizer (only reported once)
02-22 17:50:28.514 10270 10270 E com.mbwhatsapp: Invalid ID 0x00000000.
02-22 17:50:28.525 10270 10270 E com.mbwhatsapp: Invalid ID 0x00000000.
02-22 17:50:28.527 10270 10270 E com.mbwhatsapp: Invalid ID 0x00000000.
02-22 17:50:28.527 10270 10270 E com.mbwhatsapp: Invalid ID 0x00000000.
02-22 17:50:28.528 10270 10270 E com.mbwhatsapp: Invalid ID 0x00000000.
02-22 17:50:28.529 10270 10270 E com.mbwhatsapp: Invalid ID 0x00000000.
02-22 17:50:28.529 10270 10270 E com.mbwhatsapp: Invalid ID 0x00000000.
02-22 17:50:28.530 10270 10270 E com.mbwhatsapp: Invalid ID 0x00000000.
02-22 17:50:37.848 10270 10437 E IMGMapper: set:488 set: Unset optional value from type SMPTE2086
02-22 17:50:37.848 10270 10437 E IMGMapper: set:488 set: Unset optional value from type CTA861_3
02-22 17:50:37.885 10270 10270 W Activity: Can request only one set of permissions at a time
02-22 17:50:37.886 10270 10270 W Activity: Can request only one set of permissions at a time
02-22 17:50:38.257 10270 10437 E IMGMapper: set:488 set: Unset optional value from type SMPTE2086
02-22 17:50:38.257 10270 10437 E IMGMapper: set:488 set: Unset optional value from type CTA861_3
02-22 17:50:38.263 10270 10437 W Parcel : Expecting binder but got null!
02-22 17:50:38.293 10270 10437 E IMGMapper: set:488 set: Unset optional value from type SMPTE2086
02-22 17:50:38.293 10270 10437 E IMGMapper: set:488 set: Unset optional value from type CTA861_3
02-22 17:50:41.250 10270 10437 E IMGMapper: set:488 set: Unset optional value from type SMPTE2086
02-22 17:50:41.250 10270 10437 E IMGMapper: set:488 set: Unset optional value from type CTA861_3
02-22 17:50:41.437 10270 10437 E IMGMapper: set:488 set: Unset optional value from type SMPTE2086
02-22 17:50:41.437 10270 10437 E IMGMapper: set:488 set: Unset optional value from type CTA861_3
02-22 17:50:42.475 10270 10437 E IMGMapper: set:488 set: Unset optional value from type SMPTE2086
02-22 17:50:42.475 10270 10437 E IMGMapper: set:488 set: Unset optional value from type CTA861_3
02-22 17:50:42.698 10270 10964 E ShortcutInfoCompatSaver: Failed to load saved values from file /data/user/0/com.mbwhatsapp/files/ShortcutInfoCompatSaver_share_targets/ targets.xml. Old state removed, new added
02-22 17:50:42.698 10270 10964 E ShortcutInfoCompatSaver: java.io.FileNotFoundException: /data/user/0/com.mbwhatsapp/files/ShortcutInfoCompatSaver_share_targets/ targets.xml: open failed: ENOENT (No such file or directory)
02-22 17:50:42.698 10270 10964 E ShortcutInfoCompatSaver: at libcore.io.IoBridge.open(IoBridge.java:574)
02-22 17:50:42.698 10270 10964 E ShortcutInfoCompatSaver: at java.io.FileInputStream.<init>(FileInputStream.java:160)
02-22 17:50:42.698 10270 10964 E ShortcutInfoCompatSaver: at X.0nz.run(Unknown Source:82)
02-22 17:50:42.698 10270 10964 E ShortcutInfoCompatSaver: at java.util.concurrent.Executors$RunnableAdapter.call(Executors.java:487)
02-22 17:50:42.698 10270 10964 E ShortcutInfoCompatSaver: at java.util.concurrent.FutureTask.run(FutureTask.java:264)
02-22 17:50:42.698 10270 10964 E ShortcutInfoCompatSaver: at java.util.concurrent.ThreadPoolExecutor.runWorker(ThreadPoolExecutor.java:1145)
02-22 17:50:42.698 10270 10964 E ShortcutInfoCompatSaver: at java.util.concurrent.ThreadPoolExecutor$Worker.run(ThreadPoolExecutor.java:644)
02-22 17:50:42.698 10270 10964 E ShortcutInfoCompatSaver: at java.lang.Thread.run(Thread.java:1012)
02-22 17:50:42.698 10270 10964 E ShortcutInfoCompatSaver: Caused by: android.system.ErrnoException: open failed: ENOENT (No such file or directory)
02-22 17:50:42.698 10270 10964 E ShortcutInfoCompatSaver: at libcore.io.Linux.open(Native Method)
02-22 17:50:42.698 10270 10964 E ShortcutInfoCompatSaver: at libcore.io.ForwardingOs.open(ForwardingOs.java:563)
02-22 17:50:42.698 10270 10964 E ShortcutInfoCompatSaver: at libcore.io.BlockGuardOs.open(BlockGuardOs.java:274)
02-22 17:50:42.698 10270 10964 E ShortcutInfoCompatSaver: at libcore.io.ForwardingOs.open(ForwardingOs.java:563)
02-22 17:50:42.698 10270 10964 E ShortcutInfoCompatSaver: at android.app.ActivityThread$AndroidOs.open(ActivityThread.java:8619)
02-22 17:50:42.698 10270 10964 E ShortcutInfoCompatSaver: at libcore.io.IoBridge.open(IoBridge.java:560)
02-22 17:50:42.698 10270 10964 E ShortcutInfoCompatSaver: ... 7 more
02-22 17:50:42.786 10270 10437 E IMGMapper: set:488 set: Unset optional value from type SMPTE2086
02-22 17:50:42.786 10270 10437 E IMGMapper: set:488 set: Unset optional value from type CTA861_3
02-22 17:50:42.786 10270 10437 E FrameEvents: updateAcquireFence: Did not find frame.
02-22 17:50:42.798 10270 10437 E IMGMapper: set:488 set: Unset optional value from type SMPTE2086
02-22 17:50:42.798 10270 10437 E IMGMapper: set:488 set: Unset optional value from type CTA861_3
02-22 17:50:42.798 10270 10437 E FrameEvents: updateAcquireFence: Did not find frame.
02-22 17:50:42.818 10270 10437 E IMGMapper: set:488 set: Unset optional value from type SMPTE2086
02-22 17:50:42.819 10270 10437 E IMGMapper: set:488 set: Unset optional value from type CTA861_3
02-22 17:50:42.819 10270 10437 E FrameEvents: updateAcquireFence: Did not find frame.
02-22 17:50:42.884 10270 10437 E IMGMapper: set:488 set: Unset optional value from type SMPTE2086
02-22 17:50:42.885 10270 10437 E IMGMapper: set:488 set: Unset optional value from type CTA861_3
02-22 17:50:42.888 10270 10437 E IMGMapper: set:488 set: Unset optional value from type SMPTE2086
02-22 17:50:42.888 10270 10437 E IMGMapper: set:488 set: Unset optional value from type CTA861_3
02-22 17:50:42.934 10270 10437 E IMGMapper: set:488 set: Unset optional value from type SMPTE2086
02-22 17:50:42.934 10270 10437 E IMGMapper: set:488 set: Unset optional value from type CTA861_3
02-22 17:50:42.939 10270 10437 E IMGMapper: set:488 set: Unset optional value from type SMPTE2086
02-22 17:50:42.939 10270 10437 E IMGMapper: set:488 set: Unset optional value from type CTA861_3
02-22 17:50:44.113 10270 10437 E IMGMapper: set:488 set: Unset optional value from type SMPTE2086
02-22 17:50:44.113 10270 10437 E IMGMapper: set:488 set: Unset optional value from type CTA861_3
02-22 17:50:44.452 10270 10437 E IMGMapper: set:488 set: Unset optional value from type SMPTE2086
02-22 17:50:44.452 10270 10437 E IMGMapper: set:488 set: Unset optional value from type CTA861_3
02-22 17:50:44.547 10270 10437 E IMGMapper: set:488 set: Unset optional value from type SMPTE2086
02-22 17:50:44.547 10270 10437 E IMGMapper: set:488 set: Unset optional value from type CTA861_3
02-22 17:50:44.550 10270 10437 W Parcel : Expecting binder but got null!
02-22 17:50:44.659 10270 10437 E IMGMapper: set:488 set: Unset optional value from type SMPTE2086
02-22 17:50:44.659 10270 10437 E IMGMapper: set:488 set: Unset optional value from type CTA861_3
02-22 17:50:44.667 10270 10437 E IMGMapper: set:488 set: Unset optional value from type SMPTE2086
02-22 17:50:44.668 10270 10437 E IMGMapper: set:488 set: Unset optional value from type CTA861_3
02-22 17:50:44.973 10270 10437 E IMGMapper: set:488 set: Unset optional value from type SMPTE2086
02-22 17:50:44.974 10270 10437 E IMGMapper: set:488 set: Unset optional value from type CTA861_3
02-22 17:50:45.211 10270 10437 E IMGMapper: set:488 set: Unset optional value from type SMPTE2086
02-22 17:50:45.212 10270 10437 E IMGMapper: set:488 set: Unset optional value from type CTA861_3
02-22 17:50:45.229 10270 10437 E IMGMapper: set:488 set: Unset optional value from type SMPTE2086
02-22 17:50:45.230 10270 10437 E IMGMapper: set:488 set: Unset optional value from type CTA861_3
02-22 17:50:45.245 10270 10437 E IMGMapper: set:488 set: Unset optional value from type SMPTE2086
02-22 17:50:45.245 10270 10437 E IMGMapper: set:488 set: Unset optional value from type CTA861_3
02-22 17:50:45.260 10270 10437 E IMGMapper: set:488 set: Unset optional value from type SMPTE2086
02-22 17:50:45.260 10270 10437 E IMGMapper: set:488 set: Unset optional value from type CTA861_3
02-22 17:50:45.275 10270 10437 E IMGMapper: set:488 set: Unset optional value from type SMPTE2086
02-22 17:50:45.275 10270 10437 E IMGMapper: set:488 set: Unset optional value from type CTA861_3
02-22 17:50:45.292 10270 10437 E IMGMapper: set:488 set: Unset optional value from type SMPTE2086
02-22 17:50:45.292 10270 10437 E IMGMapper: set:488 set: Unset optional value from type CTA861_3
02-22 17:50:45.309 10270 10437 E IMGMapper: set:488 set: Unset optional value from type SMPTE2086
02-22 17:50:45.309 10270 10437 E IMGMapper: set:488 set: Unset optional value from type CTA861_3
02-22 17:50:45.324 10270 10437 E IMGMapper: set:488 set: Unset optional value from type SMPTE2086
02-22 17:50:45.325 10270 10437 E IMGMapper: set:488 set: Unset optional value from type CTA861_3
02-22 17:50:45.340 10270 10437 E IMGMapper: set:488 set: Unset optional value from type SMPTE2086
02-22 17:50:45.340 10270 10437 E IMGMapper: set:488 set: Unset optional value from type CTA861_3
02-22 17:50:45.358 10270 10437 E IMGMapper: set:488 set: Unset optional value from type SMPTE2086
02-22 17:50:45.358 10270 10437 E IMGMapper: set:488 set: Unset optional value from type CTA861_3
02-22 17:50:45.373 10270 10437 E IMGMapper: set:488 set: Unset optional value from type SMPTE2086
02-22 17:50:45.374 10270 10437 E IMGMapper: set:488 set: Unset optional value from type CTA861_3
02-22 17:50:45.388 10270 10437 E IMGMapper: set:488 set: Unset optional value from type SMPTE2086
02-22 17:50:45.388 10270 10437 E IMGMapper: set:488 set: Unset optional value from type CTA861_3
02-22 17:50:45.407 10270 10437 E IMGMapper: set:488 set: Unset optional value from type SMPTE2086
02-22 17:50:45.407 10270 10437 E IMGMapper: set:488 set: Unset optional value from type CTA861_3
02-22 17:50:45.423 10270 10437 E IMGMapper: set:488 set: Unset optional value from type SMPTE2086
02-22 17:50:45.423 10270 10437 E IMGMapper: set:488 set: Unset optional value from type CTA861_3
02-22 17:50:45.441 10270 10437 E IMGMapper: set:488 set: Unset optional value from type SMPTE2086
02-22 17:50:45.441 10270 10437 E IMGMapper: set:488 set: Unset optional value from type CTA861_3
02-22 17:50:45.458 10270 10437 E IMGMapper: set:488 set: Unset optional value from type SMPTE2086
02-22 17:50:45.458 10270 10437 E IMGMapper: set:488 set: Unset optional value from type CTA861_3
02-22 17:50:45.471 10270 10437 E IMGMapper: set:488 set: Unset optional value from type SMPTE2086
02-22 17:50:45.471 10270 10437 E IMGMapper: set:488 set: Unset optional value from type CTA861_3
02-22 17:50:45.489 10270 10437 E IMGMapper: set:488 set: Unset optional value from type SMPTE2086
02-22 17:50:45.490 10270 10437 E IMGMapper: set:488 set: Unset optional value from type CTA861_3
02-22 17:50:45.877 10270 10437 E IMGMapper: set:488 set: Unset optional value from type SMPTE2086
02-22 17:50:45.877 10270 10437 E IMGMapper: set:488 set: Unset optional value from type CTA861_3
02-22 17:50:45.912 10270 10437 E IMGMapper: set:488 set: Unset optional value from type SMPTE2086
02-22 17:50:45.912 10270 10437 E IMGMapper: set:488 set: Unset optional value from type CTA861_3
02-22 17:50:45.920 10270 10437 E IMGMapper: set:488 set: Unset optional value from type SMPTE2086
02-22 17:50:45.920 10270 10437 E IMGMapper: set:488 set: Unset optional value from type CTA861_3
02-22 17:50:45.935 10270 10437 E IMGMapper: set:488 set: Unset optional value from type SMPTE2086
02-22 17:50:45.935 10270 10437 E IMGMapper: set:488 set: Unset optional value from type CTA861_3
02-22 17:50:45.952 10270 10437 E IMGMapper: set:488 set: Unset optional value from type SMPTE2086
02-22 17:50:45.952 10270 10437 E IMGMapper: set:488 set: Unset optional value from type CTA861_3
02-22 17:50:45.969 10270 10437 E IMGMapper: set:488 set: Unset optional value from type SMPTE2086
02-22 17:50:45.969 10270 10437 E IMGMapper: set:488 set: Unset optional value from type CTA861_3
02-22 17:50:45.985 10270 10437 E IMGMapper: set:488 set: Unset optional value from type SMPTE2086
02-22 17:50:45.985 10270 10437 E IMGMapper: set:488 set: Unset optional value from type CTA861_3
02-22 17:50:46.001 10270 10437 E IMGMapper: set:488 set: Unset optional value from type SMPTE2086
02-22 17:50:46.001 10270 10437 E IMGMapper: set:488 set: Unset optional value from type CTA861_3
02-22 17:50:46.021 10270 10437 E IMGMapper: set:488 set: Unset optional value from type SMPTE2086
02-22 17:50:46.021 10270 10437 E IMGMapper: set:488 set: Unset optional value from type CTA861_3
02-22 17:50:46.035 10270 10437 E IMGMapper: set:488 set: Unset optional value from type SMPTE2086
02-22 17:50:46.035 10270 10437 E IMGMapper: set:488 set: Unset optional value from type CTA861_3
02-22 17:50:46.052 10270 10437 E IMGMapper: set:488 set: Unset optional value from type SMPTE2086
02-22 17:50:46.052 10270 10437 E IMGMapper: set:488 set: Unset optional value from type CTA861_3
02-22 17:50:46.068 10270 10437 E IMGMapper: set:488 set: Unset optional value from type SMPTE2086
02-22 17:50:46.068 10270 10437 E IMGMapper: set:488 set: Unset optional value from type CTA861_3
02-22 17:50:46.085 10270 10437 E IMGMapper: set:488 set: Unset optional value from type SMPTE2086
02-22 17:50:46.085 10270 10437 E IMGMapper: set:488 set: Unset optional value from type CTA861_3
02-22 17:50:46.104 10270 10437 E IMGMapper: set:488 set: Unset optional value from type SMPTE2086
02-22 17:50:46.104 10270 10437 E IMGMapper: set:488 set: Unset optional value from type CTA861_3
02-22 17:50:46.118 10270 10437 E IMGMapper: set:488 set: Unset optional value from type SMPTE2086
02-22 17:50:46.118 10270 10437 E IMGMapper: set:488 set: Unset optional value from type CTA861_3
02-22 17:50:46.386 10270 10437 E IMGMapper: set:488 set: Unset optional value from type SMPTE2086
02-22 17:50:46.386 10270 10437 E IMGMapper: set:488 set: Unset optional value from type CTA861_3
02-22 17:50:46.518 10270 10437 E IMGMapper: set:488 set: Unset optional value from type SMPTE2086
02-22 17:50:46.518 10270 10437 E IMGMapper: set:488 set: Unset optional value from type CTA861_3
02-22 17:50:46.534 10270 10437 E IMGMapper: set:488 set: Unset optional value from type SMPTE2086
02-22 17:50:46.534 10270 10437 E IMGMapper: set:488 set: Unset optional value from type CTA861_3
02-22 17:50:46.551 10270 10437 E IMGMapper: set:488 set: Unset optional value from type SMPTE2086
02-22 17:50:46.551 10270 10437 E IMGMapper: set:488 set: Unset optional value from type CTA861_3
02-22 17:50:46.567 10270 10437 E IMGMapper: set:488 set: Unset optional value from type SMPTE2086
02-22 17:50:46.567 10270 10437 E IMGMapper: set:488 set: Unset optional value from type CTA861_3
02-22 17:50:46.584 10270 10437 E IMGMapper: set:488 set: Unset optional value from type SMPTE2086
02-22 17:50:46.584 10270 10437 E IMGMapper: set:488 set: Unset optional value from type CTA861_3
02-22 17:50:46.600 10270 10437 E IMGMapper: set:488 set: Unset optional value from type SMPTE2086
02-22 17:50:46.600 10270 10437 E IMGMapper: set:488 set: Unset optional value from type CTA861_3
02-22 17:50:46.616 10270 10437 E IMGMapper: set:488 set: Unset optional value from type SMPTE2086
02-22 17:50:46.616 10270 10437 E IMGMapper: set:488 set: Unset optional value from type CTA861_3
02-22 17:50:46.633 10270 10437 E IMGMapper: set:488 set: Unset optional value from type SMPTE2086
02-22 17:50:46.633 10270 10437 E IMGMapper: set:488 set: Unset optional value from type CTA861_3
02-22 17:50:46.650 10270 10437 E IMGMapper: set:488 set: Unset optional value from type SMPTE2086
02-22 17:50:46.650 10270 10437 E IMGMapper: set:488 set: Unset optional value from type CTA861_3
02-22 17:50:46.666 10270 10437 E IMGMapper: set:488 set: Unset optional value from type SMPTE2086
02-22 17:50:46.666 10270 10437 E IMGMapper: set:488 set: Unset optional value from type CTA861_3
02-22 17:50:46.683 10270 10437 E IMGMapper: set:488 set: Unset optional value from type SMPTE2086
02-22 17:50:46.683 10270 10437 E IMGMapper: set:488 set: Unset optional value from type CTA861_3
02-22 17:50:46.700 10270 10437 E IMGMapper: set:488 set: Unset optional value from type SMPTE2086
02-22 17:50:46.700 10270 10437 E IMGMapper: set:488 set: Unset optional value from type CTA861_3
02-22 17:50:46.716 10270 10437 E IMGMapper: set:488 set: Unset optional value from type SMPTE2086
02-22 17:50:46.717 10270 10437 E IMGMapper: set:488 set: Unset optional value from type CTA861_3
02-22 17:50:46.734 10270 10437 E IMGMapper: set:488 set: Unset optional value from type SMPTE2086
02-22 17:50:46.735 10270 10437 E IMGMapper: set:488 set: Unset optional value from type CTA861_3
02-22 17:50:46.750 10270 10437 E IMGMapper: set:488 set: Unset optional value from type SMPTE2086
02-22 17:50:46.750 10270 10437 E IMGMapper: set:488 set: Unset optional value from type CTA861_3
02-22 17:50:46.766 10270 10437 E IMGMapper: set:488 set: Unset optional value from type SMPTE2086
02-22 17:50:46.766 10270 10437 E IMGMapper: set:488 set: Unset optional value from type CTA861_3
02-22 17:50:46.784 10270 10437 E IMGMapper: set:488 set: Unset optional value from type SMPTE2086
02-22 17:50:46.784 10270 10437 E IMGMapper: set:488 set: Unset optional value from type CTA861_3
02-22 17:50:46.832 10270 10270 W OnBackInvokedCallback: OnBackInvokedCallback is not enabled for the application.
02-22 17:50:46.832 10270 10270 W OnBackInvokedCallback: Set 'android:enableOnBackInvokedCallback="true"' in the application manifest.
02-22 17:50:46.883 10270 10437 E IMGMapper: set:488 set: Unset optional value from type SMPTE2086
02-22 17:50:46.884 10270 10437 E IMGMapper: set:488 set: Unset optional value from type CTA861_3
02-22 17:50:47.109 10270 10437 E IMGMapper: set:488 set: Unset optional value from type SMPTE2086
02-22 17:50:47.109 10270 10437 E IMGMapper: set:488 set: Unset optional value from type CTA861_3
02-22 17:50:47.121 10270 10437 E IMGMapper: set:488 set: Unset optional value from type SMPTE2086
02-22 17:50:47.121 10270 10437 E IMGMapper: set:488 set: Unset optional value from type CTA861_3
02-22 17:50:47.139 10270 10437 E IMGMapper: set:488 set: Unset optional value from type SMPTE2086
02-22 17:50:47.140 10270 10437 E IMGMapper: set:488 set: Unset optional value from type CTA861_3
02-22 17:50:47.154 10270 10437 E IMGMapper: set:488 set: Unset optional value from type SMPTE2086
02-22 17:50:47.154 10270 10437 E IMGMapper: set:488 set: Unset optional value from type CTA861_3
02-22 17:50:47.168 10270 10437 E IMGMapper: set:488 set: Unset optional value from type SMPTE2086
02-22 17:50:47.168 10270 10437 E IMGMapper: set:488 set: Unset optional value from type CTA861_3
02-22 17:50:47.184 10270 10437 E IMGMapper: set:488 set: Unset optional value from type SMPTE2086
02-22 17:50:47.184 10270 10437 E IMGMapper: set:488 set: Unset optional value from type CTA861_3
02-22 17:50:47.200 10270 10437 E IMGMapper: set:488 set: Unset optional value from type SMPTE2086
02-22 17:50:47.200 10270 10437 E IMGMapper: set:488 set: Unset optional value from type CTA861_3
02-22 17:50:47.220 10270 10437 E IMGMapper: set:488 set: Unset optional value from type SMPTE2086
02-22 17:50:47.220 10270 10437 E IMGMapper: set:488 set: Unset optional value from type CTA861_3
02-22 17:50:47.234 10270 10437 E IMGMapper: set:488 set: Unset optional value from type SMPTE2086
02-22 17:50:47.235 10270 10437 E IMGMapper: set:488 set: Unset optional value from type CTA861_3
02-22 17:50:47.253 10270 10437 E IMGMapper: set:488 set: Unset optional value from type SMPTE2086
02-22 17:50:47.253 10270 10437 E IMGMapper: set:488 set: Unset optional value from type CTA861_3
02-22 17:50:47.270 10270 10437 E IMGMapper: set:488 set: Unset optional value from type SMPTE2086
02-22 17:50:47.270 10270 10437 E IMGMapper: set:488 set: Unset optional value from type CTA861_3
02-22 17:50:47.284 10270 10437 E IMGMapper: set:488 set: Unset optional value from type SMPTE2086
02-22 17:50:47.284 10270 10437 E IMGMapper: set:488 set: Unset optional value from type CTA861_3
02-22 17:50:47.301 10270 10437 E IMGMapper: set:488 set: Unset optional value from type SMPTE2086
02-22 17:50:47.301 10270 10437 E IMGMapper: set:488 set: Unset optional value from type CTA861_3
02-22 17:50:47.319 10270 10437 E IMGMapper: set:488 set: Unset optional value from type SMPTE2086
02-22 17:50:47.319 10270 10437 E IMGMapper: set:488 set: Unset optional value from type CTA861_3
02-22 17:50:47.336 10270 10437 E IMGMapper: set:488 set: Unset optional value from type SMPTE2086
02-22 17:50:47.336 10270 10437 E IMGMapper: set:488 set: Unset optional value from type CTA861_3
02-22 17:50:47.351 10270 10437 E IMGMapper: set:488 set: Unset optional value from type SMPTE2086
02-22 17:50:47.351 10270 10437 E IMGMapper: set:488 set: Unset optional value from type CTA861_3
02-22 17:50:47.370 10270 10437 E IMGMapper: set:488 set: Unset optional value from type SMPTE2086
02-22 17:50:47.370 10270 10437 E IMGMapper: set:488 set: Unset optional value from type CTA861_3
02-22 17:50:47.386 10270 10437 E IMGMapper: set:488 set: Unset optional value from type SMPTE2086
02-22 17:50:47.386 10270 10437 E IMGMapper: set:488 set: Unset optional value from type CTA861_3
02-22 17:50:47.781 10270 10437 E IMGMapper: set:488 set: Unset optional value from type SMPTE2086
02-22 17:50:47.781 10270 10437 E IMGMapper: set:488 set: Unset optional value from type CTA861_3
02-22 17:50:47.798 10270 10437 E IMGMapper: set:488 set: Unset optional value from type SMPTE2086
02-22 17:50:47.799 10270 10437 E IMGMapper: set:488 set: Unset optional value from type CTA861_3
02-22 17:50:47.814 10270 10437 E IMGMapper: set:488 set: Unset optional value from type SMPTE2086
02-22 17:50:47.814 10270 10437 E IMGMapper: set:488 set: Unset optional value from type CTA861_3
02-22 17:50:47.830 10270 10437 E IMGMapper: set:488 set: Unset optional value from type SMPTE2086
02-22 17:50:47.830 10270 10437 E IMGMapper: set:488 set: Unset optional value from type CTA861_3
02-22 17:50:47.846 10270 10437 E IMGMapper: set:488 set: Unset optional value from type SMPTE2086
02-22 17:50:47.847 10270 10437 E IMGMapper: set:488 set: Unset optional value from type CTA861_3
02-22 17:50:47.864 10270 10437 E IMGMapper: set:488 set: Unset optional value from type SMPTE2086
02-22 17:50:47.864 10270 10437 E IMGMapper: set:488 set: Unset optional value from type CTA861_3
02-22 17:50:47.880 10270 10437 E IMGMapper: set:488 set: Unset optional value from type SMPTE2086
02-22 17:50:47.880 10270 10437 E IMGMapper: set:488 set: Unset optional value from type CTA861_3
02-22 17:50:47.897 10270 10437 E IMGMapper: set:488 set: Unset optional value from type SMPTE2086
02-22 17:50:47.897 10270 10437 E IMGMapper: set:488 set: Unset optional value from type CTA861_3
02-22 17:50:47.913 10270 10437 E IMGMapper: set:488 set: Unset optional value from type SMPTE2086
02-22 17:50:47.913 10270 10437 E IMGMapper: set:488 set: Unset optional value from type CTA861_3
02-22 17:50:47.933 10270 10437 E IMGMapper: set:488 set: Unset optional value from type SMPTE2086
02-22 17:50:47.933 10270 10437 E IMGMapper: set:488 set: Unset optional value from type CTA861_3
02-22 17:50:47.947 10270 10437 E IMGMapper: set:488 set: Unset optional value from type SMPTE2086
02-22 17:50:47.947 10270 10437 E IMGMapper: set:488 set: Unset optional value from type CTA861_3
02-22 17:50:47.964 10270 10437 E IMGMapper: set:488 set: Unset optional value from type SMPTE2086
02-22 17:50:47.964 10270 10437 E IMGMapper: set:488 set: Unset optional value from type CTA861_3
02-22 17:50:47.979 10270 10437 E IMGMapper: set:488 set: Unset optional value from type SMPTE2086
02-22 17:50:47.980 10270 10437 E IMGMapper: set:488 set: Unset optional value from type CTA861_3
02-22 17:50:47.996 10270 10437 E IMGMapper: set:488 set: Unset optional value from type SMPTE2086
02-22 17:50:47.996 10270 10437 E IMGMapper: set:488 set: Unset optional value from type CTA861_3
02-22 17:50:48.012 10270 10437 E IMGMapper: set:488 set: Unset optional value from type SMPTE2086
02-22 17:50:48.013 10270 10437 E IMGMapper: set:488 set: Unset optional value from type CTA861_3
02-22 17:50:48.029 10270 10437 E IMGMapper: set:488 set: Unset optional value from type SMPTE2086
02-22 17:50:48.030 10270 10437 E IMGMapper: set:488 set: Unset optional value from type CTA861_3
02-22 17:50:48.046 10270 10437 E IMGMapper: set:488 set: Unset optional value from type SMPTE2086
02-22 17:50:48.046 10270 10437 E IMGMapper: set:488 set: Unset optional value from type CTA861_3
02-22 17:50:48.364 10270 10437 E IMGMapper: set:488 set: Unset optional value from type SMPTE2086
02-22 17:50:48.364 10270 10437 E IMGMapper: set:488 set: Unset optional value from type CTA861_3
02-22 17:50:48.779 10270 10437 E IMGMapper: set:488 set: Unset optional value from type SMPTE2086
02-22 17:50:48.779 10270 10437 E IMGMapper: set:488 set: Unset optional value from type CTA861_3
02-22 17:50:49.194 10270 10437 E IMGMapper: set:488 set: Unset optional value from type SMPTE2086
02-22 17:50:49.194 10270 10437 E IMGMapper: set:488 set: Unset optional value from type CTA861_3
02-22 17:50:49.426 10270 10437 E IMGMapper: set:488 set: Unset optional value from type SMPTE2086
02-22 17:50:49.426 10270 10437 E IMGMapper: set:488 set: Unset optional value from type CTA861_3
02-22 17:50:49.776 10270 10437 E IMGMapper: set:488 set: Unset optional value from type SMPTE2086
02-22 17:50:49.776 10270 10437 E IMGMapper: set:488 set: Unset optional value from type CTA861_3
02-22 17:50:50.141 10270 10437 E IMGMapper: set:488 set: Unset optional value from type SMPTE2086
02-22 17:50:50.141 10270 10437 E IMGMapper: set:488 set: Unset optional value from type CTA861_3
02-22 17:50:50.639 10270 10437 E IMGMapper: set:488 set: Unset optional value from type SMPTE2086
02-22 17:50:50.639 10270 10437 E IMGMapper: set:488 set: Unset optional value from type CTA861_3
02-22 17:50:50.939 10270 10437 E IMGMapper: set:488 set: Unset optional value from type SMPTE2086
02-22 17:50:50.940 10270 10437 E IMGMapper: set:488 set: Unset optional value from type CTA861_3
02-22 17:50:51.453 10270 10437 E IMGMapper: set:488 set: Unset optional value from type SMPTE2086
02-22 17:50:51.453 10270 10437 E IMGMapper: set:488 set: Unset optional value from type CTA861_3
02-22 17:50:51.871 10270 10437 E IMGMapper: set:488 set: Unset optional value from type SMPTE2086
02-22 17:50:51.871 10270 10437 E IMGMapper: set:488 set: Unset optional value from type CTA861_3
02-22 17:50:51.953 10270 10270 W Settings: Setting show_button_background has moved from android.provider.Settings.System to android.provider.Settings.Global, returning read-only value.
02-22 17:50:52.013 10270 10437 E IMGMapper: set:488 set: Unset optional value from type SMPTE2086
02-22 17:50:52.013 10270 10437 E IMGMapper: set:488 set: Unset optional value from type CTA861_3
02-22 17:50:52.016 10270 10437 W Parcel : Expecting binder but got null!
02-22 17:50:52.022 10270 10437 E IMGMapper: set:488 set: Unset optional value from type SMPTE2086
02-22 17:50:52.022 10270 10437 E IMGMapper: set:488 set: Unset optional value from type CTA861_3
02-22 17:50:52.028 10270 10437 E IMGMapper: set:488 set: Unset optional value from type SMPTE2086
02-22 17:50:52.028 10270 10437 E IMGMapper: set:488 set: Unset optional value from type CTA861_3
02-22 17:50:52.035 10270 10437 E IMGMapper: set:488 set: Unset optional value from type SMPTE2086
02-22 17:50:52.035 10270 10437 E IMGMapper: set:488 set: Unset optional value from type CTA861_3
02-22 17:50:52.775 10270 10391 E PlayCore: UID: [10740] PID: [10270] StandardIntegrity : Phonesky is not installed.
02-22 17:50:52.844 10270 10329 W ziparchive: Unable to open '/system_ext/framework/org.carconnectivity.android.digitalkey.timesync.dm': No such file or directory
02-22 17:50:52.844 10270 10329 W ziparchive: Unable to open '/system_ext/framework/org.carconnectivity.android.digitalkey.timesync.dm': No such file or directory
02-22 17:50:53.732 10270 10437 E IMGMapper: set:488 set: Unset optional value from type SMPTE2086
02-22 17:50:53.732 10270 10437 E IMGMapper: set:488 set: Unset optional value from type CTA861_3
02-22 17:50:53.736 10270 10437 W Parcel : Expecting binder but got null!
02-22 17:50:53.744 10270 10270 W OnBackInvokedCallback: OnBackInvokedCallback is not enabled for the application.
02-22 17:50:53.744 10270 10270 W OnBackInvokedCallback: Set 'android:enableOnBackInvokedCallback="true"' in the application manifest.
02-22 17:50:53.767 10270 10437 E IMGMapper: set:488 set: Unset optional value from type SMPTE2086
02-22 17:50:53.767 10270 10437 E IMGMapper: set:488 set: Unset optional value from type CTA861_3
02-22 17:50:53.781 10270 10437 E IMGMapper: set:488 set: Unset optional value from type SMPTE2086
02-22 17:50:53.781 10270 10437 E IMGMapper: set:488 set: Unset optional value from type CTA861_3
02-22 17:50:55.331 10270 10437 E IMGMapper: set:488 set: Unset optional value from type SMPTE2086
02-22 17:50:55.332 10270 10437 E IMGMapper: set:488 set: Unset optional value from type CTA861_3
02-22 17:50:55.390 10270 10270 W OnBackInvokedCallback: OnBackInvokedCallback is not enabled for the application.
02-22 17:50:55.390 10270 10270 W OnBackInvokedCallback: Set 'android:enableOnBackInvokedCallback="true"' in the application manifest.
02-22 17:50:55.407 10270 10437 E IMGMapper: set:488 set: Unset optional value from type SMPTE2086
02-22 17:50:55.407 10270 10437 E IMGMapper: set:488 set: Unset optional value from type CTA861_3
02-22 17:50:55.958 10270 10437 E IMGMapper: set:488 set: Unset optional value from type SMPTE2086
02-22 17:50:55.958 10270 10437 E IMGMapper: set:488 set: Unset optional value from type CTA861_3
02-22 17:50:56.140 10270 10270 W Settings: Setting show_button_background has moved from android.provider.Settings.System to android.provider.Settings.Global, returning read-only value.
02-22 17:50:56.216 10270 10437 E IMGMapper: set:488 set: Unset optional value from type SMPTE2086
02-22 17:50:56.216 10270 10437 E IMGMapper: set:488 set: Unset optional value from type CTA861_3
02-22 17:50:56.219 10270 10437 W Parcel : Expecting binder but got null!
02-22 17:50:56.328 10270 10437 E IMGMapper: set:488 set: Unset optional value from type SMPTE2086
02-22 17:50:56.328 10270 10437 E IMGMapper: set:488 set: Unset optional value from type CTA861_3
02-22 17:50:56.331 10270 10437 W Parcel : Expecting binder but got null!
02-22 17:50:56.341 10270 10437 E IMGMapper: set:488 set: Unset optional value from type SMPTE2086
02-22 17:50:56.341 10270 10437 E IMGMapper: set:488 set: Unset optional value from type CTA861_3
02-22 17:50:56.349 10270 10437 E IMGMapper: set:488 set: Unset optional value from type SMPTE2086
02-22 17:50:56.349 10270 10437 E IMGMapper: set:488 set: Unset optional value from type CTA861_3
02-22 17:50:56.354 10270 10437 E IMGMapper: set:488 set: Unset optional value from type SMPTE2086
02-22 17:50:56.354 10270 10437 E IMGMapper: set:488 set: Unset optional value from type CTA861_3
02-22 17:50:56.377 10270 10437 E IMGMapper: set:488 set: Unset optional value from type SMPTE2086
02-22 17:50:56.377 10270 10437 E IMGMapper: set:488 set: Unset optional value from type CTA861_3
02-22 17:50:56.388 10270 10437 E IMGMapper: set:488 set: Unset optional value from type SMPTE2086
02-22 17:50:56.388 10270 10437 E IMGMapper: set:488 set: Unset optional value from type CTA861_3
02-22 17:50:56.738 10270 10437 E IMGMapper: set:488 set: Unset optional value from type SMPTE2086
02-22 17:50:56.739 10270 10437 E IMGMapper: set:488 set: Unset optional value from type CTA861_3
02-22 17:50:57.351 10270 10437 E IMGMapper: set:488 set: Unset optional value from type SMPTE2086
02-22 17:50:57.351 10270 10437 E IMGMapper: set:488 set: Unset optional value from type CTA861_3
02-22 17:50:57.490 10270 10270 W RemoteInputConnectionImpl: requestCursorAnchorInfo on inactive InputConnection
02-22 17:50:57.496 10270 10270 E ImeBackDispatcher: Ime callback not found. Ignoring unregisterReceivedCallback. callbackId: 171612761
02-22 17:50:57.582 10270 10437 E IMGMapper: set:488 set: Unset optional value from type SMPTE2086
02-22 17:50:57.582 10270 10437 E IMGMapper: set:488 set: Unset optional value from type CTA861_3
02-22 17:50:57.586 10270 10437 W Parcel : Expecting binder but got null!
02-22 17:50:57.598 10270 10437 E IMGMapper: set:488 set: Unset optional value from type SMPTE2086
02-22 17:50:57.599 10270 10437 E IMGMapper: set:488 set: Unset optional value from type CTA861_3
02-22 17:50:57.633 10270 10437 E IMGMapper: set:488 set: Unset optional value from type SMPTE2086
02-22 17:50:57.633 10270 10437 E IMGMapper: set:488 set: Unset optional value from type CTA861_3
02-22 17:50:57.707 10270 10437 E IMGMapper: set:488 set: Unset optional value from type SMPTE2086
02-22 17:50:57.707 10270 10437 E IMGMapper: set:488 set: Unset optional value from type CTA861_3
02-22 17:50:57.760 10270 10270 W RemoteInputConnectionImpl: requestCursorAnchorInfo on inactive InputConnection
02-22 17:50:57.888 10270 10270 W OnBackInvokedCallback: OnBackInvokedCallback is not enabled for the application.
02-22 17:50:57.888 10270 10270 W OnBackInvokedCallback: Set 'android:enableOnBackInvokedCallback="true"' in the application manifest.
02-22 17:50:58.099 10270 10270 W RemoteInputConnectionImpl: requestCursorAnchorInfo on inactive InputConnection
02-22 17:50:58.156 10270 10437 E IMGMapper: set:488 set: Unset optional value from type SMPTE2086
02-22 17:50:58.156 10270 10437 E IMGMapper: set:488 set: Unset optional value from type CTA861_3
02-22 17:51:04.300 10270 10437 E IMGMapper: set:488 set: Unset optional value from type SMPTE2086
02-22 17:51:04.300 10270 10437 E IMGMapper: set:488 set: Unset optional value from type CTA861_3
02-22 17:51:11.082 10270 10437 E IMGMapper: set:488 set: Unset optional value from type SMPTE2086
02-22 17:51:11.083 10270 10437 E IMGMapper: set:488 set: Unset optional value from type CTA861_3
02-22 17:51:15.065 10270 10270 W Activity: Can request only one set of permissions at a time
02-22 17:51:15.143 10270 10437 E IMGMapper: set:488 set: Unset optional value from type SMPTE2086
02-22 17:51:15.143 10270 10437 E IMGMapper: set:488 set: Unset optional value from type CTA861_3
02-22 17:51:15.147 10270 10437 W Parcel : Expecting binder but got null!
02-22 17:51:15.159 10270 10437 E IMGMapper: set:488 set: Unset optional value from type SMPTE2086
02-22 17:51:15.159 10270 10437 E IMGMapper: set:488 set: Unset optional value from type CTA861_3
02-22 17:51:15.168 10270 10437 E IMGMapper: set:488 set: Unset optional value from type SMPTE2086
02-22 17:51:15.168 10270 10437 E IMGMapper: set:488 set: Unset optional value from type CTA861_3
02-22 17:51:15.231 10270 10437 E IMGMapper: set:488 set: Unset optional value from type SMPTE2086
02-22 17:51:15.231 10270 10437 E IMGMapper: set:488 set: Unset optional value from type CTA861_3
02-22 17:51:15.235 10270 10437 E IMGMapper: set:488 set: Unset optional value from type SMPTE2086
02-22 17:51:15.235 10270 10437 E IMGMapper: set:488 set: Unset optional value from type CTA861_3
02-22 17:51:15.249 10270 10437 E IMGMapper: set:488 set: Unset optional value from type SMPTE2086
02-22 17:51:15.249 10270 10437 E IMGMapper: set:488 set: Unset optional value from type CTA861_3
02-22 17:51:15.268 10270 10437 E IMGMapper: set:488 set: Unset optional value from type SMPTE2086
02-22 17:51:15.268 10270 10437 E IMGMapper: set:488 set: Unset optional value from type CTA861_3
02-22 17:51:16.198 10270 10437 E IMGMapper: set:488 set: Unset optional value from type SMPTE2086
02-22 17:51:16.198 10270 10437 E IMGMapper: set:488 set: Unset optional value from type CTA861_3
02-22 17:51:16.375 10270 10270 W X.0Z6 : Invalid or missing region code (Guatemala) provided.
02-22 17:51:16.506 10270 10437 E IMGMapper: set:488 set: Unset optional value from type SMPTE2086
02-22 17:51:16.506 10270 10437 E IMGMapper: set:488 set: Unset optional value from type CTA861_3
02-22 17:51:16.509 10270 10437 W Parcel : Expecting binder but got null!
02-22 17:51:16.515 10270 10437 E IMGMapper: set:488 set: Unset optional value from type SMPTE2086
02-22 17:51:16.515 10270 10437 E IMGMapper: set:488 set: Unset optional value from type CTA861_3
02-22 17:51:16.528 10270 10437 E IMGMapper: set:488 set: Unset optional value from type SMPTE2086
02-22 17:51:16.528 10270 10437 E IMGMapper: set:488 set: Unset optional value from type CTA861_3
02-22 17:51:16.535 10270 10437 E IMGMapper: set:488 set: Unset optional value from type SMPTE2086
02-22 17:51:16.535 10270 10437 E IMGMapper: set:488 set: Unset optional value from type CTA861_3
02-22 17:51:16.763 10270 10437 E IMGMapper: set:488 set: Unset optional value from type SMPTE2086
02-22 17:51:16.763 10270 10437 E IMGMapper: set:488 set: Unset optional value from type CTA861_3
02-22 17:51:16.778 10270 10437 E IMGMapper: set:488 set: Unset optional value from type SMPTE2086
02-22 17:51:16.779 10270 10437 E IMGMapper: set:488 set: Unset optional value from type CTA861_3
02-22 17:51:16.859 10270 10270 W OnBackInvokedCallback: OnBackInvokedCallback is not enabled for the application.
02-22 17:51:16.859 10270 10270 W OnBackInvokedCallback: Set 'android:enableOnBackInvokedCallback="true"' in the application manifest.
02-22 17:51:16.950 10270 10437 E IMGMapper: set:488 set: Unset optional value from type SMPTE2086
02-22 17:51:16.950 10270 10437 E IMGMapper: set:488 set: Unset optional value from type CTA861_3
02-22 17:51:16.960 10270 10437 E IMGMapper: set:488 set: Unset optional value from type SMPTE2086
02-22 17:51:16.960 10270 10437 E IMGMapper: set:488 set: Unset optional value from type CTA861_3
