02-22 17:52:32.174 10270 10437 E IMGMapper: set:488 set: Unset optional value from type SMPTE2086
02-22 17:52:32.174 10270 10437 E IMGMapper: set:488 set: Unset optional value from type CTA861_3
02-22 17:52:32.674 10270 10437 E IMGMapper: set:488 set: Unset optional value from type SMPTE2086
02-22 17:52:32.674 10270 10437 E IMGMapper: set:488 set: Unset optional value from type CTA861_3
02-22 17:52:32.902 10270 10437 E IMGMapper: set:488 set: Unset optional value from type SMPTE2086
02-22 17:52:32.902 10270 10437 E IMGMapper: set:488 set: Unset optional value from type CTA861_3
02-22 17:52:33.400 10270 10437 E IMGMapper: set:488 set: Unset optional value from type SMPTE2086
02-22 17:52:33.400 10270 10437 E IMGMapper: set:488 set: Unset optional value from type CTA861_3
02-22 17:52:33.595 10270 10437 E IMGMapper: set:488 set: Unset optional value from type SMPTE2086
02-22 17:52:33.595 10270 10437 E IMGMapper: set:488 set: Unset optional value from type CTA861_3
02-22 17:52:33.599 10270 10437 E IMGMapper: set:488 set: Unset optional value from type SMPTE2086
02-22 17:52:33.599 10270 10437 E IMGMapper: set:488 set: Unset optional value from type CTA861_3
02-22 17:52:33.981 10270 10437 E IMGMapper: set:488 set: Unset optional value from type SMPTE2086
02-22 17:52:33.982 10270 10437 E IMGMapper: set:488 set: Unset optional value from type CTA861_3
02-22 17:52:34.280 10270 10437 E IMGMapper: set:488 set: Unset optional value from type SMPTE2086
02-22 17:52:34.281 10270 10437 E IMGMapper: set:488 set: Unset optional value from type CTA861_3
02-22 17:52:34.779 10270 10437 E IMGMapper: set:488 set: Unset optional value from type SMPTE2086
02-22 17:52:34.779 10270 10437 E IMGMapper: set:488 set: Unset optional value from type CTA861_3
02-22 17:52:35.062 10270 10437 E IMGMapper: set:488 set: Unset optional value from type SMPTE2086
02-22 17:52:35.062 10270 10437 E IMGMapper: set:488 set: Unset optional value from type CTA861_3
02-22 17:52:35.278 10270 10437 E IMGMapper: set:488 set: Unset optional value from type SMPTE2086
02-22 17:52:35.278 10270 10437 E IMGMapper: set:488 set: Unset optional value from type CTA861_3
02-22 17:52:35.511 10270 10437 E IMGMapper: set:488 set: Unset optional value from type SMPTE2086
02-22 17:52:35.511 10270 10437 E IMGMapper: set:488 set: Unset optional value from type CTA861_3
02-22 17:52:35.659 10270 10437 E IMGMapper: set:488 set: Unset optional value from type SMPTE2086
02-22 17:52:35.659 10270 10437 E IMGMapper: set:488 set: Unset optional value from type CTA861_3
02-22 17:52:35.959 10270 10437 E IMGMapper: set:488 set: Unset optional value from type SMPTE2086
02-22 17:52:35.959 10270 10437 E IMGMapper: set:488 set: Unset optional value from type CTA861_3
02-22 17:52:36.457 10270 10437 E IMGMapper: set:488 set: Unset optional value from type SMPTE2086
02-22 17:52:36.458 10270 10437 E IMGMapper: set:488 set: Unset optional value from type CTA861_3
02-22 17:52:36.806 10270 10437 E IMGMapper: set:488 set: Unset optional value from type SMPTE2086
02-22 17:52:36.806 10270 10437 E IMGMapper: set:488 set: Unset optional value from type CTA861_3
02-22 17:52:36.888 10270 10437 E IMGMapper: set:488 set: Unset optional value from type SMPTE2086
02-22 17:52:36.889 10270 10437 E IMGMapper: set:488 set: Unset optional value from type CTA861_3
02-22 17:52:36.972 10270 10437 E IMGMapper: set:488 set: Unset optional value from type SMPTE2086
02-22 17:52:36.972 10270 10437 E IMGMapper: set:488 set: Unset optional value from type CTA861_3
02-22 17:52:37.476 10270 10437 E IMGMapper: set:488 set: Unset optional value from type SMPTE2086
02-22 17:52:37.476 10270 10437 E IMGMapper: set:488 set: Unset optional value from type CTA861_3
02-22 17:52:37.974 10270 10437 E IMGMapper: set:488 set: Unset optional value from type SMPTE2086
02-22 17:52:37.974 10270 10437 E IMGMapper: set:488 set: Unset optional value from type CTA861_3
02-22 17:52:38.471 10270 10437 E IMGMapper: set:488 set: Unset optional value from type SMPTE2086
02-22 17:52:38.472 10270 10437 E IMGMapper: set:488 set: Unset optional value from type CTA861_3
02-22 17:52:38.971 10270 10437 E IMGMapper: set:488 set: Unset optional value from type SMPTE2086
02-22 17:52:38.972 10270 10437 E IMGMapper: set:488 set: Unset optional value from type CTA861_3
02-22 17:52:39.469 10270 10437 E IMGMapper: set:488 set: Unset optional value from type SMPTE2086
02-22 17:52:39.469 10270 10437 E IMGMapper: set:488 set: Unset optional value from type CTA861_3
02-22 17:52:39.984 10270 10437 E IMGMapper: set:488 set: Unset optional value from type SMPTE2086
02-22 17:52:39.985 10270 10437 E IMGMapper: set:488 set: Unset optional value from type CTA861_3
02-22 17:52:40.484 10270 10437 E IMGMapper: set:488 set: Unset optional value from type SMPTE2086
02-22 17:52:40.484 10270 10437 E IMGMapper: set:488 set: Unset optional value from type CTA861_3
02-22 17:52:40.983 10270 10437 E IMGMapper: set:488 set: Unset optional value from type SMPTE2086
02-22 17:52:40.983 10270 10437 E IMGMapper: set:488 set: Unset optional value from type CTA861_3
02-22 17:52:41.480 10270 10437 E IMGMapper: set:488 set: Unset optional value from type SMPTE2086
02-22 17:52:41.481 10270 10437 E IMGMapper: set:488 set: Unset optional value from type CTA861_3
02-22 17:52:41.724 10270 10437 E IMGMapper: set:488 set: Unset optional value from type SMPTE2086
02-22 17:52:41.724 10270 10437 E IMGMapper: set:488 set: Unset optional value from type CTA861_3
02-22 17:52:41.823 10270 10437 E IMGMapper: set:488 set: Unset optional value from type SMPTE2086
02-22 17:52:41.824 10270 10437 E IMGMapper: set:488 set: Unset optional value from type CTA861_3
02-22 17:52:41.974 10270 10437 E IMGMapper: set:488 set: Unset optional value from type SMPTE2086
02-22 17:52:41.974 10270 10437 E IMGMapper: set:488 set: Unset optional value from type CTA861_3
02-22 17:52:42.476 10270 10437 E IMGMapper: set:488 set: Unset optional value from type SMPTE2086
02-22 17:52:42.477 10270 10437 E IMGMapper: set:488 set: Unset optional value from type CTA861_3
02-22 17:52:42.991 10270 10437 E IMGMapper: set:488 set: Unset optional value from type SMPTE2086
02-22 17:52:42.991 10270 10437 E IMGMapper: set:488 set: Unset optional value from type CTA861_3
02-22 17:52:43.493 10270 10437 E IMGMapper: set:488 set: Unset optional value from type SMPTE2086
02-22 17:52:43.493 10270 10437 E IMGMapper: set:488 set: Unset optional value from type CTA861_3
02-22 17:52:43.988 10270 10437 E IMGMapper: set:488 set: Unset optional value from type SMPTE2086
02-22 17:52:43.988 10270 10437 E IMGMapper: set:488 set: Unset optional value from type CTA861_3
02-22 17:52:44.486 10270 10437 E IMGMapper: set:488 set: Unset optional value from type SMPTE2086
02-22 17:52:44.488 10270 10437 E IMGMapper: set:488 set: Unset optional value from type CTA861_3
02-22 17:52:44.617 10270 10437 E IMGMapper: set:488 set: Unset optional value from type SMPTE2086
02-22 17:52:44.617 10270 10437 E IMGMapper: set:488 set: Unset optional value from type CTA861_3
02-22 17:52:44.669 10270 10270 W Settings: Setting show_button_background has moved from android.provider.Settings.System to android.provider.Settings.Global, returning read-only value.
02-22 17:52:44.716 10270 10437 E IMGMapper: set:488 set: Unset optional value from type SMPTE2086
02-22 17:52:44.716 10270 10437 E IMGMapper: set:488 set: Unset optional value from type CTA861_3
02-22 17:52:44.718 10270 10437 W Parcel : Expecting binder but got null!
02-22 17:52:44.724 10270 10437 E IMGMapper: set:488 set: Unset optional value from type SMPTE2086
02-22 17:52:44.724 10270 10437 E IMGMapper: set:488 set: Unset optional value from type CTA861_3
02-22 17:52:44.730 10270 10437 E IMGMapper: set:488 set: Unset optional value from type SMPTE2086
02-22 17:52:44.730 10270 10437 E IMGMapper: set:488 set: Unset optional value from type CTA861_3
02-22 17:52:44.748 10270 10437 E IMGMapper: set:488 set: Unset optional value from type SMPTE2086
02-22 17:52:44.748 10270 10437 E IMGMapper: set:488 set: Unset optional value from type CTA861_3
02-22 17:52:45.456 10270 10437 E IMGMapper: set:488 set: Unset optional value from type SMPTE2086
02-22 17:52:45.456 10270 10437 E IMGMapper: set:488 set: Unset optional value from type CTA861_3
02-22 17:52:45.460 10270 10437 W Parcel : Expecting binder but got null!
02-22 17:52:46.496 10270 10437 E IMGMapper: set:488 set: Unset optional value from type SMPTE2086
02-22 17:52:46.496 10270 10437 E IMGMapper: set:488 set: Unset optional value from type CTA861_3
02-22 17:52:46.544 10270 10270 W OnBackInvokedCallback: OnBackInvokedCallback is not enabled for the application.
02-22 17:52:46.544 10270 10270 W OnBackInvokedCallback: Set 'android:enableOnBackInvokedCallback="true"' in the application manifest.
02-22 17:52:46.562 10270 10437 E IMGMapper: set:488 set: Unset optional value from type SMPTE2086
02-22 17:52:46.563 10270 10437 E IMGMapper: set:488 set: Unset optional value from type CTA861_3
02-22 17:52:47.158 10270 10270 W Settings: Setting show_button_background has moved from android.provider.Settings.System to android.provider.Settings.Global, returning read-only value.
02-22 17:52:47.255 10270 10437 E IMGMapper: set:488 set: Unset optional value from type SMPTE2086
02-22 17:52:47.255 10270 10437 E IMGMapper: set:488 set: Unset optional value from type CTA861_3
02-22 17:52:47.258 10270 10437 W Parcel : Expecting binder but got null!
02-22 17:52:47.349 10270 10437 E IMGMapper: set:488 set: Unset optional value from type SMPTE2086
02-22 17:52:47.349 10270 10437 E IMGMapper: set:488 set: Unset optional value from type CTA861_3
02-22 17:52:47.353 10270 10437 W Parcel : Expecting binder but got null!
02-22 17:52:47.360 10270 10437 E IMGMapper: set:488 set: Unset optional value from type SMPTE2086
02-22 17:52:47.361 10270 10437 E IMGMapper: set:488 set: Unset optional value from type CTA861_3
02-22 17:52:47.371 10270 10437 E IMGMapper: set:488 set: Unset optional value from type SMPTE2086
02-22 17:52:47.371 10270 10437 E IMGMapper: set:488 set: Unset optional value from type CTA861_3
02-22 17:52:47.380 10270 10437 E IMGMapper: set:488 set: Unset optional value from type SMPTE2086
02-22 17:52:47.380 10270 10437 E IMGMapper: set:488 set: Unset optional value from type CTA861_3
02-22 17:52:47.386 10270 10437 E IMGMapper: set:488 set: Unset optional value from type SMPTE2086
02-22 17:52:47.386 10270 10437 E IMGMapper: set:488 set: Unset optional value from type CTA861_3
02-22 17:52:47.401 10270 10437 E IMGMapper: set:488 set: Unset optional value from type SMPTE2086
02-22 17:52:47.401 10270 10437 E IMGMapper: set:488 set: Unset optional value from type CTA861_3
02-22 17:52:47.412 10270 10437 E IMGMapper: set:488 set: Unset optional value from type SMPTE2086
02-22 17:52:47.413 10270 10437 E IMGMapper: set:488 set: Unset optional value from type CTA861_3
02-22 17:52:47.775 10270 10437 E IMGMapper: set:488 set: Unset optional value from type SMPTE2086
02-22 17:52:47.776 10270 10437 E IMGMapper: set:488 set: Unset optional value from type CTA861_3
02-22 17:52:48.436 10270 10437 E IMGMapper: set:488 set: Unset optional value from type SMPTE2086
02-22 17:52:48.436 10270 10437 E IMGMapper: set:488 set: Unset optional value from type CTA861_3
02-22 17:52:48.465 10270 10437 E IMGMapper: set:488 set: Unset optional value from type SMPTE2086
02-22 17:52:48.465 10270 10437 E IMGMapper: set:488 set: Unset optional value from type CTA861_3
02-22 17:52:48.591 10270 10270 W RemoteInputConnectionImpl: requestCursorAnchorInfo on inactive InputConnection
02-22 17:52:48.709 10270 10270 E ImeBackDispatcher: Ime callback not found. Ignoring unregisterReceivedCallback. callbackId: 171612761
02-22 17:52:52.794 10270 10437 E IMGMapper: set:488 set: Unset optional value from type SMPTE2086
02-22 17:52:52.794 10270 10437 E IMGMapper: set:488 set: Unset optional value from type CTA861_3
02-22 17:52:59.106 10270 10437 E IMGMapper: set:488 set: Unset optional value from type SMPTE2086
02-22 17:52:59.106 10270 10437 E IMGMapper: set:488 set: Unset optional value from type CTA861_3
02-22 17:53:02.782 10270 10270 W Activity: Can request only one set of permissions at a time
02-22 17:53:02.861 10270 10437 E IMGMapper: set:488 set: Unset optional value from type SMPTE2086
02-22 17:53:02.861 10270 10437 E IMGMapper: set:488 set: Unset optional value from type CTA861_3
02-22 17:53:02.865 10270 10437 W Parcel : Expecting binder but got null!
02-22 17:53:02.877 10270 10437 E IMGMapper: set:488 set: Unset optional value from type SMPTE2086
02-22 17:53:02.877 10270 10437 E IMGMapper: set:488 set: Unset optional value from type CTA861_3
02-22 17:53:02.908 10270 10437 E IMGMapper: set:488 set: Unset optional value from type SMPTE2086
02-22 17:53:02.908 10270 10437 E IMGMapper: set:488 set: Unset optional value from type CTA861_3
02-22 17:53:02.912 10270 10437 E IMGMapper: set:488 set: Unset optional value from type SMPTE2086
02-22 17:53:02.912 10270 10437 E IMGMapper: set:488 set: Unset optional value from type CTA861_3
02-22 17:53:02.932 10270 10437 E IMGMapper: set:488 set: Unset optional value from type SMPTE2086
02-22 17:53:02.932 10270 10437 E IMGMapper: set:488 set: Unset optional value from type CTA861_3
02-22 17:53:02.946 10270 10437 E IMGMapper: set:488 set: Unset optional value from type SMPTE2086
02-22 17:53:02.946 10270 10437 E IMGMapper: set:488 set: Unset optional value from type CTA861_3
02-22 17:53:02.962 10270 10437 E IMGMapper: set:488 set: Unset optional value from type SMPTE2086
02-22 17:53:02.962 10270 10437 E IMGMapper: set:488 set: Unset optional value from type CTA861_3
02-22 17:53:02.980 10270 10437 E IMGMapper: set:488 set: Unset optional value from type SMPTE2086
02-22 17:53:02.980 10270 10437 E IMGMapper: set:488 set: Unset optional value from type CTA861_3
02-22 17:53:03.761 10270 10437 E IMGMapper: set:488 set: Unset optional value from type SMPTE2086
02-22 17:53:03.761 10270 10437 E IMGMapper: set:488 set: Unset optional value from type CTA861_3
02-22 17:53:03.912 10270 10270 W X.0Z6 : Invalid or missing region code (Guatemala) provided.
02-22 17:53:04.028 10270 10437 E IMGMapper: set:488 set: Unset optional value from type SMPTE2086
02-22 17:53:04.028 10270 10437 E IMGMapper: set:488 set: Unset optional value from type CTA861_3
02-22 17:53:04.031 10270 10437 W Parcel : Expecting binder but got null!
02-22 17:53:04.036 10270 10437 E IMGMapper: set:488 set: Unset optional value from type SMPTE2086
02-22 17:53:04.036 10270 10437 E IMGMapper: set:488 set: Unset optional value from type CTA861_3
02-22 17:53:04.050 10270 10437 E IMGMapper: set:488 set: Unset optional value from type SMPTE2086
02-22 17:53:04.050 10270 10437 E IMGMapper: set:488 set: Unset optional value from type CTA861_3
02-22 17:53:04.059 10270 10437 E IMGMapper: set:488 set: Unset optional value from type SMPTE2086
02-22 17:53:04.059 10270 10437 E IMGMapper: set:488 set: Unset optional value from type CTA861_3
02-22 17:53:04.286 10270 10437 E IMGMapper: set:488 set: Unset optional value from type SMPTE2086
02-22 17:53:04.286 10270 10437 E IMGMapper: set:488 set: Unset optional value from type CTA861_3
02-22 17:53:04.305 10270 10437 E IMGMapper: set:488 set: Unset optional value from type SMPTE2086
02-22 17:53:04.305 10270 10437 E IMGMapper: set:488 set: Unset optional value from type CTA861_3
02-22 17:53:04.367 10270 10270 W OnBackInvokedCallback: OnBackInvokedCallback is not enabled for the application.
02-22 17:53:04.367 10270 10270 W OnBackInvokedCallback: Set 'android:enableOnBackInvokedCallback="true"' in the application manifest.
02-22 17:53:04.444 10270 10437 E IMGMapper: set:488 set: Unset optional value from type SMPTE2086
02-22 17:53:04.445 10270 10437 E IMGMapper: set:488 set: Unset optional value from type CTA861_3
02-22 17:53:04.456 10270 10437 E IMGMapper: set:488 set: Unset optional value from type SMPTE2086
02-22 17:53:04.456 10270 10437 E IMGMapper: set:488 set: Unset optional value from type CTA861_3
02-22 17:53:04.744 10270 10437 E IMGMapper: set:488 set: Unset optional value from type SMPTE2086
02-22 17:53:04.745 10270 10437 E IMGMapper: set:488 set: Unset optional value from type CTA861_3
02-22 17:53:04.761 10270 10437 E IMGMapper: set:488 set: Unset optional value from type SMPTE2086
02-22 17:53:04.761 10270 10437 E IMGMapper: set:488 set: Unset optional value from type CTA861_3
02-22 17:53:04.777 10270 10437 E IMGMapper: set:488 set: Unset optional value from type SMPTE2086
02-22 17:53:04.778 10270 10437 E IMGMapper: set:488 set: Unset optional value from type CTA861_3
02-22 17:53:04.793 10270 10437 E IMGMapper: set:488 set: Unset optional value from type SMPTE2086
02-22 17:53:04.794 10270 10437 E IMGMapper: set:488 set: Unset optional value from type CTA861_3
02-22 17:53:04.811 10270 10437 E IMGMapper: set:488 set: Unset optional value from type SMPTE2086
02-22 17:53:04.811 10270 10437 E IMGMapper: set:488 set: Unset optional value from type CTA861_3
02-22 17:53:04.826 10270 10437 E IMGMapper: set:488 set: Unset optional value from type SMPTE2086
02-22 17:53:04.826 10270 10437 E IMGMapper: set:488 set: Unset optional value from type CTA861_3
02-22 17:53:04.842 10270 10437 E IMGMapper: set:488 set: Unset optional value from type SMPTE2086
02-22 17:53:04.843 10270 10437 E IMGMapper: set:488 set: Unset optional value from type CTA861_3
02-22 17:53:04.861 10270 10437 E IMGMapper: set:488 set: Unset optional value from type SMPTE2086
02-22 17:53:04.861 10270 10437 E IMGMapper: set:488 set: Unset optional value from type CTA861_3
02-22 17:53:04.876 10270 10437 E IMGMapper: set:488 set: Unset optional value from type SMPTE2086
02-22 17:53:04.876 10270 10437 E IMGMapper: set:488 set: Unset optional value from type CTA861_3
02-22 17:53:04.894 10270 10437 E IMGMapper: set:488 set: Unset optional value from type SMPTE2086
02-22 17:53:04.894 10270 10437 E IMGMapper: set:488 set: Unset optional value from type CTA861_3
02-22 17:53:04.909 10270 10437 E IMGMapper: set:488 set: Unset optional value from type SMPTE2086
02-22 17:53:04.909 10270 10437 E IMGMapper: set:488 set: Unset optional value from type CTA861_3
02-22 17:53:04.925 10270 10437 E IMGMapper: set:488 set: Unset optional value from type SMPTE2086
02-22 17:53:04.925 10270 10437 E IMGMapper: set:488 set: Unset optional value from type CTA861_3
02-22 17:53:04.944 10270 10437 E IMGMapper: set:488 set: Unset optional value from type SMPTE2086
02-22 17:53:04.944 10270 10437 E IMGMapper: set:488 set: Unset optional value from type CTA861_3
02-22 17:53:04.959 10270 10437 E IMGMapper: set:488 set: Unset optional value from type SMPTE2086
02-22 17:53:04.959 10270 10437 E IMGMapper: set:488 set: Unset optional value from type CTA861_3
02-22 17:53:04.976 10270 10437 E IMGMapper: set:488 set: Unset optional value from type SMPTE2086
02-22 17:53:04.976 10270 10437 E IMGMapper: set:488 set: Unset optional value from type CTA861_3
02-22 17:53:04.992 10270 10437 E IMGMapper: set:488 set: Unset optional value from type SMPTE2086
02-22 17:53:04.992 10270 10437 E IMGMapper: set:488 set: Unset optional value from type CTA861_3
02-22 17:53:05.009 10270 10437 E IMGMapper: set:488 set: Unset optional value from type SMPTE2086
02-22 17:53:05.009 10270 10437 E IMGMapper: set:488 set: Unset optional value from type CTA861_3
02-22 17:53:05.304 10270 10437 E IMGMapper: set:488 set: Unset optional value from type SMPTE2086
02-22 17:53:05.304 10270 10437 E IMGMapper: set:488 set: Unset optional value from type CTA861_3
02-22 17:53:05.405 10270 10437 E IMGMapper: set:488 set: Unset optional value from type SMPTE2086
02-22 17:53:05.405 10270 10437 E IMGMapper: set:488 set: Unset optional value from type CTA861_3
02-22 17:53:05.620 10270 10437 E IMGMapper: set:488 set: Unset optional value from type SMPTE2086
02-22 17:53:05.620 10270 10437 E IMGMapper: set:488 set: Unset optional value from type CTA861_3
02-22 17:53:05.787 10270 10437 E IMGMapper: set:488 set: Unset optional value from type SMPTE2086
02-22 17:53:05.787 10270 10437 E IMGMapper: set:488 set: Unset optional value from type CTA861_3
02-22 17:53:06.036 10270 10437 E IMGMapper: set:488 set: Unset optional value from type SMPTE2086
02-22 17:53:06.036 10270 10437 E IMGMapper: set:488 set: Unset optional value from type CTA861_3
02-22 17:53:06.285 10270 10437 E IMGMapper: set:488 set: Unset optional value from type SMPTE2086
02-22 17:53:06.286 10270 10437 E IMGMapper: set:488 set: Unset optional value from type CTA861_3
02-22 17:53:06.485 10270 10437 E IMGMapper: set:488 set: Unset optional value from type SMPTE2086
02-22 17:53:06.485 10270 10437 E IMGMapper: set:488 set: Unset optional value from type CTA861_3
02-22 17:53:06.601 10270 10437 E IMGMapper: set:488 set: Unset optional value from type SMPTE2086
02-22 17:53:06.601 10270 10437 E IMGMapper: set:488 set: Unset optional value from type CTA861_3
02-22 17:53:06.816 10270 10437 E IMGMapper: set:488 set: Unset optional value from type SMPTE2086
02-22 17:53:06.817 10270 10437 E IMGMapper: set:488 set: Unset optional value from type CTA861_3
02-22 17:53:07.315 10270 10437 E IMGMapper: set:488 set: Unset optional value from type SMPTE2086
02-22 17:53:07.315 10270 10437 E IMGMapper: set:488 set: Unset optional value from type CTA861_3
02-22 17:53:07.414 10270 10437 E IMGMapper: set:488 set: Unset optional value from type SMPTE2086
02-22 17:53:07.414 10270 10437 E IMGMapper: set:488 set: Unset optional value from type CTA861_3
02-22 17:53:07.480 10270 10437 E IMGMapper: set:488 set: Unset optional value from type SMPTE2086
02-22 17:53:07.480 10270 10437 E IMGMapper: set:488 set: Unset optional value from type CTA861_3
02-22 17:53:07.830 10270 10437 E IMGMapper: set:488 set: Unset optional value from type SMPTE2086
02-22 17:53:07.830 10270 10437 E IMGMapper: set:488 set: Unset optional value from type CTA861_3
02-22 17:53:08.263 10270 10437 E IMGMapper: set:488 set: Unset optional value from type SMPTE2086
02-22 17:53:08.264 10270 10437 E IMGMapper: set:488 set: Unset optional value from type CTA861_3
02-22 17:53:08.325 10270 10270 W Settings: Setting show_button_background has moved from android.provider.Settings.System to android.provider.Settings.Global, returning read-only value.
02-22 17:53:08.373 10270 10437 E IMGMapper: set:488 set: Unset optional value from type SMPTE2086
02-22 17:53:08.373 10270 10437 E IMGMapper: set:488 set: Unset optional value from type CTA861_3
02-22 17:53:08.376 10270 10437 W Parcel : Expecting binder but got null!
02-22 17:53:08.382 10270 10437 E IMGMapper: set:488 set: Unset optional value from type SMPTE2086
02-22 17:53:08.382 10270 10437 E IMGMapper: set:488 set: Unset optional value from type CTA861_3
02-22 17:53:08.388 10270 10437 E IMGMapper: set:488 set: Unset optional value from type SMPTE2086
02-22 17:53:08.388 10270 10437 E IMGMapper: set:488 set: Unset optional value from type CTA861_3
02-22 17:53:08.395 10270 10437 E IMGMapper: set:488 set: Unset optional value from type SMPTE2086
02-22 17:53:08.395 10270 10437 E IMGMapper: set:488 set: Unset optional value from type CTA861_3
02-22 17:53:09.216 10270 10437 E IMGMapper: set:488 set: Unset optional value from type SMPTE2086
02-22 17:53:09.216 10270 10437 E IMGMapper: set:488 set: Unset optional value from type CTA861_3
02-22 17:53:09.220 10270 10437 W Parcel : Expecting binder but got null!
02-22 17:53:10.111 10270 10437 E IMGMapper: set:488 set: Unset optional value from type SMPTE2086
02-22 17:53:10.111 10270 10437 E IMGMapper: set:488 set: Unset optional value from type CTA861_3
02-22 17:53:10.155 10270 10270 W OnBackInvokedCallback: OnBackInvokedCallback is not enabled for the application.
02-22 17:53:10.155 10270 10270 W OnBackInvokedCallback: Set 'android:enableOnBackInvokedCallback="true"' in the application manifest.
02-22 17:53:10.172 10270 10437 E IMGMapper: set:488 set: Unset optional value from type SMPTE2086
02-22 17:53:10.172 10270 10437 E IMGMapper: set:488 set: Unset optional value from type CTA861_3
02-22 17:53:10.701 10270 10270 W Settings: Setting show_button_background has moved from android.provider.Settings.System to android.provider.Settings.Global, returning read-only value.
02-22 17:53:10.775 10270 10437 E IMGMapper: set:488 set: Unset optional value from type SMPTE2086
02-22 17:53:10.775 10270 10437 E IMGMapper: set:488 set: Unset optional value from type CTA861_3
02-22 17:53:10.777 10270 10437 W Parcel : Expecting binder but got null!
02-22 17:53:10.880 10270 10437 E IMGMapper: set:488 set: Unset optional value from type SMPTE2086
02-22 17:53:10.880 10270 10437 E IMGMapper: set:488 set: Unset optional value from type CTA861_3
02-22 17:53:10.884 10270 10437 W Parcel : Expecting binder but got null!
02-22 17:53:10.890 10270 10437 E IMGMapper: set:488 set: Unset optional value from type SMPTE2086
02-22 17:53:10.891 10270 10437 E IMGMapper: set:488 set: Unset optional value from type CTA861_3
02-22 17:53:10.901 10270 10437 E IMGMapper: set:488 set: Unset optional value from type SMPTE2086
02-22 17:53:10.901 10270 10437 E IMGMapper: set:488 set: Unset optional value from type CTA861_3
02-22 17:53:10.911 10270 10437 E IMGMapper: set:488 set: Unset optional value from type SMPTE2086
02-22 17:53:10.911 10270 10437 E IMGMapper: set:488 set: Unset optional value from type CTA861_3
02-22 17:53:10.916 10270 10437 E IMGMapper: set:488 set: Unset optional value from type SMPTE2086
02-22 17:53:10.916 10270 10437 E IMGMapper: set:488 set: Unset optional value from type CTA861_3
02-22 17:53:10.933 10270 10437 E IMGMapper: set:488 set: Unset optional value from type SMPTE2086
02-22 17:53:10.933 10270 10437 E IMGMapper: set:488 set: Unset optional value from type CTA861_3
02-22 17:53:10.947 10270 10437 E IMGMapper: set:488 set: Unset optional value from type SMPTE2086
02-22 17:53:10.947 10270 10437 E IMGMapper: set:488 set: Unset optional value from type CTA861_3
02-22 17:53:11.289 10270 10437 E IMGMapper: set:488 set: Unset optional value from type SMPTE2086
02-22 17:53:11.289 10270 10437 E IMGMapper: set:488 set: Unset optional value from type CTA861_3
02-22 17:53:11.887 10270 10270 W RemoteInputConnectionImpl: requestCursorAnchorInfo on inactive InputConnection
02-22 17:53:11.888 10270 10270 E ImeBackDispatcher: Ime callback not found. Ignoring unregisterReceivedCallback. callbackId: 171612761
02-22 17:53:11.934 10270 10437 E IMGMapper: set:488 set: Unset optional value from type SMPTE2086
02-22 17:53:11.934 10270 10437 E IMGMapper: set:488 set: Unset optional value from type CTA861_3
02-22 17:53:11.937 10270 10437 W Parcel : Expecting binder but got null!
02-22 17:53:11.950 10270 10437 E IMGMapper: set:488 set: Unset optional value from type SMPTE2086
02-22 17:53:11.950 10270 10437 E IMGMapper: set:488 set: Unset optional value from type CTA861_3
02-22 17:53:11.977 10270 10437 E IMGMapper: set:488 set: Unset optional value from type SMPTE2086
02-22 17:53:11.977 10270 10437 E IMGMapper: set:488 set: Unset optional value from type CTA861_3
02-22 17:53:12.011 10270 10270 W RemoteInputConnectionImpl: requestCursorAnchorInfo on inactive InputConnection
02-22 17:53:12.037 10270 10270 W OnBackInvokedCallback: OnBackInvokedCallback is not enabled for the application.
02-22 17:53:12.037 10270 10270 W OnBackInvokedCallback: Set 'android:enableOnBackInvokedCallback="true"' in the application manifest.
02-22 17:53:12.058 10270 10437 E IMGMapper: set:488 set: Unset optional value from type SMPTE2086
02-22 17:53:12.058 10270 10437 E IMGMapper: set:488 set: Unset optional value from type CTA861_3
02-22 17:53:12.122 10270 10270 W RemoteInputConnectionImpl: requestCursorAnchorInfo on inactive InputConnection
02-22 17:53:12.152 10270 10437 E IMGMapper: set:488 set: Unset optional value from type SMPTE2086
02-22 17:53:12.152 10270 10437 E IMGMapper: set:488 set: Unset optional value from type CTA861_3
02-22 17:53:14.468 10270 10437 E IMGMapper: set:488 set: Unset optional value from type SMPTE2086
02-22 17:53:14.468 10270 10437 E IMGMapper: set:488 set: Unset optional value from type CTA861_3
02-22 17:53:14.623 10270 10270 W Activity: Can request only one set of permissions at a time
02-22 17:53:14.694 10270 10437 E IMGMapper: set:488 set: Unset optional value from type SMPTE2086
02-22 17:53:14.695 10270 10437 E IMGMapper: set:488 set: Unset optional value from type CTA861_3
02-22 17:53:14.698 10270 10437 W Parcel : Expecting binder but got null!
02-22 17:53:14.709 10270 10437 E IMGMapper: set:488 set: Unset optional value from type SMPTE2086
02-22 17:53:14.709 10270 10437 E IMGMapper: set:488 set: Unset optional value from type CTA861_3
02-22 17:53:14.715 10270 10437 E IMGMapper: set:488 set: Unset optional value from type SMPTE2086
02-22 17:53:14.715 10270 10437 E IMGMapper: set:488 set: Unset optional value from type CTA861_3
02-22 17:53:14.725 10270 10437 E IMGMapper: set:488 set: Unset optional value from type SMPTE2086
02-22 17:53:14.725 10270 10437 E IMGMapper: set:488 set: Unset optional value from type CTA861_3
02-22 17:53:14.754 10270 10437 E IMGMapper: set:488 set: Unset optional value from type SMPTE2086
02-22 17:53:14.754 10270 10437 E IMGMapper: set:488 set: Unset optional value from type CTA861_3
02-22 17:53:14.759 10270 10437 E IMGMapper: set:488 set: Unset optional value from type SMPTE2086
02-22 17:53:14.759 10270 10437 E IMGMapper: set:488 set: Unset optional value from type CTA861_3
02-22 17:53:14.774 10270 10437 E IMGMapper: set:488 set: Unset optional value from type SMPTE2086
02-22 17:53:14.775 10270 10437 E IMGMapper: set:488 set: Unset optional value from type CTA861_3
02-22 17:53:14.792 10270 10437 E IMGMapper: set:488 set: Unset optional value from type SMPTE2086
02-22 17:53:14.792 10270 10437 E IMGMapper: set:488 set: Unset optional value from type CTA861_3
02-22 17:53:14.810 10270 10437 E IMGMapper: set:488 set: Unset optional value from type SMPTE2086
02-22 17:53:14.810 10270 10437 E IMGMapper: set:488 set: Unset optional value from type CTA861_3
02-22 17:53:16.056 10270 10437 E IMGMapper: set:488 set: Unset optional value from type SMPTE2086
02-22 17:53:16.056 10270 10437 E IMGMapper: set:488 set: Unset optional value from type CTA861_3
02-22 17:53:16.189 10270 10270 W X.0Z6 : Invalid or missing region code (Guatemala) provided.
02-22 17:53:16.307 10270 10437 E IMGMapper: set:488 set: Unset optional value from type SMPTE2086
02-22 17:53:16.307 10270 10437 E IMGMapper: set:488 set: Unset optional value from type CTA861_3
02-22 17:53:16.310 10270 10437 W Parcel : Expecting binder but got null!
02-22 17:53:16.316 10270 10437 E IMGMapper: set:488 set: Unset optional value from type SMPTE2086
02-22 17:53:16.316 10270 10437 E IMGMapper: set:488 set: Unset optional value from type CTA861_3
02-22 17:53:16.330 10270 10437 E IMGMapper: set:488 set: Unset optional value from type SMPTE2086
02-22 17:53:16.331 10270 10437 E IMGMapper: set:488 set: Unset optional value from type CTA861_3
02-22 17:53:16.342 10270 10437 E IMGMapper: set:488 set: Unset optional value from type SMPTE2086
02-22 17:53:16.342 10270 10437 E IMGMapper: set:488 set: Unset optional value from type CTA861_3
02-22 17:53:16.632 10270 10437 E IMGMapper: set:488 set: Unset optional value from type SMPTE2086
02-22 17:53:16.633 10270 10437 E IMGMapper: set:488 set: Unset optional value from type CTA861_3
02-22 17:53:16.661 10270 10437 E IMGMapper: set:488 set: Unset optional value from type SMPTE2086
02-22 17:53:16.662 10270 10437 E IMGMapper: set:488 set: Unset optional value from type CTA861_3
02-22 17:53:16.671 10270 10437 E IMGMapper: set:488 set: Unset optional value from type SMPTE2086
02-22 17:53:16.671 10270 10437 E IMGMapper: set:488 set: Unset optional value from type CTA861_3
02-22 17:53:16.686 10270 10437 E IMGMapper: set:488 set: Unset optional value from type SMPTE2086
02-22 17:53:16.686 10270 10437 E IMGMapper: set:488 set: Unset optional value from type CTA861_3
02-22 17:53:16.695 10270 10270 W OnBackInvokedCallback: OnBackInvokedCallback is not enabled for the application.
02-22 17:53:16.695 10270 10270 W OnBackInvokedCallback: Set 'android:enableOnBackInvokedCallback="true"' in the application manifest.
02-22 17:53:16.702 10270 10437 E IMGMapper: set:488 set: Unset optional value from type SMPTE2086
02-22 17:53:16.702 10270 10437 E IMGMapper: set:488 set: Unset optional value from type CTA861_3
02-22 17:53:16.719 10270 10437 E IMGMapper: set:488 set: Unset optional value from type SMPTE2086
02-22 17:53:16.719 10270 10437 E IMGMapper: set:488 set: Unset optional value from type CTA861_3
02-22 17:53:16.736 10270 10437 E IMGMapper: set:488 set: Unset optional value from type SMPTE2086
02-22 17:53:16.736 10270 10437 E IMGMapper: set:488 set: Unset optional value from type CTA861_3
02-22 17:53:16.759 10270 10437 E IMGMapper: set:488 set: Unset optional value from type SMPTE2086
02-22 17:53:16.759 10270 10437 E IMGMapper: set:488 set: Unset optional value from type CTA861_3
02-22 17:53:16.770 10270 10437 E IMGMapper: set:488 set: Unset optional value from type SMPTE2086
02-22 17:53:16.770 10270 10437 E IMGMapper: set:488 set: Unset optional value from type CTA861_3
02-22 17:53:17.155 10270 10437 E IMGMapper: set:488 set: Unset optional value from type SMPTE2086
02-22 17:53:17.156 10270 10437 E IMGMapper: set:488 set: Unset optional value from type CTA861_3
02-22 17:53:17.173 10270 10437 E IMGMapper: set:488 set: Unset optional value from type SMPTE2086
02-22 17:53:17.173 10270 10437 E IMGMapper: set:488 set: Unset optional value from type CTA861_3
02-22 17:53:17.189 10270 10437 E IMGMapper: set:488 set: Unset optional value from type SMPTE2086
02-22 17:53:17.190 10270 10437 E IMGMapper: set:488 set: Unset optional value from type CTA861_3
02-22 17:53:17.207 10270 10437 E IMGMapper: set:488 set: Unset optional value from type SMPTE2086
02-22 17:53:17.207 10270 10437 E IMGMapper: set:488 set: Unset optional value from type CTA861_3
02-22 17:53:17.221 10270 10437 E IMGMapper: set:488 set: Unset optional value from type SMPTE2086
02-22 17:53:17.221 10270 10437 E IMGMapper: set:488 set: Unset optional value from type CTA861_3
02-22 17:53:17.239 10270 10437 E IMGMapper: set:488 set: Unset optional value from type SMPTE2086
02-22 17:53:17.239 10270 10437 E IMGMapper: set:488 set: Unset optional value from type CTA861_3
02-22 17:53:17.255 10270 10437 E IMGMapper: set:488 set: Unset optional value from type SMPTE2086
02-22 17:53:17.256 10270 10437 E IMGMapper: set:488 set: Unset optional value from type CTA861_3
02-22 17:53:17.272 10270 10437 E IMGMapper: set:488 set: Unset optional value from type SMPTE2086
02-22 17:53:17.272 10270 10437 E IMGMapper: set:488 set: Unset optional value from type CTA861_3
02-22 17:53:17.290 10270 10437 E IMGMapper: set:488 set: Unset optional value from type SMPTE2086
02-22 17:53:17.290 10270 10437 E IMGMapper: set:488 set: Unset optional value from type CTA861_3
02-22 17:53:17.306 10270 10437 E IMGMapper: set:488 set: Unset optional value from type SMPTE2086
02-22 17:53:17.306 10270 10437 E IMGMapper: set:488 set: Unset optional value from type CTA861_3
02-22 17:53:17.322 10270 10437 E IMGMapper: set:488 set: Unset optional value from type SMPTE2086
02-22 17:53:17.323 10270 10437 E IMGMapper: set:488 set: Unset optional value from type CTA861_3
02-22 17:53:17.337 10270 10437 E IMGMapper: set:488 set: Unset optional value from type SMPTE2086
02-22 17:53:17.337 10270 10437 E IMGMapper: set:488 set: Unset optional value from type CTA861_3
02-22 17:53:17.353 10270 10437 E IMGMapper: set:488 set: Unset optional value from type SMPTE2086
02-22 17:53:17.354 10270 10437 E IMGMapper: set:488 set: Unset optional value from type CTA861_3
02-22 17:53:17.370 10270 10437 E IMGMapper: set:488 set: Unset optional value from type SMPTE2086
02-22 17:53:17.370 10270 10437 E IMGMapper: set:488 set: Unset optional value from type CTA861_3
02-22 17:53:17.389 10270 10437 E IMGMapper: set:488 set: Unset optional value from type SMPTE2086
02-22 17:53:17.389 10270 10437 E IMGMapper: set:488 set: Unset optional value from type CTA861_3
02-22 17:53:17.406 10270 10437 E IMGMapper: set:488 set: Unset optional value from type SMPTE2086
02-22 17:53:17.406 10270 10437 E IMGMapper: set:488 set: Unset optional value from type CTA861_3
02-22 17:53:17.421 10270 10437 E IMGMapper: set:488 set: Unset optional value from type SMPTE2086
02-22 17:53:17.422 10270 10437 E IMGMapper: set:488 set: Unset optional value from type CTA861_3
02-22 17:53:17.650 10270 10437 E IMGMapper: set:488 set: Unset optional value from type SMPTE2086
02-22 17:53:17.651 10270 10437 E IMGMapper: set:488 set: Unset optional value from type CTA861_3
02-22 17:53:17.718 10270 10437 E IMGMapper: set:488 set: Unset optional value from type SMPTE2086
02-22 17:53:17.718 10270 10437 E IMGMapper: set:488 set: Unset optional value from type CTA861_3
02-22 17:53:17.917 10270 10437 E IMGMapper: set:488 set: Unset optional value from type SMPTE2086
02-22 17:53:17.917 10270 10437 E IMGMapper: set:488 set: Unset optional value from type CTA861_3
02-22 17:53:18.083 10270 10437 E IMGMapper: set:488 set: Unset optional value from type SMPTE2086
02-22 17:53:18.084 10270 10437 E IMGMapper: set:488 set: Unset optional value from type CTA861_3
02-22 17:53:18.316 10270 10437 E IMGMapper: set:488 set: Unset optional value from type SMPTE2086
02-22 17:53:18.316 10270 10437 E IMGMapper: set:488 set: Unset optional value from type CTA861_3
02-22 17:53:18.549 10270 10437 E IMGMapper: set:488 set: Unset optional value from type SMPTE2086
02-22 17:53:18.549 10270 10437 E IMGMapper: set:488 set: Unset optional value from type CTA861_3
02-22 17:53:18.715 10270 10437 E IMGMapper: set:488 set: Unset optional value from type SMPTE2086
02-22 17:53:18.715 10270 10437 E IMGMapper: set:488 set: Unset optional value from type CTA861_3
02-22 17:53:18.831 10270 10437 E IMGMapper: set:488 set: Unset optional value from type SMPTE2086
02-22 17:53:18.831 10270 10437 E IMGMapper: set:488 set: Unset optional value from type CTA861_3
02-22 17:53:19.030 10270 10437 E IMGMapper: set:488 set: Unset optional value from type SMPTE2086
02-22 17:53:19.030 10270 10437 E IMGMapper: set:488 set: Unset optional value from type CTA861_3
02-22 17:53:19.529 10270 10437 E IMGMapper: set:488 set: Unset optional value from type SMPTE2086
02-22 17:53:19.529 10270 10437 E IMGMapper: set:488 set: Unset optional value from type CTA861_3
02-22 17:53:19.880 10270 10437 E IMGMapper: set:488 set: Unset optional value from type SMPTE2086
02-22 17:53:19.880 10270 10437 E IMGMapper: set:488 set: Unset optional value from type CTA861_3
02-22 17:53:19.935 10270 10270 W Settings: Setting show_button_background has moved from android.provider.Settings.System to android.provider.Settings.Global, returning read-only value.
02-22 17:53:19.984 10270 10437 E IMGMapper: set:488 set: Unset optional value from type SMPTE2086
02-22 17:53:19.985 10270 10437 E IMGMapper: set:488 set: Unset optional value from type CTA861_3
02-22 17:53:19.988 10270 10437 W Parcel : Expecting binder but got null!
02-22 17:53:19.993 10270 10437 E IMGMapper: set:488 set: Unset optional value from type SMPTE2086
02-22 17:53:19.993 10270 10437 E IMGMapper: set:488 set: Unset optional value from type CTA861_3
02-22 17:53:19.999 10270 10437 E IMGMapper: set:488 set: Unset optional value from type SMPTE2086
02-22 17:53:19.999 10270 10437 E IMGMapper: set:488 set: Unset optional value from type CTA861_3
02-22 17:53:20.010 10270 10437 E IMGMapper: set:488 set: Unset optional value from type SMPTE2086
02-22 17:53:20.011 10270 10437 E IMGMapper: set:488 set: Unset optional value from type CTA861_3
02-22 17:53:20.953 10270 10437 E IMGMapper: set:488 set: Unset optional value from type SMPTE2086
02-22 17:53:20.953 10270 10437 E IMGMapper: set:488 set: Unset optional value from type CTA861_3
02-22 17:53:20.957 10270 10437 W Parcel : Expecting binder but got null!
02-22 17:53:21.663 10270 10437 E IMGMapper: set:488 set: Unset optional value from type SMPTE2086
02-22 17:53:21.664 10270 10437 E IMGMapper: set:488 set: Unset optional value from type CTA861_3
02-22 17:53:21.710 10270 10270 W OnBackInvokedCallback: OnBackInvokedCallback is not enabled for the application.
02-22 17:53:21.710 10270 10270 W OnBackInvokedCallback: Set 'android:enableOnBackInvokedCallback="true"' in the application manifest.
02-22 17:53:21.722 10270 10437 E IMGMapper: set:488 set: Unset optional value from type SMPTE2086
02-22 17:53:21.722 10270 10437 E IMGMapper: set:488 set: Unset optional value from type CTA861_3
02-22 17:53:22.275 10270 10270 W Settings: Setting show_button_background has moved from android.provider.Settings.System to android.provider.Settings.Global, returning read-only value.
02-22 17:53:22.352 10270 10437 E IMGMapper: set:488 set: Unset optional value from type SMPTE2086
02-22 17:53:22.352 10270 10437 E IMGMapper: set:488 set: Unset optional value from type CTA861_3
02-22 17:53:22.354 10270 10437 W Parcel : Expecting binder but got null!
02-22 17:53:22.459 10270 10437 E IMGMapper: set:488 set: Unset optional value from type SMPTE2086
02-22 17:53:22.459 10270 10437 E IMGMapper: set:488 set: Unset optional value from type CTA861_3
02-22 17:53:22.464 10270 10437 W Parcel : Expecting binder but got null!
02-22 17:53:22.470 10270 10437 E IMGMapper: set:488 set: Unset optional value from type SMPTE2086
02-22 17:53:22.470 10270 10437 E IMGMapper: set:488 set: Unset optional value from type CTA861_3
02-22 17:53:22.480 10270 10437 E IMGMapper: set:488 set: Unset optional value from type SMPTE2086
02-22 17:53:22.481 10270 10437 E IMGMapper: set:488 set: Unset optional value from type CTA861_3
02-22 17:53:22.489 10270 10437 E IMGMapper: set:488 set: Unset optional value from type SMPTE2086
02-22 17:53:22.489 10270 10437 E IMGMapper: set:488 set: Unset optional value from type CTA861_3
02-22 17:53:22.494 10270 10437 E IMGMapper: set:488 set: Unset optional value from type SMPTE2086
02-22 17:53:22.494 10270 10437 E IMGMapper: set:488 set: Unset optional value from type CTA861_3
02-22 17:53:22.510 10270 10437 E IMGMapper: set:488 set: Unset optional value from type SMPTE2086
02-22 17:53:22.510 10270 10437 E IMGMapper: set:488 set: Unset optional value from type CTA861_3
02-22 17:53:22.519 10270 10437 E IMGMapper: set:488 set: Unset optional value from type SMPTE2086
02-22 17:53:22.519 10270 10437 E IMGMapper: set:488 set: Unset optional value from type CTA861_3
02-22 17:53:22.870 10270 10437 E IMGMapper: set:488 set: Unset optional value from type SMPTE2086
02-22 17:53:22.870 10270 10437 E IMGMapper: set:488 set: Unset optional value from type CTA861_3
02-22 17:53:23.419 10270 10437 E IMGMapper: set:488 set: Unset optional value from type SMPTE2086
02-22 17:53:23.419 10270 10437 E IMGMapper: set:488 set: Unset optional value from type CTA861_3
02-22 17:53:23.444 10270 10437 E IMGMapper: set:488 set: Unset optional value from type SMPTE2086
02-22 17:53:23.444 10270 10437 E IMGMapper: set:488 set: Unset optional value from type CTA861_3
02-22 17:53:23.462 10270 10270 W RemoteInputConnectionImpl: requestCursorAnchorInfo on inactive InputConnection
02-22 17:53:23.462 10270 10270 E ImeBackDispatcher: Ime callback not found. Ignoring unregisterReceivedCallback. callbackId: 171612761
02-22 17:53:23.499 10270 10270 W RemoteInputConnectionImpl: getExtractedText on inactive InputConnection
02-22 17:53:23.521 10270 10270 W RemoteInputConnectionImpl: requestCursorAnchorInfo on inactive InputConnection
02-22 17:53:23.537 10270 10270 W OnBackInvokedCallback: OnBackInvokedCallback is not enabled for the application.
02-22 17:53:23.537 10270 10270 W OnBackInvokedCallback: Set 'android:enableOnBackInvokedCallback="true"' in the application manifest.
02-22 17:53:23.610 10270 10270 W RemoteInputConnectionImpl: requestCursorAnchorInfo on inactive InputConnection
02-22 17:53:27.008 10270 10437 E IMGMapper: set:488 set: Unset optional value from type SMPTE2086
02-22 17:53:27.008 10270 10437 E IMGMapper: set:488 set: Unset optional value from type CTA861_3
02-22 17:53:27.090 10270 10437 E IMGMapper: set:488 set: Unset optional value from type SMPTE2086
02-22 17:53:27.090 10270 10437 E IMGMapper: set:488 set: Unset optional value from type CTA861_3
02-22 17:54:03.735 10270 10437 E IMGMapper: set:488 set: Unset optional value from type SMPTE2086
02-22 17:54:03.735 10270 10437 E IMGMapper: set:488 set: Unset optional value from type--------- beginning of main
02-22 17:54:38.734 10270 10270 W MessageQueue: Handler (X.10H) {2d3268a} sending message to a Handler on a dead thread
02-22 17:54:38.734 10270 10270 W MessageQueue: java.lang.IllegalStateException: Handler (X.10H) {2d3268a} sending message to a Handler on a dead thread
02-22 17:54:38.734 10270 10270 W MessageQueue: at android.os.MessageQueue.enqueueMessage(MessageQueue.java:560)
02-22 17:54:38.734 10270 10270 W MessageQueue: at android.os.Handler.enqueueMessage(Handler.java:778)
02-22 17:54:38.734 10270 10270 W MessageQueue: at android.os.Handler.sendMessageAtTime(Handler.java:727)
02-22 17:54:38.734 10270 10270 W MessageQueue: at android.os.Handler.sendMessageDelayed(Handler.java:697)
02-22 17:54:38.734 10270 10270 W MessageQueue: at android.os.Handler.sendMessage(Handler.java:635)
02-22 17:54:38.734 10270 10270 W MessageQueue: at android.os.Message.sendToTarget(Message.java:468)
02-22 17:54:38.734 10270 10270 W MessageQueue: at X.0yI.A19(Unknown Source:4)
02-22 17:54:38.734 10270 10270 W MessageQueue: at X.2tO.A02(Unknown Source:46)
02-22 17:54:38.734 10270 10270 W MessageQueue: at X.0yu.onReceive(Unknown Source:51)
02-22 17:54:38.734 10270 10270 W MessageQueue: at android.app.LoadedApk$ReceiverDispatcher$Args.lambda$getRunnable$0$android-app- LoadedApk$ReceiverDispatcher$Args(LoadedApk.java:1918)
02-22 17:54:38.734 10270 10270 W MessageQueue: at android.app.LoadedApk$ReceiverDispatcher$Args$$ExternalSyntheticLambda0.run(Unknown Source:2)
02-22 17:54:38.734 10270 10270 W MessageQueue: at android.os.Handler.handleCallback(Handler.java:942)
02-22 17:54:38.734 10270 10270 W MessageQueue: at android.os.Handler.dispatchMessage(Handler.java:99)
02-22 17:54:38.734 10270 10270 W MessageQueue: at android.os.Looper.loopOnce(Looper.java:226)
02-22 17:54:38.734 10270 10270 W MessageQueue: at android.os.Looper.loop(Looper.java:313)
02-22 17:54:38.734 10270 10270 W MessageQueue: at android.app.ActivityThread.main(ActivityThread.java:8757)
02-22 17:54:38.734 10270 10270 W MessageQueue: at java.lang.reflect.Method.invoke(Native Method)
02-22 17:54:38.734 10270 10270 W MessageQueue: at com.android.internal.os.RuntimeInit$MethodAndArgsCaller.run(RuntimeInit.java:571)
02-22 17:54:38.734 10270 10270 W MessageQueue: at com.android.internal.os.ZygoteInit.main(ZygoteInit.java:1067)
02-22 18:06:59.962 22989 22989 E com.mbwhatsapp: Not starting debugger since process cannot load the jdwp agent.
02-22 18:07:00.228 22989 22989 W System.err: java.lang.ClassNotFoundException: mbmodsd.mbmodsw.ui.views.btn.BtnBK
02-22 18:07:00.229 22989 22989 W System.err: at java.lang.Runtime.nativeLoad(Native Method)
02-22 18:07:00.229 22989 22989 W System.err: at java.lang.Runtime.nativeLoad(Runtime.java:1126)
02-22 18:07:00.229 22989 22989 W System.err: at java.lang.Runtime.loadLibrary0(Runtime.java:1080)
02-22 18:07:00.229 22989 22989 W System.err: at java.lang.Runtime.loadLibrary0(Runtime.java:1003)
02-22 18:07:00.229 22989 22989 W System.err: at java.lang.System.loadLibrary(System.java:1661)
02-22 18:07:00.229 22989 22989 W System.err: at arm.EpicVm.<clinit>(Unknown Source:2)
02-22 18:07:00.229 22989 22989 W System.err: at java.lang.Class.newInstance(Native Method)
02-22 18:07:00.229 22989 22989 W System.err: at android.app.AppComponentFactory.instantiateApplication(AppComponentFactory.java:76)
02-22 18:07:00.229 22989 22989 W System.err: at androidx.core.app.CoreComponentFactory.instantiateApplication(Unknown Source:0)
02-22 18:07:00.229 22989 22989 W System.err: at android.app.Instrumentation.newApplication(Instrumentation.java:1232)
02-22 18:07:00.229 22989 22989 W System.err: at android.app.LoadedApk.makeApplicationInner(LoadedApk.java:1565)
02-22 18:07:00.229 22989 22989 W System.err: at android.app.LoadedApk.makeApplicationInner(LoadedApk.java:1502)
02-22 18:07:00.229 22989 22989 W System.err: at android.app.ActivityThread.handleBindApplication(ActivityThread.java:7553)
02-22 18:07:00.229 22989 22989 W System.err: at android.app.ActivityThread.-$ $Nest$mhandleBindApplication(Unknown Source:0) 0