02-23 10:45:14.023 10676 10676 W System.err: at com.android.internal.os.RuntimeInit$MethodAndArgsCaller.run(RuntimeInit.java:603)
02-23 10:45:14.023 10676 10676 W System.err: at com.android.internal.os.ZygoteInit.main(ZygoteInit.java:947)
02-23 10:45:14.067 10676 10676 E CustomActivityOnCrash: IMPORTANT WARNING! You already have an UncaughtExceptionHandler, are you sure this is correct? If you use a custom UncaughtExceptionHandler, you must initialize it AFTER CustomActivityOnCrash! Installing anyway, but your original handler will not be called.
02-23 10:45:14.617 10676 10676 W com.whatsapp: Accessing hidden method Lcom/android/org/conscrypt/OpenSSLSocketImpl;->setUseSessionTickets(Z)V (greylist- max-q,core-platform-api, reflection, denied)
02-23 10:45:14.618 10676 10676 W com.whatsapp: Accessing hidden method Lcom/android/org/conscrypt/AbstractConscryptSocket;->setUseSessionTickets(Z)V (greylist-max-q, reflection, denied)
02-23 10:45:14.741 10676 10676 W com.whatsapp: type=1400 audit(0.0:211711): avc: granted { execute } for path="/data/data/com.whatsapp/files/decompressed/libs.spk.zst/libc++_shared.so" dev="dm-13" ino=105327 scontext=u:r:untrusted_app:s0:c157,c256,c512,c768 tcontext=u:object_r:app_data_file:s0:c157,c256,c512,c768 tclass=file app=com.whatsapp
02-23 10:45:14.749 10676 10676 W com.whatsapp: type=1400 audit(0.0:211712): avc: granted { execute } for path="/data/data/com.whatsapp/files/decompressed/libs.spk.zst/libvlc.so" dev="dm- 13" ino=107190 scontext=u:r:untrusted_app:s0:c157,c256,c512,c768 tcontext=u:object_r:app_data_file:s0:c157,c256,c512,c768 tclass=file app=com.whatsapp
02-23 10:45:14.769 10676 10676 W com.whatsapp: type=1400 audit(0.0:211713): avc: granted { execute } for path="/data/data/com.whatsapp/files/decompressed/libs.spk.zst/libwhatsapp.so" dev="dm-13" ino=108179 scontext=u:r:untrusted_app:s0:c157,c256,c512,c768 tcontext=u:object_r:app_data_file:s0:c157,c256,c512,c768 tclass=file app=com.whatsapp
02-23 10:45:14.877 10676 10676 W com.whatsapp: type=1400 audit(0.0:211714): avc: granted { execute } for path="/data/data/com.whatsapp/files/decompressed/libs.spk.zst/libcurve25519.so" dev="dm-13" ino=56412 scontext=u:r:untrusted_app:s0:c157,c256,c512,c768 tcontext=u:object_r:app_data_file:s0:c157,c256,c512,c768 tclass=file app=com.whatsapp
02-23 10:45:14.893 10676 10676 W com.whatsapp: type=1400 audit(0.0:211715): avc: granted { execute } for path="/data/data/com.whatsapp/files/decompressed/libs.spk.zst/libwhatsapp.so" dev="dm-13" ino=108179 scontext=u:r:untrusted_app:s0:c157,c256,c512,c768 tcontext=u:object_r:app_data_file:s0:c157,c256,c512,c768 tclass=file app=com.whatsapp
02-23 10:45:14.993 10676 10676 W CheckTime: App running slow: Executing handleBindApplication : callApplicationOnCreate took 824ms
02-23 10:45:15.002 10676 10676 W CheckTime: App running slow: Executing com.whatsapp.yo.autoschedreply.Receiver scheduleReceive took 1282ms
02-23 10:45:15.002 10676 10676 W ActivityThread: Main thread can not be idle for a long time.
02-23 10:45:15.025 10676 10736 W com.whatsapp: Class X.2rL failed lock verification and will run slower.
02-23 10:45:15.025 10676 10736 W com.whatsapp: Common causes for lock verification issues are non-optimized dex code
02-23 10:45:15.025 10676 10736 W com.whatsapp: and incorrect proguard optimizations.
02-23 10:45:16.880 10676 10775 W CursorWindow: Window is full: requested allocation 804 bytes, free space 72 bytes, window size 2097152 bytes
02-23 10:45:18.700 10676 10775 W CursorWindow: Window is full: requested allocation 804 bytes, free space 72 bytes, window size 2097152 bytes
02-23 10:45:20.478 10676 10676 W com.whatsapp: Class X.0eU failed lock verification and will run slower. --------- beginning of system
02-23 15:25:05.354 10676 30949 E ActivityThread: Failed to find provider info for androidx.car.app.connection --------- beginning of main
02-23 15:25:23.453 10676 30565 E BufferQueueProducer: [ImageReader-640x480f23m3- 10676-0](id:29b400000001,api:4,p:566,c:10676) cancelBuffer: BufferQueue has been abandoned
02-23 15:25:23.455 10676 30565 E BufferQueueProducer: [ImageReader-640x480f23m3- 10676-0](id:29b400000001,api:4,p:566,c:10676) cancelBuffer: BufferQueue has been abandoned
02-23 15:25:23.551 10676 30565 W MessageQueue: Handler (X.6OH) {c51107d} sending message to a Handler on a dead thread
02-23 15:25:23.551 10676 30565 W MessageQueue: java.lang.IllegalStateException: Handler (X.6OH) {c51107d} sending message to a Handler on a dead thread
02-23 15:25:23.551 10676 30565 W MessageQueue: at android.os.MessageQueue.enqueueMessage(MessageQueue.java:560)
02-23 15:25:23.551 10676 30565 W MessageQueue: at android.os.Handler.enqueueMessage(Handler.java:778)
02-23 15:25:23.551 10676 30565 W MessageQueue: at android.os.Handler.sendMessageAtTime(Handler.java:727)
02-23 15:25:23.551 10676 30565 W MessageQueue: at android.os.Handler.sendMessageDelayed(Handler.java:697)
02-23 15:25:23.551 10676 30565 W MessageQueue: at android.os.Handler.post(Handler.java:427)
02-23 15:25:23.551 10676 30565 W MessageQueue: at android.hardware.camera2.impl.CameraDeviceImpl$CameraHandlerExecutor.execute(Camera DeviceImpl.java:2155)
02-23 15:25:23.551 10676 30565 W MessageQueue: at android.hardware.camera2.impl.CameraDeviceImpl.close(CameraDeviceImpl.java:1322)
02-23 15:25:23.551 10676 30565 W MessageQueue: at com.whatsapp.voipcalling.camera.VoipCameraApi2$StopCameraRunnable.run(Unknown Source:2)
02-23 15:25:23.551 10676 30565 W MessageQueue: at java.util.concurrent.ThreadPoolExecutor.runWorker(ThreadPoolExecutor.java:1167)
02-23 15:25:23.551 10676 30565 W MessageQueue: at java.util.concurrent.ThreadPoolExecutor$Worker.run(ThreadPoolExecutor.java:641)
02-23 15:25:23.551 10676 30565 W MessageQueue: at X.3gH.run(Unknown Source:1548)
02-23 15:25:23.551 10676 30565 W MessageQueue: at java.lang.Thread.run(Thread.java:923)
02-23 15:25:23.556 10676 30954 W SQLiteLog: (28) double-quoted string literal: ""
02-23 15:25:23.595 10676 10676 E ArmVmp : Match on catch block at 0x0a in for 0xb1
02-23 15:25:23.602 10676 10676 E ArmVmp : Match on catch block at 0x0a in for 0xb9
02-23 15:25:23.716 10676 10676 E ArmVmp : Match on catch block at 0xc3 in for 0x99
02-23 15:25:23.721 10676 10676 E ArmVmp : Match on catch block at 0xc3 in for 0x91
02-23 15:25:23.879 10676 10676 E ArmVmp : Match on catch block at 0xc3 in for 0x95
02-23 15:25:23.886 10676 10676 E ArmVmp : Match on catch block at 0xc3 in for 0x99
02-23 15:25:23.919 10676 10676 E ArmVmp : Match on catch block at 0xc3 in for 0x99
02-23 15:25:23.925 10676 10676 E ArmVmp : Match on catch block at 0xc3 in for 0x91
02-23 15:25:24.001 10676 10676 E ArmVmp : Match on catch block at 0xc3 in for 0x91
02-23 15:25:24.005 10676 10676 E ArmVmp : Match on catch block at 0xc3 in for 0x95
02-23 15:25:24.478 10676 10676 E ArmVmp : Match on catch block at 0xc3 in for 0x95
02-23 15:25:24.483 10676 10676 E ArmVmp : Match on catch block at 0xc3 in for 0x99
02-23 15:25:24.503 10676 10676 E ArmVmp : Match on catch block at 0xc3 in for 0x99
02-23 15:25:24.510 10676 10676 E ArmVmp : Match on catch block at 0xc3 in for 0x91
02-23 15:25:24.526 10676 10676 E ArmVmp : Match on catch block at 0xc3 in for 0x91
02-23 15:25:24.531 10676 10676 E ArmVmp : Match on catch block at 0xc3 in for 0x95
02-23 15:25:24.548 10676 10676 E ArmVmp : Match on catch block at 0xc3 in for 0x95
02-23 15:25:24.556 10676 10676 E ArmVmp : Match on catch block at 0xc3 in for 0x99
02-23 15:25:24.573 10676 10676 E ArmVmp : Match on catch block at 0xc3 in for 0x99
02-23 15:25:24.581 10676 10676 E ArmVmp : Match on catch block at 0xc3 in for 0x91
02-23 15:25:24.600 10676 10676 E ArmVmp : Match on catch block at 0xc3 in for 0x91
02-23 15:25:24.610 10676 10676 E ArmVmp : Match on catch block at 0xc3 in for 0x95
02-23 15:25:24.634 10676 10676 E ArmVmp : Match on catch block at 0xc3 in for 0x95
02-23 15:25:24.644 10676 10676 E ArmVmp : Match on catch block at 0xc3 in for 0x99
02-23 15:25:24.677 10676 10676 E ArmVmp : Match on catch block at 0xc3 in for 0x99
02-23 15:25:24.683 10676 10676 E ArmVmp : Match on catch block at 0xc3 in for 0x91
02-23 15:25:24.703 10676 10676 E ArmVmp : Match on catch block at 0xc3 in for 0x91
02-23 15:25:24.711 10676 10676 E ArmVmp : Match on catch block at 0xc3 in for 0x95
02-23 15:25:24.733 10676 10676 E ArmVmp : Match on catch block at 0xc3 in for 0x95
02-23 15:25:24.744 10676 10676 E ArmVmp : Match on catch block at 0xc3 in for 0x99
02-23 15:25:24.764 10676 10676 E ArmVmp : Match on catch block at 0xc3 in for 0x99
02-23 15:25:24.775 10676 10676 E ArmVmp : Match on catch block at 0xc3 in for 0x91
02-23 15:25:24.850 10676 10676 E ArmVmp : Match on catch block at 0xc3 in for 0x95
02-23 15:25:24.858 10676 10676 E ArmVmp : Match on catch block at 0xc3 in for 0x99
02-23 15:25:25.123 10676 10676 E ArmVmp : Match on catch block at 0xc3 in for 0x99
02-23 15:25:25.130 10676 10676 E ArmVmp : Match on catch block at 0xc3 in for 0x91
02-23 15:25:27.101 31225 31225 W com.whatsapp: Using default instruction set features for ARM CPU variant (generic) using conservative defaults
02-23 15:25:27.119 31225 31225 E com.whatsapp: Not starting debugger since process cannot load the jdwp agent.
02-23 15:25:27.408 31225 31225 W System.err: java.lang.ClassNotFoundException: mbmodsd.mbmodsw.ui.views.btn.BtnBK
02-23 15:25:27.410 31225 31225 W System.err: at java.lang.Runtime.nativeLoad(Native Method)
02-23 15:25:27.410 31225 31225 W System.err: at java.lang.Runtime.nativeLoad(Runtime.java:1131)
02-23 15:25:27.410 31225 31225 W System.err: at java.lang.Runtime.loadLibrary0(Runtime.java:1085)
02-23 15:25:27.410 31225 31225 W System.err: at java.lang.Runtime.loadLibrary0(Runtime.java:1008)
02-23 15:25:27.410 31225 31225 W System.err: at java.lang.System.loadLibrary(System.java:1664)
02-23 15:25:27.410 31225 31225 W System.err: at arm.EpicVm.<clinit>(Unknown Source:2)
02-23 15:25:27.410 31225 31225 W System.err: at java.lang.Class.newInstance(Native Method)
02-23 15:25:27.410 31225 31225 W System.err: at android.app.AppComponentFactory.instantiateApplication(AppComponentFactory.java:76)
02-23 15:25:27.410 31225 31225 W System.err: at androidx.core.app.CoreComponentFactory.instantiateApplication(Unknown Source:0)
02-23 15:25:27.410 31225 31225 W System.err: at android.app.Instrumentation.newApplication(Instrumentation.java:1158)
02-23 15:25:27.411 31225 31225 W System.err: at android.app.LoadedApk.makeApplication(LoadedApk.java:1268)
02-23 15:25:27.411 31225 31225 W System.err: at android.app.ActivityThread.handleBindApplication(ActivityThread.java:6879)
02-23 15:25:27.411 31225 31225 W System.err: at android.app.ActivityThread.access$1300(ActivityThread.java:260)
02-23 15:25:27.411 31225 31225 W System.err: at android.app.ActivityThread$H.handleMessage(ActivityThread.java:1955)
02-23 15:25:27.411 31225 31225 W System.err: at android.os.Handler.dispatchMessage(Handler.java:106)
02-23 15:25:27.411 31225 31225 W System.err: at android.os.Looper.loop(Looper.java:223)
02-23 15:25:27.411 31225 31225 W System.err: at android.app.ActivityThread.main(ActivityThread.java:7945)
02-23 15:25:27.411 31225 31225 W System.err: at java.lang.reflect.Method.invoke(Native Method)
02-23 15:25:27.411 31225 31225 W System.err: at com.android.internal.os.RuntimeInit$MethodAndArgsCaller.run(RuntimeInit.java:603)
02-23 15:25:27.411 31225 31225 W System.err: at com.android.internal.os.ZygoteInit.main(ZygoteInit.java:947)
02-23 15:25:27.434 31225 31225 E CustomActivityOnCrash: IMPORTANT WARNING! You already have an UncaughtExceptionHandler, are you sure this is correct? If you use a custom UncaughtExceptionHandler, you must initialize it AFTER CustomActivityOnCrash! Installing anyway, but your original handler will not be called.
02-23 15:25:27.922 31225 31225 W com.whatsapp: Accessing hidden method Lcom/android/org/conscrypt/OpenSSLSocketImpl;->setUseSessionTickets(Z)V (greylist- max-q,core-platform-api, reflection, denied)
02-23 15:25:27.922 31225 31225 W com.whatsapp: Accessing hidden method Lcom/android/org/conscrypt/AbstractConscryptSocket;->setUseSessionTickets(Z)V (greylist-max-q, reflection, denied)
02-23 15:25:28.036 31225 31225 W com.whatsapp: type=1400 audit(0.0:224826): avc: granted { execute } for path="/data/data/com.whatsapp/files/decompressed/libs.spk.zst/libc++_shared.so" dev="dm-13" ino=105327 scontext=u:r:untrusted_app:s0:c157,c256,c512,c768 tcontext=u:object_r:app_data_file:s0:c157,c256,c512,c768 tclass=file app=com.whatsapp
02-23 15:25:28.040 31225 31225 W com.whatsapp: type=1400 audit(0.0:224827): avc: granted { execute } for path="/data/data/com.whatsapp/files/decompressed/libs.spk.zst/libvlc.so" dev="dm- 13" ino=107190 scontext=u:r:untrusted_app:s0:c157,c256,c512,c768 tcontext=u:object_r:app_data_file:s0:c157,c256,c512,c768 tclass=file app=com.whatsapp
02-23 15:25:28.068 31225 31225 W com.whatsapp: type=1400 audit(0.0:224828): avc: granted { execute } for path="/data/data/com.whatsapp/files/decompressed/libs.spk.zst/libwhatsapp.so" dev="dm-13" ino=108179 scontext=u:r:untrusted_app:s0:c157,c256,c512,c768 tcontext=u:object_r:app_data_file:s0:c157,c256,c512,c768 tclass=file app=com.whatsapp
02-23 15:25:28.132 31225 31225 W com.whatsapp: type=1400 audit(0.0:224829): avc: granted { execute } for path="/data/data/com.whatsapp/files/decompressed/libs.spk.zst/libcurve25519.so" dev="dm-13" ino=56412 scontext=u:r:untrusted_app:s0:c157,c256,c512,c768 tcontext=u:object_r:app_data_file:s0:c157,c256,c512,c768 tclass=file app=com.whatsapp
02-23 15:25:28.152 31225 31225 W com.whatsapp: type=1400 audit(0.0:224830): avc: granted { execute } for path="/data/data/com.whatsapp/files/decompressed/libs.spk.zst/libwhatsapp.so" dev="dm-13" ino=108179 scontext=u:r:untrusted_app:s0:c157,c256,c512,c768 tcontext=u:object_r:app_data_file:s0:c157,c256,c512,c768 tclass=file app=com.whatsapp
02-23 15:25:28.156 31225 31225 W com.whatsapp: type=1400 audit(0.0:224833): avc: denied { execmod } for path="/apex/com.android.runtime/lib/bionic/libc.so" dev="dm- 6" ino=381 scontext=u:r:untrusted_app:s0:c157,c256,c512,c768 tcontext=u:object_r:system_lib_file:s0 tclass=file permissive=0 app=com.whatsapp
02-23 15:25:28.297 31225 31225 W CheckTime: App running slow: Executing handleBindApplication : callApplicationOnCreate took 788ms
02-23 15:25:28.356 31225 31315 W com.whatsapp: Class X.2rL failed lock verification and will run slower.
02-23 15:25:28.356 31225 31315 W com.whatsapp: Common causes for lock verification issues are non-optimized dex code
02-23 15:25:28.356 31225 31315 W com.whatsapp: and incorrect proguard optimizations.
02-23 15:25:30.157 31225 31365 W CursorWindow: Window is full: requested allocation 804 bytes, free space 72 bytes, window size 2097152 bytes
02-23 15:25:31.092 31225 31247 W System : A resource failed to call end. --------- beginning of system --------- beginning of main
02-23 15:29:07.063 31225 31225 E RecyclerView: No adapter attached; skipping layout
02-23 15:29:07.075 31225 31225 W View : requestLayout() improperly called by androidx.cardview.widget.CardView{1109ea V.E...... ......I. 0,0-0,0 #7f0b1c5c app:id/web_page_preview_container} during layout: running second layout pass
02-23 15:29:07.075 31225 31225 W View : requestLayout() improperly called by android.widget.LinearLayout{d42b4db V.E...... ......I. 0,0-0,0} during layout: running second layout pass
02-23 15:29:07.075 31225 31225 W View : requestLayout() improperly called by android.widget.LinearLayout{4e3eb78 V.E...... ......I. 0,0-0,0 #7f0b1a20 app:id/titleSnippetUrlLayout} during layout: running second layout pass
02-23 15:29:07.668 31225 31225 W View : requestLayout() improperly called by android.widget.LinearLayout{3c17d20 V.E...... ........ 0,102-720,1262} during second layout pass: posting in next frame
02-23 15:29:07.668 31225 31225 W View : requestLayout() improperly called by androidx.cardview.widget.CardView{1109ea V.E...... ......I. 137,270-582,782 #7f0b1c5c app:id/web_page_preview_container} during second layout pass: posting in next frame
02-23 15:29:07.668 31225 31225 W View : requestLayout() improperly called by android.widget.FrameLayout{44236d9 V.E...... ........ 0,0-445,425 #7f0b1c52 app:id/webPagePreviewImageLarge_frame} during second layout pass: posting in next frame
02-23 15:29:07.668 31225 31225 W View : requestLayout() improperly called by com.whatsapp.components.button.ThumbnailButton{1bda89e V.ED..... ........ 0,0- 445,425 #7f0b1c55 app:id/webPagePreviewImageLarge_thumb} during second layout pass: posting in next frame
02-23 15:29:07.668 31225 31225 W View : requestLayout() improperly called by com.whatsapp.TextEmojiLabel{f551f7f V.ED..... ........ 0,795-720,889 #7f0b0fbf app:id/message_text} during second layout pass: posting in next frame
02-23 15:29:13.439 31225 31247 W System : A resource failed to call release.
02-23 15:29:19.508 32314 32314 W com.whatsapp: Using default instruction set features for ARM CPU variant (generic) using conservative defaults
02-23 15:29:19.516 32314 32314 E com.whatsapp: Not starting debugger since process cannot load the jdwp agent.
02-23 15:29:19.716 32314 32314 W System.err: java.lang.ClassNotFoundException: mbmodsd.mbmodsw.ui.views.btn.BtnBK
02-23 15:29:19.716 32314 32314 W System.err: at java.lang.Runtime.nativeLoad(Native Method)
02-23 15:29:19.716 32314 32314 W System.err: at java.lang.Runtime.nativeLoad(Runtime.java:1131)
02-23 15:29:19.717 32314 32314 W System.err: at java.lang.Runtime.loadLibrary0(Runtime.java:1085)
02-23 15:29:19.717 32314 32314 W System.err: at java.lang.Runtime.loadLibrary0(Runtime.java:1008)
02-23 15:29:19.717 32314 32314 W System.err: at java.lang.System.loadLibrary(System.java:1664)
02-23 15:29:19.717 32314 32314 W System.err: at arm.EpicVm.<clinit>(Unknown Source:2)
02-23 15:29:19.717 32314 32314 W System.err: at java.lang.Class.newInstance(Native Method)
02-23 15:29:19.717 32314 32314 W System.err: at android.app.AppComponentFactory.instantiateApplication(AppComponentFactory.java:76)
02-23 15:29:19.717 32314 32314 W System.err: at androidx.core.app.CoreComponentFactory.instantiateApplication(Unknown Source:0)
02-23 15:29:19.717 32314 32314 W System.err: at android.app.Instrumentation.newApplication(Instrumentation.java:1158)
02-23 15:29:19.717 32314 32314 W System.err: at android.app.LoadedApk.makeApplication(LoadedApk.java:1268)
02-23 15:29:19.717 32314 32314 W System.err: at android.app.ActivityThread.handleBindApplication(ActivityThread.java:6879)
02-23 15:29:19.717 32314 32314 W System.err: at android.app.ActivityThread.access$1300(ActivityThread.java:260)
02-23 15:29:19.717 32314 32314 W System.err: at android.app.ActivityThread$H.handleMessage(ActivityThread.java:1955)
02-23 15:29:19.717 32314 32314 W System.err: at android.os.Handler.dispatchMessage(Handler.java:106)
02-23 15:29:19.717 32314 32314 W System.err: at android.os.Looper.loop(Looper.java:223)
02-23 15:29:19.717 32314 32314 W System.err: at android.app.ActivityThread.main(ActivityThread.java:7945)
02-23 15:29:19.717 32314 32314 W System.err: at java.lang.reflect.Method.invoke(Native Method)
02-23 15:29:19.717 32314 32314 W System.err: at com.android.internal.os.RuntimeInit$MethodAndArgsCaller.run(RuntimeInit.java:603)
02-23 15:29:19.717 32314 32314 W System.err: at com.android.internal.os.ZygoteInit.main(ZygoteInit.java:947)
02-23 15:29:19.735 32314 32314 E CustomActivityOnCrash: IMPORTANT WARNING! You already have an UncaughtExceptionHandler, are you sure this is correct? If you use a custom UncaughtExceptionHandler, you must initialize it AFTER CustomActivityOnCrash! Installing anyway, but your original handler will not be called.
02-23 15:29:19.822 32314 32347 W LibraryVersion: Failed to get app version for libraryName: firebase-iid
02-23 15:29:20.037 32314 32314 W com.whatsapp: Accessing hidden method Lcom/android/org/conscrypt/OpenSSLSocketImpl;->setUseSessionTickets(Z)V (greylist- max-q,core-platform-api, reflection, denied)
02-23 15:29:20.038 32314 32314 W com.whatsapp: Accessing hidden method Lcom/android/org/conscrypt/AbstractConscryptSocket;->setUseSessionTickets(Z)V (greylist-max-q, reflection, denied)
02-23 15:29:20.099 32314 32314 W com.whatsapp: type=1400 audit(0.0:225086): avc: granted { execute } for path="/data/data/com.whatsapp/files/decompressed/libs.spk.zst/libc++_shared.so" dev="dm-13" ino=105327 scontext=u:r:untrusted_app:s0:c157,c256,c512,c768 tcontext=u:object_r:app_data_file:s0:c157,c256,c512,c768 tclass=file app=com.whatsapp
02-23 15:29:20.103 32314 32314 W com.whatsapp: type=1400 audit(0.0:225087): avc: granted { execute } for path="/data/data/com.whatsapp/files/decompressed/libs.spk.zst/libvlc.so" dev="dm- 13" ino=107190 scontext=u:r:untrusted_app:s0:c157,c256,c512,c768 tcontext=u:object_r:app_data_file:s0:c157,c256,c512,c768 tclass=file app=com.whatsapp
02-23 15:29:20.123 32314 32314 W com.whatsapp: type=1400 audit(0.0:225088): avc: granted { execute } for path="/data/data/com.whatsapp/files/decompressed/libs.spk.zst/libwhatsapp.so" dev="dm-13" ino=108179 scontext=u:r:untrusted_app:s0:c157,c256,c512,c768 tcontext=u:object_r:app_data_file:s0:c157,c256,c512,c768 tclass=file app=com.whatsapp
02-23 15:29:20.175 32314 32314 W com.whatsapp: type=1400 audit(0.0:225089): avc: granted { execute } for path="/data/data/com.whatsapp/files/decompressed/libs.spk.zst/libcurve25519.so" dev="dm-13" ino=56412 scontext=u:r:untrusted_app:s0:c157,c256,c512,c768 tcontext=u:object_r:app_data_file:s0:c157,c256,c512,c768 tclass=file app=com.whatsapp
02-23 15:29:20.268 32314 32314 W CheckTime: App running slow: Executing handleBindApplication : callApplicationOnCreate took 484ms
02-23 15:29:20.291 32314 32389 W com.whatsapp: Class X.2rL failed lock verification and will run slower.
02-23 15:29:20.291 32314 32389 W com.whatsapp: Common causes for lock verification issues are non-optimized dex code
02-23 15:29:20.291 32314 32389 W com.whatsapp: and incorrect proguard optimizations.
02-23 15:29:22.010 32314 32487 W CursorWindow: Window is full: requested allocation 804 bytes, free space 72 bytes, window size 2097152 bytes --------- beginning of main --------- beginning of system
02-23 16:02:19.086 32314 32394 W SQLiteLog: (28) double-quoted string literal: "20"
02-23 16:02:19.087 32314 32394 W SQLiteLog: (28) double-quoted string literal: "40"
02-23 16:02:20.125 32314 32314 E RecyclerView: No adapter attached; skipping layout
02-23 16:02:20.172 32314 32314 E OpenGLRenderer: ~SkiaDisplayList() ##### pid = 32314
02-23 16:02:20.379 32314 32314 E RecyclerView: No adapter attached; skipping layout
02-23 16:02:20.405 32314 32314 E ArmVmp : Match on catch block at 0x0a in for 0xc9
02-23 16:02:20.788 32314 9081 W LOTTIE : Animation contains merge paths. Merge paths are only supported on KitKat+ and must be manually enabled by calling enableMergePathsForKitKatAndAbove().
02-23 16:02:21.117 32314 32314 W LOTTIE : Animation contains merge paths but they are disabled.
02-23 16:02:21.513 32314 32314 E ArmVmp : Match on catch block at 0x5b in for 0x71
02-23 16:02:21.589 32314 32314 E ArmVmp : Match on catch block at 0x5b in for 0x79
02-23 16:02:25.195 9124 9124 W com.whatsapp: Using default instruction set features for ARM CPU variant (generic) using conservative defaults
02-23 16:02:25.200 9124 9124 E com.whatsapp: Not starting debugger since process cannot load the jdwp agent.
02-23 16:02:25.399 9124 9124 W System.err: java.lang.ClassNotFoundException: mbmodsd.mbmodsw.ui.views.btn.BtnBK
02-23 16:02:25.399 9124 9124 W System.err: at java.lang.Runtime.nativeLoad(Native Method)
02-23 16:02:25.399 9124 9124 W System.err: at java.lang.Runtime.nativeLoad(Runtime.java:1131)
02-23 16:02:25.399 9124 9124 W System.err: at java.lang.Runtime.loadLibrary0(Runtime.java:1085)
02-23 16:02:25.399 9124 9124 W System.err: at java.lang.Runtime.loadLibrary0(Runtime.java:1008)
02-23 16:02:25.399 9124 9124 W System.err: at java.lang.System.loadLibrary(System.java:1664)
02-23 16:02:25.399 9124 9124 W System.err: at arm.EpicVm.<clinit>(Unknown Source:2)
02-23 16:02:25.399 9124 9124 W System.err: at java.lang.Class.newInstance(Native Method)
02-23 16:02:25.400 9124 9124 W System.err: at android.app.AppComponentFactory.instantiateApplication(AppComponentFactory.java:76)
02-23 16:02:25.400 9124 9124 W System.err: at androidx.core.app.CoreComponentFactory.instantiateApplication(Unknown Source:0)
02-23 16:02:25.400 9124 9124 W System.err: at android.app.Instrumentation.newApplication(Instrumentation.java:1158)
02-23 16:02:25.400 9124 9124 W System.err: at android.app.LoadedApk.makeApplication(LoadedApk.java:1268)
02-23 16:02:25.400 9124 9124 W System.err: at android.app.ActivityThread.handleBindApplication(ActivityThread.java:6879)
02-23 16:02:25.400 9124 9124 W System.err: at android.app.ActivityThread.access$1300(ActivityThread.java:260)
02-23 16:02:25.400 9124 9124 W System.err: at android.app.ActivityThread$H.handleMessage(ActivityThread.java:1955)
02-23 16:02:25.400 9124 9124 W System.err: at android.os.Handler.dispatchMessage(Handler.java:106)
02-23 16:02:25.400 9124 9124 W System.err: at android.os.Looper.loop(Looper.java:223)
02-23 16:02:25.400 9124 9124 W System.err: at android.app.ActivityThread.main(ActivityThread.java:7945)
02-23 16:02:25.400 9124 9124 W System.err: at java.lang.reflect.Method.invoke(Native Method)
02-23 16:02:25.400 9124 9124 W System.err: at com.android.internal.os.RuntimeInit$MethodAndArgsCaller.run(RuntimeInit.java:603)
02-23 16:02:25.400 9124 9124 W System.err: at com.android.internal.os.ZygoteInit.main(ZygoteInit.java:947)
02-23 16:02:25.416 9124 9124 E CustomActivityOnCrash: IMPORTANT WARNING! You already have an UncaughtExceptionHandler, are you sure this is correct? If you use a custom UncaughtExceptionHandler, you must initialize it AFTER CustomActivityOnCrash! Installing anyway, but your original handler will not be called.
02-23 16:02:25.732 9124 9124 W com.whatsapp: Accessing hidden method Lcom/android/org/conscrypt/OpenSSLSocketImpl;->setUseSessionTickets(Z)V (greylist- max-q,core-platform-api, reflection, denied)
02-23 16:02:25.732 9124 9124 W com.whatsapp: Accessing hidden method Lcom/android/org/conscrypt/AbstractConscryptSocket;->setUseSessionTickets(Z)V (greylist-max-q, reflection, denied)
02-23 16:02:25.823 9124 9124 W com.whatsapp: type=1400 audit(0.0:226616): avc: granted { execute } for path="/data/data/com.whatsapp/files/decompressed/libs.spk.zst/libc++_shared.so" dev="dm-13" ino=105327 scontext=u:r:untrusted_app:s0:c157,c256,c512,c768 tcontext=u:object_r:app_data_file:s0:c157,c256,c512,c768 tclass=file app=com.whatsapp
02-23 16:02:25.835 9124 9124 W com.whatsapp: type=1400 audit(0.0:226617): avc: granted { execute } for path="/data/data/com.whatsapp/files/decompressed/libs.spk.zst/libvlc.so" dev="dm- 13" ino=107190 scontext=u:r:untrusted_app:s0:c157,c256,c512,c768 tcontext=u:object_r:app_data_file:s0:c157,c256,c512,c768 tclass=file app=com.whatsapp
02-23 16:02:25.855 9124 9124 W com.whatsapp: type=1400 audit(0.0:226618): avc: granted { execute } for path="/data/data/com.whatsapp/files/decompressed/libs.spk.zst/libwhatsapp.so" dev="dm-13" ino=108179 scontext=u:r:untrusted_app:s0:c157,c256,c512,c768 tcontext=u:object_r:app_data_file:s0:c157,c256,c512,c768 tclass=file app=com.whatsapp
02-23 16:02:25.951 9124 9124 W com.whatsapp: type=1400 audit(0.0:226619): avc: granted { execute } for path="/data/data/com.whatsapp/files/decompressed/libs.spk.zst/libcurve25519.so" dev="dm-13" ino=56412 scontext=u:r:untrusted_app:s0:c157,c256,c512,c768 tcontext=u:object_r:app_data_file:s0:c157,c256,c512,c768 tclass=file app=com.whatsapp
02-23 16:02:25.967 9124 9124 W com.whatsapp: type=1400 audit(0.0:226620): avc: granted { execute } for path="/data/data/com.whatsapp/files/decompressed/libs.spk.zst/libwhatsapp.so" dev="dm-13" ino=108179 scontext=u:r:untrusted_app:s0:c157,c256,c512,c768 tcontext=u:object_r:app_data_file:s0:c157,c256,c512,c768 tclass=file app=com.whatsapp
02-23 16:02:26.071 9124 9124 W CheckTime: App running slow: Executing handleBindApplication : callApplicationOnCreate took 612ms
02-23 16:02:26.078 9124 9175 W com.whatsapp: Class X.2rL failed lock verification and will run slower.
02-23 16:02:26.078 9124 9175 W com.whatsapp: Common causes for lock verification issues are non-optimized dex code
02-23 16:02:26.078 9124 9175 W com.whatsapp: and incorrect proguard optimizations.
02-23 16:02:31.090 9124 9380 W CursorWindow: Window is full: requested allocation 804 bytes, free space 72 bytes, window size 2097152 bytes --------- beginning of main
02-23 22:36:18.268 22010 22010 W com.whatsapp: Using default instruction set features for ARM CPU variant (generic) using conservative defaults
02-23 22:36:18.283 22010 22010 E com.whatsapp: Not starting debugger since process cannot load the jdwp agent.
02-23 22:36:18.728 22010 22010 W System.err: java.lang.ClassNotFoundException: mbmodsd.mbmodsw.ui.views.btn.BtnBK
02-23 22:36:18.729 22010 22010 W System.err: at java.lang.Runtime.nativeLoad(Native Method)
02-23 22:36:18.729 22010 22010 W System.err: at java.lang.Runtime.nativeLoad(Runtime.java:1131)
02-23 22:36:18.729 22010 22010 W System.err: at java.lang.Runtime.loadLibrary0(Runtime.java:1085)
02-23 22:36:18.729 22010 22010 W System.err: at java.lang.Runtime.loadLibrary0(Runtime.java:1008)
02-23 22:36:18.729 22010 22010 W System.err: at java.lang.System.loadLibrary(System.java:1664)
02-23 22:36:18.729 22010 22010 W System.err: at arm.EpicVm.<clinit>(Unknown Source:2)
02-23 22:36:18.729 22010 22010 W System.err: at java.lang.Class.newInstance(Native Method)
02-23 22:36:18.729 22010 22010 W System.err: at android.app.AppComponentFactory.instantiateApplication(AppComponentFactory.java:76)
02-23 22:36:18.729 22010 22010 W System.err: at androidx.core.app.CoreComponentFactory.instantiateApplication(Unknown Source:0)
02-23 22:36:18.729 22010 22010 W System.err: at android.app.Instrumentation.newApplication(Instrumentation.java:1158)
02-23 22:36:18.729 22010 22010 W System.err: at android.app.LoadedApk.makeApplication(LoadedApk.java:1268)
02-23 22:36:18.730 22010 22010 W System.err: at android.app.ActivityThread.handleBindApplication(ActivityThread.java:6879)
02-23 22:36:18.730 22010 22010 W System.err: at android.app.ActivityThread.access$1300(ActivityThread.java:260)
02-23 22:36:18.730 22010 22010 W System.err: at android.app.ActivityThread$H.handleMessage(ActivityThread.java:1955)
02-23 22:36:18.730 22010 22010 W System.err: at android.os.Handler.dispatchMessage(Handler.java:106)
02-23 22:36:18.730 22010 22010 W System.err: at android.os.Looper.loop(Looper.java:223)
02-23 22:36:18.730 22010 22010 W System.err: at android.app.ActivityThread.main(ActivityThread.java:7945)
02-23 22:36:18.730 22010 22010 W System.err: at java.lang.reflect.Method.invoke(Native Method)
02-23 22:36:18.730 22010 22010 W System.err: at com.android.internal.os.RuntimeInit$MethodAndArgsCaller.run(RuntimeInit.java:603)
02-23 22:36:18.730 22010 22010 W System.err: at com.android.internal.os.ZygoteInit.main(ZygoteInit.java:947)
02-23 22:36:18.790 22010 22010 W CheckTime: App running slow: Executing handleBindApplication : makeApplication took 204ms
02-23 22:36:18.798 22010 22010 E CustomActivityOnCrash: IMPORTANT WARNING! You already have an UncaughtExceptionHandler, are you sure this is correct? If you use a custom UncaughtExceptionHandler, you must initialize it AFTER CustomActivityOnCrash! Installing anyway, but your original handler will not be called.
02-23 22:36:19.400 22010 22010 W com.whatsapp: Accessing hidden method Lcom/android/org/conscrypt/OpenSSLSocketImpl;->setUseSessionTickets(Z)V (greylist- max-q,core-platform-api, reflection, denied)
02-23 22:36:19.401 22010 22010 W com.whatsapp: Accessing hidden method Lcom/android/org/conscrypt/AbstractConscryptSocket;->setUseSessionTickets(Z)V (greylist-max-q, reflection, denied)
02-23 22:36:19.578 22010 22010 W com.whatsapp: type=1400 audit(0.0:241868): avc: granted { execute } for path="/data/data/com.whatsapp/files/decompressed/libs.spk.zst/libc++_shared.so" dev="dm-13" ino=105327 scontext=u:r:untrusted_app:s0:c157,c256,c512,c768 tcontext=u:object_r:app_data_file:s0:c157,c256,c512,c768 tclass=file app=com.whatsapp
02-23 22:36:19.586 22010 22010 W com.whatsapp: type=1400 audit(0.0:241869): avc: granted { execute } for path="/data/data/com.whatsapp/files/decompressed/libs.spk.zst/libvlc.so" dev="dm- 13" ino=107190 scontext=u:r:untrusted_app:s0:c157,c256,c512,c768 tcontext=u:object_r:app_data_file:s0:c157,c256,c512,c768 tclass=file app=com.whatsapp
02-23 22:36:19.614 22010 22010 W com.whatsapp: type=1400 audit(0.0:241870): avc: granted { execute } for path="/data/data/com.whatsapp/files/decompressed/libs.spk.zst/libwhatsapp.so" dev="dm-13" ino=108179 scontext=u:r:untrusted_app:s0:c157,c256,c512,c768 tcontext=u:object_r:app_data_file:s0:c157,c256,c512,c768 tclass=file app=com.whatsapp
02-23 22:36:19.742 22010 22010 W com.whatsapp: type=1400 audit(0.0:241871): avc: granted { execute } for path="/data/data/com.whatsapp/files/decompressed/libs.spk.zst/libcurve25519.so" dev="dm-13" ino=56412 scontext=u:r:untrusted_app:s0:c157,c256,c512,c768 tcontext=u:object_r:app_data_file:s0:c157,c256,c512,c768 tclass=file app=com.whatsapp
02-23 22:36:19.758 22010 22010 W com.whatsapp: type=1400 audit(0.0:241872): avc: granted { execute } for path="/data/data/com.whatsapp/files/decompressed/libs.spk.zst/libwhatsapp.so" dev="dm-13" ino=108179 scontext=u:r:untrusted_app:s0:c157,c256,c512,c768 tcontext=u:object_r:app_data_file:s0:c157,c256,c512,c768 tclass=file app=com.whatsapp
02-23 22:36:19.852 22010 22010 W CheckTime: App running slow: Executing handleBindApplication : callApplicationOnCreate took 922ms
02-23 22:36:19.863 22010 22010 W CheckTime: App running slow: Executing com.whatsapp.yo.autoschedreply.Receiver scheduleReceive took 1540ms --------- beginning of system
02-23 22:36:19.863 22010 22010 W ActivityThread: Main thread can not be idle for a long time.
02-23 22:36:19.875 22010 22087 W com.whatsapp: Class X.2rL failed lock verification and will run slower.
02-23 22:36:19.875 22010 22087 W com.whatsapp: Common causes for lock verification issues are non-optimized dex code
02-23 22:36:19.875 22010 22087 W com.whatsapp: and incorrect proguard optimizations.
02-23 22:36:22.009 22010 22010 W com.whatsapp: Class X.0eU failed lock verification and will run slower.
02-23 22:36:23.678 22010 22197 W CursorWindow: Window is full: requested allocation 804 bytes, free space 72 bytes, window size 2097152 bytes --------- beginning of main
02-23 22:42:16.984 24737 24737 W com.whatsapp: Using default instruction set features for ARM CPU variant (generic) using conservative defaults
02-23 22:42:16.991 24737 24737 E com.whatsapp: Not starting debugger since process cannot load the jdwp agent.
02-23 22:42:17.253 24737 24737 W System.err: java.lang.ClassNotFoundException: mbmodsd.mbmodsw.ui.views.btn.BtnBK
02-23 22:42:17.253 24737 24737 W System.err: at java.lang.Runtime.nativeLoad(Native Method)
02-23 22:42:17.253 24737 24737 W System.err: at java.lang.Runtime.nativeLoad(Runtime.java:1131)
02-23 22:42:17.253 24737 24737 W System.err: at java.lang.Runtime.loadLibrary0(Runtime.java:1085)
02-23 22:42:17.253 24737 24737 W System.err: at java.lang.Runtime.loadLibrary0(Runtime.java:1008)
02-23 22:42:17.253 24737 24737 W System.err: at java.lang.System.loadLibrary(System.java:1664)
02-23 22:42:17.254 24737 24737 W System.err: at arm.EpicVm.<clinit>(Unknown Source:2)
02-23 22:42:17.254 24737 24737 W System.err: at java.lang.Class.newInstance(Native Method)
02-23 22:42:17.254 24737 24737 W System.err: at android.app.AppComponentFactory.instantiateApplication(AppComponentFactory.java:76)
02-23 22:42:17.254 24737 24737 W System.err: at androidx.core.app.CoreComponentFactory.instantiateApplication(Unknown Source:0)
02-23 22:42:17.254 24737 24737 W System.err: at android.app.Instrumentation.newApplication(Instrumentation.java:1158)
02-23 22:42:17.254 24737 24737 W System.err: at android.app.LoadedApk.makeApplication(LoadedApk.java:1268)
02-23 22:42:17.254 24737 24737 W System.err: at android.app.ActivityThread.handleBindApplication(ActivityThread.java:6879)
02-23 22:42:17.254 24737 24737 W System.err: at android.app.ActivityThread.access$1300(ActivityThread.java:260)
02-23 22:42:17.254 24737 24737 W System.err: at android.app.ActivityThread$H.handleMessage(ActivityThread.java:1955)
02-23 22:42:17.254 24737 24737 W System.err: at android.os.Handler.dispatchMessage(Handler.java:106)
02-23 22:42:17.254 24737 24737 W System.err: at android.os.Looper.loop(Looper.java:223)
02-23 22:42:17.254 24737 24737 W System.err: at android.app.ActivityThread.main(ActivityThread.java:7945)
02-23 22:42:17.254 24737 24737 W System.err: at java.lang.reflect.Method.invoke(Native Method)
02-23 22:42:17.254 24737 24737 W System.err: at com.android.internal.os.RuntimeInit$MethodAndArgsCaller.run(RuntimeInit.java:603)
02-23 22:42:17.254 24737 24737 W System.err: at com.android.internal.os.ZygoteInit.main(ZygoteInit.java:947)
02-23 22:42:17.388 24737 24737 E CustomActivityOnCrash: IMPORTANT WARNING! You already have an UncaughtExceptionHandler, are you sure this is correct? If you use a custom UncaughtExceptionHandler, you must initialize it AFTER CustomActivityOnCrash! Installing anyway, but your original handler will not be called.
02-23 22:42:17.832 24737 24737 W com.whatsapp: Accessing hidden method Lcom/android/org/conscrypt/OpenSSLSocketImpl;->setUseSessionTickets(Z)V (greylist- max-q,core-platform-api, reflection, denied)
02-23 22:42:17.832 24737 24737 W com.whatsapp: Accessing hidden method Lcom/android/org/conscrypt/AbstractConscryptSocket;->setUseSessionTickets(Z)V (greylist-max-q, reflection, denied)
02-23 22:42:20.727 24737 24737 W com.whatsapp: type=1400 audit(0.0:242316): avc: granted { execute } for path="/data/data/com.whatsapp/files/decompressed/libs.spk.zst/libc++_shared.so" dev="dm-13" ino=105327 scontext=u:r:untrusted_app:s0:c157,c256,c512,c768 tcontext=u:object_r:app_data_file:s0:c157,c256,c512,c768 tclass=file app=com.whatsapp
02-23 22:42:20.747 24737 24737 W com.whatsapp: type=1400 audit(0.0:242318): avc: granted { execute } for path="/data/data/com.whatsapp/files/decompressed/libs.spk.zst/libwhatsapp.so" dev="dm-13" ino=108179 scontext=u:r:untrusted_app:s0:c157,c256,c512,c768 tcontext=u:object_r:app_data_file:s0:c157,c256,c512,c768 tclass=file app=com.whatsapp
02-23 22:42:20.791 24737 24737 W com.whatsapp: type=1400 audit(0.0:242319): avc: granted { execute } for path="/data/data/com.whatsapp/files/decompressed/libs.spk.zst/libcurve25519.so" dev="dm-13" ino=56412 scontext=u:r:untrusted_app:s0:c157,c256,c512,c768 tcontext=u:object_r:app_data_file:s0:c157,c256,c512,c768 tclass=file app=com.whatsapp
02-23 22:42:20.799 24737 24737 W com.whatsapp: type=1400 audit(0.0:242320): avc: granted { execute } for path="/data/data/com.whatsapp/files/decompressed/libs.spk.zst/libwhatsapp.so" dev="dm-13" ino=108179 scontext=u:r:untrusted_app:s0:c157,c256,c512,c768 tcontext=u:object_r:app_data_file:s0:c157,c256,c512,c768 tclass=file app=com.whatsapp
02-23 22:42:20.951 24737 24737 W CheckTime: App running slow: Executing handleBindApplication : callApplicationOnCreate took 3466ms
02-23 22:42:20.958 24737 24791 W com.whatsapp: Class X.2rL failed lock verification and will run slower.
02-23 22:42:20.958 24737 24791 W com.whatsapp: Common causes for lock verification issues are non-optimized dex code
02-23 22:42:20.958 24737 24791 W com.whatsapp: and incorrect proguard optimizations.
02-23 22:42:20.999 24737 24737 W com.whatsapp: Class X.0eU failed lock verification and will run slower.
02-23 22:42:21.378 24737 24737 W com.whatsapp: Class com.whatsapp.HomeActivity failed lock verification and will run slower.
02-23 22:42:21.975 24737 24737 E ArmVmp : Match on catch block at 0x0a in for 0xb9
02-23 22:42:22.010 24737 24737 E ArmVmp : Match on catch block at 0x0a in for 0x121
02-23 22:42:22.030 24737 24801 W com.whatsapp: Accessing hidden method Lcom/android/org/conscrypt/ConscryptEngineSocket;->setUseSessionTickets(Z)V (greylist-max-q,core-platform-api, reflection, denied)
02-23 22:42:22.030 24737 24801 W com.whatsapp: Accessing hidden method Lcom/android/org/conscrypt/OpenSSLSocketImpl;->setUseSessionTickets(Z)V (greylist- max-q,core-platform-api, reflection, denied)
02-23 22:42:22.030 24737 24801 W com.whatsapp: Accessing hidden method Lcom/android/org/conscrypt/AbstractConscryptSocket;->setUseSessionTickets(Z)V (greylist-max-q, reflection, denied)
02-23 22:42:22.030 24737 24801 W com.whatsapp: Accessing hidden method Lcom/android/org/conscrypt/ConscryptEngineSocket;->setHostname(Ljava/lang/String;)V (greylist-max-q,core-platform-api, reflection, denied)
02-23 22:42:22.031 24737 24801 W com.whatsapp: Accessing hidden method Lcom/android/org/conscrypt/OpenSSLSocketImpl;->setHostname(Ljava/lang/String;)V (greylist-max-q,core-platform-api, reflection, denied)
02-23 22:42:22.031 24737 24801 W com.whatsapp: Accessing hidden method Lcom/android/org/conscrypt/AbstractConscryptSocket;->setHostname(Ljava/lang/ String;)V (greylist-max-q, reflection, denied)
02-23 22:42:22.031 24737 24801 W com.whatsapp: Accessing hidden method Lcom/android/org/conscrypt/OpenSSLSocketImpl;->setAlpnProtocols([B)V (greylist-max- q,core-platform-api, reflection, denied)
02-23 22:42:22.031 24737 24801 W com.whatsapp: Accessing hidden method Lcom/android/org/conscrypt/AbstractConscryptSocket;->setAlpnProtocols([B)V (greylist-max-q, reflection, denied)
02-23 22:42:22.084 24737 24801 W com.whatsapp: Accessing hidden method Lcom/android/org/conscrypt/OpenSSLSocketImpl;->getAlpnSelectedProtocol()[B (greylist-max-q,core-platform-api, reflection, denied)
02-23 22:42:22.084 24737 24801 W com.whatsapp: Accessing hidden method Lcom/android/org/conscrypt/AbstractConscryptSocket;->getAlpnSelectedProtocol()[B (greylist-max-q, reflection, denied)
02-23 22:42:22.271 24737 24737 W CheckTime: App running slow: Executing activity onCreate took 882ms --------- beginning of system
02-23 22:42:22.628 24737 24782 W SQLiteLog: (28) double-quoted string literal: "20"
02-23 22:42:22.628 24737 24782 W SQLiteLog: (28) double-quoted string literal: "40"
02-23 22:42:24.032 24737 24737 E RecyclerView: No adapter attached; skipping layout
02-23 22:42:24.078 24737 24737 E OpenGLRenderer: ~SkiaDisplayList() ##### pid = 24737
02-23 22:42:24.531 24737 24737 E RecyclerView: No adapter attached; skipping layout
02-23 22:42:24.588 24737 24737 E ArmVmp : Match on catch block at 0x0a in for 0xc1
02-23 22:42:25.085 24737 24829 W LOTTIE : Animation contains merge paths. Merge paths are only supported on KitKat+ and must be manually enabled by calling enableMergePathsForKitKatAndAbove().
02-23 22:42:25.706 24737 24737 W LOTTIE : Animation contains merge paths but they are disabled.
02-23 22:42:26.256 24737 24760 W LibraryVersion: Failed to get app version for libraryName: firebase-iid
02-23 22:42:27.189 24737 24737 E ArmVmp : Match on catch block at 0x5b in for 0x79
02-23 22:42:27.264 24737 24737 E ArmVmp : Match on catch block at 0x5b in for 0x75
02-23 22:42:30.434 24737 24840 W CursorWindow: Window is full: requested allocation 804 bytes, free space 72 bytes, window size 2097152 bytes
02-23 22:42:31.279 24737 24737 W BottomSheetBehavior: BottomSheetBehavior now supports multiple callbacks. `setBottomSheetCallback()` removes all existing callbacks, including ones set internally by library authors, which may result in unintended behavior. This may change in the future. Please use `addBottomSheetCallback()` and `removeBottomSheetCallback()` instead to set your own callbacks.
02-23 22:42:31.279 24737 24737 W BottomSheetBehavior: BottomSheetBehavior now supports multiple callbacks. `setBottomSheetCallback()` removes all existing callbacks, including ones set internally by library authors, which may result in unintended behavior. This may change in the future. Please use `addBottomSheetCallback()` and `removeBottomSheetCallback()` instead to set your own callbacks.
02-23 22:42:32.036 24737 24737 W BottomSheetBehavior: BottomSheetBehavior now supports multiple callbacks. `setBottomSheetCallback()` removes all existing callbacks, including ones set internally by library authors, which may result in unintended behavior. This may change in the future. Please use `addBottomSheetCallback()` and `removeBottomSheetCallback()` instead to set your own callbacks.
02-23 22:42:32.036 24737 24737 W BottomSheetBehavior: BottomSheetBehavior now supports multiple callbacks. `setBottomSheetCallback()` removes all existing callbacks, including ones set internally by library authors, which may result in unintended behavior. This may change in the future. Please use `addBottomSheetCallback()` and `removeBottomSheetCallback()` instead to set your own callbacks.
02-23 22:42:32.683 24737 24737 E RecyclerView: No adapter attached; skipping layout
02-23 22:42:32.739 24737 24737 W CheckTime: App running slow: Executing com.whatsapp.yo.WidgetProvider scheduleReceive took 979ms
02-23 22:42:32.739 24737 24737 W ActivityThread: Main thread can not be idle for a long time.
02-23 22:42:32.901 24737 25009 W AudioCapabilities: Unsupported mime audio/mpeg-L1
02-23 22:42:32.903 24737 25009 W AudioCapabilities: Unsupported mime audio/mpeg-L2
02-23 22:42:32.915 24737 25009 W VideoCapabilities: Unrecognized profile/level 32768/2 for video/mp4v-es
02-23 22:42:32.915 24737 25009 W VideoCapabilities: Unrecognized profile/level 32768/64 for video/mp4v-es
02-23 22:42:33.091 24737 25018 E ACodec : [OMX.sprd.h264.decoder] setPortMode on output to DynamicANWBuffer failed w/ err -2147483648
02-23 22:42:33.418 24737 25028 W Codec2Client: query -- param skipped: index = 1107298332.
02-23 22:42:33.418 24737 25028 W CCodec : This behavior is subject to change. It is recommended that app developers double check whether the requested max input size is in reasonable range.
02-23 22:42:33.424 24737 25028 W Codec2Client: query -- param skipped: index = 1342179345.
02-23 22:42:33.425 24737 25028 W Codec2Client: query -- param skipped: index = 2415921170.
02-23 22:42:33.425 24737 25028 W Codec2Client: query -- param skipped: index = 1610614798.
02-23 22:42:33.428 24737 25028 E FMQ : grantorIdx must be less than 3
02-23 22:42:33.428 24737 25028 E FMQ : grantorIdx must be less than 3
02-23 22:42:33.441 24737 25028 E ion : ioctl c0044901 failed with code -1: Inappropriate ioctl for device
02-23 22:42:33.446 24737 25028 E FMQ : grantorIdx must be less than 3
02-23 22:42:33.457 24737 25019 E FMQ : grantorIdx must be less than 3
02-23 22:42:33.733 24737 25009 W AudioTrack: getTimestamp_l(3395): retrograde timestamp time corrected, 189876147246497 < 189876271124804
02-23 22:42:37.191 24737 24737 W pool-6-thread-1: type=1400 audit(0.0:242333): avc: granted { execute } for path="/data/data/com.whatsapp/files/decompressed/libs.spk.zst/libgifimage.so" dev="dm-13" ino=105050 scontext=u:r:untrusted_app:s0:c157,c256,c512,c768 tcontext=u:object_r:app_data_file:s0:c157,c256,c512,c768 tclass=file app=com.whatsapp
02-23 22:42:37.400 24737 24788 E SQLiteDatabase: Error inserting transferred=1 media_job_uuid=5d8b89f5-5b4d-4e78-8bd6-339295e2ca04 transcoded=0 gif_attribution=0 first_scan_length=0 direct_path=/v/t62.7161- 24/33404905_408478861593399_7950377145509064526_n.enc?ccb=11- 4&oh=01_AdSVGfN95xM4fVrVJL40hnkEp2ZVW_xqs9wrhgnLs9x_JA&oe=66004131&_nc_sid=5e03e0 thumbnail_height_width_ratio=1.7777778 is_animated_sticker=0 file_hash=gqF9vhdFNSTUvq3ENZTJS6yYxADTCmqqBCdlg7jWd6U= file_path=Media/.Statuses/55a9c1da30a0464c956ece522220daf4.mp4 file_size=1995044 partial_media_hash=null face_x=0 face_y=0 height=848 trim_to=0 media_key_timestamp=1708705649000 message_url=https://mmg.whatsapp.net/v/t62.7161- 24/33404905_408478861593399_7950377145509064526_n.enc?ccb=11- 4&oh=01_AdSVGfN95xM4fVrVJL40hnkEp2ZVW_xqs9wrhgnLs9x_JA&oe=66004131&_nc_sid=5e03e0&m ms3=true media_caption=null trim_from=0 mime_type=video/mp4 partial_media_enc_hash=null width=480 original_file_hash=null has_streaming_sidecar=1 autotransfer_retry_enabled=1 media_upload_handle=null message_row_id=24195 multicast_id=null enc_file_hash=JXVC2gciZBBiG8MLnWW+LTtR6FNAFD5FtllcRDFUDyk= mute_video=0 page_count=0 first_scan_sidecar=null suspicious_content=0 file_length=1995044 media_name=null media_duration=15 chat_row_id=6 media_key=[B@75796b5
02-23 22:42:37.400 24737 24788 E SQLiteDatabase: android.database.sqlite.SQLiteConstraintException: UNIQUE constraint failed: message_media.message_row_id (code 1555 SQLITE_CONSTRAINT_PRIMARYKEY)
02-23 22:42:37.400 24737 24788 E SQLiteDatabase: at android.database.sqlite.SQLiteConnection.nativeExecuteForLastInsertedRowId(Native Method)
02-23 22:42:37.400 24737 24788 E SQLiteDatabase: at android.database.sqlite.SQLiteConnection.executeForLastInsertedRowId(SQLiteConnecti on.java:938)
02-23 22:42:37.400 24737 24788 E SQLiteDatabase: at android.database.sqlite.SQLiteSession.executeForLastInsertedRowId(SQLiteSession.jav a:790)
02-23 22:42:37.400 24737 24788 E SQLiteDatabase: at android.database.sqlite.SQLiteStatement.executeInsert(SQLiteStatement.java:88)
02-23 22:42:37.400 24737 24788 E SQLiteDatabase: at android.database.sqlite.SQLiteDatabase.insertWithOnConflict(SQLiteDatabase.java:170 1)
02-23 22:42:37.400 24737 24788 E SQLiteDatabase: at android.database.sqlite.SQLiteDatabase.insert(SQLiteDatabase.java:1570)
02-23 22:42:37.400 24737 24788 E SQLiteDatabase: at X.2tm.A08(Unknown Source:6)
02-23 22:42:37.400 24737 24788 E SQLiteDatabase: at X.35Y.A07(Unknown Source:212)
02-23 22:42:37.400 24737 24788 E SQLiteDatabase: at X.3QF.A14(Unknown Source:470)
02-23 22:42:37.400 24737 24788 E SQLiteDatabase: at X.3gU.run(Unknown Source:982)
02-23 22:42:37.400 24737 24788 E SQLiteDatabase: at android.os.Handler.handleCallback(Handler.java:938)
02-23 22:42:37.400 24737 24788 E SQLiteDatabase: at android.os.Handler.dispatchMessage(Handler.java:99)
