02-16 19:48:27.413 27754 27754 W Looper : PerfMonitor doFrame : time=23ms vsyncFrame=0 latency=481ms procState=2 historyMsgCount=87 (msgIndex=1 wall=409ms seq=54598 late=442ms h=android.view.Choreographer$FrameHandler c=android.view.Choreographer$FrameDisplayEventReceiver)
02-16 19:50:38.087 27754 27754 W InputEventReceiver: App Input: Dispatching InputEvent took 198ms in main thread! (MotionEvent: event_seq=5612, seq=732690, action=ACTION_DOWN)
02-16 19:51:09.675 27754 27754 W Looper : PerfMonitor looperActivity : package=com.mbwhatsapp/.Conversation time=0ms latency=356ms running=0ms procState=2 ClientTransaction{ callbacks=[android.app.servertransaction.TopResumedActivityChang eItem] } historyMsgCount=4 (msgIndex=4 wall=349ms seq=67389 late=7ms h=android.app.ActivityThread$H w=159)
02-16 19:51:09.968 27754 27754 W Looper : PerfMonitor doFrame : time=293ms vsyncFrame=0 latency=347ms procState=2 historyMsgCount=2 (msgIndex=1 wall=349ms seq=67389 late=7ms h=android.app.ActivityThread$H w=159)
02-16 19:51:10.088 27754 27754 W Looper : PerfMonitor doFrame : time=63ms vsyncFrame=0 latency=334ms procState=2 historyMsgCount=51 (msgIndex=1 wall=293ms seq=67391 late=347ms h=android.view.Choreographer$FrameHandler c=android.view.Choreographer$FrameDisplayEventReceiver)
02-16 19:52:04.826 27754 27754 W Looper : PerfMonitor looperActivity : package=com.mbwhatsapp/.Conversation time=0ms latency=357ms running=0ms procState=2 ClientTransaction{ callbacks=[android.app.servertransaction.TopResumedActivityChang eItem] } historyMsgCount=3 (msgIndex=3 wall=348ms seq=71219 late=9ms h=android.app.ActivityThread$H w=159)
02-16 19:52:05.128 27754 27754 W Looper : PerfMonitor doFrame : time=302ms vsyncFrame=0 latency=334ms procState=2 historyMsgCount=2 (msgIndex=1 wall=348ms seq=71219 late=9ms h=android.app.ActivityThread$H w=159)
02-16 19:53:00.791 27754 27754 W Looper : PerfMonitor looperActivity : package=com.mbwhatsapp/.Conversation time=0ms latency=486ms running=0ms procState=2 ClientTransaction{ callbacks=[android.app.servertransaction.TopResumedActivityChang eItem] } historyMsgCount=1 (msgIndex=1 wall=485ms seq=72437 late=1ms h=android.app.ActivityThread$H w=159)
02-16 19:53:01.170 27754 27754 W Looper : PerfMonitor doFrame : time=356ms vsyncFrame=0 latency=53ms procState=2 historyMsgCount=38 (msgIndex=1 wall=485ms seq=72437 late=1ms h=android.app.ActivityThread$H w=159)
02-16 19:53:01.231 27754 27754 W Looper : PerfMonitor doFrame : time=43ms vsyncFrame=0 latency=361ms procState=2 historyMsgCount=10 (msgIndex=1 wall=356ms seq=72475 late=53ms h=android.view.Choreographer$FrameHandler c=android.view.Choreographer$FrameDisplayEventReceiver)
02-16 20:16:45.133 27754 27754 W Activity: Slow Operation: Activity com.mbwhatsapp/.HomeActivity onCreate took 668ms
02-16 20:16:45.168 27754 27754 W Looper : PerfMonitor looperActivity : package=com.mbwhatsapp/.HomeActivity time=1ms latency=737ms running=0ms procState=2 ClientTransaction{ callbacks=[android.app.servertransaction.TopResumedActivityChang eItem] } historyMsgCount=2 (msgIndex=2 wall=729ms seq=79024 late=8ms h=android.app.ActivityThread$H w=159)
02-16 20:16:46.149 27754 27754 W Looper : PerfMonitor doFrame : time=944ms vsyncFrame=0 latency=28ms procState=2 historyMsgCount=14
02-16 20:16:46.250 27754 27754 W Looper : PerfMonitor doFrame : time=99ms vsyncFrame=0 latency=941ms procState=2 historyMsgCount=5 (msgIndex=1 wall=944ms seq=79049 late=28ms h=android.view.Choreographer$FrameHandler c=android.view.Choreographer$FrameDisplayEventReceiver)
02-16 20:16:47.735 27754 27754 W Looper : PerfMonitor looperActivity : package=com.mbwhatsapp/.Conversation time=0ms latency=376ms running=0ms procState=2 ClientTransaction{ callbacks=[android.app.servertransaction.TopResumedActivityChang eItem] } historyMsgCount=4 (msgIndex=4 wall=369ms seq=79326 late=6ms h=android.app.ActivityThread$H w=159)
02-16 20:16:48.140 27754 27754 W Looper : PerfMonitor doFrame : time=404ms vsyncFrame=0 latency=363ms procState=2 historyMsgCount=2 (msgIndex=1 wall=369ms seq=79326 late=6ms h=android.app.ActivityThread$H w=159)
02-16 20:16:48.175 27754 27754 W Looper : PerfMonitor doFrame : time=27ms vsyncFrame=0 latency=411ms procState=2 historyMsgCount=43 (msgIndex=1 wall=404ms seq=79328 late=363ms h=android.view.Choreographer$FrameHandler c=android.view.Choreographer$FrameDisplayEventReceiver)
02-16 20:18:13.761 27754 27754 W Looper : PerfMonitor looperActivity : package=com.mbwhatsapp/.Conversation time=0ms latency=400ms running=0ms procState=2 ClientTransaction{ callbacks=[android.app.servertransaction.TopResumedActivityChang eItem] } historyMsgCount=3 (msgIndex=3 wall=391ms seq=81079 late=9ms h=android.app.ActivityThread$H w=159)
02-16 20:18:14.064 27754 27754 W Looper : PerfMonitor doFrame : time=303ms vsyncFrame=0 latency=389ms procState=2 historyMsgCount=2 (msgIndex=1 wall=391ms seq=81079 late=9ms h=android.app.ActivityThread$H w=159)
02-16 20:18:14.105 27754 27754 W Looper : PerfMonitor doFrame : time=31ms vsyncFrame=0 latency=305ms procState=2 historyMsgCount=45 (msgIndex=1 wall=303ms seq=81081 late=389ms h=android.view.Choreographer$FrameHandler c=android.view.Choreographer$FrameDisplayEventReceiver)
02-16 20:27:23.354 27754 23989 W BpBinder: Slow Binder: BpBinder transact took 553 ms, interface=android.app.IActivityManager, code=22 oneway=false
02-16 20:27:24.278 27754 27843 W BpBinder: Slow Binder: BpBinder transact took 208 ms, interface=android.content.IContentProvider, code=1 oneway=false
02-16 20:32:09.085 27754 27754 W Looper : PerfMonitor looperActivity : package=com.mbwhatsapp/.Conversation time=0ms latency=477ms running=0ms procState=2 ClientTransaction{ callbacks=[android.app.servertransaction.TopResumedActivityChang eItem] } historyMsgCount=3 (msgIndex=3 wall=470ms seq=81952 late=7ms h=android.app.ActivityThread$H w=159)
02-16 20:32:09.388 27754 27754 W Looper : PerfMonitor doFrame : time=303ms vsyncFrame=0 latency=462ms procState=2 historyMsgCount=3 (msgIndex=1 wall=470ms seq=81952 late=7ms h=android.app.ActivityThread$H w=159)
02-16 20:32:09.436 27754 27754 W Looper : PerfMonitor doFrame : time=35ms vsyncFrame=0 latency=316ms procState=2 historyMsgCount=47 (msgIndex=2 wall=303ms seq=81955 late=462ms h=android.view.Choreographer$FrameHandler c=android.view.Choreographer$FrameDisplayEventReceiver)
02-16 20:35:55.517 27754 27754 W Looper : PerfMonitor looperActivity : package=com.mbwhatsapp/.Conversation time=0ms latency=606ms running=0ms procState=2 ClientTransaction{ callbacks=[android.app.servertransaction.TopResumedActivityChang eItem] } historyMsgCount=1 (msgIndex=1 wall=607ms seq=82473 late=1ms h=android.app.ActivityThread$H w=159)
02-16 20:42:07.478 27754 27754 W Looper : PerfMonitor looperActivity : package=com.mbwhatsapp/.Conversation time=0ms latency=459ms running=0ms procState=2 ClientTransaction{ callbacks=[android.app.servertransaction.TopResumedActivityChang eItem] } historyMsgCount=4 (msgIndex=4 wall=449ms seq=104149 late=10ms h=android.app.ActivityThread$H w=159)
02-16 20:42:07.885 27754 27754 W Looper : PerfMonitor doFrame : time=407ms vsyncFrame=0 latency=445ms procState=2 historyMsgCount=2 (msgIndex=1 wall=449ms seq=104149 late=10ms h=android.app.ActivityThread$H w=159)
02-16 20:42:07.940 27754 27754 W Looper : PerfMonitor doFrame : time=44ms vsyncFrame=0 latency=417ms procState=2 historyMsgCount=44 (msgIndex=1 wall=407ms seq=104151 late=445ms h=android.view.Choreographer$FrameHandler c=android.view.Choreographer$FrameDisplayEventReceiver)
02-16 20:44:05.641 27754 27754 W Looper : PerfMonitor looperActivity : package=com.mbwhatsapp/.Conversation time=0ms latency=348ms running=0ms procState=2 ClientTransaction{ callbacks=[android.app.servertransaction.TopResumedActivityChang eItem] } historyMsgCount=3 (msgIndex=3 wall=342ms seq=110697 late=6ms h=android.app.ActivityThread$H w=159)
02-16 20:44:06.105 27754 27754 W Looper : PerfMonitor doFrame : time=464ms vsyncFrame=0 latency=336ms procState=2 historyMsgCount=2 (msgIndex=1 wall=342ms seq=110697 late=6ms h=android.app.ActivityThread$H w=159)
02-16 20:44:06.192 27754 27754 W Looper : PerfMonitor doFrame : time=48ms vsyncFrame=0 latency=492ms procState=2 historyMsgCount=52 (msgIndex=1 wall=464ms seq=110699 late=336ms h=android.view.Choreographer$FrameHandler c=android.view.Choreographer$FrameDisplayEventReceiver)
02-16 20:45:38.661 27754 27754 W InputEventReceiver: App Input: Dispatching InputEvent took 101ms in main thread! (MotionEvent: event_seq=9104, seq=772971, action=ACTION_MOVE)
02-16 20:45:40.035 27754 27754 W ViewRootImpl[PopupWindow:aa46b4e]: Dropping event due to root view being removed: MotionEvent { action=ACTION_MOVE, actionButton=0, id[0]=0, x[0]=472.0, y[0]=479.0, toolType[0]=TOOL_TYPE_FINGER, buttonState=0, classification=NONE, metaState=0, flags=0x80000, edgeFlags=0x0, pointerCount=1, historySize=3, eventTime=75742973, downTime=75742931, deviceId=4, source=0x1002, displayId=0 }
02-16 20:45:46.790 27754 27754 W Looper : PerfMonitor looperActivity : package=com.mbwhatsapp/.Conversation time=0ms latency=352ms running=0ms procState=2 ClientTransaction{ callbacks=[android.app.servertransaction.TopResumedActivityChang eItem] } historyMsgCount=3 (msgIndex=3 wall=345ms seq=116750 late=6ms h=android.app.ActivityThread$H w=159)
02-16 20:45:47.135 27754 27754 W Looper : PerfMonitor doFrame : time=344ms vsyncFrame=0 latency=340ms procState=2 historyMsgCount=2 (msgIndex=1 wall=345ms seq=116750 late=6ms h=android.app.ActivityThread$H w=159)
02-16 20:45:47.224 27754 27754 W Looper : PerfMonitor doFrame : time=56ms vsyncFrame=0 latency=371ms procState=2 historyMsgCount=50 (msgIndex=1 wall=344ms seq=116752 late=340ms h=android.view.Choreographer$FrameHandler c=android.view.Choreographer$FrameDisplayEventReceiver)
02-16 20:46:54.012 27754 27754 W Looper : PerfMonitor looperActivity : package=com.mbwhatsapp/.Conversation time=1ms latency=375ms running=0ms procState=2 ClientTransaction{ callbacks=[android.app.servertransaction.TopResumedActivityChang eItem] } historyMsgCount=3 (msgIndex=3 wall=363ms seq=120792 late=12ms h=android.app.ActivityThread$H w=159)
02-16 20:46:54.485 27754 27754 W Looper : PerfMonitor doFrame : time=472ms vsyncFrame=0 latency=359ms procState=2 historyMsgCount=3 (msgIndex=1 wall=363ms seq=120792 late=12ms h=android.app.ActivityThread$H w=159)
02-16 20:46:54.550 27754 27754 W Looper : PerfMonitor doFrame : time=36ms vsyncFrame=0 latency=497ms procState=2 historyMsgCount=49 (msgIndex=1 wall=472ms seq=120795 late=359ms h=android.view.Choreographer$FrameHandler c=android.view.Choreographer$FrameDisplayEventReceiver)
02-16 20:47:46.924 27754 27754 W Looper : PerfMonitor looperActivity : package=com.mbwhatsapp/.Conversation time=0ms latency=406ms running=0ms procState=2 ClientTransaction{ callbacks=[android.app.servertransaction.TopResumedActivityChang eItem] } historyMsgCount=4 (msgIndex=4 wall=372ms seq=123763 late=34ms h=android.app.ActivityThread$H w=159)
02-16 20:47:47.327 27754 27754 W Looper : PerfMonitor doFrame : time=401ms vsyncFrame=0 latency=387ms procState=2 historyMsgCount=7 (msgIndex=3 wall=372ms seq=123763 late=34ms h=android.app.ActivityThread$H w=159)
02-16 20:47:47.381 27754 27754 W Looper : PerfMonitor doFrame : time=41ms vsyncFrame=0 latency=405ms procState=2 historyMsgCount=46 (msgIndex=1 wall=401ms seq=123768 late=387ms h=android.view.Choreographer$FrameHandler c=android.view.Choreographer$FrameDisplayEventReceiver)
02-16 20:48:04.014 27754 27754 W Looper : PerfMonitor looperActivity : package=com.mbwhatsapp/.camera.CameraActivity time=0ms latency=349ms running=0ms procState=2 ClientTransaction{ callbacks=[android.app.servertransaction.TopResumedActivityChang eItem] } historyMsgCount=4 (msgIndex=4 wall=337ms seq=124773 late=11ms h=android.app.ActivityThread$H w=159)
02-16 20:48:04.276 27754 27754 W Looper : PerfMonitor doFrame : time=261ms vsyncFrame=0 latency=332ms procState=2 historyMsgCount=2 (msgIndex=1 wall=337ms seq=124773 late=11ms h=android.app.ActivityThread$H w=159)
02-16 20:48:05.433 27754 28684 W BpBinder: Slow Binder: BpBinder transact took 314 ms, interface=android.hardware.camera2.ICameraDeviceUser, code=1 oneway=false
02-16 21:58:54.841 27754 27754 W Activity: Slow Operation: Activity com.mbwhatsapp/.HomeActivity onCreate took 659ms
02-16 21:58:54.886 27754 27754 W Looper : PerfMonitor looperActivity : package=com.mbwhatsapp/.HomeActivity time=0ms latency=732ms running=0ms procState=2 ClientTransaction{ callbacks=[android.app.servertransaction.TopResumedActivityChang eItem] } historyMsgCount=2 (msgIndex=2 wall=724ms seq=127429 late=8ms h=android.app.ActivityThread$H w=159)
02-16 21:58:56.207 27754 27754 W Looper : PerfMonitor longMsg : seq=127457 plan=21:58:54.881 late=53ms wall=1272ms running=0ms h=android.view.Choreographer$FrameHandler c=android.view.Choreographer$FrameDisplayEventReceiver procState=2
02-16 21:58:56.207 27754 27754 W Looper : PerfMonitor doFrame : time=1272ms vsyncFrame=0 latency=53ms procState=2 historyMsgCount=28 (msgIndex=1 wall=724ms seq=127429 late=8ms h=android.app.ActivityThread$H w=159)
02-16 21:58:56.308 27754 27754 W Looper : PerfMonitor doFrame : time=96ms vsyncFrame=0 latency=1264ms procState=2 historyMsgCount=6 (msgIndex=1 wall=1272ms seq=127457 late=53ms h=android.view.Choreographer$FrameHandler c=android.view.Choreographer$FrameDisplayEventReceiver)
02-16 21:58:56.376 27754 27754 W Looper : PerfMonitor looperActivity : package=com.mbwhatsapp/mbmodsd.mbmodsw.mbsettings.yo.PauseActivity time=25ms latency=672ms running=0ms procState=2 ClientTransaction{ callbacks=[android.app.servertransaction.LaunchActivityItem] lifecycleRequest=android.app.servertransaction.ResumeActivityItem } historyMsgCount=80 (msgIndex=1 wall=1272ms seq=127457 late=53ms h=android.view.Choreographer$FrameHandler c=android.view.Choreographer$FrameDisplayEventReceiver) (msgIndex=7 wall=96ms seq=127463 late=1264ms h=android.view.Choreographer$FrameHandler c=android.view.Choreographer$FrameDisplayEventReceiver)
02-16 21:58:56.376 27754 27754 W Looper : PerfMonitor looperActivity : package=com.mbwhatsapp/mbmodsd.mbmodsw.mbsettings.yo.PauseActivity time=1ms latency=696ms running=0ms procState=2 ClientTransaction{ callbacks=[android.app.servertransaction.TopResumedActivityChang eItem] } historyMsgCount=81 (msgIndex=1 wall=1272ms seq=127457 late=53ms h=android.view.Choreographer$FrameHandler c=android.view.Choreographer$FrameDisplayEventReceiver) (msgIndex=7 wall=96ms seq=127463 late=1264ms h=android.view.Choreographer$FrameHandler c=android.view.Choreographer$FrameDisplayEventReceiver)
02-16 21:58:57.296 27754 27754 W Looper : PerfMonitor doFrame : time=588ms vsyncFrame=0 latency=225ms procState=2 historyMsgCount=12 (msgIndex=7 wall=145ms seq=127627 late=92ms h=android.os.AsyncTask$InternalHandler w=1)
02-16 21:58:57.457 27754 27754 W Looper : PerfMonitor doFrame : time=121ms vsyncFrame=0 latency=621ms procState=2 historyMsgCount=20 (msgIndex=1 wall=588ms seq=127633 late=225ms h=android.view.Choreographer$FrameHandler c=android.view.Choreographer$FrameDisplayEventReceiver)
02-16 21:58:58.755 27754 4903 W BpBinder: Slow Binder: BpBinder transact took 1218 ms, interface=android.app.IActivityManager, code=22 oneway=false
02-16 21:59:00.401 27754 27843 W BpBinder: Slow Binder: BpBinder transact took 205 ms, interface=android.content.IContentProvider, code=1 oneway=false
02-16 21:59:00.405 27754 27754 W Looper : PerfMonitor doFrame : time=89ms vsyncFrame=0 latency=331ms procState=2 historyMsgCount=8 (msgIndex=1 wall=190ms seq=127812 late=104ms h=X.10F w=5) (msgIndex=7 wall=83ms seq=127818 late=325ms h=X.10F w=5)
02-16 21:59:02.794 27754 27754 W FileUtils: Slow Operation: fsync took 106ms procState=2
02-16 21:59:02.922 27754 27754 W Activity: Slow Operation: Activity com.mbwhatsapp/.HomeActivity onPause took 492ms
02-16 21:59:02.975 27754 27754 W Looper : PerfMonitor doFrame : time=3ms vsyncFrame=0 latency=543ms procState=2 historyMsgCount=3 (msgIndex=2 wall=543ms seq=127894 late=30ms h=android.app.ActivityThread$H w=159)
02-16 21:59:03.570 27754 27754 W Activity: Slow Operation: Activity com.mbwhatsapp/.Conversation onCreate took 539ms
02-16 21:59:03.926 27754 27754 W Looper : PerfMonitor looperActivity : package=com.mbwhatsapp/.Conversation time=0ms latency=1019ms running=0ms procState=2 ClientTransaction{ callbacks=[android.app.servertransaction.TopResumedActivityChang eItem] } historyMsgCount=7 (msgIndex=1 wall=543ms seq=127894 late=30ms h=android.app.ActivityThread$H w=159) (msgIndex=7 wall=949ms seq=127900 late=69ms h=android.app.ActivityThread$H w=159)
02-16 21:59:05.094 27754 27754 W Looper : PerfMonitor longMsg : seq=127902 plan=21:59:02.975 late=951ms wall=1168ms running=0ms h=android.view.Choreographer$FrameHandler c=android.view.Choreographer$FrameDisplayEventReceiver procState=2
02-16 21:59:05.094 27754 27754 W Looper : PerfMonitor doFrame : time=1168ms vsyncFrame=0 latency=951ms procState=2 historyMsgCount=6 (msgIndex=5 wall=949ms seq=127900 late=69ms h=android.app.ActivityThread$H w=159)
02-16 21:59:05.439 27754 27754 W Looper : PerfMonitor doFrame : time=265ms vsyncFrame=0 latency=1225ms procState=2 historyMsgCount=45 (msgIndex=1 wall=1168ms seq=127902 late=951ms h=android.view.Choreographer$FrameHandler c=android.view.Choreographer$FrameDisplayEventReceiver)
02-16 21:59:05.610 27754 27754 W Looper : PerfMonitor doFrame : time=119ms vsyncFrame=0 latency=304ms procState=2 historyMsgCount=62 (msgIndex=1 wall=265ms seq=127947 late=1225ms h=android.view.Choreographer$FrameHandler c=android.view.Choreographer$FrameDisplayEventReceiver)
02-16 21:59:07.191 27754 27754 W Activity: Slow Operation: Activity com.mbwhatsapp/.HomeActivity onResume took 113ms
02-16 21:59:07.602 27754 27754 W Looper : PerfMonitor doFrame : time=363ms vsyncFrame=0 latency=219ms procState=2 historyMsgCount=6 (msgIndex=5 wall=167ms seq=128041 late=34ms h=android.app.ActivityThread$H w=159)
02-16 21:59:07.719 27754 27754 W Looper : PerfMonitor doFrame : time=98ms vsyncFrame=0 latency=368ms procState=2 historyMsgCount=12 (msgIndex=1 wall=363ms seq=128043 late=219ms h=android.view.Choreographer$FrameHandler c=android.view.Choreographer$FrameDisplayEventReceiver)
02-16 21:59:10.228 27754 4778 W BpBinder: Slow Binder: BpBinder transact took 602 ms, interface=android.app.IActivityManager, code=89 oneway=false
02-16 22:04:41.940 27754 27754 W Activity: Slow Operation: Activity com.mbwhatsapp/.HomeActivity onCreate took 696ms
02-16 22:04:41.972 27754 27754 W Looper : PerfMonitor looperActivity : package=com.mbwhatsapp/.HomeActivity time=0ms latency=753ms running=0ms procState=2 ClientTransaction{ callbacks=[android.app.servertransaction.TopResumedActivityChang eItem] } historyMsgCount=3 (msgIndex=3 wall=746ms seq=128220 late=8ms h=android.app.ActivityThread$H w=159)
02-16 22:04:43.062 27754 27754 W Looper : PerfMonitor longMsg : seq=128248 plan=22:04:41.980 late=34ms wall=1048ms running=0ms h=android.view.Choreographer$FrameHandler c=android.view.Choreographer$FrameDisplayEventReceiver procState=2
02-16 22:04:43.062 27754 27754 W Looper : PerfMonitor doFrame : time=1048ms vsyncFrame=0 latency=34ms procState=2 historyMsgCount=18
02-16 22:04:43.153 27754 27754 W Looper : PerfMonitor doFrame : time=80ms vsyncFrame=0 latency=1044ms procState=2 historyMsgCount=10 (msgIndex=1 wall=1048ms seq=128248 late=34ms h=android.view.Choreographer$FrameHandler c=android.view.Choreographer$FrameDisplayEventReceiver)
02-16 23:09:04.460 27754 20907 W BpBinder: Slow Binder: BpBinder transact took 350 ms, interface=android.app.IActivityManager, code=22 oneway=false --------- beginning of main
02-17 02:00:17.871 24426 24426 E com.mbwhatsapp: Not starting debugger since process cannot load the jdwp agent.
02-17 02:00:18.239 24426 24426 W ResourceType: CREATING STRING CACHE OF 96 bytes
02-17 02:00:18.330 24426 24426 W System.err: java.lang.ClassNotFoundException: mbmodsd.mbmodsw.ui.views.btn.BtnBK
02-17 02:00:18.331 24426 24426 W System.err: at java.lang.Runtime.nativeLoad(Native Method)
02-17 02:00:18.331 24426 24426 W System.err: at java.lang.Runtime.nativeLoad(Runtime.java:1131)
02-17 02:00:18.331 24426 24426 W System.err: at java.lang.Runtime.loadLibrary0(Runtime.java:1085)
02-17 02:00:18.331 24426 24426 W System.err: at java.lang.Runtime.loadLibrary0(Runtime.java:1008)
02-17 02:00:18.331 24426 24426 W System.err: at java.lang.System.loadLibrary(System.java:1664)
02-17 02:00:18.332 24426 24426 W System.err: at arm.EpicVm.<clinit>(Unknown Source:2)
02-17 02:00:18.332 24426 24426 W System.err: at java.lang.Class.newInstance(Native Method)
02-17 02:00:18.332 24426 24426 W System.err: at android.app.AppComponentFactory.instantiateApplication(AppComponentFactory.java:76)
02-17 02:00:18.332 24426 24426 W System.err: at androidx.core.app.CoreComponentFactory.instantiateApplication(Unknown Source:0)
02-17 02:00:18.332 24426 24426 W System.err: at android.app.Instrumentation.newApplication(Instrumentation.java:1157)
02-17 02:00:18.332 24426 24426 W System.err: at android.app.LoadedApk.makeApplication(LoadedApk.java:1248)
02-17 02:00:18.332 24426 24426 W System.err: at android.app.ActivityThread.handleBindApplication(ActivityThread.java:6865)
02-17 02:00:18.332 24426 24426 W System.err: at android.app.ActivityThread.access$1600(ActivityThread.java:250)
02-17 02:00:18.332 24426 24426 W System.err: at android.app.ActivityThread$H.handleMessage(ActivityThread.java:2008)
02-17 02:00:18.332 24426 24426 W System.err: at android.os.Handler.dispatchMessage(Handler.java:106)
02-17 02:00:18.333 24426 24426 W System.err: at android.os.Looper.loop(Looper.java:236)
02-17 02:00:18.333 24426 24426 W System.err: at android.app.ActivityThread.main(ActivityThread.java:7912)
02-17 02:00:18.333 24426 24426 W System.err: at java.lang.reflect.Method.invoke(Native Method)
02-17 02:00:18.333 24426 24426 W System.err: at com.android.internal.os.RuntimeInit$MethodAndArgsCaller.run(RuntimeInit.java:620)
02-17 02:00:18.333 24426 24426 W System.err: at com.android.internal.os.ZygoteInit.main(ZygoteInit.java:1011)
02-17 02:00:18.399 24426 24426 E CustomActivityOnCrash: IMPORTANT WARNING! You already have an UncaughtExceptionHandler, are you sure this is correct? If you use a custom UncaughtExceptionHandler, you must initialize it AFTER CustomActivityOnCrash! Installing anyway, but your original handler will not be called.
02-17 02:00:18.404 24426 24448 E ion : ioctl c0044901 failed with code -1: Invalid argument
02-17 02:00:18.416 24426 24448 E libc : Access denied finding property "ro.vendor.pref_scale_resolution"
02-17 02:00:18.447 24426 24448 E libc : Access denied finding property "ro.vendor.pref_scale_resolution"
02-17 02:00:18.460 24426 24448 E libc : Access denied finding property "ro.vendor.pref_scale_resolution"
02-17 02:00:18.470 24426 24448 E libc : Access denied finding property "ro.vendor.pref_scale_resolution"
02-17 02:00:18.562 24426 24448 E libc : Access denied finding property "ro.vendor.pref_scale_resolution"
02-17 02:00:18.859 24426 24426 W com.mbwhatsapp: Accessing hidden method Lcom/android/org/conscrypt/OpenSSLSocketImpl;->setUseSessionTickets(Z)V (greylist- max-q,test-api, reflection, denied)
02-17 02:00:18.860 24426 24426 W com.mbwhatsapp: Accessing hidden method Lcom/android/org/conscrypt/AbstractConscryptSocket;->setUseSessionTickets(Z)V (greylist-max-q, reflection, denied)
02-17 02:00:18.923 24426 24426 W com.mbwhatsapp: type=1400 audit(0.0:66178): avc: granted { execute } for path="/data/data/com.mbwhatsapp/files/decompressed/libs.spk.zst/libc++_shared.so" dev="mmcblk0p41" ino=408662 scontext=u:r:untrusted_app:s0:c238,c257,c512,c768 tcontext=u:object_r:app_data_file:s0:c238,c257,c512,c768 tclass=file app=com.mbwhatsapp
02-17 02:00:18.931 24426 24426 W com.mbwhatsapp: type=1400 audit(0.0:66179): avc: granted { execute } for path="/data/data/com.mbwhatsapp/files/decompressed/libs.spk.zst/libvlc.so" dev="mmcblk0p41" ino=508967 scontext=u:r:untrusted_app:s0:c238,c257,c512,c768 tcontext=u:object_r:app_data_file:s0:c238,c257,c512,c768 tclass=file app=com.mbwhatsapp
02-17 02:00:18.943 24426 24426 W com.mbwhatsapp: type=1400 audit(0.0:66180): avc: granted { execute } for path="/data/data/com.mbwhatsapp/files/decompressed/libs.spk.zst/libwhatsapp.so" dev="mmcblk0p41" ino=544419 scontext=u:r:untrusted_app:s0:c238,c257,c512,c768 tcontext=u:object_r:app_data_file:s0:c238,c257,c512,c768 tclass=file app=com.mbwhatsapp
02-17 02:00:19.007 24426 24426 W com.mbwhatsapp: type=1400 audit(0.0:66181): avc: granted { execute } for path="/data/data/com.mbwhatsapp/files/decompressed/libs.spk.zst/libcurve25519.so" dev="mmcblk0p41" ino=499931 scontext=u:r:untrusted_app:s0:c238,c257,c512,c768 tcontext=u:object_r:app_data_file:s0:c238,c257,c512,c768 tclass=file app=com.mbwhatsapp
02-17 02:00:19.031 24426 24426 W com.mbwhatsapp: type=1400 audit(0.0:66182): avc: granted { execute } for path="/data/data/com.mbwhatsapp/files/decompressed/libs.spk.zst/libwhatsapp.so" dev="mmcblk0p41" ino=544419 scontext=u:r:untrusted_app:s0:c238,c257,c512,c768 tcontext=u:object_r:app_data_file:s0:c238,c257,c512,c768 tclass=file app=com.mbwhatsapp
02-17 02:00:19.148 24426 24482 W com.mbwhatsapp: Class X.2rL failed lock verification and will run slower.
02-17 02:00:19.148 24426 24482 W com.mbwhatsapp: Common causes for lock verification issues are non-optimized dex code
02-17 02:00:19.148 24426 24482 W com.mbwhatsapp: and incorrect proguard optimizations.
02-17 02:00:19.149 24426 24426 W Looper : PerfMonitor longMsg : seq=2 plan=02:00:17.899 late=3ms wall=1237ms running=0ms h=android.app.ActivityThread$H w=110 procState=11
02-17 02:00:19.211 24426 24426 E libc : Access denied finding property "ro.vendor.df.effect.conflict"
02-17 02:00:19.212 24426 24426 E libc : Access denied finding property "ro.vendor.knock.type"
02-17 02:38:57.128 24426 24440 W System : A resource failed to call end.
02-17 02:38:57.514 24426 24440 W System : A resource failed to call end.
02-17 02:38:57.803 24426 24440 W System : A resource failed to call end. --------- beginning of main
02-17 07:50:51.065 25945 25945 E com.mbwhatsapp: Not starting debugger since process cannot load the jdwp agent.
02-17 07:50:51.315 25945 25945 W ResourceType: CREATING STRING CACHE OF 96 bytes
02-17 07:50:51.402 25945 25945 W System.err: java.lang.ClassNotFoundException: mbmodsd.mbmodsw.ui.views.btn.BtnBK
02-17 07:50:51.402 25945 25945 W System.err: at java.lang.Runtime.nativeLoad(Native Method)
02-17 07:50:51.402 25945 25945 W System.err: at java.lang.Runtime.nativeLoad(Runtime.java:1131)
02-17 07:50:51.402 25945 25945 W System.err: at java.lang.Runtime.loadLibrary0(Runtime.java:1085)
02-17 07:50:51.402 25945 25945 W System.err: at java.lang.Runtime.loadLibrary0(Runtime.java:1008)
02-17 07:50:51.402 25945 25945 W System.err: at java.lang.System.loadLibrary(System.java:1664)
02-17 07:50:51.402 25945 25945 W System.err: at arm.EpicVm.<clinit>(Unknown Source:2)
02-17 07:50:51.403 25945 25945 W System.err: at java.lang.Class.newInstance(Native Method)
02-17 07:50:51.403 25945 25945 W System.err: at android.app.AppComponentFactory.instantiateApplication(AppComponentFactory.java:76)
02-17 07:50:51.403 25945 25945 W System.err: at androidx.core.app.CoreComponentFactory.instantiateApplication(Unknown Source:0)
02-17 07:50:51.403 25945 25945 W System.err: at android.app.Instrumentation.newApplication(Instrumentation.java:1157)
02-17 07:50:51.403 25945 25945 W System.err: at android.app.LoadedApk.makeApplication(LoadedApk.java:1248)
02-17 07:50:51.403 25945 25945 W System.err: at android.app.ActivityThread.handleBindApplication(ActivityThread.java:6865)
02-17 07:50:51.403 25945 25945 W System.err: at android.app.ActivityThread.access$1600(ActivityThread.java:250)
02-17 07:50:51.403 25945 25945 W System.err: at android.app.ActivityThread$H.handleMessage(ActivityThread.java:2008)
02-17 07:50:51.403 25945 25945 W System.err: at android.os.Handler.dispatchMessage(Handler.java:106)
02-17 07:50:51.403 25945 25945 W System.err: at android.os.Looper.loop(Looper.java:236)
02-17 07:50:51.403 25945 25945 W System.err: at android.app.ActivityThread.main(ActivityThread.java:7912)
02-17 07:50:51.403 25945 25945 W System.err: at java.lang.reflect.Method.invoke(Native Method)
02-17 07:50:51.403 25945 25945 W System.err: at com.android.internal.os.RuntimeInit$MethodAndArgsCaller.run(RuntimeInit.java:620)
02-17 07:50:51.403 25945 25945 W System.err: at com.android.internal.os.ZygoteInit.main(ZygoteInit.java:1011)
02-17 07:50:51.465 25945 25945 E CustomActivityOnCrash: IMPORTANT WARNING! You already have an UncaughtExceptionHandler, are you sure this is correct? If you use a custom UncaughtExceptionHandler, you must initialize it AFTER CustomActivityOnCrash! Installing anyway, but your original handler will not be called.
02-17 07:50:51.467 25945 25967 E ion : ioctl c0044901 failed with code -1: Invalid argument
02-17 07:50:51.478 25945 25967 E libc : Access denied finding property "ro.vendor.pref_scale_resolution"
02-17 07:50:51.517 25945 25967 E libc : Access denied finding property "ro.vendor.pref_scale_resolution"
02-17 07:50:51.526 25945 25967 E libc : Access denied finding property "ro.vendor.pref_scale_resolution"
02-17 07:50:51.620 25945 25967 E libc : Access denied finding property "ro.vendor.pref_scale_resolution"
02-17 07:50:51.892 25945 25945 W com.mbwhatsapp: Accessing hidden method Lcom/android/org/conscrypt/OpenSSLSocketImpl;->setUseSessionTickets(Z)V (greylist- max-q,test-api, reflection, denied)
02-17 07:50:51.893 25945 25945 W com.mbwhatsapp: Accessing hidden method Lcom/android/org/conscrypt/AbstractConscryptSocket;->setUseSessionTickets(Z)V (greylist-max-q, reflection, denied)
02-17 07:50:51.950 25945 25945 W com.mbwhatsapp: type=1400 audit(0.0:66565): avc: granted { execute } for path="/data/data/com.mbwhatsapp/files/decompressed/libs.spk.zst/libc++_shared.so" dev="mmcblk0p41" ino=408662 scontext=u:r:untrusted_app:s0:c238,c257,c512,c768 tcontext=u:object_r:app_data_file:s0:c238,c257,c512,c768 tclass=file app=com.mbwhatsapp
02-17 07:50:52.038 25945 25945 W com.mbwhatsapp: type=1400 audit(0.0:66568): avc: granted { execute } for path="/data/data/com.mbwhatsapp/files/decompressed/libs.spk.zst/libcurve25519.so" dev="mmcblk0p41" ino=499931 scontext=u:r:untrusted_app:s0:c238,c257,c512,c768 tcontext=u:object_r:app_data_file:s0:c238,c257,c512,c768 tclass=file app=com.mbwhatsapp
02-17 07:50:52.054 25945 25945 W com.mbwhatsapp: type=1400 audit(0.0:66569): avc: granted { execute } for path="/data/data/com.mbwhatsapp/files/decompressed/libs.spk.zst/libwhatsapp.so" dev="mmcblk0p41" ino=544419 scontext=u:r:untrusted_app:s0:c238,c257,c512,c768 tcontext=u:object_r:app_data_file:s0:c238,c257,c512,c768 tclass=file app=com.mbwhatsapp
02-17 07:50:52.058 25945 25945 W com.mbwhatsapp: type=1400 audit(0.0:66570): avc: granted { execute } for path="/data/data/com.mbwhatsapp/files/decompressed/libs.spk.zst/libwhatsapp.so" dev="mmcblk0p41" ino=544419 scontext=u:r:untrusted_app:s0:c238,c257,c512,c768 tcontext=u:object_r:app_data_file:s0:c238,c257,c512,c768 tclass=file app=com.mbwhatsapp
02-17 07:50:52.174 25945 25996 W com.mbwhatsapp: Class X.2rL failed lock verification and will run slower.
02-17 07:50:52.174 25945 25996 W com.mbwhatsapp: Common causes for lock verification issues are non-optimized dex code
02-17 07:50:52.174 25945 25996 W com.mbwhatsapp: and incorrect proguard optimizations. --------- beginning of system
02-17 07:50:52.179 25945 25945 W Looper : PerfMonitor longMsg : seq=2 plan=07:50:51.092 late=2ms wall=1071ms running=0ms h=android.app.ActivityThread$H w=110 procState=11
02-17 07:50:52.242 25945 25945 E libc : Access denied finding property "ro.vendor.df.effect.conflict"
02-17 07:50:52.243 25945 25945 E libc : Access denied finding property "ro.vendor.knock.type"
02-17 07:51:29.938 25945 26001 W com.mbwhatsapp: Verification of void X.3e2.run() took 584.936ms (6653.72 bytecodes/s) (64216B approximate peak alloc)
02-17 07:52:42.529 25945 26033 W WM-Processor: Didn't find WorkSpec for id WorkGenerationalId(workSpecId=3322920b-d453-4adc-b913-69e7422c60ba, generation=0)
02-17 07:52:42.536 25945 26033 W WM-Processor: Didn't find WorkSpec for id WorkGenerationalId(workSpecId=3322920b-d453-4adc-b913-69e7422c60ba, generation=0)
02-17 09:24:30.714 25945 25945 W com.mbwhatsapp: Class com.mbwhatsapp.HomeActivity failed lock verification and will run slower.
02-17 09:24:30.735 25945 25945 W com.mbwhatsapp: Class X.0eU failed lock verification and will run slower.
02-17 09:24:30.880 25945 27582 W BpBinder: Slow Binder: BpBinder transact took 224 ms, interface=android.content.IContentProvider, code=1 oneway=false
02-17 09:24:30.895 25945 25945 E libc : Access denied finding property "ro.vendor.pref_scale_resolution"
02-17 09:24:31.128 25945 25945 E libc : Access denied finding property "ro.vendor.pref_scale_resolution"
02-17 09:24:31.151 25945 25945 E libc : Access denied finding property "ro.vendor.pref_scale_resolution"
02-17 09:24:31.191 25945 25945 E libc : Access denied finding property "ro.vendor.pref_scale_resolution"
02-17 09:24:31.198 25945 25945 E libc : Access denied finding property "ro.vendor.pref_scale_resolution"
02-17 09:24:31.206 25945 25945 E libc : Access denied finding property "ro.vendor.pref_scale_resolution"
02-17 09:24:31.223 25945 25945 E libc : Access denied finding property "ro.vendor.pref_scale_resolution"
02-17 09:24:31.236 25945 25945 E libc : Access denied finding property "ro.vendor.pref_scale_resolution"
02-17 09:24:31.245 25945 25945 E libc : Access denied finding property "ro.vendor.pref_scale_resolution"
02-17 09:24:31.256 25945 25945 E libc : Access denied finding property "ro.vendor.pref_scale_resolution"
02-17 09:24:31.270 25945 25945 E libc : Access denied finding property "ro.vendor.pref_scale_resolution"
02-17 09:24:31.280 25945 25945 E libc : Access denied finding property "ro.vendor.pref_scale_resolution"
02-17 09:24:31.327 25945 25945 E libc : Access denied finding property "ro.vendor.pref_scale_resolution"
02-17 09:24:31.330 25945 25945 E libc : Access denied finding property "ro.vendor.pref_scale_resolution"
02-17 09:24:31.341 25945 25945 E libc : Access denied finding property "ro.vendor.pref_scale_resolution"
02-17 09:24:31.348 25945 25945 E libc : Access denied finding property "ro.vendor.pref_scale_resolution"
02-17 09:24:31.403 25945 25945 E libc : Access denied finding property "ro.vendor.pref_scale_resolution"
02-17 09:24:31.419 25945 25945 E libc : Access denied finding property "ro.vendor.pref_scale_resolution"
02-17 09:24:31.424 25945 25945 E libc : Access denied finding property "ro.vendor.pref_scale_resolution"
02-17 09:24:31.429 25945 25945 E libc : Access denied finding property "ro.vendor.pref_scale_resolution"
02-17 09:24:31.441 25945 25945 E libc : Access denied finding property "ro.vendor.pref_scale_resolution"
02-17 09:24:31.532 25945 25945 E libc : Access denied finding property "ro.vendor.pref_scale_resolution"
02-17 09:24:31.546 25945 25945 E libc : Access denied finding property "ro.vendor.pref_scale_resolution"
02-17 09:24:31.562 25945 25945 E libc : Access denied finding property "ro.vendor.pref_scale_resolution"
02-17 09:24:31.573 25945 25945 E libc : Access denied finding property "ro.vendor.pref_scale_resolution"
02-17 09:24:31.589 25945 25945 E libc : Access denied finding property "ro.vendor.pref_scale_resolution"
02-17 09:24:31.595 25945 25945 E libc : Access denied finding property "ro.vendor.pref_scale_resolution"
02-17 09:24:31.609 25945 27582 E libc : Access denied finding property "ro.vendor.pref_scale_resolution"
02-17 09:24:31.670 25945 25945 E libc : Access denied finding property "ro.vendor.pref_scale_resolution"
02-17 09:24:31.680 25945 25945 E libc : Access denied finding property "ro.vendor.pref_scale_resolution"
02-17 09:24:31.693 25945 25945 E libc : Access denied finding property "ro.vendor.pref_scale_resolution"
02-17 09:24:31.699 25945 25945 E libc : Access denied finding property "ro.vendor.pref_scale_resolution"
02-17 09:24:31.714 25945 25945 E libc : Access denied finding property "ro.vendor.pref_scale_resolution"
02-17 09:24:31.780 25945 25945 E libc : Access denied finding property "ro.vendor.pref_scale_resolution"
02-17 09:24:31.834 25945 25945 E ArmVmp : Match on catch block at 0x0a in for 0xb5
02-17 09:24:32.007 25945 25945 E libc : Access denied finding property "ro.vendor.pref_scale_resolution"
02-17 09:24:32.010 25945 25945 E ArmVmp : Match on catch block at 0x0a in for 0x121
02-17 09:24:32.062 25945 27878 W com.mbwhatsapp: Accessing hidden method Lcom/android/org/conscrypt/ConscryptEngineSocket;->setUseSessionTickets(Z)V (greylist-max-q,test-api, reflection, denied)
02-17 09:24:32.063 25945 27878 W com.mbwhatsapp: Accessing hidden method Lcom/android/org/conscrypt/OpenSSLSocketImpl;->setUseSessionTickets(Z)V (greylist- max-q,test-api, reflection, denied)
02-17 09:24:32.063 25945 27878 W com.mbwhatsapp: Accessing hidden method Lcom/android/org/conscrypt/AbstractConscryptSocket;->setUseSessionTickets(Z)V (greylist-max-q, reflection, denied)
02-17 09:24:32.064 25945 27878 W com.mbwhatsapp: Accessing hidden method Lcom/android/org/conscrypt/ConscryptEngineSocket;->setHostname(Ljava/lang/String;)V (greylist-max-q,test-api, reflection, denied)
02-17 09:24:32.064 25945 27878 W com.mbwhatsapp: Accessing hidden method Lcom/android/org/conscrypt/OpenSSLSocketImpl;->setHostname(Ljava/lang/String;)V (greylist-max-q,test-api, reflection, denied)
02-17 09:24:32.064 25945 27878 W com.mbwhatsapp: Accessing hidden method Lcom/android/org/conscrypt/AbstractConscryptSocket;->setHostname(Ljava/lang/ String;)V (greylist-max-q, reflection, denied)
02-17 09:24:32.065 25945 27878 W com.mbwhatsapp: Accessing hidden method Lcom/android/org/conscrypt/OpenSSLSocketImpl;->setAlpnProtocols([B)V (greylist-max- q,test-api, reflection, denied)
02-17 09:24:32.065 25945 27878 W com.mbwhatsapp: Accessing hidden method Lcom/android/org/conscrypt/AbstractConscryptSocket;->setAlpnProtocols([B)V (greylist-max-q, reflection, denied)
02-17 09:24:32.464 25945 27878 W com.mbwhatsapp: Accessing hidden method Lcom/android/org/conscrypt/OpenSSLSocketImpl;->getAlpnSelectedProtocol()[B (greylist-max-q,test-api, reflection, denied)
02-17 09:24:32.467 25945 27878 W com.mbwhatsapp: Accessing hidden method Lcom/android/org/conscrypt/AbstractConscryptSocket;->getAlpnSelectedProtocol()[B (greylist-max-q, reflection, denied)
02-17 09:24:32.951 25945 25945 E libc : Access denied finding property "ro.vendor.pref_scale_resolution"
02-17 09:24:32.980 25945 25945 E libc : Access denied finding property "ro.vendor.pref_scale_resolution"
02-17 09:24:32.998 25945 25945 E libc : Access denied finding property "ro.vendor.pref_scale_resolution"
02-17 09:24:33.010 25945 25945 E libc : Access denied finding property "ro.vendor.pref_scale_resolution"
02-17 09:24:33.014 25945 25945 E libc : Access denied finding property "ro.vendor.pref_scale_resolution"
02-17 09:24:33.014 25945 25945 E libc : Access denied finding property "ro.vendor.pref_scale_resolution"
02-17 09:24:33.042 25945 25945 E libc : Access denied finding property "ro.vendor.pref_scale_resolution"
02-17 09:24:33.050 25945 25945 E libc : Access denied finding property "ro.vendor.pref_scale_resolution"
02-17 09:24:33.051 25945 25945 E libc : Access denied finding property "ro.vendor.pref_scale_resolution"
02-17 09:24:33.074 25945 25945 E libc : Access denied finding property "ro.vendor.pref_scale_resolution"
02-17 09:24:33.076 25945 25945 E libc : Access denied finding property "ro.vendor.pref_scale_resolution"
02-17 09:24:33.078 25945 25945 E libc : Access denied finding property "ro.vendor.pref_scale_resolution"
02-17 09:24:33.111 25945 25945 E libc : Access denied finding property "ro.vendor.pref_scale_resolution"
02-17 09:24:33.130 25945 25945 E libc : Access denied finding property "ro.vendor.pref_scale_resolution"
02-17 09:24:33.131 25945 25945 E libc : Access denied finding property "ro.vendor.pref_scale_resolution"
02-17 09:24:33.170 25945 25945 E libc : Access denied finding property "ro.vendor.pref_scale_resolution"
02-17 09:24:33.198 25945 25945 W Activity: Slow Operation: Activity com.mbwhatsapp/.HomeActivity onCreate took 2383ms
02-17 09:24:33.236 25945 25945 E libc : Access denied finding property "ro.vendor.pref_scale_resolution"
02-17 09:24:33.247 25945 25945 E libc : Access denied finding property "ro.vendor.pref_scale_resolution"
02-17 09:24:33.257 25945 25945 E libc : Access denied finding property "ro.vendor.pref_scale_resolution"
02-17 09:24:33.269 25945 25945 E libc : Access denied finding property "ro.vendor.pref_scale_resolution"
02-17 09:24:33.362 25945 25945 E libc : Access denied finding property "ro.vendor.pref_scale_resolution"
02-17 09:24:33.449 25945 25945 E libc : Access denied finding property "ro.vendor.pref_scale_resolution"
02-17 09:24:33.486 25945 25945 E libc : Access denied finding property "ro.vendor.pref_scale_resolution"
02-17 09:24:33.554 25945 25945 E libc : Access denied finding property "ro.vendor.pref_scale_resolution"
02-17 09:24:33.555 25945 25945 E libc : Access denied finding property "ro.vendor.pref_scale_resolution"
02-17 09:24:33.660 25945 25945 E libc : Access denied finding property "ro.vendor.pref_scale_resolution"
02-17 09:24:33.669 25945 25945 W Activity: Slow Operation: Activity com.mbwhatsapp/.HomeActivity onStart took 467ms
02-17 09:24:33.665 25945 25945 E libc : Access denied finding property "ro.vendor.pref_scale_resolution"
02-17 09:24:33.757 25945 25945 E libc : Access denied finding property "ro.vendor.pref_scale_resolution"
02-17 09:24:33.762 25945 28103 W LOTTIE : Animation contains merge paths. Merge paths are only supported on KitKat+ and must be manually enabled by calling enableMergePathsForKitKatAndAbove().
02-17 09:24:33.884 25945 25945 W Looper : PerfMonitor longMsg : seq=127 plan=09:24:30.536 late=0ms wall=3347ms running=0ms h=android.app.ActivityThread$H w=159 procState=2
02-17 09:24:33.889 25945 25945 W Looper : PerfMonitor looperActivity : package=com.mbwhatsapp/.HomeActivity time=1ms latency=3351ms running=0ms procState=2 ClientTransaction{ callbacks=[android.app.servertransaction.TopResumedActivityChang eItem] } historyMsgCount=1 (msgIndex=1 wall=3347ms seq=127 h=android.app.ActivityThread$H w=159)
02-17 09:24:33.976 25945 25945 W Looper : PerfMonitor looperActivity : package=com.mbwhatsapp/.HomeActivity time=6ms latency=1934ms running=0ms procState=2 ClientTransaction{ callbacks=[android.app.servertransaction.TopResumedActivityChang eItem] } historyMsgCount=17 (msgIndex=1 wall=3347ms seq=127 h=android.app.ActivityThread$H w=159) (msgIndex=9 wall=65ms seq=135 late=2872ms h=android.os.Handler c=X.3gU)
02-17 09:24:34.286 25945 25945 W Activity: Slow Operation: Activity com.mbwhatsapp/.HomeActivity onPause took 310ms
02-17 09:24:34.303 25945 26020 E libc : Access denied finding property "ro.vendor.pref_scale_resolution"
02-17 09:24:34.366 25945 25945 W Looper : PerfMonitor looperActivity : package=com.mbwhatsapp/.HomeActivity time=312ms latency=1940ms running=0ms procState=2 ClientTransaction{ lifecycleRequest=android.app.servertransaction.PauseActivityItem } historyMsgCount=18 (msgIndex=1 wall=3347ms seq=127 h=android.app.ActivityThread$H w=159) (msgIndex=9 wall=65ms seq=135 late=2872ms h=android.os.Handler c=X.3gU)
02-17 09:24:34.475 25945 25945 E ArmVmp : Match on catch block at 0x0a in for 0xc1
02-17 09:24:34.568 25945 25945 W Looper : PerfMonitor looperActivity : package=com.mbwhatsapp/mbmodsd.mbmodsw.mbsettings.yo.PauseActivity time=145ms latency=1870ms running=0ms procState=2 ClientTransaction{ callbacks=[android.app.servertransaction.LaunchActivityItem] lifecycleRequest=android.app.servertransaction.ResumeActivityItem } historyMsgCount=20 (msgIndex=1 wall=3347ms seq=127 h=android.app.ActivityThread$H w=159) (msgIndex=9 wall=65ms seq=135 late=2872ms h=android.os.Handler c=X.3gU) (msgIndex=19 wall=312ms seq=145 late=1940ms h=android.app.ActivityThread$H w=159) (msgIndex=20 wall=56ms seq=146 late=2041ms h=android.app.ActivityThread$H w=113)
02-17 09:24:34.569 25945 25945 W Looper : PerfMonitor looperActivity : package=com.mbwhatsapp/mbmodsd.mbmodsw.mbsettings.yo.PauseActivity time=0ms latency=2016ms running=0ms procState=2 ClientTransaction{ callbacks=[android.app.servertransaction.TopResumedActivityChang eItem] } historyMsgCount=21 (msgIndex=1 wall=3347ms seq=127 h=android.app.ActivityThread$H w=159) (msgIndex=9 wall=65ms seq=135 late=2872ms h=android.os.Handler c=X.3gU) (msgIndex=19 wall=312ms seq=145 late=1940ms h=android.app.ActivityThread$H w=159) (msgIndex=20 wall=56ms seq=146 late=2041ms h=android.app.ActivityThread$H w=113) (msgIndex=21 wall=145ms seq=147 late=1870ms h=android.app.ActivityThread$H w=159)
02-17 09:24:34.724 25945 25945 W Looper : PerfMonitor looperActivity : package=com.mbwhatsapp/mbmodsd.mbmodsw.mbsettings.yo.PauseActivity time=14ms latency=1937ms running=0ms procState=2 ClientTransaction{ callbacks=[android.app.servertransaction.TopResumedActivityChang eItem] } historyMsgCount=23 (msgIndex=1 wall=3347ms seq=127 h=android.app.ActivityThread$H w=159) (msgIndex=9 wall=65ms seq=135 late=2872ms h=android.os.Handler c=X.3gU) (msgIndex=19 wall=312ms seq=145 late=1940ms h=android.app.ActivityThread$H w=159) (msgIndex=20 wall=56ms seq=146 late=2041ms h=android.app.ActivityThread$H w=113) (msgIndex=21 wall=145ms seq=147 late=1870ms h=android.app.ActivityThread$H w=159) (msgIndex=23 wall=129ms seq=149 late=1925ms h=android.os.Handler c=mbmodsd.mbmodsw.update.RequestNetworkController$3$2)
02-17 09:24:34.747 25945 25945 W Looper : PerfMonitor looperActivity : package=com.mbwhatsapp/mbmodsd.mbmodsw.mbsettings.yo.PauseActivity time=18ms latency=1964ms running=0ms procState=2 ClientTransaction{ lifecycleRequest=android.app.servertransaction.PauseActivityItem } historyMsgCount=24 (msgIndex=1 wall=3347ms seq=127 h=android.app.ActivityThread$H w=159) (msgIndex=9 wall=65ms seq=135 late=2872ms h=android.os.Handler c=X.3gU) (msgIndex=19 wall=312ms seq=145 late=1940ms h=android.app.ActivityThread$H w=159) (msgIndex=20 wall=56ms seq=146 late=2041ms h=android.app.ActivityThread$H w=113) (msgIndex=21 wall=145ms seq=147 late=1870ms h=android.app.ActivityThread$H w=159) (msgIndex=23 wall=129ms seq=149 late=1925ms h=android.os.Handler c=mbmodsd.mbmodsw.update.RequestNetworkController$3$2)
02-17 09:24:34.812 25945 25945 W LOTTIE : Animation contains merge paths but they are disabled.
02-17 09:24:35.089 25945 26020 E libc : Access denied finding property "ro.vendor.pref_scale_resolution"
02-17 09:24:35.233 25945 25945 E libc : Access denied finding property "ro.vendor.pref_scale_resolution"
02-17 09:24:35.287 25945 25945 E libc : Access denied finding property "ro.vendor.pref_scale_resolution"
02-17 09:24:35.300 25945 26020 E libc : Access denied finding property "ro.vendor.pref_scale_resolution"
02-17 09:24:35.305 25945 25945 E libc : Access denied finding property "ro.vendor.pref_scale_resolution"
02-17 09:24:35.314 25945 25945 E libc : Access denied finding property "ro.vendor.pref_scale_resolution"
02-17 09:24:35.327 25945 25945 E libc : Access denied finding property "ro.vendor.pref_scale_resolution"
02-17 09:24:35.347 25945 25945 E libc : Access denied finding property "ro.vendor.pref_scale_resolution"
02-17 09:24:35.365 25945 25945 E libc : Access denied finding property "ro.vendor.pref_scale_resolution"
02-17 09:24:35.373 25945 25945 E libc : Access denied finding property "ro.vendor.pref_scale_resolution"
02-17 09:24:35.380 25945 25945 E libc : Access denied finding property "ro.vendor.pref_scale_resolution"
02-17 09:24:35.382 25945 25945 E libc : Access denied finding property "ro.vendor.pref_scale_resolution"
02-17 09:24:35.427 25945 25945 E libc : Access denied finding property "ro.vendor.pref_scale_resolution"
02-17 09:24:35.431 25945 25945 E libc : Access denied finding property "ro.vendor.pref_scale_resolution"
02-17 09:24:35.443 25945 25945 E libc : Access denied finding property "ro.vendor.pref_scale_resolution"
02-17 09:24:35.529 25945 25945 E libc : Access denied finding property "ro.vendor.pref_scale_resolution"
02-17 09:24:35.571 25945 26020 E libc : Access denied finding property "ro.vendor.pref_scale_resolution"
02-17 09:24:36.153 25945 25945 E libc : Access denied finding property "ro.vendor.pref_scale_resolution"
02-17 09:24:36.244 25945 25945 E libc : Access denied finding property "ro.vendor.pref_scale_resolution"
02-17 09:24:36.384 25945 25945 E libc : Access denied finding property "ro.vendor.pref_scale_resolution"
02-17 09:24:36.967 25945 25945 E RecyclerView: No adapter attached; skipping layout
02-17 09:24:36.975 25945 25945 E libc : Access denied finding property "ro.vendor.pref_scale_resolution"
02-17 09:24:36.979 25945 25945 E libc : Access denied finding property "ro.vendor.pref_scale_resolution"
02-17 09:24:36.995 25945 25945 W Looper : PerfMonitor longMsg : seq=176 plan=09:24:33.867 late=948ms wall=2180ms running=0ms h=android.view.Choreographer$FrameHandler c=android.view.Choreographer$FrameDisplayEventReceiver procState=2
02-17 09:24:36.996 25945 25945 W Looper : PerfMonitor doFrame : time=2180ms vsyncFrame=0 latency=948ms procState=2 historyMsgCount=49 (msgIndex=1 wall=3347ms seq=127 h=android.app.ActivityThread$H w=159) (msgIndex=9 wall=65ms seq=135 late=2872ms h=android.os.Handler c=X.3gU) (msgIndex=19 wall=312ms seq=145 late=1940ms h=android.app.ActivityThread$H w=159) (msgIndex=20 wall=56ms seq=146 late=2041ms h=android.app.ActivityThread$H w=113) (msgIndex=21 wall=145ms seq=147 late=1870ms h=android.app.ActivityThread$H w=159) (msgIndex=23 wall=129ms seq=149 late=1925ms h=android.os.Handler c=mbmodsd.mbmodsw.update.RequestNetworkController$3$2)
