02-15 21:37:20.986 19691 19691 W com.mbwhatsapp: type=1400 audit(0.0:33238): avc: granted { execute } for path="/data/data/com.mbwhatsapp/files/decompressed/libs.spk.zst/libc++_shared.so" dev="mmcblk0p41" ino=408662 scontext=u:r:untrusted_app:s0:c238,c257,c512,c768 tcontext=u:object_r:app_data_file:s0:c238,c257,c512,c768 tclass=file app=com.mbwhatsapp
02-15 21:37:20.990 19691 19691 W com.mbwhatsapp: type=1400 audit(0.0:33239): avc: granted { execute } for path="/data/data/com.mbwhatsapp/files/decompressed/libs.spk.zst/libvlc.so" dev="mmcblk0p41" ino=508967 scontext=u:r:untrusted_app:s0:c238,c257,c512,c768 tcontext=u:object_r:app_data_file:s0:c238,c257,c512,c768 tclass=file app=com.mbwhatsapp
02-15 21:37:21.002 19691 19691 W com.mbwhatsapp: type=1400 audit(0.0:33240): avc: granted { execute } for path="/data/data/com.mbwhatsapp/files/decompressed/libs.spk.zst/libwhatsapp.so" dev="mmcblk0p41" ino=544419 scontext=u:r:untrusted_app:s0:c238,c257,c512,c768 tcontext=u:object_r:app_data_file:s0:c238,c257,c512,c768 tclass=file app=com.mbwhatsapp
02-15 21:37:21.058 19691 19691 W com.mbwhatsapp: type=1400 audit(0.0:33241): avc: granted { execute } for path="/data/data/com.mbwhatsapp/files/decompressed/libs.spk.zst/libcurve25519.so" dev="mmcblk0p41" ino=499931 scontext=u:r:untrusted_app:s0:c238,c257,c512,c768 tcontext=u:object_r:app_data_file:s0:c238,c257,c512,c768 tclass=file app=com.mbwhatsapp
02-15 21:37:21.070 19691 19691 W com.mbwhatsapp: type=1400 audit(0.0:33242): avc: granted { execute } for path="/data/data/com.mbwhatsapp/files/decompressed/libs.spk.zst/libwhatsapp.so" dev="mmcblk0p41" ino=544419 scontext=u:r:untrusted_app:s0:c238,c257,c512,c768 tcontext=u:object_r:app_data_file:s0:c238,c257,c512,c768 tclass=file app=com.mbwhatsapp
02-15 21:37:21.225 19691 19752 W com.mbwhatsapp: Class X.2rL failed lock verification and will run slower.
02-15 21:37:21.225 19691 19752 W com.mbwhatsapp: Common causes for lock verification issues are non-optimized dex code
02-15 21:37:21.225 19691 19752 W com.mbwhatsapp: and incorrect proguard optimizations.
02-15 21:37:21.258 19691 19691 W com.mbwhatsapp: Class X.0eU failed lock verification and will run slower.
02-15 21:37:21.297 19691 19691 E libc : Access denied finding property "ro.vendor.pref_scale_resolution"
02-15 21:37:21.365 19691 19691 E libc : Access denied finding property "ro.vendor.pref_scale_resolution"
02-15 21:37:21.487 19691 19691 W Looper : PerfMonitor looperActivity : package=com.mbwhatsapp/.Icon0 time=264ms latency=896ms running=0ms procState=2 ClientTransaction{ callbacks=[android.app.servertransaction.LaunchActivityItem] lifecycleRequest=android.app.servertransaction.ResumeActivityItem } historyMsgCount=2 (msgIndex=2 wall=881ms seq=2 late=16ms h=android.app.ActivityThread$H w=110)
02-15 21:37:21.488 19691 19691 W Looper : PerfMonitor looperActivity : package=com.mbwhatsapp/.Icon0 time=0ms latency=928ms running=0ms procState=2 ClientTransaction{ callbacks=[android.app.servertransaction.TopResumedActivityChang eItem] } historyMsgCount=2 (msgIndex=1 wall=881ms seq=2 late=16ms h=android.app.ActivityThread$H w=110) (msgIndex=2 wall=264ms seq=3 late=896ms h=android.app.ActivityThread$H w=159)
02-15 21:37:21.598 19691 19691 W com.mbwhatsapp: Class com.mbwhatsapp.HomeActivity failed lock verification and will run slower.
02-15 21:37:21.677 19691 19691 E libc : Access denied finding property "ro.vendor.pref_scale_resolution"
02-15 21:37:21.920 19691 19691 E libc : Access denied finding property "ro.vendor.pref_scale_resolution"
02-15 21:37:21.924 19691 19691 E libc : Access denied finding property "ro.vendor.pref_scale_resolution"
02-15 21:37:21.981 19691 19691 E libc : Access denied finding property "ro.vendor.pref_scale_resolution"
02-15 21:37:22.037 19691 19691 E libc : Access denied finding property "ro.vendor.pref_scale_resolution"
02-15 21:37:22.110 19691 19691 E libc : Access denied finding property "ro.vendor.pref_scale_resolution"
02-15 21:37:22.145 19691 19691 E ArmVmp : Match on catch block at 0x0a in for 0xb1
02-15 21:37:22.183 19691 19691 E libc : Access denied finding property "ro.vendor.pref_scale_resolution"
02-15 21:37:22.186 19691 19691 E ArmVmp : Match on catch block at 0x0a in for 0x125
02-15 21:37:22.251 19691 19691 E libc : Access denied finding property "ro.vendor.pref_scale_resolution"
02-15 21:37:22.270 19691 19767 W com.mbwhatsapp: Accessing hidden method Lcom/android/org/conscrypt/ConscryptEngineSocket;->setUseSessionTickets(Z)V (greylist-max-q,test-api, reflection, denied)
02-15 21:37:22.270 19691 19767 W com.mbwhatsapp: Accessing hidden method Lcom/android/org/conscrypt/OpenSSLSocketImpl;->setUseSessionTickets(Z)V (greylist- max-q,test-api, reflection, denied)
02-15 21:37:22.271 19691 19767 W com.mbwhatsapp: Accessing hidden method Lcom/android/org/conscrypt/AbstractConscryptSocket;->setUseSessionTickets(Z)V (greylist-max-q, reflection, denied)
02-15 21:37:22.271 19691 19767 W com.mbwhatsapp: Accessing hidden method Lcom/android/org/conscrypt/ConscryptEngineSocket;->setHostname(Ljava/lang/String;)V (greylist-max-q,test-api, reflection, denied)
02-15 21:37:22.272 19691 19767 W com.mbwhatsapp: Accessing hidden method Lcom/android/org/conscrypt/OpenSSLSocketImpl;->setHostname(Ljava/lang/String;)V (greylist-max-q,test-api, reflection, denied)
02-15 21:37:22.272 19691 19767 W com.mbwhatsapp: Accessing hidden method Lcom/android/org/conscrypt/AbstractConscryptSocket;->setHostname(Ljava/lang/ String;)V (greylist-max-q, reflection, denied)
02-15 21:37:22.272 19691 19767 W com.mbwhatsapp: Accessing hidden method Lcom/android/org/conscrypt/OpenSSLSocketImpl;->setAlpnProtocols([B)V (greylist-max- q,test-api, reflection, denied)
02-15 21:37:22.273 19691 19767 W com.mbwhatsapp: Accessing hidden method Lcom/android/org/conscrypt/AbstractConscryptSocket;->setAlpnProtocols([B)V (greylist-max-q, reflection, denied)
02-15 21:37:22.288 19691 19691 E libc : Access denied finding property "ro.vendor.pref_scale_resolution"
02-15 21:37:22.421 19691 19691 W Activity: Slow Operation: Activity com.mbwhatsapp/.HomeActivity onCreate took 814ms
02-15 21:37:22.395 19691 19691 E libc : Access denied finding property "ro.vendor.pref_scale_resolution"
02-15 21:37:22.485 19691 19691 W Looper : PerfMonitor looperActivity : package=com.mbwhatsapp/.HomeActivity time=0ms latency=957ms running=0ms procState=2 ClientTransaction{ callbacks=[android.app.servertransaction.TopResumedActivityChang eItem] } historyMsgCount=2 (msgIndex=2 wall=945ms seq=14 late=12ms h=android.app.ActivityThread$H w=159)
02-15 21:37:22.537 19691 19767 W com.mbwhatsapp: Accessing hidden method Lcom/android/org/conscrypt/OpenSSLSocketImpl;->getAlpnSelectedProtocol()[B (greylist-max-q,test-api, reflection, denied)
02-15 21:37:22.537 19691 19767 W com.mbwhatsapp: Accessing hidden method Lcom/android/org/conscrypt/AbstractConscryptSocket;->getAlpnSelectedProtocol()[B (greylist-max-q, reflection, denied)
02-15 21:37:22.654 19691 19691 E libc : Access denied finding property "ro.vendor.pref_scale_resolution"
02-15 21:37:22.682 19691 19691 E libc : Access denied finding property "ro.vendor.pref_scale_resolution"
02-15 21:37:22.688 19691 19691 E libc : Access denied finding property "ro.vendor.pref_scale_resolution"
02-15 21:37:22.700 19691 19691 E libc : Access denied finding property "ro.vendor.pref_scale_resolution"
02-15 21:37:22.721 19691 19691 E libc : Access denied finding property "ro.vendor.pref_scale_resolution"
02-15 21:37:22.737 19691 19776 E libc : Access denied finding property "ro.vendor.pref_scale_resolution"
02-15 21:37:22.757 19691 19776 E libc : Access denied finding property "ro.vendor.pref_scale_resolution"
02-15 21:37:22.772 19691 19776 E libc : Access denied finding property "ro.vendor.pref_scale_resolution"
02-15 21:37:22.810 19691 19691 E libc : Access denied finding property "ro.vendor.pref_scale_resolution"
02-15 21:37:22.816 19691 19691 E libc : Access denied finding property "ro.vendor.pref_scale_resolution"
02-15 21:37:22.875 19691 19691 E libc : Access denied finding property "ro.vendor.pref_scale_resolution"
02-15 21:37:22.877 19691 19691 E libc : Access denied finding property "ro.vendor.pref_scale_resolution"
02-15 21:37:23.058 19691 19691 E libc : Access denied finding property "ro.vendor.pref_scale_resolution"
02-15 21:37:23.068 19691 19691 E libc : Access denied finding property "ro.vendor.pref_scale_resolution"
02-15 21:37:23.076 19691 19691 E libc : Access denied finding property "ro.vendor.pref_scale_resolution"
02-15 21:37:23.084 19691 19691 E libc : Access denied finding property "ro.vendor.pref_scale_resolution"
02-15 21:37:23.100 19691 19691 E libc : Access denied finding property "ro.vendor.pref_scale_resolution"
02-15 21:37:23.106 19691 19691 E libc : Access denied finding property "ro.vendor.pref_scale_resolution"
02-15 21:37:23.113 19691 19691 E libc : Access denied finding property "ro.vendor.pref_scale_resolution"
02-15 21:37:23.122 19691 19691 E libc : Access denied finding property "ro.vendor.pref_scale_resolution"
02-15 21:37:23.126 19691 19691 E libc : Access denied finding property "ro.vendor.pref_scale_resolution"
02-15 21:37:23.133 19691 19691 E libc : Access denied finding property "ro.vendor.pref_scale_resolution"
02-15 21:37:23.156 19691 19691 E libc : Access denied finding property "ro.vendor.pref_scale_resolution"
02-15 21:37:23.352 19691 19691 E libc : Access denied finding property "ro.vendor.pref_scale_resolution"
02-15 21:37:23.369 19691 19691 E libc : Access denied finding property "ro.vendor.pref_scale_resolution"
02-15 21:37:23.468 19691 19691 E libc : Access denied finding property "ro.vendor.pref_scale_resolution"
02-15 21:37:23.483 19691 19691 E libc : Access denied finding property "ro.vendor.pref_scale_resolution"
02-15 21:37:23.496 19691 19691 E libc : Access denied finding property "ro.vendor.pref_scale_resolution"
02-15 21:37:23.922 19691 19691 E RecyclerView: No adapter attached; skipping layout
02-15 21:37:23.925 19691 19691 E libc : Access denied finding property "ro.vendor.pref_scale_resolution"
02-15 21:37:23.927 19691 19691 E libc : Access denied finding property "ro.vendor.pref_scale_resolution"
02-15 21:37:23.983 19691 19764 E ion : ioctl c0044901 failed with code -1: Invalid argument
02-15 21:37:24.051 19691 19691 W Looper : PerfMonitor longMsg : seq=41 plan=21:37:22.478 late=80ms wall=1492ms running=0ms h=android.view.Choreographer$FrameHandler c=android.view.Choreographer$FrameDisplayEventReceiver procState=2
02-15 21:37:24.052 19691 19691 W Looper : PerfMonitor doFrame : time=1492ms vsyncFrame=0 latency=80ms procState=2 historyMsgCount=27 (msgIndex=1 wall=945ms seq=14 late=12ms h=android.app.ActivityThread$H w=159)
02-15 21:37:24.075 19691 19691 E libc : Access denied finding property "ro.vendor.pref_scale_resolution"
02-15 21:37:24.077 19691 19691 E libc : Access denied finding property "ro.vendor.pref_scale_resolution"
02-15 21:37:24.092 19691 19691 E libc : Access denied finding property "ro.vendor.pref_scale_resolution"
02-15 21:37:24.113 19691 19691 E libc : Access denied finding property "ro.vendor.pref_scale_resolution"
02-15 21:37:24.161 19691 19691 E RecyclerView: No adapter attached; skipping layout
02-15 21:37:24.173 19691 19691 W Looper : PerfMonitor doFrame : time=103ms vsyncFrame=0 latency=1492ms procState=2 historyMsgCount=9 (msgIndex=1 wall=1492ms seq=41 late=80ms h=android.view.Choreographer$FrameHandler c=android.view.Choreographer$FrameDisplayEventReceiver)
02-15 21:37:24.176 19691 19691 E libc : Access denied finding property "ro.vendor.pref_scale_resolution"
02-15 21:37:24.201 19691 19691 E libc : Access denied finding property "ro.vendor.pref_scale_resolution"
02-15 21:37:24.209 19691 19691 E ArmVmp : Match on catch block at 0x0a in for 0xc1
02-15 21:37:24.222 19691 19691 W Looper : PerfMonitor looperActivity : package=com.mbwhatsapp/mbmodsd.mbmodsw.mbsettings.yo.PauseActivity time=18ms latency=1281ms running=0ms procState=2 ClientTransaction{ callbacks=[android.app.servertransaction.LaunchActivityItem] lifecycleRequest=android.app.servertransaction.ResumeActivityItem } historyMsgCount=42 (msgIndex=1 wall=1492ms seq=41 late=80ms h=android.view.Choreographer$FrameHandler c=android.view.Choreographer$FrameDisplayEventReceiver) (msgIndex=10 wall=103ms seq=50 late=1492ms h=android.view.Choreographer$FrameHandler c=android.view.Choreographer$FrameDisplayEventReceiver)
02-15 21:37:24.223 19691 19691 W Looper : PerfMonitor looperActivity : package=com.mbwhatsapp/mbmodsd.mbmodsw.mbsettings.yo.PauseActivity time=0ms latency=1300ms running=0ms procState=2 ClientTransaction{ callbacks=[android.app.servertransaction.TopResumedActivityChang eItem] } historyMsgCount=43 (msgIndex=1 wall=1492ms seq=41 late=80ms h=android.view.Choreographer$FrameHandler c=android.view.Choreographer$FrameDisplayEventReceiver) (msgIndex=10 wall=103ms seq=50 late=1492ms h=android.view.Choreographer$FrameHandler c=android.view.Choreographer$FrameDisplayEventReceiver)
02-15 21:37:24.369 19691 19691 E libc : Access denied finding property "ro.vendor.pref_scale_resolution"
02-15 21:37:24.372 19691 19691 E libc : Access denied finding property "ro.vendor.pref_scale_resolution"
02-15 21:37:24.379 19691 19691 E libc : Access denied finding property "ro.vendor.pref_scale_resolution"
02-15 21:37:24.385 19691 19691 E libc : Access denied finding property "ro.vendor.pref_scale_resolution"
02-15 21:37:24.496 19691 19691 E libc : Access denied finding property "ro.vendor.pref_scale_resolution"
02-15 21:37:24.507 19691 19691 E libc : Access denied finding property "ro.vendor.pref_scale_resolution"
02-15 21:37:24.508 19691 19800 W LOTTIE : Animation contains merge paths. Merge paths are only supported on KitKat+ and must be manually enabled by calling enableMergePathsForKitKatAndAbove().
02-15 21:37:24.515 19691 19691 E libc : Access denied finding property "ro.vendor.pref_scale_resolution"
02-15 21:37:24.521 19691 19691 E libc : Access denied finding property "ro.vendor.pref_scale_resolution"
02-15 21:37:24.537 19691 19691 E libc : Access denied finding property "ro.vendor.pref_scale_resolution"
02-15 21:37:24.617 19691 19691 E libc : Access denied finding property "ro.vendor.pref_scale_resolution"
02-15 21:37:24.823 19691 19691 E libc : Access denied finding property "ro.vendor.pref_scale_resolution"
02-15 21:37:24.853 19691 19691 E libc : Access denied finding property "ro.vendor.pref_scale_resolution"
02-15 21:37:24.854 19691 19691 E libc : Access denied finding property "ro.vendor.pref_scale_resolution"
02-15 21:37:24.878 19691 19691 W LOTTIE : Animation contains merge paths but they are disabled.
02-15 21:37:24.998 19691 19691 E libc : Access denied finding property "ro.vendor.pref_scale_resolution"
02-15 21:37:25.000 19691 19691 E libc : Access denied finding property "ro.vendor.pref_scale_resolution"
02-15 21:37:25.010 19691 19691 E libc : Access denied finding property "ro.vendor.pref_scale_resolution"
02-15 21:37:25.017 19691 19691 E libc : Access denied finding property "ro.vendor.pref_scale_resolution"
02-15 21:37:25.019 19691 19691 E libc : Access denied finding property "ro.vendor.pref_scale_resolution"
02-15 21:37:25.567 19691 19747 W BpBinder: Slow Binder: BpBinder transact took 373 ms, interface=android.app.IActivityManager, code=22 oneway=false
02-15 21:37:25.773 19691 19747 E libc : Access denied finding property "ro.vendor.pref_scale_resolution"
02-15 21:37:28.655 19691 19691 E libc : Access denied finding property "ro.vendor.pref_scale_resolution"
02-15 21:37:29.972 19691 19691 W com.mbwhatsapp: Verification of void X.5pH.A1Z(android.os.Bundle) took 103.361ms (98034.39 bytecodes/s) (163536B approximate peak alloc)
02-15 21:37:30.151 19691 19691 E libc : Access denied finding property "ro.vendor.pref_scale_resolution"
02-15 21:37:30.173 19691 19691 E libc : Access denied finding property "ro.vendor.pref_scale_resolution"
02-15 21:37:30.174 19691 19691 E libc : Access denied finding property "ro.vendor.pref_scale_resolution"
02-15 21:37:30.177 19691 19691 E libc : Access denied finding property "ro.vendor.pref_scale_resolution"
02-15 21:37:30.385 19691 19691 E libc : Access denied finding property "ro.vendor.pref_scale_resolution"
02-15 21:37:30.387 19691 19800 W LOTTIE : Unknown shape type rd
02-15 21:37:30.387 19691 19691 E libc : Access denied finding property "ro.vendor.pref_scale_resolution"
02-15 21:37:30.466 19691 19691 W Activity: Slow Operation: Activity com.mbwhatsapp/.Conversation onCreate took 659ms
02-15 21:37:30.457 19691 19691 E libc : Access denied finding property "ro.vendor.pref_scale_resolution"
02-15 21:37:30.514 19691 19691 E ArmVmp : Match on catch block at 0x0a in for 0xb1
02-15 21:37:30.523 19691 19691 E ArmVmp : Match on catch block at 0x0a in for 0xb1
02-15 21:37:30.535 19691 19691 E libc : Access denied finding property "ro.vendor.pref_scale_resolution"
02-15 21:37:30.541 19691 19691 E libc : Access denied finding property "ro.vendor.pref_scale_resolution"
02-15 21:37:30.551 19691 19691 E libc : Access denied finding property "ro.vendor.pref_scale_resolution"
02-15 21:37:30.553 19691 19691 E libc : Access denied finding property "ro.vendor.pref_scale_resolution"
02-15 21:37:30.599 19691 19691 W Looper : PerfMonitor looperActivity : package=com.mbwhatsapp/.Conversation time=0ms latency=820ms running=0ms procState=2 ClientTransaction{ callbacks=[android.app.servertransaction.TopResumedActivityChang eItem] } historyMsgCount=3 (msgIndex=3 wall=814ms seq=500 late=6ms h=android.app.ActivityThread$H w=159)
02-15 21:37:30.674 19691 19691 E libc : Access denied finding property "ro.vendor.pref_scale_resolution"
02-15 21:37:30.676 19691 19691 E libc : Access denied finding property "ro.vendor.pref_scale_resolution"
02-15 21:37:30.722 19691 19691 E libc : Access denied finding property "ro.vendor.pref_scale_resolution"
02-15 21:37:30.768 19691 19691 E libc : Access denied finding property "ro.vendor.pref_scale_resolution"
02-15 21:37:30.782 19691 19691 E libc : Access denied finding property "ro.vendor.pref_scale_resolution"
02-15 21:37:30.812 19691 19691 E ArmVmp : Match on catch block at 0xc3 in for 0xa5
02-15 21:37:30.823 19691 19691 E ArmVmp : Match on catch block at 0xc3 in for 0xa1
02-15 21:37:30.828 19691 19691 E libc : Access denied finding property "ro.vendor.pref_scale_resolution"
02-15 21:37:30.833 19691 19691 E libc : Access denied finding property "ro.vendor.pref_scale_resolution"
02-15 21:37:30.866 19691 19691 W Looper : PerfMonitor doFrame : time=266ms vsyncFrame=0 latency=805ms procState=2 historyMsgCount=3 (msgIndex=1 wall=814ms seq=500 late=6ms h=android.app.ActivityThread$H w=159)
02-15 21:37:30.902 19691 19691 E libc : Access denied finding property "ro.vendor.pref_scale_resolution"
02-15 21:37:30.905 19691 19691 E libc : Access denied finding property "ro.vendor.pref_scale_resolution"
02-15 21:37:30.928 19691 19691 E libc : Access denied finding property "ro.vendor.pref_scale_resolution"
02-15 21:37:30.934 19691 19691 E libc : Access denied finding property "ro.vendor.pref_scale_resolution"
02-15 21:37:30.968 19691 19691 E ArmVmp : Match on catch block at 0xc3 in for 0x95
02-15 21:37:30.971 19691 19691 E ArmVmp : Match on catch block at 0xc3 in for 0x91
02-15 21:37:31.001 19691 19691 W Looper : PerfMonitor doFrame : time=46ms vsyncFrame=0 latency=349ms procState=2 historyMsgCount=60 (msgIndex=1 wall=266ms seq=503 late=805ms h=android.view.Choreographer$FrameHandler c=android.view.Choreographer$FrameDisplayEventReceiver)
02-15 21:37:31.044 19691 19691 E ArmVmp : Match on catch block at 0xc3 in for 0x91
02-15 21:37:31.047 19691 19691 E ArmVmp : Match on catch block at 0xc3 in for 0x95
02-15 21:37:31.102 19691 19691 E ArmVmp : Match on catch block at 0xc3 in for 0x91
02-15 21:37:31.105 19691 19691 E ArmVmp : Match on catch block at 0xc3 in for 0x95
02-15 21:37:31.151 19691 19691 E ArmVmp : Match on catch block at 0xc3 in for 0x91
02-15 21:37:31.154 19691 19691 E ArmVmp : Match on catch block at 0xc3 in for 0x95
02-15 21:37:31.434 19691 19691 E ArmVmp : Match on catch block at 0xc3 in for 0x99
02-15 21:37:31.437 19691 19691 E ArmVmp : Match on catch block at 0xc3 in for 0x91
02-15 21:37:31.452 19691 19691 E ArmVmp : Match on catch block at 0xc3 in for 0x91
02-15 21:37:31.454 19691 19691 E ArmVmp : Match on catch block at 0xc3 in for 0x95
02-15 21:37:31.466 19691 19691 E ArmVmp : Match on catch block at 0xc3 in for 0x95
02-15 21:37:31.469 19691 19691 E ArmVmp : Match on catch block at 0xc3 in for 0x99
02-15 21:37:31.483 19691 19691 E ArmVmp : Match on catch block at 0xc3 in for 0x99
02-15 21:37:31.486 19691 19691 E ArmVmp : Match on catch block at 0xc3 in for 0x91
02-15 21:37:31.498 19691 19691 E ArmVmp : Match on catch block at 0xc3 in for 0x91
02-15 21:37:31.501 19691 19691 E ArmVmp : Match on catch block at 0xc3 in for 0x95
02-15 21:37:31.516 19691 19691 E ArmVmp : Match on catch block at 0xc3 in for 0x95
02-15 21:37:31.519 19691 19691 E ArmVmp : Match on catch block at 0xc3 in for 0x99
02-15 21:37:31.532 19691 19691 E ArmVmp : Match on catch block at 0xc3 in for 0x99
02-15 21:37:31.535 19691 19691 E ArmVmp : Match on catch block at 0xc3 in for 0x91
02-15 21:37:31.549 19691 19691 E ArmVmp : Match on catch block at 0xc3 in for 0x91
02-15 21:37:31.553 19691 19691 E ArmVmp : Match on catch block at 0xc3 in for 0x95
02-15 21:37:31.565 19691 19691 E ArmVmp : Match on catch block at 0xc3 in for 0x95
02-15 21:37:31.568 19691 19691 E ArmVmp : Match on catch block at 0xc3 in for 0x99
02-15 21:37:31.582 19691 19691 E ArmVmp : Match on catch block at 0xc3 in for 0x99
02-15 21:37:31.585 19691 19691 E ArmVmp : Match on catch block at 0xc3 in for 0x91
02-15 21:37:31.598 19691 19691 E ArmVmp : Match on catch block at 0xc3 in for 0x91
02-15 21:37:31.602 19691 19691 E ArmVmp : Match on catch block at 0xc3 in for 0x95
02-15 21:37:31.615 19691 19691 E ArmVmp : Match on catch block at 0xc3 in for 0x95
02-15 21:37:31.618 19691 19691 E ArmVmp : Match on catch block at 0xc3 in for 0x99
02-15 21:37:31.630 19691 19691 E ArmVmp : Match on catch block at 0xc3 in for 0x95
02-15 21:37:31.632 19691 19691 E ArmVmp : Match on catch block at 0xc3 in for 0x99
02-15 21:37:31.647 19691 19691 E ArmVmp : Match on catch block at 0xc3 in for 0x99
02-15 21:37:31.649 19691 19691 E ArmVmp : Match on catch block at 0xc3 in for 0x91
02-15 21:37:31.663 19691 19691 E ArmVmp : Match on catch block at 0xc3 in for 0x91
02-15 21:37:31.665 19691 19691 E ArmVmp : Match on catch block at 0xc3 in for 0x95
02-15 21:37:31.680 19691 19691 E ArmVmp : Match on catch block at 0xc3 in for 0x95
02-15 21:37:31.682 19691 19691 E ArmVmp : Match on catch block at 0xc3 in for 0x99
02-15 21:37:31.696 19691 19691 E ArmVmp : Match on catch block at 0xc3 in for 0x99
02-15 21:37:31.698 19691 19691 E ArmVmp : Match on catch block at 0xc3 in for 0x91
02-15 21:37:31.714 19691 19691 E ArmVmp : Match on catch block at 0xc3 in for 0x95
02-15 21:37:31.717 19691 19691 E ArmVmp : Match on catch block at 0xc3 in for 0x99
02-15 21:37:31.730 19691 19691 E ArmVmp : Match on catch block at 0xc3 in for 0x91
02-15 21:37:31.732 19691 19691 E ArmVmp : Match on catch block at 0xc3 in for 0x95
02-15 21:37:31.758 19691 19691 E ArmVmp : Match on catch block at 0xc3 in for 0x95
02-15 21:37:31.761 19691 19691 E ArmVmp : Match on catch block at 0xc3 in for 0x99
02-15 21:37:31.769 19691 19691 E ArmVmp : Match on catch block at 0xc3 in for 0x99
02-15 21:37:31.771 19691 19691 E ArmVmp : Match on catch block at 0xc3 in for 0x91
02-15 21:37:32.027 19691 19691 E ArmVmp : Match on catch block at 0xc3 in for 0x91
02-15 21:37:32.029 19691 19691 E ArmVmp : Match on catch block at 0xc3 in for 0x95
02-15 21:37:32.328 19691 19691 E ArmVmp : Match on catch block at 0xc3 in for 0x95
02-15 21:37:32.331 19691 19691 E ArmVmp : Match on catch block at 0xc3 in for 0x99
02-15 21:37:32.340 19691 19691 E ArmVmp : Match on catch block at 0xc3 in for 0x99
02-15 21:37:32.344 19691 19691 E ArmVmp : Match on catch block at 0xc3 in for 0x91
02-15 21:37:32.539 19691 19691 E ArmVmp : Match on catch block at 0xc3 in for 0x91
02-15 21:37:32.541 19691 19691 E ArmVmp : Match on catch block at 0xc3 in for 0x95
02-15 21:37:33.035 19691 19691 E ArmVmp : Match on catch block at 0xc3 in for 0x95
02-15 21:37:33.039 19691 19691 E ArmVmp : Match on catch block at 0xc3 in for 0x99
02-15 21:37:33.530 19691 19691 E ArmVmp : Match on catch block at 0xc3 in for 0x99
02-15 21:37:33.534 19691 19691 E ArmVmp : Match on catch block at 0xc3 in for 0x91
02-15 21:37:33.923 19691 19691 E libc : Access denied finding property "ro.vendor.pref_scale_resolution"
02-15 21:37:33.926 19691 19691 E ArmVmp : Match on catch block at 0xc3 in for 0x99
02-15 21:37:33.929 19691 19691 E ArmVmp : Match on catch block at 0xc3 in for 0x91
02-15 21:37:33.943 19691 19691 E ArmVmp : Match on catch block at 0xc3 in for 0x91
02-15 21:37:33.947 19691 19691 E ArmVmp : Match on catch block at 0xc3 in for 0x95
02-15 21:37:33.960 19691 19691 E ArmVmp : Match on catch block at 0xc3 in for 0x95
02-15 21:37:33.963 19691 19691 E ArmVmp : Match on catch block at 0xc3 in for 0x99
02-15 21:37:33.976 19691 19691 E ArmVmp : Match on catch block at 0xc3 in for 0x99
02-15 21:37:33.979 19691 19691 E ArmVmp : Match on catch block at 0xc3 in for 0x91
02-15 21:37:33.992 19691 19691 E ArmVmp : Match on catch block at 0xc3 in for 0x91
02-15 21:37:33.995 19691 19691 E ArmVmp : Match on catch block at 0xc3 in for 0x95
02-15 21:37:34.009 19691 19691 E ArmVmp : Match on catch block at 0xc3 in for 0x95
02-15 21:37:34.013 19691 19691 E ArmVmp : Match on catch block at 0xc3 in for 0x99
02-15 21:37:34.026 19691 19691 E ArmVmp : Match on catch block at 0xc3 in for 0x99
02-15 21:37:34.030 19691 19691 E ArmVmp : Match on catch block at 0xc3 in for 0x91
02-15 21:37:34.042 19691 19691 E ArmVmp : Match on catch block at 0xc3 in for 0x91
02-15 21:37:34.046 19691 19691 E ArmVmp : Match on catch block at 0xc3 in for 0x95
02-15 21:37:34.058 19691 19691 E ArmVmp : Match on catch block at 0xc3 in for 0x95
02-15 21:37:34.062 19691 19691 E ArmVmp : Match on catch block at 0xc3 in for 0x99
02-15 21:37:34.075 19691 19691 E ArmVmp : Match on catch block at 0xc3 in for 0x99
02-15 21:37:34.078 19691 19691 E ArmVmp : Match on catch block at 0xc3 in for 0x91
02-15 21:37:34.092 19691 19691 E ArmVmp : Match on catch block at 0xc3 in for 0x91
02-15 21:37:34.095 19691 19691 E ArmVmp : Match on catch block at 0xc3 in for 0x95
02-15 21:37:34.108 19691 19691 E ArmVmp : Match on catch block at 0xc3 in for 0x95
02-15 21:37:34.111 19691 19691 E ArmVmp : Match on catch block at 0xc3 in for 0x99
02-15 21:37:34.125 19691 19691 E ArmVmp : Match on catch block at 0xc3 in for 0x99
02-15 21:37:34.129 19691 19691 E ArmVmp : Match on catch block at 0xc3 in for 0x91
02-15 21:37:34.141 19691 19691 E ArmVmp : Match on catch block at 0xc3 in for 0x91
02-15 21:37:34.145 19691 19691 E ArmVmp : Match on catch block at 0xc3 in for 0x95
02-15 21:37:34.158 19691 19691 E ArmVmp : Match on catch block at 0xc3 in for 0x95
02-15 21:37:34.161 19691 19691 E ArmVmp : Match on catch block at 0xc3 in for 0x99
02-15 21:37:34.174 19691 19691 E ArmVmp : Match on catch block at 0xc3 in for 0x99
02-15 21:37:34.177 19691 19691 E ArmVmp : Match on catch block at 0xc3 in for 0x91
02-15 21:37:34.190 19691 19691 E ArmVmp : Match on catch block at 0xc3 in for 0x91
02-15 21:37:34.193 19691 19691 E ArmVmp : Match on catch block at 0xc3 in for 0x95
02-15 21:37:34.345 19691 19691 E ArmVmp : Match on catch block at 0xc3 in for 0x95
02-15 21:37:34.349 19691 19691 E ArmVmp : Match on catch block at 0xc3 in for 0x99
02-15 21:37:34.362 19691 19691 E ArmVmp : Match on catch block at 0xc3 in for 0x99
02-15 21:37:34.368 19691 19691 E ArmVmp : Match on catch block at 0xc3 in for 0x91
02-15 21:37:34.388 19691 19691 E ArmVmp : Match on catch block at 0xc3 in for 0x91
02-15 21:37:34.393 19691 19691 E ArmVmp : Match on catch block at 0xc3 in for 0x95
02-15 21:37:35.081 19691 19691 E ArmVmp : Match on catch block at 0xc3 in for 0x95
02-15 21:37:35.084 19691 19691 E ArmVmp : Match on catch block at 0xc3 in for 0x99
02-15 21:37:42.000 19691 19691 E libc : Access denied finding property "ro.vendor.pref_scale_resolution"
02-15 21:37:42.022 19691 19691 E ArmVmp : Match on catch block at 0x0a in for 0xb5
02-15 21:37:42.028 19691 19691 E ArmVmp : Match on catch block at 0x0a in for 0xb1
02-15 21:37:42.037 19691 19691 E libc : Access denied finding property "ro.vendor.pref_scale_resolution"
02-15 21:37:42.128 19691 19691 E ArmVmp : Match on catch block at 0xc3 in for 0x99
02-15 21:37:42.130 19691 19691 E ArmVmp : Match on catch block at 0xc3 in for 0x91
02-15 21:37:42.194 19691 19691 E ArmVmp : Match on catch block at 0xc3 in for 0x95
02-15 21:37:42.197 19691 19691 E ArmVmp : Match on catch block at 0xc3 in for 0x99
02-15 21:37:42.213 19691 19691 E ArmVmp : Match on catch block at 0xc3 in for 0x99
02-15 21:37:42.216 19691 19691 E ArmVmp : Match on catch block at 0xc3 in for 0x91
02-15 21:37:42.245 19691 19691 E ArmVmp : Match on catch block at 0xc3 in for 0x95
02-15 21:37:42.248 19691 19691 E ArmVmp : Match on catch block at 0xc3 in for 0x99
02-15 21:37:42.747 19691 19691 E ArmVmp : Match on catch block at 0xc3 in for 0x99
02-15 21:37:42.749 19691 19691 E ArmVmp : Match on catch block at 0xc3 in for 0x91
02-15 21:37:42.879 19691 19691 E ArmVmp : Match on catch block at 0xc3 in for 0x91
02-15 21:37:42.881 19691 19691 E ArmVmp : Match on catch block at 0xc3 in for 0x95
02-15 21:37:42.895 19691 19691 E ArmVmp : Match on catch block at 0xc3 in for 0x95
02-15 21:37:42.898 19691 19691 E ArmVmp : Match on catch block at 0xc3 in for 0x99
02-15 21:37:42.911 19691 19691 E ArmVmp : Match on catch block at 0xc3 in for 0x99
02-15 21:37:42.914 19691 19691 E ArmVmp : Match on catch block at 0xc3 in for 0x91
02-15 21:37:42.928 19691 19691 E ArmVmp : Match on catch block at 0xc3 in for 0x91
02-15 21:37:42.931 19691 19691 E ArmVmp : Match on catch block at 0xc3 in for 0x95
02-15 21:37:42.944 19691 19691 E ArmVmp : Match on catch block at 0xc3 in for 0x95
02-15 21:37:42.948 19691 19691 E ArmVmp : Match on catch block at 0xc3 in for 0x99
02-15 21:37:42.961 19691 19691 E ArmVmp : Match on catch block at 0xc3 in for 0x99
02-15 21:37:42.964 19691 19691 E ArmVmp : Match on catch block at 0xc3 in for 0x91
02-15 21:37:42.978 19691 19691 E ArmVmp : Match on catch block at 0xc3 in for 0x91
02-15 21:37:42.982 19691 19691 E ArmVmp : Match on catch block at 0xc3 in for 0x95
02-15 21:37:42.994 19691 19691 E ArmVmp : Match on catch block at 0xc3 in for 0x95
02-15 21:37:42.998 19691 19691 E ArmVmp : Match on catch block at 0xc3 in for 0x99
02-15 21:37:43.011 19691 19691 E ArmVmp : Match on catch block at 0xc3 in for 0x99
02-15 21:37:43.014 19691 19691 E ArmVmp : Match on catch block at 0xc3 in for 0x91
02-15 21:37:43.027 19691 19691 E ArmVmp : Match on catch block at 0xc3 in for 0x91
02-15 21:37:43.031 19691 19691 E ArmVmp : Match on catch block at 0xc3 in for 0x95
02-15 21:37:43.043 19691 19691 E ArmVmp : Match on catch block at 0xc3 in for 0x95
02-15 21:37:43.047 19691 19691 E ArmVmp : Match on catch block at 0xc3 in for 0x99
02-15 21:37:43.060 19691 19691 E ArmVmp : Match on catch block at 0xc3 in for 0x99
02-15 21:37:43.063 19691 19691 E ArmVmp : Match on catch block at 0xc3 in for 0x91
02-15 21:37:43.077 19691 19691 E ArmVmp : Match on catch block at 0xc3 in for 0x91
02-15 21:37:43.080 19691 19691 E ArmVmp : Match on catch block at 0xc3 in for 0x95
02-15 21:37:43.093 19691 19691 E ArmVmp : Match on catch block at 0xc3 in for 0x95
02-15 21:37:43.097 19691 19691 E ArmVmp : Match on catch block at 0xc3 in for 0x99
02-15 21:37:43.109 19691 19691 E ArmVmp : Match on catch block at 0xc3 in for 0x99
02-15 21:37:43.113 19691 19691 E ArmVmp : Match on catch block at 0xc3 in for 0x91
02-15 21:37:43.127 19691 19691 E ArmVmp : Match on catch block at 0xc3 in for 0x91
02-15 21:37:43.131 19691 19691 E ArmVmp : Match on catch block at 0xc3 in for 0x95
02-15 21:37:43.143 19691 19691 E ArmVmp : Match on catch block at 0xc3 in for 0x95
02-15 21:37:43.146 19691 19691 E ArmVmp : Match on catch block at 0xc3 in for 0x99
02-15 21:37:43.159 19691 19691 E ArmVmp : Match on catch block at 0xc3 in for 0x99
02-15 21:37:43.162 19691 19691 E ArmVmp : Match on catch block at 0xc3 in for 0x91
02-15 21:37:43.176 19691 19691 E ArmVmp : Match on catch block at 0xc3 in for 0x91
02-15 21:37:43.179 19691 19691 E ArmVmp : Match on catch block at 0xc3 in for 0x95
02-15 21:37:43.193 19691 19691 E ArmVmp : Match on catch block at 0xc3 in for 0x95
02-15 21:37:43.197 19691 19691 E ArmVmp : Match on catch block at 0xc3 in for 0x99
02-15 21:37:43.241 19691 19691 E ArmVmp : Match on catch block at 0xc3 in for 0x95
02-15 21:37:43.243 19691 19691 E ArmVmp : Match on catch block at 0xc3 in for 0x99
02-15 21:37:43.332 19691 19691 E ArmVmp : Match on catch block at 0xc3 in for 0x95
02-15 21:37:43.334 19691 19691 E ArmVmp : Match on catch block at 0xc3 in for 0x99
02-15 21:37:43.341 19691 19691 E ArmVmp : Match on catch block at 0xc3 in for 0x99
02-15 21:37:43.344 19691 19691 E ArmVmp : Match on catch block at 0xc3 in for 0x91
02-15 21:37:43.668 19691 19691 E ArmVmp : Match on catch block at 0xc3 in for 0x91
02-15 21:37:43.672 19691 19691 E ArmVmp : Match on catch block at 0xc3 in for 0x95
02-15 21:37:43.681 19691 19691 E ArmVmp : Match on catch block at 0xc3 in for 0x95
02-15 21:37:43.684 19691 19691 E ArmVmp : Match on catch block at 0xc3 in for 0x99
02-15 21:37:43.737 19691 19691 E ArmVmp : Match on catch block at 0xc3 in for 0x99
02-15 21:37:43.740 19691 19691 E ArmVmp : Match on catch block at 0xc3 in for 0x91
02-15 21:37:44.250 19691 19691 E ArmVmp : Match on catch block at 0xc3 in for 0x91
02-15 21:37:44.253 19691 19691 E ArmVmp : Match on catch block at 0xc3 in for 0x95
02-15 21:37:44.533 19691 19691 E ArmVmp : Match on catch block at 0xc3 in for 0x99
02-15 21:37:44.535 19691 19691 E ArmVmp : Match on catch block at 0xc3 in for 0x91
02-15 21:37:44.545 19691 19691 E ArmVmp : Match on catch block at 0xc3 in for 0x91
02-15 21:37:44.547 19691 19691 E ArmVmp : Match on catch block at 0xc3 in for 0x95
02-15 21:37:44.744 19691 19691 E ArmVmp : Match on catch block at 0xc3 in for 0x95
02-15 21:37:44.747 19691 19691 E ArmVmp : Match on catch block at 0xc3 in for 0x99
02-15 21:37:45.018 19691 19691 E ArmVmp : Match on catch block at 0xc3 in for 0x95
02-15 21:37:45.020 19691 19691 E ArmVmp : Match on catch block at 0xc3 in for 0x99
02-15 21:37:45.043 19691 19691 E ArmVmp : Match on catch block at 0xc3 in for 0x99
02-15 21:37:45.045 19691 19691 E ArmVmp : Match on catch block at 0xc3 in for 0x91
02-15 21:37:45.084 19691 19691 E libc : Access denied finding property "ro.vendor.pref_scale_resolution"
02-15 21:37:45.169 19691 19691 E ArmVmp : Match on catch block at 0xc3 in for 0x99
02-15 21:37:45.171 19691 19691 E ArmVmp : Match on catch block at 0xc3 in for 0x91
02-15 21:37:45.734 19691 19691 E ArmVmp : Match on catch block at 0xc3 in for 0x99
02-15 21:37:45.737 19691 19691 E ArmVmp : Match on catch block at 0xc3 in for 0x91
02-15 21:37:50.968 19691 19705 W System : A resource failed to call dispose. --------- beginning of system
02-15 21:47:28.916 19691 19691 W Activity: Slow Operation: Activity com.mbwhatsapp/.HomeActivity onCreate took 634ms
02-15 21:47:28.955 19691 19691 W Looper : PerfMonitor looperActivity : package=com.mbwhatsapp/.HomeActivity time=0ms latency=698ms running=0ms procState=2 ClientTransaction{ callbacks=[android.app.servertransaction.TopResumedActivityChang eItem] } historyMsgCount=3 (msgIndex=3 wall=689ms seq=974 late=10ms h=android.app.ActivityThread$H w=159)
02-15 21:47:29.956 19691 19691 W Looper : PerfMonitor doFrame : time=964ms vsyncFrame=0 latency=43ms procState=2 historyMsgCount=25 (msgIndex=1 wall=689ms seq=974 late=10ms h=android.app.ActivityThread$H w=159)
02-15 21:47:30.047 19691 19691 W Looper : PerfMonitor doFrame : time=86ms vsyncFrame=0 latency=962ms procState=2 historyMsgCount=6 (msgIndex=1 wall=964ms seq=999 late=43ms h=android.view.Choreographer$FrameHandler c=android.view.Choreographer$FrameDisplayEventReceiver)
02-15 21:47:30.110 19691 19691 W Looper : PerfMonitor looperActivity : package=com.mbwhatsapp/mbmodsd.mbmodsw.mbsettings.yo.PauseActivity time=17ms latency=464ms running=0ms procState=2 ClientTransaction{ callbacks=[android.app.servertransaction.LaunchActivityItem] lifecycleRequest=android.app.servertransaction.ResumeActivityItem } historyMsgCount=85 (msgIndex=1 wall=964ms seq=999 late=43ms h=android.view.Choreographer$FrameHandler c=android.view.Choreographer$FrameDisplayEventReceiver) (msgIndex=7 wall=86ms seq=1005 late=962ms h=android.view.Choreographer$FrameHandler c=android.view.Choreographer$FrameDisplayEventReceiver)
02-15 21:47:30.111 19691 19691 W Looper : PerfMonitor looperActivity : package=com.mbwhatsapp/mbmodsd.mbmodsw.mbsettings.yo.PauseActivity time=0ms latency=481ms running=0ms procState=2 ClientTransaction{ callbacks=[android.app.servertransaction.TopResumedActivityChang eItem] } historyMsgCount=86 (msgIndex=1 wall=964ms seq=999 late=43ms h=android.view.Choreographer$FrameHandler c=android.view.Choreographer$FrameDisplayEventReceiver) (msgIndex=7 wall=86ms seq=1005 late=962ms h=android.view.Choreographer$FrameHandler c=android.view.Choreographer$FrameDisplayEventReceiver)
02-15 21:47:33.594 19691 19691 W Looper : PerfMonitor looperActivity : package=com.mbwhatsapp/.Conversation time=1ms latency=457ms running=0ms procState=2 ClientTransaction{ callbacks=[android.app.servertransaction.TopResumedActivityChang eItem] } historyMsgCount=3 (msgIndex=3 wall=449ms seq=1293 late=8ms h=android.app.ActivityThread$H w=159)
02-15 21:47:34.397 19691 19691 W Looper : PerfMonitor doFrame : time=802ms vsyncFrame=0 latency=451ms procState=2 historyMsgCount=3 (msgIndex=1 wall=449ms seq=1293 late=8ms h=android.app.ActivityThread$H w=159)
02-15 21:47:34.535 19691 19691 W Looper : PerfMonitor doFrame : time=85ms vsyncFrame=0 latency=842ms procState=2 historyMsgCount=51 (msgIndex=1 wall=802ms seq=1296 late=451ms h=android.view.Choreographer$FrameHandler c=android.view.Choreographer$FrameDisplayEventReceiver)
02-15 22:12:10.270 19691 19691 W Activity: Slow Operation: Activity com.mbwhatsapp/.HomeActivity onCreate took 612ms
02-15 22:12:10.309 19691 19691 W Looper : PerfMonitor looperActivity : package=com.mbwhatsapp/.HomeActivity time=0ms latency=682ms running=0ms procState=2 ClientTransaction{ callbacks=[android.app.servertransaction.TopResumedActivityChang eItem] } historyMsgCount=3 (msgIndex=3 wall=670ms seq=1660 late=13ms h=android.app.ActivityThread$H w=159)
02-15 22:12:11.191 19691 19691 W Looper : PerfMonitor doFrame : time=844ms vsyncFrame=0 latency=37ms procState=2 historyMsgCount=20
02-15 22:12:11.293 19691 19691 W Looper : PerfMonitor doFrame : time=87ms vsyncFrame=0 latency=846ms procState=2 historyMsgCount=6 (msgIndex=1 wall=844ms seq=1685 late=37ms h=android.view.Choreographer$FrameHandler c=android.view.Choreographer$FrameDisplayEventReceiver)
02-15 22:12:11.340 19691 19691 W Looper : PerfMonitor looperActivity : package=com.mbwhatsapp/mbmodsd.mbmodsw.mbsettings.yo.PauseActivity time=21ms latency=346ms running=0ms procState=2 ClientTransaction{ callbacks=[android.app.servertransaction.LaunchActivityItem] lifecycleRequest=android.app.servertransaction.ResumeActivityItem } historyMsgCount=90 (msgIndex=1 wall=844ms seq=1685 late=37ms h=android.view.Choreographer$FrameHandler c=android.view.Choreographer$FrameDisplayEventReceiver) (msgIndex=7 wall=87ms seq=1691 late=846ms h=android.view.Choreographer$FrameHandler c=android.view.Choreographer$FrameDisplayEventReceiver)
02-15 22:12:11.341 19691 19691 W Looper : PerfMonitor looperActivity : package=com.mbwhatsapp/mbmodsd.mbmodsw.mbsettings.yo.PauseActivity time=0ms latency=368ms running=0ms procState=2 ClientTransaction{ callbacks=[android.app.servertransaction.TopResumedActivityChang eItem] } historyMsgCount=91 (msgIndex=1 wall=844ms seq=1685 late=37ms h=android.view.Choreographer$FrameHandler c=android.view.Choreographer$FrameDisplayEventReceiver) (msgIndex=7 wall=87ms seq=1691 late=846ms h=android.view.Choreographer$FrameHandler c=android.view.Choreographer$FrameDisplayEventReceiver)
02-15 22:12:11.943 19691 19691 W Looper : PerfMonitor doFrame : time=89ms vsyncFrame=0 latency=305ms procState=2 historyMsgCount=18 (msgIndex=1 wall=285ms seq=1859 late=80ms h=android.view.Choreographer$FrameHandler c=android.view.Choreographer$FrameDisplayEventReceiver)
02-15 22:12:15.090 19691 19691 W Looper : PerfMonitor looperActivity : package=com.mbwhatsapp/.Conversation time=0ms latency=438ms running=0ms procState=2 ClientTransaction{ callbacks=[android.app.servertransaction.TopResumedActivityChang eItem] } historyMsgCount=4 (msgIndex=4 wall=421ms seq=2049 late=17ms h=android.app.ActivityThread$H w=159)
02-15 22:12:15.457 19691 19691 W Looper : PerfMonitor doFrame : time=366ms vsyncFrame=0 latency=421ms procState=2 historyMsgCount=2 (msgIndex=1 wall=421ms seq=2049 late=17ms h=android.app.ActivityThread$H w=159)
02-15 22:12:15.547 19691 19691 W Looper : PerfMonitor doFrame : time=42ms vsyncFrame=0 latency=406ms procState=2 historyMsgCount=47 (msgIndex=1 wall=366ms seq=2051 late=421ms h=android.view.Choreographer$FrameHandler c=android.view.Choreographer$FrameDisplayEventReceiver) --------- beginning of main
02-16 02:00:00.738 4385 4385 E com.mbwhatsapp: Not starting debugger since process cannot load the jdwp agent.
02-16 02:00:00.943 4385 4385 W ResourceType: CREATING STRING CACHE OF 96 bytes
02-16 02:00:01.079 4385 4385 W System.err: java.lang.ClassNotFoundException: mbmodsd.mbmodsw.ui.views.btn.BtnBK
02-16 02:00:01.080 4385 4385 W System.err: at java.lang.Runtime.nativeLoad(Native Method)
02-16 02:00:01.081 4385 4385 W System.err: at java.lang.Runtime.nativeLoad(Runtime.java:1131)
02-16 02:00:01.081 4385 4385 W System.err: at java.lang.Runtime.loadLibrary0(Runtime.java:1085)
02-16 02:00:01.081 4385 4385 W System.err: at java.lang.Runtime.loadLibrary0(Runtime.java:1008)
02-16 02:00:01.081 4385 4385 W System.err: at java.lang.System.loadLibrary(System.java:1664)
02-16 02:00:01.081 4385 4385 W System.err: at arm.EpicVm.<clinit>(Unknown Source:2)
02-16 02:00:01.081 4385 4385 W System.err: at java.lang.Class.newInstance(Native Method)
02-16 02:00:01.081 4385 4385 W System.err: at android.app.AppComponentFactory.instantiateApplication(AppComponentFactory.java:76)
02-16 02:00:01.081 4385 4385 W System.err: at androidx.core.app.CoreComponentFactory.instantiateApplication(Unknown Source:0)
02-16 02:00:01.081 4385 4385 W System.err: at android.app.Instrumentation.newApplication(Instrumentation.java:1157)
02-16 02:00:01.081 4385 4385 W System.err: at android.app.LoadedApk.makeApplication(LoadedApk.java:1248)
02-16 02:00:01.081 4385 4385 W System.err: at android.app.ActivityThread.handleBindApplication(ActivityThread.java:6865)
02-16 02:00:01.081 4385 4385 W System.err: at android.app.ActivityThread.access$1600(ActivityThread.java:250)
02-16 02:00:01.082 4385 4385 W System.err: at android.app.ActivityThread$H.handleMessage(ActivityThread.java:2008)
02-16 02:00:01.082 4385 4385 W System.err: at android.os.Handler.dispatchMessage(Handler.java:106)
02-16 02:00:01.082 4385 4385 W System.err: at android.os.Looper.loop(Looper.java:236)
02-16 02:00:01.082 4385 4385 W System.err: at android.app.ActivityThread.main(ActivityThread.java:7912)
02-16 02:00:01.082 4385 4385 W System.err: at java.lang.reflect.Method.invoke(Native Method)
02-16 02:00:01.082 4385 4385 W System.err: at com.android.internal.os.RuntimeInit$MethodAndArgsCaller.run(RuntimeInit.java:620)
02-16 02:00:01.082 4385 4385 W System.err: at com.android.internal.os.ZygoteInit.main(ZygoteInit.java:1011)
02-16 02:00:01.206 4385 4385 E CustomActivityOnCrash: IMPORTANT WARNING! You already have an UncaughtExceptionHandler, are you sure this is correct? If you use a custom UncaughtExceptionHandler, you must initialize it AFTER CustomActivityOnCrash! Installing anyway, but your original handler will not be called.
02-16 02:00:01.207 4385 4420 E ion : ioctl c0044901 failed with code -1: Invalid argument
02-16 02:00:01.220 4385 4420 E libc : Access denied finding property "ro.vendor.pref_scale_resolution"
02-16 02:00:01.247 4385 4420 E libc : Access denied finding property "ro.vendor.pref_scale_resolution"
02-16 02:00:01.255 4385 4420 E libc : Access denied finding property "ro.vendor.pref_scale_resolution"
02-16 02:00:01.349 4385 4420 E libc : Access denied finding property "ro.vendor.pref_scale_resolution"
02-16 02:00:01.716 4385 4385 W com.mbwhatsapp: Accessing hidden method Lcom/android/org/conscrypt/OpenSSLSocketImpl;->setUseSessionTickets(Z)V (greylist- max-q,test-api, reflection, denied)
02-16 02:00:01.717 4385 4385 W com.mbwhatsapp: Accessing hidden method Lcom/android/org/conscrypt/AbstractConscryptSocket;->setUseSessionTickets(Z)V (greylist-max-q, reflection, denied)
02-16 02:00:01.833 4385 4385 W com.mbwhatsapp: type=1400 audit(0.0:35082): avc: granted { execute } for path="/data/data/com.mbwhatsapp/files/decompressed/libs.spk.zst/libc++_shared.so" dev="mmcblk0p41" ino=408662 scontext=u:r:untrusted_app:s0:c238,c257,c512,c768 tcontext=u:object_r:app_data_file:s0:c238,c257,c512,c768 tclass=file app=com.mbwhatsapp
02-16 02:00:01.845 4385 4385 W com.mbwhatsapp: type=1400 audit(0.0:35083): avc: granted { execute } for path="/data/data/com.mbwhatsapp/files/decompressed/libs.spk.zst/libvlc.so" dev="mmcblk0p41" ino=508967 scontext=u:r:untrusted_app:s0:c238,c257,c512,c768 tcontext=u:object_r:app_data_file:s0:c238,c257,c512,c768 tclass=file app=com.mbwhatsapp
02-16 02:00:02.153 4385 4385 W Looper : PerfMonitor longMsg : seq=2 plan=02:00:00.771 late=11ms wall=1367ms running=0ms h=android.app.ActivityThread$H w=110 procState=11
02-16 02:00:02.169 4385 4451 W com.mbwhatsapp: Class X.2rL failed lock verification and will run slower.
02-16 02:00:02.169 4385 4451 W com.mbwhatsapp: Common causes for lock verification issues are non-optimized dex code
02-16 02:00:02.169 4385 4451 W com.mbwhatsapp: and incorrect proguard optimizations.
02-16 02:00:02.335 4385 4385 E libc : Access denied finding property "ro.vendor.df.effect.conflict"
02-16 02:00:02.336 4385 4385 E libc : Access denied finding property "ro.vendor.knock.type"
02-16 02:00:16.618 4385 4460 W BpBinder: Slow Binder: BpBinder transact took 570 ms, interface=android.content.pm.IPackageManager, code=3 oneway=false
02-16 02:00:16.618 4385 4458 W BpBinder: Slow Binder: BpBinder transact took 573 ms, interface=android.content.pm.IPackageManager, code=3 oneway=false --------- beginning of main
02-16 05:41:43.201 5575 5575 E com.mbwhatsapp: Not starting debugger since process cannot load the jdwp agent.
02-16 05:41:43.341 5575 5575 W ResourceType: CREATING STRING CACHE OF 96 bytes
02-16 05:41:43.434 5575 5575 W System.err: java.lang.ClassNotFoundException: mbmodsd.mbmodsw.ui.views.btn.BtnBK
02-16 05:41:43.434 5575 5575 W System.err: at java.lang.Runtime.nativeLoad(Native Method)
02-16 05:41:43.435 5575 5575 W System.err: at java.lang.Runtime.nativeLoad(Runtime.java:1131)
02-16 05:41:43.435 5575 5575 W System.err: at java.lang.Runtime.loadLibrary0(Runtime.java:1085)
02-16 05:41:43.435 5575 5575 W System.err: at java.lang.Runtime.loadLibrary0(Runtime.java:1008)
02-16 05:41:43.435 5575 5575 W System.err: at java.lang.System.loadLibrary(System.java:1664)
02-16 05:41:43.435 5575 5575 W System.err: at arm.EpicVm.<clinit>(Unknown Source:2)
02-16 05:41:43.435 5575 5575 W System.err: at java.lang.Class.newInstance(Native Method)
02-16 05:41:43.435 5575 5575 W System.err: at android.app.AppComponentFactory.instantiateApplication(AppComponentFactory.java:76)
02-16 05:41:43.436 5575 5575 W System.err: at androidx.core.app.CoreComponentFactory.instantiateApplication(Unknown Source:0)
02-16 05:41:43.436 5575 5575 W System.err: at android.app.Instrumentation.newApplication(Instrumentation.java:1157)
02-16 05:41:43.436 5575 5575 W System.err: at android.app.LoadedApk.makeApplication(LoadedApk.java:1248)
02-16 05:41:43.436 5575 5575 W System.err: at android.app.ActivityThread.handleBindApplication(ActivityThread.java:6865)
02-16 05:41:43.436 5575 5575 W System.err: at android.app.ActivityThread.access$1600(ActivityThread.java:250)
02-16 05:41:43.436 5575 5575 W System.err: at android.app.ActivityThread$H.handleMessage(ActivityThread.java:2008)
02-16 05:41:43.436 5575 5575 W System.err: at android.os.Handler.dispatchMessage(Handler.java:106)
02-16 05:41:43.436 5575 5575 W System.err: at android.os.Looper.loop(Looper.java:236)
02-16 05:41:43.436 5575 5575 W System.err: at android.app.ActivityThread.main(ActivityThread.java:7912)
02-16 05:41:43.436 5575 5575 W System.err: at java.lang.reflect.Method.invoke(Native Method)
02-16 05:41:43.436 5575 5575 W System.err: at com.android.internal.os.RuntimeInit$MethodAndArgsCaller.run(RuntimeInit.java:620)
02-16 05:41:43.436 5575 5575 W System.err: at com.android.internal.os.ZygoteInit.main(ZygoteInit.java:1011)
02-16 05:41:43.593 5575 5575 E CustomActivityOnCrash: IMPORTANT WARNING! You already have an UncaughtExceptionHandler, are you sure this is correct? If you use a custom UncaughtExceptionHandler, you must initialize it AFTER CustomActivityOnCrash! Installing anyway, but your original handler will not be called.
02-16 05:41:43.594 5575 5646 E ion : ioctl c0044901 failed with code -1: Invalid argument
02-16 05:41:43.604 5575 5646 E libc : Access denied finding property "ro.vendor.pref_scale_resolution"
02-16 05:41:43.615 5575 5646 E libc : Access denied finding property "ro.vendor.pref_scale_resolution"
02-16 05:41:43.626 5575 5646 E libc : Access denied finding property "ro.vendor.pref_scale_resolution"
02-16 05:41:43.636 5575 5646 E libc : Access denied finding property "ro.vendor.pref_scale_resolution"
02-16 05:41:43.649 5575 5646 E libc : Access denied finding property "ro.vendor.pref_scale_resolution"
