02-17 09:24:37.095 25945 25945 W Looper : PerfMonitor looperActivity : package=com.mbwhatsapp/.HomeActivity time=0ms latency=2263ms running=0ms procState=2 ClientTransaction{ callbacks=[android.app.servertransaction.TopResumedActivityChang eItem] } historyMsgCount=26 (msgIndex=1 wall=2180ms seq=176 late=948ms h=android.view.Choreographer$FrameHandler c=android.view.Choreographer$FrameDisplayEventReceiver)
02-17 09:24:37.132 25945 25945 E libc : Access denied finding property "ro.vendor.pref_scale_resolution"
02-17 09:24:37.142 25945 25945 W Looper : PerfMonitor looperActivity : package=com.mbwhatsapp/.HomeActivity time=46ms latency=2263ms running=0ms procState=2 ClientTransaction{ callbacks=[android.app.servertransaction.ActivityResultItem] lifecycleRequest=android.app.servertransaction.ResumeActivityItem } historyMsgCount=27 (msgIndex=1 wall=2180ms seq=176 late=948ms h=android.view.Choreographer$FrameHandler c=android.view.Choreographer$FrameDisplayEventReceiver)
02-17 09:24:37.146 25945 25945 E libc : Access denied finding property "ro.vendor.pref_scale_resolution"
02-17 09:24:37.148 25945 25945 E libc : Access denied finding property "ro.vendor.pref_scale_resolution"
02-17 09:24:37.162 25945 25945 E libc : Access denied finding property "ro.vendor.pref_scale_resolution"
02-17 09:24:37.172 25945 25945 E libc : Access denied finding property "ro.vendor.pref_scale_resolution"
02-17 09:24:37.176 25945 25945 E libc : Access denied finding property "ro.vendor.pref_scale_resolution"
02-17 09:24:37.186 25945 25945 E libc : Access denied finding property "ro.vendor.pref_scale_resolution"
02-17 09:24:37.189 25945 25945 E libc : Access denied finding property "ro.vendor.pref_scale_resolution"
02-17 09:24:37.381 25945 27705 E ion : ioctl c0044901 failed with code -1: Invalid argument
02-17 09:24:37.806 25945 25945 W Looper : PerfMonitor doFrame : time=662ms vsyncFrame=0 latency=2253ms procState=2 historyMsgCount=31 (msgIndex=1 wall=2180ms seq=176 late=948ms h=android.view.Choreographer$FrameHandler c=android.view.Choreographer$FrameDisplayEventReceiver)
02-17 09:24:37.874 25945 25945 E libc : Access denied finding property "ro.vendor.pref_scale_resolution"
02-17 09:24:38.060 25945 25945 W FileUtils: Slow Operation: fsync took 131ms procState=2
02-17 09:24:38.130 25945 28291 W FirebaseMessaging: Message ack failed: java.util.concurrent.TimeoutException: Timed out waiting for Task
02-17 09:24:38.216 25945 25945 W Looper : PerfMonitor doFrame : time=64ms vsyncFrame=0 latency=1005ms procState=2 historyMsgCount=165 (msgIndex=1 wall=662ms seq=207 late=2253ms h=android.view.Choreographer$FrameHandler c=android.view.Choreographer$FrameDisplayEventReceiver) (msgIndex=58 wall=208ms seq=264 late=1716ms h=android.os.Handler c=X.3eQ)
02-17 09:24:38.634 25945 25945 W Looper : PerfMonitor doFrame : time=81ms vsyncFrame=0 latency=392ms procState=2 historyMsgCount=33 (msgIndex=1 wall=64ms seq=372 late=1005ms h=android.view.Choreographer$FrameHandler c=android.view.Choreographer$FrameDisplayEventReceiver) (msgIndex=20 wall=108ms seq=391 late=150ms h=android.os.Handler c=X.0ly) (msgIndex=21 wall=116ms seq=392 late=257ms h=android.os.Handler c=X.3fv)
02-17 09:24:38.666 25945 26003 W com.mbwhatsapp: Verification of java.lang.String X.397.A02(android.content.Context, X.32w, X.372, X.35t, X.1af, com.whatsapp.jid.UserJid, long, boolean) took 109.970ms (654.72 bytecodes/s) (2048B approximate peak alloc)
02-17 09:24:38.680 25945 25945 E libc : Access denied finding property "ro.vendor.pref_scale_resolution"
02-17 09:24:38.683 25945 25945 E libc : Access denied finding property "ro.vendor.pref_scale_resolution"
02-17 09:24:38.694 25945 25945 E libc : Access denied finding property "ro.vendor.pref_scale_resolution"
02-17 09:24:38.696 25945 25945 E libc : Access denied finding property "ro.vendor.pref_scale_resolution"
02-17 09:24:38.705 25945 25945 E libc : Access denied finding property "ro.vendor.pref_scale_resolution"
02-17 09:24:38.807 25945 25945 E libc : Access denied finding property "ro.vendor.pref_scale_resolution"
02-17 09:24:38.817 25945 25945 E libc : Access denied finding property "ro.vendor.pref_scale_resolution"
02-17 09:24:38.825 25945 25945 E libc : Access denied finding property "ro.vendor.pref_scale_resolution"
02-17 09:24:38.836 25945 25945 E libc : Access denied finding property "ro.vendor.pref_scale_resolution"
02-17 09:24:38.923 25945 28397 W LibraryVersion: Failed to get app version for libraryName: firebase-iid
02-17 09:24:38.933 25945 25945 E libc : Access denied finding property "ro.vendor.pref_scale_resolution"
02-17 09:24:39.001 25945 25945 E libc : Access denied finding property "ro.vendor.pref_scale_resolution"
02-17 09:24:39.002 25945 25945 E libc : Access denied finding property "ro.vendor.pref_scale_resolution"
02-17 09:24:39.276 25945 25945 E libc : Access denied finding property "ro.vendor.pref_scale_resolution"
02-17 09:24:39.370 25945 25945 W Looper : PerfMonitor doFrame : time=60ms vsyncFrame=0 latency=390ms procState=2 historyMsgCount=22 (msgIndex=1 wall=291ms seq=445 late=212ms h=android.view.Choreographer$FrameHandler c=android.view.Choreographer$FrameDisplayEventReceiver) (msgIndex=9 wall=108ms seq=453 late=318ms h=android.app.job.JobServiceEngine$JobHandler w=2) (msgIndex=12 wall=78ms seq=456 late=416ms h=android.os.AsyncTask$InternalHandler w=1)
02-17 09:24:39.399 25945 27705 W RenderInspector: QueueBuffer time out on com.mbwhatsapp/com.mbwhatsapp.HomeActivity, count=1, avg=17 ms, max=17 ms.
02-17 09:24:39.496 25945 25945 E libc : Access denied finding property "ro.vendor.pref_scale_resolution"
02-17 09:24:39.549 25945 25945 E libc : Access denied finding property "ro.vendor.pref_scale_resolution"
02-17 09:24:39.551 25945 25945 E libc : Access denied finding property "ro.vendor.pref_scale_resolution"
02-17 09:24:39.559 25945 25945 E libc : Access denied finding property "ro.vendor.pref_scale_resolution"
02-17 09:24:39.562 25945 25945 E libc : Access denied finding property "ro.vendor.pref_scale_resolution"
02-17 09:24:39.567 25945 25945 E libc : Access denied finding property "ro.vendor.pref_scale_resolution"
02-17 09:24:39.731 25945 25945 W Activity: Slow Operation: Activity com.mbwhatsapp/.HomeActivity onPause took 132ms
02-17 09:24:40.126 25945 25945 W com.mbwhatsapp: Verification of void X.5pH.A1Z(android.os.Bundle) took 142.668ms (71024.81 bytecodes/s) (163536B approximate peak alloc)
02-17 09:24:40.537 25945 25945 E libc : Access denied finding property "ro.vendor.pref_scale_resolution"
02-17 09:24:40.545 25945 25945 E libc : Access denied finding property "ro.vendor.pref_scale_resolution"
02-17 09:24:40.555 25945 25945 E libc : Access denied finding property "ro.vendor.pref_scale_resolution"
02-17 09:24:40.632 25945 25945 E libc : Access denied finding property "ro.vendor.pref_scale_resolution"
02-17 09:24:40.639 25945 25945 E libc : Access denied finding property "ro.vendor.pref_scale_resolution"
02-17 09:24:40.651 25945 25945 E libc : Access denied finding property "ro.vendor.pref_scale_resolution"
02-17 09:24:40.656 25945 25945 E libc : Access denied finding property "ro.vendor.pref_scale_resolution"
02-17 09:24:40.733 25945 25945 E libc : Access denied finding property "ro.vendor.pref_scale_resolution"
02-17 09:24:40.777 25945 25945 E libc : Access denied finding property "ro.vendor.pref_scale_resolution"
02-17 09:24:40.785 25945 25945 E libc : Access denied finding property "ro.vendor.pref_scale_resolution"
02-17 09:24:40.795 25945 25945 E libc : Access denied finding property "ro.vendor.pref_scale_resolution"
02-17 09:24:40.808 25945 25945 E libc : Access denied finding property "ro.vendor.pref_scale_resolution"
02-17 09:24:40.812 25945 25945 E libc : Access denied finding property "ro.vendor.pref_scale_resolution"
02-17 09:24:40.814 25945 25945 E libc : Access denied finding property "ro.vendor.pref_scale_resolution"
02-17 09:24:40.818 25945 25945 E libc : Access denied finding property "ro.vendor.pref_scale_resolution"
02-17 09:24:40.832 25945 25945 E libc : Access denied finding property "ro.vendor.pref_scale_resolution"
02-17 09:24:40.842 25945 25945 E libc : Access denied finding property "ro.vendor.pref_scale_resolution"
02-17 09:24:40.848 25945 25945 E libc : Access denied finding property "ro.vendor.pref_scale_resolution"
02-17 09:24:40.851 25945 25945 E libc : Access denied finding property "ro.vendor.pref_scale_resolution"
02-17 09:24:40.858 25945 25945 E libc : Access denied finding property "ro.vendor.pref_scale_resolution"
02-17 09:24:40.862 25945 25945 E libc : Access denied finding property "ro.vendor.pref_scale_resolution"
02-17 09:24:40.876 25945 25945 E libc : Access denied finding property "ro.vendor.pref_scale_resolution"
02-17 09:24:40.880 25945 25945 E libc : Access denied finding property "ro.vendor.pref_scale_resolution"
02-17 09:24:40.893 25945 25945 E libc : Access denied finding property "ro.vendor.pref_scale_resolution"
02-17 09:24:40.902 25945 25945 E libc : Access denied finding property "ro.vendor.pref_scale_resolution"
02-17 09:24:40.917 25945 25945 E libc : Access denied finding property "ro.vendor.pref_scale_resolution"
02-17 09:24:40.926 25945 25945 E libc : Access denied finding property "ro.vendor.pref_scale_resolution"
02-17 09:24:40.939 25945 25945 E libc : Access denied finding property "ro.vendor.pref_scale_resolution"
02-17 09:24:40.983 25945 25945 E libc : Access denied finding property "ro.vendor.pref_scale_resolution"
02-17 09:24:40.991 25945 25945 E libc : Access denied finding property "ro.vendor.pref_scale_resolution"
02-17 09:24:41.012 25945 25945 E libc : Access denied finding property "ro.vendor.pref_scale_resolution"
02-17 09:24:41.046 25945 25945 E libc : Access denied finding property "ro.vendor.pref_scale_resolution"
02-17 09:24:41.050 25945 25945 E libc : Access denied finding property "ro.vendor.pref_scale_resolution"
02-17 09:24:41.063 25945 25945 W Activity: Slow Operation: Activity com.mbwhatsapp/.Conversation onCreate took 1177ms
02-17 09:24:41.210 25945 25945 E ArmVmp : Match on catch block at 0x0a in for 0xb9
02-17 09:24:41.235 25945 25945 E ArmVmp : Match on catch block at 0x0a in for 0xb1
02-17 09:24:41.268 25945 25945 E libc : Access denied finding property "ro.vendor.pref_scale_resolution"
02-17 09:24:41.271 25945 25945 E libc : Access denied finding property "ro.vendor.pref_scale_resolution"
02-17 09:24:41.275 25945 25945 E libc : Access denied finding property "ro.vendor.pref_scale_resolution"
02-17 09:24:41.282 25945 25945 W Activity: Slow Operation: Activity com.mbwhatsapp/.Conversation onStart took 197ms
02-17 09:24:41.314 25945 25945 E libc : Access denied finding property "ro.vendor.pref_scale_resolution"
02-17 09:24:41.316 25945 25945 E libc : Access denied finding property "ro.vendor.pref_scale_resolution"
02-17 09:24:41.402 25945 25945 W Looper : PerfMonitor longMsg : seq=507 plan=09:24:39.737 late=121ms wall=1543ms running=0ms h=android.app.ActivityThread$H w=159 procState=2
02-17 09:24:41.403 25945 25945 W Looper : PerfMonitor looperActivity : package=com.mbwhatsapp/.Conversation time=1ms latency=1665ms running=0ms procState=2 ClientTransaction{ callbacks=[android.app.servertransaction.TopResumedActivityChang eItem] } historyMsgCount=15 (msgIndex=1 wall=150ms seq=493 late=167ms h=android.app.ActivityThread$H w=159) (msgIndex=14 wall=87ms seq=506 late=100ms h=android.app.job.JobServiceEngine$JobHandler w=1) (msgIndex=15 wall=1543ms seq=507 late=121ms h=android.app.ActivityThread$H w=159)
02-17 09:24:41.478 25945 25945 E libc : Access denied finding property "ro.vendor.pref_scale_resolution"
02-17 09:24:41.497 25945 25945 E libc : Access denied finding property "ro.vendor.pref_scale_resolution"
02-17 09:24:41.504 25945 25945 E libc : Access denied finding property "ro.vendor.pref_scale_resolution"
02-17 09:24:41.516 25945 25945 E libc : Access denied finding property "ro.vendor.pref_scale_resolution"
02-17 09:24:41.518 25945 25945 E libc : Access denied finding property "ro.vendor.pref_scale_resolution"
02-17 09:24:41.540 25945 25945 E libc : Access denied finding property "ro.vendor.pref_scale_resolution"
02-17 09:24:41.723 25945 27369 E libc : Access denied finding property "ro.vendor.pref_scale_resolution"
02-17 09:24:41.765 25945 25945 E libc : Access denied finding property "ro.vendor.pref_scale_resolution"
02-17 09:24:41.784 25945 25945 E libc : Access denied finding property "ro.vendor.pref_scale_resolution"
02-17 09:24:41.793 25945 25945 E libc : Access denied finding property "ro.vendor.pref_scale_resolution"
02-17 09:24:41.800 25945 25945 E libc : Access denied finding property "ro.vendor.pref_scale_resolution"
02-17 09:24:41.804 25945 25945 E libc : Access denied finding property "ro.vendor.pref_scale_resolution"
02-17 09:24:41.823 25945 25945 E libc : Access denied finding property "ro.vendor.pref_scale_resolution"
02-17 09:24:41.837 25945 25945 E libc : Access denied finding property "ro.vendor.pref_scale_resolution"
02-17 09:24:41.924 25945 25945 E ArmVmp : Match on catch block at 0xc3 in for 0xa5
02-17 09:24:41.933 25945 25945 E libc : Access denied finding property "ro.vendor.pref_scale_resolution"
02-17 09:24:41.956 25945 25945 E libc : Access denied finding property "ro.vendor.pref_scale_resolution"
02-17 09:24:41.958 25945 25945 E ArmVmp : Match on catch block at 0xc3 in for 0xa1
02-17 09:24:41.963 25945 25945 E ArmVmp : Match on catch block at 0xc3 in for 0xa1
02-17 09:24:41.969 25945 25945 E libc : Access denied finding property "ro.vendor.pref_scale_resolution"
02-17 09:24:41.977 25945 25945 E libc : Access denied finding property "ro.vendor.pref_scale_resolution"
02-17 09:24:41.980 25945 25945 E libc : Access denied finding property "ro.vendor.pref_scale_resolution"
02-17 09:24:42.158 25945 25945 W Looper : PerfMonitor doFrame : time=754ms vsyncFrame=0 latency=1641ms procState=2 historyMsgCount=13 (msgIndex=11 wall=87ms seq=506 late=100ms h=android.app.job.JobServiceEngine$JobHandler w=1) (msgIndex=12 wall=1543ms seq=507 late=121ms h=android.app.ActivityThread$H w=159)
02-17 09:24:42.512 25945 25945 W BpBinder: Slow Binder: BpBinder transact took 343 ms, interface=android.app.job.IJobCallback, code=5 oneway=false
02-17 09:24:42.555 25945 25945 E libc : Access denied finding property "ro.vendor.pref_scale_resolution"
02-17 09:24:42.560 25945 25945 E libc : Access denied finding property "ro.vendor.pref_scale_resolution"
02-17 09:24:42.623 25945 25945 E ArmVmp : Match on catch block at 0xc3 in for 0x99
02-17 09:24:42.628 25945 25945 E ArmVmp : Match on catch block at 0xc3 in for 0x95
02-17 09:24:42.631 25945 25945 E ArmVmp : Match on catch block at 0xc3 in for 0x95
02-17 09:24:42.651 25945 25945 E libc : Access denied finding property "ro.vendor.pref_scale_resolution"
02-17 09:24:42.709 25945 25945 E libc : Access denied finding property "ro.vendor.pref_scale_resolution"
02-17 09:24:42.729 25945 25945 E libc : Access denied finding property "ro.vendor.pref_scale_resolution"
02-17 09:24:42.732 25945 25945 E libc : Access denied finding property "ro.vendor.pref_scale_resolution"
02-17 09:24:42.737 25945 25945 E libc : Access denied finding property "ro.vendor.pref_scale_resolution"
02-17 09:24:42.747 25945 25945 E libc : Access denied finding property "ro.vendor.pref_scale_resolution"
02-17 09:24:42.814 25945 25945 E libc : Access denied finding property "ro.vendor.pref_scale_resolution"
02-17 09:24:42.838 25945 25945 W Looper : PerfMonitor doFrame : time=230ms vsyncFrame=0 latency=1193ms procState=2 historyMsgCount=56 (msgIndex=1 wall=754ms seq=509 late=1641ms h=android.view.Choreographer$FrameHandler c=android.view.Choreographer$FrameDisplayEventReceiver) (msgIndex=8 wall=344ms seq=516 late=2397ms h=android.app.job.JobServiceEngine$JobHandler w=2) (msgIndex=55 wall=57ms seq=563 late=1143ms h=android.view.ViewRootImpl$ViewRootHandler c=X.0jO)
02-17 09:24:42.990 25945 25945 E ArmVmp : Match on catch block at 0xc3 in for 0x95
02-17 09:24:42.996 25945 25993 E SQLiteDatabase: Error inserting transferred=1 media_job_uuid=bbb747ae-0804-44c7-806b-afbf0af8795e transcoded=0 gif_attribution=0 first_scan_length=9051 direct_path=/v/t62.7118- 24/19249161_1063433204966657_709765058985767335_n.enc?ccb=11- 4&oh=01_AdT4rMElEYGLtbFnb_AAePyNK-5qUbvYkrWA_8A8sgDE6A&oe=65F71DBD&_nc_sid=5e03e0 thumbnail_height_width_ratio=1.8181819 is_animated_sticker=0 file_hash=TD5hpUXeq9dzSr2IiHUR1iwo7v7MthY1BQfxY3Z5s4A= file_path=Media/MBWhatsApp Images/IMG-20240217-WA0000.jpg file_size=78945 partial_media_hash=fCbMO//G/lMnu9KmR2t7XTyrNTulKLsBG9A1yMiJz8g= face_x=0 face_y=0 height=1280 trim_to=0 media_key_timestamp=1708107175000 message_url=https://mmg.whatsapp.net/v/t62.7118- 24/19249161_1063433204966657_709765058985767335_n.enc?ccb=11- 4&oh=01_AdT4rMElEYGLtbFnb_AAePyNK- 5qUbvYkrWA_8A8sgDE6A&oe=65F71DBD&_nc_sid=5e03e0&mms3=true media_caption=null trim_from=0 mime_type=image/jpeg partial_media_enc_hash=null width=720 original_file_hash=null has_streaming_sidecar=1 autotransfer_retry_enabled=1 media_upload_handle=null message_row_id=711 multicast_id=null enc_file_hash=FMu8IE3Kql9H/2olyEhuULcu41W6iQB2SMLQq5gVpTU= mute_video=0 page_count=0 first_scan_sidecar=[B@3a990bd suspicious_content=0 file_length=78945 media_name=null media_duration=0 chat_row_id=15 media_key=[B@87a66b2
02-17 09:24:42.996 25945 25993 E SQLiteDatabase: android.database.sqlite.SQLiteConstraintException: UNIQUE constraint failed: message_media.message_row_id (code 1555 SQLITE_CONSTRAINT_PRIMARYKEY)
02-17 09:24:42.996 25945 25993 E SQLiteDatabase: at android.database.sqlite.SQLiteConnection.nativeExecuteForLastInsertedRowId(Native Method)
02-17 09:24:42.996 25945 25993 E SQLiteDatabase: at android.database.sqlite.SQLiteConnection.executeForLastInsertedRowId(SQLiteConnecti on.java:938)
02-17 09:24:42.996 25945 25993 E SQLiteDatabase: at android.database.sqlite.SQLiteSession.executeForLastInsertedRowId(SQLiteSession.jav a:790)
02-17 09:24:42.996 25945 25993 E SQLiteDatabase: at android.database.sqlite.SQLiteStatement.executeInsert(SQLiteStatement.java:88)
02-17 09:24:42.996 25945 25993 E SQLiteDatabase: at android.database.sqlite.SQLiteDatabase.insertWithOnConflict(SQLiteDatabase.java:170 1)
02-17 09:24:42.996 25945 25993 E SQLiteDatabase: at android.database.sqlite.SQLiteDatabase.insert(SQLiteDatabase.java:1570)
02-17 09:24:42.996 25945 25993 E SQLiteDatabase: at X.2tm.A08(Unknown Source:6)
02-17 09:24:42.996 25945 25993 E SQLiteDatabase: at X.35Y.A07(Unknown Source:212)
02-17 09:24:42.996 25945 25993 E SQLiteDatabase: at X.3QF.A14(Unknown Source:470)
02-17 09:24:42.996 25945 25993 E SQLiteDatabase: at X.3gU.run(Unknown Source:982)
02-17 09:24:42.996 25945 25993 E SQLiteDatabase: at android.os.Handler.handleCallback(Handler.java:938)
02-17 09:24:42.996 25945 25993 E SQLiteDatabase: at android.os.Handler.dispatchMessage(Handler.java:99)
02-17 09:24:42.996 25945 25993 E SQLiteDatabase: at X.0zq.dispatchMessage(Unknown Source:4)
02-17 09:24:42.996 25945 25993 E SQLiteDatabase: at android.os.Looper.loop(Looper.java:236)
02-17 09:24:42.996 25945 25993 E SQLiteDatabase: at android.os.HandlerThread.run(HandlerThread.java:67)
02-17 09:24:43.000 25945 25945 E ArmVmp : Match on catch block at 0xc3 in for 0x99
02-17 09:24:43.003 25945 25945 E ArmVmp : Match on catch block at 0xc3 in for 0x99
02-17 09:24:43.169 25945 25945 W Looper : PerfMonitor doFrame : time=222ms vsyncFrame=0 latency=327ms procState=2 historyMsgCount=39 (msgIndex=1 wall=230ms seq=565 late=1193ms h=android.view.Choreographer$FrameHandler c=android.view.Choreographer$FrameDisplayEventReceiver) (msgIndex=8 wall=62ms seq=572 late=1308ms h=android.os.Handler c=X.3gO)
02-17 09:24:43.275 25945 25945 W Looper : PerfMonitor looperActivity : package=com.mbwhatsapp/.HomeActivity time=91ms latency=450ms running=0ms procState=2 ClientTransaction{ lifecycleRequest=android.app.servertransaction.StopActivityItem } historyMsgCount=49 (msgIndex=1 wall=230ms seq=565 late=1193ms h=android.view.Choreographer$FrameHandler c=android.view.Choreographer$FrameDisplayEventReceiver) (msgIndex=8 wall=62ms seq=572 late=1308ms h=android.os.Handler c=X.3gO) (msgIndex=40 wall=222ms seq=604 late=327ms h=android.view.Choreographer$FrameHandler c=android.view.Choreographer$FrameDisplayEventReceiver)
02-17 09:24:43.299 25945 25945 E ArmVmp : Match on catch block at 0xc3 in for 0x95
02-17 09:24:43.307 25945 25945 E ArmVmp : Match on catch block at 0xc3 in for 0x99
02-17 09:24:43.311 25945 25945 E ArmVmp : Match on catch block at 0xc3 in for 0x99
02-17 09:24:43.396 25945 25945 W Looper : PerfMonitor doFrame : time=97ms vsyncFrame=0 latency=315ms procState=2 historyMsgCount=25 (msgIndex=1 wall=222ms seq=604 late=327ms h=android.view.Choreographer$FrameHandler c=android.view.Choreographer$FrameDisplayEventReceiver) (msgIndex=11 wall=91ms seq=614 late=450ms h=android.app.ActivityThread$H w=159)
02-17 09:24:43.409 25945 25945 E libc : Access denied finding property "ro.vendor.pref_scale_resolution"
02-17 09:24:43.457 25945 25945 E ArmVmp : Match on catch block at 0xc3 in for 0x99
02-17 09:24:43.470 25945 25945 E ArmVmp : Match on catch block at 0xc3 in for 0x91
02-17 09:24:43.477 25945 25945 E ArmVmp : Match on catch block at 0xc3 in for 0x91
02-17 09:24:43.503 25945 25945 E ArmVmp : Match on catch block at 0xc3 in for 0x99
02-17 09:24:43.510 25945 25945 E ArmVmp : Match on catch block at 0xc3 in for 0x91
02-17 09:24:43.515 25945 25945 E ArmVmp : Match on catch block at 0xc3 in for 0x91
02-17 09:24:43.575 25945 27705 W RenderInspector: QueueBuffer time out on com.mbwhatsapp/com.mbwhatsapp.Conversation, count=1, avg=19 ms, max=19 ms.
02-17 09:24:43.810 25945 25945 E ArmVmp : Match on catch block at 0xc3 in for 0x95
02-17 09:24:43.815 25945 25945 E ArmVmp : Match on catch block at 0xc3 in for 0x99
02-17 09:24:43.818 25945 25945 E ArmVmp : Match on catch block at 0xc3 in for 0x99
02-17 09:24:44.015 25945 25945 E ArmVmp : Match on catch block at 0xc3 in for 0x91
02-17 09:24:44.020 25945 25945 E ArmVmp : Match on catch block at 0xc3 in for 0x95
02-17 09:24:44.023 25945 25945 E ArmVmp : Match on catch block at 0xc3 in for 0x95
02-17 09:24:44.042 25945 25945 E ArmVmp : Match on catch block at 0xc3 in for 0x99
02-17 09:24:44.048 25945 25945 E ArmVmp : Match on catch block at 0xc3 in for 0x91
02-17 09:24:44.053 25945 25945 E ArmVmp : Match on catch block at 0xc3 in for 0x91
02-17 09:24:44.554 25945 25945 E ArmVmp : Match on catch block at 0xc3 in for 0x91
02-17 09:24:44.559 25945 25945 E ArmVmp : Match on catch block at 0xc3 in for 0x95
02-17 09:24:44.564 25945 25945 E ArmVmp : Match on catch block at 0xc3 in for 0x95
02-17 09:24:44.729 25945 25945 E libc : Access denied finding property "ro.vendor.pref_scale_resolution"
02-17 09:24:44.878 25945 25945 E ArmVmp : Match on catch block at 0xc3 in for 0x91
02-17 09:24:44.887 25945 25945 E ArmVmp : Match on catch block at 0xc3 in for 0x95
02-17 09:24:44.896 25945 25945 E ArmVmp : Match on catch block at 0xc3 in for 0x95
02-17 09:24:45.055 25945 25945 E libc : Access denied finding property "ro.vendor.pref_scale_resolution"
02-17 09:24:45.059 25945 25945 E libc : Access denied finding property "ro.vendor.pref_scale_resolution"
02-17 09:24:45.067 25945 25945 E libc : Access denied finding property "ro.vendor.pref_scale_resolution"
02-17 09:24:45.073 25945 25945 E libc : Access denied finding property "ro.vendor.pref_scale_resolution"
02-17 09:24:45.080 25945 25945 E libc : Access denied finding property "ro.vendor.pref_scale_resolution"
02-17 09:24:45.087 25945 25945 E libc : Access denied finding property "ro.vendor.pref_scale_resolution"
02-17 09:24:45.093 25945 25945 E libc : Access denied finding property "ro.vendor.pref_scale_resolution"
02-17 09:24:45.230 25945 25945 E ArmVmp : Match on catch block at 0xc3 in for 0x99
02-17 09:24:45.241 25945 25945 E ArmVmp : Match on catch block at 0xc3 in for 0x91
02-17 09:24:45.251 25945 25945 E ArmVmp : Match on catch block at 0xc3 in for 0x91
02-17 09:24:45.271 25945 25945 E ArmVmp : Match on catch block at 0xc3 in for 0x95
02-17 09:24:45.277 25945 25945 E ArmVmp : Match on catch block at 0xc3 in for 0x99
02-17 09:24:45.280 25945 25945 E ArmVmp : Match on catch block at 0xc3 in for 0x99
02-17 09:24:45.290 25945 25945 E libc : Access denied finding property "ro.vendor.pref_scale_resolution"
02-17 09:24:45.334 25945 25945 E libc : Access denied finding property "ro.vendor.pref_scale_resolution"
02-17 09:24:45.339 25945 25945 E libc : Access denied finding property "ro.vendor.pref_scale_resolution"
02-17 09:24:45.484 25945 25945 E ArmVmp : Match on catch block at 0xc3 in for 0x99
02-17 09:24:45.490 25945 25945 E ArmVmp : Match on catch block at 0xc3 in for 0x91
02-17 09:24:45.494 25945 25945 E ArmVmp : Match on catch block at 0xc3 in for 0x91
02-17 09:24:45.542 25945 25945 E ArmVmp : Match on catch block at 0xc3 in for 0x99
02-17 09:24:45.554 25945 25945 E ArmVmp : Match on catch block at 0xc3 in for 0x91
02-17 09:24:45.566 25945 25945 E ArmVmp : Match on catch block at 0xc3 in for 0x91
02-17 09:24:45.622 25945 25945 E ArmVmp : Match on catch block at 0xc3 in for 0x99
02-17 09:24:45.630 25945 25945 E ArmVmp : Match on catch block at 0xc3 in for 0x91
02-17 09:24:45.635 25945 25945 E ArmVmp : Match on catch block at 0xc3 in for 0x91
02-17 09:24:47.555 25945 25945 E ArmVmp : Match on catch block at 0xc3 in for 0x91
02-17 09:24:47.560 25945 25945 E ArmVmp : Match on catch block at 0xc3 in for 0x95
02-17 09:24:47.568 25945 25945 E ArmVmp : Match on catch block at 0xc3 in for 0x95
02-17 09:24:47.579 25945 25945 E ArmVmp : Match on catch block at 0xc3 in for 0x99
02-17 09:24:47.591 25945 25945 E ArmVmp : Match on catch block at 0xc3 in for 0x91
02-17 09:24:47.594 25945 25945 E ArmVmp : Match on catch block at 0xc3 in for 0x91
02-17 09:24:47.848 25945 27705 W RenderInspector: QueueBuffer time out on com.mbwhatsapp/com.mbwhatsapp.mediaview.MediaViewActivity, count=1, avg=25 ms, max=25 ms.
02-17 09:24:48.009 25945 25945 E ArmVmp : Match on catch block at 0xc3 in for 0x95
02-17 09:24:48.015 25945 25945 E ArmVmp : Match on catch block at 0xc3 in for 0x99
02-17 09:24:48.019 25945 25945 E ArmVmp : Match on catch block at 0xc3 in for 0x99
02-17 09:24:48.060 25945 25945 E ArmVmp : Match on catch block at 0xc3 in for 0x91
02-17 09:24:48.065 25945 25945 E ArmVmp : Match on catch block at 0xc3 in for 0x95
02-17 09:24:48.072 25945 25945 E ArmVmp : Match on catch block at 0xc3 in for 0x95
02-17 09:24:48.094 25945 25945 E ArmVmp : Match on catch block at 0xc3 in for 0x99
02-17 09:24:48.100 25945 25945 E ArmVmp : Match on catch block at 0xc3 in for 0x91
02-17 09:24:48.104 25945 25945 E ArmVmp : Match on catch block at 0xc3 in for 0x91
02-17 09:24:48.423 25945 25945 E ArmVmp : Match on catch block at 0xc3 in for 0x95
02-17 09:24:48.428 25945 25945 E ArmVmp : Match on catch block at 0xc3 in for 0x99
02-17 09:24:48.431 25945 25945 E ArmVmp : Match on catch block at 0xc3 in for 0x99
02-17 09:24:48.502 25945 25945 E ArmVmp : Match on catch block at 0xc3 in for 0x99
02-17 09:24:48.510 25945 25945 E ArmVmp : Match on catch block at 0xc3 in for 0x91
02-17 09:24:48.513 25945 25945 E ArmVmp : Match on catch block at 0xc3 in for 0x91
02-17 09:24:48.965 25945 25945 E ArmVmp : Match on catch block at 0xc3 in for 0x95
02-17 09:24:48.972 25945 25945 E ArmVmp : Match on catch block at 0xc3 in for 0x99
02-17 09:24:48.975 25945 25945 E ArmVmp : Match on catch block at 0xc3 in for 0x99
02-17 09:24:49.370 25945 25959 W System : A resource failed to call release.
02-17 09:24:49.457 25945 25945 W Choreographer: OPTS_INPUT: First frame was drawed before optimized, so skip!
02-17 09:24:49.462 25945 25945 E ArmVmp : Match on catch block at 0xc3 in for 0x91
02-17 09:24:49.466 25945 25945 E ArmVmp : Match on catch block at 0xc3 in for 0x95
02-17 09:24:49.469 25945 25945 E ArmVmp : Match on catch block at 0xc3 in for 0x95
02-17 09:24:49.481 25945 25945 E ArmVmp : Match on catch block at 0xc3 in for 0x99
02-17 09:24:49.491 25945 25945 E ArmVmp : Match on catch block at 0xc3 in for 0x91
02-17 09:24:49.497 25945 25945 E ArmVmp : Match on catch block at 0xc3 in for 0x91
02-17 09:24:49.512 25945 25945 E ArmVmp : Match on catch block at 0xc3 in for 0x95
02-17 09:24:49.520 25945 25945 E ArmVmp : Match on catch block at 0xc3 in for 0x99
02-17 09:24:49.521 25945 27705 W RenderInspector: QueueBuffer time out on com.mbwhatsapp/com.mbwhatsapp.Conversation, count=4, avg=14 ms, max=31 ms.
02-17 09:24:49.525 25945 25945 E ArmVmp : Match on catch block at 0xc3 in for 0x99
02-17 09:24:49.560 25945 25945 E ArmVmp : Match on catch block at 0xc3 in for 0x91
02-17 09:24:49.567 25945 25945 E ArmVmp : Match on catch block at 0xc3 in for 0x95
02-17 09:24:49.575 25945 25945 E ArmVmp : Match on catch block at 0xc3 in for 0x95
02-17 09:24:49.600 25945 25945 E ArmVmp : Match on catch block at 0xc3 in for 0x99
02-17 09:24:49.613 25945 25945 E ArmVmp : Match on catch block at 0xc3 in for 0x91
02-17 09:24:49.623 25945 25945 E ArmVmp : Match on catch block at 0xc3 in for 0x91
02-17 09:24:49.647 25945 25945 E libc : Access denied finding property "ro.vendor.pref_scale_resolution"
02-17 09:24:49.651 25945 25945 E libc : Access denied finding property "ro.vendor.pref_scale_resolution"
02-17 09:24:49.671 25945 25945 E libc : Access denied finding property "ro.vendor.pref_scale_resolution"
02-17 09:24:49.678 25945 25945 E libc : Access denied finding property "ro.vendor.pref_scale_resolution"
02-17 09:24:49.714 25945 25945 E ArmVmp : Match on catch block at 0xc3 in for 0x95
02-17 09:24:49.719 25945 25945 E ArmVmp : Match on catch block at 0xc3 in for 0x99
02-17 09:24:49.800 25945 25945 E ArmVmp : Match on catch block at 0xc3 in for 0x99
02-17 09:24:49.812 25945 25945 E ArmVmp : Match on catch block at 0xc3 in for 0x91
02-17 09:24:49.823 25945 25945 E ArmVmp : Match on catch block at 0xc3 in for 0x91
02-17 09:24:49.835 25945 25945 E ArmVmp : Match on catch block at 0xc3 in for 0x95
02-17 09:24:49.842 25945 25945 E ArmVmp : Match on catch block at 0xc3 in for 0x99
02-17 09:24:49.855 25945 25945 E ArmVmp : Match on catch block at 0xc3 in for 0x99
02-17 09:24:49.882 25945 25945 E ArmVmp : Match on catch block at 0xc3 in for 0x91
02-17 09:24:49.889 25945 25945 E ArmVmp : Match on catch block at 0xc3 in for 0x95
02-17 09:24:49.896 25945 25945 E ArmVmp : Match on catch block at 0xc3 in for 0x95
02-17 09:24:49.902 25945 25945 E ArmVmp : Match on catch block at 0xc3 in for 0x99
02-17 09:24:49.911 25945 25945 E ArmVmp : Match on catch block at 0xc3 in for 0x91
02-17 09:24:49.915 25945 25945 E ArmVmp : Match on catch block at 0xc3 in for 0x91
02-17 09:24:49.928 25945 25945 E ArmVmp : Match on catch block at 0xc3 in for 0x95
02-17 09:24:49.933 25945 25945 E ArmVmp : Match on catch block at 0xc3 in for 0x99
02-17 09:24:49.936 25945 25945 E ArmVmp : Match on catch block at 0xc3 in for 0x99
02-17 09:24:49.963 25945 25945 E ArmVmp : Match on catch block at 0xc3 in for 0x91
02-17 09:24:49.969 25945 25945 E ArmVmp : Match on catch block at 0xc3 in for 0x95
02-17 09:24:49.972 25945 25945 E ArmVmp : Match on catch block at 0xc3 in for 0x95
02-17 09:24:50.089 25945 25945 E ArmVmp : Match on catch block at 0xc3 in for 0x95
02-17 09:24:50.096 25945 25945 E ArmVmp : Match on catch block at 0xc3 in for 0x99
02-17 09:24:50.100 25945 25945 E ArmVmp : Match on catch block at 0xc3 in for 0x99
02-17 09:24:50.111 25945 25945 E ArmVmp : Match on catch block at 0xc3 in for 0x91
02-17 09:24:50.115 25945 25945 E ArmVmp : Match on catch block at 0xc3 in for 0x95
02-17 09:24:50.119 25945 25945 E ArmVmp : Match on catch block at 0xc3 in for 0x95
02-17 09:24:50.566 25945 25945 E ArmVmp : Match on catch block at 0xc3 in for 0x99
02-17 09:24:50.574 25945 25945 E ArmVmp : Match on catch block at 0xc3 in for 0x91
02-17 09:24:50.577 25945 25945 E ArmVmp : Match on catch block at 0xc3 in for 0x91
02-17 09:24:50.742 25945 25945 E ArmVmp : Match on catch block at 0xc3 in for 0x91
02-17 09:24:50.748 25945 25945 E ArmVmp : Match on catch block at 0xc3 in for 0x95
02-17 09:24:50.756 25945 25945 E ArmVmp : Match on catch block at 0xc3 in for 0x91
02-17 09:24:50.770 25945 27705 W RenderInspector: QueueBuffer time out on com.mbwhatsapp/com.mbwhatsapp.Conversation, count=1, avg=29 ms, max=29 ms.
02-17 09:24:50.774 25945 27705 W RenderInspector: DequeueBuffer time out on com.mbwhatsapp/com.mbwhatsapp.Conversation, count=1, avg=18 ms, max=18 ms.
02-17 09:24:50.794 25945 25945 E ArmVmp : Match on catch block at 0xc3 in for 0x95
02-17 09:24:51.062 25945 25945 E ArmVmp : Match on catch block at 0xc3 in for 0x91
02-17 09:24:51.068 25945 25945 E ArmVmp : Match on catch block at 0xc3 in for 0x95
02-17 09:24:51.579 25945 25945 E ArmVmp : Match on catch block at 0xc3 in for 0x95
02-17 09:24:51.590 25945 25945 E ArmVmp : Match on catch block at 0xc3 in for 0x99
02-17 09:24:51.602 25945 25945 E ArmVmp : Match on catch block at 0xc3 in for 0x95
02-17 09:24:51.611 25945 25945 E ArmVmp : Match on catch block at 0xc3 in for 0x99
02-17 09:24:52.118 25945 25945 E ArmVmp : Match on catch block at 0xc3 in for 0x95
02-17 09:24:52.149 25945 25945 E ArmVmp : Match on catch block at 0xc3 in for 0x99
02-17 09:24:52.615 25945 25945 E ArmVmp : Match on catch block at 0xc3 in for 0x95
02-17 09:24:52.623 25945 25945 E ArmVmp : Match on catch block at 0xc3 in for 0x99
02-17 09:24:52.629 25945 25945 E SpannableStringBuilder: SPAN_EXCLUSIVE_EXCLUSIVE spans cannot have a zero length
02-17 09:24:53.109 25945 25945 E ArmVmp : Match on catch block at 0xc3 in for 0x95
02-17 09:24:53.114 25945 25945 E ArmVmp : Match on catch block at 0xc3 in for 0x99
02-17 09:24:53.159 25945 25945 E ArmVmp : Match on catch block at 0xc3 in for 0x95
02-17 09:24:53.163 25945 25945 E ArmVmp : Match on catch block at 0xc3 in for 0x99
02-17 09:24:53.175 25945 25945 E ArmVmp : Match on catch block at 0xc3 in for 0x95
02-17 09:24:53.180 25945 25945 E ArmVmp : Match on catch block at 0xc3 in for 0x99
02-17 09:24:53.202 25945 27705 W RenderInspector: QueueBuffer time out on com.mbwhatsapp/com.mbwhatsapp.Conversation, count=1, avg=18 ms, max=18 ms.
02-17 09:24:53.214 25945 25945 E ArmVmp : Match on catch block at 0xc3 in for 0x95
02-17 09:24:53.226 25945 25945 E ArmVmp : Match on catch block at 0xc3 in for 0x99
02-17 09:24:53.244 25945 25945 E ArmVmp : Match on catch block at 0xc3 in for 0x95
02-17 09:24:53.249 25945 25945 E ArmVmp : Match on catch block at 0xc3 in for 0x99
02-17 09:24:53.259 25945 25945 E ArmVmp : Match on catch block at 0xc3 in for 0x95
02-17 09:24:53.268 25945 25945 E ArmVmp : Match on catch block at 0xc3 in for 0x99
02-17 09:24:53.275 25945 25945 E ArmVmp : Match on catch block at 0xc3 in for 0x95
02-17 09:24:53.280 25945 25945 E ArmVmp : Match on catch block at 0xc3 in for 0x99
02-17 09:24:53.293 25945 25945 E ArmVmp : Match on catch block at 0xc3 in for 0x95
02-17 09:24:53.297 25945 25945 E ArmVmp : Match on catch block at 0xc3 in for 0x99
02-17 09:24:53.307 25945 25945 E ArmVmp : Match on catch block at 0xc3 in for 0x95
02-17 09:24:53.312 25945 25945 E ArmVmp : Match on catch block at 0xc3 in for 0x99
02-17 09:24:53.324 25945 25945 E ArmVmp : Match on catch block at 0xc3 in for 0x95
02-17 09:24:53.328 25945 25945 E ArmVmp : Match on catch block at 0xc3 in for 0x99
02-17 09:24:53.340 25945 25945 E ArmVmp : Match on catch block at 0xc3 in for 0x95
02-17 09:24:53.344 25945 25945 E ArmVmp : Match on catch block at 0xc3 in for 0x99
02-17 09:24:53.357 25945 25945 E ArmVmp : Match on catch block at 0xc3 in for 0x95
02-17 09:24:53.361 25945 25945 E ArmVmp : Match on catch block at 0xc3 in for 0x99
02-17 09:24:53.374 25945 25945 E ArmVmp : Match on catch block at 0xc3 in for 0x95
02-17 09:24:53.378 25945 25945 E ArmVmp : Match on catch block at 0xc3 in for 0x99
02-17 09:24:53.390 25945 25945 E ArmVmp : Match on catch block at 0xc3 in for 0x95
02-17 09:24:53.395 25945 25945 E ArmVmp : Match on catch block at 0xc3 in for 0x99
02-17 09:24:53.409 25945 25945 E ArmVmp : Match on catch block at 0xc3 in for 0x95
02-17 09:24:53.418 25945 25945 E ArmVmp : Match on catch block at 0xc3 in for 0x99
02-17 09:24:53.426 25945 25945 E ArmVmp : Match on catch block at 0xc3 in for 0x95
02-17 09:24:53.432 25945 25945 E ArmVmp : Match on catch block at 0xc3 in for 0x99
02-17 09:24:53.622 25945 25945 E ArmVmp : Match on catch block at 0xc3 in for 0x95
02-17 09:24:53.628 25945 25945 E ArmVmp : Match on catch block at 0xc3 in for 0x99
02-17 09:24:54.117 25945 25945 E ArmVmp : Match on catch block at 0xc3 in for 0x95
02-17 09:24:54.122 25945 25945 E ArmVmp : Match on catch block at 0xc3 in for 0x99
02-17 09:24:54.612 25945 25945 E ArmVmp : Match on catch block at 0xc3 in for 0x95
02-17 09:24:54.627 25945 25945 E ArmVmp : Match on catch block at 0xc3 in for 0x99
02-17 09:24:54.678 25945 25945 E ArmVmp : Match on catch block at 0xc3 in for 0x91
02-17 09:24:54.689 25945 25945 E ArmVmp : Match on catch block at 0xc3 in for 0x95
02-17 09:24:54.695 25945 25945 E ArmVmp : Match on catch block at 0xc3 in for 0x95
02-17 09:24:54.712 25945 25945 E ArmVmp : Match on catch block at 0xc3 in for 0x91
02-17 09:24:54.724 25945 25945 E ArmVmp : Match on catch block at 0xc3 in for 0x95
02-17 09:24:54.734 25945 25945 E ArmVmp : Match on catch block at 0xc3 in for 0x95
02-17 09:24:54.889 25945 25945 E ArmVmp : Match on catch block at 0xc3 in for 0x99
02-17 09:24:54.898 25945 25945 E ArmVmp : Match on catch block at 0xc3 in for 0x91
02-17 09:24:54.901 25945 25945 E ArmVmp : Match on catch block at 0xc3 in for 0x91
02-17 09:24:55.125 25945 25945 E ArmVmp : Match on catch block at 0xc3 in for 0x95
02-17 09:24:55.130 25945 25945 E ArmVmp : Match on catch block at 0xc3 in for 0x99
02-17 09:24:55.137 25945 25945 E ArmVmp : Match on catch block at 0xc3 in for 0x99
02-17 09:24:55.620 25945 25945 E ArmVmp : Match on catch block at 0xc3 in for 0x91
02-17 09:24:55.627 25945 25945 E ArmVmp : Match on catch block at 0xc3 in for 0x95
02-17 09:24:55.630 25945 25945 E ArmVmp : Match on catch block at 0xc3 in for 0x95
02-17 09:24:56.132 25945 25945 E ArmVmp : Match on catch block at 0xc3 in for 0x99
02-17 09:24:56.138 25945 25945 E ArmVmp : Match on catch block at 0xc3 in for 0x91
02-17 09:24:56.144 25945 25945 E ArmVmp : Match on catch block at 0xc3 in for 0x91
02-17 09:24:56.160 25945 27705 W RenderInspector: DequeueBuffer time out on com.mbwhatsapp/com.mbwhatsapp.Conversation, count=1, avg=16 ms, max=16 ms.
02-17 09:24:56.248 25945 25945 E ArmVmp : Match on catch block at 0xc3 in for 0x95
02-17 09:24:56.256 25945 25945 E ArmVmp : Match on catch block at 0xc3 in for 0x99
02-17 09:24:56.268 25945 25945 E ArmVmp : Match on catch block at 0xc3 in for 0x99
02-17 09:24:56.279 25945 25945 E ArmVmp : Match on catch block at 0xc3 in for 0x91
02-17 09:24:56.288 25945 25945 E ArmVmp : Match on catch block at 0xc3 in for 0x95
02-17 09:24:56.292 25945 25945 E ArmVmp : Match on catch block at 0xc3 in for 0x95
02-17 09:24:56.321 25945 25945 E ArmVmp : Match on catch block at 0xc3 in for 0x95
02-17 09:24:56.327 25945 25945 E ArmVmp : Match on catch block at 0xc3 in for 0x99
02-17 09:24:56.330 25945 25945 E ArmVmp : Match on catch block at 0xc3 in for 0x99
02-17 09:24:56.355 25945 25945 E ArmVmp : Match on catch block at 0xc3 in for 0x91
02-17 09:24:56.361 25945 25945 E ArmVmp : Match on catch block at 0xc3 in for 0x95
02-17 09:24:56.363 25945 25945 E ArmVmp : Match on catch block at 0xc3 in for 0x95
02-17 09:24:56.392 25945 25945 E ArmVmp : Match on catch block at 0xc3 in for 0x99
02-17 09:24:56.397 25945 25945 E ArmVmp : Match on catch block at 0xc3 in for 0x91
02-17 09:24:56.404 25945 25945 E ArmVmp : Match on catch block at 0xc3 in for 0x91
02-17 09:24:56.446 25945 25945 E ArmVmp : Match on catch block at 0xc3 in for 0x99
02-17 09:24:56.453 25945 25945 E ArmVmp : Match on catch block at 0xc3 in for 0x91
02-17 09:24:56.455 25945 25945 E ArmVmp : Match on catch block at 0xc3 in for 0x91
02-17 09:24:56.494 25945 25945 E ArmVmp : Match on catch block at 0xc3 in for 0x95
02-17 09:24:56.502 25945 25945 E ArmVmp : Match on catch block at 0xc3 in for 0x99
02-17 09:24:56.504 25945 25945 E ArmVmp : Match on catch block at 0xc3 in for 0x99
02-17 09:24:56.522 25945 25945 E ArmVmp : Match on catch block at 0xc3 in for 0x91
02-17 09:24:56.527 25945 25945 E ArmVmp : Match on catch block at 0xc3 in for 0x95
02-17 09:24:56.531 25945 25945 E ArmVmp : Match on catch block at 0xc3 in for 0x95
02-17 09:24:56.627 25945 25945 E ArmVmp : Match on catch block at 0xc3 in for 0x99
02-17 09:24:56.638 25945 25945 E ArmVmp : Match on catch block at 0xc3 in for 0x91
02-17 09:24:56.643 25945 25945 E ArmVmp : Match on catch block at 0xc3 in for 0x91
02-17 09:24:57.123 25945 25945 E ArmVmp : Match on catch block at 0xc3 in for 0x95
02-17 09:24:57.128 25945 25945 E ArmVmp : Match on catch block at 0xc3 in for 0x99
02-17 09:24:57.133 25945 25945 E ArmVmp : Match on catch block at 0xc3 in for 0x99
02-17 09:24:57.386 25945 25945 E ArmVmp : Match on catch block at 0xc3 in for 0x91
02-17 09:24:57.394 25945 25945 E ArmVmp : Match on catch block at 0xc3 in for 0x95
02-17 09:24:57.396 25945 25945 E ArmVmp : Match on catch block at 0xc3 in for 0x95
02-17 09:24:57.411 25945 25945 E ArmVmp : Match on catch block at 0xc3 in for 0x99
02-17 09:24:57.422 25945 25945 E ArmVmp : Match on catch block at 0xc3 in for 0x91
02-17 09:24:57.428 25945 25945 E ArmVmp : Match on catch block at 0xc3 in for 0x91
02-17 09:24:57.634 25945 25945 E ArmVmp : Match on catch block at 0xc3 in for 0x95
02-17 09:24:57.639 25945 25945 E ArmVmp : Match on catch block at 0xc3 in for 0x99
02-17 09:24:57.642 25945 25945 E ArmVmp : Match on catch block at 0xc3 in for 0x99
02-17 09:24:58.064 25945 25945 E ArmVmp : Match on catch block at 0xc3 in for 0x99
02-17 09:24:58.072 25945 25945 E ArmVmp : Match on catch block at 0xc3 in for 0x91
02-17 09:24:58.088 25945 25945 E ArmVmp : Match on catch block at 0xc3 in for 0x99
02-17 09:24:58.093 25945 25945 E ArmVmp : Match on catch block at 0xc3 in for 0x91
02-17 09:24:58.132 25945 25945 E ArmVmp : Match on catch block at 0xc3 in for 0x99
02-17 09:24:58.140 25945 25945 E ArmVmp : Match on catch block at 0xc3 in for 0x91
02-17 09:24:58.627 25945 25945 E ArmVmp : Match on catch block at 0xc3 in for 0x99
02-17 09:24:58.633 25945 25945 E ArmVmp : Match on catch block at 0xc3 in for 0x91
02-17 09:24:59.067 25945 25945 E ArmVmp : Match on catch block at 0xc3 in for 0x95
02-17 09:24:59.078 25945 25945 E ArmVmp : Match on catch block at 0xc3 in for 0x99
02-17 09:24:59.279 25945 25945 E ArmVmp : Match on catch block at 0xc3 in for 0x95
02-17 09:24:59.294 25945 25945 E ArmVmp : Match on catch block at 0xc3 in for 0x99
02-17 09:24:59.346 25945 25945 E ArmVmp : Match on catch block at 0xc3 in for 0x95
02-17 09:24:59.351 25945 25945 E ArmVmp : Match on catch block at 0xc3 in for 0x99
02-17 09:24:59.378 25945 25945 E ArmVmp : Match on catch block at 0xc3 in for 0x95
02-17 09:24:59.384 25945 25945 E ArmVmp : Match on catch block at 0xc3 in for 0x99
02-17 09:24:59.418 25945 27705 W RenderInspector: QueueBuffer time out on com.mbwhatsapp/com.mbwhatsapp.Conversation, count=1, avg=17 ms, max=17 ms.
02-17 09:24:59.617 25945 25945 E ArmVmp : Match on catch block at 0xc3 in for 0x95
02-17 09:24:59.622 25945 25945 E ArmVmp : Match on catch block at 0xc3 in for 0x99
02-17 09:24:59.633 25945 25945 E ArmVmp : Match on catch block at 0xc3 in for 0x95
02-17 09:24:59.645 25945 25945 E ArmVmp : Match on catch block at 0xc3 in for 0x99
02-17 09:24:59.653 25945 25945 E ArmVmp : Match on catch block at 0xc3 in for 0x95
02-17 09:24:59.663 25945 25945 E ArmVmp : Match on catch block at 0xc3 in for 0x99
02-17 09:24:59.692 25945 25945 E ArmVmp : Match on catch block at 0xc3 in for 0x95
02-17 09:24:59.698 25945 25945 E ArmVmp : Match on catch block at 0xc3 in for 0x99
02-17 09:24:59.722 25945 25945 E ArmVmp : Match on catch block at 0xc3 in for 0x91
02-17 09:24:59.730 25945 25945 E ArmVmp : Match on catch block at 0xc3 in for 0x95
02-17 09:24:59.738 25945 25945 E ArmVmp : Match on catch block at 0xc3 in for 0x91
02-17 09:24:59.747 25945 25945 E ArmVmp : Match on catch block at 0xc3 in for 0x95
02-17 09:24:59.771 25945 25945 E ArmVmp : Match on catch block at 0xc3 in for 0x95
02-17 09:24:59.775 25945 25945 E ArmVmp : Match on catch block at 0xc3 in for 0x99
02-17 09:24:59.923 25945 25945 E ArmVmp : Match on catch block at 0xc3 in for 0x95
02-17 09:24:59.930 25945 25945 E ArmVmp : Match on catch block at 0xc3 in for 0x99
02-17 09:24:59.965 25945 25945 E libc : Access denied finding property "ro.vendor.pref_scale_resolution"
02-17 09:24:59.970 25945 25945 W IInputConnectionWrapper: getTextBeforeCursor on inactive InputConnection
02-17 09:24:59.980 25945 25945 E ArmVmp : Match on catch block at 0xc3 in for 0x99
02-17 09:24:59.986 25945 25945 E ArmVmp : Match on catch block at 0xc3 in for 0x91
02-17 09:24:59.993 25945 25945 W IInputConnectionWrapper: getTextAfterCursor on inactive InputConnection
02-17 09:24:59.994 25945 25945 E ArmVmp : Match on catch block at 0xc3 in for 0x99
02-17 09:25:00.000 25945 25945 E ArmVmp : Match on catch block at 0xc3 in for 0x91
02-17 09:25:00.019 25945 25945 W IInputConnectionWrapper: getSelectedText on inactive InputConnection
02-17 09:25:00.020 25945 25945 E ArmVmp : Match on catch block at 0xc3 in for 0x99
02-17 09:25:00.024 25945 25945 E ArmVmp : Match on catch block at 0xc3 in for 0x91
02-17 09:25:00.106 25945 25945 W IInputConnectionWrapper: getTextBeforeCursor on inactive InputConnection
02-17 09:25:00.110 25945 25945 E ArmVmp : Match on catch block at 0xc3 in for 0x99
02-17 09:25:00.117 25945 25945 E ArmVmp : Match on catch block at 0xc3 in for 0x91
02-17 09:25:00.137 25945 25945 W IInputConnectionWrapper: getTextAfterCursor on inactive InputConnection
02-17 09:25:00.138 25945 25945 E ArmVmp : Match on catch block at 0xc3 in for 0x99
02-17 09:25:00.147 25945 25945 E ArmVmp : Match on catch block at 0xc3 in for 0x91
02-17 09:25:00.191 25945 25945 W IInputConnectionWrapper: getSelectedText on inactive InputConnection
02-17 09:25:00.238 25945 25945 E libc : Access denied finding property "ro.vendor.pref_scale_resolution"
02-17 09:25:00.256 25945 25945 E libc : Access denied finding property "ro.vendor.pref_scale_resolution"
02-17 09:25:00.293 25945 25945 E ArmVmp : Match on catch block at 0xc3 in for 0x95
02-17 09:25:00.301 25945 25945 E ArmVmp : Match on catch block at 0xc3 in for 0x99
02-17 09:25:00.325 25945 25945 E ArmVmp : Match on catch block at 0xc3 in for 0x91
02-17 09:25:00.329 25945 25945 E ArmVmp : Match on catch block at 0xc3 in for 0x95
02-17 09:25:00.375 25945 25945 E libc : Access denied finding property "ro.vendor.pref_scale_resolution"
02-17 09:25:00.381 25945 25945 E ArmVmp : Match on catch block at 0xc3 in for 0x91
02-17 09:25:00.390 25945 25945 E ArmVmp : Match on catch block at 0xc3 in for 0x95
02-17 09:25:00.399 25945 25945 E ArmVmp : Match on catch block at 0xc3 in for 0x91
02-17 09:25:00.404 25945 25945 E ArmVmp : Match on catch block at 0xc3 in for 0x95
02-17 09:25:00.702 25945 25945 E libc : Access denied finding property "ro.vendor.pref_scale_resolution"
02-17 09:25:00.708 25945 25945 E libc : Access denied finding property "ro.vendor.pref_scale_resolution"
02-17 09:25:00.709 25945 25945 E libc : Access denied finding property "ro.vendor.pref_scale_resolution"
02-17 09:25:00.709 25945 25945 E libc : Access denied finding property "ro.vendor.pref_scale_resolution"
02-17 09:25:00.717 25945 25945 E libc : Access denied finding property "ro.vendor.pref_scale_resolution"
02-17 09:25:00.731 25945 25945 E libc : Access denied finding property "ro.vendor.pref_scale_resolution"
02-17 09:25:00.751 25945 25945 E ArmVmp : Match on catch block at 0xc3 in for 0x95
02-17 09:25:00.759 25945 25945 E ArmVmp : Match on catch block at 0xc3 in for 0x99
02-17 09:25:00.771 25945 25945 E ArmVmp : Match on catch block at 0xc3 in for 0x95
02-17 09:25:00.780 25945 25945 E ArmVmp : Match on catch block at 0xc3 in for 0x99
02-17 09:25:00.904 25945 25945 E ArmVmp : Match on catch block at 0xc3 in for 0x91
02-17 09:25:00.913 25945 25945 E ArmVmp : Match on catch block at 0xc3 in for 0x95
02-17 09:25:01.216 25945 25945 E libc : Access denied finding property "ro.vendor.pref_scale_resolution"
02-17 09:25:01.237 25945 25945 E ArmVmp : Match on catch block at 0xc3 in for 0x91
02-17 09:25:01.242 25945 25945 E ArmVmp : Match on catch block at 0xc3 in for 0x95
02-17 09:25:01.252 25945 25945 E ArmVmp : Match on catch block at 0xc3 in for 0x91
02-17 09:25:01.263 25945 25945 E ArmVmp : Match on catch block at 0xc3 in for 0x95
02-17 09:25:01.271 25945 28015 W MediaPlayer: Use of stream types is deprecated for operations other than volume control
02-17 09:25:01.271 25945 28015 W MediaPlayer: See the documentation of setAudioStreamType() for what to use instead with android.media.AudioAttributes to qualify your playback use case
02-17 09:25:01.405 25945 25945 E ArmVmp : Match on catch block at 0xc3 in for 0x91
02-17 09:25:01.410 25945 25945 E ArmVmp : Match on catch block at 0xc3 in for 0x95
02-17 09:25:01.437 25945 27705 W RenderInspector: DequeueBuffer time out on com.mbwhatsapp/com.mbwhatsapp.Conversation, count=1, avg=19 ms, max=19 ms.
02-17 09:25:01.645 25945 25945 E libc : Access denied finding property "ro.vendor.pref_scale_resolution"
02-17 09:25:01.660 25945 25945 E ArmVmp : Match on catch block at 0xc3 in for 0x95
02-17 09:25:01.681 25945 25945 E ArmVmp : Match on catch block at 0xc3 in for 0x99
02-17 09:25:01.691 25945 25945 E ArmVmp : Match on catch block at 0xc3 in for 0x95
02-17 09:25:01.695 25945 25945 E ArmVmp : Match on catch block at 0xc3 in for 0x99
02-17 09:25:01.741 25945 25945 E ArmVmp : Match on catch block at 0xc3 in for 0x91
02-17 09:25:01.748 25945 25945 E ArmVmp : Match on catch block at 0xc3 in for 0x95
02-17 09:25:01.756 25945 25945 E ArmVmp : Match on catch block at 0xc3 in for 0x91
02-17 09:25:01.761 25945 25945 E ArmVmp : Match on catch block at 0xc3 in for 0x95
02-17 09:25:01.912 25945 25945 E ArmVmp : Match on catch block at 0xc3 in for 0x91
