02-17 18:51:55.337 13560 13560 E libc : Access denied finding property "ro.vendor.pref_scale_resolution"
02-17 18:51:55.345 13560 13560 E libc : Access denied finding property "ro.vendor.pref_scale_resolution"
02-17 18:51:55.351 13560 13560 E libc : Access denied finding property "ro.vendor.pref_scale_resolution"
02-17 18:51:55.360 13560 13560 E libc : Access denied finding property "ro.vendor.pref_scale_resolution"
02-17 18:51:55.367 13560 13560 E libc : Access denied finding property "ro.vendor.pref_scale_resolution"
02-17 18:51:55.427 13560 13560 E libc : Access denied finding property "ro.vendor.pref_scale_resolution"
02-17 18:51:55.434 13560 13560 E libc : Access denied finding property "ro.vendor.pref_scale_resolution"
02-17 18:51:55.444 13560 13560 E libc : Access denied finding property "ro.vendor.pref_scale_resolution"
02-17 18:51:55.448 13560 13560 E libc : Access denied finding property "ro.vendor.pref_scale_resolution"
02-17 18:51:55.456 13560 13560 E libc : Access denied finding property "ro.vendor.pref_scale_resolution"
02-17 18:51:55.483 13560 13560 E libc : Access denied finding property "ro.vendor.pref_scale_resolution"
02-17 18:51:55.518 13560 13560 E ArmVmp : Match on catch block at 0x0a in for 0xb9
02-17 18:51:55.551 13560 13560 E libc : Access denied finding property "ro.vendor.pref_scale_resolution"
02-17 18:51:55.554 13560 13560 E ArmVmp : Match on catch block at 0x0a in for 0x125
02-17 18:51:55.706 13560 13560 E libc : Access denied finding property "ro.vendor.pref_scale_resolution"
02-17 18:51:55.719 13560 13667 W com.mbwhatsapp: Accessing hidden method Lcom/android/org/conscrypt/ConscryptEngineSocket;->setUseSessionTickets(Z)V (greylist-max-q,test-api, reflection, denied)
02-17 18:51:55.719 13560 13667 W com.mbwhatsapp: Accessing hidden method Lcom/android/org/conscrypt/OpenSSLSocketImpl;->setUseSessionTickets(Z)V (greylist- max-q,test-api, reflection, denied)
02-17 18:51:55.719 13560 13667 W com.mbwhatsapp: Accessing hidden method Lcom/android/org/conscrypt/AbstractConscryptSocket;->setUseSessionTickets(Z)V (greylist-max-q, reflection, denied)
02-17 18:51:55.720 13560 13667 W com.mbwhatsapp: Accessing hidden method Lcom/android/org/conscrypt/ConscryptEngineSocket;->setHostname(Ljava/lang/String;)V (greylist-max-q,test-api, reflection, denied)
02-17 18:51:55.720 13560 13667 W com.mbwhatsapp: Accessing hidden method Lcom/android/org/conscrypt/OpenSSLSocketImpl;->setHostname(Ljava/lang/String;)V (greylist-max-q,test-api, reflection, denied)
02-17 18:51:55.720 13560 13667 W com.mbwhatsapp: Accessing hidden method Lcom/android/org/conscrypt/AbstractConscryptSocket;->setHostname(Ljava/lang/ String;)V (greylist-max-q, reflection, denied)
02-17 18:51:55.721 13560 13667 W com.mbwhatsapp: Accessing hidden method Lcom/android/org/conscrypt/OpenSSLSocketImpl;->setAlpnProtocols([B)V (greylist-max- q,test-api, reflection, denied)
02-17 18:51:55.721 13560 13667 W com.mbwhatsapp: Accessing hidden method Lcom/android/org/conscrypt/AbstractConscryptSocket;->setAlpnProtocols([B)V (greylist-max-q, reflection, denied)
02-17 18:51:55.744 13560 13560 E libc : Access denied finding property "ro.vendor.pref_scale_resolution"
02-17 18:51:55.751 13560 13560 E libc : Access denied finding property "ro.vendor.pref_scale_resolution"
02-17 18:51:55.755 13560 13560 E libc : Access denied finding property "ro.vendor.pref_scale_resolution"
02-17 18:51:55.756 13560 13560 E libc : Access denied finding property "ro.vendor.pref_scale_resolution"
02-17 18:51:55.770 13560 13560 E libc : Access denied finding property "ro.vendor.pref_scale_resolution"
02-17 18:51:55.772 13560 13560 E libc : Access denied finding property "ro.vendor.pref_scale_resolution"
02-17 18:51:55.772 13560 13560 E libc : Access denied finding property "ro.vendor.pref_scale_resolution"
02-17 18:51:55.786 13560 13560 E libc : Access denied finding property "ro.vendor.pref_scale_resolution"
02-17 18:51:55.788 13560 13560 E libc : Access denied finding property "ro.vendor.pref_scale_resolution"
02-17 18:51:55.789 13560 13560 E libc : Access denied finding property "ro.vendor.pref_scale_resolution"
02-17 18:51:55.803 13560 13560 E libc : Access denied finding property "ro.vendor.pref_scale_resolution"
02-17 18:51:55.806 13560 13560 E libc : Access denied finding property "ro.vendor.pref_scale_resolution"
02-17 18:51:55.825 13560 13560 E libc : Access denied finding property "ro.vendor.pref_scale_resolution"
02-17 18:51:55.841 13560 13560 W Activity: Slow Operation: Activity com.mbwhatsapp/.HomeActivity onCreate took 832ms
02-17 18:51:55.910 13560 13560 W Looper : PerfMonitor looperActivity : package=com.mbwhatsapp/.HomeActivity time=0ms latency=967ms running=0ms procState=2 ClientTransaction{ callbacks=[android.app.servertransaction.TopResumedActivityChang eItem] } historyMsgCount=5 (msgIndex=5 wall=950ms seq=22 late=17ms h=android.app.ActivityThread$H w=159)
02-17 18:51:55.943 13560 13560 W Looper : PerfMonitor looperActivity : package=com.mbwhatsapp/.HomeActivity time=1ms latency=370ms running=0ms procState=2 ClientTransaction{ callbacks=[android.app.servertransaction.TopResumedActivityChang eItem] } historyMsgCount=22 (msgIndex=1 wall=950ms seq=22 late=17ms h=android.app.ActivityThread$H w=159)
02-17 18:51:55.965 13560 13560 W Looper : PerfMonitor looperActivity : package=com.mbwhatsapp/.HomeActivity time=22ms latency=371ms running=0ms procState=2 ClientTransaction{ lifecycleRequest=android.app.servertransaction.PauseActivityItem } historyMsgCount=23 (msgIndex=1 wall=950ms seq=22 late=17ms h=android.app.ActivityThread$H w=159)
02-17 18:51:56.013 13560 13667 W com.mbwhatsapp: Accessing hidden method Lcom/android/org/conscrypt/OpenSSLSocketImpl;->getAlpnSelectedProtocol()[B (greylist-max-q,test-api, reflection, denied)
02-17 18:51:56.014 13560 13667 W com.mbwhatsapp: Accessing hidden method Lcom/android/org/conscrypt/AbstractConscryptSocket;->getAlpnSelectedProtocol()[B (greylist-max-q, reflection, denied)
02-17 18:51:56.031 13560 13560 E libc : Access denied finding property "ro.vendor.pref_scale_resolution"
02-17 18:51:56.044 13560 13560 E libc : Access denied finding property "ro.vendor.pref_scale_resolution"
02-17 18:51:56.052 13560 13560 E libc : Access denied finding property "ro.vendor.pref_scale_resolution"
02-17 18:51:56.060 13560 13560 E libc : Access denied finding property "ro.vendor.pref_scale_resolution"
02-17 18:51:56.067 13560 13560 E libc : Access denied finding property "ro.vendor.pref_scale_resolution"
02-17 18:51:56.077 13560 13560 E libc : Access denied finding property "ro.vendor.pref_scale_resolution"
02-17 18:51:56.084 13560 13560 E libc : Access denied finding property "ro.vendor.pref_scale_resolution"
02-17 18:51:56.189 13560 13730 E libc : Access denied finding property "ro.vendor.pref_scale_resolution"
02-17 18:51:56.193 13560 13560 E libc : Access denied finding property "ro.vendor.pref_scale_resolution"
02-17 18:51:56.195 13560 13560 E libc : Access denied finding property "ro.vendor.pref_scale_resolution"
02-17 18:51:56.210 13560 13730 E libc : Access denied finding property "ro.vendor.pref_scale_resolution"
02-17 18:51:56.214 13560 13730 E libc : Access denied finding property "ro.vendor.pref_scale_resolution"
02-17 18:51:56.228 13560 13730 E libc : Access denied finding property "ro.vendor.pref_scale_resolution"
02-17 18:51:56.240 13560 13560 E libc : Access denied finding property "ro.vendor.pref_scale_resolution"
02-17 18:51:56.242 13560 13560 E libc : Access denied finding property "ro.vendor.pref_scale_resolution"
02-17 18:51:56.360 13560 13560 E libc : Access denied finding property "ro.vendor.pref_scale_resolution"
02-17 18:51:56.369 13560 13560 E libc : Access denied finding property "ro.vendor.pref_scale_resolution"
02-17 18:51:56.375 13560 13560 E libc : Access denied finding property "ro.vendor.pref_scale_resolution"
02-17 18:51:56.377 13560 13560 E libc : Access denied finding property "ro.vendor.pref_scale_resolution"
02-17 18:51:56.381 13560 13560 E libc : Access denied finding property "ro.vendor.pref_scale_resolution"
02-17 18:51:56.403 13560 13560 E libc : Access denied finding property "ro.vendor.pref_scale_resolution"
02-17 18:51:56.408 13560 13560 E libc : Access denied finding property "ro.vendor.pref_scale_resolution"
02-17 18:51:56.416 13560 13560 E libc : Access denied finding property "ro.vendor.pref_scale_resolution"
02-17 18:51:56.420 13560 13560 E libc : Access denied finding property "ro.vendor.pref_scale_resolution"
02-17 18:51:56.425 13560 13560 E libc : Access denied finding property "ro.vendor.pref_scale_resolution"
02-17 18:51:56.432 13560 13560 E libc : Access denied finding property "ro.vendor.pref_scale_resolution"
02-17 18:51:56.440 13560 13560 E libc : Access denied finding property "ro.vendor.pref_scale_resolution"
02-17 18:51:56.462 13560 13560 E libc : Access denied finding property "ro.vendor.pref_scale_resolution"
02-17 18:51:56.504 13560 13560 E libc : Access denied finding property "ro.vendor.pref_scale_resolution"
02-17 18:51:56.510 13560 13560 E libc : Access denied finding property "ro.vendor.pref_scale_resolution"
02-17 18:51:56.607 13560 13560 E libc : Access denied finding property "ro.vendor.pref_scale_resolution"
02-17 18:51:56.690 13560 13560 E libc : Access denied finding property "ro.vendor.pref_scale_resolution"
02-17 18:51:56.981 13560 13560 E libc : Access denied finding property "ro.vendor.pref_scale_resolution"
02-17 18:51:57.119 13560 13560 E RecyclerView: No adapter attached; skipping layout
02-17 18:51:57.122 13560 13560 E libc : Access denied finding property "ro.vendor.pref_scale_resolution"
02-17 18:51:57.124 13560 13560 E libc : Access denied finding property "ro.vendor.pref_scale_resolution"
02-17 18:51:57.174 13560 13646 E ion : ioctl c0044901 failed with code -1: Invalid argument
02-17 18:51:57.253 13560 13560 W Looper : PerfMonitor longMsg : seq=59 plan=18:51:55.906 late=64ms wall=1282ms running=0ms h=android.view.Choreographer$FrameHandler c=android.view.Choreographer$FrameDisplayEventReceiver procState=2
02-17 18:51:57.254 13560 13560 W Looper : PerfMonitor doFrame : time=1282ms vsyncFrame=0 latency=64ms procState=2 historyMsgCount=37 (msgIndex=1 wall=950ms seq=22 late=17ms h=android.app.ActivityThread$H w=159)
02-17 18:51:57.268 13560 13560 E libc : Access denied finding property "ro.vendor.pref_scale_resolution"
02-17 18:51:57.270 13560 13560 E libc : Access denied finding property "ro.vendor.pref_scale_resolution"
02-17 18:51:57.284 13560 13560 E libc : Access denied finding property "ro.vendor.pref_scale_resolution"
02-17 18:51:57.290 13560 13560 E libc : Access denied finding property "ro.vendor.pref_scale_resolution"
02-17 18:51:57.294 13560 13560 E libc : Access denied finding property "ro.vendor.pref_scale_resolution"
02-17 18:51:57.307 13560 13560 E libc : Access denied finding property "ro.vendor.pref_scale_resolution"
02-17 18:51:57.310 13560 13560 E libc : Access denied finding property "ro.vendor.pref_scale_resolution"
02-17 18:51:57.338 13560 13560 E RecyclerView: No adapter attached; skipping layout
02-17 18:51:57.348 13560 13560 W Looper : PerfMonitor doFrame : time=83ms vsyncFrame=0 latency=1276ms procState=2 historyMsgCount=15 (msgIndex=1 wall=1282ms seq=59 late=64ms h=android.view.Choreographer$FrameHandler c=android.view.Choreographer$FrameDisplayEventReceiver)
02-17 18:51:57.351 13560 13560 E libc : Access denied finding property "ro.vendor.pref_scale_resolution"
02-17 18:51:57.366 13560 13560 E libc : Access denied finding property "ro.vendor.pref_scale_resolution"
02-17 18:51:57.374 13560 13560 E ArmVmp : Match on catch block at 0x0a in for 0xc1
02-17 18:51:57.387 13560 13560 W Looper : PerfMonitor looperActivity : package=com.mbwhatsapp/mbmodsd.mbmodsw.mbsettings.yo.PauseActivity time=19ms latency=878ms running=0ms procState=2 ClientTransaction{ callbacks=[android.app.servertransaction.LaunchActivityItem] lifecycleRequest=android.app.servertransaction.ResumeActivityItem } historyMsgCount=56 (msgIndex=1 wall=1282ms seq=59 late=64ms h=android.view.Choreographer$FrameHandler c=android.view.Choreographer$FrameDisplayEventReceiver) (msgIndex=16 wall=83ms seq=74 late=1276ms h=android.view.Choreographer$FrameHandler c=android.view.Choreographer$FrameDisplayEventReceiver)
02-17 18:51:57.388 13560 13560 W Looper : PerfMonitor looperActivity : package=com.mbwhatsapp/mbmodsd.mbmodsw.mbsettings.yo.PauseActivity time=0ms latency=897ms running=0ms procState=2 ClientTransaction{ callbacks=[android.app.servertransaction.TopResumedActivityChang eItem] } historyMsgCount=57 (msgIndex=1 wall=1282ms seq=59 late=64ms h=android.view.Choreographer$FrameHandler c=android.view.Choreographer$FrameDisplayEventReceiver) (msgIndex=16 wall=83ms seq=74 late=1276ms h=android.view.Choreographer$FrameHandler c=android.view.Choreographer$FrameDisplayEventReceiver)
02-17 18:51:57.560 13560 13560 E libc : Access denied finding property "ro.vendor.pref_scale_resolution"
02-17 18:51:57.571 13560 13560 E libc : Access denied finding property "ro.vendor.pref_scale_resolution"
02-17 18:51:57.576 13560 13560 E libc : Access denied finding property "ro.vendor.pref_scale_resolution"
02-17 18:51:57.611 13560 13585 W LibraryVersion: Failed to get app version for libraryName: firebase-iid
02-17 18:51:57.651 13560 13814 W LOTTIE : Animation contains merge paths. Merge paths are only supported on KitKat+ and must be manually enabled by calling enableMergePathsForKitKatAndAbove().
02-17 18:51:57.662 13560 13560 E libc : Access denied finding property "ro.vendor.pref_scale_resolution"
02-17 18:51:57.686 13560 13560 E libc : Access denied finding property "ro.vendor.pref_scale_resolution"
02-17 18:51:57.764 13560 13560 E libc : Access denied finding property "ro.vendor.pref_scale_resolution"
02-17 18:51:57.945 13560 13560 E libc : Access denied finding property "ro.vendor.pref_scale_resolution"
02-17 18:51:57.949 13560 13560 W LOTTIE : Animation contains merge paths but they are disabled.
02-17 18:51:57.970 13560 13560 E libc : Access denied finding property "ro.vendor.pref_scale_resolution"
02-17 18:51:57.997 13560 13560 E libc : Access denied finding property "ro.vendor.pref_scale_resolution"
02-17 18:51:58.005 13560 13560 E libc : Access denied finding property "ro.vendor.pref_scale_resolution"
02-17 18:51:58.078 13560 13560 E libc : Access denied finding property "ro.vendor.pref_scale_resolution"
02-17 18:51:58.085 13560 13560 E libc : Access denied finding property "ro.vendor.pref_scale_resolution"
02-17 18:51:58.093 13560 13560 E libc : Access denied finding property "ro.vendor.pref_scale_resolution"
02-17 18:51:58.095 13560 13560 E libc : Access denied finding property "ro.vendor.pref_scale_resolution"
02-17 18:51:58.149 13560 13560 E libc : Access denied finding property "ro.vendor.pref_scale_resolution"
02-17 18:51:58.199 13560 13560 E libc : Access denied finding property "ro.vendor.pref_scale_resolution"
02-17 18:51:58.201 13560 13560 E libc : Access denied finding property "ro.vendor.pref_scale_resolution"
02-17 18:51:58.205 13560 13560 E libc : Access denied finding property "ro.vendor.pref_scale_resolution"
02-17 18:51:58.211 13560 13560 E libc : Access denied finding property "ro.vendor.pref_scale_resolution"
02-17 18:51:58.214 13560 13560 E libc : Access denied finding property "ro.vendor.pref_scale_resolution"
02-17 18:51:58.279 13560 13560 E libc : Access denied finding property "ro.vendor.pref_scale_resolution"
02-17 18:51:58.775 13560 13560 E libc : Access denied finding property "ro.vendor.pref_scale_resolution"
02-17 18:51:58.907 13560 13560 E libc : Access denied finding property "ro.vendor.pref_scale_resolution"
02-17 18:51:58.915 13560 13560 E libc : Access denied finding property "ro.vendor.pref_scale_resolution"
02-17 18:51:58.929 13560 13560 E libc : Access denied finding property "ro.vendor.pref_scale_resolution"
02-17 18:51:58.956 13560 13560 E ArmVmp : Match on catch block at 0x0a in for 0x169
02-17 18:51:59.351 13560 13560 E libc : Access denied finding property "ro.vendor.pref_scale_resolution"
02-17 18:52:00.164 13560 13560 E libc : Access denied finding property "ro.vendor.pref_scale_resolution"
02-17 18:52:00.168 13560 13560 E libc : Access denied finding property "ro.vendor.pref_scale_resolution"
02-17 18:52:00.170 13560 13560 E libc : Access denied finding property "ro.vendor.pref_scale_resolution"
02-17 18:52:00.174 13560 13560 E libc : Access denied finding property "ro.vendor.pref_scale_resolution"
02-17 18:52:00.176 13560 13560 E libc : Access denied finding property "ro.vendor.pref_scale_resolution"
02-17 18:52:00.177 13560 13560 E libc : Access denied finding property "ro.vendor.pref_scale_resolution"
02-17 18:52:00.180 13560 13560 E libc : Access denied finding property "ro.vendor.pref_scale_resolution"
02-17 18:52:00.189 13560 13560 E libc : Access denied finding property "ro.vendor.pref_scale_resolution"
02-17 18:52:00.191 13560 13560 E libc : Access denied finding property "ro.vendor.pref_scale_resolution"
02-17 18:52:00.197 13560 13560 E libc : Access denied finding property "ro.vendor.pref_scale_resolution"
02-17 18:52:00.200 13560 13560 E libc : Access denied finding property "ro.vendor.pref_scale_resolution"
02-17 18:52:00.204 13560 13560 E libc : Access denied finding property "ro.vendor.pref_scale_resolution"
02-17 18:52:00.210 13560 13560 E libc : Access denied finding property "ro.vendor.pref_scale_resolution"
02-17 18:52:00.213 13560 13560 E libc : Access denied finding property "ro.vendor.pref_scale_resolution"
02-17 18:52:00.412 13560 13560 W Activity: Slow Operation: Activity com.mbwhatsapp/.contact.picker.ContactPicker onStart took 260ms
02-17 18:52:00.409 13560 13560 E libc : Access denied finding property "ro.vendor.pref_scale_resolution"
02-17 18:52:00.433 13560 13560 W Looper : PerfMonitor looperActivity : package=com.mbwhatsapp/.contact.picker.ContactPicker time=1ms latency=358ms running=0ms procState=2 ClientTransaction{ callbacks=[android.app.servertransaction.TopResumedActivityChang eItem] } historyMsgCount=3 (msgIndex=3 wall=343ms seq=555 late=16ms h=android.app.ActivityThread$H w=159)
02-17 18:52:00.534 13560 13560 E libc : Access denied finding property "ro.vendor.pref_scale_resolution"
02-17 18:52:00.542 13560 13560 E libc : Access denied finding property "ro.vendor.pref_scale_resolution"
02-17 18:52:03.122 13560 13560 E libc : Access denied finding property "ro.vendor.pref_scale_resolution"
02-17 18:52:03.440 13560 13646 W RenderInspector: QueueBuffer time out on com.mbwhatsapp/com.mbwhatsapp.contact.picker.ContactPicker, count=1, avg=26 ms, max=26 ms.
02-17 18:52:03.501 13560 13560 E libc : Access denied finding property "ro.vendor.pref_scale_resolution"
02-17 18:52:03.505 13560 13560 E libc : Access denied finding property "ro.vendor.pref_scale_resolution"
02-17 18:52:03.510 13560 13560 E libc : Access denied finding property "ro.vendor.pref_scale_resolution"
02-17 18:52:03.520 13560 13560 E libc : Access denied finding property "ro.vendor.pref_scale_resolution"
02-17 18:52:03.522 13560 13560 E libc : Access denied finding property "ro.vendor.pref_scale_resolution"
02-17 18:52:03.526 13560 13560 E libc : Access denied finding property "ro.vendor.pref_scale_resolution"
02-17 18:52:03.530 13560 13560 E libc : Access denied finding property "ro.vendor.pref_scale_resolution"
02-17 18:52:03.542 13560 13560 E libc : Access denied finding property "ro.vendor.pref_scale_resolution"
02-17 18:52:03.552 13560 13560 E libc : Access denied finding property "ro.vendor.pref_scale_resolution"
02-17 18:52:03.558 13560 13560 E libc : Access denied finding property "ro.vendor.pref_scale_resolution"
02-17 18:52:03.562 13560 13560 E libc : Access denied finding property "ro.vendor.pref_scale_resolution"
02-17 18:52:03.567 13560 13560 E libc : Access denied finding property "ro.vendor.pref_scale_resolution"
02-17 18:52:03.574 13560 13560 E libc : Access denied finding property "ro.vendor.pref_scale_resolution"
02-17 18:52:03.587 13560 13560 E libc : Access denied finding property "ro.vendor.pref_scale_resolution"
02-17 18:52:03.590 13560 13560 E libc : Access denied finding property "ro.vendor.pref_scale_resolution"
02-17 18:52:03.597 13560 13560 E libc : Access denied finding property "ro.vendor.pref_scale_resolution"
02-17 18:52:03.605 13560 13560 E libc : Access denied finding property "ro.vendor.pref_scale_resolution"
02-17 18:52:03.617 13560 13560 E libc : Access denied finding property "ro.vendor.pref_scale_resolution"
02-17 18:52:03.621 13560 13560 E libc : Access denied finding property "ro.vendor.pref_scale_resolution"
02-17 18:52:03.628 13560 13560 E libc : Access denied finding property "ro.vendor.pref_scale_resolution"
02-17 18:52:03.638 13560 13560 E libc : Access denied finding property "ro.vendor.pref_scale_resolution"
02-17 18:52:03.648 13560 13560 E libc : Access denied finding property "ro.vendor.pref_scale_resolution"
02-17 18:52:03.655 13560 13560 E libc : Access denied finding property "ro.vendor.pref_scale_resolution"
02-17 18:52:03.669 13560 13560 E libc : Access denied finding property "ro.vendor.pref_scale_resolution"
02-17 18:52:03.672 13560 13560 E libc : Access denied finding property "ro.vendor.pref_scale_resolution"
02-17 18:52:03.676 13560 13560 E libc : Access denied finding property "ro.vendor.pref_scale_resolution"
02-17 18:52:03.694 13560 13560 E libc : Access denied finding property "ro.vendor.pref_scale_resolution"
02-17 18:52:03.702 13560 13560 E libc : Access denied finding property "ro.vendor.pref_scale_resolution"
02-17 18:52:03.717 13560 13560 E libc : Access denied finding property "ro.vendor.pref_scale_resolution"
02-17 18:52:03.727 13560 13560 E libc : Access denied finding property "ro.vendor.pref_scale_resolution"
02-17 18:52:03.731 13560 13560 E libc : Access denied finding property "ro.vendor.pref_scale_resolution"
02-17 18:52:03.802 13560 13560 E ArmVmp : Match on catch block at 0x0a in for 0xb9
02-17 18:52:03.811 13560 13560 E ArmVmp : Match on catch block at 0x0a in for 0xb9
02-17 18:52:03.822 13560 13560 E libc : Access denied finding property "ro.vendor.pref_scale_resolution"
02-17 18:52:03.828 13560 13560 E libc : Access denied finding property "ro.vendor.pref_scale_resolution"
02-17 18:52:03.839 13560 13560 E libc : Access denied finding property "ro.vendor.pref_scale_resolution"
02-17 18:52:03.841 13560 13560 E libc : Access denied finding property "ro.vendor.pref_scale_resolution"
02-17 18:52:03.844 13560 13560 E libc : Access denied finding property "ro.vendor.pref_scale_resolution"
02-17 18:52:03.847 13560 13560 E libc : Access denied finding property "ro.vendor.pref_scale_resolution"
02-17 18:52:03.888 13560 13560 W Looper : PerfMonitor looperActivity : package=com.mbwhatsapp/.Conversation time=1ms latency=634ms running=0ms procState=2 ClientTransaction{ callbacks=[android.app.servertransaction.TopResumedActivityChang eItem] } historyMsgCount=17 (msgIndex=17 wall=594ms seq=828 late=40ms h=android.app.ActivityThread$H w=159)
02-17 18:52:03.950 13560 13560 E libc : Access denied finding property "ro.vendor.pref_scale_resolution"
02-17 18:52:03.952 13560 13560 E libc : Access denied finding property "ro.vendor.pref_scale_resolution"
02-17 18:52:03.953 13560 13560 E libc : Access denied finding property "ro.vendor.pref_scale_resolution"
02-17 18:52:03.966 13560 13560 E libc : Access denied finding property "ro.vendor.pref_scale_resolution"
02-17 18:52:03.970 13560 13560 E libc : Access denied finding property "ro.vendor.pref_scale_resolution"
02-17 18:52:03.975 13560 13560 E libc : Access denied finding property "ro.vendor.pref_scale_resolution"
02-17 18:52:03.983 13560 13560 E ArmVmp : Match on catch block at 0xc3 in for 0xa9
02-17 18:52:03.986 13560 13560 E ArmVmp : Match on catch block at 0xc3 in for 0xa9
02-17 18:52:03.990 13560 13560 E libc : Access denied finding property "ro.vendor.pref_scale_resolution"
02-17 18:52:03.995 13560 13560 E libc : Access denied finding property "ro.vendor.pref_scale_resolution"
02-17 18:52:04.025 13560 13560 W Looper : PerfMonitor doFrame : time=134ms vsyncFrame=0 latency=619ms procState=2 historyMsgCount=11 (msgIndex=5 wall=594ms seq=828 late=40ms h=android.app.ActivityThread$H w=159)
02-17 18:52:04.042 13560 13560 E libc : Access denied finding property "ro.vendor.pref_scale_resolution"
02-17 18:52:04.046 13560 13560 E libc : Access denied finding property "ro.vendor.pref_scale_resolution"
02-17 18:52:04.070 13560 13560 E ArmVmp : Match on catch block at 0xc3 in for 0x91
02-17 18:52:04.072 13560 13560 E ArmVmp : Match on catch block at 0xc3 in for 0x95
02-17 18:52:04.120 13560 13560 E ArmVmp : Match on catch block at 0xc3 in for 0x91
02-17 18:52:04.123 13560 13560 E ArmVmp : Match on catch block at 0xc3 in for 0x95
02-17 18:52:04.141 13560 13560 E ArmVmp : Match on catch block at 0xc3 in for 0x95
02-17 18:52:04.143 13560 13560 E ArmVmp : Match on catch block at 0xc3 in for 0x99
02-17 18:52:04.623 13560 13560 E ArmVmp : Match on catch block at 0xc3 in for 0x99
02-17 18:52:04.629 13560 13560 E ArmVmp : Match on catch block at 0xc3 in for 0x91
02-17 18:52:04.695 13560 13560 E ArmVmp : Match on catch block at 0xc3 in for 0x91
02-17 18:52:04.700 13560 13560 E ArmVmp : Match on catch block at 0xc3 in for 0x95
02-17 18:52:04.712 13560 13560 E ArmVmp : Match on catch block at 0xc3 in for 0x95
02-17 18:52:04.717 13560 13560 E ArmVmp : Match on catch block at 0xc3 in for 0x99
02-17 18:52:04.729 13560 13560 E ArmVmp : Match on catch block at 0xc3 in for 0x99
02-17 18:52:04.734 13560 13560 E ArmVmp : Match on catch block at 0xc3 in for 0x91
02-17 18:52:04.746 13560 13560 E ArmVmp : Match on catch block at 0xc3 in for 0x91
02-17 18:52:04.750 13560 13560 E ArmVmp : Match on catch block at 0xc3 in for 0x95
02-17 18:52:04.783 13560 13560 E ArmVmp : Match on catch block at 0xc3 in for 0x95
02-17 18:52:04.789 13560 13560 E ArmVmp : Match on catch block at 0xc3 in for 0x99
02-17 18:52:04.812 13560 13560 E ArmVmp : Match on catch block at 0xc3 in for 0x99
02-17 18:52:04.817 13560 13560 E ArmVmp : Match on catch block at 0xc3 in for 0x91
02-17 18:52:04.828 13560 13560 E ArmVmp : Match on catch block at 0xc3 in for 0x91
02-17 18:52:04.833 13560 13560 E ArmVmp : Match on catch block at 0xc3 in for 0x95
02-17 18:52:04.844 13560 13560 E ArmVmp : Match on catch block at 0xc3 in for 0x95
02-17 18:52:04.847 13560 13646 W RenderInspector: DequeueBuffer time out on com.mbwhatsapp/com.mbwhatsapp.Conversation, count=1, avg=27 ms, max=27 ms.
02-17 18:52:04.851 13560 13560 E ArmVmp : Match on catch block at 0xc3 in for 0x99
02-17 18:52:04.862 13560 13560 E ArmVmp : Match on catch block at 0xc3 in for 0x99
02-17 18:52:04.867 13560 13560 E ArmVmp : Match on catch block at 0xc3 in for 0x91
02-17 18:52:04.878 13560 13560 E ArmVmp : Match on catch block at 0xc3 in for 0x91
02-17 18:52:04.882 13560 13560 E ArmVmp : Match on catch block at 0xc3 in for 0x95
02-17 18:52:04.894 13560 13560 E ArmVmp : Match on catch block at 0xc3 in for 0x95
02-17 18:52:04.898 13560 13560 E ArmVmp : Match on catch block at 0xc3 in for 0x99
02-17 18:52:04.911 13560 13560 E ArmVmp : Match on catch block at 0xc3 in for 0x99
02-17 18:52:04.915 13560 13560 E ArmVmp : Match on catch block at 0xc3 in for 0x91
02-17 18:52:04.928 13560 13560 E ArmVmp : Match on catch block at 0xc3 in for 0x91
02-17 18:52:04.933 13560 13560 E ArmVmp : Match on catch block at 0xc3 in for 0x95
02-17 18:52:04.944 13560 13560 E ArmVmp : Match on catch block at 0xc3 in for 0x95
02-17 18:52:04.949 13560 13560 E ArmVmp : Match on catch block at 0xc3 in for 0x99
02-17 18:52:04.960 13560 13560 E ArmVmp : Match on catch block at 0xc3 in for 0x99
02-17 18:52:04.967 13560 13560 E ArmVmp : Match on catch block at 0xc3 in for 0x91
02-17 18:52:04.978 13560 13560 E ArmVmp : Match on catch block at 0xc3 in for 0x91
02-17 18:52:04.984 13560 13560 E ArmVmp : Match on catch block at 0xc3 in for 0x95
02-17 18:52:04.994 13560 13560 E ArmVmp : Match on catch block at 0xc3 in for 0x95
02-17 18:52:04.999 13560 13560 E ArmVmp : Match on catch block at 0xc3 in for 0x99
02-17 18:52:05.011 13560 13560 E ArmVmp : Match on catch block at 0xc3 in for 0x99
02-17 18:52:05.018 13560 13560 E ArmVmp : Match on catch block at 0xc3 in for 0x91
02-17 18:52:05.125 13560 13560 E ArmVmp : Match on catch block at 0xc3 in for 0x91
02-17 18:52:05.130 13560 13560 E ArmVmp : Match on catch block at 0xc3 in for 0x95
02-17 18:52:05.314 13560 13560 E ArmVmp : Match on catch block at 0xc3 in for 0x91
02-17 18:52:05.319 13560 13560 E ArmVmp : Match on catch block at 0xc3 in for 0x95
02-17 18:52:05.331 13560 13560 E ArmVmp : Match on catch block at 0xc3 in for 0x95
02-17 18:52:05.337 13560 13560 E ArmVmp : Match on catch block at 0xc3 in for 0x99
02-17 18:52:05.637 13560 13560 E ArmVmp : Match on catch block at 0xc3 in for 0x99
02-17 18:52:05.643 13560 13560 E ArmVmp : Match on catch block at 0xc3 in for 0x91
02-17 18:52:06.133 13560 13560 E ArmVmp : Match on catch block at 0xc3 in for 0x91
02-17 18:52:06.139 13560 13560 E ArmVmp : Match on catch block at 0xc3 in for 0x95
02-17 18:52:06.386 13560 13560 E ArmVmp : Match on catch block at 0xc3 in for 0x99
02-17 18:52:06.390 13560 13560 E ArmVmp : Match on catch block at 0xc3 in for 0x91
02-17 18:52:06.402 13560 13560 E ArmVmp : Match on catch block at 0xc3 in for 0x91
02-17 18:52:06.407 13560 13560 E ArmVmp : Match on catch block at 0xc3 in for 0x95
02-17 18:52:06.627 13560 13560 E ArmVmp : Match on catch block at 0xc3 in for 0x95
02-17 18:52:06.630 13560 13560 E ArmVmp : Match on catch block at 0xc3 in for 0x99
02-17 18:52:07.141 13560 13560 E ArmVmp : Match on catch block at 0xc3 in for 0x95
02-17 18:52:07.144 13560 13560 E ArmVmp : Match on catch block at 0xc3 in for 0x99
02-17 18:52:07.213 13560 13560 E libc : Access denied finding property "ro.vendor.pref_scale_resolution"
02-17 18:52:07.289 13560 13560 E ArmVmp : Match on catch block at 0xc3 in for 0x95
02-17 18:52:07.294 13560 13560 E ArmVmp : Match on catch block at 0xc3 in for 0x99
02-17 18:52:07.329 13560 13560 E libc : Access denied finding property "ro.vendor.pref_scale_resolution"
02-17 18:52:07.342 13560 13560 E libc : Access denied finding property "ro.vendor.pref_scale_resolution"
02-17 18:52:07.353 13560 13560 E libc : Access denied finding property "ro.vendor.pref_scale_resolution"
02-17 18:52:07.365 13560 13560 E libc : Access denied finding property "ro.vendor.pref_scale_resolution"
02-17 18:52:07.379 13560 13560 E libc : Access denied finding property "ro.vendor.pref_scale_resolution"
02-17 18:52:07.390 13560 13560 E libc : Access denied finding property "ro.vendor.pref_scale_resolution"
02-17 18:52:07.399 13560 13560 E libc : Access denied finding property "ro.vendor.pref_scale_resolution"
02-17 18:52:07.410 13560 13560 E libc : Access denied finding property "ro.vendor.pref_scale_resolution"
02-17 18:52:07.629 13560 13560 E ArmVmp : Match on catch block at 0xc3 in for 0x91
02-17 18:52:07.635 13560 13560 E ArmVmp : Match on catch block at 0xc3 in for 0x95
02-17 18:52:07.739 13560 13560 E ArmVmp : Match on catch block at 0xc3 in for 0x95
02-17 18:52:07.749 13560 13560 E ArmVmp : Match on catch block at 0xc3 in for 0x99
02-17 18:52:07.774 13560 13560 E ArmVmp : Match on catch block at 0xc3 in for 0x99
02-17 18:52:07.780 13560 13560 E ArmVmp : Match on catch block at 0xc3 in for 0x91
02-17 18:52:07.933 13560 13560 E ArmVmp : Match on catch block at 0xc3 in for 0x91
02-17 18:52:07.938 13560 13560 E ArmVmp : Match on catch block at 0xc3 in for 0x95
02-17 18:52:07.949 13560 13560 E ArmVmp : Match on catch block at 0xc3 in for 0x95
02-17 18:52:07.955 13560 13560 E ArmVmp : Match on catch block at 0xc3 in for 0x99
02-17 18:52:07.967 13560 13560 E ArmVmp : Match on catch block at 0xc3 in for 0x99
02-17 18:52:07.972 13560 13560 E ArmVmp : Match on catch block at 0xc3 in for 0x91
02-17 18:52:07.982 13560 13560 E ArmVmp : Match on catch block at 0xc3 in for 0x91
02-17 18:52:07.987 13560 13560 E ArmVmp : Match on catch block at 0xc3 in for 0x95
02-17 18:52:07.999 13560 13560 E ArmVmp : Match on catch block at 0xc3 in for 0x95
02-17 18:52:08.005 13560 13560 E ArmVmp : Match on catch block at 0xc3 in for 0x99
02-17 18:52:08.016 13560 13560 E ArmVmp : Match on catch block at 0xc3 in for 0x99
02-17 18:52:08.021 13560 13560 E ArmVmp : Match on catch block at 0xc3 in for 0x91
02-17 18:52:08.032 13560 13560 E ArmVmp : Match on catch block at 0xc3 in for 0x91
02-17 18:52:08.038 13560 13560 E ArmVmp : Match on catch block at 0xc3 in for 0x95
02-17 18:52:08.048 13560 13560 E ArmVmp : Match on catch block at 0xc3 in for 0x95
02-17 18:52:08.055 13560 13560 E ArmVmp : Match on catch block at 0xc3 in for 0x99
02-17 18:52:08.067 13560 13560 E ArmVmp : Match on catch block at 0xc3 in for 0x99
02-17 18:52:08.072 13560 13560 E ArmVmp : Match on catch block at 0xc3 in for 0x91
02-17 18:52:08.082 13560 13560 E ArmVmp : Match on catch block at 0xc3 in for 0x91
02-17 18:52:08.089 13560 13560 E ArmVmp : Match on catch block at 0xc3 in for 0x95
02-17 18:52:08.099 13560 13560 E ArmVmp : Match on catch block at 0xc3 in for 0x95
02-17 18:52:08.105 13560 13560 E ArmVmp : Match on catch block at 0xc3 in for 0x99
02-17 18:52:08.115 13560 13560 E ArmVmp : Match on catch block at 0xc3 in for 0x91
02-17 18:52:08.118 13560 13560 E ArmVmp : Match on catch block at 0xc3 in for 0x95
02-17 18:52:08.130 13560 13560 E ArmVmp : Match on catch block at 0xc3 in for 0x95
02-17 18:52:08.132 13560 13560 E ArmVmp : Match on catch block at 0xc3 in for 0x99
02-17 18:52:08.146 13560 13560 E ArmVmp : Match on catch block at 0xc3 in for 0x99
02-17 18:52:08.149 13560 13560 E ArmVmp : Match on catch block at 0xc3 in for 0x91
02-17 18:52:08.164 13560 13560 E ArmVmp : Match on catch block at 0xc3 in for 0x91
02-17 18:52:08.168 13560 13560 E ArmVmp : Match on catch block at 0xc3 in for 0x95
02-17 18:52:08.237 13560 13560 E ArmVmp : Match on catch block at 0xc3 in for 0x91
02-17 18:52:08.240 13560 13560 E ArmVmp : Match on catch block at 0xc3 in for 0x95
02-17 18:52:08.263 13560 13560 E ArmVmp : Match on catch block at 0xc3 in for 0x95
02-17 18:52:08.266 13560 13560 E ArmVmp : Match on catch block at 0xc3 in for 0x99
02-17 18:52:08.308 13560 13560 E libc : Access denied finding property "ro.vendor.pref_scale_resolution"
02-17 18:52:08.310 13560 13560 E libc : Access denied finding property "ro.vendor.pref_scale_resolution"
02-17 18:52:08.312 13560 13560 E libc : Access denied finding property "ro.vendor.pref_scale_resolution"
02-17 18:52:08.315 13560 13560 E libc : Access denied finding property "ro.vendor.pref_scale_resolution"
02-17 18:52:08.320 13560 13560 W BottomSheetBehavior: BottomSheetBehavior now supports multiple callbacks. `setBottomSheetCallback()` removes all existing callbacks, including ones set internally by library authors, which may result in unintended behavior. This may change in the future. Please use `addBottomSheetCallback()` and `removeBottomSheetCallback()` instead to set your own callbacks.
02-17 18:52:08.322 13560 13560 E libc : Access denied finding property "ro.vendor.pref_scale_resolution"
02-17 18:52:08.330 13560 13560 E libc : Access denied finding property "ro.vendor.pref_scale_resolution"
02-17 18:52:08.331 13560 13560 E libc : Access denied finding property "ro.vendor.pref_scale_resolution"
02-17 18:52:08.344 13560 13560 E libc : Access denied finding property "ro.vendor.pref_scale_resolution"
02-17 18:52:08.352 13560 13560 E libc : Access denied finding property "ro.vendor.pref_scale_resolution"
02-17 18:52:08.370 13560 13560 E libc : Access denied finding property "ro.vendor.pref_scale_resolution"
02-17 18:52:08.392 13560 13729 E libc : Access denied finding property "ro.vendor.pref_scale_resolution"
02-17 18:52:08.396 13560 13729 E libc : Access denied finding property "ro.vendor.pref_scale_resolution"
02-17 18:52:08.416 13560 13729 E libc : Access denied finding property "ro.vendor.pref_scale_resolution"
02-17 18:52:08.435 13560 13729 E libc : Access denied finding property "ro.vendor.pref_scale_resolution"
02-17 18:52:08.438 13560 13560 E libc : Access denied finding property "ro.vendor.pref_scale_resolution"
02-17 18:52:08.475 13560 13560 E libc : Access denied finding property "ro.vendor.pref_scale_resolution"
02-17 18:52:08.486 13560 13560 E libc : Access denied finding property "ro.vendor.pref_scale_resolution"
02-17 18:52:08.497 13560 13560 E libc : Access denied finding property "ro.vendor.pref_scale_resolution"
02-17 18:52:08.500 13560 13729 E libc : Access denied finding property "ro.vendor.pref_scale_resolution"
02-17 18:52:08.501 13560 13560 E libc : Access denied finding property "ro.vendor.pref_scale_resolution"
02-17 18:52:08.585 13560 13560 E ArmVmp : Match on catch block at 0xc3 in for 0x99
02-17 18:52:08.588 13560 13560 E ArmVmp : Match on catch block at 0xc3 in for 0x91
02-17 18:52:08.601 13560 13560 E libc : Access denied finding property "ro.vendor.pref_scale_resolution"
02-17 18:52:08.602 13560 13560 E libc : Access denied finding property "ro.vendor.pref_scale_resolution"
02-17 18:52:08.609 13560 13560 E libc : Access denied finding property "ro.vendor.pref_scale_resolution"
02-17 18:52:08.611 13560 13560 E libc : Access denied finding property "ro.vendor.pref_scale_resolution"
02-17 18:52:08.611 13560 13560 E libc : Access denied finding property "ro.vendor.pref_scale_resolution"
02-17 18:52:08.634 13560 13560 E ArmVmp : Match on catch block at 0xc3 in for 0x91
02-17 18:52:08.636 13560 13560 E ArmVmp : Match on catch block at 0xc3 in for 0x95
02-17 18:52:08.674 13560 13560 E libc : Access denied finding property "ro.vendor.pref_scale_resolution"
02-17 18:52:08.676 13560 13560 E libc : Access denied finding property "ro.vendor.pref_scale_resolution"
02-17 18:52:08.684 13560 13560 E libc : Access denied finding property "ro.vendor.pref_scale_resolution"
02-17 18:52:08.694 13560 13560 E libc : Access denied finding property "ro.vendor.pref_scale_resolution"
02-17 18:52:08.705 13560 13560 E libc : Access denied finding property "ro.vendor.pref_scale_resolution"
02-17 18:52:08.732 13560 13560 W pool-6-thread-1: type=1400 audit(0.0:88259): avc: granted { execute } for path="/data/data/com.mbwhatsapp/files/decompressed/libs.spk.zst/libgifimage.so" dev="mmcblk0p41" ino=456565 scontext=u:r:untrusted_app:s0:c238,c257,c512,c768 tcontext=u:object_r:app_data_file:s0:c238,c257,c512,c768 tclass=file app=com.mbwhatsapp
02-17 18:52:08.795 13560 13560 E libc : Access denied finding property "ro.vendor.pref_scale_resolution"
02-17 18:52:10.089 13560 13560 E libc : Access denied finding property "ro.vendor.pref_scale_resolution"
02-17 18:52:10.132 13560 13560 E libc : Access denied finding property "ro.vendor.pref_scale_resolution"
02-17 18:52:10.133 13560 13560 E libc : Access denied finding property "ro.vendor.pref_scale_resolution"
02-17 18:52:10.179 13560 13560 E libc : Access denied finding property "ro.vendor.pref_scale_resolution"
02-17 18:52:10.253 13560 13560 E libc : Access denied finding property "ro.vendor.pref_scale_resolution"
02-17 18:52:10.257 13560 13560 E libc : Access denied finding property "ro.vendor.pref_scale_resolution"
02-17 18:52:10.263 13560 13560 W View : requestLayout() improperly called by androidx.appcompat.view.menu.ActionMenuItemView{5463def VFED..C.. ......ID 0,8- 96,104 #7f0b0f8c app:id/menuitem_select_multiple} during layout: running second layout pass
02-17 18:52:10.263 13560 13560 W View : requestLayout() improperly called by androidx.appcompat.widget.ActionMenuView{ba160fc V.E...... ......ID 624,0-720,112} during layout: running second layout pass
02-17 18:52:10.291 13560 13560 E libc : Access denied finding property "ro.vendor.pref_scale_resolution"
02-17 18:52:13.405 13560 13560 E libc : Access denied finding property "ro.vendor.pref_scale_resolution"
02-17 18:52:13.445 13560 13560 E libc : Access denied finding property "ro.vendor.pref_scale_resolution"
02-17 18:52:13.455 13560 13560 E libc : Access denied finding property "ro.vendor.pref_scale_resolution"
02-17 18:52:13.489 13560 13560 E libc : Access denied finding property "ro.vendor.pref_scale_resolution"
02-17 18:52:13.493 13560 13560 E libc : Access denied finding property "ro.vendor.pref_scale_resolution"
02-17 18:52:13.525 13560 13560 E libc : Access denied finding property "ro.vendor.pref_scale_resolution"
02-17 18:52:13.624 13560 13560 E RecyclerView: No adapter attached; skipping layout
02-17 18:52:13.682 13560 13560 E libc : Access denied finding property "ro.vendor.pref_scale_resolution"
02-17 18:52:13.687 13560 13560 E libc : Access denied finding property "ro.vendor.pref_scale_resolution"
02-17 18:52:13.692 13560 13560 E libc : Access denied finding property "ro.vendor.pref_scale_resolution"
02-17 18:52:13.698 13560 13560 E libc : Access denied finding property "ro.vendor.pref_scale_resolution"
02-17 18:52:13.703 13560 13560 E libc : Access denied finding property "ro.vendor.pref_scale_resolution"
02-17 18:52:13.756 13560 13560 E libc : Access denied finding property "ro.vendor.pref_scale_resolution"
02-17 18:52:13.757 13560 13560 W BottomSheetBehavior: BottomSheetBehavior now supports multiple callbacks. `setBottomSheetCallback()` removes all existing callbacks, including ones set internally by library authors, which may result in unintended behavior. This may change in the future. Please use `addBottomSheetCallback()` and `removeBottomSheetCallback()` instead to set your own callbacks.
02-17 18:52:13.766 13560 13560 E libc : Access denied finding property "ro.vendor.pref_scale_resolution"
02-17 18:52:13.768 13560 13560 E libc : Access denied finding property "ro.vendor.pref_scale_resolution"
02-17 18:52:13.781 13560 13560 E RecyclerView: No adapter attached; skipping layout
02-17 18:52:13.799 13560 13560 E RecyclerView: No adapter attached; skipping layout
02-17 18:52:13.847 13560 13560 E RecyclerView: No adapter attached; skipping layout
02-17 18:52:14.295 13560 13560 E libc : Access denied finding property "ro.vendor.pref_scale_resolution"
02-17 18:52:14.724 13560 13611 E SQLiteDatabase: Error inserting transferred=0 media_job_uuid=e5a9a2be-8507-40fc-9b48-26d85ca56283 transcoded=1 gif_attribution=0 first_scan_length=0 direct_path=null thumbnail_height_width_ratio=1.3333334 is_animated_sticker=0 file_hash=null file_path=/data/user/0/com.mbwhatsapp/files/.Shared/dc778815-5339-4bf0-bab4- e98ea2b1af72.jpg file_size=150647 partial_media_hash=null face_x=431 face_y=167 height=1280 trim_to=0 media_key_timestamp=0 message_url=null media_caption=null trim_from=0 mime_type=null partial_media_enc_hash=null width=960 original_file_hash=null has_streaming_sidecar=0 autotransfer_retry_enabled=1 media_upload_handle=null message_row_id=863 multicast_id=null enc_file_hash=null mute_video=0 page_count=0 first_scan_sidecar=null suspicious_content=0 file_length=150647 media_name=dc778815-5339-4bf0-bab4-e98ea2b1af72.jpg media_duration=0 chat_row_id=34 media_key=null
02-17 18:52:14.724 13560 13611 E SQLiteDatabase: android.database.sqlite.SQLiteConstraintException: UNIQUE constraint failed: message_media.message_row_id (code 1555 SQLITE_CONSTRAINT_PRIMARYKEY)
02-17 18:52:14.724 13560 13611 E SQLiteDatabase: at android.database.sqlite.SQLiteConnection.nativeExecuteForLastInsertedRowId(Native Method)
02-17 18:52:14.724 13560 13611 E SQLiteDatabase: at android.database.sqlite.SQLiteConnection.executeForLastInsertedRowId(SQLiteConnecti on.java:938)
02-17 18:52:14.724 13560 13611 E SQLiteDatabase: at android.database.sqlite.SQLiteSession.executeForLastInsertedRowId(SQLiteSession.jav a:790)
02-17 18:52:14.724 13560 13611 E SQLiteDatabase: at android.database.sqlite.SQLiteStatement.executeInsert(SQLiteStatement.java:88)
02-17 18:52:14.724 13560 13611 E SQLiteDatabase: at android.database.sqlite.SQLiteDatabase.insertWithOnConflict(SQLiteDatabase.java:170 1)
02-17 18:52:14.724 13560 13611 E SQLiteDatabase: at android.database.sqlite.SQLiteDatabase.insert(SQLiteDatabase.java:1570)
02-17 18:52:14.724 13560 13611 E SQLiteDatabase: at X.2tm.A08(Unknown Source:6)
02-17 18:52:14.724 13560 13611 E SQLiteDatabase: at X.35Y.A07(Unknown Source:212)
02-17 18:52:14.724 13560 13611 E SQLiteDatabase: at X.3QF.A14(Unknown Source:470)
02-17 18:52:14.724 13560 13611 E SQLiteDatabase: at X.3gU.run(Unknown Source:982)
02-17 18:52:14.724 13560 13611 E SQLiteDatabase: at android.os.Handler.handleCallback(Handler.java:938)
02-17 18:52:14.724 13560 13611 E SQLiteDatabase: at android.os.Handler.dispatchMessage(Handler.java:99)
02-17 18:52:14.724 13560 13611 E SQLiteDatabase: at X.0zq.dispatchMessage(Unknown Source:4)
02-17 18:52:14.724 13560 13611 E SQLiteDatabase: at android.os.Looper.loop(Looper.java:236)
02-17 18:52:14.724 13560 13611 E SQLiteDatabase: at android.os.HandlerThread.run(HandlerThread.java:67)
02-17 18:52:14.762 13560 13611 E SQLiteDatabase: Error inserting transferred=0 media_job_uuid=b8ce6982-8758-46b7-9cfb-91ea225924e8 transcoded=1 gif_attribution=0 first_scan_length=0 direct_path=null thumbnail_height_width_ratio=1.3584906 is_animated_sticker=0 file_hash=null file_path=/data/user/0/com.mbwhatsapp/files/.Shared/82d99d98-3690-430d-9257- ea92ba0e1090.jpg file_size=106870 partial_media_hash=null face_x=112 face_y=563 height=1117 trim_to=0 media_key_timestamp=0 message_url=null media_caption=null trim_from=0 mime_type=null partial_media_enc_hash=null width=828 original_file_hash=null has_streaming_sidecar=0 autotransfer_retry_enabled=1 media_upload_handle=null message_row_id=864 multicast_id=null enc_file_hash=null mute_video=0 page_count=0 first_scan_sidecar=null suspicious_content=0 file_length=106870 media_name=82d99d98-3690-430d-9257-ea92ba0e1090.jpg media_duration=0 chat_row_id=34 media_key=null
02-17 18:52:14.762 13560 13611 E SQLiteDatabase: android.database.sqlite.SQLiteConstraintException: UNIQUE constraint failed: message_media.message_row_id (code 1555 SQLITE_CONSTRAINT_PRIMARYKEY)
02-17 18:52:14.762 13560 13611 E SQLiteDatabase: at android.database.sqlite.SQLiteConnection.nativeExecuteForLastInsertedRowId(Native Method)
02-17 18:52:14.762 13560 13611 E SQLiteDatabase: at android.database.sqlite.SQLiteConnection.executeForLastInsertedRowId(SQLiteConnecti on.java:938)
02-17 18:52:14.762 13560 13611 E SQLiteDatabase: at android.database.sqlite.SQLiteSession.executeForLastInsertedRowId(SQLiteSession.jav a:790)
02-17 18:52:14.762 13560 13611 E SQLiteDatabase: at android.database.sqlite.SQLiteStatement.executeInsert(SQLiteStatement.java:88)
02-17 18:52:14.762 13560 13611 E SQLiteDatabase: at android.database.sqlite.SQLiteDatabase.insertWithOnConflict(SQLiteDatabase.java:170 1)
02-17 18:52:14.762 13560 13611 E SQLiteDatabase: at android.database.sqlite.SQLiteDatabase.insert(SQLiteDatabase.java:1570)
02-17 18:52:14.762 13560 13611 E SQLiteDatabase: at X.2tm.A08(Unknown Source:6)
02-17 18:52:14.762 13560 13611 E SQLiteDatabase: at X.35Y.A07(Unknown Source:212)
02-17 18:52:14.762 13560 13611 E SQLiteDatabase: at X.3QF.A14(Unknown Source:470)
02-17 18:52:14.762 13560 13611 E SQLiteDatabase: at X.3gU.run(Unknown Source:982)
02-17 18:52:14.762 13560 13611 E SQLiteDatabase: at android.os.Handler.handleCallback(Handler.java:938)
02-17 18:52:14.762 13560 13611 E SQLiteDatabase: at android.os.Handler.dispatchMessage(Handler.java:99)
02-17 18:52:14.762 13560 13611 E SQLiteDatabase: at X.0zq.dispatchMessage(Unknown Source:4)
02-17 18:52:14.762 13560 13611 E SQLiteDatabase: at android.os.Looper.loop(Looper.java:236)
02-17 18:52:14.762 13560 13611 E SQLiteDatabase: at android.os.HandlerThread.run(HandlerThread.java:67)
02-17 18:52:14.801 13560 13905 W System : ClassLoader referenced unknown path:
02-17 18:52:14.817 13560 13611 E SQLiteDatabase: Error inserting transferred=0 media_job_uuid=ded6611e-28f6-40eb-8919-840fe8556a57 transcoded=1 gif_attribution=0 first_scan_length=0 direct_path=null thumbnail_height_width_ratio=1.3333334 is_animated_sticker=0 file_hash=null file_path=/data/user/0/com.mbwhatsapp/files/.Shared/42ddd0ec-64df-49b9-b1df- 3b2555ad3f86.jpg file_size=233792 partial_media_hash=null face_x=0 face_y=0 height=1280 trim_to=0 media_key_timestamp=0 message_url=null media_caption=null trim_from=0 mime_type=null partial_media_enc_hash=null width=960 original_file_hash=null has_streaming_sidecar=0 autotransfer_retry_enabled=1 media_upload_handle=null message_row_id=865 multicast_id=null enc_file_hash=null mute_video=0 page_count=0 first_scan_sidecar=null suspicious_content=0 file_length=233792 media_name=42ddd0ec-64df-49b9-b1df-3b2555ad3f86.jpg media_duration=0 chat_row_id=34 media_key=null
02-17 18:52:14.817 13560 13611 E SQLiteDatabase: android.database.sqlite.SQLiteConstraintException: UNIQUE constraint failed: message_media.message_row_id (code 1555 SQLITE_CONSTRAINT_PRIMARYKEY)
02-17 18:52:14.817 13560 13611 E SQLiteDatabase: at android.database.sqlite.SQLiteConnection.nativeExecuteForLastInsertedRowId(Native Method)
02-17 18:52:14.817 13560 13611 E SQLiteDatabase: at android.database.sqlite.SQLiteConnection.executeForLastInsertedRowId(SQLiteConnecti on.java:938)
02-17 18:52:14.817 13560 13611 E SQLiteDatabase: at android.database.sqlite.SQLiteSession.executeForLastInsertedRowId(SQLiteSession.jav a:790)
02-17 18:52:14.817 13560 13611 E SQLiteDatabase: at android.database.sqlite.SQLiteStatement.executeInsert(SQLiteStatement.java:88)
02-17 18:52:14.817 13560 13611 E SQLiteDatabase: at android.database.sqlite.SQLiteDatabase.insertWithOnConflict(SQLiteDatabase.java:170 1)
02-17 18:52:14.817 13560 13611 E SQLiteDatabase: at android.database.sqlite.SQLiteDatabase.insert(SQLiteDatabase.java:1570)
02-17 18:52:14.817 13560 13611 E SQLiteDatabase: at X.2tm.A08(Unknown Source:6)
02-17 18:52:14.817 13560 13611 E SQLiteDatabase: at X.35Y.A07(Unknown Source:212)
02-17 18:52:14.817 13560 13611 E SQLiteDatabase: at X.3QF.A14(Unknown Source:470)
02-17 18:52:14.817 13560 13611 E SQLiteDatabase: at X.3gU.run(Unknown Source:982)
02-17 18:52:14.817 13560 13611 E SQLiteDatabase: at android.os.Handler.handleCallback(Handler.java:938)
