02-15 20:32:10.908 27456 29263 W com.mbwhatsapp: Accessing hidden method Lcom/android/org/conscrypt/AbstractConscryptSocket;->setUseSessionTickets(Z)V (greylist-max-q, reflection, denied)
02-15 20:32:10.909 27456 29263 W com.mbwhatsapp: Accessing hidden method Lcom/android/org/conscrypt/ConscryptEngineSocket;->setHostname(Ljava/lang/String;)V (greylist-max-q,test-api, reflection, denied)
02-15 20:32:10.909 27456 29263 W com.mbwhatsapp: Accessing hidden method Lcom/android/org/conscrypt/OpenSSLSocketImpl;->setHostname(Ljava/lang/String;)V (greylist-max-q,test-api, reflection, denied)
02-15 20:32:10.909 27456 29263 W com.mbwhatsapp: Accessing hidden method Lcom/android/org/conscrypt/AbstractConscryptSocket;->setHostname(Ljava/lang/ String;)V (greylist-max-q, reflection, denied)
02-15 20:32:10.909 27456 29263 W com.mbwhatsapp: Accessing hidden method Lcom/android/org/conscrypt/OpenSSLSocketImpl;->setAlpnProtocols([B)V (greylist-max- q,test-api, reflection, denied)
02-15 20:32:10.910 27456 29263 W com.mbwhatsapp: Accessing hidden method Lcom/android/org/conscrypt/AbstractConscryptSocket;->setAlpnProtocols([B)V (greylist-max-q, reflection, denied)
02-15 20:32:10.957 27456 27456 E libc : Access denied finding property "ro.vendor.pref_scale_resolution"
02-15 20:32:10.980 27456 27456 W Activity: Slow Operation: Activity com.mbwhatsapp/.HomeActivity onCreate took 1162ms
02-15 20:32:11.038 27456 27456 W Looper : PerfMonitor longMsg : seq=1975 plan=20:32:09.679 late=5ms wall=1353ms running=0ms h=android.app.ActivityThread$H w=159 procState=2
02-15 20:32:11.043 27456 27456 W Looper : PerfMonitor looperActivity : package=com.mbwhatsapp/.HomeActivity time=0ms latency=1363ms running=0ms procState=2 ClientTransaction{ callbacks=[android.app.servertransaction.TopResumedActivityChang eItem] } historyMsgCount=3 (msgIndex=3 wall=1353ms seq=1975 late=5ms h=android.app.ActivityThread$H w=159)
02-15 20:32:11.050 27456 27456 W Looper : PerfMonitor looperActivity : package=com.mbwhatsapp/.HomeActivity time=1ms latency=339ms running=0ms procState=2 ClientTransaction{ callbacks=[android.app.servertransaction.TopResumedActivityChang eItem] } historyMsgCount=11 (msgIndex=1 wall=1353ms seq=1975 late=5ms h=android.app.ActivityThread$H w=159)
02-15 20:32:11.097 27456 27456 W Looper : PerfMonitor looperActivity : package=com.mbwhatsapp/.HomeActivity time=45ms latency=340ms running=0ms procState=2 ClientTransaction{ lifecycleRequest=android.app.servertransaction.PauseActivityItem } historyMsgCount=12 (msgIndex=1 wall=1353ms seq=1975 late=5ms h=android.app.ActivityThread$H w=159)
02-15 20:32:11.179 27456 29263 W com.mbwhatsapp: Accessing hidden method Lcom/android/org/conscrypt/OpenSSLSocketImpl;->getAlpnSelectedProtocol()[B (greylist-max-q,test-api, reflection, denied)
02-15 20:32:11.180 27456 29263 W com.mbwhatsapp: Accessing hidden method Lcom/android/org/conscrypt/AbstractConscryptSocket;->getAlpnSelectedProtocol()[B (greylist-max-q, reflection, denied)
02-15 20:32:11.234 27456 27456 E libc : Access denied finding property "ro.vendor.pref_scale_resolution"
02-15 20:32:11.248 27456 27456 E libc : Access denied finding property "ro.vendor.pref_scale_resolution"
02-15 20:32:11.263 27456 27456 E libc : Access denied finding property "ro.vendor.pref_scale_resolution"
02-15 20:32:11.275 27456 27456 E libc : Access denied finding property "ro.vendor.pref_scale_resolution"
02-15 20:32:11.287 27456 27456 E libc : Access denied finding property "ro.vendor.pref_scale_resolution"
02-15 20:32:11.308 27456 27456 E libc : Access denied finding property "ro.vendor.pref_scale_resolution"
02-15 20:32:11.343 27456 28702 E libc : Access denied finding property "ro.vendor.pref_scale_resolution"
02-15 20:32:11.395 27456 27456 E libc : Access denied finding property "ro.vendor.pref_scale_resolution"
02-15 20:32:11.397 27456 27456 E libc : Access denied finding property "ro.vendor.pref_scale_resolution"
02-15 20:32:11.560 27456 27456 E libc : Access denied finding property "ro.vendor.pref_scale_resolution"
02-15 20:32:11.573 27456 27456 E libc : Access denied finding property "ro.vendor.pref_scale_resolution"
02-15 20:32:11.592 27456 28702 E libc : Access denied finding property "ro.vendor.pref_scale_resolution"
02-15 20:32:11.614 27456 28702 E libc : Access denied finding property "ro.vendor.pref_scale_resolution"
02-15 20:32:11.673 27456 28702 E libc : Access denied finding property "ro.vendor.pref_scale_resolution"
02-15 20:32:11.868 27456 27456 E libc : Access denied finding property "ro.vendor.pref_scale_resolution"
02-15 20:32:11.880 27456 27456 E libc : Access denied finding property "ro.vendor.pref_scale_resolution"
02-15 20:32:11.888 27456 27456 E libc : Access denied finding property "ro.vendor.pref_scale_resolution"
02-15 20:32:11.890 27456 27456 E libc : Access denied finding property "ro.vendor.pref_scale_resolution"
02-15 20:32:11.897 27456 27456 E libc : Access denied finding property "ro.vendor.pref_scale_resolution"
02-15 20:32:11.913 27456 27456 E libc : Access denied finding property "ro.vendor.pref_scale_resolution"
02-15 20:32:11.919 27456 27456 E libc : Access denied finding property "ro.vendor.pref_scale_resolution"
02-15 20:32:11.927 27456 27456 E libc : Access denied finding property "ro.vendor.pref_scale_resolution"
02-15 20:32:11.935 27456 27456 E libc : Access denied finding property "ro.vendor.pref_scale_resolution"
02-15 20:32:11.937 27456 27456 E libc : Access denied finding property "ro.vendor.pref_scale_resolution"
02-15 20:32:11.943 27456 27456 E libc : Access denied finding property "ro.vendor.pref_scale_resolution"
02-15 20:32:11.945 27456 27456 E libc : Access denied finding property "ro.vendor.pref_scale_resolution"
02-15 20:32:11.948 27456 27456 E libc : Access denied finding property "ro.vendor.pref_scale_resolution"
02-15 20:32:11.953 27456 27456 E libc : Access denied finding property "ro.vendor.pref_scale_resolution"
02-15 20:32:11.969 27456 27456 E libc : Access denied finding property "ro.vendor.pref_scale_resolution"
02-15 20:32:11.989 27456 27456 E libc : Access denied finding property "ro.vendor.pref_scale_resolution"
02-15 20:32:11.996 27456 27456 E libc : Access denied finding property "ro.vendor.pref_scale_resolution"
02-15 20:32:12.109 27456 27456 E libc : Access denied finding property "ro.vendor.pref_scale_resolution"
02-15 20:32:12.182 27456 29354 E ion : ioctl c0044901 failed with code -1: Invalid argument
02-15 20:32:12.462 27456 27456 E RecyclerView: No adapter attached; skipping layout
02-15 20:32:12.467 27456 27456 E libc : Access denied finding property "ro.vendor.pref_scale_resolution"
02-15 20:32:12.470 27456 27456 E libc : Access denied finding property "ro.vendor.pref_scale_resolution"
02-15 20:32:12.658 27456 27456 W Looper : PerfMonitor longMsg : seq=1997 plan=20:32:11.039 late=60ms wall=1558ms running=0ms h=android.view.Choreographer$FrameHandler c=android.view.Choreographer$FrameDisplayEventReceiver procState=2
02-15 20:32:12.658 27456 27456 W Looper : PerfMonitor doFrame : time=1558ms vsyncFrame=0 latency=60ms procState=2 historyMsgCount=21
02-15 20:32:12.660 27456 27476 W System : A resource failed to call end.
02-15 20:32:12.677 27456 27456 E libc : Access denied finding property "ro.vendor.pref_scale_resolution"
02-15 20:32:12.703 27456 27456 E libc : Access denied finding property "ro.vendor.pref_scale_resolution"
02-15 20:32:12.712 27456 27456 E libc : Access denied finding property "ro.vendor.pref_scale_resolution"
02-15 20:32:12.720 27456 27456 E libc : Access denied finding property "ro.vendor.pref_scale_resolution"
02-15 20:32:12.743 27456 27456 E libc : Access denied finding property "ro.vendor.pref_scale_resolution"
02-15 20:32:12.746 27456 27456 E libc : Access denied finding property "ro.vendor.pref_scale_resolution"
02-15 20:32:12.801 27456 27456 E RecyclerView: No adapter attached; skipping layout
02-15 20:32:12.821 27456 27456 W Looper : PerfMonitor doFrame : time=146ms vsyncFrame=0 latency=1553ms procState=2 historyMsgCount=9 (msgIndex=1 wall=1558ms seq=1997 late=60ms h=android.view.Choreographer$FrameHandler c=android.view.Choreographer$FrameDisplayEventReceiver)
02-15 20:32:12.824 27456 27456 E libc : Access denied finding property "ro.vendor.pref_scale_resolution"
02-15 20:32:12.858 27456 27456 E libc : Access denied finding property "ro.vendor.pref_scale_resolution"
02-15 20:32:12.867 27456 27456 E ArmVmp : Match on catch block at 0x0a in for 0xc9
02-15 20:32:12.888 27456 27456 W Looper : PerfMonitor looperActivity : package=com.mbwhatsapp/mbmodsd.mbmodsw.mbsettings.yo.PauseActivity time=27ms latency=1137ms running=0ms procState=2 ClientTransaction{ callbacks=[android.app.servertransaction.LaunchActivityItem] lifecycleRequest=android.app.servertransaction.ResumeActivityItem } historyMsgCount=43 (msgIndex=1 wall=1558ms seq=1997 late=60ms h=android.view.Choreographer$FrameHandler c=android.view.Choreographer$FrameDisplayEventReceiver) (msgIndex=10 wall=146ms seq=2006 late=1553ms h=android.view.Choreographer$FrameHandler c=android.view.Choreographer$FrameDisplayEventReceiver)
02-15 20:32:12.890 27456 27456 W Looper : PerfMonitor looperActivity : package=com.mbwhatsapp/mbmodsd.mbmodsw.mbsettings.yo.PauseActivity time=0ms latency=1165ms running=0ms procState=2 ClientTransaction{ callbacks=[android.app.servertransaction.TopResumedActivityChang eItem] } historyMsgCount=44 (msgIndex=1 wall=1558ms seq=1997 late=60ms h=android.view.Choreographer$FrameHandler c=android.view.Choreographer$FrameDisplayEventReceiver) (msgIndex=10 wall=146ms seq=2006 late=1553ms h=android.view.Choreographer$FrameHandler c=android.view.Choreographer$FrameDisplayEventReceiver)
02-15 20:32:12.900 27456 27456 E libc : Access denied finding property "ro.vendor.pref_scale_resolution"
02-15 20:32:13.051 27456 27456 E libc : Access denied finding property "ro.vendor.pref_scale_resolution"
02-15 20:32:13.054 27456 27456 E libc : Access denied finding property "ro.vendor.pref_scale_resolution"
02-15 20:32:13.067 27456 27456 E libc : Access denied finding property "ro.vendor.pref_scale_resolution"
02-15 20:32:13.068 27456 27456 E libc : Access denied finding property "ro.vendor.pref_scale_resolution"
02-15 20:32:13.077 27456 27456 E libc : Access denied finding property "ro.vendor.pref_scale_resolution"
02-15 20:32:13.297 27456 29400 W LOTTIE : Animation contains merge paths. Merge paths are only supported on KitKat+ and must be manually enabled by calling enableMergePathsForKitKatAndAbove().
02-15 20:32:13.335 27456 27456 E libc : Access denied finding property "ro.vendor.pref_scale_resolution"
02-15 20:32:13.347 27456 27456 E libc : Access denied finding property "ro.vendor.pref_scale_resolution"
02-15 20:32:13.355 27456 27456 E libc : Access denied finding property "ro.vendor.pref_scale_resolution"
02-15 20:32:13.358 27456 27456 E libc : Access denied finding property "ro.vendor.pref_scale_resolution"
02-15 20:32:13.369 27456 27456 E libc : Access denied finding property "ro.vendor.pref_scale_resolution"
02-15 20:32:13.430 27456 27456 E libc : Access denied finding property "ro.vendor.pref_scale_resolution"
02-15 20:32:13.561 27456 27456 W LOTTIE : Animation contains merge paths but they are disabled.
02-15 20:32:13.609 27456 27456 E libc : Access denied finding property "ro.vendor.pref_scale_resolution"
02-15 20:32:13.612 27456 27456 E libc : Access denied finding property "ro.vendor.pref_scale_resolution"
02-15 20:32:13.621 27456 27456 E libc : Access denied finding property "ro.vendor.pref_scale_resolution"
02-15 20:32:13.633 27456 27456 E libc : Access denied finding property "ro.vendor.pref_scale_resolution"
02-15 20:32:13.647 27456 27456 E libc : Access denied finding property "ro.vendor.pref_scale_resolution"
02-15 20:32:13.678 27456 27456 E libc : Access denied finding property "ro.vendor.pref_scale_resolution"
02-15 20:32:13.679 27456 27456 E libc : Access denied finding property "ro.vendor.pref_scale_resolution"
02-15 20:32:13.814 27456 27456 E libc : Access denied finding property "ro.vendor.pref_scale_resolution"
02-15 20:32:13.816 27456 27456 E libc : Access denied finding property "ro.vendor.pref_scale_resolution"
02-15 20:32:13.820 27456 27456 E libc : Access denied finding property "ro.vendor.pref_scale_resolution"
02-15 20:32:13.827 27456 27456 E libc : Access denied finding property "ro.vendor.pref_scale_resolution"
02-15 20:32:13.922 27456 28704 W BpBinder: Slow Binder: BpBinder transact took 5349 ms, interface=android.content.IContentProvider, code=20 oneway=false
02-15 20:32:15.008 27456 27456 E libc : Access denied finding property "ro.vendor.pref_scale_resolution"
02-15 20:32:15.025 27456 27456 E libc : Access denied finding property "ro.vendor.pref_scale_resolution"
02-15 20:32:15.043 27456 27456 E libc : Access denied finding property "ro.vendor.pref_scale_resolution"
02-15 20:32:15.049 27456 27456 E libc : Access denied finding property "ro.vendor.pref_scale_resolution"
02-15 20:32:15.059 27456 27456 E libc : Access denied finding property "ro.vendor.pref_scale_resolution"
02-15 20:32:15.067 27456 27456 E libc : Access denied finding property "ro.vendor.pref_scale_resolution"
02-15 20:32:16.833 27456 27456 W InputEventReceiver: Attempted to finish an input event but the input event receiver has already been disposed.
02-15 20:32:18.106 27456 27456 E libc : Access denied finding property "ro.vendor.pref_scale_resolution"
02-15 20:32:18.126 27456 27456 E libc : Access denied finding property "ro.vendor.pref_scale_resolution"
02-15 20:32:18.144 27456 27456 E libc : Access denied finding property "ro.vendor.pref_scale_resolution"
02-15 20:32:18.169 27456 27456 E ArmVmp : Match on catch block at 0x0a in for 0x165
02-15 20:32:20.529 27456 27456 W InputEventReceiver: Attempted to finish an input event but the input event receiver has already been disposed.
02-15 20:32:21.365 27456 27456 E libc : Access denied finding property "ro.vendor.pref_scale_resolution"
02-15 20:32:21.397 27456 27456 E libc : Access denied finding property "ro.vendor.pref_scale_resolution"
02-15 20:32:21.405 27456 27456 E libc : Access denied finding property "ro.vendor.pref_scale_resolution"
02-15 20:32:21.418 27456 27456 E libc : Access denied finding property "ro.vendor.pref_scale_resolution"
02-15 20:32:21.431 27456 27456 E libc : Access denied finding property "ro.vendor.pref_scale_resolution"
02-15 20:32:23.176 27456 27456 W InputEventReceiver: Attempted to finish an input event but the input event receiver has already been disposed.
02-15 20:32:23.817 27456 27456 E libc : Access denied finding property "ro.vendor.pref_scale_resolution"
02-15 20:32:23.822 27456 27456 E libc : Access denied finding property "ro.vendor.pref_scale_resolution"
02-15 20:32:23.828 27456 27456 E libc : Access denied finding property "ro.vendor.pref_scale_resolution"
02-15 20:32:23.839 27456 27456 E libc : Access denied finding property "ro.vendor.pref_scale_resolution"
02-15 20:32:23.856 27456 27456 E libc : Access denied finding property "ro.vendor.pref_scale_resolution"
02-15 20:32:23.878 27456 27456 E libc : Access denied finding property "ro.vendor.pref_scale_resolution"
02-15 20:32:23.884 27456 27456 E libc : Access denied finding property "ro.vendor.pref_scale_resolution"
02-15 20:32:23.892 27456 27456 E libc : Access denied finding property "ro.vendor.pref_scale_resolution"
02-15 20:32:24.684 27456 27456 E libc : Access denied finding property "ro.vendor.pref_scale_resolution"
02-15 20:32:24.725 27456 27456 E libc : Access denied finding property "ro.vendor.pref_scale_resolution"
02-15 20:32:25.464 27456 27456 E libc : Access denied finding property "ro.vendor.pref_scale_resolution"
02-15 20:32:25.467 27456 27456 E libc : Access denied finding property "ro.vendor.pref_scale_resolution"
02-15 20:32:25.480 27456 27456 E libc : Access denied finding property "ro.vendor.pref_scale_resolution"
02-15 20:32:25.490 27456 27456 E libc : Access denied finding property "ro.vendor.pref_scale_resolution"
02-15 20:32:25.493 27456 27456 E libc : Access denied finding property "ro.vendor.pref_scale_resolution"
02-15 20:32:25.494 27456 27456 E libc : Access denied finding property "ro.vendor.pref_scale_resolution"
02-15 20:32:25.510 27456 27456 E libc : Access denied finding property "ro.vendor.pref_scale_resolution"
02-15 20:32:26.047 27456 27456 E libc : Access denied finding property "ro.vendor.pref_scale_resolution"
02-15 20:32:26.093 27456 27456 E libc : Access denied finding property "ro.vendor.pref_scale_resolution"
02-15 20:32:26.110 27456 27456 E libc : Access denied finding property "ro.vendor.pref_scale_resolution"
02-15 20:32:26.118 27456 27456 E libc : Access denied finding property "ro.vendor.pref_scale_resolution"
02-15 20:32:26.170 27456 27456 E libc : Access denied finding property "ro.vendor.pref_scale_resolution"
02-15 20:32:26.211 27456 27456 E ArmVmp : Match on catch block at 0x0a in for 0x105
02-15 20:32:26.217 27456 27456 W InputEventReceiver: App Input: Dispatching InputEvent took 180ms in main thread! (MotionEvent: event_seq=120, seq=332612, action=ACTION_DOWN)
02-15 20:32:26.420 27456 27476 W System : A resource failed to call release.
02-15 20:32:26.421 27456 27476 W System : A resource failed to call release.
02-15 20:32:26.421 27456 27476 W System : A resource failed to call release.
02-15 20:32:28.939 27456 27456 W InputEventReceiver: Attempted to finish an input event but the input event receiver has already been disposed.
02-15 20:32:31.138 27456 27456 E libc : Access denied finding property "ro.vendor.pref_scale_resolution"
02-15 20:32:31.200 27456 27456 E libc : Access denied finding property "ro.vendor.pref_scale_resolution"
02-15 20:32:32.614 27456 27456 E libc : Access denied finding property "ro.vendor.pref_scale_resolution"
02-15 20:32:32.631 27456 27456 E libc : Access denied finding property "ro.vendor.pref_scale_resolution"
02-15 20:32:32.638 27456 27456 E libc : Access denied finding property "ro.vendor.pref_scale_resolution"
02-15 20:32:32.664 27456 27456 E libc : Access denied finding property "ro.vendor.pref_scale_resolution"
02-15 20:32:34.240 27456 27456 E libc : Access denied finding property "ro.vendor.pref_scale_resolution"
02-15 20:32:34.317 27456 27456 E libc : Access denied finding property "ro.vendor.pref_scale_resolution"
02-15 20:32:34.320 27456 27456 E libc : Access denied finding property "ro.vendor.pref_scale_resolution"
02-15 20:32:34.327 27456 27456 E libc : Access denied finding property "ro.vendor.pref_scale_resolution"
02-15 20:32:34.333 27456 27456 E libc : Access denied finding property "ro.vendor.pref_scale_resolution"
02-15 20:32:34.339 27456 27456 E libc : Access denied finding property "ro.vendor.pref_scale_resolution"
02-15 20:32:34.515 27456 27456 E libc : Access denied finding property "ro.vendor.pref_scale_resolution"
02-15 20:32:34.540 27456 27456 W Looper : PerfMonitor looperActivity : package=com.mbwhatsapp/mbmodsd.mbmodsw.mbsettings.MBSettingsActivity time=0ms latency=343ms running=0ms procState=2 ClientTransaction{ callbacks=[android.app.servertransaction.TopResumedActivityChang eItem] } historyMsgCount=2 (msgIndex=2 wall=337ms seq=3291 late=6ms h=android.app.ActivityThread$H w=159)
02-15 20:32:34.704 27456 27456 E libc : Access denied finding property "ro.vendor.pref_scale_resolution"
02-15 20:32:34.706 27456 27456 E libc : Access denied finding property "ro.vendor.pref_scale_resolution"
02-15 20:32:37.018 27456 27456 E ArmVmp : Match on catch block at 0x0a in for 0xe9
02-15 20:32:37.038 27456 27456 E libc : Access denied finding property "ro.vendor.pref_scale_resolution"
02-15 20:32:37.042 27456 27456 E ArmVmp : Match on catch block at 0x22 in for 0xa9
02-15 20:32:37.044 27456 27456 E libc : Access denied finding property "ro.vendor.pref_scale_resolution"
02-15 20:32:37.046 27456 27456 E libc : Access denied finding property "ro.vendor.pref_scale_resolution"
02-15 20:32:37.058 27456 27456 E libc : Access denied finding property "ro.vendor.pref_scale_resolution"
02-15 20:32:37.104 27456 27476 W System : A resource failed to call release.
02-15 20:32:37.105 27456 27476 W System : A resource failed to call release.
02-15 20:32:37.107 27456 27456 E libc : Access denied finding property "ro.vendor.pref_scale_resolution"
02-15 20:32:37.118 27456 27456 E libc : Access denied finding property "ro.vendor.pref_scale_resolution"
02-15 20:32:37.121 27456 27456 E libc : Access denied finding property "ro.vendor.pref_scale_resolution"
02-15 20:32:37.122 27456 27456 E libc : Access denied finding property "ro.vendor.pref_scale_resolution"
02-15 20:32:37.124 27456 27456 E libc : Access denied finding property "ro.vendor.pref_scale_resolution"
02-15 20:32:37.130 27456 27456 E libc : Access denied finding property "ro.vendor.pref_scale_resolution"
02-15 20:32:37.135 27456 27456 E libc : Access denied finding property "ro.vendor.pref_scale_resolution"
02-15 20:32:37.140 27456 27456 E libc : Access denied finding property "ro.vendor.pref_scale_resolution"
02-15 20:32:37.148 27456 27456 E libc : Access denied finding property "ro.vendor.pref_scale_resolution"
02-15 20:32:37.152 27456 27456 E libc : Access denied finding property "ro.vendor.pref_scale_resolution"
02-15 20:32:37.201 27456 27456 E libc : Access denied finding property "ro.vendor.pref_scale_resolution"
02-15 20:32:37.223 27456 27456 E libc : Access denied finding property "ro.vendor.pref_scale_resolution"
02-15 20:32:37.236 27456 27456 E ArmVmp : Match on catch block at 0x0a in for 0xa1
02-15 20:32:37.244 27456 27456 E BitmapFactory: Unable to decode stream: java.io.FileNotFoundException: /data/user/0/com.mbwhatsapp/files/me.jpg: open failed: ENOENT (No such file or directory)
02-15 20:32:37.278 27456 27456 E ArmVmp : Match on catch block at 0x0a in for 0xc1
02-15 20:32:37.325 27456 27456 E ArmVmp : Match on catch block at 0xc3 in for 0xa9
02-15 20:32:37.332 27456 27456 E ArmVmp : Match on catch block at 0xc3 in for 0xa9
02-15 20:32:37.336 27456 27456 E ArmVmp : Match on catch block at 0xc3 in for 0xa9
02-15 20:32:37.341 27456 27456 E ArmVmp : Match on catch block at 0xc3 in for 0xa9
02-15 20:32:37.433 27456 27456 E ArmVmp : Match on catch block at 0xc3 in for 0x91
02-15 20:32:37.437 27456 27456 E ArmVmp : Match on catch block at 0xc3 in for 0x95
02-15 20:32:37.440 27456 27456 E ArmVmp : Match on catch block at 0xc3 in for 0x99
02-15 20:32:37.442 27456 27456 E ArmVmp : Match on catch block at 0xc3 in for 0x91
02-15 20:32:37.444 27456 27456 E ArmVmp : Match on catch block at 0xc3 in for 0x95
02-15 20:32:37.446 27456 27456 E ArmVmp : Match on catch block at 0xc3 in for 0x99
02-15 20:32:37.483 27456 27456 E ArmVmp : Match on catch block at 0xc3 in for 0x91
02-15 20:32:37.488 27456 27456 E ArmVmp : Match on catch block at 0xc3 in for 0x95
02-15 20:32:37.490 27456 27456 E ArmVmp : Match on catch block at 0xc3 in for 0x99
02-15 20:32:37.492 27456 27456 E ArmVmp : Match on catch block at 0xc3 in for 0x91
02-15 20:32:37.494 27456 27456 E ArmVmp : Match on catch block at 0xc3 in for 0x95
02-15 20:32:37.495 27456 27456 E ArmVmp : Match on catch block at 0xc3 in for 0x99
02-15 20:32:37.518 27456 27456 E ArmVmp : Match on catch block at 0xc3 in for 0x91
02-15 20:32:37.523 27456 27456 E ArmVmp : Match on catch block at 0xc3 in for 0x95
02-15 20:32:37.525 27456 27456 E ArmVmp : Match on catch block at 0xc3 in for 0x99
02-15 20:32:37.527 27456 27456 E ArmVmp : Match on catch block at 0xc3 in for 0x91
02-15 20:32:37.529 27456 27456 E ArmVmp : Match on catch block at 0xc3 in for 0x95
02-15 20:32:37.531 27456 27456 E ArmVmp : Match on catch block at 0xc3 in for 0x99
02-15 20:32:37.548 27456 27456 E ArmVmp : Match on catch block at 0xc3 in for 0x91
02-15 20:32:37.555 27456 27456 E ArmVmp : Match on catch block at 0xc3 in for 0x95
02-15 20:32:37.558 27456 27456 E ArmVmp : Match on catch block at 0xc3 in for 0x99
02-15 20:32:37.560 27456 27456 E ArmVmp : Match on catch block at 0xc3 in for 0x91
02-15 20:32:37.562 27456 27456 E ArmVmp : Match on catch block at 0xc3 in for 0x95
02-15 20:32:37.565 27456 27456 E ArmVmp : Match on catch block at 0xc3 in for 0x99
02-15 20:32:37.584 27456 27456 E ArmVmp : Match on catch block at 0xc3 in for 0x91
02-15 20:32:37.589 27456 27456 E ArmVmp : Match on catch block at 0xc3 in for 0x95
02-15 20:32:37.592 27456 27456 E ArmVmp : Match on catch block at 0xc3 in for 0x99
02-15 20:32:37.595 27456 27456 E ArmVmp : Match on catch block at 0xc3 in for 0x91
02-15 20:32:37.598 27456 27456 E ArmVmp : Match on catch block at 0xc3 in for 0x95
02-15 20:32:37.601 27456 27456 E ArmVmp : Match on catch block at 0xc3 in for 0x99
02-15 20:32:37.723 27456 27622 W RenderInspector: DequeueBuffer time out on com.mbwhatsapp/mbmodsd.mbmodsw.mbsettings.MBSettingsActivity, count=1, avg=20 ms, max=20 ms.
02-15 20:32:39.037 27456 27456 E ArmVmp : Match on catch block at 0xc3 in for 0x91
02-15 20:32:39.046 27456 27456 E ArmVmp : Match on catch block at 0xc3 in for 0x95
02-15 20:32:39.053 27456 27456 E ArmVmp : Match on catch block at 0xc3 in for 0x99
02-15 20:32:39.059 27456 27456 E ArmVmp : Match on catch block at 0xc3 in for 0x91
02-15 20:32:39.064 27456 27456 E ArmVmp : Match on catch block at 0xc3 in for 0x95
02-15 20:32:39.070 27456 27456 E ArmVmp : Match on catch block at 0xc3 in for 0x99
02-15 20:32:39.158 27456 27456 E ArmVmp : Match on catch block at 0xc3 in for 0x99
02-15 20:32:39.164 27456 27456 E ArmVmp : Match on catch block at 0xc3 in for 0x91
02-15 20:32:39.168 27456 27456 E ArmVmp : Match on catch block at 0xc3 in for 0x95
02-15 20:32:39.171 27456 27456 E ArmVmp : Match on catch block at 0xc3 in for 0x99
02-15 20:32:39.173 27456 27456 E ArmVmp : Match on catch block at 0xc3 in for 0x91
02-15 20:32:39.176 27456 27456 E ArmVmp : Match on catch block at 0xc3 in for 0x95
02-15 20:32:39.216 27456 27456 E libc : Access denied finding property "ro.vendor.pref_scale_resolution"
02-15 20:32:39.265 27456 27456 E libc : Access denied finding property "ro.vendor.pref_scale_resolution"
02-15 20:32:39.347 27456 27456 E libc : Access denied finding property "ro.vendor.pref_scale_resolution"
02-15 20:32:39.348 27456 27456 E libc : Access denied finding property "ro.vendor.pref_scale_resolution"
02-15 20:32:39.819 27456 27456 E ArmVmp : Match on catch block at 0xc3 in for 0x99
02-15 20:32:39.826 27456 27456 E ArmVmp : Match on catch block at 0xc3 in for 0x91
02-15 20:32:39.832 27456 27456 E ArmVmp : Match on catch block at 0xc3 in for 0x95
02-15 20:32:39.838 27456 27456 E ArmVmp : Match on catch block at 0xc3 in for 0x99
02-15 20:32:39.843 27456 27456 E ArmVmp : Match on catch block at 0xc3 in for 0x91
02-15 20:32:39.847 27456 27456 E ArmVmp : Match on catch block at 0xc3 in for 0x95
02-15 20:32:41.152 27456 27456 E ArmVmp : Match on catch block at 0x0a in for 0xc9
02-15 20:32:41.171 27456 27456 E ArmVmp : Match on catch block at 0xc3 in for 0x95
02-15 20:32:41.174 27456 27456 E ArmVmp : Match on catch block at 0xc3 in for 0x99
02-15 20:32:41.176 27456 27456 E ArmVmp : Match on catch block at 0xc3 in for 0x91
02-15 20:32:41.178 27456 27456 E ArmVmp : Match on catch block at 0xc3 in for 0x95
02-15 20:32:41.179 27456 27456 E ArmVmp : Match on catch block at 0xc3 in for 0x99
02-15 20:32:41.181 27456 27456 E ArmVmp : Match on catch block at 0xc3 in for 0x91
02-15 20:32:42.009 27456 27456 E ArmVmp : Match on catch block at 0xc3 in for 0x99
02-15 20:32:42.015 27456 27456 E ArmVmp : Match on catch block at 0xc3 in for 0x91
02-15 20:32:42.020 27456 27456 E ArmVmp : Match on catch block at 0xc3 in for 0x95
02-15 20:32:42.024 27456 27456 E ArmVmp : Match on catch block at 0xc3 in for 0x99
02-15 20:32:42.028 27456 27456 E ArmVmp : Match on catch block at 0xc3 in for 0x91
02-15 20:32:42.032 27456 27456 E ArmVmp : Match on catch block at 0xc3 in for 0x95
02-15 20:32:42.105 27456 27456 E ArmVmp : Match on catch block at 0xc3 in for 0x99
02-15 20:32:42.109 27456 27456 E ArmVmp : Match on catch block at 0xc3 in for 0x91
02-15 20:32:42.112 27456 27456 E ArmVmp : Match on catch block at 0xc3 in for 0x95
02-15 20:32:42.113 27456 27456 E ArmVmp : Match on catch block at 0xc3 in for 0x99
02-15 20:32:42.115 27456 27456 E ArmVmp : Match on catch block at 0xc3 in for 0x91
02-15 20:32:42.118 27456 27456 E ArmVmp : Match on catch block at 0xc3 in for 0x95
02-15 20:32:42.144 27456 27456 E libc : Access denied finding property "ro.vendor.pref_scale_resolution"
02-15 20:32:42.170 27456 27456 E libc : Access denied finding property "ro.vendor.pref_scale_resolution"
02-15 20:32:42.175 27456 27456 E com.mbwhatsapp: Invalid ID 0x00000000.
02-15 20:32:42.232 27456 27456 E libc : Access denied finding property "ro.vendor.pref_scale_resolution"
02-15 20:32:42.309 27456 27456 E libc : Access denied finding property "ro.vendor.pref_scale_resolution"
02-15 20:32:42.311 27456 27456 E libc : Access denied finding property "ro.vendor.pref_scale_resolution"
02-15 20:32:42.760 27456 27456 E ArmVmp : Match on catch block at 0xc3 in for 0x99
02-15 20:32:42.767 27456 27456 E ArmVmp : Match on catch block at 0xc3 in for 0x91
02-15 20:32:42.772 27456 27456 E ArmVmp : Match on catch block at 0xc3 in for 0x95
02-15 20:32:42.776 27456 27456 E ArmVmp : Match on catch block at 0xc3 in for 0x99
02-15 20:32:42.779 27456 27456 E ArmVmp : Match on catch block at 0xc3 in for 0x91
02-15 20:32:42.783 27456 27456 E ArmVmp : Match on catch block at 0xc3 in for 0x95
02-15 20:32:44.321 27456 27622 W RenderInspector: DequeueBuffer time out on com.mbwhatsapp/com.mbwhatsapp.profile.SetAboutInfo, count=1, avg=20 ms, max=20 ms.
02-15 20:32:44.501 27456 27456 E ArmVmp : Match on catch block at 0x0a in for 0xc1
02-15 20:32:44.518 27456 27456 E ArmVmp : Match on catch block at 0xc3 in for 0x95
02-15 20:32:44.522 27456 27456 E ArmVmp : Match on catch block at 0xc3 in for 0x99
02-15 20:32:44.524 27456 27456 E ArmVmp : Match on catch block at 0xc3 in for 0x91
02-15 20:32:44.526 27456 27456 E ArmVmp : Match on catch block at 0xc3 in for 0x95
02-15 20:32:44.528 27456 27456 E ArmVmp : Match on catch block at 0xc3 in for 0x99
02-15 20:32:44.529 27456 27456 E ArmVmp : Match on catch block at 0xc3 in for 0x91
02-15 20:32:46.033 27456 27456 E ArmVmp : Match on catch block at 0xc3 in for 0x95
02-15 20:32:46.036 27456 27456 E ArmVmp : Match on catch block at 0xc3 in for 0x99
02-15 20:32:46.038 27456 27456 E ArmVmp : Match on catch block at 0xc3 in for 0x91
02-15 20:32:46.040 27456 27456 E ArmVmp : Match on catch block at 0xc3 in for 0x95
02-15 20:32:46.042 27456 27456 E ArmVmp : Match on catch block at 0xc3 in for 0x99
02-15 20:32:46.044 27456 27456 E ArmVmp : Match on catch block at 0xc3 in for 0x91
02-15 20:32:46.045 27456 27456 E ArmVmp : Match on catch block at 0xc3 in for 0x95
02-15 20:32:46.072 27456 27456 E ArmVmp : Match on catch block at 0xc3 in for 0x99
02-15 20:32:46.076 27456 27456 E ArmVmp : Match on catch block at 0xc3 in for 0x91
02-15 20:32:46.077 27456 27456 E ArmVmp : Match on catch block at 0xc3 in for 0x95
02-15 20:32:46.079 27456 27456 E ArmVmp : Match on catch block at 0xc3 in for 0x99
02-15 20:32:46.081 27456 27456 E ArmVmp : Match on catch block at 0xc3 in for 0x91
02-15 20:32:46.083 27456 27456 E ArmVmp : Match on catch block at 0xc3 in for 0x95
02-15 20:32:46.084 27456 27456 E ArmVmp : Match on catch block at 0xc3 in for 0x99
02-15 20:32:46.109 27456 27456 E ArmVmp : Match on catch block at 0xc3 in for 0x91
02-15 20:32:46.113 27456 27456 E ArmVmp : Match on catch block at 0xc3 in for 0x95
02-15 20:32:46.115 27456 27456 E ArmVmp : Match on catch block at 0xc3 in for 0x99
02-15 20:32:46.117 27456 27456 E ArmVmp : Match on catch block at 0xc3 in for 0x91
02-15 20:32:46.119 27456 27456 E ArmVmp : Match on catch block at 0xc3 in for 0x95
02-15 20:32:46.121 27456 27456 E ArmVmp : Match on catch block at 0xc3 in for 0x99
02-15 20:32:46.122 27456 27456 E ArmVmp : Match on catch block at 0xc3 in for 0x91
02-15 20:32:46.141 27456 27456 E ArmVmp : Match on catch block at 0xc3 in for 0x95
02-15 20:32:46.145 27456 27456 E ArmVmp : Match on catch block at 0xc3 in for 0x99
02-15 20:32:46.147 27456 27456 E ArmVmp : Match on catch block at 0xc3 in for 0x91
02-15 20:32:46.149 27456 27456 E ArmVmp : Match on catch block at 0xc3 in for 0x95
02-15 20:32:46.151 27456 27456 E ArmVmp : Match on catch block at 0xc3 in for 0x99
02-15 20:32:46.154 27456 27456 E ArmVmp : Match on catch block at 0xc3 in for 0x91
02-15 20:32:46.156 27456 27456 E ArmVmp : Match on catch block at 0xc3 in for 0x95
02-15 20:32:46.175 27456 27456 E ArmVmp : Match on catch block at 0xc3 in for 0x99
02-15 20:32:46.179 27456 27456 E ArmVmp : Match on catch block at 0xc3 in for 0x91
02-15 20:32:46.181 27456 27456 E ArmVmp : Match on catch block at 0xc3 in for 0x95
02-15 20:32:46.184 27456 27456 E ArmVmp : Match on catch block at 0xc3 in for 0x99
02-15 20:32:46.186 27456 27456 E ArmVmp : Match on catch block at 0xc3 in for 0x91
02-15 20:32:46.188 27456 27456 E ArmVmp : Match on catch block at 0xc3 in for 0x95
02-15 20:32:46.190 27456 27456 E ArmVmp : Match on catch block at 0xc3 in for 0x99
02-15 20:32:46.210 27456 27456 E ArmVmp : Match on catch block at 0xc3 in for 0x95
02-15 20:32:46.213 27456 27456 E ArmVmp : Match on catch block at 0xc3 in for 0x99
02-15 20:32:46.215 27456 27456 E ArmVmp : Match on catch block at 0xc3 in for 0x91
02-15 20:32:46.217 27456 27456 E ArmVmp : Match on catch block at 0xc3 in for 0x95
02-15 20:32:46.219 27456 27456 E ArmVmp : Match on catch block at 0xc3 in for 0x99
02-15 20:32:46.221 27456 27456 E ArmVmp : Match on catch block at 0xc3 in for 0x91
02-15 20:32:46.223 27456 27456 E ArmVmp : Match on catch block at 0xc3 in for 0x95
02-15 20:32:46.242 27456 27456 E ArmVmp : Match on catch block at 0xc3 in for 0x95
02-15 20:32:46.246 27456 27456 E ArmVmp : Match on catch block at 0xc3 in for 0x99
02-15 20:32:46.249 27456 27456 E ArmVmp : Match on catch block at 0xc3 in for 0x91
02-15 20:32:46.251 27456 27456 E ArmVmp : Match on catch block at 0xc3 in for 0x95
02-15 20:32:46.253 27456 27456 E ArmVmp : Match on catch block at 0xc3 in for 0x99
02-15 20:32:46.255 27456 27456 E ArmVmp : Match on catch block at 0xc3 in for 0x91
02-15 20:32:46.257 27456 27456 E ArmVmp : Match on catch block at 0xc3 in for 0x95
02-15 20:32:46.276 27456 27456 E ArmVmp : Match on catch block at 0xc3 in for 0x95
02-15 20:32:46.280 27456 27456 E ArmVmp : Match on catch block at 0xc3 in for 0x99
02-15 20:32:46.282 27456 27456 E ArmVmp : Match on catch block at 0xc3 in for 0x91
02-15 20:32:46.284 27456 27456 E ArmVmp : Match on catch block at 0xc3 in for 0x95
02-15 20:32:46.286 27456 27456 E ArmVmp : Match on catch block at 0xc3 in for 0x99
02-15 20:32:46.288 27456 27456 E ArmVmp : Match on catch block at 0xc3 in for 0x91
02-15 20:32:46.290 27456 27456 E ArmVmp : Match on catch block at 0xc3 in for 0x95
02-15 20:32:46.311 27456 27456 E ArmVmp : Match on catch block at 0xc3 in for 0x95
02-15 20:32:46.315 27456 27456 E ArmVmp : Match on catch block at 0xc3 in for 0x99
02-15 20:32:46.318 27456 27456 E ArmVmp : Match on catch block at 0xc3 in for 0x91
02-15 20:32:46.320 27456 27456 E ArmVmp : Match on catch block at 0xc3 in for 0x95
02-15 20:32:46.323 27456 27456 E ArmVmp : Match on catch block at 0xc3 in for 0x99
02-15 20:32:46.325 27456 27456 E ArmVmp : Match on catch block at 0xc3 in for 0x91
02-15 20:32:46.327 27456 27456 E ArmVmp : Match on catch block at 0xc3 in for 0x95
02-15 20:32:46.335 27456 27456 E ArmVmp : Match on catch block at 0xc3 in for 0x91
02-15 20:32:46.340 27456 27456 E ArmVmp : Match on catch block at 0xc3 in for 0x95
02-15 20:32:46.343 27456 27456 E ArmVmp : Match on catch block at 0xc3 in for 0x99
02-15 20:32:46.345 27456 27456 E ArmVmp : Match on catch block at 0xc3 in for 0x91
02-15 20:32:46.347 27456 27456 E ArmVmp : Match on catch block at 0xc3 in for 0x95
02-15 20:32:46.350 27456 27456 E ArmVmp : Match on catch block at 0xc3 in for 0x99
02-15 20:32:46.352 27456 27456 E ArmVmp : Match on catch block at 0xc3 in for 0x91
02-15 20:32:46.373 27456 27456 E ArmVmp : Match on catch block at 0xc3 in for 0x99
02-15 20:32:46.378 27456 27456 E ArmVmp : Match on catch block at 0xc3 in for 0x91
02-15 20:32:46.380 27456 27456 E ArmVmp : Match on catch block at 0xc3 in for 0x95
02-15 20:32:46.382 27456 27456 E ArmVmp : Match on catch block at 0xc3 in for 0x99
02-15 20:32:46.384 27456 27456 E ArmVmp : Match on catch block at 0xc3 in for 0x91
02-15 20:32:46.387 27456 27456 E ArmVmp : Match on catch block at 0xc3 in for 0x95
02-15 20:32:46.389 27456 27456 E ArmVmp : Match on catch block at 0xc3 in for 0x99
02-15 20:32:46.411 27456 27456 E ArmVmp : Match on catch block at 0xc3 in for 0x99
02-15 20:32:46.417 27456 27456 E ArmVmp : Match on catch block at 0xc3 in for 0x91
02-15 20:32:46.420 27456 27456 E ArmVmp : Match on catch block at 0xc3 in for 0x95
02-15 20:32:46.422 27456 27456 E ArmVmp : Match on catch block at 0xc3 in for 0x99
02-15 20:32:46.424 27456 27456 E ArmVmp : Match on catch block at 0xc3 in for 0x91
02-15 20:32:46.426 27456 27456 E ArmVmp : Match on catch block at 0xc3 in for 0x95
02-15 20:32:46.428 27456 27456 E ArmVmp : Match on catch block at 0xc3 in for 0x99
02-15 20:32:46.454 27456 27456 E ArmVmp : Match on catch block at 0xc3 in for 0x91
02-15 20:32:46.459 27456 27456 E ArmVmp : Match on catch block at 0xc3 in for 0x95
02-15 20:32:46.461 27456 27456 E ArmVmp : Match on catch block at 0xc3 in for 0x99
02-15 20:32:46.463 27456 27456 E ArmVmp : Match on catch block at 0xc3 in for 0x91
02-15 20:32:46.466 27456 27456 E ArmVmp : Match on catch block at 0xc3 in for 0x95
02-15 20:32:46.468 27456 27456 E ArmVmp : Match on catch block at 0xc3 in for 0x99
02-15 20:32:46.470 27456 27456 E ArmVmp : Match on catch block at 0xc3 in for 0x91
02-15 20:32:46.494 27456 27456 E ArmVmp : Match on catch block at 0xc3 in for 0x99
02-15 20:32:46.499 27456 27456 E ArmVmp : Match on catch block at 0xc3 in for 0x91
02-15 20:32:46.502 27456 27456 E ArmVmp : Match on catch block at 0xc3 in for 0x95
02-15 20:32:46.504 27456 27456 E ArmVmp : Match on catch block at 0xc3 in for 0x99
02-15 20:32:46.506 27456 27456 E ArmVmp : Match on catch block at 0xc3 in for 0x91
02-15 20:32:46.508 27456 27456 E ArmVmp : Match on catch block at 0xc3 in for 0x95
02-15 20:32:46.510 27456 27456 E ArmVmp : Match on catch block at 0xc3 in for 0x99
02-15 20:32:46.536 27456 27456 E ArmVmp : Match on catch block at 0xc3 in for 0x95
02-15 20:32:46.540 27456 27456 E ArmVmp : Match on catch block at 0xc3 in for 0x99
02-15 20:32:46.542 27456 27456 E ArmVmp : Match on catch block at 0xc3 in for 0x91
02-15 20:32:46.545 27456 27456 E ArmVmp : Match on catch block at 0xc3 in for 0x95
02-15 20:32:46.547 27456 27456 E ArmVmp : Match on catch block at 0xc3 in for 0x99
02-15 20:32:46.549 27456 27456 E ArmVmp : Match on catch block at 0xc3 in for 0x91
02-15 20:32:46.551 27456 27456 E ArmVmp : Match on catch block at 0xc3 in for 0x95
02-15 20:32:46.574 27456 27456 E ArmVmp : Match on catch block at 0xc3 in for 0x91
02-15 20:32:46.579 27456 27456 E ArmVmp : Match on catch block at 0xc3 in for 0x95
02-15 20:32:46.582 27456 27456 E ArmVmp : Match on catch block at 0xc3 in for 0x99
02-15 20:32:46.586 27456 27456 E ArmVmp : Match on catch block at 0xc3 in for 0x91
02-15 20:32:46.590 27456 27456 E ArmVmp : Match on catch block at 0xc3 in for 0x95
02-15 20:32:46.593 27456 27456 E ArmVmp : Match on catch block at 0xc3 in for 0x99
02-15 20:32:46.596 27456 27456 E ArmVmp : Match on catch block at 0xc3 in for 0x91
02-15 20:32:46.638 27456 27456 E ArmVmp : Match on catch block at 0xc3 in for 0x99
02-15 20:32:46.646 27456 27456 E ArmVmp : Match on catch block at 0xc3 in for 0x91
02-15 20:32:46.650 27456 27456 E ArmVmp : Match on catch block at 0xc3 in for 0x95
02-15 20:32:46.654 27456 27456 E ArmVmp : Match on catch block at 0xc3 in for 0x99
02-15 20:32:46.658 27456 27456 E ArmVmp : Match on catch block at 0xc3 in for 0x91
02-15 20:32:46.661 27456 27456 E ArmVmp : Match on catch block at 0xc3 in for 0x95
02-15 20:32:46.665 27456 27456 E ArmVmp : Match on catch block at 0xc3 in for 0x99
02-15 20:32:46.706 27456 27456 E ArmVmp : Match on catch block at 0xc3 in for 0x95
02-15 20:32:46.712 27456 27456 E ArmVmp : Match on catch block at 0xc3 in for 0x99
02-15 20:32:46.717 27456 27456 E ArmVmp : Match on catch block at 0xc3 in for 0x91
02-15 20:32:46.721 27456 27456 E ArmVmp : Match on catch block at 0xc3 in for 0x95
02-15 20:32:46.724 27456 27456 E ArmVmp : Match on catch block at 0xc3 in for 0x99
02-15 20:32:46.728 27456 27456 E ArmVmp : Match on catch block at 0xc3 in for 0x91
02-15 20:32:46.731 27456 27456 E ArmVmp : Match on catch block at 0xc3 in for 0x95
02-15 20:32:47.294 27456 27456 E ArmVmp : Match on catch block at 0xc3 in for 0x91
02-15 20:32:47.302 27456 27456 E ArmVmp : Match on catch block at 0xc3 in for 0x95
02-15 20:32:47.306 27456 27456 E ArmVmp : Match on catch block at 0xc3 in for 0x99
02-15 20:32:47.310 27456 27456 E ArmVmp : Match on catch block at 0xc3 in for 0x91
02-15 20:32:47.313 27456 27456 E ArmVmp : Match on catch block at 0xc3 in for 0x95
02-15 20:32:47.318 27456 27456 E ArmVmp : Match on catch block at 0xc3 in for 0x99
02-15 20:32:47.320 27456 27456 E ArmVmp : Match on catch block at 0xc3 in for 0x91
02-15 20:32:47.383 27456 27456 E ArmVmp : Match on catch block at 0xc3 in for 0x95
02-15 20:32:47.386 27456 27456 E ArmVmp : Match on catch block at 0xc3 in for 0x99
02-15 20:32:47.388 27456 27456 E ArmVmp : Match on catch block at 0xc3 in for 0x91
02-15 20:32:47.391 27456 27456 E ArmVmp : Match on catch block at 0xc3 in for 0x95
02-15 20:32:47.393 27456 27456 E ArmVmp : Match on catch block at 0xc3 in for 0x99
02-15 20:32:47.395 27456 27456 E ArmVmp : Match on catch block at 0xc3 in for 0x91
02-15 20:32:47.397 27456 27456 E ArmVmp : Match on catch block at 0xc3 in for 0x95
02-15 20:32:47.422 27456 27456 E libc : Access denied finding property "ro.vendor.pref_scale_resolution"
02-15 20:32:47.498 27456 27456 E libc : Access denied finding property "ro.vendor.pref_scale_resolution"
02-15 20:32:47.499 27456 27456 E libc : Access denied finding property "ro.vendor.pref_scale_resolution"
02-15 20:32:47.501 27456 27456 E libc : Access denied finding property "ro.vendor.pref_scale_resolution"
02-15 20:32:47.502 27456 27456 E libc : Access denied finding property "ro.vendor.pref_scale_resolution"
02-15 20:32:47.507 27456 27456 E libc : Access denied finding property "ro.vendor.pref_scale_resolution"
02-15 20:32:47.515 27456 27456 E libc : Access denied finding property "ro.vendor.pref_scale_resolution"
02-15 20:32:47.521 27456 27456 E libc : Access denied finding property "ro.vendor.pref_scale_resolution"
02-15 20:32:47.708 27456 27456 E libc : Access denied finding property "ro.vendor.pref_scale_resolution"
02-15 20:32:47.709 27456 27456 E libc : Access denied finding property "ro.vendor.pref_scale_resolution"
02-15 20:32:48.156 27456 27456 E ArmVmp : Match on catch block at 0xc3 in for 0x99
02-15 20:32:48.163 27456 27456 E ArmVmp : Match on catch block at 0xc3 in for 0x91
02-15 20:32:48.169 27456 27456 E ArmVmp : Match on catch block at 0xc3 in for 0x95
02-15 20:32:48.173 27456 27456 E ArmVmp : Match on catch block at 0xc3 in for 0x99
02-15 20:32:48.177 27456 27456 E ArmVmp : Match on catch block at 0xc3 in for 0x91
02-15 20:32:48.180 27456 27456 E ArmVmp : Match on catch block at 0xc3 in for 0x95
02-15 20:32:48.184 27456 27456 E ArmVmp : Match on catch block at 0xc3 in for 0x99
02-15 20:32:48.690 27456 27456 E ArmVmp : Match on catch block at 0x0a in for 0xc9
02-15 20:32:48.705 27456 27456 E ArmVmp : Match on catch block at 0xc3 in for 0x91
02-15 20:32:48.709 27456 27456 E ArmVmp : Match on catch block at 0xc3 in for 0x95
02-15 20:32:48.710 27456 27456 E ArmVmp : Match on catch block at 0xc3 in for 0x99
02-15 20:32:48.712 27456 27456 E ArmVmp : Match on catch block at 0xc3 in for 0x91
02-15 20:32:48.714 27456 27456 E ArmVmp : Match on catch block at 0xc3 in for 0x95
02-15 20:32:48.716 27456 27456 E ArmVmp : Match on catch block at 0xc3 in for 0x99
02-15 20:32:48.718 27456 27456 E ArmVmp : Match on catch block at 0xc3 in for 0x91
02-15 20:32:49.524 27456 27456 E ArmVmp : Match on catch block at 0xc3 in for 0x95
02-15 20:32:49.529 27456 27456 E ArmVmp : Match on catch block at 0xc3 in for 0x99
02-15 20:32:49.533 27456 27456 E ArmVmp : Match on catch block at 0xc3 in for 0x91
02-15 20:32:49.538 27456 27456 E ArmVmp : Match on catch block at 0xc3 in for 0x95
02-15 20:32:49.543 27456 27456 E ArmVmp : Match on catch block at 0xc3 in for 0x99
02-15 20:32:49.546 27456 27456 E ArmVmp : Match on catch block at 0xc3 in for 0x91
02-15 20:32:49.549 27456 27456 E ArmVmp : Match on catch block at 0xc3 in for 0x95
02-15 20:32:49.622 27456 27456 E ArmVmp : Match on catch block at 0xc3 in for 0x95
02-15 20:32:49.625 27456 27456 E ArmVmp : Match on catch block at 0xc3 in for 0x99
02-15 20:32:49.627 27456 27456 E ArmVmp : Match on catch block at 0xc3 in for 0x91
02-15 20:32:49.630 27456 27456 E ArmVmp : Match on catch block at 0xc3 in for 0x95
02-15 20:32:49.632 27456 27456 E ArmVmp : Match on catch block at 0xc3 in for 0x99
02-15 20:32:49.634 27456 27456 E ArmVmp : Match on catch block at 0xc3 in for 0x91
02-15 20:32:49.636 27456 27456 E ArmVmp : Match on catch block at 0xc3 in for 0x95
02-15 20:32:49.672 27456 27456 E libc : Access denied finding property "ro.vendor.pref_scale_resolution"
02-15 20:32:49.737 27456 27456 E libc : Access denied finding property "ro.vendor.pref_scale_resolution"
02-15 20:32:49.738 27456 27456 E libc : Access denied finding property "ro.vendor.pref_scale_resolution"
02-15 20:32:49.741 27456 27456 E libc : Access denied finding property "ro.vendor.pref_scale_resolution"
02-15 20:32:49.745 27456 27456 E libc : Access denied finding property "ro.vendor.pref_scale_resolution"
02-15 20:32:49.747 27456 27456 E libc : Access denied finding property "ro.vendor.pref_scale_resolution"
02-15 20:32:49.831 27456 27456 E libc : Access denied finding property "ro.vendor.pref_scale_resolution"
02-15 20:32:49.975 27456 27456 E libc : Access denied finding property "ro.vendor.pref_scale_resolution"
02-15 20:32:49.977 27456 27456 E libc : Access denied finding property "ro.vendor.pref_scale_resolution"
02-15 20:32:50.419 27456 27456 E ArmVmp : Match on catch block at 0xc3 in for 0x95
02-15 20:32:50.425 27456 27456 E ArmVmp : Match on catch block at 0xc3 in for 0x99
02-15 20:32:50.431 27456 27456 E ArmVmp : Match on catch block at 0xc3 in for 0x91
02-15 20:32:50.435 27456 27456 E ArmVmp : Match on catch block at 0xc3 in for 0x95
02-15 20:32:50.440 27456 27456 E ArmVmp : Match on catch block at 0xc3 in for 0x99
02-15 20:32:50.444 27456 27456 E ArmVmp : Match on catch block at 0xc3 in for 0x91
02-15 20:32:50.448 27456 27456 E ArmVmp : Match on catch block at 0xc3 in for 0x95
02-15 20:32:50.693 27456 27476 W System : A resource failed to call release.
02-15 20:32:50.695 27456 27476 W System : A resource failed to call release.
02-15 20:32:52.485 27456 27456 E ArmVmp : Match on catch block at 0x0a in for 0xc9
02-15 20:32:52.501 27456 27456 E ArmVmp : Match on catch block at 0xc3 in for 0x99
02-15 20:32:52.504 27456 27456 E ArmVmp : Match on catch block at 0xc3 in for 0x91
02-15 20:32:52.506 27456 27456 E ArmVmp : Match on catch block at 0xc3 in for 0x95
02-15 20:32:52.507 27456 27456 E ArmVmp : Match on catch block at 0xc3 in for 0x99
02-15 20:32:52.509 27456 27456 E ArmVmp : Match on catch block at 0xc3 in for 0x91
02-15 20:32:52.510 27456 27456 E ArmVmp : Match on catch block at 0xc3 in for 0x95
02-15 20:32:52.512 27456 27456 E ArmVmp : Match on catch block at 0xc3 in for 0x99
02-15 20:32:53.402 27456 27456 E ArmVmp : Match on catch block at 0xc3 in for 0x91
02-15 20:32:53.405 27456 27456 E ArmVmp : Match on catch block at 0xc3 in for 0x95
02-15 20:32:53.407 27456 27456 E ArmVmp : Match on catch block at 0xc3 in for 0x99
02-15 20:32:53.409 27456 27456 E ArmVmp : Match on catch block at 0xc3 in for 0x91
02-15 20:32:53.411 27456 27456 E ArmVmp : Match on catch block at 0xc3 in for 0x95
02-15 20:32:53.412 27456 27456 E ArmVmp : Match on catch block at 0xc3 in for 0x99
02-15 20:32:53.414 27456 27456 E ArmVmp : Match on catch block at 0xc3 in for 0x91
02-15 20:32:53.438 27456 27456 E ArmVmp : Match on catch block at 0xc3 in for 0x91
02-15 20:32:53.441 27456 27456 E ArmVmp : Match on catch block at 0xc3 in for 0x95
02-15 20:32:53.443 27456 27456 E ArmVmp : Match on catch block at 0xc3 in for 0x99
02-15 20:32:53.445 27456 27456 E ArmVmp : Match on catch block at 0xc3 in for 0x91
02-15 20:32:53.446 27456 27456 E ArmVmp : Match on catch block at 0xc3 in for 0x95
02-15 20:32:53.448 27456 27456 E ArmVmp : Match on catch block at 0xc3 in for 0x99
02-15 20:32:53.449 27456 27456 E ArmVmp : Match on catch block at 0xc3 in for 0x91
02-15 20:32:53.457 27456 27456 E ArmVmp : Match on catch block at 0xc3 in for 0x99
02-15 20:32:53.461 27456 27456 E ArmVmp : Match on catch block at 0xc3 in for 0x91
02-15 20:32:53.464 27456 27456 E ArmVmp : Match on catch block at 0xc3 in for 0x95
02-15 20:32:53.466 27456 27456 E ArmVmp : Match on catch block at 0xc3 in for 0x99
02-15 20:32:53.468 27456 27456 E ArmVmp : Match on catch block at 0xc3 in for 0x91
02-15 20:32:53.470 27456 27456 E ArmVmp : Match on catch block at 0xc3 in for 0x95
02-15 20:32:53.473 27456 27456 E ArmVmp : Match on catch block at 0xc3 in for 0x99
02-15 20:32:53.478 27456 27456 E ArmVmp : Match on catch block at 0xc3 in for 0x95
02-15 20:32:53.482 27456 27456 E ArmVmp : Match on catch block at 0xc3 in for 0x99
02-15 20:32:53.484 27456 27456 E ArmVmp : Match on catch block at 0xc3 in for 0x91
02-15 20:32:53.487 27456 27456 E ArmVmp : Match on catch block at 0xc3 in for 0x95
02-15 20:32:53.489 27456 27456 E ArmVmp : Match on catch block at 0xc3 in for 0x99
02-15 20:32:53.491 27456 27456 E ArmVmp : Match on catch block at 0xc3 in for 0x91
02-15 20:32:53.494 27456 27456 E ArmVmp : Match on catch block at 0xc3 in for 0x95
02-15 20:32:53.499 27456 27456 E ArmVmp : Match on catch block at 0xc3 in for 0x91
02-15 20:32:53.503 27456 27456 E ArmVmp : Match on catch block at 0xc3 in for 0x95
