02-16 15:26:54.380 1380 1380 E ArmVmp : Match on catch block at 0xc3 in for 0x99
02-16 15:26:54.384 1380 1380 E ArmVmp : Match on catch block at 0xc3 in for 0x91
02-16 15:26:54.388 1380 1380 E ArmVmp : Match on catch block at 0xc3 in for 0x91
02-16 15:26:54.398 1380 1380 E ArmVmp : Match on catch block at 0xc3 in for 0x95
02-16 15:26:54.402 1380 1380 E ArmVmp : Match on catch block at 0xc3 in for 0x99
02-16 15:26:54.405 1380 1380 E ArmVmp : Match on catch block at 0xc3 in for 0x99
02-16 15:26:54.413 1380 1380 E ArmVmp : Match on catch block at 0xc3 in for 0x91
02-16 15:26:54.416 1380 1380 E ArmVmp : Match on catch block at 0xc3 in for 0x95
02-16 15:26:54.419 1380 1380 E ArmVmp : Match on catch block at 0xc3 in for 0x95
02-16 15:26:54.430 1380 1380 E ArmVmp : Match on catch block at 0xc3 in for 0x99
02-16 15:26:54.433 1380 1380 E ArmVmp : Match on catch block at 0xc3 in for 0x91
02-16 15:26:54.436 1380 1380 E ArmVmp : Match on catch block at 0xc3 in for 0x91
02-16 15:26:54.446 1380 1380 E ArmVmp : Match on catch block at 0xc3 in for 0x95
02-16 15:26:54.450 1380 1380 E ArmVmp : Match on catch block at 0xc3 in for 0x99
02-16 15:26:54.452 1380 1380 E ArmVmp : Match on catch block at 0xc3 in for 0x99
02-16 15:26:54.463 1380 1380 E ArmVmp : Match on catch block at 0xc3 in for 0x91
02-16 15:26:54.466 1380 1380 E ArmVmp : Match on catch block at 0xc3 in for 0x95
02-16 15:26:54.469 1380 1380 E ArmVmp : Match on catch block at 0xc3 in for 0x95
02-16 15:26:54.479 1380 1380 E ArmVmp : Match on catch block at 0xc3 in for 0x99
02-16 15:26:54.483 1380 1380 E ArmVmp : Match on catch block at 0xc3 in for 0x91
02-16 15:26:54.486 1380 1380 E ArmVmp : Match on catch block at 0xc3 in for 0x91
02-16 15:26:54.495 1380 1380 E ArmVmp : Match on catch block at 0xc3 in for 0x95
02-16 15:26:54.501 1380 1380 E ArmVmp : Match on catch block at 0xc3 in for 0x99
02-16 15:26:54.504 1380 1380 E ArmVmp : Match on catch block at 0xc3 in for 0x99
02-16 15:26:54.644 1380 1380 E ArmVmp : Match on catch block at 0xc3 in for 0x91
02-16 15:26:54.650 1380 1380 E ArmVmp : Match on catch block at 0xc3 in for 0x95
02-16 15:26:54.653 1380 1380 E ArmVmp : Match on catch block at 0xc3 in for 0x95
02-16 15:26:55.157 1380 1380 E ArmVmp : Match on catch block at 0xc3 in for 0x99
02-16 15:26:55.159 1380 1380 E ArmVmp : Match on catch block at 0xc3 in for 0x91
02-16 15:26:55.161 1380 1380 E ArmVmp : Match on catch block at 0xc3 in for 0x91
02-16 15:26:55.651 1380 1380 E ArmVmp : Match on catch block at 0xc3 in for 0x91
02-16 15:26:55.654 1380 1380 E ArmVmp : Match on catch block at 0xc3 in for 0x95
02-16 15:26:55.656 1380 1380 E ArmVmp : Match on catch block at 0xc3 in for 0x95
02-16 15:26:56.147 1380 1380 E ArmVmp : Match on catch block at 0xc3 in for 0x99
02-16 15:26:56.149 1380 1380 E ArmVmp : Match on catch block at 0xc3 in for 0x91
02-16 15:26:56.151 1380 1380 E ArmVmp : Match on catch block at 0xc3 in for 0x91
02-16 15:26:56.658 1380 1380 E ArmVmp : Match on catch block at 0xc3 in for 0x95
02-16 15:26:56.661 1380 1380 E ArmVmp : Match on catch block at 0xc3 in for 0x99
02-16 15:26:56.664 1380 1380 E ArmVmp : Match on catch block at 0xc3 in for 0x99
02-16 15:26:57.154 1380 1380 E ArmVmp : Match on catch block at 0xc3 in for 0x91
02-16 15:26:57.156 1380 1380 E ArmVmp : Match on catch block at 0xc3 in for 0x95
02-16 15:26:57.158 1380 1380 E ArmVmp : Match on catch block at 0xc3 in for 0x95
02-16 15:26:57.649 1380 1380 E ArmVmp : Match on catch block at 0xc3 in for 0x99
02-16 15:26:57.651 1380 1380 E ArmVmp : Match on catch block at 0xc3 in for 0x91
02-16 15:26:57.654 1380 1380 E ArmVmp : Match on catch block at 0xc3 in for 0x91
02-16 15:26:58.163 1380 1380 E ArmVmp : Match on catch block at 0xc3 in for 0x95
02-16 15:26:58.165 1380 1380 E ArmVmp : Match on catch block at 0xc3 in for 0x99
02-16 15:26:58.168 1380 1380 E ArmVmp : Match on catch block at 0xc3 in for 0x99
02-16 15:26:58.657 1380 1380 E ArmVmp : Match on catch block at 0xc3 in for 0x91
02-16 15:26:58.660 1380 1380 E ArmVmp : Match on catch block at 0xc3 in for 0x95
02-16 15:26:58.663 1380 1380 E ArmVmp : Match on catch block at 0xc3 in for 0x95
02-16 15:26:59.153 1380 1380 E ArmVmp : Match on catch block at 0xc3 in for 0x99
02-16 15:26:59.160 1380 1380 E ArmVmp : Match on catch block at 0xc3 in for 0x91
02-16 15:26:59.163 1380 1380 E ArmVmp : Match on catch block at 0xc3 in for 0x91
02-16 15:26:59.665 1380 1380 E ArmVmp : Match on catch block at 0xc3 in for 0x95
02-16 15:26:59.667 1380 1380 E ArmVmp : Match on catch block at 0xc3 in for 0x99
02-16 15:26:59.670 1380 1380 E ArmVmp : Match on catch block at 0xc3 in for 0x99
02-16 15:27:00.161 1380 1380 E ArmVmp : Match on catch block at 0xc3 in for 0x91
02-16 15:27:00.164 1380 1380 E ArmVmp : Match on catch block at 0xc3 in for 0x95
02-16 15:27:00.166 1380 1380 E ArmVmp : Match on catch block at 0xc3 in for 0x95
02-16 15:27:00.656 1380 1380 E ArmVmp : Match on catch block at 0xc3 in for 0x99
02-16 15:27:00.659 1380 1380 E ArmVmp : Match on catch block at 0xc3 in for 0x91
02-16 15:27:00.661 1380 1380 E ArmVmp : Match on catch block at 0xc3 in for 0x91
02-16 15:27:01.169 1380 1380 E ArmVmp : Match on catch block at 0xc3 in for 0x95
02-16 15:27:01.171 1380 1380 E ArmVmp : Match on catch block at 0xc3 in for 0x99
02-16 15:27:01.176 1380 1380 E ArmVmp : Match on catch block at 0xc3 in for 0x99
02-16 15:27:01.664 1380 1380 E ArmVmp : Match on catch block at 0xc3 in for 0x91
02-16 15:27:01.666 1380 1380 E ArmVmp : Match on catch block at 0xc3 in for 0x95
02-16 15:27:01.668 1380 1380 E ArmVmp : Match on catch block at 0xc3 in for 0x95
02-16 15:27:02.159 1380 1380 E ArmVmp : Match on catch block at 0xc3 in for 0x99
02-16 15:27:02.162 1380 1380 E ArmVmp : Match on catch block at 0xc3 in for 0x91
02-16 15:27:02.166 1380 1380 E ArmVmp : Match on catch block at 0xc3 in for 0x91
02-16 15:27:02.677 1380 1380 E ArmVmp : Match on catch block at 0xc3 in for 0x95
02-16 15:27:02.682 1380 1380 E ArmVmp : Match on catch block at 0xc3 in for 0x99
02-16 15:27:02.685 1380 1380 E ArmVmp : Match on catch block at 0xc3 in for 0x99
02-16 15:27:03.182 1380 1380 E ArmVmp : Match on catch block at 0xc3 in for 0x91
02-16 15:27:03.185 1380 1380 E ArmVmp : Match on catch block at 0xc3 in for 0x95
02-16 15:27:03.187 1380 1380 E ArmVmp : Match on catch block at 0xc3 in for 0x95
02-16 15:27:03.203 1380 1380 E ArmVmp : Match on catch block at 0xc3 in for 0x95
02-16 15:27:03.205 1380 1380 E ArmVmp : Match on catch block at 0xc3 in for 0x99
02-16 15:27:03.207 1380 1380 E ArmVmp : Match on catch block at 0xc3 in for 0x99
02-16 15:27:03.224 1380 1380 E ArmVmp : Match on catch block at 0xc3 in for 0x95
02-16 15:27:03.226 1380 1380 E ArmVmp : Match on catch block at 0xc3 in for 0x99
02-16 15:27:03.227 1380 1380 E ArmVmp : Match on catch block at 0xc3 in for 0x99
02-16 15:27:03.276 1380 1380 E libc : Access denied finding property "ro.vendor.pref_scale_resolution"
02-16 15:27:03.386 1380 1380 E ArmVmp : Match on catch block at 0xc3 in for 0x99
02-16 15:27:03.389 1380 1380 E ArmVmp : Match on catch block at 0xc3 in for 0x91
02-16 15:27:03.392 1380 1380 E ArmVmp : Match on catch block at 0xc3 in for 0x91
02-16 15:27:03.890 1380 1380 E ArmVmp : Match on catch block at 0xc3 in for 0x91
02-16 15:27:03.894 1380 1380 E ArmVmp : Match on catch block at 0xc3 in for 0x95
02-16 15:27:03.896 1380 1380 E ArmVmp : Match on catch block at 0xc3 in for 0x95
02-16 15:27:10.454 1380 1451 W System : A resource failed to call release.
02-16 15:27:18.292 1380 1380 E libc : Access denied finding property "ro.vendor.pref_scale_resolution" --------- beginning of system
02-16 15:30:33.211 1380 1380 W Looper : PerfMonitor looperActivity : package=com.mbwhatsapp/.Conversation time=0ms latency=555ms running=0ms procState=2 ClientTransaction{ callbacks=[android.app.servertransaction.TopResumedActivityChang eItem] } historyMsgCount=1 (msgIndex=1 wall=555ms seq=1116 h=android.app.ActivityThread$H w=159)
02-16 15:30:59.953 1380 5195 W BpBinder: Slow Binder: BpBinder transact took 315 ms, interface=android.content.IContentProvider, code=20 oneway=false
02-16 15:31:33.645 1380 1380 W Activity: Slow Operation: Activity com.mbwhatsapp/.contact.picker.ContactPicker onStart took 263ms
02-16 15:31:33.663 1380 1380 W Looper : PerfMonitor looperActivity : package=com.mbwhatsapp/.contact.picker.ContactPicker time=0ms latency=338ms running=0ms procState=2 ClientTransaction{ callbacks=[android.app.servertransaction.TopResumedActivityChang eItem] } historyMsgCount=3 (msgIndex=3 wall=332ms seq=4117 late=6ms h=android.app.ActivityThread$H w=159)
02-16 15:31:37.155 1380 1380 W Looper : PerfMonitor looperActivity : package=com.mbwhatsapp/.Conversation time=0ms latency=403ms running=0ms procState=2 ClientTransaction{ callbacks=[android.app.servertransaction.TopResumedActivityChang eItem] } historyMsgCount=17 (msgIndex=17 wall=367ms seq=4476 late=36ms h=android.app.ActivityThread$H w=159)
02-16 15:31:37.259 1380 1380 W Looper : PerfMonitor doFrame : time=101ms vsyncFrame=0 latency=388ms procState=2 historyMsgCount=8 (msgIndex=5 wall=367ms seq=4476 late=36ms h=android.app.ActivityThread$H w=159)
02-16 15:31:38.750 1380 1380 W Looper : PerfMonitor looperActivity : package=com.mbwhatsapp/.chatinfo.ContactInfoActivity time=0ms latency=509ms running=0ms procState=2 ClientTransaction{ callbacks=[android.app.servertransaction.TopResumedActivityChang eItem] } historyMsgCount=4 (msgIndex=4 wall=495ms seq=4584 late=13ms h=android.app.ActivityThread$H w=159)
02-16 15:31:38.819 1380 1380 W Looper : PerfMonitor doFrame : time=69ms vsyncFrame=0 latency=493ms procState=2 historyMsgCount=2 (msgIndex=1 wall=495ms seq=4584 late=13ms h=android.app.ActivityThread$H w=159)
02-16 15:31:46.195 1380 1625 W BpBinder: Slow Binder: BpBinder transact took 292 ms, interface=android.content.IContentProvider, code=20 oneway=false
02-16 15:31:53.631 1380 1380 W Looper : PerfMonitor looperActivity : package=com.mbwhatsapp/.Conversation time=0ms latency=359ms running=0ms procState=2 ClientTransaction{ callbacks=[android.app.servertransaction.TopResumedActivityChang eItem] } historyMsgCount=3 (msgIndex=3 wall=353ms seq=5795 late=6ms h=android.app.ActivityThread$H w=159)
02-16 15:31:53.989 1380 1380 W Looper : PerfMonitor doFrame : time=357ms vsyncFrame=0 latency=346ms procState=2 historyMsgCount=3 (msgIndex=1 wall=353ms seq=5795 late=6ms h=android.app.ActivityThread$H w=159)
02-16 15:31:54.033 1380 1380 W Looper : PerfMonitor doFrame : time=31ms vsyncFrame=0 latency=369ms procState=2 historyMsgCount=45 (msgIndex=1 wall=357ms seq=5798 late=346ms h=android.view.Choreographer$FrameHandler c=android.view.Choreographer$FrameDisplayEventReceiver)
02-16 15:32:47.913 1380 1380 W Looper : PerfMonitor looperActivity : package=com.mbwhatsapp/.Conversation time=0ms latency=351ms running=0ms procState=2 ClientTransaction{ callbacks=[android.app.servertransaction.TopResumedActivityChang eItem] } historyMsgCount=3 (msgIndex=3 wall=345ms seq=9929 late=6ms h=android.app.ActivityThread$H w=159)
02-16 15:32:48.223 1380 1380 W Looper : PerfMonitor doFrame : time=310ms vsyncFrame=0 latency=339ms procState=2 historyMsgCount=2 (msgIndex=1 wall=345ms seq=9929 late=6ms h=android.app.ActivityThread$H w=159)
02-16 15:32:48.284 1380 1380 W Looper : PerfMonitor doFrame : time=39ms vsyncFrame=0 latency=325ms procState=2 historyMsgCount=51 (msgIndex=1 wall=310ms seq=9931 late=339ms h=android.view.Choreographer$FrameHandler c=android.view.Choreographer$FrameDisplayEventReceiver)
02-16 15:33:30.107 1380 1380 W Looper : PerfMonitor looperActivity : package=com.mbwhatsapp/.Conversation time=0ms latency=346ms running=0ms procState=2 ClientTransaction{ callbacks=[android.app.servertransaction.TopResumedActivityChang eItem] } historyMsgCount=3 (msgIndex=3 wall=339ms seq=12114 late=7ms h=android.app.ActivityThread$H w=159)
02-16 15:33:30.458 1380 1380 W Looper : PerfMonitor doFrame : time=350ms vsyncFrame=0 latency=335ms procState=2 historyMsgCount=2 (msgIndex=1 wall=339ms seq=12114 late=7ms h=android.app.ActivityThread$H w=159)
02-16 15:33:30.525 1380 1380 W Looper : PerfMonitor doFrame : time=43ms vsyncFrame=0 latency=362ms procState=2 historyMsgCount=51 (msgIndex=1 wall=350ms seq=12116 late=335ms h=android.view.Choreographer$FrameHandler c=android.view.Choreographer$FrameDisplayEventReceiver)
02-16 15:33:59.343 1380 1380 W Looper : PerfMonitor looperActivity : package=com.mbwhatsapp/.Conversation time=0ms latency=585ms running=0ms procState=2 ClientTransaction{ callbacks=[android.app.servertransaction.TopResumedActivityChang eItem] } historyMsgCount=3 (msgIndex=1 wall=59ms seq=12528 h=android.app.ActivityThread$H w=159) (msgIndex=3 wall=561ms seq=12530 late=24ms h=android.app.ActivityThread$H w=159)
02-16 15:34:00.019 1380 1380 W Looper : PerfMonitor doFrame : time=670ms vsyncFrame=0 latency=12ms procState=2 historyMsgCount=37 (msgIndex=1 wall=561ms seq=12530 late=24ms h=android.app.ActivityThread$H w=159)
02-16 15:34:00.101 1380 1380 W Looper : PerfMonitor doFrame : time=57ms vsyncFrame=0 latency=674ms procState=2 historyMsgCount=11 (msgIndex=1 wall=670ms seq=12567 late=12ms h=android.view.Choreographer$FrameHandler c=android.view.Choreographer$FrameDisplayEventReceiver)
02-16 15:34:38.238 1380 5290 W BpBinder: Slow Binder: BpBinder transact took 275 ms, interface=android.app.IActivityManager, code=89 oneway=false
02-16 15:34:51.704 1380 1380 W Looper : PerfMonitor looperActivity : package=com.mbwhatsapp/.Conversation time=0ms latency=510ms running=0ms procState=2 ClientTransaction{ callbacks=[android.app.servertransaction.TopResumedActivityChang eItem] } historyMsgCount=1 (msgIndex=1 wall=509ms seq=14630 h=android.app.ActivityThread$H w=159)
02-16 15:34:52.297 1380 1380 W Looper : PerfMonitor doFrame : time=579ms vsyncFrame=0 latency=26ms procState=2 historyMsgCount=38 (msgIndex=1 wall=509ms seq=14630 h=android.app.ActivityThread$H w=159)
02-16 15:34:52.346 1380 1380 W Looper : PerfMonitor doFrame : time=31ms vsyncFrame=0 latency=589ms procState=2 historyMsgCount=10 (msgIndex=1 wall=579ms seq=14668 late=26ms h=android.view.Choreographer$FrameHandler c=android.view.Choreographer$FrameDisplayEventReceiver)
02-16 15:35:03.368 1380 1380 W Activity: Slow Operation: Activity com.mbwhatsapp/.HomeActivity onCreate took 525ms
02-16 15:35:03.397 1380 1380 W Looper : PerfMonitor looperActivity : package=com.mbwhatsapp/.HomeActivity time=0ms latency=583ms running=0ms procState=2 ClientTransaction{ callbacks=[android.app.servertransaction.TopResumedActivityChang eItem] } historyMsgCount=5 (msgIndex=5 wall=575ms seq=15336 late=8ms h=android.app.ActivityThread$H w=159)
02-16 15:35:04.244 1380 1380 W Looper : PerfMonitor doFrame : time=847ms vsyncFrame=0 latency=573ms procState=2 historyMsgCount=2 (msgIndex=1 wall=575ms seq=15336 late=8ms h=android.app.ActivityThread$H w=159)
02-16 15:35:04.294 1380 1380 W Looper : PerfMonitor looperActivity : package=com.mbwhatsapp/.HomeActivity time=29ms latency=1030ms running=0ms procState=2 ClientTransaction{ callbacks=[android.app.servertransaction.TopResumedActivityChang eItem] } historyMsgCount=14 (msgIndex=1 wall=575ms seq=15336 late=8ms h=android.app.ActivityThread$H w=159) (msgIndex=3 wall=847ms seq=15338 late=573ms h=android.view.Choreographer$FrameHandler c=android.view.Choreographer$FrameDisplayEventReceiver)
02-16 15:35:04.317 1380 1380 W Looper : PerfMonitor looperActivity : package=com.mbwhatsapp/.HomeActivity time=23ms latency=1059ms running=0ms procState=2 ClientTransaction{ lifecycleRequest=android.app.servertransaction.PauseActivityItem } historyMsgCount=15 (msgIndex=1 wall=575ms seq=15336 late=8ms h=android.app.ActivityThread$H w=159) (msgIndex=3 wall=847ms seq=15338 late=573ms h=android.view.Choreographer$FrameHandler c=android.view.Choreographer$FrameDisplayEventReceiver)
02-16 15:35:04.431 1380 1380 W Looper : PerfMonitor doFrame : time=113ms vsyncFrame=0 latency=899ms procState=2 historyMsgCount=26 (msgIndex=1 wall=847ms seq=15338 late=573ms h=android.view.Choreographer$FrameHandler c=android.view.Choreographer$FrameDisplayEventReceiver)
02-16 15:35:07.007 1380 1380 W Looper : PerfMonitor looperActivity : package=com.mbwhatsapp/.Conversation time=0ms latency=365ms running=0ms procState=2 ClientTransaction{ callbacks=[android.app.servertransaction.TopResumedActivityChang eItem] } historyMsgCount=3 (msgIndex=3 wall=358ms seq=15658 late=8ms h=android.app.ActivityThread$H w=159)
02-16 15:35:07.442 1380 1380 W Looper : PerfMonitor doFrame : time=434ms vsyncFrame=0 latency=352ms procState=2 historyMsgCount=3 (msgIndex=1 wall=358ms seq=15658 late=8ms h=android.app.ActivityThread$H w=159)
02-16 15:35:07.498 1380 1380 W Looper : PerfMonitor doFrame : time=26ms vsyncFrame=0 latency=452ms procState=2 historyMsgCount=50 (msgIndex=1 wall=434ms seq=15661 late=352ms h=android.view.Choreographer$FrameHandler c=android.view.Choreographer$FrameDisplayEventReceiver)
02-16 15:35:31.783 1380 1380 W Looper : PerfMonitor looperActivity : package=com.mbwhatsapp/.Conversation time=0ms latency=389ms running=0ms procState=2 ClientTransaction{ callbacks=[android.app.servertransaction.TopResumedActivityChang eItem] } historyMsgCount=3 (msgIndex=3 wall=372ms seq=16965 late=17ms h=android.app.ActivityThread$H w=159)
02-16 15:35:32.138 1380 1380 W Looper : PerfMonitor doFrame : time=356ms vsyncFrame=0 latency=369ms procState=2 historyMsgCount=2 (msgIndex=1 wall=372ms seq=16965 late=17ms h=android.app.ActivityThread$H w=159)
02-16 15:35:32.180 1380 1380 W Looper : PerfMonitor doFrame : time=32ms vsyncFrame=0 latency=354ms procState=2 historyMsgCount=44 (msgIndex=1 wall=356ms seq=16967 late=369ms h=android.view.Choreographer$FrameHandler c=android.view.Choreographer$FrameDisplayEventReceiver)
02-16 15:35:53.575 1380 1380 W Activity: Slow Operation: Activity com.mbwhatsapp/.contact.picker.ContactPicker onStart took 251ms
02-16 15:35:53.594 1380 1380 W Looper : PerfMonitor looperActivity : package=com.mbwhatsapp/.contact.picker.ContactPicker time=0ms latency=328ms running=0ms procState=2 ClientTransaction{ callbacks=[android.app.servertransaction.TopResumedActivityChang eItem] } historyMsgCount=4 (msgIndex=4 wall=317ms seq=18061 late=12ms h=android.app.ActivityThread$H w=159)
02-16 15:35:53.661 1380 1380 W Looper : PerfMonitor doFrame : time=66ms vsyncFrame=0 latency=314ms procState=2 historyMsgCount=2 (msgIndex=1 wall=317ms seq=18061 late=12ms h=android.app.ActivityThread$H w=159)
02-16 15:36:01.180 1380 1380 W Looper : PerfMonitor looperActivity : package=com.mbwhatsapp/.Conversation time=0ms latency=400ms running=0ms procState=2 ClientTransaction{ callbacks=[android.app.servertransaction.TopResumedActivityChang eItem] } historyMsgCount=17 (msgIndex=17 wall=364ms seq=18533 late=36ms h=android.app.ActivityThread$H w=159)
02-16 15:36:01.303 1380 1380 W Looper : PerfMonitor doFrame : time=121ms vsyncFrame=0 latency=386ms procState=2 historyMsgCount=8 (msgIndex=5 wall=364ms seq=18533 late=36ms h=android.app.ActivityThread$H w=159)
02-16 15:36:10.736 1380 1380 W Looper : PerfMonitor looperActivity : package=com.mbwhatsapp/.Conversation time=0ms latency=398ms running=0ms procState=2 ClientTransaction{ callbacks=[android.app.servertransaction.TopResumedActivityChang eItem] } historyMsgCount=3 (msgIndex=3 wall=392ms seq=19028 late=6ms h=android.app.ActivityThread$H w=159)
02-16 15:36:11.128 1380 1380 W Looper : PerfMonitor doFrame : time=391ms vsyncFrame=0 latency=378ms procState=2 historyMsgCount=3 (msgIndex=1 wall=392ms seq=19028 late=6ms h=android.app.ActivityThread$H w=159)
02-16 15:36:11.179 1380 1380 W Looper : PerfMonitor doFrame : time=36ms vsyncFrame=0 latency=404ms procState=2 historyMsgCount=49 (msgIndex=1 wall=391ms seq=19031 late=378ms h=android.view.Choreographer$FrameHandler c=android.view.Choreographer$FrameDisplayEventReceiver)
02-16 15:38:08.176 1380 1380 W Looper : PerfMonitor looperActivity : package=com.mbwhatsapp/.Conversation time=1ms latency=371ms running=0ms procState=2 ClientTransaction{ callbacks=[android.app.servertransaction.TopResumedActivityChang eItem] } historyMsgCount=3 (msgIndex=3 wall=357ms seq=25156 late=14ms h=android.app.ActivityThread$H w=159)
02-16 15:38:08.561 1380 1380 W Looper : PerfMonitor doFrame : time=384ms vsyncFrame=0 latency=356ms procState=2 historyMsgCount=2 (msgIndex=1 wall=357ms seq=25156 late=14ms h=android.app.ActivityThread$H w=159)
02-16 15:38:08.672 1380 1380 W Looper : PerfMonitor doFrame : time=57ms vsyncFrame=0 latency=430ms procState=2 historyMsgCount=47 (msgIndex=1 wall=384ms seq=25158 late=356ms h=android.view.Choreographer$FrameHandler c=android.view.Choreographer$FrameDisplayEventReceiver)
02-16 15:39:10.330 1380 1380 W Looper : PerfMonitor looperActivity : package=com.mbwhatsapp/.Conversation time=0ms latency=399ms running=0ms procState=2 ClientTransaction{ callbacks=[android.app.servertransaction.TopResumedActivityChang eItem] } historyMsgCount=3 (msgIndex=3 wall=393ms seq=29037 late=6ms h=android.app.ActivityThread$H w=159)
02-16 15:39:10.717 1380 1380 W Looper : PerfMonitor doFrame : time=388ms vsyncFrame=0 latency=392ms procState=2 historyMsgCount=2 (msgIndex=1 wall=393ms seq=29037 late=6ms h=android.app.ActivityThread$H w=159)
02-16 15:39:10.850 1380 1380 W Looper : PerfMonitor doFrame : time=78ms vsyncFrame=0 latency=438ms procState=2 historyMsgCount=55 (msgIndex=1 wall=388ms seq=29039 late=392ms h=android.view.Choreographer$FrameHandler c=android.view.Choreographer$FrameDisplayEventReceiver)
02-16 15:40:23.604 1380 1380 W Looper : PerfMonitor looperActivity : package=com.mbwhatsapp/.Conversation time=1ms latency=408ms running=0ms procState=2 ClientTransaction{ callbacks=[android.app.servertransaction.TopResumedActivityChang eItem] } historyMsgCount=4 (msgIndex=4 wall=378ms seq=32755 late=30ms h=android.app.ActivityThread$H w=159)
02-16 15:40:23.752 1380 1380 W Looper : PerfMonitor doFrame : time=147ms vsyncFrame=0 latency=385ms procState=2 historyMsgCount=4 (msgIndex=3 wall=378ms seq=32755 late=30ms h=android.app.ActivityThread$H w=159)
02-16 15:40:29.743 1380 1380 W Looper : PerfMonitor looperActivity : package=com.mbwhatsapp/.Conversation time=0ms latency=350ms running=0ms procState=2 ClientTransaction{ callbacks=[android.app.servertransaction.TopResumedActivityChang eItem] } historyMsgCount=3 (msgIndex=3 wall=343ms seq=33048 late=7ms h=android.app.ActivityThread$H w=159)
02-16 15:40:30.079 1380 1380 W Looper : PerfMonitor doFrame : time=336ms vsyncFrame=0 latency=342ms procState=2 historyMsgCount=2 (msgIndex=1 wall=343ms seq=33048 late=7ms h=android.app.ActivityThread$H w=159)
02-16 15:40:30.151 1380 1380 W Looper : PerfMonitor doFrame : time=47ms vsyncFrame=0 latency=344ms procState=2 historyMsgCount=50 (msgIndex=1 wall=336ms seq=33050 late=342ms h=android.view.Choreographer$FrameHandler c=android.view.Choreographer$FrameDisplayEventReceiver)
02-16 15:43:01.325 1380 1380 W Looper : PerfMonitor looperActivity : package=com.mbwhatsapp/.Conversation time=0ms latency=467ms running=0ms procState=2 ClientTransaction{ callbacks=[android.app.servertransaction.TopResumedActivityChang eItem] } historyMsgCount=1 (msgIndex=1 wall=466ms seq=37951 late=1ms h=android.app.ActivityThread$H w=159)
02-16 15:43:01.754 1380 1380 W Looper : PerfMonitor doFrame : time=424ms vsyncFrame=0 latency=1ms procState=2 historyMsgCount=4
02-16 15:43:01.808 1380 1380 W Looper : PerfMonitor doFrame : time=25ms vsyncFrame=0 latency=438ms procState=2 historyMsgCount=10 (msgIndex=1 wall=424ms seq=37989 late=1ms h=android.view.Choreographer$FrameHandler c=android.view.Choreographer$FrameDisplayEventReceiver)
02-16 15:44:47.278 1380 1380 W Activity: Slow Operation: Activity com.mbwhatsapp/.HomeActivity onCreate took 584ms
02-16 15:44:47.309 1380 1380 W Looper : PerfMonitor looperActivity : package=com.mbwhatsapp/.HomeActivity time=0ms latency=640ms running=0ms procState=2 ClientTransaction{ callbacks=[android.app.servertransaction.TopResumedActivityChang eItem] } historyMsgCount=2 (msgIndex=2 wall=631ms seq=38984 late=10ms h=android.app.ActivityThread$H w=159)
02-16 15:44:48.274 1380 1380 W Looper : PerfMonitor doFrame : time=930ms vsyncFrame=0 latency=33ms procState=2 historyMsgCount=14
02-16 15:44:48.338 1380 1380 W Looper : PerfMonitor doFrame : time=61ms vsyncFrame=0 latency=915ms procState=2 historyMsgCount=6 (msgIndex=1 wall=930ms seq=39008 late=33ms h=android.view.Choreographer$FrameHandler c=android.view.Choreographer$FrameDisplayEventReceiver)
02-16 15:44:48.376 1380 1380 W Looper : PerfMonitor looperActivity : package=com.mbwhatsapp/mbmodsd.mbmodsw.mbsettings.yo.PauseActivity time=17ms latency=537ms running=0ms procState=2 ClientTransaction{ callbacks=[android.app.servertransaction.LaunchActivityItem] lifecycleRequest=android.app.servertransaction.ResumeActivityItem } historyMsgCount=69 (msgIndex=1 wall=930ms seq=39008 late=33ms h=android.view.Choreographer$FrameHandler c=android.view.Choreographer$FrameDisplayEventReceiver) (msgIndex=7 wall=61ms seq=39014 late=915ms h=android.view.Choreographer$FrameHandler c=android.view.Choreographer$FrameDisplayEventReceiver)
02-16 15:44:48.376 1380 1380 W Looper : PerfMonitor looperActivity : package=com.mbwhatsapp/mbmodsd.mbmodsw.mbsettings.yo.PauseActivity time=0ms latency=554ms running=0ms procState=2 ClientTransaction{ callbacks=[android.app.servertransaction.TopResumedActivityChang eItem] } historyMsgCount=70 (msgIndex=1 wall=930ms seq=39008 late=33ms h=android.view.Choreographer$FrameHandler c=android.view.Choreographer$FrameDisplayEventReceiver) (msgIndex=7 wall=61ms seq=39014 late=915ms h=android.view.Choreographer$FrameHandler c=android.view.Choreographer$FrameDisplayEventReceiver)
02-16 15:44:50.348 1380 1380 W Looper : PerfMonitor looperActivity : package=com.mbwhatsapp/.Conversation time=0ms latency=524ms running=0ms procState=2 ClientTransaction{ callbacks=[android.app.servertransaction.TopResumedActivityChang eItem] } historyMsgCount=4 (msgIndex=4 wall=512ms seq=39278 late=12ms h=android.app.ActivityThread$H w=159)
02-16 15:44:50.805 1380 1380 W Looper : PerfMonitor doFrame : time=456ms vsyncFrame=0 latency=509ms procState=2 historyMsgCount=3 (msgIndex=1 wall=512ms seq=39278 late=12ms h=android.app.ActivityThread$H w=159)
02-16 15:44:50.859 1380 1380 W Looper : PerfMonitor doFrame : time=44ms vsyncFrame=0 latency=465ms procState=2 historyMsgCount=44 (msgIndex=1 wall=456ms seq=39281 late=509ms h=android.view.Choreographer$FrameHandler c=android.view.Choreographer$FrameDisplayEventReceiver)
02-16 15:45:08.496 1380 1380 W Looper : PerfMonitor doFrame : time=79ms vsyncFrame=0 latency=344ms procState=2 historyMsgCount=19 (msgIndex=2 wall=179ms seq=41076 late=66ms h=android.view.Choreographer$FrameHandler c=android.view.Choreographer$FrameDisplayEventReceiver) (msgIndex=19 wall=101ms seq=41093 h=android.view.Choreographer$FrameHandler w=0)
02-16 15:45:08.738 1380 1380 W Looper : PerfMonitor doFrame : time=85ms vsyncFrame=0 latency=332ms procState=2 historyMsgCount=35 (msgIndex=1 wall=101ms seq=41093 h=android.view.Choreographer$FrameHandler w=0) (msgIndex=2 wall=79ms seq=41094 late=344ms h=android.view.Choreographer$FrameHandler c=android.view.Choreographer$FrameDisplayEventReceiver) (msgIndex=28 wall=105ms seq=41120 late=244ms h=android.app.ActivityThread$H w=159)
02-16 15:45:15.414 1380 11380 E ActivityThread: Failed to find provider info for androidx.car.app.connection
02-16 15:45:19.329 1380 1380 W Activity: Slow Operation: Activity com.mbwhatsapp/com.whatsapp.voipcalling.VoipActivityV2 onStart took 168ms
02-16 15:45:19.387 1380 1380 W Looper : PerfMonitor looperActivity : package=com.mbwhatsapp/com.whatsapp.voipcalling.VoipActivityV2 time=0ms latency=571ms running=0ms procState=2 ClientTransaction{ callbacks=[android.app.servertransaction.TopResumedActivityChang eItem] } historyMsgCount=2 (msgIndex=2 wall=562ms seq=41661 late=8ms h=android.app.ActivityThread$H w=159)
02-16 15:45:19.846 1380 1380 W Looper : PerfMonitor doFrame : time=129ms vsyncFrame=0 latency=314ms procState=2 historyMsgCount=17 (msgIndex=1 wall=143ms seq=41678 late=203ms h=android.view.Choreographer$FrameHandler c=android.view.Choreographer$FrameDisplayEventReceiver) (msgIndex=8 wall=98ms seq=41685 late=290ms h=android.app.Dialog$ListenersHandler w=69) (msgIndex=10 wall=74ms seq=41687 late=311ms h=X.10C w=4)
02-16 15:48:29.292 1380 1380 W Looper : PerfMonitor looperActivity : package=com.mbwhatsapp/.Conversation time=0ms latency=503ms running=0ms procState=2 ClientTransaction{ callbacks=[android.app.servertransaction.TopResumedActivityChang eItem] } historyMsgCount=3 (msgIndex=1 wall=77ms seq=56344 h=android.app.ActivityThread$H w=159) (msgIndex=3 wall=485ms seq=56346 late=18ms h=android.app.ActivityThread$H w=159)
02-16 15:48:29.718 1380 1380 W Looper : PerfMonitor doFrame : time=421ms vsyncFrame=0 latency=10ms procState=2 historyMsgCount=38 (msgIndex=1 wall=485ms seq=56346 late=18ms h=android.app.ActivityThread$H w=159)
02-16 15:48:29.767 1380 1380 W Looper : PerfMonitor doFrame : time=31ms vsyncFrame=0 latency=432ms procState=2 historyMsgCount=10 (msgIndex=1 wall=421ms seq=56384 late=10ms h=android.view.Choreographer$FrameHandler c=android.view.Choreographer$FrameDisplayEventReceiver)
02-16 15:48:37.179 1380 11380 E ActivityThread: Failed to find provider info for androidx.car.app.connection
02-16 15:48:39.899 1380 1380 W Activity: Slow Operation: Activity com.mbwhatsapp/com.whatsapp.voipcalling.VoipActivityV2 onStart took 134ms
02-16 15:48:39.945 1380 1380 W Looper : PerfMonitor looperActivity : package=com.mbwhatsapp/com.whatsapp.voipcalling.VoipActivityV2 time=0ms latency=398ms running=0ms procState=2 ClientTransaction{ callbacks=[android.app.servertransaction.TopResumedActivityChang eItem] } historyMsgCount=2 (msgIndex=2 wall=390ms seq=56952 late=8ms h=android.app.ActivityThread$H w=159)
02-16 15:50:11.513 1380 1380 W Activity: Slow Operation: Activity com.mbwhatsapp/com.whatsapp.voipcalling.VoipActivityV2 onStart took 125ms
02-16 15:50:11.555 1380 1380 W Looper : PerfMonitor looperActivity : package=com.mbwhatsapp/com.whatsapp.voipcalling.VoipActivityV2 time=0ms latency=475ms running=0ms procState=2 ClientTransaction{ callbacks=[android.app.servertransaction.TopResumedActivityChang eItem] } historyMsgCount=1 (msgIndex=1 wall=474ms seq=59545 h=android.app.ActivityThread$H w=159)
02-16 15:50:24.096 1380 1380 W Looper : PerfMonitor looperActivity : package=com.mbwhatsapp/com.whatsapp.voipcalling.VoipActivityV2 time=0ms latency=302ms running=0ms procState=2 ClientTransaction{ callbacks=[android.app.servertransaction.TopResumedActivityChang eItem] } historyMsgCount=11 (msgIndex=11 wall=287ms seq=59767 late=15ms h=android.app.ActivityThread$H w=159)
02-16 15:50:26.587 1380 1380 W Looper : PerfMonitor looperActivity : package=com.mbwhatsapp/.Conversation time=0ms latency=366ms running=0ms procState=2 ClientTransaction{ callbacks=[android.app.servertransaction.TopResumedActivityChang eItem] } historyMsgCount=3 (msgIndex=3 wall=359ms seq=59945 late=7ms h=android.app.ActivityThread$H w=159)
02-16 15:50:26.954 1380 1380 W Looper : PerfMonitor doFrame : time=367ms vsyncFrame=0 latency=357ms procState=2 historyMsgCount=3 (msgIndex=1 wall=359ms seq=59945 late=7ms h=android.app.ActivityThread$H w=159)
02-16 15:50:27.041 1380 1380 W Looper : PerfMonitor doFrame : time=55ms vsyncFrame=0 latency=392ms procState=2 historyMsgCount=51 (msgIndex=1 wall=367ms seq=59948 late=357ms h=android.view.Choreographer$FrameHandler c=android.view.Choreographer$FrameDisplayEventReceiver)
02-16 15:51:42.259 1380 1380 W Activity: Slow Operation: Activity com.mbwhatsapp/com.whatsapp.voipcalling.VoipActivityV2 onStart took 119ms
02-16 15:51:42.307 1380 1380 W Looper : PerfMonitor looperActivity : package=com.mbwhatsapp/com.whatsapp.voipcalling.VoipActivityV2 time=0ms latency=413ms running=0ms procState=2 ClientTransaction{ callbacks=[android.app.servertransaction.TopResumedActivityChang eItem] } historyMsgCount=3 (msgIndex=3 wall=394ms seq=65529 late=18ms h=android.app.ActivityThread$H w=159)
02-16 15:52:01.175 1380 1380 W Looper : PerfMonitor looperActivity : package=com.mbwhatsapp/.Conversation time=0ms latency=402ms running=0ms procState=2 ClientTransaction{ callbacks=[android.app.servertransaction.TopResumedActivityChang eItem] } historyMsgCount=4 (msgIndex=4 wall=392ms seq=65922 late=9ms h=android.app.ActivityThread$H w=159)
02-16 15:52:01.533 1380 1380 W Looper : PerfMonitor doFrame : time=357ms vsyncFrame=0 latency=384ms procState=2 historyMsgCount=2 (msgIndex=1 wall=392ms seq=65922 late=9ms h=android.app.ActivityThread$H w=159)
02-16 15:52:01.610 1380 1380 W Looper : PerfMonitor doFrame : time=51ms vsyncFrame=0 latency=371ms procState=2 historyMsgCount=57 (msgIndex=1 wall=357ms seq=65924 late=384ms h=android.view.Choreographer$FrameHandler c=android.view.Choreographer$FrameDisplayEventReceiver)
02-16 15:52:07.193 1380 1380 W Looper : PerfMonitor looperActivity : package=com.mbwhatsapp/.Conversation time=0ms latency=362ms running=0ms procState=2 ClientTransaction{ callbacks=[android.app.servertransaction.TopResumedActivityChang eItem] } historyMsgCount=3 (msgIndex=3 wall=353ms seq=66292 late=9ms h=android.app.ActivityThread$H w=159)
02-16 15:52:07.664 1380 1380 W Looper : PerfMonitor doFrame : time=470ms vsyncFrame=0 latency=341ms procState=2 historyMsgCount=3 (msgIndex=1 wall=353ms seq=66292 late=9ms h=android.app.ActivityThread$H w=159)
02-16 15:52:07.740 1380 1380 W Looper : PerfMonitor doFrame : time=38ms vsyncFrame=0 latency=502ms procState=2 historyMsgCount=51 (msgIndex=1 wall=470ms seq=66295 late=341ms h=android.view.Choreographer$FrameHandler c=android.view.Choreographer$FrameDisplayEventReceiver)
02-16 15:52:09.021 1380 1380 W Looper : PerfMonitor looperActivity : package=com.mbwhatsapp/.group.GroupChatInfoActivity time=0ms latency=542ms running=0ms procState=2 ClientTransaction{ callbacks=[android.app.servertransaction.TopResumedActivityChang eItem] } historyMsgCount=5 (msgIndex=5 wall=534ms seq=66496 late=8ms h=android.app.ActivityThread$H w=159)
02-16 15:52:09.084 1380 1380 W Looper : PerfMonitor doFrame : time=63ms vsyncFrame=0 latency=533ms procState=2 historyMsgCount=2 (msgIndex=1 wall=534ms seq=66496 late=8ms h=android.app.ActivityThread$H w=159)
02-16 15:52:22.290 1380 1380 W Activity: Slow Operation: Activity com.mbwhatsapp/com.whatsapp.voipcalling.VoipActivityV2 onStart took 128ms
02-16 15:52:22.337 1380 1380 W Looper : PerfMonitor looperActivity : package=com.mbwhatsapp/com.whatsapp.voipcalling.VoipActivityV2 time=0ms latency=435ms running=0ms procState=2 ClientTransaction{ callbacks=[android.app.servertransaction.TopResumedActivityChang eItem] } historyMsgCount=3 (msgIndex=3 wall=415ms seq=67266 late=19ms h=android.app.ActivityThread$H w=159)
02-16 15:52:22.457 1380 1380 W Looper : PerfMonitor doFrame : time=119ms vsyncFrame=0 latency=405ms procState=2 historyMsgCount=2 (msgIndex=1 wall=415ms seq=67266 late=19ms h=android.app.ActivityThread$H w=159)
02-16 15:54:41.592 1380 1380 W FileUtils: Slow Operation: fsync took 102ms procState=10
02-16 15:59:14.681 1380 1380 W Looper : PerfMonitor looperActivity : package=com.mbwhatsapp/.Conversation time=0ms latency=467ms running=0ms procState=2 ClientTransaction{ callbacks=[android.app.servertransaction.TopResumedActivityChang eItem] } historyMsgCount=3 (msgIndex=3 wall=458ms seq=68544 late=8ms h=android.app.ActivityThread$H w=159)
02-16 15:59:15.072 1380 1380 W Looper : PerfMonitor doFrame : time=390ms vsyncFrame=0 latency=457ms procState=2 historyMsgCount=3 (msgIndex=1 wall=458ms seq=68544 late=8ms h=android.app.ActivityThread$H w=159)
02-16 15:59:15.135 1380 1380 W Looper : PerfMonitor doFrame : time=32ms vsyncFrame=0 latency=415ms procState=2 historyMsgCount=52 (msgIndex=1 wall=390ms seq=68547 late=457ms h=android.view.Choreographer$FrameHandler c=android.view.Choreographer$FrameDisplayEventReceiver)
02-16 15:59:16.389 1380 1380 W InputEventReceiver: App Input: Dispatching InputEvent took 149ms in main thread! (MotionEvent: event_seq=4082, seq=635213, action=ACTION_DOWN)
02-16 15:59:22.109 1380 1380 W InputEventReceiver: App Input: Dispatching InputEvent took 206ms in main thread! (MotionEvent: event_seq=4083, seq=635216, action=ACTION_UP)
02-16 16:17:06.208 1380 1380 W Activity: Slow Operation: Activity com.mbwhatsapp/.HomeActivity onCreate took 538ms
02-16 16:17:06.239 1380 1380 W Looper : PerfMonitor looperActivity : package=com.mbwhatsapp/.HomeActivity time=0ms latency=587ms running=0ms procState=2 ClientTransaction{ callbacks=[android.app.servertransaction.TopResumedActivityChang eItem] } historyMsgCount=2 (msgIndex=2 wall=578ms seq=69990 late=9ms h=android.app.ActivityThread$H w=159)
02-16 16:17:07.089 1380 1380 W Looper : PerfMonitor doFrame : time=825ms vsyncFrame=0 latency=22ms procState=2 historyMsgCount=15
02-16 16:17:07.150 1380 1380 W Looper : PerfMonitor doFrame : time=59ms vsyncFrame=0 latency=816ms procState=2 historyMsgCount=5 (msgIndex=1 wall=825ms seq=70015 late=22ms h=android.view.Choreographer$FrameHandler c=android.view.Choreographer$FrameDisplayEventReceiver)
02-16 16:17:08.752 1380 1380 W Looper : PerfMonitor looperActivity : package=com.mbwhatsapp/.Conversation time=0ms latency=355ms running=0ms procState=2 ClientTransaction{ callbacks=[android.app.servertransaction.TopResumedActivityChang eItem] } historyMsgCount=3 (msgIndex=3 wall=348ms seq=70291 late=7ms h=android.app.ActivityThread$H w=159)
02-16 16:17:09.137 1380 1380 W Looper : PerfMonitor doFrame : time=385ms vsyncFrame=0 latency=347ms procState=2 historyMsgCount=3 (msgIndex=1 wall=348ms seq=70291 late=7ms h=android.app.ActivityThread$H w=159)
02-16 16:17:09.234 1380 1380 W Looper : PerfMonitor doFrame : time=60ms vsyncFrame=0 latency=405ms procState=2 historyMsgCount=49 (msgIndex=1 wall=385ms seq=70294 late=347ms h=android.view.Choreographer$FrameHandler c=android.view.Choreographer$FrameDisplayEventReceiver)
02-16 16:17:11.180 1380 14838 W BpBinder: Slow Binder: BpBinder transact took 204 ms, interface=android.media.IAudioTrack, code=2 oneway=false
02-16 16:23:31.440 1380 1380 W FileUtils: Slow Operation: fsync took 103ms procState=10
02-16 16:25:07.073 1380 1380 W Looper : PerfMonitor looperActivity : package=com.mbwhatsapp/.Conversation time=0ms latency=367ms running=0ms procState=2 ClientTransaction{ callbacks=[android.app.servertransaction.TopResumedActivityChang eItem] } historyMsgCount=3 (msgIndex=3 wall=360ms seq=71369 late=6ms h=android.app.ActivityThread$H w=159)
02-16 16:25:07.461 1380 1380 W Looper : PerfMonitor doFrame : time=388ms vsyncFrame=0 latency=346ms procState=2 historyMsgCount=3 (msgIndex=1 wall=360ms seq=71369 late=6ms h=android.app.ActivityThread$H w=159)
02-16 16:25:07.515 1380 1380 W Looper : PerfMonitor doFrame : time=25ms vsyncFrame=0 latency=400ms procState=2 historyMsgCount=49 (msgIndex=1 wall=388ms seq=71372 late=346ms h=android.view.Choreographer$FrameHandler c=android.view.Choreographer$FrameDisplayEventReceiver)
02-16 16:25:47.577 1380 1380 W Looper : PerfMonitor looperActivity : package=com.mbwhatsapp/.Conversation time=0ms latency=419ms running=0ms procState=2 ClientTransaction{ callbacks=[android.app.servertransaction.TopResumedActivityChang eItem] } historyMsgCount=1 (msgIndex=1 wall=419ms seq=72809 h=android.app.ActivityThread$H w=159)
02-16 16:25:48.014 1380 1380 W Looper : PerfMonitor doFrame : time=432ms vsyncFrame=0 latency=11ms procState=2 historyMsgCount=38 (msgIndex=1 wall=419ms seq=72809 h=android.app.ActivityThread$H w=159)
02-16 16:25:48.059 1380 1380 W Looper : PerfMonitor doFrame : time=27ms vsyncFrame=0 latency=445ms procState=2 historyMsgCount=10 (msgIndex=1 wall=432ms seq=72847 late=11ms h=android.view.Choreographer$FrameHandler c=android.view.Choreographer$FrameDisplayEventReceiver)
02-16 16:26:07.281 1380 1380 W Looper : PerfMonitor looperActivity : package=com.mbwhatsapp/.camera.CameraActivity time=0ms latency=391ms running=0ms procState=2 ClientTransaction{ callbacks=[android.app.servertransaction.TopResumedActivityChang eItem] } historyMsgCount=11 (msgIndex=11 wall=330ms seq=73613 late=43ms h=android.app.ActivityThread$H w=159)
02-16 16:26:07.448 1380 1380 W Looper : PerfMonitor doFrame : time=157ms vsyncFrame=0 latency=363ms procState=2 historyMsgCount=9 (msgIndex=3 wall=330ms seq=73613 late=43ms h=android.app.ActivityThread$H w=159)
02-16 16:26:08.098 1380 15961 W BpBinder: Slow Binder: BpBinder transact took 241 ms, interface=android.media.IMediaMetadataRetriever, code=5 oneway=false
02-16 16:26:16.999 1380 1380 W BpBinder: Slow Binder: BpBinder transact took 254 ms, interface=android.app.IActivityTaskManager, code=1 oneway=false
02-16 16:26:17.312 1380 15955 W BpBinder: Slow Binder: BpBinder transact took 301 ms, interface=android.hardware.camera2.ICameraDeviceUser, code=1 oneway=false
02-16 16:26:19.518 1380 15962 W BpBinder: Slow Binder: BpBinder transact took 211 ms, interface=android.media.IMediaMetadataRetriever, code=5 oneway=false
02-16 16:26:20.733 1380 15955 W BpBinder: Slow Binder: BpBinder transact took 288 ms, interface=android.hardware.camera2.ICameraDeviceUser, code=1 oneway=false
02-16 16:27:16.735 1380 1380 W Looper : PerfMonitor looperActivity : package=com.mbwhatsapp/.Conversation time=0ms latency=346ms running=0ms procState=2 ClientTransaction{ callbacks=[android.app.servertransaction.TopResumedActivityChang eItem] } historyMsgCount=3 (msgIndex=3 wall=338ms seq=76532 late=8ms h=android.app.ActivityThread$H w=159)
02-16 16:27:17.130 1380 1380 W Looper : PerfMonitor doFrame : time=394ms vsyncFrame=0 latency=325ms procState=2 historyMsgCount=2 (msgIndex=1 wall=338ms seq=76532 late=8ms h=android.app.ActivityThread$H w=159)
02-16 16:27:17.177 1380 1380 W Looper : PerfMonitor doFrame : time=37ms vsyncFrame=0 latency=399ms procState=2 historyMsgCount=46 (msgIndex=1 wall=394ms seq=76534 late=325ms h=android.view.Choreographer$FrameHandler c=android.view.Choreographer$FrameDisplayEventReceiver)
02-16 16:27:48.641 1380 1380 W Looper : PerfMonitor looperActivity : package=com.mbwhatsapp/.Conversation time=0ms latency=327ms running=0ms procState=2 ClientTransaction{ callbacks=[android.app.servertransaction.TopResumedActivityChang eItem] } historyMsgCount=3 (msgIndex=3 wall=322ms seq=77656 late=6ms h=android.app.ActivityThread$H w=159)
02-16 16:27:49.061 1380 1380 W Looper : PerfMonitor doFrame : time=421ms vsyncFrame=0 latency=321ms procState=2 historyMsgCount=2 (msgIndex=1 wall=322ms seq=77656 late=6ms h=android.app.ActivityThread$H w=159)
02-16 16:27:49.136 1380 1380 W Looper : PerfMonitor doFrame : time=51ms vsyncFrame=0 latency=435ms procState=2 historyMsgCount=50 (msgIndex=1 wall=421ms seq=77658 late=321ms h=android.view.Choreographer$FrameHandler c=android.view.Choreographer$FrameDisplayEventReceiver)
02-16 16:28:08.100 1380 1380 W Looper : PerfMonitor looperActivity : package=com.mbwhatsapp/.Conversation time=0ms latency=391ms running=0ms procState=2 ClientTransaction{ callbacks=[android.app.servertransaction.TopResumedActivityChang eItem] } historyMsgCount=3 (msgIndex=3 wall=386ms seq=78026 late=6ms h=android.app.ActivityThread$H w=159)
02-16 16:28:08.489 1380 1380 W Looper : PerfMonitor doFrame : time=388ms vsyncFrame=0 latency=374ms procState=2 historyMsgCount=3 (msgIndex=1 wall=386ms seq=78026 late=6ms h=android.app.ActivityThread$H w=159)
02-16 16:28:08.546 1380 1380 W Looper : PerfMonitor doFrame : time=25ms vsyncFrame=0 latency=415ms procState=2 historyMsgCount=49 (msgIndex=1 wall=388ms seq=78029 late=374ms h=android.view.Choreographer$FrameHandler c=android.view.Choreographer$FrameDisplayEventReceiver)
02-16 16:28:30.033 1380 1380 W Looper : PerfMonitor looperActivity : package=com.mbwhatsapp/.Conversation time=1ms latency=395ms running=0ms procState=2 ClientTransaction{ callbacks=[android.app.servertransaction.TopResumedActivityChang eItem] } historyMsgCount=3 (msgIndex=3 wall=389ms seq=79067 late=6ms h=android.app.ActivityThread$H w=159)
02-16 16:28:30.419 1380 1380 W Looper : PerfMonitor doFrame : time=385ms vsyncFrame=0 latency=374ms procState=2 historyMsgCount=2 (msgIndex=1 wall=389ms seq=79067 late=6ms h=android.app.ActivityThread$H w=159)
02-16 16:28:30.499 1380 1380 W Looper : PerfMonitor doFrame : time=58ms vsyncFrame=0 latency=385ms procState=2 historyMsgCount=52 (msgIndex=1 wall=385ms seq=79069 late=374ms h=android.view.Choreographer$FrameHandler c=android.view.Choreographer$FrameDisplayEventReceiver)
02-16 16:28:54.035 1380 1380 W Looper : PerfMonitor looperActivity : package=com.mbwhatsapp/.Conversation time=0ms latency=353ms running=0ms procState=2 ClientTransaction{ callbacks=[android.app.servertransaction.TopResumedActivityChang eItem] } historyMsgCount=4 (msgIndex=4 wall=347ms seq=80461 late=6ms h=android.app.ActivityThread$H w=159)
02-16 16:28:54.445 1380 1380 W Looper : PerfMonitor doFrame : time=409ms vsyncFrame=0 latency=346ms procState=2 historyMsgCount=2 (msgIndex=1 wall=347ms seq=80461 late=6ms h=android.app.ActivityThread$H w=159)
02-16 16:28:54.476 1380 1380 W Looper : PerfMonitor doFrame : time=22ms vsyncFrame=0 latency=417ms procState=2 historyMsgCount=43 (msgIndex=1 wall=409ms seq=80463 late=346ms h=android.view.Choreographer$FrameHandler c=android.view.Choreographer$FrameDisplayEventReceiver)
02-16 16:37:13.238 1380 1380 W Activity: Slow Operation: Activity com.mbwhatsapp/.HomeActivity onCreate took 745ms
02-16 16:37:13.280 1380 1380 W Looper : PerfMonitor looperActivity : package=com.mbwhatsapp/.HomeActivity time=1ms latency=811ms running=0ms procState=2 ClientTransaction{ callbacks=[android.app.servertransaction.TopResumedActivityChang eItem] } historyMsgCount=3 (msgIndex=3 wall=799ms seq=80885 late=13ms h=android.app.ActivityThread$H w=159)
02-16 16:37:14.394 1380 1380 W Looper : PerfMonitor longMsg : seq=80912 plan=16:37:13.285 late=52ms wall=1056ms running=0ms h=android.view.Choreographer$FrameHandler c=android.view.Choreographer$FrameDisplayEventReceiver procState=2
02-16 16:37:14.394 1380 1380 W Looper : PerfMonitor doFrame : time=1056ms vsyncFrame=0 latency=52ms procState=2 historyMsgCount=17
02-16 16:37:14.527 1380 1380 W Looper : PerfMonitor doFrame : time=109ms vsyncFrame=0 latency=1067ms procState=2 historyMsgCount=9 (msgIndex=1 wall=1056ms seq=80912 late=52ms h=android.view.Choreographer$FrameHandler c=android.view.Choreographer$FrameDisplayEventReceiver)
02-16 16:37:16.155 1380 1380 W Looper : PerfMonitor looperActivity : package=com.mbwhatsapp/.Conversation time=1ms latency=419ms running=0ms procState=2 ClientTransaction{ callbacks=[android.app.servertransaction.TopResumedActivityChang eItem] } historyMsgCount=7 (msgIndex=7 wall=412ms seq=81206 late=7ms h=android.app.ActivityThread$H w=159)
02-16 16:37:16.577 1380 1380 W Looper : PerfMonitor doFrame : time=422ms vsyncFrame=0 latency=408ms procState=2 historyMsgCount=2 (msgIndex=1 wall=412ms seq=81206 late=7ms h=android.app.ActivityThread$H w=159)
02-16 16:37:16.622 1380 1380 W Looper : PerfMonitor doFrame : time=21ms vsyncFrame=0 latency=442ms procState=2 historyMsgCount=50 (msgIndex=1 wall=422ms seq=81208 late=408ms h=android.view.Choreographer$FrameHandler c=android.view.Choreographer$FrameDisplayEventReceiver)
02-16 16:42:30.654 1380 1380 W Looper : PerfMonitor looperActivity : package=com.mbwhatsapp/.Icon0 time=0ms latency=302ms running=0ms procState=2 ClientTransaction{ callbacks=[android.app.servertransaction.TopResumedActivityChang eItem] } historyMsgCount=1 (msgIndex=1 wall=302ms seq=82460 h=android.app.ActivityThread$H w=159)
02-16 16:42:31.382 1380 1380 W Activity: Slow Operation: Activity com.mbwhatsapp/.HomeActivity onCreate took 683ms
02-16 16:42:31.413 1380 1380 W Looper : PerfMonitor looperActivity : package=com.mbwhatsapp/.HomeActivity time=0ms latency=740ms running=0ms procState=2 ClientTransaction{ callbacks=[android.app.servertransaction.TopResumedActivityChang eItem] } historyMsgCount=3 (msgIndex=3 wall=731ms seq=82466 late=9ms h=android.app.ActivityThread$H w=159)
02-16 16:42:32.327 1380 1380 W Looper : PerfMonitor doFrame : time=881ms vsyncFrame=0 latency=28ms procState=2 historyMsgCount=15
02-16 16:42:32.393 1380 1380 W Looper : PerfMonitor doFrame : time=66ms vsyncFrame=0 latency=877ms procState=2 historyMsgCount=5 (msgIndex=1 wall=881ms seq=82492 late=28ms h=android.view.Choreographer$FrameHandler c=android.view.Choreographer$FrameDisplayEventReceiver)
02-16 16:42:32.440 1380 1380 W Looper : PerfMonitor looperActivity : package=com.mbwhatsapp/mbmodsd.mbmodsw.mbsettings.yo.PauseActivity time=16ms latency=491ms running=0ms procState=2 ClientTransaction{ callbacks=[android.app.servertransaction.LaunchActivityItem] lifecycleRequest=android.app.servertransaction.ResumeActivityItem } historyMsgCount=82 (msgIndex=1 wall=881ms seq=82492 late=28ms h=android.view.Choreographer$FrameHandler c=android.view.Choreographer$FrameDisplayEventReceiver) (msgIndex=6 wall=66ms seq=82497 late=877ms h=android.view.Choreographer$FrameHandler c=android.view.Choreographer$FrameDisplayEventReceiver)
02-16 16:42:32.440 1380 1380 W Looper : PerfMonitor looperActivity : package=com.mbwhatsapp/mbmodsd.mbmodsw.mbsettings.yo.PauseActivity time=0ms latency=508ms running=0ms procState=2 ClientTransaction{ callbacks=[android.app.servertransaction.TopResumedActivityChang eItem] } historyMsgCount=83 (msgIndex=1 wall=881ms seq=82492 late=28ms h=android.view.Choreographer$FrameHandler c=android.view.Choreographer$FrameDisplayEventReceiver) (msgIndex=6 wall=66ms seq=82497 late=877ms h=android.view.Choreographer$FrameHandler c=android.view.Choreographer$FrameDisplayEventReceiver)
02-16 16:42:34.116 1380 1380 W Looper : PerfMonitor looperActivity : package=com.mbwhatsapp/.Conversation time=0ms latency=384ms running=0ms procState=2 ClientTransaction{ callbacks=[android.app.servertransaction.TopResumedActivityChang eItem] } historyMsgCount=4 (msgIndex=4 wall=378ms seq=82806 late=7ms h=android.app.ActivityThread$H w=159)
