02-15 20:33:05.874 27456 27456 E ArmVmp : Match on catch block at 0xc3 in for 0x95
02-15 20:33:06.109 27456 27456 E ArmVmp : Match on catch block at 0xc3 in for 0x95
02-15 20:33:06.115 27456 27456 E ArmVmp : Match on catch block at 0xc3 in for 0x99
02-15 20:33:06.160 27456 27456 E libc : Access denied finding property "ro.vendor.pref_scale_resolution"
02-15 20:33:06.828 27456 27456 W Choreographer: OPTS_INPUT: First frame was drawed before optimized, so skip!
02-15 20:33:06.885 27456 27456 E libc : Access denied finding property "ro.vendor.pref_scale_resolution"
02-15 20:33:06.903 27456 27456 E libc : Access denied finding property "ro.vendor.pref_scale_resolution"
02-15 20:33:09.867 27456 27456 E libc : Access denied finding property "ro.vendor.pref_scale_resolution"
02-15 20:33:09.888 27456 27456 E ArmVmp : Match on catch block at 0x0a in for 0xb1
02-15 20:33:09.896 27456 27456 E ArmVmp : Match on catch block at 0x0a in for 0xb9
02-15 20:33:09.911 27456 27456 E libc : Access denied finding property "ro.vendor.pref_scale_resolution"
02-15 20:33:09.979 27456 27456 E ArmVmp : Match on catch block at 0xc3 in for 0x95
02-15 20:33:09.985 27456 27456 E ArmVmp : Match on catch block at 0xc3 in for 0x99
02-15 20:33:09.996 27456 27622 E FrameEvents: updateAcquireFence: Did not find frame.
02-15 20:33:10.015 27456 27456 E ArmVmp : Match on catch block at 0xc3 in for 0x99
02-15 20:33:10.020 27456 27456 E ArmVmp : Match on catch block at 0xc3 in for 0x91
02-15 20:33:10.082 27456 27456 E ArmVmp : Match on catch block at 0xc3 in for 0x99
02-15 20:33:10.088 27456 27456 E ArmVmp : Match on catch block at 0xc3 in for 0x91
02-15 20:33:10.452 27456 27456 E ArmVmp : Match on catch block at 0xc3 in for 0x91
02-15 20:33:10.458 27456 27456 E ArmVmp : Match on catch block at 0xc3 in for 0x95
02-15 20:33:10.478 27456 27456 E ArmVmp : Match on catch block at 0xc3 in for 0x99
02-15 20:33:10.483 27456 27456 E ArmVmp : Match on catch block at 0xc3 in for 0x91
02-15 20:33:10.519 27456 27456 E ArmVmp : Match on catch block at 0xc3 in for 0x91
02-15 20:33:10.525 27456 27456 E ArmVmp : Match on catch block at 0xc3 in for 0x95
02-15 20:33:10.667 27456 27456 E ArmVmp : Match on catch block at 0xc3 in for 0x91
02-15 20:33:10.670 27456 27456 E ArmVmp : Match on catch block at 0xc3 in for 0x95
02-15 20:33:10.713 27456 27456 E ArmVmp : Match on catch block at 0xc3 in for 0x95
02-15 20:33:10.717 27456 27456 E ArmVmp : Match on catch block at 0xc3 in for 0x99
02-15 20:33:10.724 27456 27456 E ArmVmp : Match on catch block at 0xc3 in for 0x99
02-15 20:33:10.727 27456 27456 E ArmVmp : Match on catch block at 0xc3 in for 0x91
02-15 20:33:10.734 27456 27456 E ArmVmp : Match on catch block at 0xc3 in for 0x91
02-15 20:33:10.738 27456 27456 E ArmVmp : Match on catch block at 0xc3 in for 0x95
02-15 20:33:10.747 27456 27456 E ArmVmp : Match on catch block at 0xc3 in for 0x95
02-15 20:33:10.750 27456 27456 E ArmVmp : Match on catch block at 0xc3 in for 0x99
02-15 20:33:10.764 27456 27456 E ArmVmp : Match on catch block at 0xc3 in for 0x99
02-15 20:33:10.767 27456 27456 E ArmVmp : Match on catch block at 0xc3 in for 0x91
02-15 20:33:10.781 27456 27456 E ArmVmp : Match on catch block at 0xc3 in for 0x91
02-15 20:33:10.784 27456 27456 E ArmVmp : Match on catch block at 0xc3 in for 0x95
02-15 20:33:10.803 27456 27456 E ArmVmp : Match on catch block at 0xc3 in for 0x95
02-15 20:33:10.806 27456 27456 E ArmVmp : Match on catch block at 0xc3 in for 0x99
02-15 20:33:10.813 27456 27456 E ArmVmp : Match on catch block at 0xc3 in for 0x99
02-15 20:33:10.816 27456 27456 E ArmVmp : Match on catch block at 0xc3 in for 0x91
02-15 20:33:10.830 27456 27456 E ArmVmp : Match on catch block at 0xc3 in for 0x91
02-15 20:33:10.833 27456 27456 E ArmVmp : Match on catch block at 0xc3 in for 0x95
02-15 20:33:10.847 27456 27456 E ArmVmp : Match on catch block at 0xc3 in for 0x95
02-15 20:33:10.850 27456 27456 E ArmVmp : Match on catch block at 0xc3 in for 0x99
02-15 20:33:10.864 27456 27456 E ArmVmp : Match on catch block at 0xc3 in for 0x99
02-15 20:33:10.866 27456 27456 E ArmVmp : Match on catch block at 0xc3 in for 0x91
02-15 20:33:10.880 27456 27456 E ArmVmp : Match on catch block at 0xc3 in for 0x99
02-15 20:33:10.883 27456 27456 E ArmVmp : Match on catch block at 0xc3 in for 0x91
02-15 20:33:10.902 27456 27456 E ArmVmp : Match on catch block at 0xc3 in for 0x91
02-15 20:33:10.905 27456 27456 E ArmVmp : Match on catch block at 0xc3 in for 0x95
02-15 20:33:10.944 27456 27456 E libc : Access denied finding property "ro.vendor.pref_scale_resolution"
02-15 20:33:10.955 27456 27456 E ArmVmp : Match on catch block at 0xc3 in for 0x99
02-15 20:33:10.958 27456 27456 E ArmVmp : Match on catch block at 0xc3 in for 0x91
02-15 20:33:11.037 27456 27456 E ArmVmp : Match on catch block at 0xc3 in for 0x99
02-15 20:33:11.039 27456 27456 E ArmVmp : Match on catch block at 0xc3 in for 0x91
02-15 20:33:11.075 27456 27456 E ArmVmp : Match on catch block at 0xc3 in for 0x99
02-15 20:33:11.079 27456 27456 E ArmVmp : Match on catch block at 0xc3 in for 0x91
02-15 20:33:11.585 27456 27456 E ArmVmp : Match on catch block at 0xc3 in for 0x91
02-15 20:33:11.591 27456 27456 E ArmVmp : Match on catch block at 0xc3 in for 0x95
02-15 20:33:12.113 27456 27456 W Choreographer: OPTS_INPUT: First frame was drawed before optimized, so skip!
02-15 20:33:18.611 27456 27476 W System : A resource failed to call dispose.
02-15 20:33:18.621 27456 27476 W System : A resource failed to call release.
02-15 20:33:33.806 27456 27456 E libc : Access denied finding property "ro.vendor.pref_scale_resolution"
02-15 20:33:33.952 27456 27456 E libc : Access denied finding property "ro.vendor.pref_scale_resolution"
02-15 20:33:33.962 27456 27456 E libc : Access denied finding property "ro.vendor.pref_scale_resolution"
02-15 20:33:33.969 27456 27456 E libc : Access denied finding property "ro.vendor.pref_scale_resolution"
02-15 20:33:33.982 27456 27456 E libc : Access denied finding property "ro.vendor.pref_scale_resolution"
02-15 20:33:33.985 27456 27456 E libc : Access denied finding property "ro.vendor.pref_scale_resolution"
02-15 20:33:34.004 27456 27456 E libc : Access denied finding property "ro.vendor.pref_scale_resolution"
02-15 20:33:34.011 27456 27456 E libc : Access denied finding property "ro.vendor.pref_scale_resolution"
02-15 20:33:34.018 27456 27456 E libc : Access denied finding property "ro.vendor.pref_scale_resolution"
02-15 20:33:34.031 27456 27456 E libc : Access denied finding property "ro.vendor.pref_scale_resolution"
02-15 20:33:34.036 27456 27456 E libc : Access denied finding property "ro.vendor.pref_scale_resolution"
02-15 20:33:34.049 27456 27456 E libc : Access denied finding property "ro.vendor.pref_scale_resolution"
02-15 20:33:34.054 27456 27456 E libc : Access denied finding property "ro.vendor.pref_scale_resolution"
02-15 20:33:34.058 27456 27456 E libc : Access denied finding property "ro.vendor.pref_scale_resolution"
02-15 20:33:34.084 27456 27456 E libc : Access denied finding property "ro.vendor.pref_scale_resolution"
02-15 20:33:34.088 27456 27456 E libc : Access denied finding property "ro.vendor.pref_scale_resolution"
02-15 20:33:34.093 27456 27456 E libc : Access denied finding property "ro.vendor.pref_scale_resolution"
02-15 20:33:34.097 27456 27456 E libc : Access denied finding property "ro.vendor.pref_scale_resolution"
02-15 20:33:34.101 27456 27456 E libc : Access denied finding property "ro.vendor.pref_scale_resolution"
02-15 20:33:34.106 27456 27456 E libc : Access denied finding property "ro.vendor.pref_scale_resolution"
02-15 20:33:34.113 27456 27456 E libc : Access denied finding property "ro.vendor.pref_scale_resolution"
02-15 20:33:34.120 27456 27456 E libc : Access denied finding property "ro.vendor.pref_scale_resolution"
02-15 20:33:34.128 27456 27456 E libc : Access denied finding property "ro.vendor.pref_scale_resolution"
02-15 20:33:34.133 27456 27456 E libc : Access denied finding property "ro.vendor.pref_scale_resolution"
02-15 20:33:34.161 27456 27456 E libc : Access denied finding property "ro.vendor.pref_scale_resolution"
02-15 20:33:34.208 27456 27456 E libc : Access denied finding property "ro.vendor.pref_scale_resolution"
02-15 20:33:34.255 27456 27456 E libc : Access denied finding property "ro.vendor.pref_scale_resolution"
02-15 20:33:34.275 27456 27456 E ArmVmp : Match on catch block at 0x0a in for 0xb5
02-15 20:33:34.297 27456 27456 E libc : Access denied finding property "ro.vendor.pref_scale_resolution"
02-15 20:33:34.300 27456 27456 E ArmVmp : Match on catch block at 0x0a in for 0x121
02-15 20:33:34.351 27456 27456 E libc : Access denied finding property "ro.vendor.pref_scale_resolution"
02-15 20:33:34.371 27456 27456 E libc : Access denied finding property "ro.vendor.pref_scale_resolution"
02-15 20:33:34.388 27456 27456 E libc : Access denied finding property "ro.vendor.pref_scale_resolution"
02-15 20:33:34.399 27456 27456 E libc : Access denied finding property "ro.vendor.pref_scale_resolution"
02-15 20:33:34.437 27456 27456 W Activity: Slow Operation: Activity com.mbwhatsapp/.HomeActivity onCreate took 526ms
02-15 20:33:34.427 27456 27456 E libc : Access denied finding property "ro.vendor.pref_scale_resolution"
02-15 20:33:34.472 27456 27456 W Looper : PerfMonitor looperActivity : package=com.mbwhatsapp/.HomeActivity time=0ms latency=593ms running=0ms procState=2 ClientTransaction{ callbacks=[android.app.servertransaction.TopResumedActivityChang eItem] } historyMsgCount=2 (msgIndex=2 wall=573ms seq=7068 late=20ms h=android.app.ActivityThread$H w=159)
02-15 20:33:34.507 27456 27456 E libc : Access denied finding property "ro.vendor.pref_scale_resolution"
02-15 20:33:34.542 27456 27456 E libc : Access denied finding property "ro.vendor.pref_scale_resolution"
02-15 20:33:34.559 27456 27456 E libc : Access denied finding property "ro.vendor.pref_scale_resolution"
02-15 20:33:34.705 27456 28702 E libc : Access denied finding property "ro.vendor.pref_scale_resolution"
02-15 20:33:34.709 27456 27456 E libc : Access denied finding property "ro.vendor.pref_scale_resolution"
02-15 20:33:34.731 27456 27456 E libc : Access denied finding property "ro.vendor.pref_scale_resolution"
02-15 20:33:34.741 27456 27456 E libc : Access denied finding property "ro.vendor.pref_scale_resolution"
02-15 20:33:34.743 27456 27456 E libc : Access denied finding property "ro.vendor.pref_scale_resolution"
02-15 20:33:34.788 27456 27456 E libc : Access denied finding property "ro.vendor.pref_scale_resolution"
02-15 20:33:34.868 27456 27456 E libc : Access denied finding property "ro.vendor.pref_scale_resolution"
02-15 20:33:35.110 27456 27456 E RecyclerView: No adapter attached; skipping layout
02-15 20:33:35.113 27456 27456 E libc : Access denied finding property "ro.vendor.pref_scale_resolution"
02-15 20:33:35.115 27456 27456 E libc : Access denied finding property "ro.vendor.pref_scale_resolution"
02-15 20:33:35.219 27456 27456 W Looper : PerfMonitor doFrame : time=747ms vsyncFrame=0 latency=589ms procState=2 historyMsgCount=3 (msgIndex=2 wall=573ms seq=7068 late=20ms h=android.app.ActivityThread$H w=159)
02-15 20:33:35.251 27456 27456 W Looper : PerfMonitor looperActivity : package=com.mbwhatsapp/.HomeActivity time=26ms latency=911ms running=0ms procState=2 ClientTransaction{ callbacks=[android.app.servertransaction.TopResumedActivityChang eItem] } historyMsgCount=13 (msgIndex=1 wall=573ms seq=7068 late=20ms h=android.app.ActivityThread$H w=159) (msgIndex=3 wall=747ms seq=7070 late=589ms h=android.view.Choreographer$FrameHandler c=android.view.Choreographer$FrameDisplayEventReceiver)
02-15 20:33:35.276 27456 27456 W Looper : PerfMonitor looperActivity : package=com.mbwhatsapp/.HomeActivity time=24ms latency=936ms running=0ms procState=2 ClientTransaction{ lifecycleRequest=android.app.servertransaction.PauseActivityItem } historyMsgCount=14 (msgIndex=1 wall=573ms seq=7068 late=20ms h=android.app.ActivityThread$H w=159) (msgIndex=3 wall=747ms seq=7070 late=589ms h=android.view.Choreographer$FrameHandler c=android.view.Choreographer$FrameDisplayEventReceiver)
02-15 20:33:35.284 27456 27456 E libc : Access denied finding property "ro.vendor.pref_scale_resolution"
02-15 20:33:35.292 27456 27456 E libc : Access denied finding property "ro.vendor.pref_scale_resolution"
02-15 20:33:35.304 27456 27456 E libc : Access denied finding property "ro.vendor.pref_scale_resolution"
02-15 20:33:35.332 27456 27456 E RecyclerView: No adapter attached; skipping layout
02-15 20:33:35.344 27456 27456 W Looper : PerfMonitor doFrame : time=63ms vsyncFrame=0 latency=803ms procState=2 historyMsgCount=26 (msgIndex=1 wall=747ms seq=7070 late=589ms h=android.view.Choreographer$FrameHandler c=android.view.Choreographer$FrameDisplayEventReceiver)
02-15 20:33:35.347 27456 27456 E libc : Access denied finding property "ro.vendor.pref_scale_resolution"
02-15 20:33:35.363 27456 27456 E libc : Access denied finding property "ro.vendor.pref_scale_resolution"
02-15 20:33:35.371 27456 27456 E libc : Access denied finding property "ro.vendor.pref_scale_resolution"
02-15 20:33:35.391 27456 27456 E ArmVmp : Match on catch block at 0x0a in for 0xc5
02-15 20:33:35.441 27456 27456 E libc : Access denied finding property "ro.vendor.pref_scale_resolution"
02-15 20:33:35.443 27456 27456 E libc : Access denied finding property "ro.vendor.pref_scale_resolution"
02-15 20:33:35.450 27456 27456 E libc : Access denied finding property "ro.vendor.pref_scale_resolution"
02-15 20:33:35.451 27456 27456 E libc : Access denied finding property "ro.vendor.pref_scale_resolution"
02-15 20:33:35.456 27456 27456 E libc : Access denied finding property "ro.vendor.pref_scale_resolution"
02-15 20:33:35.533 27456 27456 E libc : Access denied finding property "ro.vendor.pref_scale_resolution"
02-15 20:33:35.574 27456 27456 E libc : Access denied finding property "ro.vendor.pref_scale_resolution"
02-15 20:33:35.577 27456 27456 E libc : Access denied finding property "ro.vendor.pref_scale_resolution"
02-15 20:33:35.653 27456 27456 E libc : Access denied finding property "ro.vendor.pref_scale_resolution"
02-15 20:33:35.677 27456 27456 E libc : Access denied finding property "ro.vendor.pref_scale_resolution"
02-15 20:33:35.678 27456 27456 E libc : Access denied finding property "ro.vendor.pref_scale_resolution"
02-15 20:33:35.770 27456 27456 E libc : Access denied finding property "ro.vendor.pref_scale_resolution"
02-15 20:33:35.782 27456 27456 E libc : Access denied finding property "ro.vendor.pref_scale_resolution"
02-15 20:33:35.785 27456 27456 E libc : Access denied finding property "ro.vendor.pref_scale_resolution"
02-15 20:33:35.789 27456 27456 E libc : Access denied finding property "ro.vendor.pref_scale_resolution"
02-15 20:33:36.956 27456 27622 W RenderInspector: DequeueBuffer time out on com.mbwhatsapp/com.mbwhatsapp.HomeActivity, count=1, avg=19 ms, max=19 ms.
02-15 20:33:37.437 27456 27456 E libc : Access denied finding property "ro.vendor.pref_scale_resolution"
02-15 20:33:37.478 27456 27456 E libc : Access denied finding property "ro.vendor.pref_scale_resolution"
02-15 20:33:39.433 27456 27456 E libc : Access denied finding property "ro.vendor.pref_scale_resolution"
02-15 20:33:39.441 27456 27456 E libc : Access denied finding property "ro.vendor.pref_scale_resolution"
02-15 20:33:39.457 27456 27456 E libc : Access denied finding property "ro.vendor.pref_scale_resolution"
02-15 20:33:39.601 27456 27456 E libc : Access denied finding property "ro.vendor.pref_scale_resolution"
02-15 20:33:39.607 27456 27456 E libc : Access denied finding property "ro.vendor.pref_scale_resolution"
02-15 20:33:39.628 27456 27456 E libc : Access denied finding property "ro.vendor.pref_scale_resolution"
02-15 20:33:39.642 27456 27456 E libc : Access denied finding property "ro.vendor.pref_scale_resolution"
02-15 20:33:40.741 27456 27456 W InputEventReceiver: Attempted to finish an input event but the input event receiver has already been disposed.
02-15 20:33:41.402 27456 27622 W RenderInspector: DequeueBuffer time out on com.mbwhatsapp/com.mbwhatsapp.HomeActivity, count=1, avg=19 ms, max=19 ms.
02-15 20:33:42.500 27456 27456 E ArmVmp : Match on catch block at 0x0a in for 0xd5
02-15 20:33:42.510 27456 27456 E libc : Access denied finding property "ro.vendor.pref_scale_resolution"
02-15 20:33:42.518 27456 27456 E libc : Access denied finding property "ro.vendor.pref_scale_resolution"
02-15 20:33:42.526 27456 27456 E libc : Access denied finding property "ro.vendor.pref_scale_resolution"
02-15 20:33:42.635 27456 27456 E libc : Access denied finding property "ro.vendor.pref_scale_resolution"
02-15 20:33:42.659 27456 27456 E ArmVmp : Match on catch block at 0x0a in for 0xb5
02-15 20:33:44.669 27456 27456 E libc : Access denied finding property "ro.vendor.pref_scale_resolution"
02-15 20:33:47.047 27456 27476 W System : A resource failed to call release.
02-15 20:33:47.050 27456 27476 W System : A resource failed to call release.
02-15 20:33:47.524 27456 27456 E libc : Access denied finding property "ro.vendor.pref_scale_resolution"
02-15 20:33:47.544 27456 27456 E libc : Access denied finding property "ro.vendor.pref_scale_resolution"
02-15 20:33:47.559 27456 27456 E libc : Access denied finding property "ro.vendor.pref_scale_resolution"
02-15 20:33:47.579 27456 27456 E ArmVmp : Match on catch block at 0x0a in for 0x169
02-15 20:33:48.568 27456 27456 E libc : Access denied finding property "ro.vendor.pref_scale_resolution"
02-15 20:33:48.573 27456 27456 E libc : Access denied finding property "ro.vendor.pref_scale_resolution"
02-15 20:33:48.581 27456 27456 E libc : Access denied finding property "ro.vendor.pref_scale_resolution"
02-15 20:33:48.589 27456 27456 E libc : Access denied finding property "ro.vendor.pref_scale_resolution"
02-15 20:33:48.590 27456 27456 E libc : Access denied finding property "ro.vendor.pref_scale_resolution"
02-15 20:33:48.603 27456 27456 E libc : Access denied finding property "ro.vendor.pref_scale_resolution"
02-15 20:33:48.610 27456 27456 E libc : Access denied finding property "ro.vendor.pref_scale_resolution"
02-15 20:33:48.617 27456 27456 E libc : Access denied finding property "ro.vendor.pref_scale_resolution"
02-15 20:33:48.621 27456 27456 E libc : Access denied finding property "ro.vendor.pref_scale_resolution"
02-15 20:33:48.634 27456 27456 E libc : Access denied finding property "ro.vendor.pref_scale_resolution"
02-15 20:33:48.637 27456 27456 E libc : Access denied finding property "ro.vendor.pref_scale_resolution"
02-15 20:33:48.647 27456 27456 E libc : Access denied finding property "ro.vendor.pref_scale_resolution"
02-15 20:33:48.661 27456 27456 E libc : Access denied finding property "ro.vendor.pref_scale_resolution"
02-15 20:33:48.671 27456 27456 E libc : Access denied finding property "ro.vendor.pref_scale_resolution"
02-15 20:33:48.671 27456 27656 E libc : Access denied finding property "ro.vendor.pref_scale_resolution"
02-15 20:33:48.672 27456 27456 E libc : Access denied finding property "ro.vendor.pref_scale_resolution"
02-15 20:33:48.676 27456 27456 E libc : Access denied finding property "ro.vendor.pref_scale_resolution"
02-15 20:33:48.682 27456 27456 E libc : Access denied finding property "ro.vendor.pref_scale_resolution"
02-15 20:33:48.684 27456 27456 E libc : Access denied finding property "ro.vendor.pref_scale_resolution"
02-15 20:33:48.686 27456 27456 E libc : Access denied finding property "ro.vendor.pref_scale_resolution"
02-15 20:33:48.690 27456 27456 E libc : Access denied finding property "ro.vendor.pref_scale_resolution"
02-15 20:33:48.696 27456 27456 E libc : Access denied finding property "ro.vendor.pref_scale_resolution"
02-15 20:33:48.723 27456 27456 E libc : Access denied finding property "ro.vendor.pref_scale_resolution"
02-15 20:33:48.751 27456 27456 E libc : Access denied finding property "ro.vendor.pref_scale_resolution"
02-15 20:33:48.845 27456 27456 W Activity: Slow Operation: Activity com.mbwhatsapp/.contact.picker.ContactPicker onStart took 284ms
02-15 20:33:48.841 27456 27456 E libc : Access denied finding property "ro.vendor.pref_scale_resolution"
02-15 20:33:48.864 27456 27456 W Looper : PerfMonitor looperActivity : package=com.mbwhatsapp/.contact.picker.ContactPicker time=1ms latency=369ms running=0ms procState=2 ClientTransaction{ callbacks=[android.app.servertransaction.TopResumedActivityChang eItem] } historyMsgCount=2 (msgIndex=2 wall=363ms seq=8120 late=6ms h=android.app.ActivityThread$H w=159)
02-15 20:33:48.950 27456 27456 E libc : Access denied finding property "ro.vendor.pref_scale_resolution"
02-15 20:33:48.952 27456 27456 E libc : Access denied finding property "ro.vendor.pref_scale_resolution"
02-15 20:33:48.959 27456 27456 E libc : Access denied finding property "ro.vendor.pref_scale_resolution"
02-15 20:33:50.348 27456 27456 W Choreographer: OPTS_INPUT: First frame was drawed before optimized, so skip!
02-15 20:33:50.777 27456 27456 W Choreographer: OPTS_INPUT: First frame was drawed before optimized, so skip!
02-15 20:33:51.173 27456 27456 W Choreographer: OPTS_INPUT: First frame was drawed before optimized, so skip!
02-15 20:33:52.277 27456 27456 E libc : Access denied finding property "ro.vendor.pref_scale_resolution"
02-15 20:33:59.221 27456 27476 W System : A resource failed to call release. --------- beginning of system
02-15 20:37:01.977 27456 27456 W Looper : PerfMonitor doFrame : time=0ms vsyncFrame=0 latency=474ms procState=18
02-15 20:38:20.966 27456 27456 W Activity: Slow Operation: Activity com.mbwhatsapp/.HomeActivity onCreate took 588ms
02-15 20:38:20.999 27456 27456 W Looper : PerfMonitor looperActivity : package=com.mbwhatsapp/.HomeActivity time=0ms latency=647ms running=0ms procState=2 ClientTransaction{ callbacks=[android.app.servertransaction.TopResumedActivityChang eItem] } historyMsgCount=3 (msgIndex=3 wall=636ms seq=18226 late=11ms h=android.app.ActivityThread$H w=159)
02-15 20:38:21.774 27456 27456 W Looper : PerfMonitor doFrame : time=732ms vsyncFrame=0 latency=42ms procState=2 historyMsgCount=23
02-15 20:38:21.857 27456 27456 W Looper : PerfMonitor doFrame : time=78ms vsyncFrame=0 latency=729ms procState=2 historyMsgCount=7 (msgIndex=1 wall=732ms seq=18251 late=42ms h=android.view.Choreographer$FrameHandler c=android.view.Choreographer$FrameDisplayEventReceiver)
02-15 20:38:21.912 27456 27456 W Looper : PerfMonitor looperActivity : package=com.mbwhatsapp/mbmodsd.mbmodsw.mbsettings.yo.PauseActivity time=22ms latency=458ms running=0ms procState=2 ClientTransaction{ callbacks=[android.app.servertransaction.LaunchActivityItem] lifecycleRequest=android.app.servertransaction.ResumeActivityItem } historyMsgCount=53 (msgIndex=1 wall=732ms seq=18251 late=42ms h=android.view.Choreographer$FrameHandler c=android.view.Choreographer$FrameDisplayEventReceiver) (msgIndex=8 wall=78ms seq=18258 late=729ms h=android.view.Choreographer$FrameHandler c=android.view.Choreographer$FrameDisplayEventReceiver)
02-15 20:38:21.912 27456 27456 W Looper : PerfMonitor looperActivity : package=com.mbwhatsapp/mbmodsd.mbmodsw.mbsettings.yo.PauseActivity time=0ms latency=480ms running=0ms procState=2 ClientTransaction{ callbacks=[android.app.servertransaction.TopResumedActivityChang eItem] } historyMsgCount=54 (msgIndex=1 wall=732ms seq=18251 late=42ms h=android.view.Choreographer$FrameHandler c=android.view.Choreographer$FrameDisplayEventReceiver) (msgIndex=8 wall=78ms seq=18258 late=729ms h=android.view.Choreographer$FrameHandler c=android.view.Choreographer$FrameDisplayEventReceiver)
02-15 20:41:12.947 27456 27456 W BpBinder: Slow Binder: BpBinder transact took 1765 ms, interface=android.app.IActivityManager, code=26 oneway=false
02-15 20:41:12.981 27456 27456 W Activity: Slow Operation: Activity com.mbwhatsapp/.HomeActivity onStart took 1812ms
02-15 20:41:13.274 27456 27456 W Activity: Slow Operation: Activity com.mbwhatsapp/.HomeActivity onResume took 291ms
02-15 20:41:13.369 27456 27456 W Looper : PerfMonitor longMsg : seq=26838 plan=20:41:11.092 late=39ms wall=2237ms running=0ms h=android.app.ActivityThread$H w=159 procState=2
02-15 20:41:13.579 27456 27456 W Looper : PerfMonitor doFrame : time=210ms vsyncFrame=0 latency=2253ms procState=2 historyMsgCount=3 (msgIndex=3 wall=2237ms seq=26838 late=39ms h=android.app.ActivityThread$H w=159)
02-15 20:41:16.003 27456 27456 W Looper : PerfMonitor looperActivity : package=com.mbwhatsapp/.Conversation time=0ms latency=581ms running=0ms procState=2 ClientTransaction{ callbacks=[android.app.servertransaction.TopResumedActivityChang eItem] } historyMsgCount=4 (msgIndex=4 wall=567ms seq=26982 late=13ms h=android.app.ActivityThread$H w=159)
02-15 20:41:16.194 27456 27456 W Looper : PerfMonitor doFrame : time=191ms vsyncFrame=0 latency=560ms procState=2 historyMsgCount=2 (msgIndex=1 wall=567ms seq=26982 late=13ms h=android.app.ActivityThread$H w=159)
02-15 20:41:17.729 27456 27456 W Looper : PerfMonitor looperActivity : package=com.mbwhatsapp/.group.GroupChatInfoActivity time=0ms latency=572ms running=0ms procState=2 ClientTransaction{ callbacks=[android.app.servertransaction.TopResumedActivityChang eItem] } historyMsgCount=3 (msgIndex=3 wall=553ms seq=27125 late=19ms h=android.app.ActivityThread$H w=159)
02-15 20:41:17.789 27456 27456 W Looper : PerfMonitor doFrame : time=60ms vsyncFrame=0 latency=552ms procState=2 historyMsgCount=3 (msgIndex=1 wall=553ms seq=27125 late=19ms h=android.app.ActivityThread$H w=159)
02-15 20:47:11.172 27456 27456 W Looper : PerfMonitor doFrame : time=487ms vsyncFrame=0 latency=1ms procState=16
02-15 21:01:57.288 27456 27456 W Looper : PerfMonitor looperActivity : package=com.mbwhatsapp/.Conversation time=0ms latency=460ms running=0ms procState=2 ClientTransaction{ callbacks=[android.app.servertransaction.TopResumedActivityChang eItem] } historyMsgCount=3 (msgIndex=3 wall=446ms seq=36948 late=14ms h=android.app.ActivityThread$H w=159)
02-15 21:01:57.451 27456 27456 W Looper : PerfMonitor doFrame : time=162ms vsyncFrame=0 latency=443ms procState=2 historyMsgCount=2 (msgIndex=1 wall=446ms seq=36948 late=14ms h=android.app.ActivityThread$H w=159)
02-15 21:02:07.345 27456 27456 W Activity: Slow Operation: Activity com.mbwhatsapp/.HomeActivity onPause took 65ms
02-15 21:02:07.854 27456 27456 W Activity: Slow Operation: Activity com.mbwhatsapp/.contact.picker.ContactPicker onStart took 384ms
02-15 21:02:07.884 27456 27456 W Looper : PerfMonitor looperActivity : package=com.mbwhatsapp/.contact.picker.ContactPicker time=0ms latency=525ms running=0ms procState=2 ClientTransaction{ callbacks=[android.app.servertransaction.TopResumedActivityChang eItem] } historyMsgCount=4 (msgIndex=1 wall=87ms seq=37784 late=37ms h=android.app.ActivityThread$H w=159) (msgIndex=4 wall=506ms seq=37787 late=18ms h=android.app.ActivityThread$H w=159)
02-15 21:02:07.995 27456 27456 W Looper : PerfMonitor doFrame : time=111ms vsyncFrame=0 latency=502ms procState=2 historyMsgCount=3 (msgIndex=1 wall=506ms seq=37787 late=18ms h=android.app.ActivityThread$H w=159)
02-15 21:02:08.571 27456 27456 W Looper : PerfMonitor doFrame : time=345ms vsyncFrame=0 latency=51ms procState=2 historyMsgCount=12 (msgIndex=1 wall=58ms seq=37866 late=86ms h=android.view.Choreographer$FrameHandler c=android.view.Choreographer$FrameDisplayEventReceiver)
02-15 21:02:08.616 27456 27456 W Looper : PerfMonitor doFrame : time=44ms vsyncFrame=0 latency=331ms procState=2 historyMsgCount=3 (msgIndex=1 wall=345ms seq=37878 late=51ms h=android.view.Choreographer$FrameHandler c=android.view.Choreographer$FrameDisplayEventReceiver)
02-15 21:02:13.086 27456 27456 W Looper : PerfMonitor looperActivity : package=com.mbwhatsapp/.Conversation time=0ms latency=530ms running=0ms procState=2 ClientTransaction{ callbacks=[android.app.servertransaction.TopResumedActivityChang eItem] } historyMsgCount=16 (msgIndex=16 wall=492ms seq=38232 late=38ms h=android.app.ActivityThread$H w=159)
02-15 21:02:13.189 27456 27456 W Looper : PerfMonitor doFrame : time=101ms vsyncFrame=0 latency=503ms procState=2 historyMsgCount=11 (msgIndex=5 wall=492ms seq=38232 late=38ms h=android.app.ActivityThread$H w=159)
02-15 21:02:40.860 27456 27456 W Looper : PerfMonitor looperActivity : package=com.mbwhatsapp/.Conversation time=0ms latency=405ms running=0ms procState=2 ClientTransaction{ callbacks=[android.app.servertransaction.TopResumedActivityChang eItem] } historyMsgCount=4 (msgIndex=4 wall=397ms seq=40038 late=7ms h=android.app.ActivityThread$H w=159)
02-15 21:02:41.089 27456 27456 W Looper : PerfMonitor doFrame : time=229ms vsyncFrame=0 latency=396ms procState=2 historyMsgCount=2 (msgIndex=1 wall=397ms seq=40038 late=7ms h=android.app.ActivityThread$H w=159)
02-15 21:03:05.526 27456 27456 W Looper : PerfMonitor looperActivity : package=com.mbwhatsapp/.Conversation time=1ms latency=417ms running=0ms procState=2 ClientTransaction{ callbacks=[android.app.servertransaction.TopResumedActivityChang eItem] } historyMsgCount=3 (msgIndex=3 wall=405ms seq=41863 late=12ms h=android.app.ActivityThread$H w=159)
02-15 21:03:05.648 27456 27456 W Looper : PerfMonitor doFrame : time=122ms vsyncFrame=0 latency=404ms procState=2 historyMsgCount=2 (msgIndex=1 wall=405ms seq=41863 late=12ms h=android.app.ActivityThread$H w=159)
02-15 21:13:15.884 27456 27456 W Looper : PerfMonitor looperActivity : package=com.mbwhatsapp/.Conversation time=0ms latency=460ms running=0ms procState=2 ClientTransaction{ callbacks=[android.app.servertransaction.TopResumedActivityChang eItem] } historyMsgCount=3 (msgIndex=3 wall=453ms seq=72364 late=7ms h=android.app.ActivityThread$H w=159)
02-15 21:13:16.193 27456 27456 W Looper : PerfMonitor doFrame : time=309ms vsyncFrame=0 latency=443ms procState=2 historyMsgCount=3 (msgIndex=1 wall=453ms seq=72364 late=7ms h=android.app.ActivityThread$H w=159)
02-15 21:13:16.266 27456 27456 W Looper : PerfMonitor doFrame : time=52ms vsyncFrame=0 latency=327ms procState=2 historyMsgCount=50 (msgIndex=1 wall=309ms seq=72367 late=443ms h=android.view.Choreographer$FrameHandler c=android.view.Choreographer$FrameDisplayEventReceiver)
02-15 21:17:06.404 27456 27456 W Looper : PerfMonitor doFrame : time=558ms vsyncFrame=0 latency=1ms procState=16
02-15 21:23:02.534 27456 27456 W Looper : PerfMonitor looperActivity : package=com.mbwhatsapp/.Conversation time=1ms latency=452ms running=0ms procState=2 ClientTransaction{ callbacks=[android.app.servertransaction.TopResumedActivityChang eItem] } historyMsgCount=3 (msgIndex=3 wall=445ms seq=99669 late=8ms h=android.app.ActivityThread$H w=159)
02-15 21:23:02.886 27456 27456 W Looper : PerfMonitor doFrame : time=350ms vsyncFrame=0 latency=445ms procState=2 historyMsgCount=3 (msgIndex=1 wall=445ms seq=99669 late=8ms h=android.app.ActivityThread$H w=159)
02-15 21:23:02.965 27456 27456 W Looper : PerfMonitor doFrame : time=52ms vsyncFrame=0 latency=376ms procState=2 historyMsgCount=49 (msgIndex=1 wall=350ms seq=99672 late=445ms h=android.view.Choreographer$FrameHandler c=android.view.Choreographer$FrameDisplayEventReceiver)
02-15 21:24:02.505 27456 27456 W InputEventReceiver: App Input: 315ms before dispatchInputEvent (KeyEvent: event_seq=1490, seq=377758, code=KEYCODE_BACK, action=ACTION_UP)
02-15 21:24:15.156 27456 27456 W Looper : PerfMonitor doFrame : time=352ms vsyncFrame=0 latency=77ms procState=2 historyMsgCount=5 (msgIndex=1 wall=68ms seq=103939 late=11ms h=android.app.ActivityThread$H w=159)
02-15 21:24:15.166 27456 27456 W Looper : PerfMonitor looperActivity : package=com.mbwhatsapp/.gallerypicker.GalleryPickerBottomSheetActivity time=1ms latency=373ms running=0ms procState=2 ClientTransaction{ callbacks=[android.app.servertransaction.TopResumedActivityChang eItem] } historyMsgCount=23 (msgIndex=3 wall=352ms seq=103944 late=77ms h=android.view.Choreographer$FrameHandler c=android.view.Choreographer$FrameDisplayEventReceiver)
02-15 21:24:15.198 27456 27456 W Looper : PerfMonitor looperActivity : package=com.mbwhatsapp/.gallerypicker.GalleryPickerBottomSheetActivity time=31ms latency=373ms running=0ms procState=2 ClientTransaction{ lifecycleRequest=android.app.servertransaction.PauseActivityItem } historyMsgCount=24 (msgIndex=3 wall=352ms seq=103944 late=77ms h=android.view.Choreographer$FrameHandler c=android.view.Choreographer$FrameDisplayEventReceiver)
02-15 21:24:15.280 27456 27456 W Looper : PerfMonitor doFrame : time=80ms vsyncFrame=0 latency=389ms procState=2 historyMsgCount=28 (msgIndex=1 wall=352ms seq=103944 late=77ms h=android.view.Choreographer$FrameHandler c=android.view.Choreographer$FrameDisplayEventReceiver)
02-15 21:24:30.745 27456 27456 W Looper : PerfMonitor looperActivity : package=com.mbwhatsapp/.Conversation time=0ms latency=396ms running=0ms procState=2 ClientTransaction{ callbacks=[android.app.servertransaction.TopResumedActivityChang eItem] } historyMsgCount=3 (msgIndex=3 wall=390ms seq=105248 late=6ms h=android.app.ActivityThread$H w=159)
02-15 21:24:31.232 27456 27456 W Looper : PerfMonitor doFrame : time=486ms vsyncFrame=0 latency=378ms procState=2 historyMsgCount=4 (msgIndex=1 wall=390ms seq=105248 late=6ms h=android.app.ActivityThread$H w=159)
02-15 21:24:31.308 27456 27456 W Looper : PerfMonitor doFrame : time=46ms vsyncFrame=0 latency=514ms procState=2 historyMsgCount=49 (msgIndex=1 wall=486ms seq=105252 late=378ms h=android.view.Choreographer$FrameHandler c=android.view.Choreographer$FrameDisplayEventReceiver)
02-15 21:27:05.459 27456 12225 W BpBinder: Slow Binder: BpBinder transact took 534 ms, interface=android.app.IActivityManager, code=22 oneway=false
02-15 21:27:05.819 27456 28704 W BpBinder: Slow Binder: BpBinder transact took 323 ms, interface=android.content.IContentProvider, code=1 oneway=false
02-15 21:33:48.967 27456 27456 W Looper : PerfMonitor longMsg : seq=133708 plan=21:33:47.900 late=0ms wall=1066ms running=0ms h=android.app.ActivityThread$H w=156 procState=18
02-15 21:33:48.969 27456 27456 W Looper : PerfMonitor doFrame : time=1ms vsyncFrame=0 latency=1066ms procState=18 historyMsgCount=1 (msgIndex=1 wall=1066ms seq=133708 h=android.app.ActivityThread$H w=156)
02-15 21:33:56.836 27456 27456 W Looper : PerfMonitor doFrame : time=0ms vsyncFrame=0 latency=445ms procState=18
02-15 21:35:32.517 27456 27456 W Activity: Slow Operation: Activity com.mbwhatsapp/.HomeActivity onCreate took 817ms
02-15 21:35:32.650 27456 27456 W Looper : PerfMonitor looperActivity : package=com.mbwhatsapp/.HomeActivity time=0ms latency=978ms running=0ms procState=2 ClientTransaction{ callbacks=[android.app.servertransaction.TopResumedActivityChang eItem] } historyMsgCount=3 (msgIndex=3 wall=968ms seq=138691 late=10ms h=android.app.ActivityThread$H w=159)
02-15 21:35:33.778 27456 27456 W BpBinder: Slow Binder: BpBinder transact took 787 ms, interface=android.view.IWindowSession, code=5 oneway=false
02-15 21:35:34.760 27456 27456 W Looper : PerfMonitor longMsg : seq=138693 plan=21:35:31.672 late=977ms wall=2110ms running=0ms h=android.view.Choreographer$FrameHandler c=android.view.Choreographer$FrameDisplayEventReceiver procState=2
02-15 21:35:34.760 27456 27456 W Looper : PerfMonitor doFrame : time=2110ms vsyncFrame=0 latency=977ms procState=2 historyMsgCount=4 (msgIndex=3 wall=968ms seq=138691 late=10ms h=android.app.ActivityThread$H w=159)
02-15 21:35:34.831 27456 27456 W Looper : PerfMonitor looperActivity : package=com.mbwhatsapp/.HomeActivity time=1ms latency=2631ms running=0ms procState=2 ClientTransaction{ callbacks=[android.app.servertransaction.TopResumedActivityChang eItem] } historyMsgCount=14 (msgIndex=1 wall=968ms seq=138691 late=10ms h=android.app.ActivityThread$H w=159) (msgIndex=3 wall=2110ms seq=138693 late=977ms h=android.view.Choreographer$FrameHandler c=android.view.Choreographer$FrameDisplayEventReceiver) (msgIndex=14 wall=56ms seq=138704 late=2643ms h=X.10F w=3)
02-15 21:35:34.906 27456 27456 W Activity: Slow Operation: Activity com.mbwhatsapp/.HomeActivity onPause took 75ms
02-15 21:35:34.913 27456 27456 W Looper : PerfMonitor looperActivity : package=com.mbwhatsapp/.HomeActivity time=82ms latency=2632ms running=0ms procState=2 ClientTransaction{ lifecycleRequest=android.app.servertransaction.PauseActivityItem } historyMsgCount=15 (msgIndex=1 wall=968ms seq=138691 late=10ms h=android.app.ActivityThread$H w=159) (msgIndex=3 wall=2110ms seq=138693 late=977ms h=android.view.Choreographer$FrameHandler c=android.view.Choreographer$FrameDisplayEventReceiver) (msgIndex=14 wall=56ms seq=138704 late=2643ms h=X.10F w=3)
02-15 21:35:35.105 27456 27456 W Looper : PerfMonitor doFrame : time=152ms vsyncFrame=0 latency=2290ms procState=2 historyMsgCount=37 (msgIndex=1 wall=2110ms seq=138693 late=977ms h=android.view.Choreographer$FrameHandler c=android.view.Choreographer$FrameDisplayEventReceiver) (msgIndex=12 wall=56ms seq=138704 late=2643ms h=X.10F w=3) (msgIndex=14 wall=82ms seq=138706 late=2632ms h=android.app.ActivityThread$H w=159)
02-15 21:35:35.476 27456 27456 W Looper : PerfMonitor doFrame : time=36ms vsyncFrame=0 latency=480ms procState=2 historyMsgCount=121 (msgIndex=1 wall=152ms seq=138730 late=2290ms h=android.view.Choreographer$FrameHandler c=android.view.Choreographer$FrameDisplayEventReceiver) (msgIndex=119 wall=180ms seq=138848 late=359ms h=android.os.Handler c=X.3fx) (msgIndex=120 wall=71ms seq=138849 late=531ms h=android.os.AsyncTask$InternalHandler w=1)
02-15 21:36:00.413 27456 27456 W Activity: Slow Operation: Activity com.mbwhatsapp/.HomeActivity onCreate took 622ms
02-15 21:36:01.185 27456 27456 W Looper : PerfMonitor doFrame : time=621ms vsyncFrame=0 latency=864ms procState=2 historyMsgCount=1 (msgIndex=1 wall=866ms seq=140122 late=13ms h=android.app.ActivityThread$H w=159)
02-15 21:36:01.189 27456 27456 W Looper : PerfMonitor looperActivity : package=com.mbwhatsapp/.HomeActivity time=1ms latency=974ms running=0ms procState=2 ClientTransaction{ callbacks=[android.app.servertransaction.TopResumedActivityChang eItem] } historyMsgCount=12 (msgIndex=1 wall=866ms seq=140122 late=13ms h=android.app.ActivityThread$H w=159) (msgIndex=2 wall=621ms seq=140123 late=864ms h=android.view.Choreographer$FrameHandler c=android.view.Choreographer$FrameDisplayEventReceiver)
02-15 21:36:01.219 27456 27456 W Looper : PerfMonitor looperActivity : package=com.mbwhatsapp/.HomeActivity time=30ms latency=968ms running=0ms procState=2 ClientTransaction{ callbacks=[android.app.servertransaction.ActivityResultItem] lifecycleRequest=android.app.servertransaction.ResumeActivityItem } historyMsgCount=13 (msgIndex=1 wall=866ms seq=140122 late=13ms h=android.app.ActivityThread$H w=159) (msgIndex=2 wall=621ms seq=140123 late=864ms h=android.view.Choreographer$FrameHandler c=android.view.Choreographer$FrameDisplayEventReceiver)
02-15 21:36:01.220 27456 27456 W Looper : PerfMonitor looperActivity : package=com.mbwhatsapp/.HomeActivity time=0ms latency=938ms running=0ms procState=2 ClientTransaction{ callbacks=[android.app.servertransaction.TopResumedActivityChang eItem] } historyMsgCount=14 (msgIndex=1 wall=866ms seq=140122 late=13ms h=android.app.ActivityThread$H w=159) (msgIndex=2 wall=621ms seq=140123 late=864ms h=android.view.Choreographer$FrameHandler c=android.view.Choreographer$FrameDisplayEventReceiver)
02-15 21:36:01.227 27456 27456 W Looper : PerfMonitor looperActivity : package=com.mbwhatsapp/.HomeActivity time=6ms latency=939ms running=0ms procState=2 ClientTransaction{ lifecycleRequest=android.app.servertransaction.PauseActivityItem } historyMsgCount=15 (msgIndex=1 wall=866ms seq=140122 late=13ms h=android.app.ActivityThread$H w=159) (msgIndex=2 wall=621ms seq=140123 late=864ms h=android.view.Choreographer$FrameHandler c=android.view.Choreographer$FrameDisplayEventReceiver)
02-15 21:36:01.381 27456 27456 W Looper : PerfMonitor doFrame : time=143ms vsyncFrame=0 latency=662ms procState=2 historyMsgCount=42 (msgIndex=1 wall=621ms seq=140123 late=864ms h=android.view.Choreographer$FrameHandler c=android.view.Choreographer$FrameDisplayEventReceiver)
02-15 21:36:01.415 27456 27456 W Looper : PerfMonitor looperActivity : package=com.mbwhatsapp/mbmodsd.mbmodsw.mbsettings.yo.PauseActivity time=18ms latency=611ms running=0ms procState=2 ClientTransaction{ callbacks=[android.app.servertransaction.LaunchActivityItem] lifecycleRequest=android.app.servertransaction.ResumeActivityItem } historyMsgCount=83 (msgIndex=1 wall=621ms seq=140123 late=864ms h=android.view.Choreographer$FrameHandler c=android.view.Choreographer$FrameDisplayEventReceiver) (msgIndex=43 wall=143ms seq=140165 late=662ms h=android.view.Choreographer$FrameHandler c=android.view.Choreographer$FrameDisplayEventReceiver)
02-15 21:36:01.416 27456 27456 W Looper : PerfMonitor looperActivity : package=com.mbwhatsapp/mbmodsd.mbmodsw.mbsettings.yo.PauseActivity time=0ms latency=628ms running=0ms procState=2 ClientTransaction{ callbacks=[android.app.servertransaction.TopResumedActivityChang eItem] } historyMsgCount=84 (msgIndex=1 wall=621ms seq=140123 late=864ms h=android.view.Choreographer$FrameHandler c=android.view.Choreographer$FrameDisplayEventReceiver) (msgIndex=43 wall=143ms seq=140165 late=662ms h=android.view.Choreographer$FrameHandler c=android.view.Choreographer$FrameDisplayEventReceiver)
02-15 21:36:05.436 27456 27456 W Looper : PerfMonitor looperActivity : package=com.mbwhatsapp/mbmodsd.mbmodsw.mbsettings.MBSettingsActivity time=0ms latency=335ms running=0ms procState=2 ClientTransaction{ callbacks=[android.app.servertransaction.TopResumedActivityChang eItem] } historyMsgCount=3 (msgIndex=3 wall=329ms seq=140571 late=6ms h=android.app.ActivityThread$H w=159)
02-15 21:36:05.564 27456 27456 W Looper : PerfMonitor doFrame : time=124ms vsyncFrame=0 latency=322ms procState=2 historyMsgCount=3 (msgIndex=1 wall=329ms seq=140571 late=6ms h=android.app.ActivityThread$H w=159)
02-15 21:36:17.845 27456 27456 W Activity: Slow Operation: Activity com.mbwhatsapp/.settings.chat.wallpaper.WallpaperCategoriesActivity onActivityResult took 217ms
02-15 21:36:18.079 27456 27456 W Activity: Slow Operation: Activity com.mbwhatsapp/.settings.chat.wallpaper.WallpaperCurrentPreviewActivity onActivityResult took 195ms
02-15 21:36:28.346 27456 27456 W Looper : PerfMonitor looperActivity : package=com.mbwhatsapp/mbmodsd.mbmodsw.mbsettings.MBSettingsPreferences time=0ms latency=329ms running=0ms procState=2 ClientTransaction{ callbacks=[android.app.servertransaction.TopResumedActivityChang eItem] } historyMsgCount=3 (msgIndex=3 wall=321ms seq=142084 late=8ms h=android.app.ActivityThread$H w=159)
02-15 21:36:28.460 27456 27456 W Looper : PerfMonitor doFrame : time=113ms vsyncFrame=0 latency=321ms procState=2 historyMsgCount=3 (msgIndex=2 wall=321ms seq=142084 late=8ms h=android.app.ActivityThread$H w=159)
02-15 21:37:06.151 27456 27456 W Looper : PerfMonitor looperActivity : package=com.mbwhatsapp/mbmodsd.mbmodsw.mbsettings.MBSettingsPreferences time=0ms latency=307ms running=0ms procState=2 ClientTransaction{ callbacks=[android.app.servertransaction.TopResumedActivityChang eItem] } historyMsgCount=2 (msgIndex=2 wall=301ms seq=144477 late=7ms h=android.app.ActivityThread$H w=159)
02-15 21:37:06.237 27456 27456 W Looper : PerfMonitor doFrame : time=86ms vsyncFrame=0 latency=303ms procState=2 historyMsgCount=3 (msgIndex=2 wall=301ms seq=144477 late=7ms h=android.app.ActivityThread$H w=159) --------- beginning of main
02-15 21:37:10.498 27456 27456 E libc : Access denied finding property "ro.vendor.pref_scale_resolution"
02-15 21:37:10.501 27456 27456 E libc : Access denied finding property "ro.vendor.pref_scale_resolution"
02-15 21:37:10.516 27456 27456 E ArmVmp : Match on catch block at 0x0a in for 0xd9
02-15 21:37:10.524 27456 27456 E libc : Access denied finding property "ro.vendor.pref_scale_resolution"
02-15 21:37:10.531 27456 27456 E libc : Access denied finding property "ro.vendor.pref_scale_resolution"
02-15 21:37:10.538 27456 27456 E ArmVmp : Match on catch block at 0x0a in for 0xc1
02-15 21:37:10.551 27456 27456 E libc : Access denied finding property "ro.vendor.pref_scale_resolution"
02-15 21:37:10.554 27456 27456 E libc : Access denied finding property "ro.vendor.pref_scale_resolution"
02-15 21:37:10.558 27456 27456 E libc : Access denied finding property "ro.vendor.pref_scale_resolution"
02-15 21:37:10.571 27456 27456 E libc : Access denied finding property "ro.vendor.pref_scale_resolution"
02-15 21:37:10.622 27456 27456 E libc : Access denied finding property "ro.vendor.pref_scale_resolution"
02-15 21:37:10.643 27456 27456 E libc : Access denied finding property "ro.vendor.pref_scale_resolution"
02-15 21:37:10.674 27456 27456 E libc : Access denied finding property "ro.vendor.pref_scale_resolution"
02-15 21:37:10.683 27456 27456 E libc : Access denied finding property "ro.vendor.pref_scale_resolution"
02-15 21:37:10.688 27456 27456 E ArmVmp : Match on catch block at 0x0a in for 0x99
02-15 21:37:10.710 27456 27456 E ArmVmp : Match on catch block at 0x0a in for 0xc9
02-15 21:37:10.825 27456 27456 E libc : Access denied finding property "ro.vendor.pref_scale_resolution"
02-15 21:37:10.859 27456 27456 E libc : Access denied finding property "ro.vendor.pref_scale_resolution"
02-15 21:37:10.865 27456 27456 E libc : Access denied finding property "ro.vendor.pref_scale_resolution"
02-15 21:37:14.618 27456 27456 E libc : Access denied finding property "ro.vendor.pref_scale_resolution"
02-15 21:37:14.744 27456 27456 E libc : Access denied finding property "ro.vendor.pref_scale_resolution"
02-15 21:37:16.259 27456 27456 W InputEventReceiver: Attempted to finish an input event but the input event receiver has already been disposed.
02-15 21:37:20.307 19691 19691 E com.mbwhatsapp: Not starting debugger since process cannot load the jdwp agent.
02-15 21:37:20.403 19691 19691 W ResourceType: CREATING STRING CACHE OF 96 bytes
02-15 21:37:20.453 19691 19691 W System.err: java.lang.ClassNotFoundException: mbmodsd.mbmodsw.ui.views.btn.BtnBK
02-15 21:37:20.453 19691 19691 W System.err: at java.lang.Runtime.nativeLoad(Native Method)
02-15 21:37:20.454 19691 19691 W System.err: at java.lang.Runtime.nativeLoad(Runtime.java:1131)
02-15 21:37:20.454 19691 19691 W System.err: at java.lang.Runtime.loadLibrary0(Runtime.java:1085)
02-15 21:37:20.454 19691 19691 W System.err: at java.lang.Runtime.loadLibrary0(Runtime.java:1008)
02-15 21:37:20.454 19691 19691 W System.err: at java.lang.System.loadLibrary(System.java:1664)
02-15 21:37:20.454 19691 19691 W System.err: at arm.EpicVm.<clinit>(Unknown Source:2)
02-15 21:37:20.454 19691 19691 W System.err: at java.lang.Class.newInstance(Native Method)
02-15 21:37:20.454 19691 19691 W System.err: at android.app.AppComponentFactory.instantiateApplication(AppComponentFactory.java:76)
02-15 21:37:20.454 19691 19691 W System.err: at androidx.core.app.CoreComponentFactory.instantiateApplication(Unknown Source:0)
02-15 21:37:20.454 19691 19691 W System.err: at android.app.Instrumentation.newApplication(Instrumentation.java:1157)
02-15 21:37:20.454 19691 19691 W System.err: at android.app.LoadedApk.makeApplication(LoadedApk.java:1248)
02-15 21:37:20.454 19691 19691 W System.err: at android.app.ActivityThread.handleBindApplication(ActivityThread.java:6865)
02-15 21:37:20.454 19691 19691 W System.err: at android.app.ActivityThread.access$1600(ActivityThread.java:250)
02-15 21:37:20.454 19691 19691 W System.err: at android.app.ActivityThread$H.handleMessage(ActivityThread.java:2008)
02-15 21:37:20.454 19691 19691 W System.err: at android.os.Handler.dispatchMessage(Handler.java:106)
02-15 21:37:20.454 19691 19691 W System.err: at android.os.Looper.loop(Looper.java:236)
02-15 21:37:20.454 19691 19691 W System.err: at android.app.ActivityThread.main(ActivityThread.java:7912)
02-15 21:37:20.454 19691 19691 W System.err: at java.lang.reflect.Method.invoke(Native Method)
02-15 21:37:20.454 19691 19691 W System.err: at com.android.internal.os.RuntimeInit$MethodAndArgsCaller.run(RuntimeInit.java:620)
02-15 21:37:20.454 19691 19691 W System.err: at com.android.internal.os.ZygoteInit.main(ZygoteInit.java:1011)
02-15 21:37:20.546 19691 19691 E CustomActivityOnCrash: IMPORTANT WARNING! You already have an UncaughtExceptionHandler, are you sure this is correct? If you use a custom UncaughtExceptionHandler, you must initialize it AFTER CustomActivityOnCrash! Installing anyway, but your original handler will not be called.
02-15 21:37:20.547 19691 19713 E ion : ioctl c0044901 failed with code -1: Invalid argument
02-15 21:37:20.552 19691 19713 E libc : Access denied finding property "ro.vendor.pref_scale_resolution"
02-15 21:37:20.561 19691 19713 E libc : Access denied finding property "ro.vendor.pref_scale_resolution"
02-15 21:37:20.567 19691 19713 E libc : Access denied finding property "ro.vendor.pref_scale_resolution"
02-15 21:37:20.573 19691 19713 E libc : Access denied finding property "ro.vendor.pref_scale_resolution"
02-15 21:37:20.578 19691 19713 E libc : Access denied finding property "ro.vendor.pref_scale_resolution"
02-15 21:37:20.579 19691 19716 E libc : Access denied finding property "ro.vendor.df.effect.conflict"
02-15 21:37:20.579 19691 19716 E libc : Access denied finding property "ro.vendor.knock.type"
02-15 21:37:20.615 19691 19716 W LibraryVersion: Failed to get app version for libraryName: firebase-iid
02-15 21:37:20.644 19691 19713 E libc : Access denied finding property "ro.vendor.pref_scale_resolution"
02-15 21:37:20.907 19691 19691 W com.mbwhatsapp: Accessing hidden method Lcom/android/org/conscrypt/OpenSSLSocketImpl;->setUseSessionTickets(Z)V (greylist- max-q,test-api, reflection, denied)
02-15 21:37:20.908 19691 19691 W com.mbwhatsapp: Accessing hidden method Lcom/android/org/conscrypt/AbstractConscryptSocket;->setUseSessionTickets(Z)V (greylist-max-q, reflection, denied)
