02-16 15:26:34.871 1380 1380 E libc : Access denied finding property "ro.vendor.pref_scale_resolution"
02-16 15:26:34.936 1380 1380 E libc : Access denied finding property "ro.vendor.pref_scale_resolution"
02-16 15:26:34.944 1380 1380 E libc : Access denied finding property "ro.vendor.pref_scale_resolution"
02-16 15:26:34.949 1380 1380 E libc : Access denied finding property "ro.vendor.pref_scale_resolution"
02-16 15:26:34.963 1380 1380 E libc : Access denied finding property "ro.vendor.pref_scale_resolution"
02-16 15:26:34.971 1380 1380 E libc : Access denied finding property "ro.vendor.pref_scale_resolution"
02-16 15:26:35.043 1380 1380 E libc : Access denied finding property "ro.vendor.pref_scale_resolution"
02-16 15:26:35.088 1380 1380 E ArmVmp : Match on catch block at 0x0a in for 0xb1
02-16 15:26:35.130 1380 1380 E libc : Access denied finding property "ro.vendor.pref_scale_resolution"
02-16 15:26:35.133 1380 1380 E ArmVmp : Match on catch block at 0x0a in for 0x129
02-16 15:26:35.188 1380 1380 W Activity: Can request only one set of permissions at a time
02-16 15:26:35.205 1380 1380 E libc : Access denied finding property "ro.vendor.pref_scale_resolution"
02-16 15:26:35.230 1380 1380 E libc : Access denied finding property "ro.vendor.pref_scale_resolution"
02-16 15:26:35.240 1380 1380 E libc : Access denied finding property "ro.vendor.pref_scale_resolution"
02-16 15:26:35.247 1380 1380 E libc : Access denied finding property "ro.vendor.pref_scale_resolution"
02-16 15:26:35.250 1380 1380 E libc : Access denied finding property "ro.vendor.pref_scale_resolution"
02-16 15:26:35.264 1380 1380 E libc : Access denied finding property "ro.vendor.pref_scale_resolution"
02-16 15:26:35.267 1380 1380 E libc : Access denied finding property "ro.vendor.pref_scale_resolution"
02-16 15:26:35.275 1380 1898 W com.mbwhatsapp: Accessing hidden method Lcom/android/org/conscrypt/ConscryptEngineSocket;->setUseSessionTickets(Z)V (greylist-max-q,test-api, reflection, denied)
02-16 15:26:35.277 1380 1898 W com.mbwhatsapp: Accessing hidden method Lcom/android/org/conscrypt/OpenSSLSocketImpl;->setUseSessionTickets(Z)V (greylist- max-q,test-api, reflection, denied)
02-16 15:26:35.278 1380 1898 W com.mbwhatsapp: Accessing hidden method Lcom/android/org/conscrypt/AbstractConscryptSocket;->setUseSessionTickets(Z)V (greylist-max-q, reflection, denied)
02-16 15:26:35.278 1380 1898 W com.mbwhatsapp: Accessing hidden method Lcom/android/org/conscrypt/ConscryptEngineSocket;->setHostname(Ljava/lang/String;)V (greylist-max-q,test-api, reflection, denied)
02-16 15:26:35.279 1380 1898 W com.mbwhatsapp: Accessing hidden method Lcom/android/org/conscrypt/OpenSSLSocketImpl;->setHostname(Ljava/lang/String;)V (greylist-max-q,test-api, reflection, denied)
02-16 15:26:35.279 1380 1898 W com.mbwhatsapp: Accessing hidden method Lcom/android/org/conscrypt/AbstractConscryptSocket;->setHostname(Ljava/lang/ String;)V (greylist-max-q, reflection, denied)
02-16 15:26:35.280 1380 1898 W com.mbwhatsapp: Accessing hidden method Lcom/android/org/conscrypt/OpenSSLSocketImpl;->setAlpnProtocols([B)V (greylist-max- q,test-api, reflection, denied)
02-16 15:26:35.281 1380 1898 W com.mbwhatsapp: Accessing hidden method Lcom/android/org/conscrypt/AbstractConscryptSocket;->setAlpnProtocols([B)V (greylist-max-q, reflection, denied)
02-16 15:26:35.284 1380 1380 E libc : Access denied finding property "ro.vendor.pref_scale_resolution"
02-16 15:26:35.286 1380 1380 E libc : Access denied finding property "ro.vendor.pref_scale_resolution"
02-16 15:26:35.287 1380 1380 E libc : Access denied finding property "ro.vendor.pref_scale_resolution"
02-16 15:26:35.310 1380 1380 E libc : Access denied finding property "ro.vendor.pref_scale_resolution"
02-16 15:26:35.313 1380 1380 E libc : Access denied finding property "ro.vendor.pref_scale_resolution"
02-16 15:26:35.313 1380 1380 E libc : Access denied finding property "ro.vendor.pref_scale_resolution"
02-16 15:26:35.333 1380 1380 E libc : Access denied finding property "ro.vendor.pref_scale_resolution"
02-16 15:26:35.346 1380 1380 W Activity: Slow Operation: Activity com.mbwhatsapp/.HomeActivity onCreate took 999ms
02-16 15:26:35.368 1380 1380 E libc : Access denied finding property "ro.vendor.pref_scale_resolution"
02-16 15:26:35.387 1380 1380 E libc : Access denied finding property "ro.vendor.pref_scale_resolution"
02-16 15:26:35.396 1380 1380 E libc : Access denied finding property "ro.vendor.pref_scale_resolution"
02-16 15:26:35.403 1380 1380 E libc : Access denied finding property "ro.vendor.pref_scale_resolution"
02-16 15:26:35.409 1380 1380 E libc : Access denied finding property "ro.vendor.pref_scale_resolution"
02-16 15:26:35.420 1380 1380 E libc : Access denied finding property "ro.vendor.pref_scale_resolution"
02-16 15:26:35.429 1380 1380 E libc : Access denied finding property "ro.vendor.pref_scale_resolution"
02-16 15:26:35.526 1380 1380 E libc : Access denied finding property "ro.vendor.pref_scale_resolution"
02-16 15:26:35.528 1380 1380 E libc : Access denied finding property "ro.vendor.pref_scale_resolution"
02-16 15:26:35.564 1380 1380 E libc : Access denied finding property "ro.vendor.pref_scale_resolution"
02-16 15:26:35.569 1380 1380 W Activity: Slow Operation: Activity com.mbwhatsapp/.HomeActivity onStart took 219ms
02-16 15:26:35.566 1380 1380 E libc : Access denied finding property "ro.vendor.pref_scale_resolution"
02-16 15:26:35.572 1380 1898 W com.mbwhatsapp: Accessing hidden method Lcom/android/org/conscrypt/OpenSSLSocketImpl;->getAlpnSelectedProtocol()[B (greylist-max-q,test-api, reflection, denied)
02-16 15:26:35.572 1380 1898 W com.mbwhatsapp: Accessing hidden method Lcom/android/org/conscrypt/AbstractConscryptSocket;->getAlpnSelectedProtocol()[B (greylist-max-q, reflection, denied)
02-16 15:26:35.577 1380 1380 W PhoneWindow: Previously focused view reported id 2131429103 during save, but can't be found during restore.
02-16 15:26:35.649 1380 1380 E libc : Access denied finding property "ro.vendor.pref_scale_resolution"
02-16 15:26:35.690 1380 2052 W LOTTIE : Animation contains merge paths. Merge paths are only supported on KitKat+ and must be manually enabled by calling enableMergePathsForKitKatAndAbove().
02-16 15:26:35.759 1380 1380 W Looper : PerfMonitor longMsg : seq=4 plan=15:26:33.234 late=1009ms wall=1516ms running=0ms h=android.app.ActivityThread$H w=159 procState=2
02-16 15:26:35.760 1380 1380 W Looper : PerfMonitor looperActivity : package=com.mbwhatsapp/.HomeActivity time=1516ms latency=1009ms running=0ms procState=2 ClientTransaction{ callbacks=[android.app.servertransaction.LaunchActivityItem] lifecycleRequest=android.app.servertransaction.ResumeActivityItem } historyMsgCount=2 (msgIndex=1 wall=1498ms seq=2 late=12ms h=android.app.ActivityThread$H w=110)
02-16 15:26:35.761 1380 1380 W Looper : PerfMonitor looperActivity : package=com.mbwhatsapp/.HomeActivity time=0ms latency=2526ms running=0ms procState=2 ClientTransaction{ callbacks=[android.app.servertransaction.TopResumedActivityChang eItem] } historyMsgCount=3 (msgIndex=1 wall=1498ms seq=2 late=12ms h=android.app.ActivityThread$H w=110) (msgIndex=3 wall=1516ms seq=4 late=1009ms h=android.app.ActivityThread$H w=159)
02-16 15:26:35.869 1380 1380 W Looper : PerfMonitor looperActivity : package=com.mbwhatsapp/.HomeActivity time=1ms latency=711ms running=0ms procState=2 ClientTransaction{ callbacks=[android.app.servertransaction.TopResumedActivityChang eItem] } historyMsgCount=16 (msgIndex=1 wall=1516ms seq=4 late=1009ms h=android.app.ActivityThread$H w=159) (msgIndex=7 wall=60ms seq=10 late=1526ms h=android.app.ActivityThread$H w=121)
02-16 15:26:35.882 1380 1380 W Looper : PerfMonitor looperActivity : package=com.mbwhatsapp/.HomeActivity time=11ms latency=713ms running=0ms procState=2 ClientTransaction{ lifecycleRequest=android.app.servertransaction.PauseActivityItem } historyMsgCount=17 (msgIndex=1 wall=1516ms seq=4 late=1009ms h=android.app.ActivityThread$H w=159) (msgIndex=7 wall=60ms seq=10 late=1526ms h=android.app.ActivityThread$H w=121)
02-16 15:26:35.916 1380 1380 E ArmVmp : Match on catch block at 0x0a in for 0xc1
02-16 15:26:35.937 1380 2023 E libc : Access denied finding property "ro.vendor.pref_scale_resolution"
02-16 15:26:35.949 1380 1380 W LOTTIE : Animation contains merge paths but they are disabled.
02-16 15:26:36.044 1380 2023 E libc : Access denied finding property "ro.vendor.pref_scale_resolution"
02-16 15:26:36.055 1380 2023 E libc : Access denied finding property "ro.vendor.pref_scale_resolution"
02-16 15:26:36.074 1380 2023 E libc : Access denied finding property "ro.vendor.pref_scale_resolution"
02-16 15:26:36.172 1380 1380 E libc : Access denied finding property "ro.vendor.pref_scale_resolution"
02-16 15:26:36.206 1380 1380 E libc : Access denied finding property "ro.vendor.pref_scale_resolution"
02-16 15:26:36.213 1380 1380 E libc : Access denied finding property "ro.vendor.pref_scale_resolution"
02-16 15:26:36.223 1380 1380 E libc : Access denied finding property "ro.vendor.pref_scale_resolution"
02-16 15:26:36.229 1380 1380 E libc : Access denied finding property "ro.vendor.pref_scale_resolution"
02-16 15:26:36.290 1380 1380 E libc : Access denied finding property "ro.vendor.pref_scale_resolution"
02-16 15:26:36.316 1380 1380 E libc : Access denied finding property "ro.vendor.pref_scale_resolution"
02-16 15:26:36.357 1380 1380 E libc : Access denied finding property "ro.vendor.pref_scale_resolution"
02-16 15:26:36.467 1380 1380 E libc : Access denied finding property "ro.vendor.pref_scale_resolution"
02-16 15:26:36.558 1380 1380 E libc : Access denied finding property "ro.vendor.pref_scale_resolution"
02-16 15:26:36.893 1380 1380 E RecyclerView: No adapter attached; skipping layout
02-16 15:26:36.895 1380 1380 E libc : Access denied finding property "ro.vendor.pref_scale_resolution"
02-16 15:26:36.898 1380 1380 E libc : Access denied finding property "ro.vendor.pref_scale_resolution"
02-16 15:26:36.965 1380 1679 E ion : ioctl c0044901 failed with code -1: Invalid argument
02-16 15:26:37.060 1380 1380 W Looper : PerfMonitor longMsg : seq=49 plan=15:26:35.747 late=203ms wall=1108ms running=0ms h=android.view.Choreographer$FrameHandler c=android.view.Choreographer$FrameDisplayEventReceiver procState=2
02-16 15:26:37.061 1380 1380 W Looper : PerfMonitor doFrame : time=1108ms vsyncFrame=0 latency=203ms procState=2 historyMsgCount=45 (msgIndex=1 wall=1516ms seq=4 late=1009ms h=android.app.ActivityThread$H w=159) (msgIndex=7 wall=60ms seq=10 late=1526ms h=android.app.ActivityThread$H w=121)
02-16 15:26:37.084 1380 1380 W Looper : PerfMonitor looperActivity : package=com.mbwhatsapp/mbmodsd.mbmodsw.mbsettings.yo.PauseActivity time=0ms latency=1156ms running=0ms procState=2 ClientTransaction{ callbacks=[android.app.servertransaction.TopResumedActivityChang eItem] } historyMsgCount=13 (msgIndex=6 wall=1108ms seq=49 late=203ms h=android.view.Choreographer$FrameHandler c=android.view.Choreographer$FrameDisplayEventReceiver)
02-16 15:26:37.087 1380 1380 W Looper : PerfMonitor looperActivity : package=com.mbwhatsapp/mbmodsd.mbmodsw.mbsettings.yo.PauseActivity time=2ms latency=1157ms running=0ms procState=2 ClientTransaction{ lifecycleRequest=android.app.servertransaction.PauseActivityItem } historyMsgCount=14 (msgIndex=6 wall=1108ms seq=49 late=203ms h=android.view.Choreographer$FrameHandler c=android.view.Choreographer$FrameDisplayEventReceiver)
02-16 15:26:37.091 1380 1380 E libc : Access denied finding property "ro.vendor.pref_scale_resolution"
02-16 15:26:37.093 1380 1380 E libc : Access denied finding property "ro.vendor.pref_scale_resolution"
02-16 15:26:37.110 1380 1380 E libc : Access denied finding property "ro.vendor.pref_scale_resolution"
02-16 15:26:37.121 1380 1380 E libc : Access denied finding property "ro.vendor.pref_scale_resolution"
02-16 15:26:37.129 1380 1380 E libc : Access denied finding property "ro.vendor.pref_scale_resolution"
02-16 15:26:37.131 1380 1380 E libc : Access denied finding property "ro.vendor.pref_scale_resolution"
02-16 15:26:37.231 1380 1380 E RecyclerView: No adapter attached; skipping layout
02-16 15:26:37.252 1380 1380 W Looper : PerfMonitor doFrame : time=163ms vsyncFrame=0 latency=1126ms procState=2 historyMsgCount=12 (msgIndex=1 wall=1108ms seq=49 late=203ms h=android.view.Choreographer$FrameHandler c=android.view.Choreographer$FrameDisplayEventReceiver)
02-16 15:26:37.255 1380 1380 E libc : Access denied finding property "ro.vendor.pref_scale_resolution"
02-16 15:26:37.275 1380 1380 E libc : Access denied finding property "ro.vendor.pref_scale_resolution"
02-16 15:26:37.299 1380 1380 W Looper : PerfMonitor looperActivity : package=com.mbwhatsapp/.HomeActivity time=0ms latency=864ms running=0ms procState=2 ClientTransaction{ callbacks=[android.app.servertransaction.TopResumedActivityChang eItem] } historyMsgCount=60 (msgIndex=1 wall=1108ms seq=49 late=203ms h=android.view.Choreographer$FrameHandler c=android.view.Choreographer$FrameDisplayEventReceiver) (msgIndex=13 wall=163ms seq=61 late=1126ms h=android.view.Choreographer$FrameHandler c=android.view.Choreographer$FrameDisplayEventReceiver)
02-16 15:26:37.326 1380 1380 W Looper : PerfMonitor looperActivity : package=com.mbwhatsapp/.HomeActivity time=27ms latency=856ms running=0ms procState=2 ClientTransaction{ lifecycleRequest=android.app.servertransaction.ResumeActivityIte m } historyMsgCount=61 (msgIndex=1 wall=1108ms seq=49 late=203ms h=android.view.Choreographer$FrameHandler c=android.view.Choreographer$FrameDisplayEventReceiver) (msgIndex=13 wall=163ms seq=61 late=1126ms h=android.view.Choreographer$FrameHandler c=android.view.Choreographer$FrameDisplayEventReceiver)
02-16 15:26:37.441 1380 1380 E libc : Access denied finding property "ro.vendor.pref_scale_resolution"
02-16 15:26:37.450 1380 1380 E libc : Access denied finding property "ro.vendor.pref_scale_resolution"
02-16 15:26:37.451 1380 1380 E libc : Access denied finding property "ro.vendor.pref_scale_resolution"
02-16 15:26:37.456 1380 1380 E libc : Access denied finding property "ro.vendor.pref_scale_resolution"
02-16 15:26:37.520 1380 1380 E libc : Access denied finding property "ro.vendor.pref_scale_resolution"
02-16 15:26:37.529 1380 1380 E libc : Access denied finding property "ro.vendor.pref_scale_resolution"
02-16 15:26:37.536 1380 1380 E libc : Access denied finding property "ro.vendor.pref_scale_resolution"
02-16 15:26:37.540 1380 1380 E libc : Access denied finding property "ro.vendor.pref_scale_resolution"
02-16 15:26:37.550 1380 1380 E libc : Access denied finding property "ro.vendor.pref_scale_resolution"
02-16 15:26:37.579 1380 1380 E libc : Access denied finding property "ro.vendor.pref_scale_resolution"
02-16 15:26:37.601 1380 1380 E libc : Access denied finding property "ro.vendor.pref_scale_resolution"
02-16 15:26:37.677 1380 1380 E libc : Access denied finding property "ro.vendor.pref_scale_resolution"
02-16 15:26:37.682 1380 1380 E libc : Access denied finding property "ro.vendor.pref_scale_resolution"
02-16 15:26:37.685 1380 1380 E libc : Access denied finding property "ro.vendor.pref_scale_resolution"
02-16 15:26:37.689 1380 1380 E libc : Access denied finding property "ro.vendor.pref_scale_resolution"
02-16 15:26:37.746 1380 1380 E libc : Access denied finding property "ro.vendor.df.effect.conflict"
02-16 15:26:37.747 1380 1380 E libc : Access denied finding property "ro.vendor.knock.type"
02-16 15:26:38.745 1380 1380 W com.mbwhatsapp: Verification of void X.5pH.A1Z(android.os.Bundle) took 176.717ms (57340.22 bytecodes/s) (163536B approximate peak alloc)
02-16 15:26:39.119 1380 1380 E libc : Access denied finding property "ro.vendor.pref_scale_resolution"
02-16 15:26:39.143 1380 1380 E libc : Access denied finding property "ro.vendor.pref_scale_resolution"
02-16 15:26:39.155 1380 1380 E libc : Access denied finding property "ro.vendor.pref_scale_resolution"
02-16 15:26:39.171 1380 1380 E libc : Access denied finding property "ro.vendor.pref_scale_resolution"
02-16 15:26:39.179 1380 1380 E libc : Access denied finding property "ro.vendor.pref_scale_resolution"
02-16 15:26:39.196 1380 1380 E libc : Access denied finding property "ro.vendor.pref_scale_resolution"
02-16 15:26:39.200 1380 1380 E libc : Access denied finding property "ro.vendor.pref_scale_resolution"
02-16 15:26:39.207 1380 1380 E libc : Access denied finding property "ro.vendor.pref_scale_resolution"
02-16 15:26:39.213 1380 1380 E libc : Access denied finding property "ro.vendor.pref_scale_resolution"
02-16 15:26:39.227 1380 1380 E libc : Access denied finding property "ro.vendor.pref_scale_resolution"
02-16 15:26:39.235 1380 1380 E libc : Access denied finding property "ro.vendor.pref_scale_resolution"
02-16 15:26:39.241 1380 1380 E libc : Access denied finding property "ro.vendor.pref_scale_resolution"
02-16 15:26:39.249 1380 1380 E libc : Access denied finding property "ro.vendor.pref_scale_resolution"
02-16 15:26:39.263 1380 1380 E libc : Access denied finding property "ro.vendor.pref_scale_resolution"
02-16 15:26:39.266 1380 1380 E libc : Access denied finding property "ro.vendor.pref_scale_resolution"
02-16 15:26:39.270 1380 1380 E libc : Access denied finding property "ro.vendor.pref_scale_resolution"
02-16 15:26:39.273 1380 1380 E libc : Access denied finding property "ro.vendor.pref_scale_resolution"
02-16 15:26:39.281 1380 1380 E libc : Access denied finding property "ro.vendor.pref_scale_resolution"
02-16 15:26:39.294 1380 1380 E libc : Access denied finding property "ro.vendor.pref_scale_resolution"
02-16 15:26:39.333 1380 1380 E libc : Access denied finding property "ro.vendor.pref_scale_resolution"
02-16 15:26:39.339 1380 1380 E libc : Access denied finding property "ro.vendor.pref_scale_resolution"
02-16 15:26:39.353 1380 1380 E libc : Access denied finding property "ro.vendor.pref_scale_resolution"
02-16 15:26:39.380 1380 1380 E libc : Access denied finding property "ro.vendor.pref_scale_resolution"
02-16 15:26:39.432 1380 1380 E libc : Access denied finding property "ro.vendor.pref_scale_resolution"
02-16 15:26:39.438 1380 1380 E libc : Access denied finding property "ro.vendor.pref_scale_resolution"
02-16 15:26:39.441 1380 1380 E libc : Access denied finding property "ro.vendor.pref_scale_resolution"
02-16 15:26:39.448 1380 1380 E libc : Access denied finding property "ro.vendor.pref_scale_resolution"
02-16 15:26:39.477 1380 1380 E libc : Access denied finding property "ro.vendor.pref_scale_resolution"
02-16 15:26:39.482 1380 1380 E libc : Access denied finding property "ro.vendor.pref_scale_resolution"
02-16 15:26:39.486 1380 1380 E libc : Access denied finding property "ro.vendor.pref_scale_resolution"
02-16 15:26:39.503 1380 1380 E libc : Access denied finding property "ro.vendor.pref_scale_resolution"
02-16 15:26:39.523 1380 1380 E libc : Access denied finding property "ro.vendor.pref_scale_resolution"
02-16 15:26:39.543 1380 1380 W Activity: Slow Operation: Activity com.mbwhatsapp/.Conversation onCreate took 1137ms
02-16 15:26:39.527 1380 1380 E libc : Access denied finding property "ro.vendor.pref_scale_resolution"
02-16 15:26:39.648 1380 1380 E ArmVmp : Match on catch block at 0x0a in for 0xb5
02-16 15:26:39.657 1380 1380 E ArmVmp : Match on catch block at 0x0a in for 0xb5
02-16 15:26:39.674 1380 1380 E libc : Access denied finding property "ro.vendor.pref_scale_resolution"
02-16 15:26:39.677 1380 1380 E libc : Access denied finding property "ro.vendor.pref_scale_resolution"
02-16 15:26:39.682 1380 1380 E libc : Access denied finding property "ro.vendor.pref_scale_resolution"
02-16 15:26:39.686 1380 1380 W Activity: Slow Operation: Activity com.mbwhatsapp/.Conversation onStart took 140ms
02-16 15:26:39.709 1380 1380 E libc : Access denied finding property "ro.vendor.pref_scale_resolution"
02-16 15:26:39.711 1380 1380 E libc : Access denied finding property "ro.vendor.pref_scale_resolution"
02-16 15:26:39.809 1380 1380 W Looper : PerfMonitor longMsg : seq=368 plan=15:26:38.359 late=15ms wall=1433ms running=0ms h=android.app.ActivityThread$H w=159 procState=2
02-16 15:26:39.810 1380 1380 W Looper : PerfMonitor looperActivity : package=com.mbwhatsapp/.Conversation time=1ms latency=1450ms running=0ms procState=2 ClientTransaction{ callbacks=[android.app.servertransaction.TopResumedActivityChang eItem] } historyMsgCount=8 (msgIndex=1 wall=62ms seq=361 late=17ms h=android.app.ActivityThread$H w=159) (msgIndex=8 wall=1433ms seq=368 late=15ms h=android.app.ActivityThread$H w=159)
02-16 15:26:39.911 1380 1380 E libc : Access denied finding property "ro.vendor.pref_scale_resolution"
02-16 15:26:39.974 1380 1380 E libc : Access denied finding property "ro.vendor.pref_scale_resolution"
02-16 15:26:39.986 1380 1380 E libc : Access denied finding property "ro.vendor.pref_scale_resolution"
02-16 15:26:40.045 1380 1380 E libc : Access denied finding property "ro.vendor.pref_scale_resolution"
02-16 15:26:40.049 1380 1380 E libc : Access denied finding property "ro.vendor.pref_scale_resolution"
02-16 15:26:40.050 1380 1380 E libc : Access denied finding property "ro.vendor.pref_scale_resolution"
02-16 15:26:40.071 1380 1380 E libc : Access denied finding property "ro.vendor.pref_scale_resolution"
02-16 15:26:40.126 1380 1380 E libc : Access denied finding property "ro.vendor.pref_scale_resolution"
02-16 15:26:40.165 1380 1380 E libc : Access denied finding property "ro.vendor.pref_scale_resolution"
02-16 15:26:40.186 1380 1380 E libc : Access denied finding property "ro.vendor.pref_scale_resolution"
02-16 15:26:40.190 1380 1380 E libc : Access denied finding property "ro.vendor.pref_scale_resolution"
02-16 15:26:40.192 1380 1380 E libc : Access denied finding property "ro.vendor.pref_scale_resolution"
02-16 15:26:40.195 1380 1380 E libc : Access denied finding property "ro.vendor.pref_scale_resolution"
02-16 15:26:40.214 1380 1380 E libc : Access denied finding property "ro.vendor.pref_scale_resolution"
02-16 15:26:40.222 1380 1380 E libc : Access denied finding property "ro.vendor.pref_scale_resolution"
02-16 15:26:40.242 1380 1380 E libc : Access denied finding property "ro.vendor.pref_scale_resolution"
02-16 15:26:40.326 1380 2308 W BpBinder: Slow Binder: BpBinder transact took 471 ms, interface=android.app.IActivityManager, code=22 oneway=false
02-16 15:26:40.457 1380 1380 E ArmVmp : Match on catch block at 0xc3 in for 0xa5
02-16 15:26:40.464 1380 1380 E ArmVmp : Match on catch block at 0xc3 in for 0xa1
02-16 15:26:40.468 1380 1380 E ArmVmp : Match on catch block at 0xc3 in for 0xa1
02-16 15:26:40.472 1380 1380 E libc : Access denied finding property "ro.vendor.pref_scale_resolution"
02-16 15:26:40.480 1380 1380 E libc : Access denied finding property "ro.vendor.pref_scale_resolution"
02-16 15:26:40.546 1380 1380 W Looper : PerfMonitor doFrame : time=710ms vsyncFrame=0 latency=1446ms procState=2 historyMsgCount=14 (msgIndex=1 wall=1433ms seq=368 late=15ms h=android.app.ActivityThread$H w=159)
02-16 15:26:40.596 1380 1380 E libc : Access denied finding property "ro.vendor.pref_scale_resolution"
02-16 15:26:40.599 1380 1380 E libc : Access denied finding property "ro.vendor.pref_scale_resolution"
02-16 15:26:40.602 1380 1380 E libc : Access denied finding property "ro.vendor.pref_scale_resolution"
02-16 15:26:40.630 1380 1380 E ArmVmp : Match on catch block at 0xc3 in for 0x95
02-16 15:26:40.632 1380 1380 E ArmVmp : Match on catch block at 0xc3 in for 0x91
02-16 15:26:40.634 1380 1380 E ArmVmp : Match on catch block at 0xc3 in for 0x91
02-16 15:26:40.657 1380 1380 W Looper : PerfMonitor doFrame : time=35ms vsyncFrame=0 latency=778ms procState=2 historyMsgCount=70 (msgIndex=1 wall=710ms seq=382 late=1446ms h=android.view.Choreographer$FrameHandler c=android.view.Choreographer$FrameDisplayEventReceiver)
02-16 15:26:40.669 1380 1380 E libc : Access denied finding property "ro.vendor.pref_scale_resolution"
02-16 15:26:40.677 1380 1380 E libc : Access denied finding property "ro.vendor.pref_scale_resolution"
02-16 15:26:40.679 1380 1556 W LibraryVersion: Failed to get app version for libraryName: firebase-iid
02-16 15:26:40.730 1380 1380 E ArmVmp : Match on catch block at 0xc3 in for 0x95
02-16 15:26:40.733 1380 1380 E ArmVmp : Match on catch block at 0xc3 in for 0x99
02-16 15:26:40.735 1380 1380 E ArmVmp : Match on catch block at 0xc3 in for 0x99
02-16 15:26:40.742 1380 1380 E libc : Access denied finding property "ro.vendor.pref_scale_resolution"
02-16 15:26:40.827 1380 1380 E ArmVmp : Match on catch block at 0xc3 in for 0x95
02-16 15:26:40.831 1380 1380 E ArmVmp : Match on catch block at 0xc3 in for 0x99
02-16 15:26:40.834 1380 1380 E ArmVmp : Match on catch block at 0xc3 in for 0x99
02-16 15:26:40.871 1380 1380 E ArmVmp : Match on catch block at 0xc3 in for 0x99
02-16 15:26:40.874 1380 1380 E ArmVmp : Match on catch block at 0xc3 in for 0x91
02-16 15:26:40.878 1380 1380 E ArmVmp : Match on catch block at 0xc3 in for 0x91
02-16 15:26:40.902 1380 1380 E ArmVmp : Match on catch block at 0xc3 in for 0x91
02-16 15:26:40.905 1380 1380 E ArmVmp : Match on catch block at 0xc3 in for 0x95
02-16 15:26:40.908 1380 1380 E ArmVmp : Match on catch block at 0xc3 in for 0x95
02-16 15:26:40.940 1380 1380 E ArmVmp : Match on catch block at 0xc3 in for 0x99
02-16 15:26:40.943 1380 1380 E ArmVmp : Match on catch block at 0xc3 in for 0x91
02-16 15:26:40.946 1380 1380 E ArmVmp : Match on catch block at 0xc3 in for 0x91
02-16 15:26:40.969 1380 1380 E ArmVmp : Match on catch block at 0xc3 in for 0x95
02-16 15:26:40.971 1380 1380 E ArmVmp : Match on catch block at 0xc3 in for 0x99
02-16 15:26:40.974 1380 1380 E ArmVmp : Match on catch block at 0xc3 in for 0x99
02-16 15:26:40.985 1380 1380 E ArmVmp : Match on catch block at 0xc3 in for 0x91
02-16 15:26:40.990 1380 1380 E ArmVmp : Match on catch block at 0xc3 in for 0x95
02-16 15:26:40.993 1380 1380 E ArmVmp : Match on catch block at 0xc3 in for 0x95
02-16 15:26:41.002 1380 1380 E ArmVmp : Match on catch block at 0xc3 in for 0x91
02-16 15:26:41.006 1380 1380 E ArmVmp : Match on catch block at 0xc3 in for 0x95
02-16 15:26:41.009 1380 1380 E ArmVmp : Match on catch block at 0xc3 in for 0x95
02-16 15:26:41.024 1380 1380 E ArmVmp : Match on catch block at 0xc3 in for 0x95
02-16 15:26:41.027 1380 1380 E ArmVmp : Match on catch block at 0xc3 in for 0x99
02-16 15:26:41.030 1380 1380 E ArmVmp : Match on catch block at 0xc3 in for 0x99
02-16 15:26:41.200 1380 1380 E ArmVmp : Match on catch block at 0xc3 in for 0x95
02-16 15:26:41.203 1380 1380 E ArmVmp : Match on catch block at 0xc3 in for 0x99
02-16 15:26:41.207 1380 1380 E ArmVmp : Match on catch block at 0xc3 in for 0x99
02-16 15:26:41.695 1380 1380 E ArmVmp : Match on catch block at 0xc3 in for 0x91
02-16 15:26:41.700 1380 1380 E ArmVmp : Match on catch block at 0xc3 in for 0x95
02-16 15:26:41.703 1380 1380 E ArmVmp : Match on catch block at 0xc3 in for 0x95
02-16 15:26:41.996 1380 1380 E ArmVmp : Match on catch block at 0xc3 in for 0x99
02-16 15:26:41.999 1380 1380 E ArmVmp : Match on catch block at 0xc3 in for 0x91
02-16 15:26:42.001 1380 1380 E ArmVmp : Match on catch block at 0xc3 in for 0x91
02-16 15:26:42.033 1380 1679 E FrameEvents: updateAcquireFence: Did not find frame.
02-16 15:26:42.098 1380 1380 E libc : Access denied finding property "ro.vendor.pref_scale_resolution"
02-16 15:26:42.101 1380 1380 E libc : Access denied finding property "ro.vendor.pref_scale_resolution"
02-16 15:26:42.111 1380 1380 E libc : Access denied finding property "ro.vendor.pref_scale_resolution"
02-16 15:26:42.116 1380 1380 E libc : Access denied finding property "ro.vendor.pref_scale_resolution"
02-16 15:26:42.120 1380 1380 E libc : Access denied finding property "ro.vendor.pref_scale_resolution"
02-16 15:26:42.122 1380 1380 E libc : Access denied finding property "ro.vendor.pref_scale_resolution"
02-16 15:26:42.125 1380 1380 E libc : Access denied finding property "ro.vendor.pref_scale_resolution"
02-16 15:26:42.200 1380 1380 E ArmVmp : Match on catch block at 0xc3 in for 0x99
02-16 15:26:42.202 1380 1380 E ArmVmp : Match on catch block at 0xc3 in for 0x91
02-16 15:26:42.204 1380 1380 E ArmVmp : Match on catch block at 0xc3 in for 0x91
02-16 15:26:42.222 1380 1380 E libc : Access denied finding property "ro.vendor.pref_scale_resolution"
02-16 15:26:42.234 1380 1380 E libc : Access denied finding property "ro.vendor.pref_scale_resolution"
02-16 15:26:42.237 1380 1380 E libc : Access denied finding property "ro.vendor.pref_scale_resolution"
02-16 15:26:42.314 1380 1380 E ArmVmp : Match on catch block at 0xc3 in for 0x91
02-16 15:26:42.318 1380 1380 E ArmVmp : Match on catch block at 0xc3 in for 0x95
02-16 15:26:42.321 1380 1380 E ArmVmp : Match on catch block at 0xc3 in for 0x95
02-16 15:26:42.424 1380 1380 E ArmVmp : Match on catch block at 0xc3 in for 0x99
02-16 15:26:42.427 1380 1380 E ArmVmp : Match on catch block at 0xc3 in for 0x91
02-16 15:26:42.429 1380 1380 E ArmVmp : Match on catch block at 0xc3 in for 0x91
02-16 15:26:42.444 1380 1380 E ArmVmp : Match on catch block at 0xc3 in for 0x95
02-16 15:26:42.447 1380 1380 E ArmVmp : Match on catch block at 0xc3 in for 0x99
02-16 15:26:42.449 1380 1380 E ArmVmp : Match on catch block at 0xc3 in for 0x99
02-16 15:26:42.462 1380 1380 E ArmVmp : Match on catch block at 0xc3 in for 0x91
02-16 15:26:42.465 1380 1380 E ArmVmp : Match on catch block at 0xc3 in for 0x95
02-16 15:26:42.467 1380 1380 E ArmVmp : Match on catch block at 0xc3 in for 0x95
02-16 15:26:42.479 1380 1380 E ArmVmp : Match on catch block at 0xc3 in for 0x99
02-16 15:26:42.482 1380 1380 E ArmVmp : Match on catch block at 0xc3 in for 0x91
02-16 15:26:42.484 1380 1380 E ArmVmp : Match on catch block at 0xc3 in for 0x91
02-16 15:26:42.497 1380 1380 E ArmVmp : Match on catch block at 0xc3 in for 0x95
02-16 15:26:42.500 1380 1380 E ArmVmp : Match on catch block at 0xc3 in for 0x99
02-16 15:26:42.502 1380 1380 E ArmVmp : Match on catch block at 0xc3 in for 0x99
02-16 15:26:42.515 1380 1380 E ArmVmp : Match on catch block at 0xc3 in for 0x91
02-16 15:26:42.518 1380 1380 E ArmVmp : Match on catch block at 0xc3 in for 0x95
02-16 15:26:42.521 1380 1380 E ArmVmp : Match on catch block at 0xc3 in for 0x95
02-16 15:26:42.532 1380 1380 E ArmVmp : Match on catch block at 0xc3 in for 0x99
02-16 15:26:42.535 1380 1380 E ArmVmp : Match on catch block at 0xc3 in for 0x91
02-16 15:26:42.539 1380 1380 E ArmVmp : Match on catch block at 0xc3 in for 0x91
02-16 15:26:42.556 1380 1380 E ArmVmp : Match on catch block at 0xc3 in for 0x95
02-16 15:26:42.559 1380 1380 E ArmVmp : Match on catch block at 0xc3 in for 0x99
02-16 15:26:42.561 1380 1380 E ArmVmp : Match on catch block at 0xc3 in for 0x99
02-16 15:26:42.573 1380 1380 E ArmVmp : Match on catch block at 0xc3 in for 0x91
02-16 15:26:42.576 1380 1380 E ArmVmp : Match on catch block at 0xc3 in for 0x95
02-16 15:26:42.579 1380 1380 E ArmVmp : Match on catch block at 0xc3 in for 0x95
02-16 15:26:42.591 1380 1380 E ArmVmp : Match on catch block at 0xc3 in for 0x99
02-16 15:26:42.594 1380 1380 E ArmVmp : Match on catch block at 0xc3 in for 0x91
02-16 15:26:42.596 1380 1380 E ArmVmp : Match on catch block at 0xc3 in for 0x91
02-16 15:26:42.613 1380 1380 E ArmVmp : Match on catch block at 0xc3 in for 0x95
02-16 15:26:42.616 1380 1380 E ArmVmp : Match on catch block at 0xc3 in for 0x99
02-16 15:26:42.620 1380 1380 E ArmVmp : Match on catch block at 0xc3 in for 0x99
02-16 15:26:42.638 1380 1380 E ArmVmp : Match on catch block at 0xc3 in for 0x91
02-16 15:26:42.642 1380 1380 E ArmVmp : Match on catch block at 0xc3 in for 0x95
02-16 15:26:42.644 1380 1380 E ArmVmp : Match on catch block at 0xc3 in for 0x95
02-16 15:26:42.659 1380 1380 E ArmVmp : Match on catch block at 0xc3 in for 0x99
02-16 15:26:42.663 1380 1380 E ArmVmp : Match on catch block at 0xc3 in for 0x91
02-16 15:26:42.665 1380 1380 E ArmVmp : Match on catch block at 0xc3 in for 0x91
02-16 15:26:42.677 1380 1380 E ArmVmp : Match on catch block at 0xc3 in for 0x95
02-16 15:26:42.681 1380 1380 E ArmVmp : Match on catch block at 0xc3 in for 0x99
02-16 15:26:42.683 1380 1380 E ArmVmp : Match on catch block at 0xc3 in for 0x99
02-16 15:26:44.772 1380 1380 E ArmVmp : Match on catch block at 0xc3 in for 0x91
02-16 15:26:44.775 1380 1380 E ArmVmp : Match on catch block at 0xc3 in for 0x95
02-16 15:26:44.779 1380 1380 E ArmVmp : Match on catch block at 0xc3 in for 0x95
02-16 15:26:44.790 1380 1380 E ArmVmp : Match on catch block at 0xc3 in for 0x99
02-16 15:26:44.793 1380 1380 E ArmVmp : Match on catch block at 0xc3 in for 0x91
02-16 15:26:44.797 1380 1380 E ArmVmp : Match on catch block at 0xc3 in for 0x91
02-16 15:26:46.353 1380 1380 E ArmVmp : Match on catch block at 0xc3 in for 0x91
02-16 15:26:46.356 1380 1380 E ArmVmp : Match on catch block at 0xc3 in for 0x95
02-16 15:26:46.359 1380 1380 E ArmVmp : Match on catch block at 0xc3 in for 0x95
02-16 15:26:46.370 1380 1380 E ArmVmp : Match on catch block at 0xc3 in for 0x99
02-16 15:26:46.373 1380 1380 E ArmVmp : Match on catch block at 0xc3 in for 0x91
02-16 15:26:46.376 1380 1380 E ArmVmp : Match on catch block at 0xc3 in for 0x91
02-16 15:26:46.388 1380 1380 E ArmVmp : Match on catch block at 0xc3 in for 0x95
02-16 15:26:46.392 1380 1380 E ArmVmp : Match on catch block at 0xc3 in for 0x99
02-16 15:26:46.395 1380 1380 E ArmVmp : Match on catch block at 0xc3 in for 0x99
02-16 15:26:46.403 1380 1380 E ArmVmp : Match on catch block at 0xc3 in for 0x91
02-16 15:26:46.407 1380 1380 E ArmVmp : Match on catch block at 0xc3 in for 0x95
02-16 15:26:46.410 1380 1380 E ArmVmp : Match on catch block at 0xc3 in for 0x95
02-16 15:26:46.419 1380 1380 E ArmVmp : Match on catch block at 0xc3 in for 0x99
02-16 15:26:46.422 1380 1380 E ArmVmp : Match on catch block at 0xc3 in for 0x91
02-16 15:26:46.425 1380 1380 E ArmVmp : Match on catch block at 0xc3 in for 0x91
02-16 15:26:46.437 1380 1380 E ArmVmp : Match on catch block at 0xc3 in for 0x95
02-16 15:26:46.441 1380 1380 E ArmVmp : Match on catch block at 0xc3 in for 0x99
02-16 15:26:46.443 1380 1380 E ArmVmp : Match on catch block at 0xc3 in for 0x99
02-16 15:26:46.452 1380 1380 E ArmVmp : Match on catch block at 0xc3 in for 0x91
02-16 15:26:46.456 1380 1380 E ArmVmp : Match on catch block at 0xc3 in for 0x95
02-16 15:26:46.458 1380 1380 E ArmVmp : Match on catch block at 0xc3 in for 0x95
02-16 15:26:46.470 1380 1380 E ArmVmp : Match on catch block at 0xc3 in for 0x99
02-16 15:26:46.474 1380 1380 E ArmVmp : Match on catch block at 0xc3 in for 0x91
02-16 15:26:46.477 1380 1380 E ArmVmp : Match on catch block at 0xc3 in for 0x91
02-16 15:26:46.486 1380 1380 E ArmVmp : Match on catch block at 0xc3 in for 0x95
02-16 15:26:46.490 1380 1380 E ArmVmp : Match on catch block at 0xc3 in for 0x99
02-16 15:26:46.493 1380 1380 E ArmVmp : Match on catch block at 0xc3 in for 0x99
02-16 15:26:46.502 1380 1380 E ArmVmp : Match on catch block at 0xc3 in for 0x91
02-16 15:26:46.505 1380 1380 E ArmVmp : Match on catch block at 0xc3 in for 0x95
02-16 15:26:46.509 1380 1380 E ArmVmp : Match on catch block at 0xc3 in for 0x95
02-16 15:26:46.518 1380 1380 E ArmVmp : Match on catch block at 0xc3 in for 0x99
02-16 15:26:46.521 1380 1380 E ArmVmp : Match on catch block at 0xc3 in for 0x91
02-16 15:26:46.524 1380 1380 E ArmVmp : Match on catch block at 0xc3 in for 0x91
02-16 15:26:46.535 1380 1380 E ArmVmp : Match on catch block at 0xc3 in for 0x95
02-16 15:26:46.538 1380 1380 E ArmVmp : Match on catch block at 0xc3 in for 0x99
02-16 15:26:46.540 1380 1380 E ArmVmp : Match on catch block at 0xc3 in for 0x99
02-16 15:26:46.551 1380 1380 E ArmVmp : Match on catch block at 0xc3 in for 0x91
02-16 15:26:46.554 1380 1380 E ArmVmp : Match on catch block at 0xc3 in for 0x95
02-16 15:26:46.557 1380 1380 E ArmVmp : Match on catch block at 0xc3 in for 0x95
02-16 15:26:46.568 1380 1380 E ArmVmp : Match on catch block at 0xc3 in for 0x99
02-16 15:26:46.572 1380 1380 E ArmVmp : Match on catch block at 0xc3 in for 0x91
02-16 15:26:46.574 1380 1380 E ArmVmp : Match on catch block at 0xc3 in for 0x91
02-16 15:26:46.584 1380 1380 E ArmVmp : Match on catch block at 0xc3 in for 0x95
02-16 15:26:46.589 1380 1380 E ArmVmp : Match on catch block at 0xc3 in for 0x99
02-16 15:26:46.591 1380 1380 E ArmVmp : Match on catch block at 0xc3 in for 0x99
02-16 15:26:46.622 1380 1380 E libc : Access denied finding property "ro.vendor.pref_scale_resolution"
02-16 15:26:46.633 1380 1380 E ArmVmp : Match on catch block at 0xc3 in for 0x99
02-16 15:26:46.635 1380 1380 E ArmVmp : Match on catch block at 0xc3 in for 0x91
02-16 15:26:46.639 1380 1380 E ArmVmp : Match on catch block at 0xc3 in for 0x91
02-16 15:26:46.644 1380 1380 E ArmVmp : Match on catch block at 0xc3 in for 0x95
02-16 15:26:46.647 1380 1380 E ArmVmp : Match on catch block at 0xc3 in for 0x99
02-16 15:26:46.650 1380 1380 E ArmVmp : Match on catch block at 0xc3 in for 0x99
02-16 15:26:52.104 1380 1679 E FrameEvents: updateAcquireFence: Did not find frame.
02-16 15:26:52.110 1380 1380 E ArmVmp : Match on catch block at 0xc3 in for 0x95
02-16 15:26:52.112 1380 1380 E ArmVmp : Match on catch block at 0xc3 in for 0x99
02-16 15:26:52.115 1380 1380 E ArmVmp : Match on catch block at 0xc3 in for 0x99
02-16 15:26:52.121 1380 1380 E ArmVmp : Match on catch block at 0xc3 in for 0x91
02-16 15:26:52.124 1380 1380 E ArmVmp : Match on catch block at 0xc3 in for 0x95
02-16 15:26:52.127 1380 1380 E ArmVmp : Match on catch block at 0xc3 in for 0x95
02-16 15:26:52.415 1380 1380 E ArmVmp : Match on catch block at 0xc3 in for 0x99
02-16 15:26:52.418 1380 1380 E ArmVmp : Match on catch block at 0xc3 in for 0x91
02-16 15:26:52.421 1380 1380 E ArmVmp : Match on catch block at 0xc3 in for 0x91
02-16 15:26:52.437 1380 1380 E ArmVmp : Match on catch block at 0xc3 in for 0x95
02-16 15:26:52.441 1380 1380 E ArmVmp : Match on catch block at 0xc3 in for 0x99
02-16 15:26:52.443 1380 1380 E ArmVmp : Match on catch block at 0xc3 in for 0x99
02-16 15:26:52.469 1380 1380 E ArmVmp : Match on catch block at 0xc3 in for 0x91
02-16 15:26:52.473 1380 1380 E ArmVmp : Match on catch block at 0xc3 in for 0x95
02-16 15:26:52.475 1380 1380 E ArmVmp : Match on catch block at 0xc3 in for 0x95
02-16 15:26:52.614 1380 1380 E ArmVmp : Match on catch block at 0xc3 in for 0x95
02-16 15:26:52.617 1380 1380 E ArmVmp : Match on catch block at 0xc3 in for 0x99
02-16 15:26:52.619 1380 1380 E ArmVmp : Match on catch block at 0xc3 in for 0x99
02-16 15:26:52.668 1380 1380 E ArmVmp : Match on catch block at 0xc3 in for 0x95
02-16 15:26:52.670 1380 1380 E ArmVmp : Match on catch block at 0xc3 in for 0x99
02-16 15:26:52.674 1380 1380 E ArmVmp : Match on catch block at 0xc3 in for 0x99
02-16 15:26:52.682 1380 1380 E ArmVmp : Match on catch block at 0xc3 in for 0x91
02-16 15:26:52.685 1380 1380 E ArmVmp : Match on catch block at 0xc3 in for 0x95
02-16 15:26:52.687 1380 1380 E ArmVmp : Match on catch block at 0xc3 in for 0x95
02-16 15:26:52.813 1380 1380 E ArmVmp : Match on catch block at 0xc3 in for 0x99
02-16 15:26:52.815 1380 1380 E ArmVmp : Match on catch block at 0xc3 in for 0x91
02-16 15:26:52.828 1380 1380 E ArmVmp : Match on catch block at 0xc3 in for 0x91
02-16 15:26:52.831 1380 1380 E ArmVmp : Match on catch block at 0xc3 in for 0x95
02-16 15:26:52.845 1380 1380 E ArmVmp : Match on catch block at 0xc3 in for 0x95
02-16 15:26:52.848 1380 1380 E ArmVmp : Match on catch block at 0xc3 in for 0x99
02-16 15:26:52.850 1380 1380 E ArmVmp : Match on catch block at 0xc3 in for 0x99
02-16 15:26:52.862 1380 1380 E ArmVmp : Match on catch block at 0xc3 in for 0x99
02-16 15:26:52.864 1380 1380 E ArmVmp : Match on catch block at 0xc3 in for 0x91
02-16 15:26:52.878 1380 1380 E ArmVmp : Match on catch block at 0xc3 in for 0x91
02-16 15:26:52.880 1380 1380 E ArmVmp : Match on catch block at 0xc3 in for 0x95
02-16 15:26:52.894 1380 1380 E ArmVmp : Match on catch block at 0xc3 in for 0x95
02-16 15:26:52.897 1380 1380 E ArmVmp : Match on catch block at 0xc3 in for 0x99
02-16 15:26:52.899 1380 1380 E ArmVmp : Match on catch block at 0xc3 in for 0x99
02-16 15:26:52.911 1380 1380 E ArmVmp : Match on catch block at 0xc3 in for 0x99
02-16 15:26:52.913 1380 1380 E ArmVmp : Match on catch block at 0xc3 in for 0x91
02-16 15:26:52.928 1380 1380 E ArmVmp : Match on catch block at 0xc3 in for 0x91
02-16 15:26:52.930 1380 1380 E ArmVmp : Match on catch block at 0xc3 in for 0x95
02-16 15:26:52.944 1380 1380 E ArmVmp : Match on catch block at 0xc3 in for 0x95
02-16 15:26:52.946 1380 1380 E ArmVmp : Match on catch block at 0xc3 in for 0x99
02-16 15:26:52.948 1380 1380 E ArmVmp : Match on catch block at 0xc3 in for 0x99
02-16 15:26:52.960 1380 1380 E ArmVmp : Match on catch block at 0xc3 in for 0x99
02-16 15:26:52.962 1380 1380 E ArmVmp : Match on catch block at 0xc3 in for 0x91
02-16 15:26:52.977 1380 1380 E ArmVmp : Match on catch block at 0xc3 in for 0x91
02-16 15:26:52.979 1380 1380 E ArmVmp : Match on catch block at 0xc3 in for 0x95
02-16 15:26:52.993 1380 1380 E ArmVmp : Match on catch block at 0xc3 in for 0x95
02-16 15:26:52.996 1380 1380 E ArmVmp : Match on catch block at 0xc3 in for 0x99
02-16 15:26:53.010 1380 1380 E ArmVmp : Match on catch block at 0xc3 in for 0x99
02-16 15:26:53.012 1380 1380 E ArmVmp : Match on catch block at 0xc3 in for 0x91
02-16 15:26:53.027 1380 1380 E ArmVmp : Match on catch block at 0xc3 in for 0x91
02-16 15:26:53.029 1380 1380 E ArmVmp : Match on catch block at 0xc3 in for 0x95
02-16 15:26:53.043 1380 1380 E ArmVmp : Match on catch block at 0xc3 in for 0x95
02-16 15:26:53.045 1380 1380 E ArmVmp : Match on catch block at 0xc3 in for 0x99
02-16 15:26:53.060 1380 1380 E ArmVmp : Match on catch block at 0xc3 in for 0x99
02-16 15:26:53.062 1380 1380 E ArmVmp : Match on catch block at 0xc3 in for 0x91
02-16 15:26:53.076 1380 1380 E ArmVmp : Match on catch block at 0xc3 in for 0x91
02-16 15:26:53.079 1380 1380 E ArmVmp : Match on catch block at 0xc3 in for 0x95
02-16 15:26:53.093 1380 1380 E ArmVmp : Match on catch block at 0xc3 in for 0x95
02-16 15:26:53.095 1380 1380 E ArmVmp : Match on catch block at 0xc3 in for 0x99
02-16 15:26:53.109 1380 1380 E ArmVmp : Match on catch block at 0xc3 in for 0x99
02-16 15:26:53.111 1380 1380 E ArmVmp : Match on catch block at 0xc3 in for 0x91
02-16 15:26:53.126 1380 1380 E ArmVmp : Match on catch block at 0xc3 in for 0x91
02-16 15:26:53.128 1380 1380 E ArmVmp : Match on catch block at 0xc3 in for 0x95
02-16 15:26:53.142 1380 1380 E ArmVmp : Match on catch block at 0xc3 in for 0x95
02-16 15:26:53.144 1380 1380 E ArmVmp : Match on catch block at 0xc3 in for 0x99
02-16 15:26:53.146 1380 1380 E ArmVmp : Match on catch block at 0xc3 in for 0x99
02-16 15:26:53.159 1380 1380 E ArmVmp : Match on catch block at 0xc3 in for 0x99
02-16 15:26:53.161 1380 1380 E ArmVmp : Match on catch block at 0xc3 in for 0x91
02-16 15:26:53.175 1380 1380 E ArmVmp : Match on catch block at 0xc3 in for 0x91
02-16 15:26:53.177 1380 1380 E ArmVmp : Match on catch block at 0xc3 in for 0x95
02-16 15:26:53.192 1380 1380 E ArmVmp : Match on catch block at 0xc3 in for 0x95
02-16 15:26:53.194 1380 1380 E ArmVmp : Match on catch block at 0xc3 in for 0x99
02-16 15:26:53.208 1380 1380 E ArmVmp : Match on catch block at 0xc3 in for 0x99
02-16 15:26:53.210 1380 1380 E ArmVmp : Match on catch block at 0xc3 in for 0x91
02-16 15:26:53.225 1380 1380 E ArmVmp : Match on catch block at 0xc3 in for 0x91
02-16 15:26:53.227 1380 1380 E ArmVmp : Match on catch block at 0xc3 in for 0x95
02-16 15:26:53.241 1380 1380 E ArmVmp : Match on catch block at 0xc3 in for 0x95
02-16 15:26:53.243 1380 1380 E ArmVmp : Match on catch block at 0xc3 in for 0x99
02-16 15:26:53.258 1380 1380 E ArmVmp : Match on catch block at 0xc3 in for 0x99
02-16 15:26:53.262 1380 1380 E ArmVmp : Match on catch block at 0xc3 in for 0x91
02-16 15:26:53.274 1380 1380 E ArmVmp : Match on catch block at 0xc3 in for 0x91
02-16 15:26:53.278 1380 1380 E ArmVmp : Match on catch block at 0xc3 in for 0x95
02-16 15:26:53.280 1380 1380 E ArmVmp : Match on catch block at 0xc3 in for 0x95
02-16 15:26:53.653 1380 1380 E ArmVmp : Match on catch block at 0xc3 in for 0x95
02-16 15:26:53.655 1380 1380 E ArmVmp : Match on catch block at 0xc3 in for 0x99
02-16 15:26:53.657 1380 1380 E ArmVmp : Match on catch block at 0xc3 in for 0x99
02-16 15:26:53.885 1380 1380 E ArmVmp : Match on catch block at 0xc3 in for 0x91
02-16 15:26:53.887 1380 1380 E ArmVmp : Match on catch block at 0xc3 in for 0x95
02-16 15:26:53.889 1380 1380 E ArmVmp : Match on catch block at 0xc3 in for 0x95
02-16 15:26:53.933 1380 1380 E ArmVmp : Match on catch block at 0xc3 in for 0x99
02-16 15:26:53.936 1380 1380 E ArmVmp : Match on catch block at 0xc3 in for 0x91
02-16 15:26:53.938 1380 1380 E ArmVmp : Match on catch block at 0xc3 in for 0x91
02-16 15:26:53.951 1380 1380 E ArmVmp : Match on catch block at 0xc3 in for 0x99
02-16 15:26:53.953 1380 1380 E ArmVmp : Match on catch block at 0xc3 in for 0x91
02-16 15:26:53.955 1380 1380 E ArmVmp : Match on catch block at 0xc3 in for 0x91
02-16 15:26:53.967 1380 1380 E ArmVmp : Match on catch block at 0xc3 in for 0x99
02-16 15:26:53.969 1380 1380 E ArmVmp : Match on catch block at 0xc3 in for 0x91
02-16 15:26:53.972 1380 1380 E ArmVmp : Match on catch block at 0xc3 in for 0x91
02-16 15:26:53.984 1380 1380 E ArmVmp : Match on catch block at 0xc3 in for 0x99
02-16 15:26:53.986 1380 1380 E ArmVmp : Match on catch block at 0xc3 in for 0x91
02-16 15:26:53.988 1380 1380 E ArmVmp : Match on catch block at 0xc3 in for 0x91
02-16 15:26:54.000 1380 1380 E ArmVmp : Match on catch block at 0xc3 in for 0x99
02-16 15:26:54.002 1380 1380 E ArmVmp : Match on catch block at 0xc3 in for 0x91
02-16 15:26:54.004 1380 1380 E ArmVmp : Match on catch block at 0xc3 in for 0x91
02-16 15:26:54.016 1380 1380 E ArmVmp : Match on catch block at 0xc3 in for 0x99
02-16 15:26:54.019 1380 1380 E ArmVmp : Match on catch block at 0xc3 in for 0x91
02-16 15:26:54.021 1380 1380 E ArmVmp : Match on catch block at 0xc3 in for 0x91
02-16 15:26:54.033 1380 1380 E ArmVmp : Match on catch block at 0xc3 in for 0x99
02-16 15:26:54.036 1380 1380 E ArmVmp : Match on catch block at 0xc3 in for 0x91
02-16 15:26:54.038 1380 1380 E ArmVmp : Match on catch block at 0xc3 in for 0x91
02-16 15:26:54.050 1380 1380 E ArmVmp : Match on catch block at 0xc3 in for 0x99
02-16 15:26:54.052 1380 1380 E ArmVmp : Match on catch block at 0xc3 in for 0x91
02-16 15:26:54.055 1380 1380 E ArmVmp : Match on catch block at 0xc3 in for 0x91
02-16 15:26:54.066 1380 1380 E ArmVmp : Match on catch block at 0xc3 in for 0x99
02-16 15:26:54.069 1380 1380 E ArmVmp : Match on catch block at 0xc3 in for 0x91
02-16 15:26:54.072 1380 1380 E ArmVmp : Match on catch block at 0xc3 in for 0x91
02-16 15:26:54.082 1380 1380 E ArmVmp : Match on catch block at 0xc3 in for 0x99
02-16 15:26:54.085 1380 1380 E ArmVmp : Match on catch block at 0xc3 in for 0x91
02-16 15:26:54.087 1380 1380 E ArmVmp : Match on catch block at 0xc3 in for 0x91
02-16 15:26:54.099 1380 1380 E ArmVmp : Match on catch block at 0xc3 in for 0x99
02-16 15:26:54.103 1380 1380 E ArmVmp : Match on catch block at 0xc3 in for 0x91
02-16 15:26:54.105 1380 1380 E ArmVmp : Match on catch block at 0xc3 in for 0x91
02-16 15:26:54.116 1380 1380 E ArmVmp : Match on catch block at 0xc3 in for 0x99
02-16 15:26:54.119 1380 1380 E ArmVmp : Match on catch block at 0xc3 in for 0x91
02-16 15:26:54.122 1380 1380 E ArmVmp : Match on catch block at 0xc3 in for 0x91
02-16 15:26:54.132 1380 1380 E ArmVmp : Match on catch block at 0xc3 in for 0x99
02-16 15:26:54.135 1380 1380 E ArmVmp : Match on catch block at 0xc3 in for 0x91
02-16 15:26:54.149 1380 1380 E ArmVmp : Match on catch block at 0xc3 in for 0x91
02-16 15:26:54.151 1380 1380 E ArmVmp : Match on catch block at 0xc3 in for 0x95
02-16 15:26:54.154 1380 1380 E ArmVmp : Match on catch block at 0xc3 in for 0x95
02-16 15:26:54.231 1380 1380 E ArmVmp : Match on catch block at 0xc3 in for 0x99
02-16 15:26:54.234 1380 1380 E ArmVmp : Match on catch block at 0xc3 in for 0x91
02-16 15:26:54.236 1380 1380 E ArmVmp : Match on catch block at 0xc3 in for 0x91
02-16 15:26:54.248 1380 1380 E ArmVmp : Match on catch block at 0xc3 in for 0x95
02-16 15:26:54.251 1380 1380 E ArmVmp : Match on catch block at 0xc3 in for 0x99
02-16 15:26:54.254 1380 1380 E ArmVmp : Match on catch block at 0xc3 in for 0x99
02-16 15:26:54.264 1380 1380 E ArmVmp : Match on catch block at 0xc3 in for 0x91
02-16 15:26:54.267 1380 1380 E ArmVmp : Match on catch block at 0xc3 in for 0x95
02-16 15:26:54.269 1380 1380 E ArmVmp : Match on catch block at 0xc3 in for 0x95
02-16 15:26:54.280 1380 1380 E ArmVmp : Match on catch block at 0xc3 in for 0x99
02-16 15:26:54.283 1380 1380 E ArmVmp : Match on catch block at 0xc3 in for 0x91
02-16 15:26:54.285 1380 1380 E ArmVmp : Match on catch block at 0xc3 in for 0x91
02-16 15:26:54.297 1380 1380 E ArmVmp : Match on catch block at 0xc3 in for 0x95
02-16 15:26:54.302 1380 1380 E ArmVmp : Match on catch block at 0xc3 in for 0x99
02-16 15:26:54.304 1380 1380 E ArmVmp : Match on catch block at 0xc3 in for 0x99
02-16 15:26:54.314 1380 1380 E ArmVmp : Match on catch block at 0xc3 in for 0x91
02-16 15:26:54.319 1380 1380 E ArmVmp : Match on catch block at 0xc3 in for 0x95
02-16 15:26:54.321 1380 1380 E ArmVmp : Match on catch block at 0xc3 in for 0x95
02-16 15:26:54.331 1380 1380 E ArmVmp : Match on catch block at 0xc3 in for 0x99
02-16 15:26:54.335 1380 1380 E ArmVmp : Match on catch block at 0xc3 in for 0x91
02-16 15:26:54.339 1380 1380 E ArmVmp : Match on catch block at 0xc3 in for 0x91
02-16 15:26:54.348 1380 1380 E ArmVmp : Match on catch block at 0xc3 in for 0x95
02-16 15:26:54.352 1380 1380 E ArmVmp : Match on catch block at 0xc3 in for 0x99
02-16 15:26:54.355 1380 1380 E ArmVmp : Match on catch block at 0xc3 in for 0x99
02-16 15:26:54.364 1380 1380 E ArmVmp : Match on catch block at 0xc3 in for 0x91
02-16 15:26:54.369 1380 1380 E ArmVmp : Match on catch block at 0xc3 in for 0x95
02-16 15:26:54.372 1380 1380 E ArmVmp : Match on catch block at 0xc3 in for 0x95
