02-16 05:41:43.753 5575 5646 E libc : Access denied finding property "ro.vendor.pref_scale_resolution"
02-16 05:41:44.116 5575 5575 W com.mbwhatsapp: Accessing hidden method Lcom/android/org/conscrypt/OpenSSLSocketImpl;->setUseSessionTickets(Z)V (greylist- max-q,test-api, reflection, denied)
02-16 05:41:44.117 5575 5575 W com.mbwhatsapp: Accessing hidden method Lcom/android/org/conscrypt/AbstractConscryptSocket;->setUseSessionTickets(Z)V (greylist-max-q, reflection, denied)
02-16 05:41:44.224 5575 5575 W com.mbwhatsapp: type=1400 audit(0.0:35299): avc: granted { execute } for path="/data/data/com.mbwhatsapp/files/decompressed/libs.spk.zst/libc++_shared.so" dev="mmcblk0p41" ino=408662 scontext=u:r:untrusted_app:s0:c238,c257,c512,c768 tcontext=u:object_r:app_data_file:s0:c238,c257,c512,c768 tclass=file app=com.mbwhatsapp
02-16 05:41:44.228 5575 5575 W com.mbwhatsapp: type=1400 audit(0.0:35300): avc: granted { execute } for path="/data/data/com.mbwhatsapp/files/decompressed/libs.spk.zst/libvlc.so" dev="mmcblk0p41" ino=508967 scontext=u:r:untrusted_app:s0:c238,c257,c512,c768 tcontext=u:object_r:app_data_file:s0:c238,c257,c512,c768 tclass=file app=com.mbwhatsapp
02-16 05:41:44.244 5575 5575 W com.mbwhatsapp: type=1400 audit(0.0:35301): avc: granted { execute } for path="/data/data/com.mbwhatsapp/files/decompressed/libs.spk.zst/libwhatsapp.so" dev="mmcblk0p41" ino=544419 scontext=u:r:untrusted_app:s0:c238,c257,c512,c768 tcontext=u:object_r:app_data_file:s0:c238,c257,c512,c768 tclass=file app=com.mbwhatsapp
02-16 05:41:44.288 5575 5575 W com.mbwhatsapp: type=1400 audit(0.0:35302): avc: granted { execute } for path="/data/data/com.mbwhatsapp/files/decompressed/libs.spk.zst/libcurve25519.so" dev="mmcblk0p41" ino=499931 scontext=u:r:untrusted_app:s0:c238,c257,c512,c768 tcontext=u:object_r:app_data_file:s0:c238,c257,c512,c768 tclass=file app=com.mbwhatsapp --------- beginning of system
02-16 05:41:44.509 5575 5575 W Looper : PerfMonitor longMsg : seq=2 plan=05:41:43.229 late=5ms wall=1261ms running=0ms h=android.app.ActivityThread$H w=110 procState=8
02-16 05:41:44.523 5575 5720 W com.mbwhatsapp: Class X.2rL failed lock verification and will run slower.
02-16 05:41:44.523 5575 5720 W com.mbwhatsapp: Common causes for lock verification issues are non-optimized dex code
02-16 05:41:44.523 5575 5720 W com.mbwhatsapp: and incorrect proguard optimizations.
02-16 05:41:44.775 5575 5575 E libc : Access denied finding property "ro.vendor.df.effect.conflict"
02-16 05:41:44.776 5575 5575 E libc : Access denied finding property "ro.vendor.knock.type" --------- beginning of main
02-16 07:49:53.629 7248 7248 E com.mbwhatsapp: Not starting debugger since process cannot load the jdwp agent.
02-16 07:49:53.807 7248 7248 W ResourceType: CREATING STRING CACHE OF 96 bytes
02-16 07:49:53.885 7248 7248 W System.err: java.lang.ClassNotFoundException: mbmodsd.mbmodsw.ui.views.btn.BtnBK
02-16 07:49:53.886 7248 7248 W System.err: at java.lang.Runtime.nativeLoad(Native Method)
02-16 07:49:53.886 7248 7248 W System.err: at java.lang.Runtime.nativeLoad(Runtime.java:1131)
02-16 07:49:53.886 7248 7248 W System.err: at java.lang.Runtime.loadLibrary0(Runtime.java:1085)
02-16 07:49:53.886 7248 7248 W System.err: at java.lang.Runtime.loadLibrary0(Runtime.java:1008)
02-16 07:49:53.887 7248 7248 W System.err: at java.lang.System.loadLibrary(System.java:1664)
02-16 07:49:53.887 7248 7248 W System.err: at arm.EpicVm.<clinit>(Unknown Source:2)
02-16 07:49:53.887 7248 7248 W System.err: at java.lang.Class.newInstance(Native Method)
02-16 07:49:53.887 7248 7248 W System.err: at android.app.AppComponentFactory.instantiateApplication(AppComponentFactory.java:76)
02-16 07:49:53.887 7248 7248 W System.err: at androidx.core.app.CoreComponentFactory.instantiateApplication(Unknown Source:0)
02-16 07:49:53.887 7248 7248 W System.err: at android.app.Instrumentation.newApplication(Instrumentation.java:1157)
02-16 07:49:53.887 7248 7248 W System.err: at android.app.LoadedApk.makeApplication(LoadedApk.java:1248)
02-16 07:49:53.887 7248 7248 W System.err: at android.app.ActivityThread.handleBindApplication(ActivityThread.java:6865)
02-16 07:49:53.887 7248 7248 W System.err: at android.app.ActivityThread.access$1600(ActivityThread.java:250)
02-16 07:49:53.887 7248 7248 W System.err: at android.app.ActivityThread$H.handleMessage(ActivityThread.java:2008)
02-16 07:49:53.887 7248 7248 W System.err: at android.os.Handler.dispatchMessage(Handler.java:106)
02-16 07:49:53.887 7248 7248 W System.err: at android.os.Looper.loop(Looper.java:236)
02-16 07:49:53.887 7248 7248 W System.err: at android.app.ActivityThread.main(ActivityThread.java:7912)
02-16 07:49:53.887 7248 7248 W System.err: at java.lang.reflect.Method.invoke(Native Method)
02-16 07:49:53.887 7248 7248 W System.err: at com.android.internal.os.RuntimeInit$MethodAndArgsCaller.run(RuntimeInit.java:620)
02-16 07:49:53.887 7248 7248 W System.err: at com.android.internal.os.ZygoteInit.main(ZygoteInit.java:1011)
02-16 07:49:54.094 7248 7248 E CustomActivityOnCrash: IMPORTANT WARNING! You already have an UncaughtExceptionHandler, are you sure this is correct? If you use a custom UncaughtExceptionHandler, you must initialize it AFTER CustomActivityOnCrash! Installing anyway, but your original handler will not be called.
02-16 07:49:54.098 7248 7366 E ion : ioctl c0044901 failed with code -1: Invalid argument
02-16 07:49:54.114 7248 7366 E libc : Access denied finding property "ro.vendor.pref_scale_resolution"
02-16 07:49:54.127 7248 7366 E libc : Access denied finding property "ro.vendor.pref_scale_resolution"
02-16 07:49:54.144 7248 7366 E libc : Access denied finding property "ro.vendor.pref_scale_resolution"
02-16 07:49:54.159 7248 7366 E libc : Access denied finding property "ro.vendor.pref_scale_resolution"
02-16 07:49:54.165 7248 7366 E libc : Access denied finding property "ro.vendor.pref_scale_resolution"
02-16 07:49:54.259 7248 7366 E libc : Access denied finding property "ro.vendor.pref_scale_resolution"
02-16 07:49:54.541 7248 7248 W com.mbwhatsapp: Accessing hidden method Lcom/android/org/conscrypt/OpenSSLSocketImpl;->setUseSessionTickets(Z)V (greylist- max-q,test-api, reflection, denied)
02-16 07:49:54.542 7248 7248 W com.mbwhatsapp: Accessing hidden method Lcom/android/org/conscrypt/AbstractConscryptSocket;->setUseSessionTickets(Z)V (greylist-max-q, reflection, denied)
02-16 07:49:54.743 7248 7248 W com.mbwhatsapp: type=1400 audit(0.0:35589): avc: granted { execute } for path="/data/data/com.mbwhatsapp/files/decompressed/libs.spk.zst/libc++_shared.so" dev="mmcblk0p41" ino=408662 scontext=u:r:untrusted_app:s0:c238,c257,c512,c768 tcontext=u:object_r:app_data_file:s0:c238,c257,c512,c768 tclass=file app=com.mbwhatsapp
02-16 07:49:54.751 7248 7248 W com.mbwhatsapp: type=1400 audit(0.0:35590): avc: granted { execute } for path="/data/data/com.mbwhatsapp/files/decompressed/libs.spk.zst/libvlc.so" dev="mmcblk0p41" ino=508967 scontext=u:r:untrusted_app:s0:c238,c257,c512,c768 tcontext=u:object_r:app_data_file:s0:c238,c257,c512,c768 tclass=file app=com.mbwhatsapp
02-16 07:49:54.767 7248 7248 W com.mbwhatsapp: type=1400 audit(0.0:35591): avc: granted { execute } for path="/data/data/com.mbwhatsapp/files/decompressed/libs.spk.zst/libwhatsapp.so" dev="mmcblk0p41" ino=544419 scontext=u:r:untrusted_app:s0:c238,c257,c512,c768 tcontext=u:object_r:app_data_file:s0:c238,c257,c512,c768 tclass=file app=com.mbwhatsapp
02-16 07:49:55.333 7248 7555 W com.mbwhatsapp: Class X.2rL failed lock verification and will run slower.
02-16 07:49:55.333 7248 7555 W com.mbwhatsapp: Common causes for lock verification issues are non-optimized dex code
02-16 07:49:55.333 7248 7555 W com.mbwhatsapp: and incorrect proguard optimizations. --------- beginning of system
02-16 07:49:55.342 7248 7248 W Looper : PerfMonitor longMsg : seq=2 plan=07:49:53.698 late=19ms wall=1623ms running=0ms h=android.app.ActivityThread$H w=110 procState=2
02-16 07:49:55.409 7248 7248 W com.mbwhatsapp: Class X.0eU failed lock verification and will run slower.
02-16 07:49:55.467 7248 7248 E libc : Access denied finding property "ro.vendor.pref_scale_resolution"
02-16 07:49:55.579 7248 7248 E libc : Access denied finding property "ro.vendor.pref_scale_resolution"
02-16 07:49:55.790 7248 7248 W Looper : PerfMonitor looperActivity : package=com.mbwhatsapp/.Icon0 time=446ms latency=1641ms running=0ms procState=2 ClientTransaction{ callbacks=[android.app.servertransaction.LaunchActivityItem] lifecycleRequest=android.app.servertransaction.ResumeActivityItem } historyMsgCount=2 (msgIndex=2 wall=1623ms seq=2 late=19ms h=android.app.ActivityThread$H w=110)
02-16 07:49:55.791 7248 7248 W Looper : PerfMonitor looperActivity : package=com.mbwhatsapp/.Icon0 time=0ms latency=2089ms running=0ms procState=2 ClientTransaction{ callbacks=[android.app.servertransaction.TopResumedActivityChang eItem] } historyMsgCount=3 (msgIndex=2 wall=1623ms seq=2 late=19ms h=android.app.ActivityThread$H w=110) (msgIndex=3 wall=446ms seq=3 late=1641ms h=android.app.ActivityThread$H w=159)
02-16 07:49:56.049 7248 7248 W com.mbwhatsapp: Class com.mbwhatsapp.HomeActivity failed lock verification and will run slower.
02-16 07:49:56.073 7248 7366 E libc : Access denied finding property "ro.vendor.df.effect.conflict"
02-16 07:49:56.073 7248 7366 E libc : Access denied finding property "ro.vendor.knock.type"
02-16 07:49:56.257 7248 7248 E libc : Access denied finding property "ro.vendor.pref_scale_resolution"
02-16 07:49:56.285 7248 7248 E libc : Access denied finding property "ro.vendor.pref_scale_resolution"
02-16 07:49:56.320 7248 7248 E libc : Access denied finding property "ro.vendor.pref_scale_resolution"
02-16 07:49:56.325 7248 7248 E libc : Access denied finding property "ro.vendor.pref_scale_resolution"
02-16 07:49:56.327 7248 7248 E libc : Access denied finding property "ro.vendor.pref_scale_resolution"
02-16 07:49:56.332 7248 7248 E libc : Access denied finding property "ro.vendor.pref_scale_resolution"
02-16 07:49:56.344 7248 7248 E libc : Access denied finding property "ro.vendor.pref_scale_resolution"
02-16 07:49:56.350 7248 7248 E libc : Access denied finding property "ro.vendor.pref_scale_resolution"
02-16 07:49:56.362 7248 7248 E libc : Access denied finding property "ro.vendor.pref_scale_resolution"
02-16 07:49:56.364 7248 7248 E libc : Access denied finding property "ro.vendor.pref_scale_resolution"
02-16 07:49:56.410 7248 7248 E libc : Access denied finding property "ro.vendor.pref_scale_resolution"
02-16 07:49:56.438 7248 7248 E libc : Access denied finding property "ro.vendor.pref_scale_resolution"
02-16 07:49:56.450 7248 7248 E libc : Access denied finding property "ro.vendor.pref_scale_resolution"
02-16 07:49:56.477 7248 7248 E libc : Access denied finding property "ro.vendor.pref_scale_resolution"
02-16 07:49:56.503 7248 7248 E libc : Access denied finding property "ro.vendor.pref_scale_resolution"
02-16 07:49:56.514 7248 7248 E libc : Access denied finding property "ro.vendor.pref_scale_resolution"
02-16 07:49:56.586 7248 7248 E libc : Access denied finding property "ro.vendor.pref_scale_resolution"
02-16 07:49:56.587 7248 7248 E libc : Access denied finding property "ro.vendor.pref_scale_resolution"
02-16 07:49:56.589 7248 7248 E libc : Access denied finding property "ro.vendor.pref_scale_resolution"
02-16 07:49:56.606 7248 7248 E libc : Access denied finding property "ro.vendor.pref_scale_resolution"
02-16 07:49:56.627 7248 7248 E libc : Access denied finding property "ro.vendor.pref_scale_resolution"
02-16 07:49:56.721 7248 7248 E libc : Access denied finding property "ro.vendor.pref_scale_resolution"
02-16 07:49:56.726 7248 7248 E libc : Access denied finding property "ro.vendor.pref_scale_resolution"
02-16 07:49:56.733 7248 7248 E libc : Access denied finding property "ro.vendor.pref_scale_resolution"
02-16 07:49:56.782 7248 7248 E libc : Access denied finding property "ro.vendor.pref_scale_resolution"
02-16 07:49:56.813 7248 7248 E libc : Access denied finding property "ro.vendor.pref_scale_resolution"
02-16 07:49:56.839 7248 7248 E libc : Access denied finding property "ro.vendor.pref_scale_resolution"
02-16 07:49:56.859 7248 7248 E libc : Access denied finding property "ro.vendor.pref_scale_resolution"
02-16 07:49:56.876 7248 7248 E libc : Access denied finding property "ro.vendor.pref_scale_resolution"
02-16 07:49:56.888 7248 7248 E libc : Access denied finding property "ro.vendor.pref_scale_resolution"
02-16 07:49:56.909 7248 7248 E libc : Access denied finding property "ro.vendor.pref_scale_resolution"
02-16 07:49:56.922 7248 7248 E libc : Access denied finding property "ro.vendor.pref_scale_resolution"
02-16 07:49:56.996 7248 7248 E libc : Access denied finding property "ro.vendor.pref_scale_resolution"
02-16 07:49:57.009 7248 7248 E libc : Access denied finding property "ro.vendor.pref_scale_resolution"
02-16 07:49:57.022 7248 7248 E libc : Access denied finding property "ro.vendor.pref_scale_resolution"
02-16 07:49:57.028 7248 7248 E libc : Access denied finding property "ro.vendor.pref_scale_resolution"
02-16 07:49:57.037 7248 7248 E libc : Access denied finding property "ro.vendor.pref_scale_resolution"
02-16 07:49:57.082 7248 7609 W BpBinder: Slow Binder: BpBinder transact took 1188 ms, interface=android.app.IActivityManager, code=22 oneway=false
02-16 07:49:57.120 7248 7248 E libc : Access denied finding property "ro.vendor.pref_scale_resolution"
02-16 07:49:57.176 7248 7248 E ArmVmp : Match on catch block at 0x0a in for 0xb5
02-16 07:49:57.258 7248 7248 E libc : Access denied finding property "ro.vendor.pref_scale_resolution"
02-16 07:49:57.264 7248 7248 E ArmVmp : Match on catch block at 0x0a in for 0x125
02-16 07:49:57.388 7248 7762 W com.mbwhatsapp: Accessing hidden method Lcom/android/org/conscrypt/ConscryptEngineSocket;->setUseSessionTickets(Z)V (greylist-max-q,test-api, reflection, denied)
02-16 07:49:57.388 7248 7762 W com.mbwhatsapp: Accessing hidden method Lcom/android/org/conscrypt/OpenSSLSocketImpl;->setUseSessionTickets(Z)V (greylist- max-q,test-api, reflection, denied)
02-16 07:49:57.388 7248 7762 W com.mbwhatsapp: Accessing hidden method Lcom/android/org/conscrypt/AbstractConscryptSocket;->setUseSessionTickets(Z)V (greylist-max-q, reflection, denied)
02-16 07:49:57.389 7248 7762 W com.mbwhatsapp: Accessing hidden method Lcom/android/org/conscrypt/ConscryptEngineSocket;->setHostname(Ljava/lang/String;)V (greylist-max-q,test-api, reflection, denied)
02-16 07:49:57.389 7248 7762 W com.mbwhatsapp: Accessing hidden method Lcom/android/org/conscrypt/OpenSSLSocketImpl;->setHostname(Ljava/lang/String;)V (greylist-max-q,test-api, reflection, denied)
02-16 07:49:57.389 7248 7762 W com.mbwhatsapp: Accessing hidden method Lcom/android/org/conscrypt/AbstractConscryptSocket;->setHostname(Ljava/lang/ String;)V (greylist-max-q, reflection, denied)
02-16 07:49:57.389 7248 7762 W com.mbwhatsapp: Accessing hidden method Lcom/android/org/conscrypt/OpenSSLSocketImpl;->setAlpnProtocols([B)V (greylist-max- q,test-api, reflection, denied)
02-16 07:49:57.389 7248 7762 W com.mbwhatsapp: Accessing hidden method Lcom/android/org/conscrypt/AbstractConscryptSocket;->setAlpnProtocols([B)V (greylist-max-q, reflection, denied)
02-16 07:49:57.583 7248 7248 W BpBinder: Slow Binder: BpBinder transact took 220 ms, interface=android.app.IActivityTaskManager, code=1 oneway=false
02-16 07:49:57.614 7248 7248 E libc : Access denied finding property "ro.vendor.pref_scale_resolution"
02-16 07:49:57.689 7248 7248 E libc : Access denied finding property "ro.vendor.pref_scale_resolution"
02-16 07:49:57.702 7248 7248 E libc : Access denied finding property "ro.vendor.pref_scale_resolution"
02-16 07:49:57.710 7248 7248 E libc : Access denied finding property "ro.vendor.pref_scale_resolution"
02-16 07:49:57.711 7248 7248 E libc : Access denied finding property "ro.vendor.pref_scale_resolution"
02-16 07:49:57.747 7248 7248 E libc : Access denied finding property "ro.vendor.pref_scale_resolution"
02-16 07:49:57.750 7248 7248 E libc : Access denied finding property "ro.vendor.pref_scale_resolution"
02-16 07:49:57.750 7248 7248 E libc : Access denied finding property "ro.vendor.pref_scale_resolution"
02-16 07:49:57.766 7248 7762 W com.mbwhatsapp: Accessing hidden method Lcom/android/org/conscrypt/OpenSSLSocketImpl;->getAlpnSelectedProtocol()[B (greylist-max-q,test-api, reflection, denied)
02-16 07:49:57.767 7248 7762 W com.mbwhatsapp: Accessing hidden method Lcom/android/org/conscrypt/AbstractConscryptSocket;->getAlpnSelectedProtocol()[B (greylist-max-q, reflection, denied)
02-16 07:49:57.778 7248 7248 E libc : Access denied finding property "ro.vendor.pref_scale_resolution"
02-16 07:49:57.780 7248 7248 E libc : Access denied finding property "ro.vendor.pref_scale_resolution"
02-16 07:49:57.780 7248 7248 E libc : Access denied finding property "ro.vendor.pref_scale_resolution"
02-16 07:49:57.887 7248 7248 E libc : Access denied finding property "ro.vendor.pref_scale_resolution"
02-16 07:49:57.890 7248 7248 E libc : Access denied finding property "ro.vendor.pref_scale_resolution"
02-16 07:49:57.971 7248 7248 E libc : Access denied finding property "ro.vendor.pref_scale_resolution"
02-16 07:49:58.102 7248 7248 W Activity: Slow Operation: Activity com.mbwhatsapp/.HomeActivity onCreate took 2015ms
02-16 07:49:58.297 7248 7248 W Activity: Slow Operation: Activity com.mbwhatsapp/.HomeActivity onStart took 178ms
02-16 07:49:58.423 7248 7248 W Activity: Slow Operation: Activity com.mbwhatsapp/.HomeActivity onResume took 102ms
02-16 07:49:58.563 7248 7248 W Looper : PerfMonitor longMsg : seq=25 plan=07:49:55.927 late=22ms wall=2614ms running=0ms h=android.app.ActivityThread$H w=159 procState=2
02-16 07:49:58.565 7248 7248 W Looper : PerfMonitor looperActivity : package=com.mbwhatsapp/.HomeActivity time=0ms latency=2637ms running=0ms procState=2 ClientTransaction{ callbacks=[android.app.servertransaction.TopResumedActivityChang eItem] } historyMsgCount=6 (msgIndex=6 wall=2614ms seq=25 late=22ms h=android.app.ActivityThread$H w=159)
02-16 07:49:58.801 7248 7941 E libc : Access denied finding property "ro.vendor.pref_scale_resolution"
02-16 07:49:58.874 7248 7248 W Looper : PerfMonitor looperActivity : package=com.mbwhatsapp/.HomeActivity time=23ms latency=1521ms running=0ms procState=2 ClientTransaction{ callbacks=[android.app.servertransaction.TopResumedActivityChang eItem] } historyMsgCount=16 (msgIndex=1 wall=2614ms seq=25 late=22ms h=android.app.ActivityThread$H w=159) (msgIndex=7 wall=224ms seq=31 late=2547ms h=X.10F w=0) (msgIndex=10 wall=59ms seq=34 late=2654ms h=android.os.Handler c=X.3e1)
02-16 07:49:59.082 7248 7248 E libc : Access denied finding property "ro.vendor.pref_scale_resolution"
02-16 07:49:59.088 7248 7248 E libc : Access denied finding property "ro.vendor.pref_scale_resolution"
02-16 07:49:59.089 7248 7248 E libc : Access denied finding property "ro.vendor.pref_scale_resolution"
02-16 07:49:59.101 7248 7248 E libc : Access denied finding property "ro.vendor.pref_scale_resolution"
02-16 07:49:59.145 7248 7248 E libc : Access denied finding property "ro.vendor.pref_scale_resolution"
02-16 07:49:59.233 7248 7248 E libc : Access denied finding property "ro.vendor.pref_scale_resolution"
02-16 07:49:59.283 7248 7248 E libc : Access denied finding property "ro.vendor.pref_scale_resolution"
02-16 07:49:59.297 7248 7248 E libc : Access denied finding property "ro.vendor.pref_scale_resolution"
02-16 07:49:59.513 7248 7941 E libc : Access denied finding property "ro.vendor.pref_scale_resolution"
02-16 07:49:59.610 7248 7248 W Activity: Slow Operation: Activity com.mbwhatsapp/.HomeActivity onPause took 735ms
02-16 07:49:59.625 7248 7248 W Looper : PerfMonitor looperActivity : package=com.mbwhatsapp/.HomeActivity time=751ms latency=1544ms running=0ms procState=2 ClientTransaction{ lifecycleRequest=android.app.servertransaction.PauseActivityItem } historyMsgCount=17 (msgIndex=1 wall=2614ms seq=25 late=22ms h=android.app.ActivityThread$H w=159) (msgIndex=7 wall=224ms seq=31 late=2547ms h=X.10F w=0) (msgIndex=10 wall=59ms seq=34 late=2654ms h=android.os.Handler c=X.3e1)
02-16 07:49:59.650 7248 7941 E libc : Access denied finding property "ro.vendor.pref_scale_resolution"
02-16 07:50:00.309 7248 7248 E libc : Access denied finding property "ro.vendor.pref_scale_resolution"
02-16 07:50:00.318 7248 7248 E libc : Access denied finding property "ro.vendor.pref_scale_resolution"
02-16 07:50:00.333 7248 7248 E libc : Access denied finding property "ro.vendor.pref_scale_resolution"
02-16 07:50:00.348 7248 7248 E libc : Access denied finding property "ro.vendor.pref_scale_resolution"
02-16 07:50:00.356 7248 7941 E libc : Access denied finding property "ro.vendor.pref_scale_resolution"
02-16 07:50:00.358 7248 7248 E libc : Access denied finding property "ro.vendor.pref_scale_resolution"
02-16 07:50:00.430 7248 7248 E libc : Access denied finding property "ro.vendor.pref_scale_resolution"
02-16 07:50:00.460 7248 7248 E libc : Access denied finding property "ro.vendor.pref_scale_resolution"
02-16 07:50:00.714 7248 7248 E libc : Access denied finding property "ro.vendor.pref_scale_resolution"
02-16 07:50:00.716 7248 7248 E libc : Access denied finding property "ro.vendor.pref_scale_resolution"
02-16 07:50:00.833 7248 7248 E libc : Access denied finding property "ro.vendor.pref_scale_resolution"
02-16 07:50:00.835 7248 7248 E libc : Access denied finding property "ro.vendor.pref_scale_resolution"
02-16 07:50:01.095 7248 7761 W com.mbwhatsapp: Long monitor contention with owner MBWhatsApp Worker #1 (7555) at java.lang.Object libcore.util.BasicLruCache.put(java.lang.Object, java.lang.Object) (BasicLruCache.java:97) waiters=0 in java.lang.String libcore.icu.ICU.getBestDateTimePattern(java.lang.String, java.util.Locale) for 146ms
02-16 07:50:01.134 7248 7248 E libc : Access denied finding property "ro.vendor.pref_scale_resolution"
02-16 07:50:01.192 7248 7248 E libc : Access denied finding property "ro.vendor.pref_scale_resolution"
02-16 07:50:01.200 7248 7248 E libc : Access denied finding property "ro.vendor.pref_scale_resolution"
02-16 07:50:01.209 7248 7248 E libc : Access denied finding property "ro.vendor.pref_scale_resolution"
02-16 07:50:01.232 7248 7248 E libc : Access denied finding property "ro.vendor.pref_scale_resolution"
02-16 07:50:01.239 7248 7248 E libc : Access denied finding property "ro.vendor.pref_scale_resolution"
02-16 07:50:01.280 7248 7248 E libc : Access denied finding property "ro.vendor.pref_scale_resolution"
02-16 07:50:01.322 7248 7248 E libc : Access denied finding property "ro.vendor.pref_scale_resolution"
02-16 07:50:02.078 7248 7248 E libc : Access denied finding property "ro.vendor.pref_scale_resolution"
02-16 07:50:02.226 7248 7248 E libc : Access denied finding property "ro.vendor.pref_scale_resolution"
02-16 07:50:02.282 7248 7248 E libc : Access denied finding property "ro.vendor.pref_scale_resolution"
02-16 07:50:02.373 7248 7596 W com.mbwhatsapp: Long monitor contention with owner MBWhatsApp Worker #3 (7651) at android.database.sqlite.SQLiteConnection android.database.sqlite.SQLiteConnectionPool.waitForConnection(java.lang.String, int, android.os.CancellationSignal)(SQLiteConnectionPool.java:702) waiters=1 in void android.database.sqlite.SQLiteConnectionPool.releaseConnection(android.database.sql ite.SQLiteConnection) for 250ms
02-16 07:50:02.471 7248 7248 E libc : Access denied finding property "ro.vendor.pref_scale_resolution"
02-16 07:50:03.173 7248 7273 W System : A resource failed to call end.
02-16 07:50:03.555 7248 7248 E RecyclerView: No adapter attached; skipping layout
02-16 07:50:03.560 7248 7248 E libc : Access denied finding property "ro.vendor.pref_scale_resolution"
02-16 07:50:03.565 7248 7248 E libc : Access denied finding property "ro.vendor.pref_scale_resolution"
02-16 07:50:03.591 7248 7248 W Looper : PerfMonitor longMsg : seq=60 plan=07:49:58.542 late=1249ms wall=3798ms running=0ms h=android.view.Choreographer$FrameHandler c=android.view.Choreographer$FrameDisplayEventReceiver procState=2
02-16 07:50:03.592 7248 7248 W Looper : PerfMonitor doFrame : time=3798ms vsyncFrame=0 latency=1249ms procState=2 historyMsgCount=35 (msgIndex=1 wall=2614ms seq=25 late=22ms h=android.app.ActivityThread$H w=159) (msgIndex=7 wall=224ms seq=31 late=2547ms h=X.10F w=0) (msgIndex=10 wall=59ms seq=34 late=2654ms h=android.os.Handler c=X.3e1) (msgIndex=18 wall=751ms seq=42 late=1544ms h=android.app.ActivityThread$H w=159) (msgIndex=32 wall=93ms seq=56 late=1381ms h=android.app.ActivityThread$H w=113)
02-16 07:50:03.645 7248 7248 E ArmVmp : Match on catch block at 0x0a in for 0xc1
02-16 07:50:03.668 7248 7248 W Looper : PerfMonitor looperActivity : package=com.mbwhatsapp/mbmodsd.mbmodsw.mbsettings.yo.PauseActivity time=34ms latency=3763ms running=0ms procState=2 ClientTransaction{ callbacks=[android.app.servertransaction.LaunchActivityItem] lifecycleRequest=android.app.servertransaction.ResumeActivityItem } historyMsgCount=33 (msgIndex=1 wall=3798ms seq=60 late=1249ms h=android.view.Choreographer$FrameHandler c=android.view.Choreographer$FrameDisplayEventReceiver)
02-16 07:50:03.668 7248 7248 W Looper : PerfMonitor looperActivity : package=com.mbwhatsapp/mbmodsd.mbmodsw.mbsettings.yo.PauseActivity time=0ms latency=3797ms running=0ms procState=2 ClientTransaction{ callbacks=[android.app.servertransaction.TopResumedActivityChang eItem] } historyMsgCount=34 (msgIndex=1 wall=3798ms seq=60 late=1249ms h=android.view.Choreographer$FrameHandler c=android.view.Choreographer$FrameDisplayEventReceiver)
02-16 07:50:03.826 7248 7248 E libc : Access denied finding property "ro.vendor.pref_scale_resolution"
02-16 07:50:03.868 7248 7248 E libc : Access denied finding property "ro.vendor.pref_scale_resolution"
02-16 07:50:03.879 7248 7248 E libc : Access denied finding property "ro.vendor.pref_scale_resolution"
02-16 07:50:03.883 7248 7248 E libc : Access denied finding property "ro.vendor.pref_scale_resolution"
02-16 07:50:04.110 7248 7248 E libc : Access denied finding property "ro.vendor.pref_scale_resolution"
02-16 07:50:04.127 7248 7248 E libc : Access denied finding property "ro.vendor.pref_scale_resolution"
02-16 07:50:04.299 7248 7248 E RecyclerView: No adapter attached; skipping layout
02-16 07:50:04.517 7248 7621 E ion : ioctl c0044901 failed with code -1: Invalid argument
02-16 07:50:05.150 7248 8541 W FirebaseMessaging: Message ack failed: java.util.concurrent.TimeoutException: Timed out waiting for Task
02-16 07:50:05.182 7248 7248 W Looper : PerfMonitor longMsg : seq=95 plan=07:49:59.929 late=3740ms wall=1512ms running=0ms h=android.view.Choreographer$FrameHandler c=android.view.Choreographer$FrameDisplayEventReceiver procState=2
02-16 07:50:05.182 7248 7248 W Looper : PerfMonitor doFrame : time=1512ms vsyncFrame=0 latency=3740ms procState=2 historyMsgCount=35 (msgIndex=1 wall=3798ms seq=60 late=1249ms h=android.view.Choreographer$FrameHandler c=android.view.Choreographer$FrameDisplayEventReceiver)
02-16 07:50:05.196 7248 7248 E libc : Access denied finding property "ro.vendor.pref_scale_resolution"
02-16 07:50:05.674 7248 7248 E libc : Access denied finding property "ro.vendor.pref_scale_resolution"
02-16 07:50:05.771 7248 7248 E libc : Access denied finding property "ro.vendor.pref_scale_resolution"
02-16 07:50:06.164 7248 7248 W BpBinder: Slow Binder: BpBinder transact took 243 ms, interface=android.app.INotificationManager, code=4 oneway=false
02-16 07:50:06.564 7248 7248 W Looper : PerfMonitor looperActivity : package=com.mbwhatsapp/mbmodsd.mbmodsw.mbsettings.yo.PauseActivity time=0ms latency=2905ms running=0ms procState=8 ClientTransaction{ callbacks=[android.app.servertransaction.TopResumedActivityChang eItem] } historyMsgCount=139 (msgIndex=3 wall=1512ms seq=95 late=3740ms h=android.view.Choreographer$FrameHandler c=android.view.Choreographer$FrameDisplayEventReceiver) (msgIndex=10 wall=433ms seq=102 late=4878ms h=X.10F w=3) (msgIndex=126 wall=408ms seq=218 late=2524ms h=android.os.Handler c=mbmodsd.mbmodsw.ui.views.toast.MBON$2) (msgIndex=132 wall=126ms seq=224 late=2736ms h=android.os.Handler c=mbmodsd.mbmodsw.ui.views.toast.MBON$2) (msgIndex=139 wall=271ms seq=231 late=2704ms h=android.os.Handler c=X.5ul)
02-16 07:50:06.566 7248 7248 W Looper : PerfMonitor looperActivity : package=com.mbwhatsapp/mbmodsd.mbmodsw.mbsettings.yo.PauseActivity time=1ms latency=2907ms running=0ms procState=8 ClientTransaction{ lifecycleRequest=android.app.servertransaction.PauseActivityItem } historyMsgCount=140 (msgIndex=3 wall=1512ms seq=95 late=3740ms h=android.view.Choreographer$FrameHandler c=android.view.Choreographer$FrameDisplayEventReceiver) (msgIndex=10 wall=433ms seq=102 late=4878ms h=X.10F w=3) (msgIndex=126 wall=408ms seq=218 late=2524ms h=android.os.Handler c=mbmodsd.mbmodsw.ui.views.toast.MBON$2) (msgIndex=132 wall=126ms seq=224 late=2736ms h=android.os.Handler c=mbmodsd.mbmodsw.ui.views.toast.MBON$2) (msgIndex=139 wall=271ms seq=231 late=2704ms h=android.os.Handler c=X.5ul)
02-16 07:50:06.650 7248 7248 W Looper : PerfMonitor doFrame : time=83ms vsyncFrame=0 latency=2892ms procState=8 historyMsgCount=139 (msgIndex=1 wall=1512ms seq=95 late=3740ms h=android.view.Choreographer$FrameHandler c=android.view.Choreographer$FrameDisplayEventReceiver) (msgIndex=8 wall=433ms seq=102 late=4878ms h=X.10F w=3) (msgIndex=124 wall=408ms seq=218 late=2524ms h=android.os.Handler c=mbmodsd.mbmodsw.ui.views.toast.MBON$2) (msgIndex=130 wall=126ms seq=224 late=2736ms h=android.os.Handler c=mbmodsd.mbmodsw.ui.views.toast.MBON$2) (msgIndex=137 wall=271ms seq=231 late=2704ms h=android.os.Handler c=X.5ul)
02-16 07:50:06.766 7248 7248 W Looper : PerfMonitor looperActivity : package=com.mbwhatsapp/.HomeActivity time=0ms latency=2592ms running=0ms procState=8 ClientTransaction{ callbacks=[android.app.servertransaction.TopResumedActivityChang eItem] } historyMsgCount=152 (msgIndex=1 wall=1512ms seq=95 late=3740ms h=android.view.Choreographer$FrameHandler c=android.view.Choreographer$FrameDisplayEventReceiver) (msgIndex=8 wall=433ms seq=102 late=4878ms h=X.10F w=3) (msgIndex=124 wall=408ms seq=218 late=2524ms h=android.os.Handler c=mbmodsd.mbmodsw.ui.views.toast.MBON$2) (msgIndex=130 wall=126ms seq=224 late=2736ms h=android.os.Handler c=mbmodsd.mbmodsw.ui.views.toast.MBON$2) (msgIndex=137 wall=271ms seq=231 late=2704ms h=android.os.Handler c=X.5ul) (msgIndex=140 wall=83ms seq=234 late=2892ms h=android.view.Choreographer$FrameHandler c=android.view.Choreographer$FrameDisplayEventReceiver)
02-16 07:50:06.976 7248 7248 W Activity: Slow Operation: Activity com.mbwhatsapp/.HomeActivity onResume took 208ms
02-16 07:50:07.289 7248 7248 E libc : Access denied finding property "ro.vendor.pref_scale_resolution"
02-16 07:50:07.290 7248 7248 E libc : Access denied finding property "ro.vendor.pref_scale_resolution"
02-16 07:50:07.378 7248 7248 W Looper : PerfMonitor looperActivity : package=com.mbwhatsapp/.HomeActivity time=611ms latency=2594ms running=0ms procState=2 ClientTransaction{ callbacks=[android.app.servertransaction.ActivityResultItem] lifecycleRequest=android.app.servertransaction.ResumeActivityItem } historyMsgCount=153 (msgIndex=1 wall=1512ms seq=95 late=3740ms h=android.view.Choreographer$FrameHandler c=android.view.Choreographer$FrameDisplayEventReceiver) (msgIndex=8 wall=433ms seq=102 late=4878ms h=X.10F w=3) (msgIndex=124 wall=408ms seq=218 late=2524ms h=android.os.Handler c=mbmodsd.mbmodsw.ui.views.toast.MBON$2) (msgIndex=130 wall=126ms seq=224 late=2736ms h=android.os.Handler c=mbmodsd.mbmodsw.ui.views.toast.MBON$2) (msgIndex=137 wall=271ms seq=231 late=2704ms h=android.os.Handler c=X.5ul) (msgIndex=140 wall=83ms seq=234 late=2892ms h=android.view.Choreographer$FrameHandler c=android.view.Choreographer$FrameDisplayEventReceiver)
02-16 07:50:07.452 7248 8798 W LOTTIE : Animation contains merge paths. Merge paths are only supported on KitKat+ and must be manually enabled by calling enableMergePathsForKitKatAndAbove().
02-16 07:50:07.589 7248 7248 W Looper : PerfMonitor looperActivity : package=com.mbwhatsapp/.HomeActivity time=4ms latency=1718ms running=0ms procState=2 ClientTransaction{ callbacks=[android.app.servertransaction.TopResumedActivityChang eItem] } historyMsgCount=64 (msgIndex=1 wall=408ms seq=218 late=2524ms h=android.os.Handler c=mbmodsd.mbmodsw.ui.views.toast.MBON$2) (msgIndex=7 wall=126ms seq=224 late=2736ms h=android.os.Handler c=mbmodsd.mbmodsw.ui.views.toast.MBON$2) (msgIndex=14 wall=271ms seq=231 late=2704ms h=android.os.Handler c=X.5ul) (msgIndex=17 wall=83ms seq=234 late=2892ms h=android.view.Choreographer$FrameHandler c=android.view.Choreographer$FrameDisplayEventReceiver) (msgIndex=31 wall=611ms seq=248 late=2594ms h=android.app.ActivityThread$H w=159) (msgIndex=37 wall=63ms seq=254 late=2140ms h=android.os.AsyncTask$InternalHandler w=1) (msgIndex=44 wall=99ms seq=261 late=1827ms h=android.os.Handler c=X.3fx)
02-16 07:50:07.685 7248 7248 W Activity: Slow Operation: Activity com.mbwhatsapp/.HomeActivity onPause took 96ms
02-16 07:50:07.686 7248 7248 W Looper : PerfMonitor looperActivity : package=com.mbwhatsapp/.HomeActivity time=96ms latency=1716ms running=0ms procState=2 ClientTransaction{ lifecycleRequest=android.app.servertransaction.PauseActivityItem } historyMsgCount=65 (msgIndex=1 wall=408ms seq=218 late=2524ms h=android.os.Handler c=mbmodsd.mbmodsw.ui.views.toast.MBON$2) (msgIndex=7 wall=126ms seq=224 late=2736ms h=android.os.Handler c=mbmodsd.mbmodsw.ui.views.toast.MBON$2) (msgIndex=14 wall=271ms seq=231 late=2704ms h=android.os.Handler c=X.5ul) (msgIndex=17 wall=83ms seq=234 late=2892ms h=android.view.Choreographer$FrameHandler c=android.view.Choreographer$FrameDisplayEventReceiver) (msgIndex=31 wall=611ms seq=248 late=2594ms h=android.app.ActivityThread$H w=159) (msgIndex=37 wall=63ms seq=254 late=2140ms h=android.os.AsyncTask$InternalHandler w=1) (msgIndex=44 wall=99ms seq=261 late=1827ms h=android.os.Handler c=X.3fx)
02-16 07:50:07.833 7248 7248 W Looper : PerfMonitor looperActivity : package=com.mbwhatsapp/.HomeActivity time=83ms latency=1806ms running=0ms procState=2 ClientTransaction{ lifecycleRequest=android.app.servertransaction.StopActivityItem } historyMsgCount=69 (msgIndex=1 wall=408ms seq=218 late=2524ms h=android.os.Handler c=mbmodsd.mbmodsw.ui.views.toast.MBON$2) (msgIndex=7 wall=126ms seq=224 late=2736ms h=android.os.Handler c=mbmodsd.mbmodsw.ui.views.toast.MBON$2) (msgIndex=14 wall=271ms seq=231 late=2704ms h=android.os.Handler c=X.5ul) (msgIndex=17 wall=83ms seq=234 late=2892ms h=android.view.Choreographer$FrameHandler c=android.view.Choreographer$FrameDisplayEventReceiver) (msgIndex=31 wall=611ms seq=248 late=2594ms h=android.app.ActivityThread$H w=159) (msgIndex=37 wall=63ms seq=254 late=2140ms h=android.os.AsyncTask$InternalHandler w=1) (msgIndex=44 wall=99ms seq=261 late=1827ms h=android.os.Handler c=X.3fx) (msgIndex=66 wall=96ms seq=283 late=1716ms h=android.app.ActivityThread$H w=159) (msgIndex=68 wall=61ms seq=285 late=1815ms h=android.os.Handler c=X.3f7)
02-16 07:50:07.919 7248 7248 E libc : Access denied finding property "ro.vendor.pref_scale_resolution"
02-16 07:50:07.925 7248 7248 E libc : Access denied finding property "ro.vendor.pref_scale_resolution"
02-16 07:50:07.948 7248 7248 E libc : Access denied finding property "ro.vendor.pref_scale_resolution"
02-16 07:50:07.984 7248 7248 E libc : Access denied finding property "ro.vendor.pref_scale_resolution"
02-16 07:50:07.991 7248 7248 E libc : Access denied finding property "ro.vendor.pref_scale_resolution"
02-16 07:50:08.185 7248 7248 W Looper : PerfMonitor doFrame : time=23ms vsyncFrame=0 latency=1577ms procState=2 historyMsgCount=67 (msgIndex=1 wall=83ms seq=234 late=2892ms h=android.view.Choreographer$FrameHandler c=android.view.Choreographer$FrameDisplayEventReceiver) (msgIndex=15 wall=611ms seq=248 late=2594ms h=android.app.ActivityThread$H w=159) (msgIndex=21 wall=63ms seq=254 late=2140ms h=android.os.AsyncTask$InternalHandler w=1) (msgIndex=28 wall=99ms seq=261 late=1827ms h=android.os.Handler c=X.3fx) (msgIndex=50 wall=96ms seq=283 late=1716ms h=android.app.ActivityThread$H w=159) (msgIndex=52 wall=61ms seq=285 late=1815ms h=android.os.Handler c=X.3f7) (msgIndex=54 wall=83ms seq=287 late=1806ms h=android.app.ActivityThread$H w=159) (msgIndex=60 wall=275ms seq=293 late=1389ms h=android.os.AsyncTask$InternalHandler w=1)
02-16 07:50:09.012 7248 7248 W BpBinder: Slow Binder: BpBinder transact took 822 ms, interface=android.app.job.IJobCallback, code=5 oneway=false
02-16 07:50:09.066 7248 7248 E libc : Access denied finding property "ro.vendor.pref_scale_resolution"
02-16 07:50:09.082 7248 7248 W Looper : PerfMonitor looperActivity : package=com.mbwhatsapp/.HomeActivity time=0ms latency=2094ms running=0ms procState=2 ClientTransaction{ callbacks=[android.app.servertransaction.TopResumedActivityChang eItem] } historyMsgCount=65 (msgIndex=1 wall=611ms seq=248 late=2594ms h=android.app.ActivityThread$H w=159) (msgIndex=7 wall=63ms seq=254 late=2140ms h=android.os.AsyncTask$InternalHandler w=1) (msgIndex=14 wall=99ms seq=261 late=1827ms h=android.os.Handler c=X.3fx) (msgIndex=36 wall=96ms seq=283 late=1716ms h=android.app.ActivityThread$H w=159) (msgIndex=38 wall=61ms seq=285 late=1815ms h=android.os.Handler c=X.3f7) (msgIndex=40 wall=83ms seq=287 late=1806ms h=android.app.ActivityThread$H w=159) (msgIndex=46 wall=275ms seq=293 late=1389ms h=android.os.AsyncTask$InternalHandler w=1) (msgIndex=56 wall=826ms seq=303 late=1531ms h=android.app.job.JobServiceEngine$JobHandler w=2)
02-16 07:50:09.114 7248 7273 W System : A resource failed to call end.
02-16 07:50:09.290 7248 7248 E libc : Access denied finding property "ro.vendor.pref_scale_resolution"
02-16 07:50:09.295 7248 7248 E libc : Access denied finding property "ro.vendor.pref_scale_resolution"
02-16 07:50:09.334 7248 7248 E libc : Access denied finding property "ro.vendor.pref_scale_resolution"
02-16 07:50:09.336 7248 7248 E libc : Access denied finding property "ro.vendor.pref_scale_resolution"
02-16 07:50:09.373 7248 7248 W Looper : PerfMonitor looperActivity : package=com.mbwhatsapp/.HomeActivity time=290ms latency=2095ms running=0ms procState=2 ClientTransaction{ lifecycleRequest=android.app.servertransaction.ResumeActivityIte m } historyMsgCount=66 (msgIndex=1 wall=611ms seq=248 late=2594ms h=android.app.ActivityThread$H w=159) (msgIndex=7 wall=63ms seq=254 late=2140ms h=android.os.AsyncTask$InternalHandler w=1) (msgIndex=14 wall=99ms seq=261 late=1827ms h=android.os.Handler c=X.3fx) (msgIndex=36 wall=96ms seq=283 late=1716ms h=android.app.ActivityThread$H w=159) (msgIndex=38 wall=61ms seq=285 late=1815ms h=android.os.Handler c=X.3f7) (msgIndex=40 wall=83ms seq=287 late=1806ms h=android.app.ActivityThread$H w=159) (msgIndex=46 wall=275ms seq=293 late=1389ms h=android.os.AsyncTask$InternalHandler w=1) (msgIndex=56 wall=826ms seq=303 late=1531ms h=android.app.job.JobServiceEngine$JobHandler w=2)
02-16 07:50:09.532 7248 7248 E libc : Access denied finding property "ro.vendor.pref_scale_resolution"
02-16 07:50:09.542 7248 7248 E libc : Access denied finding property "ro.vendor.pref_scale_resolution"
02-16 07:50:09.554 7248 7248 W LOTTIE : Animation contains merge paths but they are disabled.
02-16 07:50:09.575 7248 7248 E libc : Access denied finding property "ro.vendor.pref_scale_resolution"
02-16 07:50:10.093 7248 7248 E libc : Access denied finding property "ro.vendor.pref_scale_resolution"
02-16 07:50:10.367 7248 8945 W BpBinder: Slow Binder: BpBinder transact took 233 ms, interface=android.content.IContentProvider, code=1 oneway=false
02-16 07:50:10.791 7248 7248 W Looper : PerfMonitor doFrame : time=824ms vsyncFrame=0 latency=881ms procState=2 historyMsgCount=59 (msgIndex=1 wall=290ms seq=314 late=2095ms h=android.app.ActivityThread$H w=159) (msgIndex=2 wall=96ms seq=315 late=2244ms h=X.104 w=5) (msgIndex=31 wall=75ms seq=344 late=2184ms h=android.os.Handler c=X.3fv)
02-16 07:50:10.878 7248 8945 E libc : Access denied finding property "ro.vendor.pref_scale_resolution"
02-16 07:50:11.029 7248 7248 E libc : Access denied finding property "ro.vendor.pref_scale_resolution"
02-16 07:50:11.043 7248 7248 E libc : Access denied finding property "ro.vendor.pref_scale_resolution"
02-16 07:50:11.052 7248 7248 E libc : Access denied finding property "ro.vendor.pref_scale_resolution"
02-16 07:50:11.089 7248 7248 E libc : Access denied finding property "ro.vendor.pref_scale_resolution"
02-16 07:50:11.228 7248 7248 W Looper : PerfMonitor doFrame : time=210ms vsyncFrame=0 latency=1047ms procState=2 historyMsgCount=40 (msgIndex=1 wall=824ms seq=373 late=881ms h=android.view.Choreographer$FrameHandler c=android.view.Choreographer$FrameDisplayEventReceiver) (msgIndex=10 wall=71ms seq=382 late=1702ms h=android.app.ActivityThread$H w=121)
02-16 07:50:11.520 7248 7621 W RenderInspector: QueueBuffer time out on Резервное копирование сообщений, count=6, avg=20 ms, max=61 ms.
02-16 07:50:11.521 7248 7621 W RenderInspector: DequeueBuffer time out on Резервное копирование сообщений, count=1, avg=48 ms, max=48 ms.
02-16 07:50:11.534 7248 7248 E libc : Access denied finding property "ro.vendor.pref_scale_resolution"
02-16 07:50:11.674 7248 7248 E libc : Access denied finding property "ro.vendor.pref_scale_resolution"
02-16 07:50:12.054 7248 7621 W RenderInspector: QueueBuffer time out on Резервное копирование сообщений, count=1, avg=17 ms, max=17 ms.
02-16 07:50:12.168 7248 7248 E libc : Access denied finding property "ro.vendor.pref_scale_resolution"
02-16 07:50:12.182 7248 7248 E libc : Access denied finding property "ro.vendor.pref_scale_resolution"
02-16 07:50:12.263 7248 7248 E libc : Access denied finding property "ro.vendor.pref_scale_resolution"
02-16 07:50:12.269 7248 7248 E libc : Access denied finding property "ro.vendor.pref_scale_resolution"
02-16 07:50:12.324 7248 7248 E libc : Access denied finding property "ro.vendor.pref_scale_resolution"
02-16 07:50:12.325 7248 7248 E libc : Access denied finding property "ro.vendor.pref_scale_resolution"
02-16 07:50:13.339 7248 7372 W LibraryVersion: Failed to get app version for libraryName: firebase-iid
02-16 07:50:13.735 7248 7621 W RenderInspector: QueueBuffer time out on Резервное копирование сообщений, count=2, avg=20 ms, max=23 ms.
02-16 07:50:13.763 7248 7273 W System : A resource failed to call end.
02-16 07:50:14.270 7248 7621 W RenderInspector: QueueBuffer time out on Резервное копирование сообщений, count=1, avg=17 ms, max=17 ms.
02-16 07:50:14.675 7248 7621 W RenderInspector: QueueBuffer time out on com.mbwhatsapp/com.mbwhatsapp.HomeActivity, count=1, avg=56 ms, max=56 ms.
02-16 07:50:16.034 7248 7248 W Activity: Slow Operation: Activity com.mbwhatsapp/.HomeActivity onPause took 117ms
02-16 07:50:16.146 7248 7596 W com.mbwhatsapp: Long monitor contention with owner MBWhatsApp Worker #13 (9049) at void android.database.CursorWindow.recordNewWindow(int, long)(CursorWindow.java:760) waiters=0 in void android.database.CursorWindow.recordClosingOfWindow(long) for 183ms
02-16 07:50:16.228 7248 7248 E libc : Access denied finding property "ro.vendor.pref_scale_resolution"
02-16 07:50:16.287 7248 7248 E libc : Access denied finding property "ro.vendor.pref_scale_resolution"
02-16 07:50:16.297 7248 7248 E libc : Access denied finding property "ro.vendor.pref_scale_resolution"
02-16 07:50:16.307 7248 7248 E libc : Access denied finding property "ro.vendor.pref_scale_resolution"
02-16 07:50:16.312 7248 7248 E libc : Access denied finding property "ro.vendor.pref_scale_resolution"
02-16 07:50:16.320 7248 7248 E libc : Access denied finding property "ro.vendor.pref_scale_resolution"
02-16 07:50:16.333 7248 7248 E libc : Access denied finding property "ro.vendor.pref_scale_resolution"
02-16 07:50:16.351 7248 7248 E libc : Access denied finding property "ro.vendor.pref_scale_resolution"
02-16 07:50:16.989 7248 7248 W com.mbwhatsapp: Long monitor contention with owner High Pri Worker #5 (8583) at android.database.sqlite.SQLiteConnection android.database.sqlite.SQLiteConnectionPool.waitForConnection(java.lang.String, int, android.os.CancellationSignal)(SQLiteConnectionPool.java:702) waiters=0 in android.database.sqlite.SQLiteConnection android.database.sqlite.SQLiteConnectionPool.waitForConnection(java.lang.String, int, android.os.CancellationSignal) for 586ms
02-16 07:50:17.008 7248 9049 W com.mbwhatsapp: Long monitor contention with owner High Pri Worker #5 (8583) at android.database.sqlite.SQLiteConnection android.database.sqlite.SQLiteConnectionPool.waitForConnection(java.lang.String, int, android.os.CancellationSignal)(SQLiteConnectionPool.java:702) waiters=2 in void android.database.sqlite.SQLiteConnectionPool.releaseConnection(android.database.sql ite.SQLiteConnection) for 574ms
02-16 07:50:17.092 7248 7596 W com.mbwhatsapp: Long monitor contention with owner High Pri Worker #5 (8583) at android.database.sqlite.SQLiteConnection android.database.sqlite.SQLiteConnectionPool.waitForConnection(java.lang.String, int, android.os.CancellationSignal)(SQLiteConnectionPool.java:702) waiters=1 in void android.database.sqlite.SQLiteConnectionPool.releaseConnection(android.database.sql ite.SQLiteConnection) for 578ms
02-16 07:50:17.209 7248 7248 E libc : Access denied finding property "ro.vendor.pref_scale_resolution"
02-16 07:50:17.212 7248 7248 W Activity: Slow Operation: Activity com.mbwhatsapp/.quickcontact.QuickContactActivity onCreate took 1078ms
02-16 07:50:17.361 7248 7248 W Looper : PerfMonitor longMsg : seq=642 plan=07:50:16.051 late=22ms wall=1287ms running=0ms h=android.app.ActivityThread$H w=159 procState=2
02-16 07:50:17.362 7248 7248 W Looper : PerfMonitor looperActivity : package=com.mbwhatsapp/.quickcontact.QuickContactActivity time=0ms latency=1310ms running=0ms procState=2 ClientTransaction{ callbacks=[android.app.servertransaction.TopResumedActivityChang eItem] } historyMsgCount=17 (msgIndex=1 wall=152ms seq=626 late=19ms h=android.app.ActivityThread$H w=159) (msgIndex=17 wall=1287ms seq=642 late=22ms h=android.app.ActivityThread$H w=159)
02-16 07:50:17.362 7248 7248 W InputEventReceiver: App Input: 846ms before dispatchInputEvent (MotionEvent: event_seq=11, seq=475680, action=ACTION_DOWN)
02-16 07:50:17.385 7248 7248 W InputEventReceiver: App Input: 787ms before dispatchInputEvent (MotionEvent: event_seq=16, seq=475701, action=ACTION_UP)
02-16 07:50:17.680 7248 9049 W BpBinder: Slow Binder: BpBinder transact took 253 ms, interface=android.app.IActivityManager, code=12 oneway=false
02-16 07:50:18.066 7248 7248 W Looper : PerfMonitor doFrame : time=677ms vsyncFrame=0 latency=1308ms procState=2 historyMsgCount=2 (msgIndex=1 wall=1287ms seq=642 late=22ms h=android.app.ActivityThread$H w=159)
02-16 07:50:18.392 7248 7248 W Looper : PerfMonitor doFrame : time=104ms vsyncFrame=0 latency=869ms procState=2 historyMsgCount=12 (msgIndex=1 wall=677ms seq=644 late=1308ms h=android.view.Choreographer$FrameHandler c=android.view.Choreographer$FrameDisplayEventReceiver) (msgIndex=7 wall=142ms seq=650 late=1110ms h=X.6OO w=0) (msgIndex=9 wall=73ms seq=652 late=1090ms h=android.os.Handler c=X.3fx)
02-16 07:50:18.423 7248 7248 W Looper : PerfMonitor looperActivity : package=com.mbwhatsapp/.quickcontact.QuickContactActivity time=2ms latency=608ms running=0ms procState=8 ClientTransaction{ callbacks=[android.app.servertransaction.TopResumedActivityChang eItem] } historyMsgCount=18 (msgIndex=1 wall=677ms seq=644 late=1308ms h=android.view.Choreographer$FrameHandler c=android.view.Choreographer$FrameDisplayEventReceiver) (msgIndex=7 wall=142ms seq=650 late=1110ms h=X.6OO w=0) (msgIndex=9 wall=73ms seq=652 late=1090ms h=android.os.Handler c=X.3fx) (msgIndex=13 wall=104ms seq=656 late=869ms h=android.view.Choreographer$FrameHandler c=android.view.Choreographer$FrameDisplayEventReceiver)
02-16 07:50:18.429 7248 7596 W com.mbwhatsapp: Long monitor contention with owner MBWhatsApp Worker #4 (7761) at void android.database.sqlite.SQLiteConnectionPool.closeAvailableNonPrimaryConnectionsAnd LogExceptions()(SQLiteConnectionPool.java:592) waiters=0 in android.database.sqlite.SQLiteConnection android.database.sqlite.SQLiteConnectionPool.waitForConnection(java.lang.String, int, android.os.CancellationSignal) for 1.143s
02-16 07:50:18.429 7248 7248 W Looper : PerfMonitor looperActivity : package=com.mbwhatsapp/.quickcontact.QuickContactActivity time=6ms latency=594ms running=0ms procState=8 ClientTransaction{ lifecycleRequest=android.app.servertransaction.PauseActivityItem } historyMsgCount=19 (msgIndex=1 wall=677ms seq=644 late=1308ms h=android.view.Choreographer$FrameHandler c=android.view.Choreographer$FrameDisplayEventReceiver) (msgIndex=7 wall=142ms seq=650 late=1110ms h=X.6OO w=0) (msgIndex=9 wall=73ms seq=652 late=1090ms h=android.os.Handler c=X.3fx) (msgIndex=13 wall=104ms seq=656 late=869ms h=android.view.Choreographer$FrameHandler c=android.view.Choreographer$FrameDisplayEventReceiver)
02-16 07:50:19.099 7248 9114 W BpBinder: Slow Binder: BpBinder transact took 543 ms, interface=android.app.IActivityManager, code=89 oneway=false
02-16 07:50:20.651 7248 7366 W BpBinder: Slow Binder: BpBinder transact took 1235 ms, interface=android.app.job.IJobCallback, code=4 oneway=false
02-16 07:50:20.779 7248 7248 W Choreographer: OPTS_INPUT: First frame was drawed before optimized, so skip!
02-16 07:50:20.886 7248 7366 W BpBinder: Slow Binder: BpBinder transact took 235 ms, interface=android.app.job.IJobCallback, code=3 oneway=false
02-16 07:50:21.141 7248 7248 E libc : Access denied finding property "ro.vendor.pref_scale_resolution"
02-16 07:50:21.875 7248 7621 W RenderInspector: QueueBuffer time out on com.mbwhatsapp/com.mbwhatsapp.HomeActivity, count=1, avg=31 ms, max=31 ms.
02-16 07:50:22.387 7248 7273 W System : A resource failed to call end.
