02-18 12:18:49.407 17252 17252 W System.err: at androidx.core.app.CoreComponentFactory.instantiateApplication(Unknown Source:0)
02-18 12:18:49.407 17252 17252 W System.err: at android.app.Instrumentation.newApplication(Instrumentation.java:1157)
02-18 12:18:49.407 17252 17252 W System.err: at android.app.LoadedApk.makeApplication(LoadedApk.java:1248)
02-18 12:18:49.407 17252 17252 W System.err: at android.app.ActivityThread.handleBindApplication(ActivityThread.java:6865)
02-18 12:18:49.408 17252 17252 W System.err: at android.app.ActivityThread.access$1600(ActivityThread.java:250)
02-18 12:18:49.408 17252 17252 W System.err: at android.app.ActivityThread$H.handleMessage(ActivityThread.java:2008)
02-18 12:18:49.408 17252 17252 W System.err: at android.os.Handler.dispatchMessage(Handler.java:106)
02-18 12:18:49.408 17252 17252 W System.err: at android.os.Looper.loop(Looper.java:236)
02-18 12:18:49.408 17252 17252 W System.err: at android.app.ActivityThread.main(ActivityThread.java:7912)
02-18 12:18:49.408 17252 17252 W System.err: at java.lang.reflect.Method.invoke(Native Method)
02-18 12:18:49.408 17252 17252 W System.err: at com.android.internal.os.RuntimeInit$MethodAndArgsCaller.run(RuntimeInit.java:620)
02-18 12:18:49.408 17252 17252 W System.err: at com.android.internal.os.ZygoteInit.main(ZygoteInit.java:1011)
02-18 12:18:49.518 17252 17252 E CustomActivityOnCrash: IMPORTANT WARNING! You already have an UncaughtExceptionHandler, are you sure this is correct? If you use a custom UncaughtExceptionHandler, you must initialize it AFTER CustomActivityOnCrash! Installing anyway, but your original handler will not be called.
02-18 12:18:49.534 17252 17353 E ion : ioctl c0044901 failed with code -1: Invalid argument
02-18 12:18:49.545 17252 17353 E libc : Access denied finding property "ro.vendor.pref_scale_resolution"
02-18 12:18:49.585 17252 17353 E libc : Access denied finding property "ro.vendor.pref_scale_resolution"
02-18 12:18:49.592 17252 17353 E libc : Access denied finding property "ro.vendor.pref_scale_resolution"
02-18 12:18:49.612 17252 17353 E libc : Access denied finding property "ro.vendor.pref_scale_resolution"
02-18 12:18:49.643 17252 17353 E libc : Access denied finding property "ro.vendor.pref_scale_resolution"
02-18 12:18:49.772 17252 17353 E libc : Access denied finding property "ro.vendor.pref_scale_resolution"
02-18 12:18:50.460 17252 17252 W com.mbwhatsapp: Accessing hidden method Lcom/android/org/conscrypt/OpenSSLSocketImpl;->setUseSessionTickets(Z)V (greylist- max-q,test-api, reflection, denied)
02-18 12:18:50.466 17252 17252 W com.mbwhatsapp: Accessing hidden method Lcom/android/org/conscrypt/AbstractConscryptSocket;->setUseSessionTickets(Z)V (greylist-max-q, reflection, denied)
02-18 12:18:50.605 17252 17252 W com.mbwhatsapp: type=1400 audit(0.0:105076): avc: granted { execute } for path="/data/data/com.mbwhatsapp/files/decompressed/libs.spk.zst/libc++_shared.so" dev="mmcblk0p41" ino=408662 scontext=u:r:untrusted_app:s0:c238,c257,c512,c768 tcontext=u:object_r:app_data_file:s0:c238,c257,c512,c768 tclass=file app=com.mbwhatsapp
02-18 12:18:50.621 17252 17252 W com.mbwhatsapp: type=1400 audit(0.0:105077): avc: granted { execute } for path="/data/data/com.mbwhatsapp/files/decompressed/libs.spk.zst/libvlc.so" dev="mmcblk0p41" ino=508967 scontext=u:r:untrusted_app:s0:c238,c257,c512,c768 tcontext=u:object_r:app_data_file:s0:c238,c257,c512,c768 tclass=file app=com.mbwhatsapp
02-18 12:18:50.661 17252 17252 W com.mbwhatsapp: type=1400 audit(0.0:105078): avc: granted { execute } for path="/data/data/com.mbwhatsapp/files/decompressed/libs.spk.zst/libwhatsapp.so" dev="mmcblk0p41" ino=544419 scontext=u:r:untrusted_app:s0:c238,c257,c512,c768 tcontext=u:object_r:app_data_file:s0:c238,c257,c512,c768 tclass=file app=com.mbwhatsapp --------- beginning of system
02-18 12:18:51.114 17252 17252 W Looper : PerfMonitor longMsg : seq=2 plan=12:18:48.923 late=1ms wall=2123ms running=0ms h=android.app.ActivityThread$H w=110 procState=11
02-18 12:18:51.162 17252 17252 E libc : Access denied finding property "ro.vendor.df.effect.conflict"
02-18 12:18:51.163 17252 17252 E libc : Access denied finding property "ro.vendor.knock.type"
02-18 12:18:51.294 17252 17715 W com.mbwhatsapp: Verification of void X.2rL.A03(java.lang.Integer) took 107.957ms (2278.67 bytecodes/s) (4968B approximate peak alloc)
02-18 12:18:51.302 17252 17715 W com.mbwhatsapp: Class X.2rL failed lock verification and will run slower.
02-18 12:18:51.302 17252 17715 W com.mbwhatsapp: Common causes for lock verification issues are non-optimized dex code
02-18 12:18:51.302 17252 17715 W com.mbwhatsapp: and incorrect proguard optimizations.
02-18 12:18:52.021 17252 17739 W BpBinder: Slow Binder: BpBinder transact took 247 ms, interface=android.app.IActivityManager, code=26 oneway=false
02-18 12:18:52.063 17252 17803 W BpBinder: Slow Binder: BpBinder transact took 219 ms, interface=android.app.IActivityManager, code=12 oneway=false
02-18 12:18:52.987 17252 17737 W BpBinder: Slow Binder: BpBinder transact took 1710 ms, interface=android.app.IActivityManager, code=22 oneway=false
02-18 12:18:59.765 17252 18674 E libc : Access denied finding property "ro.vendor.pref_scale_resolution"
02-18 12:18:59.772 17252 18674 E libc : Access denied finding property "ro.vendor.pref_scale_resolution"
02-18 12:19:00.108 17252 18674 W BpBinder: Slow Binder: BpBinder transact took 259 ms, interface=android.app.INotificationManager, code=7 oneway=false --------- beginning of main
02-18 12:22:29.943 21201 21201 E com.mbwhatsapp: Not starting debugger since process cannot load the jdwp agent.
02-18 12:22:30.137 21201 21201 W ResourceType: CREATING STRING CACHE OF 96 bytes
02-18 12:22:30.195 21201 21201 W System.err: java.lang.ClassNotFoundException: mbmodsd.mbmodsw.ui.views.btn.BtnBK
02-18 12:22:30.195 21201 21201 W System.err: at java.lang.Runtime.nativeLoad(Native Method)
02-18 12:22:30.195 21201 21201 W System.err: at java.lang.Runtime.nativeLoad(Runtime.java:1131)
02-18 12:22:30.195 21201 21201 W System.err: at java.lang.Runtime.loadLibrary0(Runtime.java:1085)
02-18 12:22:30.195 21201 21201 W System.err: at java.lang.Runtime.loadLibrary0(Runtime.java:1008)
02-18 12:22:30.195 21201 21201 W System.err: at java.lang.System.loadLibrary(System.java:1664)
02-18 12:22:30.195 21201 21201 W System.err: at arm.EpicVm.<clinit>(Unknown Source:2)
02-18 12:22:30.195 21201 21201 W System.err: at java.lang.Class.newInstance(Native Method)
02-18 12:22:30.195 21201 21201 W System.err: at android.app.AppComponentFactory.instantiateApplication(AppComponentFactory.java:76)
02-18 12:22:30.196 21201 21201 W System.err: at androidx.core.app.CoreComponentFactory.instantiateApplication(Unknown Source:0)
02-18 12:22:30.196 21201 21201 W System.err: at android.app.Instrumentation.newApplication(Instrumentation.java:1157)
02-18 12:22:30.196 21201 21201 W System.err: at android.app.LoadedApk.makeApplication(LoadedApk.java:1248)
02-18 12:22:30.196 21201 21201 W System.err: at android.app.ActivityThread.handleBindApplication(ActivityThread.java:6865)
02-18 12:22:30.196 21201 21201 W System.err: at android.app.ActivityThread.access$1600(ActivityThread.java:250)
02-18 12:22:30.196 21201 21201 W System.err: at android.app.ActivityThread$H.handleMessage(ActivityThread.java:2008)
02-18 12:22:30.196 21201 21201 W System.err: at android.os.Handler.dispatchMessage(Handler.java:106)
02-18 12:22:30.196 21201 21201 W System.err: at android.os.Looper.loop(Looper.java:236)
02-18 12:22:30.196 21201 21201 W System.err: at android.app.ActivityThread.main(ActivityThread.java:7912)
02-18 12:22:30.196 21201 21201 W System.err: at java.lang.reflect.Method.invoke(Native Method)
02-18 12:22:30.196 21201 21201 W System.err: at com.android.internal.os.RuntimeInit$MethodAndArgsCaller.run(RuntimeInit.java:620)
02-18 12:22:30.196 21201 21201 W System.err: at com.android.internal.os.ZygoteInit.main(ZygoteInit.java:1011)
02-18 12:22:30.232 21201 21201 E CustomActivityOnCrash: IMPORTANT WARNING! You already have an UncaughtExceptionHandler, are you sure this is correct? If you use a custom UncaughtExceptionHandler, you must initialize it AFTER CustomActivityOnCrash! Installing anyway, but your original handler will not be called.
02-18 12:22:30.235 21201 21223 E ion : ioctl c0044901 failed with code -1: Invalid argument
02-18 12:22:30.246 21201 21223 E libc : Access denied finding property "ro.vendor.pref_scale_resolution"
02-18 12:22:30.260 21201 21223 E libc : Access denied finding property "ro.vendor.pref_scale_resolution"
02-18 12:22:30.266 21201 21223 E libc : Access denied finding property "ro.vendor.pref_scale_resolution"
02-18 12:22:30.273 21201 21223 E libc : Access denied finding property "ro.vendor.pref_scale_resolution"
02-18 12:22:30.283 21201 21223 E libc : Access denied finding property "ro.vendor.pref_scale_resolution"
02-18 12:22:30.356 21201 21223 E libc : Access denied finding property "ro.vendor.pref_scale_resolution"
02-18 12:22:30.557 21201 21201 W com.mbwhatsapp: Accessing hidden method Lcom/android/org/conscrypt/OpenSSLSocketImpl;->setUseSessionTickets(Z)V (greylist- max-q,test-api, reflection, denied)
02-18 12:22:30.557 21201 21201 W com.mbwhatsapp: Accessing hidden method Lcom/android/org/conscrypt/AbstractConscryptSocket;->setUseSessionTickets(Z)V (greylist-max-q, reflection, denied)
02-18 12:22:30.605 21201 21201 W com.mbwhatsapp: type=1400 audit(0.0:105246): avc: granted { execute } for path="/data/data/com.mbwhatsapp/files/decompressed/libs.spk.zst/libc++_shared.so" dev="mmcblk0p41" ino=408662 scontext=u:r:untrusted_app:s0:c238,c257,c512,c768 tcontext=u:object_r:app_data_file:s0:c238,c257,c512,c768 tclass=file app=com.mbwhatsapp
02-18 12:22:30.609 21201 21201 W com.mbwhatsapp: type=1400 audit(0.0:105247): avc: granted { execute } for path="/data/data/com.mbwhatsapp/files/decompressed/libs.spk.zst/libvlc.so" dev="mmcblk0p41" ino=508967 scontext=u:r:untrusted_app:s0:c238,c257,c512,c768 tcontext=u:object_r:app_data_file:s0:c238,c257,c512,c768 tclass=file app=com.mbwhatsapp
02-18 12:22:30.621 21201 21201 W com.mbwhatsapp: type=1400 audit(0.0:105248): avc: granted { execute } for path="/data/data/com.mbwhatsapp/files/decompressed/libs.spk.zst/libwhatsapp.so" dev="mmcblk0p41" ino=544419 scontext=u:r:untrusted_app:s0:c238,c257,c512,c768 tcontext=u:object_r:app_data_file:s0:c238,c257,c512,c768 tclass=file app=com.mbwhatsapp
02-18 12:22:30.673 21201 21201 W com.mbwhatsapp: type=1400 audit(0.0:105249): avc: granted { execute } for path="/data/data/com.mbwhatsapp/files/decompressed/libs.spk.zst/libcurve25519.so" dev="mmcblk0p41" ino=499931 scontext=u:r:untrusted_app:s0:c238,c257,c512,c768 tcontext=u:object_r:app_data_file:s0:c238,c257,c512,c768 tclass=file app=com.mbwhatsapp
02-18 12:22:30.777 21201 21256 W com.mbwhatsapp: Class X.2rL failed lock verification and will run slower.
02-18 12:22:30.777 21201 21256 W com.mbwhatsapp: Common causes for lock verification issues are non-optimized dex code
02-18 12:22:30.777 21201 21256 W com.mbwhatsapp: and incorrect proguard optimizations.
02-18 12:22:30.821 21201 21201 W com.mbwhatsapp: Class com.mbwhatsapp.HomeActivity failed lock verification and will run slower.
02-18 12:22:30.833 21201 21201 W com.mbwhatsapp: Class X.0eU failed lock verification and will run slower.
02-18 12:22:30.907 21201 21201 E libc : Access denied finding property "ro.vendor.pref_scale_resolution"
02-18 12:22:30.998 21201 21201 E libc : Access denied finding property "ro.vendor.pref_scale_resolution"
02-18 12:22:31.045 21201 21201 E libc : Access denied finding property "ro.vendor.pref_scale_resolution"
02-18 12:22:31.047 21201 21201 E libc : Access denied finding property "ro.vendor.pref_scale_resolution"
02-18 12:22:31.228 21201 21201 E libc : Access denied finding property "ro.vendor.pref_scale_resolution"
02-18 12:22:31.234 21201 21201 E libc : Access denied finding property "ro.vendor.pref_scale_resolution"
02-18 12:22:31.369 21201 21201 E libc : Access denied finding property "ro.vendor.pref_scale_resolution"
02-18 12:22:31.404 21201 21201 E ArmVmp : Match on catch block at 0x0a in for 0xb5
02-18 12:22:31.433 21201 21201 E libc : Access denied finding property "ro.vendor.pref_scale_resolution"
02-18 12:22:31.436 21201 21201 E ArmVmp : Match on catch block at 0x0a in for 0x125 --------- beginning of system
02-18 12:22:31.574 21201 21201 E libc : Access denied finding property "ro.vendor.pref_scale_resolution"
02-18 12:22:31.593 21201 21201 E libc : Access denied finding property "ro.vendor.pref_scale_resolution"
02-18 12:22:31.676 21201 21201 W Activity: Slow Operation: Activity com.mbwhatsapp/.HomeActivity onCreate took 814ms
02-18 12:22:31.737 21201 21201 E libc : Access denied finding property "ro.vendor.pref_scale_resolution"
02-18 12:22:31.741 21201 21266 W com.mbwhatsapp: Accessing hidden method Lcom/android/org/conscrypt/ConscryptEngineSocket;->setUseSessionTickets(Z)V (greylist-max-q,test-api, reflection, denied)
02-18 12:22:31.741 21201 21266 W com.mbwhatsapp: Accessing hidden method Lcom/android/org/conscrypt/OpenSSLSocketImpl;->setUseSessionTickets(Z)V (greylist- max-q,test-api, reflection, denied)
02-18 12:22:31.741 21201 21266 W com.mbwhatsapp: Accessing hidden method Lcom/android/org/conscrypt/AbstractConscryptSocket;->setUseSessionTickets(Z)V (greylist-max-q, reflection, denied)
02-18 12:22:31.741 21201 21266 W com.mbwhatsapp: Accessing hidden method Lcom/android/org/conscrypt/ConscryptEngineSocket;->setHostname(Ljava/lang/String;)V (greylist-max-q,test-api, reflection, denied)
02-18 12:22:31.741 21201 21266 W com.mbwhatsapp: Accessing hidden method Lcom/android/org/conscrypt/OpenSSLSocketImpl;->setHostname(Ljava/lang/String;)V (greylist-max-q,test-api, reflection, denied)
02-18 12:22:31.741 21201 21266 W com.mbwhatsapp: Accessing hidden method Lcom/android/org/conscrypt/AbstractConscryptSocket;->setHostname(Ljava/lang/ String;)V (greylist-max-q, reflection, denied)
02-18 12:22:31.742 21201 21266 W com.mbwhatsapp: Accessing hidden method Lcom/android/org/conscrypt/OpenSSLSocketImpl;->setAlpnProtocols([B)V (greylist-max- q,test-api, reflection, denied)
02-18 12:22:31.742 21201 21266 W com.mbwhatsapp: Accessing hidden method Lcom/android/org/conscrypt/AbstractConscryptSocket;->setAlpnProtocols([B)V (greylist-max-q, reflection, denied)
02-18 12:22:31.803 21201 21201 E libc : Access denied finding property "ro.vendor.pref_scale_resolution"
02-18 12:22:31.833 21201 21201 W Activity: Slow Operation: Activity com.mbwhatsapp/.HomeActivity onStart took 153ms
02-18 12:22:31.831 21201 21201 E libc : Access denied finding property "ro.vendor.pref_scale_resolution"
02-18 12:22:31.866 21201 21201 E libc : Access denied finding property "ro.vendor.pref_scale_resolution"
02-18 12:22:31.869 21201 21280 W LOTTIE : Animation contains merge paths. Merge paths are only supported on KitKat+ and must be manually enabled by calling enableMergePathsForKitKatAndAbove().
02-18 12:22:31.896 21201 21201 W Looper : PerfMonitor longMsg : seq=3 plan=12:22:29.968 late=805ms wall=1122ms running=0ms h=android.app.ActivityThread$H w=159 procState=2
02-18 12:22:31.897 21201 21201 W Looper : PerfMonitor looperActivity : package=com.mbwhatsapp/.HomeActivity time=1122ms latency=805ms running=0ms procState=2 ClientTransaction{ callbacks=[android.app.servertransaction.LaunchActivityItem] lifecycleRequest=android.app.servertransaction.ResumeActivityItem } historyMsgCount=2 (msgIndex=2 wall=802ms seq=2 late=5ms h=android.app.ActivityThread$H w=110)
02-18 12:22:31.899 21201 21201 W Looper : PerfMonitor looperActivity : package=com.mbwhatsapp/.HomeActivity time=0ms latency=1929ms running=0ms procState=2 ClientTransaction{ callbacks=[android.app.servertransaction.TopResumedActivityChang eItem] } historyMsgCount=3 (msgIndex=2 wall=802ms seq=2 late=5ms h=android.app.ActivityThread$H w=110) (msgIndex=3 wall=1122ms seq=3 late=805ms h=android.app.ActivityThread$H w=159)
02-18 12:22:31.915 21201 21201 W Looper : PerfMonitor looperActivity : package=com.mbwhatsapp/.HomeActivity time=1ms latency=461ms running=0ms procState=2 ClientTransaction{ callbacks=[android.app.servertransaction.TopResumedActivityChang eItem] } historyMsgCount=15 (msgIndex=1 wall=1122ms seq=3 late=805ms h=android.app.ActivityThread$H w=159)
02-18 12:22:31.935 21201 21201 W Looper : PerfMonitor looperActivity : package=com.mbwhatsapp/.HomeActivity time=18ms latency=463ms running=0ms procState=2 ClientTransaction{ lifecycleRequest=android.app.servertransaction.PauseActivityItem } historyMsgCount=16 (msgIndex=1 wall=1122ms seq=3 late=805ms h=android.app.ActivityThread$H w=159)
02-18 12:22:31.948 21201 21201 W LOTTIE : Animation contains merge paths but they are disabled.
02-18 12:22:32.109 21201 21201 E libc : Access denied finding property "ro.vendor.pref_scale_resolution"
02-18 12:22:32.133 21201 21201 E libc : Access denied finding property "ro.vendor.pref_scale_resolution"
02-18 12:22:32.136 21201 21279 E libc : Access denied finding property "ro.vendor.pref_scale_resolution"
02-18 12:22:32.145 21201 21201 E libc : Access denied finding property "ro.vendor.pref_scale_resolution"
02-18 12:22:32.151 21201 21201 E libc : Access denied finding property "ro.vendor.pref_scale_resolution"
02-18 12:22:32.154 21201 21201 E libc : Access denied finding property "ro.vendor.pref_scale_resolution"
02-18 12:22:32.157 21201 21279 E libc : Access denied finding property "ro.vendor.pref_scale_resolution"
02-18 12:22:32.160 21201 21201 E libc : Access denied finding property "ro.vendor.pref_scale_resolution"
02-18 12:22:32.160 21201 21279 E libc : Access denied finding property "ro.vendor.pref_scale_resolution"
02-18 12:22:32.173 21201 21279 E libc : Access denied finding property "ro.vendor.pref_scale_resolution"
02-18 12:22:32.177 21201 21201 E libc : Access denied finding property "ro.vendor.pref_scale_resolution"
02-18 12:22:32.182 21201 21201 E libc : Access denied finding property "ro.vendor.pref_scale_resolution"
02-18 12:22:32.191 21201 21201 E libc : Access denied finding property "ro.vendor.pref_scale_resolution"
02-18 12:22:32.194 21201 21201 E libc : Access denied finding property "ro.vendor.pref_scale_resolution"
02-18 12:22:32.199 21201 21201 E libc : Access denied finding property "ro.vendor.pref_scale_resolution"
02-18 12:22:32.209 21201 21201 E libc : Access denied finding property "ro.vendor.pref_scale_resolution"
02-18 12:22:32.213 21201 21201 E libc : Access denied finding property "ro.vendor.pref_scale_resolution"
02-18 12:22:32.263 21201 21201 E libc : Access denied finding property "ro.vendor.pref_scale_resolution"
02-18 12:22:32.366 21201 21201 E libc : Access denied finding property "ro.vendor.pref_scale_resolution"
02-18 12:22:32.368 21201 21201 E libc : Access denied finding property "ro.vendor.pref_scale_resolution"
02-18 12:22:32.525 21201 21201 E libc : Access denied finding property "ro.vendor.pref_scale_resolution"
02-18 12:22:32.776 21201 21266 W com.mbwhatsapp: Accessing hidden method Lcom/android/org/conscrypt/OpenSSLSocketImpl;->getAlpnSelectedProtocol()[B (greylist-max-q,test-api, reflection, denied)
02-18 12:22:32.776 21201 21266 W com.mbwhatsapp: Accessing hidden method Lcom/android/org/conscrypt/AbstractConscryptSocket;->getAlpnSelectedProtocol()[B (greylist-max-q, reflection, denied)
02-18 12:22:32.846 21201 21201 E RecyclerView: No adapter attached; skipping layout
02-18 12:22:32.849 21201 21201 E libc : Access denied finding property "ro.vendor.pref_scale_resolution"
02-18 12:22:32.851 21201 21201 E libc : Access denied finding property "ro.vendor.pref_scale_resolution"
02-18 12:22:32.918 21201 21260 E ion : ioctl c0044901 failed with code -1: Invalid argument
02-18 12:22:33.001 21201 21201 W Looper : PerfMonitor longMsg : seq=44 plan=12:22:31.885 late=65ms wall=1050ms running=0ms h=android.view.Choreographer$FrameHandler c=android.view.Choreographer$FrameDisplayEventReceiver procState=2
02-18 12:22:33.002 21201 21201 W Looper : PerfMonitor doFrame : time=1050ms vsyncFrame=0 latency=65ms procState=2 historyMsgCount=41 (msgIndex=1 wall=1122ms seq=3 late=805ms h=android.app.ActivityThread$H w=159)
02-18 12:22:33.019 21201 21201 E libc : Access denied finding property "ro.vendor.pref_scale_resolution"
02-18 12:22:33.020 21201 21201 E libc : Access denied finding property "ro.vendor.pref_scale_resolution"
02-18 12:22:33.037 21201 21201 E libc : Access denied finding property "ro.vendor.pref_scale_resolution"
02-18 12:22:33.044 21201 21201 E libc : Access denied finding property "ro.vendor.pref_scale_resolution"
02-18 12:22:33.059 21201 21201 E libc : Access denied finding property "ro.vendor.pref_scale_resolution"
02-18 12:22:33.205 21201 21201 E RecyclerView: No adapter attached; skipping layout
02-18 12:22:33.229 21201 21201 W Looper : PerfMonitor doFrame : time=213ms vsyncFrame=0 latency=1049ms procState=2 historyMsgCount=8 (msgIndex=1 wall=1050ms seq=44 late=65ms h=android.view.Choreographer$FrameHandler c=android.view.Choreographer$FrameDisplayEventReceiver)
02-18 12:22:33.232 21201 21201 E libc : Access denied finding property "ro.vendor.pref_scale_resolution"
02-18 12:22:33.255 21201 21201 E libc : Access denied finding property "ro.vendor.pref_scale_resolution"
02-18 12:22:33.290 21201 21201 E ArmVmp : Match on catch block at 0x0a in for 0xc5
02-18 12:22:33.309 21201 21201 W Looper : PerfMonitor looperActivity : package=com.mbwhatsapp/mbmodsd.mbmodsw.mbsettings.yo.PauseActivity time=25ms latency=412ms running=0ms procState=2 ClientTransaction{ callbacks=[android.app.servertransaction.LaunchActivityItem] lifecycleRequest=android.app.servertransaction.ResumeActivityItem } historyMsgCount=128 (msgIndex=1 wall=1050ms seq=44 late=65ms h=android.view.Choreographer$FrameHandler c=android.view.Choreographer$FrameDisplayEventReceiver) (msgIndex=9 wall=213ms seq=52 late=1049ms h=android.view.Choreographer$FrameHandler c=android.view.Choreographer$FrameDisplayEventReceiver)
02-18 12:22:33.310 21201 21201 W Looper : PerfMonitor looperActivity : package=com.mbwhatsapp/mbmodsd.mbmodsw.mbsettings.yo.PauseActivity time=0ms latency=437ms running=0ms procState=2 ClientTransaction{ callbacks=[android.app.servertransaction.TopResumedActivityChang eItem] } historyMsgCount=129 (msgIndex=1 wall=1050ms seq=44 late=65ms h=android.view.Choreographer$FrameHandler c=android.view.Choreographer$FrameDisplayEventReceiver) (msgIndex=9 wall=213ms seq=52 late=1049ms h=android.view.Choreographer$FrameHandler c=android.view.Choreographer$FrameDisplayEventReceiver)
02-18 12:22:33.345 21201 21201 E libc : Access denied finding property "ro.vendor.pref_scale_resolution"
02-18 12:22:33.363 21201 21201 E libc : Access denied finding property "ro.vendor.pref_scale_resolution"
02-18 12:22:33.501 21201 21201 E libc : Access denied finding property "ro.vendor.pref_scale_resolution"
02-18 12:22:33.507 21201 21201 E libc : Access denied finding property "ro.vendor.pref_scale_resolution"
02-18 12:22:33.521 21201 21201 E libc : Access denied finding property "ro.vendor.pref_scale_resolution"
02-18 12:22:33.529 21201 21201 E libc : Access denied finding property "ro.vendor.pref_scale_resolution"
02-18 12:22:33.533 21201 21201 E libc : Access denied finding property "ro.vendor.pref_scale_resolution"
02-18 12:22:33.540 21201 21201 E libc : Access denied finding property "ro.vendor.pref_scale_resolution"
02-18 12:22:33.601 21201 21201 E libc : Access denied finding property "ro.vendor.pref_scale_resolution"
02-18 12:22:33.627 21201 21201 E libc : Access denied finding property "ro.vendor.pref_scale_resolution"
02-18 12:22:33.627 21201 21201 E libc : Access denied finding property "ro.vendor.pref_scale_resolution"
02-18 12:22:33.647 21201 21201 E libc : Access denied finding property "ro.vendor.pref_scale_resolution"
02-18 12:22:33.668 21201 21201 E libc : Access denied finding property "ro.vendor.pref_scale_resolution"
02-18 12:22:33.669 21201 21201 E libc : Access denied finding property "ro.vendor.pref_scale_resolution"
02-18 12:22:33.673 21201 21201 E libc : Access denied finding property "ro.vendor.pref_scale_resolution"
02-18 12:22:33.683 21201 21201 E libc : Access denied finding property "ro.vendor.pref_scale_resolution"
02-18 12:22:33.735 21201 21201 E libc : Access denied finding property "ro.vendor.pref_scale_resolution"
02-18 12:22:33.817 21201 21201 E libc : Access denied finding property "ro.vendor.pref_scale_resolution"
02-18 12:22:33.826 21201 21201 E libc : Access denied finding property "ro.vendor.pref_scale_resolution"
02-18 12:22:33.834 21201 21201 E libc : Access denied finding property "ro.vendor.pref_scale_resolution"
02-18 12:22:33.837 21201 21201 E libc : Access denied finding property "ro.vendor.pref_scale_resolution"
02-18 12:22:33.839 21201 21201 E libc : Access denied finding property "ro.vendor.pref_scale_resolution"
02-18 12:22:33.913 21201 21201 E libc : Access denied finding property "ro.vendor.pref_scale_resolution"
02-18 12:22:34.022 21201 21201 E libc : Access denied finding property "ro.vendor.df.effect.conflict"
02-18 12:22:34.023 21201 21201 E libc : Access denied finding property "ro.vendor.knock.type"
02-18 12:22:34.363 21201 21226 W LibraryVersion: Failed to get app version for libraryName: firebase-iid
02-18 12:22:34.480 21201 21340 W BpBinder: Slow Binder: BpBinder transact took 343 ms, interface=android.app.IActivityManager, code=22 oneway=false
02-18 12:22:34.846 21201 21201 E libc : Access denied finding property "ro.vendor.pref_scale_resolution"
02-18 12:22:34.969 21201 21201 E libc : Access denied finding property "ro.vendor.pref_scale_resolution"
02-18 12:22:34.977 21201 21201 E libc : Access denied finding property "ro.vendor.pref_scale_resolution"
02-18 12:22:35.047 21201 21201 E libc : Access denied finding property "ro.vendor.pref_scale_resolution"
02-18 12:22:35.062 21201 21201 E libc : Access denied finding property "ro.vendor.pref_scale_resolution"
02-18 12:22:35.067 21201 21201 E libc : Access denied finding property "ro.vendor.pref_scale_resolution"
02-18 12:22:35.070 21201 21201 E libc : Access denied finding property "ro.vendor.pref_scale_resolution"
02-18 12:22:35.084 21201 21201 E libc : Access denied finding property "ro.vendor.pref_scale_resolution"
02-18 12:22:35.095 21201 21201 E libc : Access denied finding property "ro.vendor.pref_scale_resolution"
02-18 12:22:35.099 21201 21201 E libc : Access denied finding property "ro.vendor.pref_scale_resolution"
02-18 12:22:35.150 21201 21201 E ArmVmp : Match on catch block at 0x0a in for 0xb9
02-18 12:22:35.158 21201 21201 E ArmVmp : Match on catch block at 0x0a in for 0xb1
02-18 12:22:35.169 21201 21201 E libc : Access denied finding property "ro.vendor.pref_scale_resolution"
02-18 12:22:35.184 21201 21201 E libc : Access denied finding property "ro.vendor.pref_scale_resolution"
02-18 12:22:35.228 21201 21201 W Looper : PerfMonitor looperActivity : package=com.mbwhatsapp/.Conversation time=0ms latency=651ms running=0ms procState=2 ClientTransaction{ callbacks=[android.app.servertransaction.TopResumedActivityChang eItem] } historyMsgCount=4 (msgIndex=4 wall=644ms seq=420 late=7ms h=android.app.ActivityThread$H w=159)
02-18 12:22:35.288 21201 21201 E libc : Access denied finding property "ro.vendor.pref_scale_resolution"
02-18 12:22:35.303 21201 21201 E libc : Access denied finding property "ro.vendor.pref_scale_resolution"
02-18 12:22:35.337 21201 21201 E libc : Access denied finding property "ro.vendor.pref_scale_resolution"
02-18 12:22:35.410 21201 21201 E libc : Access denied finding property "ro.vendor.pref_scale_resolution"
02-18 12:22:35.681 21201 21201 E libc : Access denied finding property "ro.vendor.pref_scale_resolution"
02-18 12:22:35.696 21201 21201 E ArmVmp : Match on catch block at 0xc3 in for 0xa5
02-18 12:22:35.702 21201 21201 E libc : Access denied finding property "ro.vendor.pref_scale_resolution"
02-18 12:22:35.705 21201 21201 E ArmVmp : Match on catch block at 0xc3 in for 0xa1
02-18 12:22:35.709 21201 21201 E ArmVmp : Match on catch block at 0xc3 in for 0xa1
02-18 12:22:35.716 21201 21201 E libc : Access denied finding property "ro.vendor.pref_scale_resolution"
02-18 12:22:35.726 21201 21201 E libc : Access denied finding property "ro.vendor.pref_scale_resolution"
02-18 12:22:35.769 21201 21201 W Looper : PerfMonitor doFrame : time=540ms vsyncFrame=0 latency=636ms procState=2 historyMsgCount=2 (msgIndex=1 wall=644ms seq=420 late=7ms h=android.app.ActivityThread$H w=159)
02-18 12:22:35.783 21201 21201 E libc : Access denied finding property "ro.vendor.pref_scale_resolution"
02-18 12:22:35.787 21201 21201 E libc : Access denied finding property "ro.vendor.pref_scale_resolution"
02-18 12:22:35.789 21201 21201 E libc : Access denied finding property "ro.vendor.pref_scale_resolution"
02-18 12:22:35.812 21201 21201 E ArmVmp : Match on catch block at 0xc3 in for 0x91
02-18 12:22:35.816 21201 21201 E ArmVmp : Match on catch block at 0xc3 in for 0x99
02-18 12:22:35.818 21201 21201 E ArmVmp : Match on catch block at 0xc3 in for 0x99
02-18 12:22:35.840 21201 21201 W Looper : PerfMonitor doFrame : time=34ms vsyncFrame=0 latency=568ms procState=2 historyMsgCount=54 (msgIndex=1 wall=540ms seq=422 late=636ms h=android.view.Choreographer$FrameHandler c=android.view.Choreographer$FrameDisplayEventReceiver)
02-18 12:22:35.848 21201 21201 E libc : Access denied finding property "ro.vendor.pref_scale_resolution"
02-18 12:22:35.852 21201 21201 E libc : Access denied finding property "ro.vendor.pref_scale_resolution"
02-18 12:22:35.921 21201 21201 E ArmVmp : Match on catch block at 0xc3 in for 0x91
02-18 12:22:35.925 21201 21201 E ArmVmp : Match on catch block at 0xc3 in for 0x95
02-18 12:22:35.927 21201 21201 E ArmVmp : Match on catch block at 0xc3 in for 0x95
02-18 12:22:36.013 21201 21201 E ArmVmp : Match on catch block at 0xc3 in for 0x99
02-18 12:22:36.017 21201 21201 E ArmVmp : Match on catch block at 0xc3 in for 0x91
02-18 12:22:36.020 21201 21201 E ArmVmp : Match on catch block at 0xc3 in for 0x91
02-18 12:22:36.083 21201 21201 E ArmVmp : Match on catch block at 0xc3 in for 0x95
02-18 12:22:36.088 21201 21201 E ArmVmp : Match on catch block at 0xc3 in for 0x99
02-18 12:22:36.091 21201 21201 E ArmVmp : Match on catch block at 0xc3 in for 0x99
02-18 12:22:36.126 21201 21201 E ArmVmp : Match on catch block at 0xc3 in for 0x91
02-18 12:22:36.130 21201 21201 E ArmVmp : Match on catch block at 0xc3 in for 0x95
02-18 12:22:36.134 21201 21201 E ArmVmp : Match on catch block at 0xc3 in for 0x95
02-18 12:22:36.148 21201 21201 E ArmVmp : Match on catch block at 0xc3 in for 0x99
02-18 12:22:36.153 21201 21201 E ArmVmp : Match on catch block at 0xc3 in for 0x91
02-18 12:22:36.157 21201 21201 E ArmVmp : Match on catch block at 0xc3 in for 0x91
02-18 12:22:36.164 21201 21201 E ArmVmp : Match on catch block at 0xc3 in for 0x95
02-18 12:22:36.168 21201 21201 E ArmVmp : Match on catch block at 0xc3 in for 0x99
02-18 12:22:36.171 21201 21201 E ArmVmp : Match on catch block at 0xc3 in for 0x99
02-18 12:22:36.188 21201 21201 E ArmVmp : Match on catch block at 0xc3 in for 0x91
02-18 12:22:36.192 21201 21201 E ArmVmp : Match on catch block at 0xc3 in for 0x95
02-18 12:22:36.196 21201 21201 E ArmVmp : Match on catch block at 0xc3 in for 0x95
02-18 12:22:36.214 21201 21201 E ArmVmp : Match on catch block at 0xc3 in for 0x91
02-18 12:22:36.220 21201 21201 E ArmVmp : Match on catch block at 0xc3 in for 0x95
02-18 12:22:36.223 21201 21201 E ArmVmp : Match on catch block at 0xc3 in for 0x95
02-18 12:22:36.239 21201 21201 E ArmVmp : Match on catch block at 0xc3 in for 0x91
02-18 12:22:36.243 21201 21201 E ArmVmp : Match on catch block at 0xc3 in for 0x95
02-18 12:22:36.245 21201 21201 E ArmVmp : Match on catch block at 0xc3 in for 0x95
02-18 12:22:36.265 21201 21201 E ArmVmp : Match on catch block at 0xc3 in for 0x95
02-18 12:22:36.270 21201 21201 E ArmVmp : Match on catch block at 0xc3 in for 0x99
02-18 12:22:36.273 21201 21201 E ArmVmp : Match on catch block at 0xc3 in for 0x99
02-18 12:22:36.310 21201 21201 E ArmVmp : Match on catch block at 0xc3 in for 0x91
02-18 12:22:36.315 21201 21201 E ArmVmp : Match on catch block at 0xc3 in for 0x95
02-18 12:22:36.318 21201 21201 E ArmVmp : Match on catch block at 0xc3 in for 0x95
02-18 12:22:36.366 21201 21201 E ArmVmp : Match on catch block at 0xc3 in for 0x99
02-18 12:22:36.370 21201 21201 E ArmVmp : Match on catch block at 0xc3 in for 0x91
02-18 12:22:36.372 21201 21201 E ArmVmp : Match on catch block at 0xc3 in for 0x91
02-18 12:22:36.411 21201 21201 E ArmVmp : Match on catch block at 0xc3 in for 0x95
02-18 12:22:36.415 21201 21201 E ArmVmp : Match on catch block at 0xc3 in for 0x99
02-18 12:22:36.417 21201 21201 E ArmVmp : Match on catch block at 0xc3 in for 0x99
02-18 12:22:36.429 21201 21201 E ArmVmp : Match on catch block at 0xc3 in for 0x91
02-18 12:22:36.435 21201 21201 E ArmVmp : Match on catch block at 0xc3 in for 0x95
02-18 12:22:36.438 21201 21201 E ArmVmp : Match on catch block at 0xc3 in for 0x95
02-18 12:22:36.725 21201 21201 E ArmVmp : Match on catch block at 0xc3 in for 0x95
02-18 12:22:36.729 21201 21201 E ArmVmp : Match on catch block at 0xc3 in for 0x99
02-18 12:22:36.731 21201 21201 E ArmVmp : Match on catch block at 0xc3 in for 0x99
02-18 12:22:36.735 21201 21201 W Choreographer: OPTS_INPUT: First frame was drawed before optimized, so skip!
02-18 12:22:36.745 21201 21201 E ArmVmp : Match on catch block at 0xc3 in for 0x95
02-18 12:22:36.750 21201 21201 E ArmVmp : Match on catch block at 0xc3 in for 0x99
02-18 12:22:36.752 21201 21201 E ArmVmp : Match on catch block at 0xc3 in for 0x99
02-18 12:22:36.790 21201 21201 E ArmVmp : Match on catch block at 0xc3 in for 0x91
02-18 12:22:36.793 21201 21201 E ArmVmp : Match on catch block at 0xc3 in for 0x95
02-18 12:22:36.795 21201 21201 E ArmVmp : Match on catch block at 0xc3 in for 0x95
02-18 12:22:36.803 21201 21201 E ArmVmp : Match on catch block at 0xc3 in for 0x99
02-18 12:22:36.807 21201 21201 E ArmVmp : Match on catch block at 0xc3 in for 0x91
02-18 12:22:36.810 21201 21201 E ArmVmp : Match on catch block at 0xc3 in for 0x91
02-18 12:22:36.833 21201 21201 E ArmVmp : Match on catch block at 0xc3 in for 0x99
02-18 12:22:36.839 21201 21201 E ArmVmp : Match on catch block at 0xc3 in for 0x91
02-18 12:22:36.841 21201 21201 E ArmVmp : Match on catch block at 0xc3 in for 0x91
02-18 12:22:36.848 21201 21201 E ArmVmp : Match on catch block at 0xc3 in for 0x95
02-18 12:22:36.854 21201 21201 E ArmVmp : Match on catch block at 0xc3 in for 0x99
02-18 12:22:36.857 21201 21201 E ArmVmp : Match on catch block at 0xc3 in for 0x99
02-18 12:22:36.869 21201 21201 E ArmVmp : Match on catch block at 0xc3 in for 0x91
02-18 12:22:36.875 21201 21201 E ArmVmp : Match on catch block at 0xc3 in for 0x95
02-18 12:22:36.878 21201 21201 E ArmVmp : Match on catch block at 0xc3 in for 0x95
02-18 12:22:36.890 21201 21201 E ArmVmp : Match on catch block at 0xc3 in for 0x99
02-18 12:22:36.895 21201 21201 E ArmVmp : Match on catch block at 0xc3 in for 0x91
02-18 12:22:36.898 21201 21201 E ArmVmp : Match on catch block at 0xc3 in for 0x91
02-18 12:22:36.910 21201 21201 E ArmVmp : Match on catch block at 0xc3 in for 0x95
02-18 12:22:36.915 21201 21201 E ArmVmp : Match on catch block at 0xc3 in for 0x99
02-18 12:22:36.918 21201 21201 E ArmVmp : Match on catch block at 0xc3 in for 0x99
02-18 12:22:36.930 21201 21201 E ArmVmp : Match on catch block at 0xc3 in for 0x91
02-18 12:22:36.934 21201 21201 E ArmVmp : Match on catch block at 0xc3 in for 0x95
02-18 12:22:36.937 21201 21201 E ArmVmp : Match on catch block at 0xc3 in for 0x95
02-18 12:22:36.949 21201 21201 E ArmVmp : Match on catch block at 0xc3 in for 0x99
02-18 12:22:36.956 21201 21201 E ArmVmp : Match on catch block at 0xc3 in for 0x91
02-18 12:22:36.959 21201 21201 E ArmVmp : Match on catch block at 0xc3 in for 0x91
02-18 12:22:36.971 21201 21201 E ArmVmp : Match on catch block at 0xc3 in for 0x95
02-18 12:22:36.977 21201 21201 E ArmVmp : Match on catch block at 0xc3 in for 0x99
02-18 12:22:36.980 21201 21201 E ArmVmp : Match on catch block at 0xc3 in for 0x99
02-18 12:22:36.992 21201 21201 E ArmVmp : Match on catch block at 0xc3 in for 0x91
02-18 12:22:36.997 21201 21201 E ArmVmp : Match on catch block at 0xc3 in for 0x95
02-18 12:22:37.000 21201 21201 E ArmVmp : Match on catch block at 0xc3 in for 0x95
02-18 12:22:37.013 21201 21201 E ArmVmp : Match on catch block at 0xc3 in for 0x99
02-18 12:22:37.018 21201 21201 E ArmVmp : Match on catch block at 0xc3 in for 0x91
02-18 12:22:37.021 21201 21201 E ArmVmp : Match on catch block at 0xc3 in for 0x91
02-18 12:22:37.034 21201 21201 E ArmVmp : Match on catch block at 0xc3 in for 0x95
02-18 12:22:37.040 21201 21201 E ArmVmp : Match on catch block at 0xc3 in for 0x99
02-18 12:22:37.043 21201 21201 E ArmVmp : Match on catch block at 0xc3 in for 0x99
02-18 12:22:37.056 21201 21201 E ArmVmp : Match on catch block at 0xc3 in for 0x91
02-18 12:22:37.062 21201 21201 E ArmVmp : Match on catch block at 0xc3 in for 0x95
02-18 12:22:37.064 21201 21201 E ArmVmp : Match on catch block at 0xc3 in for 0x95
02-18 12:22:37.077 21201 21201 E ArmVmp : Match on catch block at 0xc3 in for 0x99
02-18 12:22:37.082 21201 21201 E ArmVmp : Match on catch block at 0xc3 in for 0x91
02-18 12:22:37.085 21201 21201 E ArmVmp : Match on catch block at 0xc3 in for 0x91
02-18 12:22:37.097 21201 21201 E ArmVmp : Match on catch block at 0xc3 in for 0x95
02-18 12:22:37.102 21201 21201 E ArmVmp : Match on catch block at 0xc3 in for 0x99
02-18 12:22:37.105 21201 21201 E ArmVmp : Match on catch block at 0xc3 in for 0x99
02-18 12:22:37.121 21201 21201 E ArmVmp : Match on catch block at 0xc3 in for 0x91
02-18 12:22:37.126 21201 21201 E ArmVmp : Match on catch block at 0xc3 in for 0x95
02-18 12:22:37.129 21201 21201 E ArmVmp : Match on catch block at 0xc3 in for 0x95
02-18 12:22:37.143 21201 21201 E ArmVmp : Match on catch block at 0xc3 in for 0x99
02-18 12:22:37.148 21201 21201 E ArmVmp : Match on catch block at 0xc3 in for 0x91
02-18 12:22:37.151 21201 21201 E ArmVmp : Match on catch block at 0xc3 in for 0x91
02-18 12:22:37.167 21201 21201 E ArmVmp : Match on catch block at 0xc3 in for 0x95
02-18 12:22:37.173 21201 21201 E ArmVmp : Match on catch block at 0xc3 in for 0x99
02-18 12:22:37.176 21201 21201 E ArmVmp : Match on catch block at 0xc3 in for 0x99
02-18 12:22:37.216 21201 21201 E ArmVmp : Match on catch block at 0xc3 in for 0x99
02-18 12:22:37.219 21201 21201 E ArmVmp : Match on catch block at 0xc3 in for 0x91
02-18 12:22:37.222 21201 21201 E ArmVmp : Match on catch block at 0xc3 in for 0x91
02-18 12:22:37.229 21201 21201 E libc : Access denied finding property "ro.vendor.pref_scale_resolution"
02-18 12:22:37.237 21201 21201 E ArmVmp : Match on catch block at 0xc3 in for 0x95
02-18 12:22:37.242 21201 21201 E ArmVmp : Match on catch block at 0xc3 in for 0x99
02-18 12:22:37.244 21201 21201 E ArmVmp : Match on catch block at 0xc3 in for 0x99
02-18 12:22:37.251 21201 21201 E ArmVmp : Match on catch block at 0xc3 in for 0x91
02-18 12:22:37.256 21201 21201 E ArmVmp : Match on catch block at 0xc3 in for 0x95
02-18 12:22:37.259 21201 21201 E ArmVmp : Match on catch block at 0xc3 in for 0x95
02-18 12:22:37.270 21201 21201 E ArmVmp : Match on catch block at 0xc3 in for 0x99
02-18 12:22:37.275 21201 21201 E ArmVmp : Match on catch block at 0xc3 in for 0x91
02-18 12:22:37.278 21201 21201 E ArmVmp : Match on catch block at 0xc3 in for 0x91
02-18 12:22:37.290 21201 21201 E ArmVmp : Match on catch block at 0xc3 in for 0x95
02-18 12:22:37.295 21201 21201 E ArmVmp : Match on catch block at 0xc3 in for 0x99
02-18 12:22:37.297 21201 21201 E ArmVmp : Match on catch block at 0xc3 in for 0x99
02-18 12:22:37.311 21201 21201 E ArmVmp : Match on catch block at 0xc3 in for 0x91
02-18 12:22:37.316 21201 21201 E ArmVmp : Match on catch block at 0xc3 in for 0x95
02-18 12:22:37.319 21201 21201 E ArmVmp : Match on catch block at 0xc3 in for 0x95
02-18 12:22:37.331 21201 21201 E ArmVmp : Match on catch block at 0xc3 in for 0x99
02-18 12:22:37.336 21201 21201 E ArmVmp : Match on catch block at 0xc3 in for 0x91
02-18 12:22:37.339 21201 21201 E ArmVmp : Match on catch block at 0xc3 in for 0x91
02-18 12:22:37.350 21201 21201 E ArmVmp : Match on catch block at 0xc3 in for 0x95
02-18 12:22:37.354 21201 21201 E ArmVmp : Match on catch block at 0xc3 in for 0x99
02-18 12:22:37.358 21201 21201 E ArmVmp : Match on catch block at 0xc3 in for 0x99
02-18 12:22:37.370 21201 21201 E ArmVmp : Match on catch block at 0xc3 in for 0x91
02-18 12:22:37.375 21201 21201 E ArmVmp : Match on catch block at 0xc3 in for 0x95
02-18 12:22:37.377 21201 21201 E ArmVmp : Match on catch block at 0xc3 in for 0x95
02-18 12:22:37.390 21201 21201 E ArmVmp : Match on catch block at 0xc3 in for 0x99
02-18 12:22:37.396 21201 21201 E ArmVmp : Match on catch block at 0xc3 in for 0x91
02-18 12:22:37.398 21201 21201 E ArmVmp : Match on catch block at 0xc3 in for 0x91
02-18 12:22:37.410 21201 21201 E ArmVmp : Match on catch block at 0xc3 in for 0x95
02-18 12:22:37.414 21201 21201 E ArmVmp : Match on catch block at 0xc3 in for 0x99
02-18 12:22:37.417 21201 21201 E ArmVmp : Match on catch block at 0xc3 in for 0x99
02-18 12:22:37.429 21201 21201 E ArmVmp : Match on catch block at 0xc3 in for 0x91
02-18 12:22:37.434 21201 21201 E ArmVmp : Match on catch block at 0xc3 in for 0x95
02-18 12:22:37.436 21201 21201 E ArmVmp : Match on catch block at 0xc3 in for 0x95
02-18 12:22:37.448 21201 21201 E ArmVmp : Match on catch block at 0xc3 in for 0x99
02-18 12:22:37.452 21201 21201 E ArmVmp : Match on catch block at 0xc3 in for 0x91
02-18 12:22:37.455 21201 21201 E ArmVmp : Match on catch block at 0xc3 in for 0x91
02-18 12:22:37.468 21201 21201 E ArmVmp : Match on catch block at 0xc3 in for 0x95
02-18 12:22:37.472 21201 21201 E ArmVmp : Match on catch block at 0xc3 in for 0x99
02-18 12:22:37.475 21201 21201 E ArmVmp : Match on catch block at 0xc3 in for 0x99
02-18 12:22:37.487 21201 21201 E ArmVmp : Match on catch block at 0xc3 in for 0x91
02-18 12:22:37.492 21201 21201 E ArmVmp : Match on catch block at 0xc3 in for 0x95
02-18 12:22:37.496 21201 21201 E ArmVmp : Match on catch block at 0xc3 in for 0x95
02-18 12:22:37.520 21201 21201 E ArmVmp : Match on catch block at 0xc3 in for 0x99
02-18 12:22:37.524 21201 21201 E ArmVmp : Match on catch block at 0xc3 in for 0x91
02-18 12:22:37.526 21201 21201 E ArmVmp : Match on catch block at 0xc3 in for 0x91
02-18 12:22:37.537 21201 21201 E ArmVmp : Match on catch block at 0xc3 in for 0x95
02-18 12:22:37.542 21201 21201 E ArmVmp : Match on catch block at 0xc3 in for 0x99
02-18 12:22:37.544 21201 21201 E ArmVmp : Match on catch block at 0xc3 in for 0x99
02-18 12:22:37.553 21201 21201 E ArmVmp : Match on catch block at 0xc3 in for 0x91
02-18 12:22:37.557 21201 21201 E ArmVmp : Match on catch block at 0xc3 in for 0x95
02-18 12:22:37.560 21201 21201 E ArmVmp : Match on catch block at 0xc3 in for 0x95
02-18 12:22:37.572 21201 21201 E ArmVmp : Match on catch block at 0xc3 in for 0x99
02-18 12:22:37.577 21201 21201 E ArmVmp : Match on catch block at 0xc3 in for 0x91
02-18 12:22:37.580 21201 21201 E ArmVmp : Match on catch block at 0xc3 in for 0x91
02-18 12:22:37.592 21201 21201 E ArmVmp : Match on catch block at 0xc3 in for 0x95
02-18 12:22:37.596 21201 21201 E ArmVmp : Match on catch block at 0xc3 in for 0x99
02-18 12:22:37.598 21201 21201 E ArmVmp : Match on catch block at 0xc3 in for 0x99
02-18 12:22:37.611 21201 21201 E ArmVmp : Match on catch block at 0xc3 in for 0x91
02-18 12:22:37.615 21201 21201 E ArmVmp : Match on catch block at 0xc3 in for 0x95
02-18 12:22:37.618 21201 21201 E ArmVmp : Match on catch block at 0xc3 in for 0x95
02-18 12:22:37.636 21201 21201 E ArmVmp : Match on catch block at 0xc3 in for 0x99
02-18 12:22:37.640 21201 21201 E ArmVmp : Match on catch block at 0xc3 in for 0x91
02-18 12:22:37.643 21201 21201 E ArmVmp : Match on catch block at 0xc3 in for 0x91
02-18 12:22:37.652 21201 21201 E ArmVmp : Match on catch block at 0xc3 in for 0x95
02-18 12:22:37.656 21201 21201 E ArmVmp : Match on catch block at 0xc3 in for 0x99
02-18 12:22:37.659 21201 21201 E ArmVmp : Match on catch block at 0xc3 in for 0x99
02-18 12:22:37.671 21201 21201 E ArmVmp : Match on catch block at 0xc3 in for 0x91
02-18 12:22:37.675 21201 21201 E ArmVmp : Match on catch block at 0xc3 in for 0x95
02-18 12:22:37.678 21201 21201 E ArmVmp : Match on catch block at 0xc3 in for 0x95
02-18 12:22:37.690 21201 21201 E ArmVmp : Match on catch block at 0xc3 in for 0x99
02-18 12:22:37.694 21201 21201 E ArmVmp : Match on catch block at 0xc3 in for 0x91
02-18 12:22:37.696 21201 21201 E ArmVmp : Match on catch block at 0xc3 in for 0x91
02-18 12:22:37.710 21201 21201 E ArmVmp : Match on catch block at 0xc3 in for 0x95
02-18 12:22:37.714 21201 21201 E ArmVmp : Match on catch block at 0xc3 in for 0x99
02-18 12:22:37.717 21201 21201 E ArmVmp : Match on catch block at 0xc3 in for 0x99
02-18 12:22:37.742 21201 21201 E ArmVmp : Match on catch block at 0xc3 in for 0x95
02-18 12:22:37.745 21201 21201 E ArmVmp : Match on catch block at 0xc3 in for 0x99
02-18 12:22:37.748 21201 21201 E ArmVmp : Match on catch block at 0xc3 in for 0x99
02-18 12:22:37.755 21201 21201 E ArmVmp : Match on catch block at 0xc3 in for 0x91
02-18 12:22:37.758 21201 21201 E ArmVmp : Match on catch block at 0xc3 in for 0x95
02-18 12:22:37.777 21201 21201 E ArmVmp : Match on catch block at 0xc3 in for 0x95
02-18 12:22:37.782 21201 21201 E ArmVmp : Match on catch block at 0xc3 in for 0x99
02-18 12:22:37.785 21201 21201 E ArmVmp : Match on catch block at 0xc3 in for 0x99
02-18 12:22:37.795 21201 21201 E ArmVmp : Match on catch block at 0xc3 in for 0x91
02-18 12:22:37.799 21201 21201 E ArmVmp : Match on catch block at 0xc3 in for 0x95
02-18 12:22:37.802 21201 21201 E ArmVmp : Match on catch block at 0xc3 in for 0x95
02-18 12:22:37.814 21201 21201 E ArmVmp : Match on catch block at 0xc3 in for 0x99
02-18 12:22:37.818 21201 21201 E ArmVmp : Match on catch block at 0xc3 in for 0x91
02-18 12:22:37.821 21201 21201 E ArmVmp : Match on catch block at 0xc3 in for 0x91
02-18 12:22:37.832 21201 21201 E ArmVmp : Match on catch block at 0xc3 in for 0x95
02-18 12:22:37.837 21201 21201 E ArmVmp : Match on catch block at 0xc3 in for 0x99
02-18 12:22:37.840 21201 21201 E ArmVmp : Match on catch block at 0xc3 in for 0x99
02-18 12:22:37.852 21201 21201 E ArmVmp : Match on catch block at 0xc3 in for 0x91
02-18 12:22:37.857 21201 21201 E ArmVmp : Match on catch block at 0xc3 in for 0x95
02-18 12:22:37.859 21201 21201 E ArmVmp : Match on catch block at 0xc3 in for 0x95
02-18 12:22:37.872 21201 21201 E ArmVmp : Match on catch block at 0xc3 in for 0x99
02-18 12:22:37.876 21201 21201 E ArmVmp : Match on catch block at 0xc3 in for 0x91
02-18 12:22:37.879 21201 21201 E ArmVmp : Match on catch block at 0xc3 in for 0x91
02-18 12:22:37.891 21201 21201 E ArmVmp : Match on catch block at 0xc3 in for 0x95
02-18 12:22:37.895 21201 21201 E ArmVmp : Match on catch block at 0xc3 in for 0x99
02-18 12:22:37.898 21201 21201 E ArmVmp : Match on catch block at 0xc3 in for 0x99
02-18 12:22:37.910 21201 21201 E ArmVmp : Match on catch block at 0xc3 in for 0x91
02-18 12:22:37.914 21201 21201 E ArmVmp : Match on catch block at 0xc3 in for 0x95
02-18 12:22:37.917 21201 21201 E ArmVmp : Match on catch block at 0xc3 in for 0x95
02-18 12:22:37.930 21201 21201 E ArmVmp : Match on catch block at 0xc3 in for 0x99
02-18 12:22:37.933 21201 21201 E ArmVmp : Match on catch block at 0xc3 in for 0x91
02-18 12:22:37.937 21201 21201 E ArmVmp : Match on catch block at 0xc3 in for 0x91
02-18 12:22:37.950 21201 21201 E ArmVmp : Match on catch block at 0xc3 in for 0x95
02-18 12:22:37.954 21201 21201 E ArmVmp : Match on catch block at 0xc3 in for 0x99
02-18 12:22:37.957 21201 21201 E ArmVmp : Match on catch block at 0xc3 in for 0x99
02-18 12:22:37.969 21201 21201 E ArmVmp : Match on catch block at 0xc3 in for 0x91
02-18 12:22:37.972 21201 21201 E ArmVmp : Match on catch block at 0xc3 in for 0x95
02-18 12:22:37.975 21201 21201 E ArmVmp : Match on catch block at 0xc3 in for 0x95
02-18 12:22:37.988 21201 21201 E ArmVmp : Match on catch block at 0xc3 in for 0x99
02-18 12:22:37.992 21201 21201 E ArmVmp : Match on catch block at 0xc3 in for 0x91
02-18 12:22:37.994 21201 21201 E ArmVmp : Match on catch block at 0xc3 in for 0x91
02-18 12:22:38.016 21201 21201 E ArmVmp : Match on catch block at 0xc3 in for 0x95
02-18 12:22:38.020 21201 21201 E ArmVmp : Match on catch block at 0xc3 in for 0x99
02-18 12:22:38.023 21201 21201 E ArmVmp : Match on catch block at 0xc3 in for 0x99
02-18 12:22:38.032 21201 21201 E ArmVmp : Match on catch block at 0xc3 in for 0x91
02-18 12:22:38.036 21201 21201 E ArmVmp : Match on catch block at 0xc3 in for 0x95
02-18 12:22:38.039 21201 21201 E ArmVmp : Match on catch block at 0xc3 in for 0x95
02-18 12:22:38.064 21201 21201 E ArmVmp : Match on catch block at 0xc3 in for 0x99
02-18 12:22:38.067 21201 21201 E ArmVmp : Match on catch block at 0xc3 in for 0x91
02-18 12:22:38.069 21201 21201 E ArmVmp : Match on catch block at 0xc3 in for 0x91
02-18 12:22:38.113 21201 21201 E ArmVmp : Match on catch block at 0xc3 in for 0x95
02-18 12:22:38.118 21201 21201 E ArmVmp : Match on catch block at 0xc3 in for 0x99
02-18 12:22:38.121 21201 21201 E ArmVmp : Match on catch block at 0xc3 in for 0x99
02-18 12:22:38.476 21201 21201 E ArmVmp : Match on catch block at 0xc3 in for 0x99
02-18 12:22:38.479 21201 21201 E ArmVmp : Match on catch block at 0xc3 in for 0x91
02-18 12:22:38.481 21201 21201 E ArmVmp : Match on catch block at 0xc3 in for 0x91
02-18 12:22:38.494 21201 21201 E ArmVmp : Match on catch block at 0xc3 in for 0x95
02-18 12:22:38.497 21201 21201 E ArmVmp : Match on catch block at 0xc3 in for 0x99
02-18 12:22:38.500 21201 21201 E ArmVmp : Match on catch block at 0xc3 in for 0x99
02-18 12:22:38.512 21201 21201 E ArmVmp : Match on catch block at 0xc3 in for 0x99
02-18 12:22:38.517 21201 21201 E ArmVmp : Match on catch block at 0xc3 in for 0x91
