02-17 18:52:49.149 13560 13560 E ArmVmp : Match on catch block at 0xc3 in for 0x91
02-17 18:52:49.163 13560 13560 E ArmVmp : Match on catch block at 0xc3 in for 0x91
02-17 18:52:49.166 13560 13560 E ArmVmp : Match on catch block at 0xc3 in for 0x95
02-17 18:52:49.179 13560 13560 E ArmVmp : Match on catch block at 0xc3 in for 0x91
02-17 18:52:49.182 13560 13560 E ArmVmp : Match on catch block at 0xc3 in for 0x95
02-17 18:52:49.196 13560 13560 E ArmVmp : Match on catch block at 0xc3 in for 0x95
02-17 18:52:49.198 13560 13560 E ArmVmp : Match on catch block at 0xc3 in for 0x99
02-17 18:52:49.214 13560 13560 E ArmVmp : Match on catch block at 0xc3 in for 0x99
02-17 18:52:49.217 13560 13560 E ArmVmp : Match on catch block at 0xc3 in for 0x91
02-17 18:52:49.229 13560 13560 E ArmVmp : Match on catch block at 0xc3 in for 0x91
02-17 18:52:49.233 13560 13560 E ArmVmp : Match on catch block at 0xc3 in for 0x95
02-17 18:52:49.245 13560 13560 E ArmVmp : Match on catch block at 0xc3 in for 0x95
02-17 18:52:49.248 13560 13560 E ArmVmp : Match on catch block at 0xc3 in for 0x99
02-17 18:52:49.262 13560 13560 E ArmVmp : Match on catch block at 0xc3 in for 0x99
02-17 18:52:49.265 13560 13560 E ArmVmp : Match on catch block at 0xc3 in for 0x91
02-17 18:52:49.278 13560 13560 E ArmVmp : Match on catch block at 0xc3 in for 0x91
02-17 18:52:49.281 13560 13560 E ArmVmp : Match on catch block at 0xc3 in for 0x95
02-17 18:52:49.295 13560 13560 E ArmVmp : Match on catch block at 0xc3 in for 0x95
02-17 18:52:49.298 13560 13560 E ArmVmp : Match on catch block at 0xc3 in for 0x99
02-17 18:52:49.311 13560 13560 E ArmVmp : Match on catch block at 0xc3 in for 0x99
02-17 18:52:49.314 13560 13560 E ArmVmp : Match on catch block at 0xc3 in for 0x91
02-17 18:52:49.327 13560 13560 E ArmVmp : Match on catch block at 0xc3 in for 0x95
02-17 18:52:49.330 13560 13560 E ArmVmp : Match on catch block at 0xc3 in for 0x99
02-17 18:52:49.344 13560 13560 E ArmVmp : Match on catch block at 0xc3 in for 0x91
02-17 18:52:49.347 13560 13560 E ArmVmp : Match on catch block at 0xc3 in for 0x95
02-17 18:52:49.360 13560 13560 E ArmVmp : Match on catch block at 0xc3 in for 0x99
02-17 18:52:49.364 13560 13560 E ArmVmp : Match on catch block at 0xc3 in for 0x91
02-17 18:52:49.377 13560 13560 E ArmVmp : Match on catch block at 0xc3 in for 0x95
02-17 18:52:49.380 13560 13560 E ArmVmp : Match on catch block at 0xc3 in for 0x99
02-17 18:52:49.394 13560 13560 E ArmVmp : Match on catch block at 0xc3 in for 0x91
02-17 18:52:49.397 13560 13560 E ArmVmp : Match on catch block at 0xc3 in for 0x95
02-17 18:52:49.410 13560 13560 E ArmVmp : Match on catch block at 0xc3 in for 0x99
02-17 18:52:49.413 13560 13560 E ArmVmp : Match on catch block at 0xc3 in for 0x91
02-17 18:52:49.426 13560 13560 E ArmVmp : Match on catch block at 0xc3 in for 0x95
02-17 18:52:49.429 13560 13560 E ArmVmp : Match on catch block at 0xc3 in for 0x99
02-17 18:52:49.443 13560 13560 E ArmVmp : Match on catch block at 0xc3 in for 0x91
02-17 18:52:49.446 13560 13560 E ArmVmp : Match on catch block at 0xc3 in for 0x95
02-17 18:52:49.459 13560 13560 E ArmVmp : Match on catch block at 0xc3 in for 0x99
02-17 18:52:49.463 13560 13560 E ArmVmp : Match on catch block at 0xc3 in for 0x91
02-17 18:52:49.476 13560 13560 E ArmVmp : Match on catch block at 0xc3 in for 0x95
02-17 18:52:49.479 13560 13560 E ArmVmp : Match on catch block at 0xc3 in for 0x99
02-17 18:52:49.492 13560 13560 E ArmVmp : Match on catch block at 0xc3 in for 0x91
02-17 18:52:49.496 13560 13560 E ArmVmp : Match on catch block at 0xc3 in for 0x95
02-17 18:52:49.509 13560 13560 E ArmVmp : Match on catch block at 0xc3 in for 0x99
02-17 18:52:49.513 13560 13560 E ArmVmp : Match on catch block at 0xc3 in for 0x91
02-17 18:52:49.526 13560 13560 E ArmVmp : Match on catch block at 0xc3 in for 0x95
02-17 18:52:49.529 13560 13560 E ArmVmp : Match on catch block at 0xc3 in for 0x99
02-17 18:52:49.542 13560 13560 E ArmVmp : Match on catch block at 0xc3 in for 0x91
02-17 18:52:49.546 13560 13560 E ArmVmp : Match on catch block at 0xc3 in for 0x95
02-17 18:52:49.559 13560 13560 E ArmVmp : Match on catch block at 0xc3 in for 0x99
02-17 18:52:49.563 13560 13560 E ArmVmp : Match on catch block at 0xc3 in for 0x91
02-17 18:52:49.575 13560 13560 E ArmVmp : Match on catch block at 0xc3 in for 0x91
02-17 18:52:49.579 13560 13560 E ArmVmp : Match on catch block at 0xc3 in for 0x95
02-17 18:52:49.873 13560 13560 E ArmVmp : Match on catch block at 0xc3 in for 0x91
02-17 18:52:49.878 13560 13560 E ArmVmp : Match on catch block at 0xc3 in for 0x95
02-17 18:52:49.946 13560 13560 E ArmVmp : Match on catch block at 0xc3 in for 0x99
02-17 18:52:49.949 13560 13560 E ArmVmp : Match on catch block at 0xc3 in for 0x91
02-17 18:52:49.980 13560 13646 E FrameEvents: updateAcquireFence: Did not find frame.
02-17 18:52:50.036 13560 13560 E libc : Access denied finding property "ro.vendor.pref_scale_resolution"
02-17 18:52:50.039 13560 13560 E libc : Access denied finding property "ro.vendor.pref_scale_resolution"
02-17 18:52:50.058 13560 13560 E libc : Access denied finding property "ro.vendor.pref_scale_resolution"
02-17 18:52:50.130 13560 13560 E ArmVmp : Match on catch block at 0xc3 in for 0x99
02-17 18:52:50.134 13560 13560 E ArmVmp : Match on catch block at 0xc3 in for 0x91
02-17 18:52:50.153 13560 13560 E ArmVmp : Match on catch block at 0xc3 in for 0x91
02-17 18:52:50.157 13560 13560 E ArmVmp : Match on catch block at 0xc3 in for 0x95
02-17 18:52:50.162 13560 13560 E libc : Access denied finding property "ro.vendor.pref_scale_resolution"
02-17 18:52:50.181 13560 13560 E libc : Access denied finding property "ro.vendor.pref_scale_resolution"
02-17 18:52:50.223 13560 13560 E ArmVmp : Match on catch block at 0xc3 in for 0x99
02-17 18:52:50.227 13560 13560 E ArmVmp : Match on catch block at 0xc3 in for 0x91
02-17 18:52:50.245 13560 13560 E ArmVmp : Match on catch block at 0xc3 in for 0x99
02-17 18:52:50.251 13560 13560 E ArmVmp : Match on catch block at 0xc3 in for 0x91
02-17 18:52:50.259 13560 13560 E ArmVmp : Match on catch block at 0xc3 in for 0x91
02-17 18:52:50.264 13560 13560 E ArmVmp : Match on catch block at 0xc3 in for 0x95
02-17 18:52:50.281 13560 13560 E ArmVmp : Match on catch block at 0xc3 in for 0x95
02-17 18:52:50.287 13560 13560 E ArmVmp : Match on catch block at 0xc3 in for 0x99
02-17 18:52:50.300 13560 13560 E ArmVmp : Match on catch block at 0xc3 in for 0x99
02-17 18:52:50.307 13560 13560 E ArmVmp : Match on catch block at 0xc3 in for 0x91
02-17 18:52:50.324 13560 13560 E ArmVmp : Match on catch block at 0xc3 in for 0x91
02-17 18:52:50.327 13560 13560 E ArmVmp : Match on catch block at 0xc3 in for 0x95
02-17 18:52:50.340 13560 13560 E ArmVmp : Match on catch block at 0xc3 in for 0x95
02-17 18:52:50.344 13560 13560 E ArmVmp : Match on catch block at 0xc3 in for 0x99
02-17 18:52:50.357 13560 13560 E ArmVmp : Match on catch block at 0xc3 in for 0x99
02-17 18:52:50.360 13560 13560 E ArmVmp : Match on catch block at 0xc3 in for 0x91
02-17 18:52:53.524 13560 13560 E libc : Access denied finding property "ro.vendor.pref_scale_resolution"
02-17 18:52:58.277 13560 13560 E libc : Access denied finding property "ro.vendor.pref_scale_resolution"
02-17 18:52:58.281 13560 13560 E libc : Access denied finding property "ro.vendor.pref_scale_resolution"
02-17 18:53:02.344 13560 13560 E ArmVmp : Match on catch block at 0xc3 in for 0x95
02-17 18:53:02.347 13560 13560 E ArmVmp : Match on catch block at 0xc3 in for 0x99
02-17 18:53:02.359 13560 13560 E ArmVmp : Match on catch block at 0xc3 in for 0x99
02-17 18:53:02.362 13560 13560 E ArmVmp : Match on catch block at 0xc3 in for 0x91
02-17 18:53:02.657 13560 13560 E ArmVmp : Match on catch block at 0xc3 in for 0x91
02-17 18:53:02.663 13560 13560 E ArmVmp : Match on catch block at 0xc3 in for 0x95
02-17 18:53:02.684 13560 13560 E ArmVmp : Match on catch block at 0xc3 in for 0x99
02-17 18:53:02.690 13560 13560 E ArmVmp : Match on catch block at 0xc3 in for 0x91
02-17 18:53:02.716 13560 13560 E ArmVmp : Match on catch block at 0xc3 in for 0x91
02-17 18:53:02.720 13560 13560 E ArmVmp : Match on catch block at 0xc3 in for 0x95
02-17 18:53:02.829 13560 13560 E ArmVmp : Match on catch block at 0xc3 in for 0x91
02-17 18:53:02.831 13560 13560 E ArmVmp : Match on catch block at 0xc3 in for 0x95
02-17 18:53:02.857 13560 13560 E ArmVmp : Match on catch block at 0xc3 in for 0x99
02-17 18:53:02.861 13560 13560 E ArmVmp : Match on catch block at 0xc3 in for 0x91
02-17 18:53:03.350 13560 13560 E ArmVmp : Match on catch block at 0xc3 in for 0x91
02-17 18:53:03.353 13560 13560 E ArmVmp : Match on catch block at 0xc3 in for 0x95
02-17 18:53:03.580 13560 13560 E ArmVmp : Match on catch block at 0xc3 in for 0x91
02-17 18:53:03.583 13560 13560 E ArmVmp : Match on catch block at 0xc3 in for 0x95
02-17 18:53:03.650 13560 13560 E libc : Access denied finding property "ro.vendor.pref_scale_resolution"
02-17 18:53:03.654 13560 13560 E libc : Access denied finding property "ro.vendor.pref_scale_resolution"
02-17 18:53:03.668 13560 13560 E libc : Access denied finding property "ro.vendor.pref_scale_resolution"
02-17 18:53:03.746 13560 13560 E ArmVmp : Match on catch block at 0xc3 in for 0x91
02-17 18:53:03.750 13560 13560 E ArmVmp : Match on catch block at 0xc3 in for 0x95
02-17 18:53:03.756 13560 13560 E libc : Access denied finding property "ro.vendor.pref_scale_resolution"
02-17 18:53:03.831 13560 13560 E ArmVmp : Match on catch block at 0xc3 in for 0x91
02-17 18:53:03.835 13560 13560 E ArmVmp : Match on catch block at 0xc3 in for 0x95
02-17 18:53:03.979 13560 13560 E ArmVmp : Match on catch block at 0xc3 in for 0x95
02-17 18:53:03.985 13560 13560 E ArmVmp : Match on catch block at 0xc3 in for 0x99
02-17 18:53:04.185 13560 13574 W System : A resource failed to call close.
02-17 18:53:04.186 13560 13574 W System : A resource failed to call release.
02-17 18:53:04.424 13560 13560 E ArmVmp : Match on catch block at 0xc3 in for 0x99
02-17 18:53:04.427 13560 13560 E ArmVmp : Match on catch block at 0xc3 in for 0x91
02-17 18:53:04.445 13560 13560 E ArmVmp : Match on catch block at 0xc3 in for 0x91
02-17 18:53:04.448 13560 13560 E ArmVmp : Match on catch block at 0xc3 in for 0x95
02-17 18:53:04.462 13560 13560 E ArmVmp : Match on catch block at 0xc3 in for 0x95
02-17 18:53:04.465 13560 13560 E ArmVmp : Match on catch block at 0xc3 in for 0x99
02-17 18:53:04.478 13560 13560 E ArmVmp : Match on catch block at 0xc3 in for 0x99
02-17 18:53:04.482 13560 13560 E ArmVmp : Match on catch block at 0xc3 in for 0x91
02-17 18:53:04.495 13560 13560 E ArmVmp : Match on catch block at 0xc3 in for 0x91
02-17 18:53:04.498 13560 13560 E ArmVmp : Match on catch block at 0xc3 in for 0x95
02-17 18:53:04.512 13560 13560 E ArmVmp : Match on catch block at 0xc3 in for 0x95
02-17 18:53:04.516 13560 13560 E ArmVmp : Match on catch block at 0xc3 in for 0x99
02-17 18:53:04.528 13560 13560 E ArmVmp : Match on catch block at 0xc3 in for 0x99
02-17 18:53:04.531 13560 13560 E ArmVmp : Match on catch block at 0xc3 in for 0x91
02-17 18:53:04.545 13560 13560 E ArmVmp : Match on catch block at 0xc3 in for 0x91
02-17 18:53:04.548 13560 13560 E ArmVmp : Match on catch block at 0xc3 in for 0x95
02-17 18:53:04.562 13560 13560 E ArmVmp : Match on catch block at 0xc3 in for 0x95
02-17 18:53:04.566 13560 13560 E ArmVmp : Match on catch block at 0xc3 in for 0x99
02-17 18:53:04.576 13560 13560 E ArmVmp : Match on catch block at 0xc3 in for 0x99
02-17 18:53:04.579 13560 13560 E ArmVmp : Match on catch block at 0xc3 in for 0x91
02-17 18:53:04.598 13560 13560 E ArmVmp : Match on catch block at 0xc3 in for 0x91
02-17 18:53:04.602 13560 13560 E ArmVmp : Match on catch block at 0xc3 in for 0x95
02-17 18:53:04.615 13560 13560 E ArmVmp : Match on catch block at 0xc3 in for 0x95
02-17 18:53:04.618 13560 13560 E ArmVmp : Match on catch block at 0xc3 in for 0x99
02-17 18:53:04.630 13560 13560 E ArmVmp : Match on catch block at 0xc3 in for 0x99
02-17 18:53:04.634 13560 13560 E ArmVmp : Match on catch block at 0xc3 in for 0x91
02-17 18:53:04.647 13560 13560 E ArmVmp : Match on catch block at 0xc3 in for 0x91
02-17 18:53:04.651 13560 13560 E ArmVmp : Match on catch block at 0xc3 in for 0x95
02-17 18:53:04.663 13560 13560 E ArmVmp : Match on catch block at 0xc3 in for 0x95
02-17 18:53:04.667 13560 13560 E ArmVmp : Match on catch block at 0xc3 in for 0x99
02-17 18:53:04.681 13560 13560 E ArmVmp : Match on catch block at 0xc3 in for 0x99
02-17 18:53:04.684 13560 13560 E ArmVmp : Match on catch block at 0xc3 in for 0x91
02-17 18:53:17.441 13560 13560 E libc : Access denied finding property "ro.vendor.pref_scale_resolution"
02-17 18:53:17.444 13560 13560 E libc : Access denied finding property "ro.vendor.pref_scale_resolution"
02-17 18:53:25.939 13560 13560 E ArmVmp : Match on catch block at 0xc3 in for 0x99
02-17 18:53:25.944 13560 13560 E ArmVmp : Match on catch block at 0xc3 in for 0x91
02-17 18:53:25.950 13560 13560 E ArmVmp : Match on catch block at 0xc3 in for 0x91
02-17 18:53:25.954 13560 13560 E ArmVmp : Match on catch block at 0xc3 in for 0x95
02-17 18:53:26.242 13560 13560 E ArmVmp : Match on catch block at 0xc3 in for 0x95
02-17 18:53:26.247 13560 13560 E ArmVmp : Match on catch block at 0xc3 in for 0x99
02-17 18:53:26.264 13560 13560 E ArmVmp : Match on catch block at 0xc3 in for 0x99
02-17 18:53:26.268 13560 13560 E ArmVmp : Match on catch block at 0xc3 in for 0x91
02-17 18:53:26.292 13560 13560 E ArmVmp : Match on catch block at 0xc3 in for 0x91
02-17 18:53:26.296 13560 13560 E ArmVmp : Match on catch block at 0xc3 in for 0x95
02-17 18:53:26.414 13560 13560 E ArmVmp : Match on catch block at 0xc3 in for 0x99
02-17 18:53:26.417 13560 13560 E ArmVmp : Match on catch block at 0xc3 in for 0x91
02-17 18:53:26.443 13560 13560 E ArmVmp : Match on catch block at 0xc3 in for 0x95
02-17 18:53:26.447 13560 13560 E ArmVmp : Match on catch block at 0xc3 in for 0x99
02-17 18:53:26.843 13560 13560 E ArmVmp : Match on catch block at 0xc3 in for 0x99
02-17 18:53:26.845 13560 13560 E ArmVmp : Match on catch block at 0xc3 in for 0x91
02-17 18:53:26.869 13560 13560 E ArmVmp : Match on catch block at 0xc3 in for 0x91
02-17 18:53:26.871 13560 13560 E ArmVmp : Match on catch block at 0xc3 in for 0x95
02-17 18:53:26.887 13560 13560 E ArmVmp : Match on catch block at 0xc3 in for 0x95
02-17 18:53:26.890 13560 13560 E ArmVmp : Match on catch block at 0xc3 in for 0x99
02-17 18:53:26.905 13560 13560 E ArmVmp : Match on catch block at 0xc3 in for 0x99
02-17 18:53:26.908 13560 13560 E ArmVmp : Match on catch block at 0xc3 in for 0x91
02-17 18:53:26.919 13560 13560 E ArmVmp : Match on catch block at 0xc3 in for 0x95
02-17 18:53:26.922 13560 13560 E ArmVmp : Match on catch block at 0xc3 in for 0x99
02-17 18:53:26.935 13560 13560 E ArmVmp : Match on catch block at 0xc3 in for 0x91
02-17 18:53:26.938 13560 13560 E ArmVmp : Match on catch block at 0xc3 in for 0x95
02-17 18:53:26.951 13560 13560 E ArmVmp : Match on catch block at 0xc3 in for 0x99
02-17 18:53:26.954 13560 13560 E ArmVmp : Match on catch block at 0xc3 in for 0x91
02-17 18:53:26.968 13560 13560 E ArmVmp : Match on catch block at 0xc3 in for 0x95
02-17 18:53:26.971 13560 13560 E ArmVmp : Match on catch block at 0xc3 in for 0x99
02-17 18:53:26.985 13560 13560 E ArmVmp : Match on catch block at 0xc3 in for 0x91
02-17 18:53:26.987 13560 13560 E ArmVmp : Match on catch block at 0xc3 in for 0x95
02-17 18:53:27.001 13560 13560 E ArmVmp : Match on catch block at 0xc3 in for 0x99
02-17 18:53:27.005 13560 13560 E ArmVmp : Match on catch block at 0xc3 in for 0x91
02-17 18:53:27.018 13560 13560 E ArmVmp : Match on catch block at 0xc3 in for 0x95
02-17 18:53:27.021 13560 13560 E ArmVmp : Match on catch block at 0xc3 in for 0x99
02-17 18:53:27.034 13560 13560 E ArmVmp : Match on catch block at 0xc3 in for 0x99
02-17 18:53:27.038 13560 13560 E ArmVmp : Match on catch block at 0xc3 in for 0x91
02-17 18:53:27.315 13560 13560 E ArmVmp : Match on catch block at 0xc3 in for 0x95
02-17 18:53:27.318 13560 13560 E ArmVmp : Match on catch block at 0xc3 in for 0x99
02-17 18:53:27.331 13560 13560 E ArmVmp : Match on catch block at 0xc3 in for 0x95
02-17 18:53:27.334 13560 13560 E ArmVmp : Match on catch block at 0xc3 in for 0x99
02-17 18:53:27.347 13560 13560 E ArmVmp : Match on catch block at 0xc3 in for 0x91
02-17 18:53:27.350 13560 13560 E ArmVmp : Match on catch block at 0xc3 in for 0x95
02-17 18:53:27.363 13560 13560 E ArmVmp : Match on catch block at 0xc3 in for 0x99
02-17 18:53:27.367 13560 13560 E ArmVmp : Match on catch block at 0xc3 in for 0x91
02-17 18:53:27.380 13560 13560 E ArmVmp : Match on catch block at 0xc3 in for 0x95
02-17 18:53:27.383 13560 13560 E ArmVmp : Match on catch block at 0xc3 in for 0x99
02-17 18:53:27.397 13560 13560 E ArmVmp : Match on catch block at 0xc3 in for 0x91
02-17 18:53:27.400 13560 13560 E ArmVmp : Match on catch block at 0xc3 in for 0x95
02-17 18:53:27.413 13560 13560 E ArmVmp : Match on catch block at 0xc3 in for 0x99
02-17 18:53:27.417 13560 13560 E ArmVmp : Match on catch block at 0xc3 in for 0x91
02-17 18:53:27.430 13560 13560 E ArmVmp : Match on catch block at 0xc3 in for 0x95
02-17 18:53:27.433 13560 13560 E ArmVmp : Match on catch block at 0xc3 in for 0x99
02-17 18:53:27.446 13560 13560 E ArmVmp : Match on catch block at 0xc3 in for 0x91
02-17 18:53:27.449 13560 13560 E ArmVmp : Match on catch block at 0xc3 in for 0x95
02-17 18:53:27.463 13560 13560 E ArmVmp : Match on catch block at 0xc3 in for 0x99
02-17 18:53:27.466 13560 13560 E ArmVmp : Match on catch block at 0xc3 in for 0x91
02-17 18:53:27.479 13560 13560 E ArmVmp : Match on catch block at 0xc3 in for 0x95
02-17 18:53:27.482 13560 13560 E ArmVmp : Match on catch block at 0xc3 in for 0x99
02-17 18:53:27.496 13560 13560 E ArmVmp : Match on catch block at 0xc3 in for 0x91
02-17 18:53:27.499 13560 13560 E ArmVmp : Match on catch block at 0xc3 in for 0x95
02-17 18:53:27.512 13560 13560 E ArmVmp : Match on catch block at 0xc3 in for 0x99
02-17 18:53:27.515 13560 13560 E ArmVmp : Match on catch block at 0xc3 in for 0x91
02-17 18:53:27.529 13560 13560 E ArmVmp : Match on catch block at 0xc3 in for 0x95
02-17 18:53:27.532 13560 13560 E ArmVmp : Match on catch block at 0xc3 in for 0x99
02-17 18:53:27.545 13560 13560 E ArmVmp : Match on catch block at 0xc3 in for 0x95
02-17 18:53:27.550 13560 13560 E ArmVmp : Match on catch block at 0xc3 in for 0x99
02-17 18:53:27.561 13560 13560 E ArmVmp : Match on catch block at 0xc3 in for 0x99
02-17 18:53:27.565 13560 13560 E ArmVmp : Match on catch block at 0xc3 in for 0x91
02-17 18:53:27.578 13560 13560 E ArmVmp : Match on catch block at 0xc3 in for 0x91
02-17 18:53:27.582 13560 13560 E ArmVmp : Match on catch block at 0xc3 in for 0x95
02-17 18:53:27.594 13560 13560 E ArmVmp : Match on catch block at 0xc3 in for 0x95
02-17 18:53:27.598 13560 13560 E ArmVmp : Match on catch block at 0xc3 in for 0x99
02-17 18:53:27.611 13560 13560 E ArmVmp : Match on catch block at 0xc3 in for 0x99
02-17 18:53:27.614 13560 13560 E ArmVmp : Match on catch block at 0xc3 in for 0x91
02-17 18:53:27.627 13560 13560 E ArmVmp : Match on catch block at 0xc3 in for 0x91
02-17 18:53:27.631 13560 13560 E ArmVmp : Match on catch block at 0xc3 in for 0x95
02-17 18:53:27.644 13560 13560 E ArmVmp : Match on catch block at 0xc3 in for 0x95
02-17 18:53:27.648 13560 13560 E ArmVmp : Match on catch block at 0xc3 in for 0x99
02-17 18:53:27.661 13560 13560 E ArmVmp : Match on catch block at 0xc3 in for 0x99
02-17 18:53:27.664 13560 13560 E ArmVmp : Match on catch block at 0xc3 in for 0x91
02-17 18:53:27.677 13560 13560 E ArmVmp : Match on catch block at 0xc3 in for 0x91
02-17 18:53:27.680 13560 13560 E ArmVmp : Match on catch block at 0xc3 in for 0x95
02-17 18:53:27.694 13560 13560 E ArmVmp : Match on catch block at 0xc3 in for 0x95
02-17 18:53:27.698 13560 13560 E ArmVmp : Match on catch block at 0xc3 in for 0x99
02-17 18:53:27.730 13560 13560 E ArmVmp : Match on catch block at 0xc3 in for 0x95
02-17 18:53:27.733 13560 13560 E ArmVmp : Match on catch block at 0xc3 in for 0x99
02-17 18:53:27.744 13560 13560 E ArmVmp : Match on catch block at 0xc3 in for 0x99
02-17 18:53:27.747 13560 13560 E ArmVmp : Match on catch block at 0xc3 in for 0x91
02-17 18:53:27.809 13560 13560 E ArmVmp : Match on catch block at 0xc3 in for 0x91
02-17 18:53:27.813 13560 13560 E ArmVmp : Match on catch block at 0xc3 in for 0x95
02-17 18:53:27.858 13560 13560 E libc : Access denied finding property "ro.vendor.pref_scale_resolution"
02-17 18:53:27.968 13560 13560 E ArmVmp : Match on catch block at 0xc3 in for 0x99
02-17 18:53:27.971 13560 13560 E ArmVmp : Match on catch block at 0xc3 in for 0x91
02-17 18:53:28.486 13560 13560 E ArmVmp : Match on catch block at 0xc3 in for 0x95
02-17 18:53:28.490 13560 13560 E ArmVmp : Match on catch block at 0xc3 in for 0x99
02-17 18:53:30.520 13560 13560 E libc : Access denied finding property "ro.vendor.pref_scale_resolution"
02-17 18:53:30.572 13560 13560 E libc : Access denied finding property "ro.vendor.pref_scale_resolution"
02-17 18:53:37.258 13560 13574 W System : A resource failed to call release.
02-17 18:53:46.294 13560 13560 E libc : Access denied finding property "ro.vendor.pref_scale_resolution" --------- beginning of system
02-17 19:54:58.485 13560 13560 W Looper : PerfMonitor doFrame : time=309ms vsyncFrame=0 latency=3ms procState=16
02-17 20:07:08.328 13560 13560 W Activity: Slow Operation: Activity com.mbwhatsapp/.HomeActivity onDestroy took 161ms
02-17 20:07:09.123 13560 13560 W Activity: Slow Operation: Activity com.mbwhatsapp/.HomeActivity onCreate took 721ms
02-17 20:07:09.242 13560 13560 W Looper : PerfMonitor longMsg : seq=10958 plan=20:07:08.121 late=29ms wall=1091ms running=0ms h=android.app.ActivityThread$H w=159 procState=2
02-17 20:07:10.205 13560 13560 W Looper : PerfMonitor doFrame : time=961ms vsyncFrame=0 latency=907ms procState=2 historyMsgCount=3 (msgIndex=1 wall=1091ms seq=10958 late=29ms h=android.app.ActivityThread$H w=159)
02-17 20:07:10.215 13560 13560 W Looper : PerfMonitor looperActivity : package=com.mbwhatsapp/.HomeActivity time=6ms latency=1301ms running=0ms procState=2 ClientTransaction{ callbacks=[android.app.servertransaction.TopResumedActivityChang eItem] } historyMsgCount=13 (msgIndex=1 wall=1091ms seq=10958 late=29ms h=android.app.ActivityThread$H w=159) (msgIndex=4 wall=961ms seq=10961 late=907ms h=android.view.Choreographer$FrameHandler c=android.view.Choreographer$FrameDisplayEventReceiver)
02-17 20:07:10.236 13560 13560 W Looper : PerfMonitor looperActivity : package=com.mbwhatsapp/.HomeActivity time=20ms latency=1308ms running=0ms procState=2 ClientTransaction{ lifecycleRequest=android.app.servertransaction.PauseActivityItem } historyMsgCount=14 (msgIndex=1 wall=1091ms seq=10958 late=29ms h=android.app.ActivityThread$H w=159) (msgIndex=4 wall=961ms seq=10961 late=907ms h=android.view.Choreographer$FrameHandler c=android.view.Choreographer$FrameDisplayEventReceiver)
02-17 20:07:10.414 13560 13560 W Looper : PerfMonitor doFrame : time=171ms vsyncFrame=0 latency=982ms procState=2 historyMsgCount=41 (msgIndex=1 wall=961ms seq=10961 late=907ms h=android.view.Choreographer$FrameHandler c=android.view.Choreographer$FrameDisplayEventReceiver)
02-17 20:07:10.441 13560 13560 W Looper : PerfMonitor looperActivity : package=com.mbwhatsapp/mbmodsd.mbmodsw.mbsettings.yo.PauseActivity time=22ms latency=1006ms running=0ms procState=2 ClientTransaction{ callbacks=[android.app.servertransaction.LaunchActivityItem] lifecycleRequest=android.app.servertransaction.PauseActivityItem } historyMsgCount=59 (msgIndex=1 wall=961ms seq=10961 late=907ms h=android.view.Choreographer$FrameHandler c=android.view.Choreographer$FrameDisplayEventReceiver) (msgIndex=42 wall=171ms seq=11002 late=982ms h=android.view.Choreographer$FrameHandler c=android.view.Choreographer$FrameDisplayEventReceiver)
02-17 20:07:10.468 13560 13560 W Looper : PerfMonitor looperActivity : package=com.mbwhatsapp/mbmodsd.mbmodsw.mbsettings.yo.PauseActivity time=0ms latency=453ms running=0ms procState=2 ClientTransaction{ callbacks=[android.app.servertransaction.TopResumedActivityChang eItem] } historyMsgCount=188 (msgIndex=1 wall=961ms seq=10961 late=907ms h=android.view.Choreographer$FrameHandler c=android.view.Choreographer$FrameDisplayEventReceiver) (msgIndex=42 wall=171ms seq=11002 late=982ms h=android.view.Choreographer$FrameHandler c=android.view.Choreographer$FrameDisplayEventReceiver)
02-17 20:07:10.469 13560 13560 W Looper : PerfMonitor looperActivity : package=com.mbwhatsapp/mbmodsd.mbmodsw.mbsettings.yo.PauseActivity time=1ms latency=447ms running=0ms procState=2 ClientTransaction{ lifecycleRequest=android.app.servertransaction.ResumeActivityIte m } historyMsgCount=191 (msgIndex=1 wall=961ms seq=10961 late=907ms h=android.view.Choreographer$FrameHandler c=android.view.Choreographer$FrameDisplayEventReceiver) (msgIndex=42 wall=171ms seq=11002 late=982ms h=android.view.Choreographer$FrameHandler c=android.view.Choreographer$FrameDisplayEventReceiver)
02-17 20:07:11.013 13560 13774 W BpBinder: Slow Binder: BpBinder transact took 542 ms, interface=android.app.IActivityManager, code=22 oneway=false
02-17 20:07:11.255 13560 13774 W BpBinder: Slow Binder: BpBinder transact took 241 ms, interface=android.content.IContentProvider, code=1 oneway=false
02-17 20:07:13.527 13560 13560 W Looper : PerfMonitor looperActivity : package=com.mbwhatsapp/.Conversation time=0ms latency=393ms running=0ms procState=2 ClientTransaction{ callbacks=[android.app.servertransaction.TopResumedActivityChang eItem] } historyMsgCount=4 (msgIndex=4 wall=385ms seq=11369 late=7ms h=android.app.ActivityThread$H w=159)
02-17 20:07:13.715 13560 13560 W Looper : PerfMonitor doFrame : time=188ms vsyncFrame=0 latency=384ms procState=2 historyMsgCount=3 (msgIndex=1 wall=385ms seq=11369 late=7ms h=android.app.ActivityThread$H w=159)
02-17 20:11:43.201 13560 13560 W Looper : PerfMonitor doFrame : time=343ms vsyncFrame=0 latency=8ms procState=16
02-17 20:26:16.075 13560 16463 W BpBinder: Slow Binder: BpBinder transact took 578 ms, interface=android.app.IActivityManager, code=22 oneway=false
02-17 20:26:17.973 13560 13560 W Looper : PerfMonitor looperActivity : package=com.mbwhatsapp/.Conversation time=0ms latency=407ms running=0ms procState=2 ClientTransaction{ callbacks=[android.app.servertransaction.TopResumedActivityChang eItem] } historyMsgCount=3 (msgIndex=3 wall=396ms seq=12396 late=11ms h=android.app.ActivityThread$H w=159)
02-17 20:26:18.166 13560 13560 W Looper : PerfMonitor doFrame : time=192ms vsyncFrame=0 latency=397ms procState=2 historyMsgCount=3 (msgIndex=2 wall=396ms seq=12396 late=11ms h=android.app.ActivityThread$H w=159)
02-17 20:49:32.566 13560 13560 W BpBinder: Slow Binder: BpBinder transact took 266 ms, interface=android.app.IActivityManager, code=26 oneway=false
02-17 20:51:23.421 13560 13560 W Activity: Slow Operation: Activity com.mbwhatsapp/.HomeActivity onCreate took 566ms
02-17 20:51:23.456 13560 13560 W Looper : PerfMonitor looperActivity : package=com.mbwhatsapp/.HomeActivity time=0ms latency=632ms running=0ms procState=2 ClientTransaction{ callbacks=[android.app.servertransaction.TopResumedActivityChang eItem] } historyMsgCount=2 (msgIndex=2 wall=621ms seq=13652 late=11ms h=android.app.ActivityThread$H w=159)
02-17 20:51:24.308 13560 13560 W Looper : PerfMonitor doFrame : time=826ms vsyncFrame=0 latency=21ms procState=2 historyMsgCount=13
02-17 20:51:24.406 13560 13560 W Looper : PerfMonitor doFrame : time=96ms vsyncFrame=0 latency=816ms procState=2 historyMsgCount=5 (msgIndex=1 wall=826ms seq=13677 late=21ms h=android.view.Choreographer$FrameHandler c=android.view.Choreographer$FrameDisplayEventReceiver)
02-17 20:51:25.735 13560 13560 W Looper : PerfMonitor looperActivity : package=com.mbwhatsapp/.Conversation time=0ms latency=355ms running=0ms procState=2 ClientTransaction{ callbacks=[android.app.servertransaction.TopResumedActivityChang eItem] } historyMsgCount=4 (msgIndex=4 wall=348ms seq=13955 late=7ms h=android.app.ActivityThread$H w=159)
02-17 20:51:26.189 13560 13560 W Looper : PerfMonitor doFrame : time=454ms vsyncFrame=0 latency=342ms procState=2 historyMsgCount=2 (msgIndex=1 wall=348ms seq=13955 late=7ms h=android.app.ActivityThread$H w=159)
02-17 20:51:26.237 13560 13560 W Looper : PerfMonitor doFrame : time=20ms vsyncFrame=0 latency=476ms procState=2 historyMsgCount=50 (msgIndex=1 wall=454ms seq=13957 late=342ms h=android.view.Choreographer$FrameHandler c=android.view.Choreographer$FrameDisplayEventReceiver)
02-17 20:51:44.416 13560 13560 W Looper : PerfMonitor looperActivity : package=com.mbwhatsapp/.Conversation time=0ms latency=347ms running=0ms procState=2 ClientTransaction{ callbacks=[android.app.servertransaction.TopResumedActivityChang eItem] } historyMsgCount=3 (msgIndex=3 wall=339ms seq=14315 late=8ms h=android.app.ActivityThread$H w=159)
02-17 20:51:44.584 13560 13560 W Looper : PerfMonitor doFrame : time=168ms vsyncFrame=0 latency=327ms procState=2 historyMsgCount=3 (msgIndex=1 wall=339ms seq=14315 late=8ms h=android.app.ActivityThread$H w=159)
02-17 20:56:14.820 13560 13560 W Activity: Slow Operation: Activity com.mbwhatsapp/.HomeActivity onCreate took 532ms
02-17 20:56:14.853 13560 13560 W Looper : PerfMonitor looperActivity : package=com.mbwhatsapp/.HomeActivity time=1ms latency=590ms running=0ms procState=2 ClientTransaction{ callbacks=[android.app.servertransaction.TopResumedActivityChang eItem] } historyMsgCount=3 (msgIndex=3 wall=579ms seq=14877 late=11ms h=android.app.ActivityThread$H w=159)
02-17 20:56:15.781 13560 13560 W Looper : PerfMonitor doFrame : time=889ms vsyncFrame=0 latency=38ms procState=2 historyMsgCount=17
02-17 20:56:15.856 13560 13560 W Looper : PerfMonitor doFrame : time=74ms vsyncFrame=0 latency=879ms procState=2 historyMsgCount=5 (msgIndex=1 wall=889ms seq=14906 late=38ms h=android.view.Choreographer$FrameHandler c=android.view.Choreographer$FrameDisplayEventReceiver)
02-17 20:56:15.901 13560 13560 W Looper : PerfMonitor looperActivity : package=com.mbwhatsapp/mbmodsd.mbmodsw.mbsettings.yo.PauseActivity time=15ms latency=617ms running=0ms procState=2 ClientTransaction{ callbacks=[android.app.servertransaction.LaunchActivityItem] lifecycleRequest=android.app.servertransaction.ResumeActivityItem } historyMsgCount=66 (msgIndex=1 wall=889ms seq=14906 late=38ms h=android.view.Choreographer$FrameHandler c=android.view.Choreographer$FrameDisplayEventReceiver) (msgIndex=6 wall=74ms seq=14911 late=879ms h=android.view.Choreographer$FrameHandler c=android.view.Choreographer$FrameDisplayEventReceiver)
02-17 20:56:15.901 13560 13560 W Looper : PerfMonitor looperActivity : package=com.mbwhatsapp/mbmodsd.mbmodsw.mbsettings.yo.PauseActivity time=0ms latency=631ms running=0ms procState=2 ClientTransaction{ callbacks=[android.app.servertransaction.TopResumedActivityChang eItem] } historyMsgCount=67 (msgIndex=1 wall=889ms seq=14906 late=38ms h=android.view.Choreographer$FrameHandler c=android.view.Choreographer$FrameDisplayEventReceiver) (msgIndex=6 wall=74ms seq=14911 late=879ms h=android.view.Choreographer$FrameHandler c=android.view.Choreographer$FrameDisplayEventReceiver)
02-17 21:33:09.476 13560 24119 W BpBinder: Slow Binder: BpBinder transact took 774 ms, interface=android.app.IActivityManager, code=22 oneway=false
02-17 22:35:06.354 13560 13560 W Activity: Slow Operation: Activity com.mbwhatsapp/.HomeActivity onCreate took 598ms
02-17 22:35:07.398 13560 13560 W Looper : PerfMonitor doFrame : time=933ms vsyncFrame=0 latency=780ms procState=2 historyMsgCount=2 (msgIndex=1 wall=883ms seq=15700 late=25ms h=android.app.ActivityThread$H w=159)
02-17 22:35:07.416 13560 13560 W Looper : PerfMonitor looperActivity : package=com.mbwhatsapp/.HomeActivity time=13ms latency=1188ms running=0ms procState=2 ClientTransaction{ callbacks=[android.app.servertransaction.TopResumedActivityChang eItem] } historyMsgCount=12 (msgIndex=1 wall=883ms seq=15700 late=25ms h=android.app.ActivityThread$H w=159) (msgIndex=3 wall=933ms seq=15702 late=780ms h=android.view.Choreographer$FrameHandler c=android.view.Choreographer$FrameDisplayEventReceiver)
02-17 22:35:07.442 13560 13560 W Looper : PerfMonitor looperActivity : package=com.mbwhatsapp/.HomeActivity time=25ms latency=1202ms running=0ms procState=2 ClientTransaction{ lifecycleRequest=android.app.servertransaction.PauseActivityItem } historyMsgCount=13 (msgIndex=1 wall=883ms seq=15700 late=25ms h=android.app.ActivityThread$H w=159) (msgIndex=3 wall=933ms seq=15702 late=780ms h=android.view.Choreographer$FrameHandler c=android.view.Choreographer$FrameDisplayEventReceiver)
02-17 22:35:07.673 13560 13560 W Looper : PerfMonitor doFrame : time=223ms vsyncFrame=0 latency=972ms procState=2 historyMsgCount=39 (msgIndex=1 wall=933ms seq=15702 late=780ms h=android.view.Choreographer$FrameHandler c=android.view.Choreographer$FrameDisplayEventReceiver)
02-17 22:35:07.717 13560 13560 W Looper : PerfMonitor looperActivity : package=com.mbwhatsapp/mbmodsd.mbmodsw.mbsettings.yo.PauseActivity time=22ms latency=976ms running=0ms procState=2 ClientTransaction{ callbacks=[android.app.servertransaction.LaunchActivityItem] lifecycleRequest=android.app.servertransaction.PauseActivityItem } historyMsgCount=89 (msgIndex=1 wall=933ms seq=15702 late=780ms h=android.view.Choreographer$FrameHandler c=android.view.Choreographer$FrameDisplayEventReceiver) (msgIndex=40 wall=223ms seq=15741 late=972ms h=android.view.Choreographer$FrameHandler c=android.view.Choreographer$FrameDisplayEventReceiver)
02-17 22:35:09.149 13560 13560 W Looper : PerfMonitor looperActivity : package=com.mbwhatsapp/.Conversation time=1ms latency=408ms running=0ms procState=2 ClientTransaction{ callbacks=[android.app.servertransaction.TopResumedActivityChang eItem] } historyMsgCount=4 (msgIndex=4 wall=400ms seq=16022 late=8ms h=android.app.ActivityThread$H w=159)
02-17 22:35:09.509 13560 13560 W Looper : PerfMonitor doFrame : time=360ms vsyncFrame=0 latency=393ms procState=2 historyMsgCount=2 (msgIndex=1 wall=400ms seq=16022 late=8ms h=android.app.ActivityThread$H w=159)
02-17 22:35:09.574 13560 13560 W Looper : PerfMonitor doFrame : time=32ms vsyncFrame=0 latency=389ms procState=2 historyMsgCount=52 (msgIndex=1 wall=360ms seq=16024 late=393ms h=android.view.Choreographer$FrameHandler c=android.view.Choreographer$FrameDisplayEventReceiver)
02-17 22:35:25.707 13560 13560 W Looper : PerfMonitor looperActivity : package=com.mbwhatsapp/.Conversation time=0ms latency=347ms running=0ms procState=2 ClientTransaction{ callbacks=[android.app.servertransaction.TopResumedActivityChang eItem] } historyMsgCount=3 (msgIndex=3 wall=341ms seq=16688 late=7ms h=android.app.ActivityThread$H w=159)
02-17 22:35:26.160 13560 13560 W Looper : PerfMonitor doFrame : time=452ms vsyncFrame=0 latency=336ms procState=2 historyMsgCount=3 (msgIndex=1 wall=341ms seq=16688 late=7ms h=android.app.ActivityThread$H w=159)
02-17 22:35:26.233 13560 13560 W Looper : PerfMonitor doFrame : time=38ms vsyncFrame=0 latency=476ms procState=2 historyMsgCount=49 (msgIndex=1 wall=452ms seq=16691 late=336ms h=android.view.Choreographer$FrameHandler c=android.view.Choreographer$FrameDisplayEventReceiver)
02-17 22:39:57.127 13560 13560 W Looper : PerfMonitor longMsg : seq=17017 plan=22:39:55.990 late=1ms wall=1134ms running=0ms h=android.app.ActivityThread$H w=156 procState=16
02-17 22:39:58.176 13560 13560 W Activity: Slow Operation: Activity com.mbwhatsapp/.HomeActivity onDestroy took 999ms
02-17 22:40:03.360 13560 13560 W Activity: Slow Operation: Activity com.mbwhatsapp/.HomeActivity onCreate took 4840ms
02-17 22:40:04.223 13560 13560 W Activity: Slow Operation: Activity com.mbwhatsapp/.HomeActivity onStart took 824ms
02-17 22:40:04.697 13560 13560 W Activity: Slow Operation: Activity com.mbwhatsapp/.HomeActivity onResume took 357ms
02-17 22:40:05.899 13560 13560 W Activity: Slow Operation: Activity com.mbwhatsapp/.HomeActivity onPause took 530ms
02-17 22:40:06.061 13560 13560 W Looper : PerfMonitor longMsg : seq=17018 plan=22:39:57.125 late=2ms wall=8933ms running=0ms h=android.app.ActivityThread$H w=160 procState=16
02-17 22:40:07.499 13560 13560 W BpBinder: Slow Binder: BpBinder transact took 994 ms, interface=android.view.IWindowSession, code=5 oneway=false
02-17 22:40:07.627 13560 13560 W Looper : PerfMonitor longMsg : seq=17019 plan=22:39:57.491 late=8571ms wall=1564ms running=0ms h=android.view.Choreographer$FrameHandler c=android.view.Choreographer$FrameDisplayEventReceiver procState=16
02-17 22:40:07.627 13560 13560 W Looper : PerfMonitor doFrame : time=1564ms vsyncFrame=0 latency=8571ms procState=16 historyMsgCount=1 (msgIndex=1 wall=8933ms seq=17018 late=2ms h=android.app.ActivityThread$H w=160)
02-17 22:40:08.181 13560 13560 W Looper : PerfMonitor doFrame : time=23ms vsyncFrame=0 latency=2078ms procState=16 historyMsgCount=57 (msgIndex=1 wall=1564ms seq=17019 late=8571ms h=android.view.Choreographer$FrameHandler c=android.view.Choreographer$FrameDisplayEventReceiver) (msgIndex=34 wall=58ms seq=17052 late=3194ms h=android.view.ViewRootImpl$ViewRootHandler c=X.5ul) (msgIndex=44 wall=218ms seq=17062 late=2003ms h=android.os.Handler c=X.5uC) (msgIndex=56 wall=84ms seq=17074 late=2014ms h=android.app.ActivityThread$H c=android.app.servertransaction.PendingTransactionActions$StopInfo)
02-17 22:40:46.386 13560 13560 W Looper : PerfMonitor doFrame : time=877ms vsyncFrame=0 latency=154ms procState=2 historyMsgCount=5 (msgIndex=3 wall=68ms seq=17119 late=37ms h=android.app.ActivityThread$H w=159) (msgIndex=4 wall=81ms seq=17120 late=105ms h=android.app.ActivityThread$H w=159)
02-17 22:40:46.468 13560 13560 W Looper : PerfMonitor doFrame : time=57ms vsyncFrame=0 latency=890ms procState=2 historyMsgCount=21 (msgIndex=1 wall=877ms seq=17122 late=154ms h=android.view.Choreographer$FrameHandler c=android.view.Choreographer$FrameDisplayEventReceiver) --------- beginning of main
02-17 23:14:27.263 13241 13241 E com.mbwhatsapp: Not starting debugger since process cannot load the jdwp agent.
02-17 23:14:27.484 13241 13241 W ResourceType: CREATING STRING CACHE OF 96 bytes
02-17 23:14:27.554 13241 13241 W System.err: java.lang.ClassNotFoundException: mbmodsd.mbmodsw.ui.views.btn.BtnBK
02-17 23:14:27.555 13241 13241 W System.err: at java.lang.Runtime.nativeLoad(Native Method)
02-17 23:14:27.555 13241 13241 W System.err: at java.lang.Runtime.nativeLoad(Runtime.java:1131)
02-17 23:14:27.555 13241 13241 W System.err: at java.lang.Runtime.loadLibrary0(Runtime.java:1085)
02-17 23:14:27.555 13241 13241 W System.err: at java.lang.Runtime.loadLibrary0(Runtime.java:1008)
02-17 23:14:27.555 13241 13241 W System.err: at java.lang.System.loadLibrary(System.java:1664)
02-17 23:14:27.555 13241 13241 W System.err: at arm.EpicVm.<clinit>(Unknown Source:2)
02-17 23:14:27.555 13241 13241 W System.err: at java.lang.Class.newInstance(Native Method)
02-17 23:14:27.555 13241 13241 W System.err: at android.app.AppComponentFactory.instantiateApplication(AppComponentFactory.java:76)
02-17 23:14:27.555 13241 13241 W System.err: at androidx.core.app.CoreComponentFactory.instantiateApplication(Unknown Source:0)
02-17 23:14:27.555 13241 13241 W System.err: at android.app.Instrumentation.newApplication(Instrumentation.java:1157)
02-17 23:14:27.555 13241 13241 W System.err: at android.app.LoadedApk.makeApplication(LoadedApk.java:1248)
02-17 23:14:27.555 13241 13241 W System.err: at android.app.ActivityThread.handleBindApplication(ActivityThread.java:6865)
02-17 23:14:27.555 13241 13241 W System.err: at android.app.ActivityThread.access$1600(ActivityThread.java:250)
02-17 23:14:27.555 13241 13241 W System.err: at android.app.ActivityThread$H.handleMessage(ActivityThread.java:2008)
02-17 23:14:27.555 13241 13241 W System.err: at android.os.Handler.dispatchMessage(Handler.java:106)
02-17 23:14:27.555 13241 13241 W System.err: at android.os.Looper.loop(Looper.java:236)
02-17 23:14:27.555 13241 13241 W System.err: at android.app.ActivityThread.main(ActivityThread.java:7912)
02-17 23:14:27.555 13241 13241 W System.err: at java.lang.reflect.Method.invoke(Native Method)
02-17 23:14:27.555 13241 13241 W System.err: at com.android.internal.os.RuntimeInit$MethodAndArgsCaller.run(RuntimeInit.java:620)
02-17 23:14:27.555 13241 13241 W System.err: at com.android.internal.os.ZygoteInit.main(ZygoteInit.java:1011)
02-17 23:14:27.602 13241 13241 E CustomActivityOnCrash: IMPORTANT WARNING! You already have an UncaughtExceptionHandler, are you sure this is correct? If you use a custom UncaughtExceptionHandler, you must initialize it AFTER CustomActivityOnCrash! Installing anyway, but your original handler will not be called.
02-17 23:14:27.602 13241 13266 E ion : ioctl c0044901 failed with code -1: Invalid argument
02-17 23:14:27.610 13241 13266 E libc : Access denied finding property "ro.vendor.pref_scale_resolution"
02-17 23:14:27.618 13241 13266 E libc : Access denied finding property "ro.vendor.pref_scale_resolution"
02-17 23:14:27.625 13241 13266 E libc : Access denied finding property "ro.vendor.pref_scale_resolution"
02-17 23:14:27.637 13241 13266 E libc : Access denied finding property "ro.vendor.pref_scale_resolution"
02-17 23:14:27.644 13241 13266 E libc : Access denied finding property "ro.vendor.pref_scale_resolution"
02-17 23:14:27.717 13241 13266 E libc : Access denied finding property "ro.vendor.pref_scale_resolution"
02-17 23:14:27.965 13241 13241 W com.mbwhatsapp: Accessing hidden method Lcom/android/org/conscrypt/OpenSSLSocketImpl;->setUseSessionTickets(Z)V (greylist- max-q,test-api, reflection, denied)
02-17 23:14:27.965 13241 13241 W com.mbwhatsapp: Accessing hidden method Lcom/android/org/conscrypt/AbstractConscryptSocket;->setUseSessionTickets(Z)V (greylist-max-q, reflection, denied)
02-17 23:14:28.013 13241 13241 W com.mbwhatsapp: type=1400 audit(0.0:101313): avc: granted { execute } for path="/data/data/com.mbwhatsapp/files/decompressed/libs.spk.zst/libc++_shared.so" dev="mmcblk0p41" ino=408662 scontext=u:r:untrusted_app:s0:c238,c257,c512,c768 tcontext=u:object_r:app_data_file:s0:c238,c257,c512,c768 tclass=file app=com.mbwhatsapp
02-17 23:14:28.017 13241 13241 W com.mbwhatsapp: type=1400 audit(0.0:101314): avc: granted { execute } for path="/data/data/com.mbwhatsapp/files/decompressed/libs.spk.zst/libvlc.so" dev="mmcblk0p41" ino=508967 scontext=u:r:untrusted_app:s0:c238,c257,c512,c768 tcontext=u:object_r:app_data_file:s0:c238,c257,c512,c768 tclass=file app=com.mbwhatsapp
02-17 23:14:28.029 13241 13241 W com.mbwhatsapp: type=1400 audit(0.0:101315): avc: granted { execute } for path="/data/data/com.mbwhatsapp/files/decompressed/libs.spk.zst/libwhatsapp.so" dev="mmcblk0p41" ino=544419 scontext=u:r:untrusted_app:s0:c238,c257,c512,c768 tcontext=u:object_r:app_data_file:s0:c238,c257,c512,c768 tclass=file app=com.mbwhatsapp
02-17 23:14:28.093 13241 13241 W com.mbwhatsapp: type=1400 audit(0.0:101316): avc: granted { execute } for path="/data/data/com.mbwhatsapp/files/decompressed/libs.spk.zst/libcurve25519.so" dev="mmcblk0p41" ino=499931 scontext=u:r:untrusted_app:s0:c238,c257,c512,c768 tcontext=u:object_r:app_data_file:s0:c238,c257,c512,c768 tclass=file app=com.mbwhatsapp
02-17 23:14:28.105 13241 13241 W com.mbwhatsapp: type=1400 audit(0.0:101317): avc: granted { execute } for path="/data/data/com.mbwhatsapp/files/decompressed/libs.spk.zst/libwhatsapp.so" dev="mmcblk0p41" ino=544419 scontext=u:r:untrusted_app:s0:c238,c257,c512,c768 tcontext=u:object_r:app_data_file:s0:c238,c257,c512,c768 tclass=file app=com.mbwhatsapp
02-17 23:14:28.105 13241 13241 W com.mbwhatsapp: type=1400 audit(0.0:101318): avc: granted { execute } for path="/data/data/com.mbwhatsapp/files/decompressed/libs.spk.zst/libwhatsapp.so" dev="mmcblk0p41" ino=544419 scontext=u:r:untrusted_app:s0:c238,c257,c512,c768 tcontext=u:object_r:app_data_file:s0:c238,c257,c512,c768 tclass=file app=com.mbwhatsapp
02-17 23:14:28.200 13241 13297 W com.mbwhatsapp: Class X.2rL failed lock verification and will run slower.
02-17 23:14:28.200 13241 13297 W com.mbwhatsapp: Common causes for lock verification issues are non-optimized dex code
02-17 23:14:28.200 13241 13297 W com.mbwhatsapp: and incorrect proguard optimizations.
02-17 23:14:28.229 13241 13241 W com.mbwhatsapp: Class X.0eU failed lock verification and will run slower.
02-17 23:14:28.265 13241 13241 E libc : Access denied finding property "ro.vendor.pref_scale_resolution"
02-17 23:14:28.304 13241 13241 E libc : Access denied finding property "ro.vendor.pref_scale_resolution"
02-17 23:14:28.372 13241 13241 W Looper : PerfMonitor looperActivity : package=com.mbwhatsapp/.Icon0 time=176ms latency=903ms running=0ms procState=2 ClientTransaction{ callbacks=[android.app.servertransaction.LaunchActivityItem] lifecycleRequest=android.app.servertransaction.ResumeActivityItem } historyMsgCount=2 (msgIndex=2 wall=903ms seq=2 late=3ms h=android.app.ActivityThread$H w=110)
02-17 23:14:28.372 13241 13241 W Looper : PerfMonitor looperActivity : package=com.mbwhatsapp/.Icon0 time=0ms latency=1080ms running=0ms procState=2 ClientTransaction{ callbacks=[android.app.servertransaction.TopResumedActivityChang eItem] } historyMsgCount=3 (msgIndex=2 wall=903ms seq=2 late=3ms h=android.app.ActivityThread$H w=110) (msgIndex=3 wall=176ms seq=3 late=903ms h=android.app.ActivityThread$H w=159)
02-17 23:14:28.429 13241 13241 W com.mbwhatsapp: Class com.mbwhatsapp.HomeActivity failed lock verification and will run slower.
02-17 23:14:28.485 13241 13241 E libc : Access denied finding property "ro.vendor.pref_scale_resolution"
02-17 23:14:28.624 13241 13241 E libc : Access denied finding property "ro.vendor.pref_scale_resolution"
02-17 23:14:28.651 13241 13241 E libc : Access denied finding property "ro.vendor.pref_scale_resolution"
02-17 23:14:28.706 13241 13241 E libc : Access denied finding property "ro.vendor.pref_scale_resolution"
02-17 23:14:28.712 13241 13241 E libc : Access denied finding property "ro.vendor.pref_scale_resolution"
02-17 23:14:28.740 13241 13241 E libc : Access denied finding property "ro.vendor.pref_scale_resolution"
02-17 23:14:28.793 13241 13241 E libc : Access denied finding property "ro.vendor.pref_scale_resolution"
02-17 23:14:28.845 13241 13241 E libc : Access denied finding property "ro.vendor.pref_scale_resolution"
02-17 23:14:28.879 13241 13241 E ArmVmp : Match on catch block at 0x0a in for 0xb9
02-17 23:14:28.908 13241 13241 E libc : Access denied finding property "ro.vendor.pref_scale_resolution"
02-17 23:14:28.911 13241 13241 E ArmVmp : Match on catch block at 0x0a in for 0x125
02-17 23:14:28.985 13241 13241 E libc : Access denied finding property "ro.vendor.pref_scale_resolution"
02-17 23:14:29.009 13241 13241 E libc : Access denied finding property "ro.vendor.pref_scale_resolution"
02-17 23:14:29.031 13241 13241 E libc : Access denied finding property "ro.vendor.pref_scale_resolution"
02-17 23:14:29.042 13241 13241 E libc : Access denied finding property "ro.vendor.pref_scale_resolution"
02-17 23:14:29.057 13241 13241 E libc : Access denied finding property "ro.vendor.pref_scale_resolution"
02-17 23:14:29.065 13241 13309 W com.mbwhatsapp: Accessing hidden method Lcom/android/org/conscrypt/ConscryptEngineSocket;->setUseSessionTickets(Z)V (greylist-max-q,test-api, reflection, denied)
02-17 23:14:29.065 13241 13309 W com.mbwhatsapp: Accessing hidden method Lcom/android/org/conscrypt/OpenSSLSocketImpl;->setUseSessionTickets(Z)V (greylist- max-q,test-api, reflection, denied)
02-17 23:14:29.065 13241 13309 W com.mbwhatsapp: Accessing hidden method Lcom/android/org/conscrypt/AbstractConscryptSocket;->setUseSessionTickets(Z)V (greylist-max-q, reflection, denied)
02-17 23:14:29.066 13241 13309 W com.mbwhatsapp: Accessing hidden method Lcom/android/org/conscrypt/ConscryptEngineSocket;->setHostname(Ljava/lang/String;)V (greylist-max-q,test-api, reflection, denied)
02-17 23:14:29.066 13241 13309 W com.mbwhatsapp: Accessing hidden method Lcom/android/org/conscrypt/OpenSSLSocketImpl;->setHostname(Ljava/lang/String;)V (greylist-max-q,test-api, reflection, denied)
02-17 23:14:29.066 13241 13309 W com.mbwhatsapp: Accessing hidden method Lcom/android/org/conscrypt/AbstractConscryptSocket;->setHostname(Ljava/lang/ String;)V (greylist-max-q, reflection, denied)
02-17 23:14:29.066 13241 13309 W com.mbwhatsapp: Accessing hidden method Lcom/android/org/conscrypt/OpenSSLSocketImpl;->setAlpnProtocols([B)V (greylist-max- q,test-api, reflection, denied)
02-17 23:14:29.066 13241 13309 W com.mbwhatsapp: Accessing hidden method Lcom/android/org/conscrypt/AbstractConscryptSocket;->setAlpnProtocols([B)V (greylist-max-q, reflection, denied)
02-17 23:14:29.074 13241 13241 E libc : Access denied finding property "ro.vendor.pref_scale_resolution"
02-17 23:14:29.083 13241 13241 W Activity: Slow Operation: Activity com.mbwhatsapp/.HomeActivity onCreate took 648ms
02-17 23:14:29.140 13241 13241 W Looper : PerfMonitor looperActivity : package=com.mbwhatsapp/.HomeActivity time=0ms latency=750ms running=0ms procState=2 ClientTransaction{ callbacks=[android.app.servertransaction.TopResumedActivityChang eItem] } historyMsgCount=2 (msgIndex=2 wall=739ms seq=13 late=11ms h=android.app.ActivityThread$H w=159)
02-17 23:14:29.228 13241 13241 E libc : Access denied finding property "ro.vendor.pref_scale_resolution"
02-17 23:14:29.238 13241 13241 E libc : Access denied finding property "ro.vendor.pref_scale_resolution"
02-17 23:14:29.245 13241 13241 E libc : Access denied finding property "ro.vendor.pref_scale_resolution"
02-17 23:14:29.367 13241 13241 E libc : Access denied finding property "ro.vendor.pref_scale_resolution"
02-17 23:14:29.383 13241 13309 W com.mbwhatsapp: Accessing hidden method Lcom/android/org/conscrypt/OpenSSLSocketImpl;->getAlpnSelectedProtocol()[B (greylist-max-q,test-api, reflection, denied)
