02-17 18:52:14.817 13560 13611 E SQLiteDatabase: at android.os.Handler.dispatchMessage(Handler.java:99)
02-17 18:52:14.817 13560 13611 E SQLiteDatabase: at X.0zq.dispatchMessage(Unknown Source:4)
02-17 18:52:14.817 13560 13611 E SQLiteDatabase: at android.os.Looper.loop(Looper.java:236)
02-17 18:52:14.817 13560 13611 E SQLiteDatabase: at android.os.HandlerThread.run(HandlerThread.java:67)
02-17 18:52:14.890 13560 13560 E libc : Access denied finding property "ro.vendor.pref_scale_resolution"
02-17 18:52:14.909 13560 13560 E ArmVmp : Match on catch block at 0x0a in for 0xb9
02-17 18:52:14.915 13560 13560 E ArmVmp : Match on catch block at 0x0a in for 0xb5
02-17 18:52:14.925 13560 13560 E libc : Access denied finding property "ro.vendor.pref_scale_resolution"
02-17 18:52:15.002 13560 13912 E chromium: [0217/185215.002142:ERROR:cronet_context.cc(156)] Invalid QUIC hint host: .whatsapp.com
02-17 18:52:15.002 13560 13912 E chromium: [0217/185215.002415:ERROR:cronet_context.cc(156)] Invalid QUIC hint host: .cdninstagram.com
02-17 18:52:15.002 13560 13912 E chromium: [0217/185215.002721:ERROR:cronet_context.cc(156)] Invalid QUIC hint host: .fbcdn.net
02-17 18:52:15.002 13560 13912 E chromium: [0217/185215.002825:ERROR:cronet_context.cc(156)] Invalid QUIC hint host: .facebook.com
02-17 18:52:15.002 13560 13912 E chromium: [0217/185215.002869:ERROR:cronet_context.cc(156)] Invalid QUIC hint host: .instagram.com
02-17 18:52:15.002 13560 13912 E chromium: [0217/185215.002903:ERROR:cronet_context.cc(156)] Invalid QUIC hint host: .whatsapp.net
02-17 18:52:15.012 13560 13560 E libc : Access denied finding property "ro.vendor.pref_scale_resolution"
02-17 18:52:15.015 13560 13560 E libc : Access denied finding property "ro.vendor.pref_scale_resolution"
02-17 18:52:15.017 13560 13560 E libc : Access denied finding property "ro.vendor.pref_scale_resolution"
02-17 18:52:15.023 13560 13560 E libc : Access denied finding property "ro.vendor.pref_scale_resolution"
02-17 18:52:15.044 13560 13560 E libc : Access denied finding property "ro.vendor.pref_scale_resolution"
02-17 18:52:15.046 13560 13560 E libc : Access denied finding property "ro.vendor.pref_scale_resolution"
02-17 18:52:15.053 13560 13560 E libc : Access denied finding property "ro.vendor.pref_scale_resolution"
02-17 18:52:15.098 13560 13560 E ArmVmp : Match on catch block at 0xc3 in for 0x95
02-17 18:52:15.102 13560 13560 E libc : Access denied finding property "ro.vendor.pref_scale_resolution"
02-17 18:52:15.105 13560 13560 E libc : Access denied finding property "ro.vendor.pref_scale_resolution"
02-17 18:52:15.106 13560 13560 E ArmVmp : Match on catch block at 0xc3 in for 0x99
02-17 18:52:15.229 13560 13560 E ArmVmp : Match on catch block at 0xc3 in for 0x95
02-17 18:52:15.234 13560 13560 E ArmVmp : Match on catch block at 0xc3 in for 0x99
02-17 18:52:15.255 13560 13560 E libc : Access denied finding property "ro.vendor.pref_scale_resolution"
02-17 18:52:15.339 13560 13560 E libc : Access denied finding property "ro.vendor.pref_scale_resolution"
02-17 18:52:15.347 13560 13560 E libc : Access denied finding property "ro.vendor.pref_scale_resolution"
02-17 18:52:15.349 13560 13560 E libc : Access denied finding property "ro.vendor.pref_scale_resolution"
02-17 18:52:15.350 13560 13560 E libc : Access denied finding property "ro.vendor.pref_scale_resolution"
02-17 18:52:15.353 13560 13560 E libc : Access denied finding property "ro.vendor.pref_scale_resolution"
02-17 18:52:15.364 13560 13560 E libc : Access denied finding property "ro.vendor.pref_scale_resolution"
02-17 18:52:15.366 13560 13560 E libc : Access denied finding property "ro.vendor.pref_scale_resolution"
02-17 18:52:15.376 13560 13560 E ArmVmp : Match on catch block at 0xc3 in for 0x99
02-17 18:52:15.382 13560 13560 E ArmVmp : Match on catch block at 0xc3 in for 0x91
02-17 18:52:15.434 13560 13560 E ArmVmp : Match on catch block at 0xc3 in for 0x99
02-17 18:52:15.438 13560 13560 E ArmVmp : Match on catch block at 0xc3 in for 0x91
02-17 18:52:15.456 13560 13560 E ArmVmp : Match on catch block at 0xc3 in for 0x99
02-17 18:52:15.461 13560 13560 E ArmVmp : Match on catch block at 0xc3 in for 0x91
02-17 18:52:15.673 13560 13560 W BottomSheetBehavior: BottomSheetBehavior now supports multiple callbacks. `setBottomSheetCallback()` removes all existing callbacks, including ones set internally by library authors, which may result in unintended behavior. This may change in the future. Please use `addBottomSheetCallback()` and `removeBottomSheetCallback()` instead to set your own callbacks.
02-17 18:52:15.740 13560 13611 E SQLiteDatabase: Error inserting transferred=1 media_job_uuid=ded6611e-28f6-40eb-8919-840fe8556a57 transcoded=1 gif_attribution=0 first_scan_length=0 direct_path=/v/t62.7118- 24/29571727_1561718004652503_5409480394040279372_n.enc?ccb=11- 4&oh=01_AdQ4LFayNP1GJQSn5ZM-5CDDnNZskl0VF3ETWy871KVvwQ&oe=65F81D31&_nc_sid=5e03e0 thumbnail_height_width_ratio=1.3333334 is_animated_sticker=0 file_hash=5vwLAe6U1ApF1uL9V/jF8TCeuUGDtUUdLK5Y+dG5ks8= file_path=Media/MBWhatsApp Images/IMG-20240216-WA0035.jpg file_size=233792 partial_media_hash=null face_x=0 face_y=0 height=1280 trim_to=0 media_key_timestamp=1707988812000 message_url=https://mmg.whatsapp.net/v/t62.7118- 24/29571727_1561718004652503_5409480394040279372_n.enc?ccb=11- 4&oh=01_AdQ4LFayNP1GJQSn5ZM- 5CDDnNZskl0VF3ETWy871KVvwQ&oe=65F81D31&_nc_sid=5e03e0&mms3=true media_caption=null trim_from=0 mime_type=null partial_media_enc_hash=null width=960 original_file_hash=null has_streaming_sidecar=0 autotransfer_retry_enabled=0 media_upload_handle=null message_row_id=865 multicast_id=null enc_file_hash=8U2UFVUiuofut9NvKGhMw5R2pkWdn+bh7iYh7MjQPng= mute_video=0 page_count=0 first_scan_sidecar=null suspicious_content=0 file_length=233792 media_name=42ddd0ec-64df-49b9-b1df-3b2555ad3f86.jpg media_duration=0 chat_row_id=34 media_key=[B@175120e
02-17 18:52:15.740 13560 13611 E SQLiteDatabase: android.database.sqlite.SQLiteConstraintException: UNIQUE constraint failed: message_media.message_row_id (code 1555 SQLITE_CONSTRAINT_PRIMARYKEY)
02-17 18:52:15.740 13560 13611 E SQLiteDatabase: at android.database.sqlite.SQLiteConnection.nativeExecuteForLastInsertedRowId(Native Method)
02-17 18:52:15.740 13560 13611 E SQLiteDatabase: at android.database.sqlite.SQLiteConnection.executeForLastInsertedRowId(SQLiteConnecti on.java:938)
02-17 18:52:15.740 13560 13611 E SQLiteDatabase: at android.database.sqlite.SQLiteSession.executeForLastInsertedRowId(SQLiteSession.jav a:790)
02-17 18:52:15.740 13560 13611 E SQLiteDatabase: at android.database.sqlite.SQLiteStatement.executeInsert(SQLiteStatement.java:88)
02-17 18:52:15.740 13560 13611 E SQLiteDatabase: at android.database.sqlite.SQLiteDatabase.insertWithOnConflict(SQLiteDatabase.java:170 1)
02-17 18:52:15.740 13560 13611 E SQLiteDatabase: at android.database.sqlite.SQLiteDatabase.insert(SQLiteDatabase.java:1570)
02-17 18:52:15.740 13560 13611 E SQLiteDatabase: at X.2tm.A08(Unknown Source:6)
02-17 18:52:15.740 13560 13611 E SQLiteDatabase: at X.35Y.A07(Unknown Source:212)
02-17 18:52:15.740 13560 13611 E SQLiteDatabase: at X.3QF.A14(Unknown Source:470)
02-17 18:52:15.740 13560 13611 E SQLiteDatabase: at X.3gU.run(Unknown Source:982)
02-17 18:52:15.740 13560 13611 E SQLiteDatabase: at android.os.Handler.handleCallback(Handler.java:938)
02-17 18:52:15.740 13560 13611 E SQLiteDatabase: at android.os.Handler.dispatchMessage(Handler.java:99)
02-17 18:52:15.740 13560 13611 E SQLiteDatabase: at X.0zq.dispatchMessage(Unknown Source:4)
02-17 18:52:15.740 13560 13611 E SQLiteDatabase: at android.os.Looper.loop(Looper.java:236)
02-17 18:52:15.740 13560 13611 E SQLiteDatabase: at android.os.HandlerThread.run(HandlerThread.java:67)
02-17 18:52:15.745 13560 13560 E ArmVmp : Match on catch block at 0xc3 in for 0x91
02-17 18:52:15.746 13560 13611 E SQLiteDatabase: Error inserting transferred=1 media_job_uuid=e5a9a2be-8507-40fc-9b48-26d85ca56283 transcoded=1 gif_attribution=0 first_scan_length=0 direct_path=/o1/v/t62.7118-24/f1/m236/up-oil-image-d8986c0f- d002-4ece-ac2b-9c6ae9d95883?ccb=9-4&oh=01_AdS550ACCE5dHcrc3IHs- HYRmD6RNtLlKiTI4_yVGg9VOQ&oe=65F80120&_nc_sid=000000 thumbnail_height_width_ratio=1.3333334 is_animated_sticker=0 file_hash=Wf0PH96VG8BjayrpMxnfYJ10OJuXYY3e0jDz1NbYsxo= file_path=Media/MBWhatsApp Images/IMG-20240216-WA0037.jpg file_size=150647 partial_media_hash=null face_x=431 face_y=167 height=1280 trim_to=0 media_key_timestamp=1707988816000 message_url=https://mmg.whatsapp.net/o1/v/t62.7118-24/f1/m236/up-oil-image- d8986c0f-d002-4ece-ac2b-9c6ae9d95883?ccb=9-4&oh=01_AdS550ACCE5dHcrc3IHs- HYRmD6RNtLlKiTI4_yVGg9VOQ&oe=65F80120&_nc_sid=000000&mms3=true media_caption=null trim_from=0 mime_type=null partial_media_enc_hash=null width=960 original_file_hash=null has_streaming_sidecar=0 autotransfer_retry_enabled=0 media_upload_handle=null message_row_id=863 multicast_id=null enc_file_hash=jURKez1pGjfy+7ZpY3m9hH/4I6RM4IQHQW1dRVNxmps= mute_video=0 page_count=0 first_scan_sidecar=null suspicious_content=0 file_length=150647 media_name=dc778815-5339-4bf0-bab4-e98ea2b1af72.jpg media_duration=0 chat_row_id=34 media_key=[B@374411a
02-17 18:52:15.746 13560 13611 E SQLiteDatabase: android.database.sqlite.SQLiteConstraintException: UNIQUE constraint failed: message_media.message_row_id (code 1555 SQLITE_CONSTRAINT_PRIMARYKEY)
02-17 18:52:15.746 13560 13611 E SQLiteDatabase: at android.database.sqlite.SQLiteConnection.nativeExecuteForLastInsertedRowId(Native Method)
02-17 18:52:15.746 13560 13611 E SQLiteDatabase: at android.database.sqlite.SQLiteConnection.executeForLastInsertedRowId(SQLiteConnecti on.java:938)
02-17 18:52:15.746 13560 13611 E SQLiteDatabase: at android.database.sqlite.SQLiteSession.executeForLastInsertedRowId(SQLiteSession.jav a:790)
02-17 18:52:15.746 13560 13611 E SQLiteDatabase: at android.database.sqlite.SQLiteStatement.executeInsert(SQLiteStatement.java:88)
02-17 18:52:15.746 13560 13611 E SQLiteDatabase: at android.database.sqlite.SQLiteDatabase.insertWithOnConflict(SQLiteDatabase.java:170 1)
02-17 18:52:15.746 13560 13611 E SQLiteDatabase: at android.database.sqlite.SQLiteDatabase.insert(SQLiteDatabase.java:1570)
02-17 18:52:15.746 13560 13611 E SQLiteDatabase: at X.2tm.A08(Unknown Source:6)
02-17 18:52:15.746 13560 13611 E SQLiteDatabase: at X.35Y.A07(Unknown Source:212)
02-17 18:52:15.746 13560 13611 E SQLiteDatabase: at X.3QF.A14(Unknown Source:470)
02-17 18:52:15.746 13560 13611 E SQLiteDatabase: at X.3gU.run(Unknown Source:982)
02-17 18:52:15.746 13560 13611 E SQLiteDatabase: at android.os.Handler.handleCallback(Handler.java:938)
02-17 18:52:15.746 13560 13611 E SQLiteDatabase: at android.os.Handler.dispatchMessage(Handler.java:99)
02-17 18:52:15.746 13560 13611 E SQLiteDatabase: at X.0zq.dispatchMessage(Unknown Source:4)
02-17 18:52:15.746 13560 13611 E SQLiteDatabase: at android.os.Looper.loop(Looper.java:236)
02-17 18:52:15.746 13560 13611 E SQLiteDatabase: at android.os.HandlerThread.run(HandlerThread.java:67)
02-17 18:52:15.753 13560 13560 E ArmVmp : Match on catch block at 0xc3 in for 0x95
02-17 18:52:15.754 13560 13611 E SQLiteDatabase: Error inserting transferred=1 media_job_uuid=b8ce6982-8758-46b7-9cfb-91ea225924e8 transcoded=1 gif_attribution=0 first_scan_length=0 direct_path=/o1/v/t62.7118-24/f1/m234/up-oil-image-83460ff2- 93a0-47a5-9cf6-32b8939a2ae1?ccb=9-4&oh=01_AdTW3CWxxucqcUJJxXaJqSS6efswHLmhAu5pQj- p0ztnlQ&oe=65F8072F&_nc_sid=000000 thumbnail_height_width_ratio=1.3584906 is_animated_sticker=0 file_hash=FqrITFzwZlYDn3CpewUvfcWyj4OUC2tgJWRuwrVYc1g= file_path=Media/MBWhatsApp Images/IMG-20240216-WA0036.jpg file_size=106870 partial_media_hash=null face_x=112 face_y=563 height=1117 trim_to=0 media_key_timestamp=1707988816000 message_url=https://mmg.whatsapp.net/o1/v/t62.7118-24/f1/m234/up-oil-image- 83460ff2-93a0-47a5-9cf6-32b8939a2ae1?ccb=9- 4&oh=01_AdTW3CWxxucqcUJJxXaJqSS6efswHLmhAu5pQj- p0ztnlQ&oe=65F8072F&_nc_sid=000000&mms3=true media_caption=null trim_from=0 mime_type=null partial_media_enc_hash=null width=828 original_file_hash=null has_streaming_sidecar=0 autotransfer_retry_enabled=0 media_upload_handle=null message_row_id=864 multicast_id=null enc_file_hash=sRMChKQ5SODA18Ucs0HQun4h95xSpHLKe4rd31EAJYM= mute_video=0 page_count=0 first_scan_sidecar=null suspicious_content=0 file_length=106870 media_name=82d99d98-3690-430d-9257-ea92ba0e1090.jpg media_duration=0 chat_row_id=34 media_key=[B@554e6
02-17 18:52:15.754 13560 13611 E SQLiteDatabase: android.database.sqlite.SQLiteConstraintException: UNIQUE constraint failed: message_media.message_row_id (code 1555 SQLITE_CONSTRAINT_PRIMARYKEY)
02-17 18:52:15.754 13560 13611 E SQLiteDatabase: at android.database.sqlite.SQLiteConnection.nativeExecuteForLastInsertedRowId(Native Method)
02-17 18:52:15.754 13560 13611 E SQLiteDatabase: at android.database.sqlite.SQLiteConnection.executeForLastInsertedRowId(SQLiteConnecti on.java:938)
02-17 18:52:15.754 13560 13611 E SQLiteDatabase: at android.database.sqlite.SQLiteSession.executeForLastInsertedRowId(SQLiteSession.jav a:790)
02-17 18:52:15.754 13560 13611 E SQLiteDatabase: at android.database.sqlite.SQLiteStatement.executeInsert(SQLiteStatement.java:88)
02-17 18:52:15.754 13560 13611 E SQLiteDatabase: at android.database.sqlite.SQLiteDatabase.insertWithOnConflict(SQLiteDatabase.java:170 1)
02-17 18:52:15.754 13560 13611 E SQLiteDatabase: at android.database.sqlite.SQLiteDatabase.insert(SQLiteDatabase.java:1570)
02-17 18:52:15.754 13560 13611 E SQLiteDatabase: at X.2tm.A08(Unknown Source:6)
02-17 18:52:15.754 13560 13611 E SQLiteDatabase: at X.35Y.A07(Unknown Source:212)
02-17 18:52:15.754 13560 13611 E SQLiteDatabase: at X.3QF.A14(Unknown Source:470)
02-17 18:52:15.754 13560 13611 E SQLiteDatabase: at X.3gU.run(Unknown Source:982)
02-17 18:52:15.754 13560 13611 E SQLiteDatabase: at android.os.Handler.handleCallback(Handler.java:938)
02-17 18:52:15.754 13560 13611 E SQLiteDatabase: at android.os.Handler.dispatchMessage(Handler.java:99)
02-17 18:52:15.754 13560 13611 E SQLiteDatabase: at X.0zq.dispatchMessage(Unknown Source:4)
02-17 18:52:15.754 13560 13611 E SQLiteDatabase: at android.os.Looper.loop(Looper.java:236)
02-17 18:52:15.754 13560 13611 E SQLiteDatabase: at android.os.HandlerThread.run(HandlerThread.java:67)
02-17 18:52:15.770 13560 13560 E libc : Access denied finding property "ro.vendor.pref_scale_resolution"
02-17 18:52:15.839 13560 13560 E ArmVmp : Match on catch block at 0xc3 in for 0x99
02-17 18:52:15.850 13560 13560 E ArmVmp : Match on catch block at 0xc3 in for 0x91
02-17 18:52:15.869 13560 13560 E ArmVmp : Match on catch block at 0xc3 in for 0x91
02-17 18:52:15.878 13560 13560 E ArmVmp : Match on catch block at 0xc3 in for 0x95
02-17 18:52:15.894 13560 13560 E ArmVmp : Match on catch block at 0xc3 in for 0x95
02-17 18:52:15.905 13560 13560 E ArmVmp : Match on catch block at 0xc3 in for 0x99
02-17 18:52:15.927 13560 13560 E ArmVmp : Match on catch block at 0xc3 in for 0x99
02-17 18:52:15.936 13560 13560 E ArmVmp : Match on catch block at 0xc3 in for 0x91
02-17 18:52:15.964 13560 13560 E ArmVmp : Match on catch block at 0xc3 in for 0x91
02-17 18:52:15.974 13560 13560 E ArmVmp : Match on catch block at 0xc3 in for 0x95
02-17 18:52:15.996 13560 13560 E ArmVmp : Match on catch block at 0xc3 in for 0x95
02-17 18:52:16.008 13560 13560 E ArmVmp : Match on catch block at 0xc3 in for 0x99
02-17 18:52:16.027 13560 13560 E ArmVmp : Match on catch block at 0xc3 in for 0x95
02-17 18:52:16.036 13560 13560 E ArmVmp : Match on catch block at 0xc3 in for 0x99
02-17 18:52:16.043 13560 13560 E ArmVmp : Match on catch block at 0xc3 in for 0x99
02-17 18:52:16.048 13560 13560 E ArmVmp : Match on catch block at 0xc3 in for 0x91
02-17 18:52:16.074 13560 13560 E ArmVmp : Match on catch block at 0xc3 in for 0x91
02-17 18:52:16.078 13560 13560 E ArmVmp : Match on catch block at 0xc3 in for 0x95
02-17 18:52:16.371 13560 13560 E libc : Access denied finding property "ro.vendor.pref_scale_resolution"
02-17 18:52:16.374 13560 13560 E libc : Access denied finding property "ro.vendor.pref_scale_resolution"
02-17 18:52:16.384 13560 13560 E ArmVmp : Match on catch block at 0xc3 in for 0x99
02-17 18:52:16.388 13560 13560 E ArmVmp : Match on catch block at 0xc3 in for 0x91
02-17 18:52:16.395 13560 13560 E ArmVmp : Match on catch block at 0xc3 in for 0x91
02-17 18:52:16.400 13560 13560 E ArmVmp : Match on catch block at 0xc3 in for 0x95
02-17 18:52:16.407 13560 13684 W MediaPlayer: Use of stream types is deprecated for operations other than volume control
02-17 18:52:16.407 13560 13684 W MediaPlayer: See the documentation of setAudioStreamType() for what to use instead with android.media.AudioAttributes to qualify your playback use case
02-17 18:52:16.421 13560 13560 E ArmVmp : Match on catch block at 0xc3 in for 0x99
02-17 18:52:16.425 13560 13560 E ArmVmp : Match on catch block at 0xc3 in for 0x91
02-17 18:52:16.754 13560 13560 E ArmVmp : Match on catch block at 0xc3 in for 0x99
02-17 18:52:16.757 13560 13560 E ArmVmp : Match on catch block at 0xc3 in for 0x91
02-17 18:52:16.764 13560 13684 W MediaPlayer: Use of stream types is deprecated for operations other than volume control
02-17 18:52:16.764 13560 13684 W MediaPlayer: See the documentation of setAudioStreamType() for what to use instead with android.media.AudioAttributes to qualify your playback use case
02-17 18:52:16.768 13560 13560 E ArmVmp : Match on catch block at 0xc3 in for 0x95
02-17 18:52:16.773 13560 13560 E ArmVmp : Match on catch block at 0xc3 in for 0x99
02-17 18:52:16.933 13560 13560 E ArmVmp : Match on catch block at 0xc3 in for 0x99
02-17 18:52:16.936 13560 13560 E ArmVmp : Match on catch block at 0xc3 in for 0x91
02-17 18:52:17.127 13560 13560 E ArmVmp : Match on catch block at 0xc3 in for 0x99
02-17 18:52:17.135 13560 13560 E ArmVmp : Match on catch block at 0xc3 in for 0x91
02-17 18:52:17.149 13560 13560 E ArmVmp : Match on catch block at 0xc3 in for 0x91
02-17 18:52:17.156 13560 13684 W MediaPlayer: Use of stream types is deprecated for operations other than volume control
02-17 18:52:17.156 13560 13684 W MediaPlayer: See the documentation of setAudioStreamType() for what to use instead with android.media.AudioAttributes to qualify your playback use case
02-17 18:52:17.165 13560 13560 E ArmVmp : Match on catch block at 0xc3 in for 0x95
02-17 18:52:17.205 13560 13560 E ArmVmp : Match on catch block at 0xc3 in for 0x95
02-17 18:52:17.211 13560 13560 E ArmVmp : Match on catch block at 0xc3 in for 0x99
02-17 18:52:17.234 13560 13560 E ArmVmp : Match on catch block at 0xc3 in for 0x91
02-17 18:52:17.238 13560 13560 E ArmVmp : Match on catch block at 0xc3 in for 0x95
02-17 18:52:17.249 13560 13560 E ArmVmp : Match on catch block at 0xc3 in for 0x95
02-17 18:52:17.253 13560 13560 E ArmVmp : Match on catch block at 0xc3 in for 0x99
02-17 18:52:17.265 13560 13560 E ArmVmp : Match on catch block at 0xc3 in for 0x99
02-17 18:52:17.269 13560 13560 E ArmVmp : Match on catch block at 0xc3 in for 0x91
02-17 18:52:17.282 13560 13560 E ArmVmp : Match on catch block at 0xc3 in for 0x91
02-17 18:52:17.286 13560 13560 E ArmVmp : Match on catch block at 0xc3 in for 0x95
02-17 18:52:17.300 13560 13560 E ArmVmp : Match on catch block at 0xc3 in for 0x95
02-17 18:52:17.303 13560 13560 E ArmVmp : Match on catch block at 0xc3 in for 0x99
02-17 18:52:17.315 13560 13560 E ArmVmp : Match on catch block at 0xc3 in for 0x99
02-17 18:52:17.319 13560 13560 E ArmVmp : Match on catch block at 0xc3 in for 0x91
02-17 18:52:17.332 13560 13560 E ArmVmp : Match on catch block at 0xc3 in for 0x91
02-17 18:52:17.335 13560 13560 E ArmVmp : Match on catch block at 0xc3 in for 0x95
02-17 18:52:17.349 13560 13560 E ArmVmp : Match on catch block at 0xc3 in for 0x95
02-17 18:52:17.352 13560 13560 E ArmVmp : Match on catch block at 0xc3 in for 0x99
02-17 18:52:17.364 13560 13560 E ArmVmp : Match on catch block at 0xc3 in for 0x99
02-17 18:52:17.367 13560 13560 E ArmVmp : Match on catch block at 0xc3 in for 0x91
02-17 18:52:17.381 13560 13560 E ArmVmp : Match on catch block at 0xc3 in for 0x91
02-17 18:52:17.384 13560 13560 E ArmVmp : Match on catch block at 0xc3 in for 0x95
02-17 18:52:17.397 13560 13560 E ArmVmp : Match on catch block at 0xc3 in for 0x95
02-17 18:52:17.400 13560 13560 E ArmVmp : Match on catch block at 0xc3 in for 0x99
02-17 18:52:17.414 13560 13560 E ArmVmp : Match on catch block at 0xc3 in for 0x95
02-17 18:52:17.417 13560 13560 E ArmVmp : Match on catch block at 0xc3 in for 0x99
02-17 18:52:17.430 13560 13560 E ArmVmp : Match on catch block at 0xc3 in for 0x99
02-17 18:52:17.433 13560 13560 E ArmVmp : Match on catch block at 0xc3 in for 0x91
02-17 18:52:17.447 13560 13560 E ArmVmp : Match on catch block at 0xc3 in for 0x91
02-17 18:52:17.450 13560 13560 E ArmVmp : Match on catch block at 0xc3 in for 0x95
02-17 18:52:17.463 13560 13560 E ArmVmp : Match on catch block at 0xc3 in for 0x95
02-17 18:52:17.466 13560 13560 E ArmVmp : Match on catch block at 0xc3 in for 0x99
02-17 18:52:17.480 13560 13560 E ArmVmp : Match on catch block at 0xc3 in for 0x99
02-17 18:52:17.483 13560 13560 E ArmVmp : Match on catch block at 0xc3 in for 0x91
02-17 18:52:17.496 13560 13560 E ArmVmp : Match on catch block at 0xc3 in for 0x91
02-17 18:52:17.499 13560 13560 E ArmVmp : Match on catch block at 0xc3 in for 0x95
02-17 18:52:17.512 13560 13560 E ArmVmp : Match on catch block at 0xc3 in for 0x95
02-17 18:52:17.516 13560 13560 E ArmVmp : Match on catch block at 0xc3 in for 0x99
02-17 18:52:17.530 13560 13560 E ArmVmp : Match on catch block at 0xc3 in for 0x95
02-17 18:52:17.534 13560 13560 E ArmVmp : Match on catch block at 0xc3 in for 0x99
02-17 18:52:17.545 13560 13560 E ArmVmp : Match on catch block at 0xc3 in for 0x91
02-17 18:52:17.549 13560 13560 E ArmVmp : Match on catch block at 0xc3 in for 0x95
02-17 18:52:17.561 13560 13560 E ArmVmp : Match on catch block at 0xc3 in for 0x99
02-17 18:52:17.565 13560 13560 E ArmVmp : Match on catch block at 0xc3 in for 0x91
02-17 18:52:17.578 13560 13560 E ArmVmp : Match on catch block at 0xc3 in for 0x95
02-17 18:52:17.582 13560 13560 E ArmVmp : Match on catch block at 0xc3 in for 0x99
02-17 18:52:17.594 13560 13560 E ArmVmp : Match on catch block at 0xc3 in for 0x91
02-17 18:52:17.597 13560 13560 E ArmVmp : Match on catch block at 0xc3 in for 0x95
02-17 18:52:17.610 13560 13560 E ArmVmp : Match on catch block at 0xc3 in for 0x99
02-17 18:52:17.614 13560 13560 E ArmVmp : Match on catch block at 0xc3 in for 0x91
02-17 18:52:17.627 13560 13560 E ArmVmp : Match on catch block at 0xc3 in for 0x95
02-17 18:52:17.631 13560 13560 E ArmVmp : Match on catch block at 0xc3 in for 0x99
02-17 18:52:17.644 13560 13560 E ArmVmp : Match on catch block at 0xc3 in for 0x91
02-17 18:52:17.647 13560 13560 E ArmVmp : Match on catch block at 0xc3 in for 0x95
02-17 18:52:17.660 13560 13560 E ArmVmp : Match on catch block at 0xc3 in for 0x99
02-17 18:52:17.664 13560 13560 E ArmVmp : Match on catch block at 0xc3 in for 0x91
02-17 18:52:17.677 13560 13560 E ArmVmp : Match on catch block at 0xc3 in for 0x95
02-17 18:52:17.680 13560 13560 E ArmVmp : Match on catch block at 0xc3 in for 0x99
02-17 18:52:17.693 13560 13560 E ArmVmp : Match on catch block at 0xc3 in for 0x91
02-17 18:52:17.697 13560 13560 E ArmVmp : Match on catch block at 0xc3 in for 0x95
02-17 18:52:17.710 13560 13560 E ArmVmp : Match on catch block at 0xc3 in for 0x99
02-17 18:52:17.713 13560 13560 E ArmVmp : Match on catch block at 0xc3 in for 0x91
02-17 18:52:17.726 13560 13560 E ArmVmp : Match on catch block at 0xc3 in for 0x95
02-17 18:52:17.730 13560 13560 E ArmVmp : Match on catch block at 0xc3 in for 0x99
02-17 18:52:17.743 13560 13560 E ArmVmp : Match on catch block at 0xc3 in for 0x91
02-17 18:52:17.747 13560 13560 E ArmVmp : Match on catch block at 0xc3 in for 0x95
02-17 18:52:17.759 13560 13560 E ArmVmp : Match on catch block at 0xc3 in for 0x91
02-17 18:52:17.763 13560 13560 E ArmVmp : Match on catch block at 0xc3 in for 0x95
02-17 18:52:17.924 13560 13560 E ArmVmp : Match on catch block at 0xc3 in for 0x95
02-17 18:52:17.928 13560 13560 E ArmVmp : Match on catch block at 0xc3 in for 0x99
02-17 18:52:17.940 13560 13560 E ArmVmp : Match on catch block at 0xc3 in for 0x99
02-17 18:52:17.944 13560 13560 E ArmVmp : Match on catch block at 0xc3 in for 0x91
02-17 18:52:17.957 13560 13560 E ArmVmp : Match on catch block at 0xc3 in for 0x91
02-17 18:52:17.960 13560 13560 E ArmVmp : Match on catch block at 0xc3 in for 0x95
02-17 18:52:17.973 13560 13560 E ArmVmp : Match on catch block at 0xc3 in for 0x95
02-17 18:52:17.977 13560 13560 E ArmVmp : Match on catch block at 0xc3 in for 0x99
02-17 18:52:17.990 13560 13560 E ArmVmp : Match on catch block at 0xc3 in for 0x99
02-17 18:52:17.993 13560 13560 E ArmVmp : Match on catch block at 0xc3 in for 0x91
02-17 18:52:18.007 13560 13560 E ArmVmp : Match on catch block at 0xc3 in for 0x91
02-17 18:52:18.010 13560 13560 E ArmVmp : Match on catch block at 0xc3 in for 0x95
02-17 18:52:18.023 13560 13560 E ArmVmp : Match on catch block at 0xc3 in for 0x95
02-17 18:52:18.027 13560 13560 E ArmVmp : Match on catch block at 0xc3 in for 0x99
02-17 18:52:18.039 13560 13560 E ArmVmp : Match on catch block at 0xc3 in for 0x99
02-17 18:52:18.043 13560 13560 E ArmVmp : Match on catch block at 0xc3 in for 0x91
02-17 18:52:18.056 13560 13560 E ArmVmp : Match on catch block at 0xc3 in for 0x91
02-17 18:52:18.060 13560 13560 E ArmVmp : Match on catch block at 0xc3 in for 0x95
02-17 18:52:18.072 13560 13560 E ArmVmp : Match on catch block at 0xc3 in for 0x95
02-17 18:52:18.076 13560 13560 E ArmVmp : Match on catch block at 0xc3 in for 0x99
02-17 18:52:18.089 13560 13560 E ArmVmp : Match on catch block at 0xc3 in for 0x99
02-17 18:52:18.092 13560 13560 E ArmVmp : Match on catch block at 0xc3 in for 0x91
02-17 18:52:18.115 13560 13560 E ArmVmp : Match on catch block at 0xc3 in for 0x99
02-17 18:52:18.118 13560 13560 E ArmVmp : Match on catch block at 0xc3 in for 0x91
02-17 18:52:18.122 13560 13560 E ArmVmp : Match on catch block at 0xc3 in for 0x91
02-17 18:52:18.127 13560 13560 E ArmVmp : Match on catch block at 0xc3 in for 0x95
02-17 18:52:18.204 13560 13560 E ArmVmp : Match on catch block at 0xc3 in for 0x95
02-17 18:52:18.208 13560 13560 E ArmVmp : Match on catch block at 0xc3 in for 0x99
02-17 18:52:18.251 13560 13560 E libc : Access denied finding property "ro.vendor.pref_scale_resolution"
02-17 18:52:18.285 13560 13560 E libc : Access denied finding property "ro.vendor.pref_scale_resolution"
02-17 18:52:18.288 13560 13560 E libc : Access denied finding property "ro.vendor.pref_scale_resolution"
02-17 18:52:18.357 13560 13560 E libc : Access denied finding property "ro.vendor.pref_scale_resolution"
02-17 18:52:18.451 13560 13560 E ArmVmp : Match on catch block at 0xc3 in for 0x95
02-17 18:52:18.457 13560 13560 E ArmVmp : Match on catch block at 0xc3 in for 0x99
02-17 18:52:18.983 13560 13560 E ArmVmp : Match on catch block at 0xc3 in for 0x95
02-17 18:52:18.990 13560 13560 E ArmVmp : Match on catch block at 0xc3 in for 0x99
02-17 18:52:19.389 13560 13560 E libc : Access denied finding property "ro.vendor.pref_scale_resolution"
02-17 18:52:28.412 13560 13560 E libc : Access denied finding property "ro.vendor.pref_scale_resolution"
02-17 18:52:28.457 13560 13560 E libc : Access denied finding property "ro.vendor.pref_scale_resolution"
02-17 18:52:40.713 13560 13560 E libc : Access denied finding property "ro.vendor.pref_scale_resolution"
02-17 18:52:40.732 13560 13560 E libc : Access denied finding property "ro.vendor.pref_scale_resolution"
02-17 18:52:42.818 13560 13560 E libc : Access denied finding property "ro.vendor.pref_scale_resolution"
02-17 18:52:44.188 13560 13560 E libc : Access denied finding property "ro.vendor.pref_scale_resolution"
02-17 18:52:44.256 13560 13560 E libc : Access denied finding property "ro.vendor.pref_scale_resolution"
02-17 18:52:44.261 13560 13560 E libc : Access denied finding property "ro.vendor.pref_scale_resolution"
02-17 18:52:44.390 13560 13560 E libc : Access denied finding property "ro.vendor.pref_scale_resolution"
02-17 18:52:44.411 13560 13560 E libc : Access denied finding property "ro.vendor.pref_scale_resolution"
02-17 18:52:44.413 13560 13560 E libc : Access denied finding property "ro.vendor.pref_scale_resolution"
02-17 18:52:44.449 13560 13560 E ArmVmp : Match on catch block at 0x0a in for 0xb9
02-17 18:52:44.458 13560 13560 E ArmVmp : Match on catch block at 0x0a in for 0xb5
02-17 18:52:44.458 13560 13804 E libc : Access denied finding property "ro.vendor.pref_scale_resolution"
02-17 18:52:44.465 13560 13560 E libc : Access denied finding property "ro.vendor.pref_scale_resolution"
02-17 18:52:44.475 13560 13560 E libc : Access denied finding property "ro.vendor.pref_scale_resolution"
02-17 18:52:44.508 13560 13560 W Looper : PerfMonitor looperActivity : package=com.mbwhatsapp/.Conversation time=0ms latency=392ms running=0ms procState=2 ClientTransaction{ callbacks=[android.app.servertransaction.TopResumedActivityChang eItem] } historyMsgCount=3 (msgIndex=3 wall=385ms seq=2187 late=7ms h=android.app.ActivityThread$H w=159)
02-17 18:52:44.558 13560 13560 E libc : Access denied finding property "ro.vendor.pref_scale_resolution"
02-17 18:52:44.585 13560 13560 E libc : Access denied finding property "ro.vendor.pref_scale_resolution"
02-17 18:52:44.654 13560 13560 E ArmVmp : Match on catch block at 0xc3 in for 0xa9
02-17 18:52:44.659 13560 13560 E ArmVmp : Match on catch block at 0xc3 in for 0xa9
02-17 18:52:44.687 13560 13560 W Looper : PerfMonitor doFrame : time=178ms vsyncFrame=0 latency=370ms procState=2 historyMsgCount=3 (msgIndex=1 wall=385ms seq=2187 late=7ms h=android.app.ActivityThread$H w=159)
02-17 18:52:44.707 13560 13560 E libc : Access denied finding property "ro.vendor.pref_scale_resolution"
02-17 18:52:44.711 13560 13560 E libc : Access denied finding property "ro.vendor.pref_scale_resolution"
02-17 18:52:44.729 13560 13560 E ArmVmp : Match on catch block at 0xc3 in for 0x99
02-17 18:52:44.732 13560 13560 E ArmVmp : Match on catch block at 0xc3 in for 0x91
02-17 18:52:44.776 13560 13560 E ArmVmp : Match on catch block at 0xc3 in for 0x95
02-17 18:52:44.780 13560 13560 E ArmVmp : Match on catch block at 0xc3 in for 0x99
02-17 18:52:44.843 13560 13560 E ArmVmp : Match on catch block at 0xc3 in for 0x99
02-17 18:52:44.847 13560 13560 E ArmVmp : Match on catch block at 0xc3 in for 0x91
02-17 18:52:45.314 13560 13560 E ArmVmp : Match on catch block at 0xc3 in for 0x91
02-17 18:52:45.319 13560 13560 E ArmVmp : Match on catch block at 0xc3 in for 0x95
02-17 18:52:45.331 13560 13560 E ArmVmp : Match on catch block at 0xc3 in for 0x95
02-17 18:52:45.336 13560 13560 E ArmVmp : Match on catch block at 0xc3 in for 0x99
02-17 18:52:45.347 13560 13560 E ArmVmp : Match on catch block at 0xc3 in for 0x99
02-17 18:52:45.351 13560 13560 E ArmVmp : Match on catch block at 0xc3 in for 0x91
02-17 18:52:45.364 13560 13560 E ArmVmp : Match on catch block at 0xc3 in for 0x91
02-17 18:52:45.369 13560 13560 E ArmVmp : Match on catch block at 0xc3 in for 0x95
02-17 18:52:45.381 13560 13560 E ArmVmp : Match on catch block at 0xc3 in for 0x95
02-17 18:52:45.384 13560 13560 E ArmVmp : Match on catch block at 0xc3 in for 0x99
02-17 18:52:45.396 13560 13560 E ArmVmp : Match on catch block at 0xc3 in for 0x99
02-17 18:52:45.400 13560 13560 E ArmVmp : Match on catch block at 0xc3 in for 0x91
02-17 18:52:45.413 13560 13560 E ArmVmp : Match on catch block at 0xc3 in for 0x91
02-17 18:52:45.419 13560 13560 E ArmVmp : Match on catch block at 0xc3 in for 0x95
02-17 18:52:45.430 13560 13560 E ArmVmp : Match on catch block at 0xc3 in for 0x95
02-17 18:52:45.433 13560 13560 E ArmVmp : Match on catch block at 0xc3 in for 0x99
02-17 18:52:45.446 13560 13560 E ArmVmp : Match on catch block at 0xc3 in for 0x99
02-17 18:52:45.450 13560 13560 E ArmVmp : Match on catch block at 0xc3 in for 0x91
02-17 18:52:45.463 13560 13560 E ArmVmp : Match on catch block at 0xc3 in for 0x91
02-17 18:52:45.467 13560 13560 E ArmVmp : Match on catch block at 0xc3 in for 0x95
02-17 18:52:45.479 13560 13560 E ArmVmp : Match on catch block at 0xc3 in for 0x95
02-17 18:52:45.483 13560 13560 E ArmVmp : Match on catch block at 0xc3 in for 0x99
02-17 18:52:45.496 13560 13560 E ArmVmp : Match on catch block at 0xc3 in for 0x99
02-17 18:52:45.499 13560 13560 E ArmVmp : Match on catch block at 0xc3 in for 0x91
02-17 18:52:45.512 13560 13560 E ArmVmp : Match on catch block at 0xc3 in for 0x91
02-17 18:52:45.516 13560 13560 E ArmVmp : Match on catch block at 0xc3 in for 0x95
02-17 18:52:45.529 13560 13560 E ArmVmp : Match on catch block at 0xc3 in for 0x95
02-17 18:52:45.533 13560 13560 E ArmVmp : Match on catch block at 0xc3 in for 0x99
02-17 18:52:45.545 13560 13560 E ArmVmp : Match on catch block at 0xc3 in for 0x99
02-17 18:52:45.550 13560 13560 E ArmVmp : Match on catch block at 0xc3 in for 0x91
02-17 18:52:45.561 13560 13560 E ArmVmp : Match on catch block at 0xc3 in for 0x91
02-17 18:52:45.565 13560 13560 E ArmVmp : Match on catch block at 0xc3 in for 0x95
02-17 18:52:45.578 13560 13560 E ArmVmp : Match on catch block at 0xc3 in for 0x95
02-17 18:52:45.582 13560 13560 E ArmVmp : Match on catch block at 0xc3 in for 0x99
02-17 18:52:45.595 13560 13560 E ArmVmp : Match on catch block at 0xc3 in for 0x99
02-17 18:52:45.599 13560 13560 E ArmVmp : Match on catch block at 0xc3 in for 0x91
02-17 18:52:45.611 13560 13560 E ArmVmp : Match on catch block at 0xc3 in for 0x91
02-17 18:52:45.615 13560 13560 E ArmVmp : Match on catch block at 0xc3 in for 0x95
02-17 18:52:45.628 13560 13560 E ArmVmp : Match on catch block at 0xc3 in for 0x95
02-17 18:52:45.632 13560 13560 E ArmVmp : Match on catch block at 0xc3 in for 0x99
02-17 18:52:45.843 13560 13560 E ArmVmp : Match on catch block at 0xc3 in for 0x99
02-17 18:52:45.847 13560 13560 E ArmVmp : Match on catch block at 0xc3 in for 0x91
02-17 18:52:46.339 13560 13560 E ArmVmp : Match on catch block at 0xc3 in for 0x91
02-17 18:52:46.343 13560 13560 E ArmVmp : Match on catch block at 0xc3 in for 0x95
02-17 18:52:46.355 13560 13560 E ArmVmp : Match on catch block at 0xc3 in for 0x95
02-17 18:52:46.360 13560 13560 E ArmVmp : Match on catch block at 0xc3 in for 0x99
02-17 18:52:46.371 13560 13560 E ArmVmp : Match on catch block at 0xc3 in for 0x99
02-17 18:52:46.378 13560 13560 E ArmVmp : Match on catch block at 0xc3 in for 0x91
02-17 18:52:46.387 13560 13560 E ArmVmp : Match on catch block at 0xc3 in for 0x91
02-17 18:52:46.392 13560 13560 E ArmVmp : Match on catch block at 0xc3 in for 0x95
02-17 18:52:46.406 13560 13560 E ArmVmp : Match on catch block at 0xc3 in for 0x95
02-17 18:52:46.411 13560 13560 E ArmVmp : Match on catch block at 0xc3 in for 0x99
02-17 18:52:46.421 13560 13560 E ArmVmp : Match on catch block at 0xc3 in for 0x99
02-17 18:52:46.426 13560 13560 E ArmVmp : Match on catch block at 0xc3 in for 0x91
02-17 18:52:46.438 13560 13560 E ArmVmp : Match on catch block at 0xc3 in for 0x91
02-17 18:52:46.443 13560 13560 E ArmVmp : Match on catch block at 0xc3 in for 0x95
02-17 18:52:46.454 13560 13560 E ArmVmp : Match on catch block at 0xc3 in for 0x95
02-17 18:52:46.459 13560 13560 E ArmVmp : Match on catch block at 0xc3 in for 0x99
02-17 18:52:46.471 13560 13560 E ArmVmp : Match on catch block at 0xc3 in for 0x99
02-17 18:52:46.476 13560 13560 E ArmVmp : Match on catch block at 0xc3 in for 0x91
02-17 18:52:46.486 13560 13560 E ArmVmp : Match on catch block at 0xc3 in for 0x91
02-17 18:52:46.491 13560 13560 E ArmVmp : Match on catch block at 0xc3 in for 0x95
02-17 18:52:46.503 13560 13560 E ArmVmp : Match on catch block at 0xc3 in for 0x95
02-17 18:52:46.508 13560 13560 E ArmVmp : Match on catch block at 0xc3 in for 0x99
02-17 18:52:46.519 13560 13560 E ArmVmp : Match on catch block at 0xc3 in for 0x99
02-17 18:52:46.524 13560 13560 E ArmVmp : Match on catch block at 0xc3 in for 0x91
02-17 18:52:46.537 13560 13560 E ArmVmp : Match on catch block at 0xc3 in for 0x91
02-17 18:52:46.542 13560 13560 E ArmVmp : Match on catch block at 0xc3 in for 0x95
02-17 18:52:46.553 13560 13560 E ArmVmp : Match on catch block at 0xc3 in for 0x95
02-17 18:52:46.558 13560 13560 E ArmVmp : Match on catch block at 0xc3 in for 0x99
02-17 18:52:46.570 13560 13560 E ArmVmp : Match on catch block at 0xc3 in for 0x99
02-17 18:52:46.574 13560 13560 E ArmVmp : Match on catch block at 0xc3 in for 0x91
02-17 18:52:46.586 13560 13560 E ArmVmp : Match on catch block at 0xc3 in for 0x91
02-17 18:52:46.591 13560 13560 E ArmVmp : Match on catch block at 0xc3 in for 0x95
02-17 18:52:46.602 13560 13560 E ArmVmp : Match on catch block at 0xc3 in for 0x95
02-17 18:52:46.606 13560 13560 E ArmVmp : Match on catch block at 0xc3 in for 0x99
02-17 18:52:46.619 13560 13560 E ArmVmp : Match on catch block at 0xc3 in for 0x99
02-17 18:52:46.624 13560 13560 E ArmVmp : Match on catch block at 0xc3 in for 0x91
02-17 18:52:46.834 13560 13560 E ArmVmp : Match on catch block at 0xc3 in for 0x91
02-17 18:52:46.840 13560 13560 E ArmVmp : Match on catch block at 0xc3 in for 0x95
02-17 18:52:47.346 13560 13560 E ArmVmp : Match on catch block at 0xc3 in for 0x95
02-17 18:52:47.350 13560 13560 E ArmVmp : Match on catch block at 0xc3 in for 0x99
02-17 18:52:47.842 13560 13560 E ArmVmp : Match on catch block at 0xc3 in for 0x95
02-17 18:52:47.846 13560 13560 E ArmVmp : Match on catch block at 0xc3 in for 0x99
02-17 18:52:47.906 13560 13560 E ArmVmp : Match on catch block at 0xc3 in for 0x91
02-17 18:52:47.912 13560 13560 E ArmVmp : Match on catch block at 0xc3 in for 0x95
02-17 18:52:47.928 13560 13560 E ArmVmp : Match on catch block at 0xc3 in for 0x95
02-17 18:52:47.932 13560 13560 E ArmVmp : Match on catch block at 0xc3 in for 0x99
02-17 18:52:47.942 13560 13560 E ArmVmp : Match on catch block at 0xc3 in for 0x99
02-17 18:52:47.946 13560 13560 E ArmVmp : Match on catch block at 0xc3 in for 0x91
02-17 18:52:47.959 13560 13560 E ArmVmp : Match on catch block at 0xc3 in for 0x91
02-17 18:52:47.963 13560 13560 E ArmVmp : Match on catch block at 0xc3 in for 0x95
02-17 18:52:47.975 13560 13560 E ArmVmp : Match on catch block at 0xc3 in for 0x95
02-17 18:52:47.979 13560 13560 E ArmVmp : Match on catch block at 0xc3 in for 0x99
02-17 18:52:47.991 13560 13560 E ArmVmp : Match on catch block at 0xc3 in for 0x99
02-17 18:52:47.994 13560 13560 E ArmVmp : Match on catch block at 0xc3 in for 0x91
02-17 18:52:48.007 13560 13560 E ArmVmp : Match on catch block at 0xc3 in for 0x91
02-17 18:52:48.010 13560 13560 E ArmVmp : Match on catch block at 0xc3 in for 0x95
02-17 18:52:48.023 13560 13560 E ArmVmp : Match on catch block at 0xc3 in for 0x99
02-17 18:52:48.026 13560 13560 E ArmVmp : Match on catch block at 0xc3 in for 0x91
02-17 18:52:48.040 13560 13560 E ArmVmp : Match on catch block at 0xc3 in for 0x95
02-17 18:52:48.043 13560 13560 E ArmVmp : Match on catch block at 0xc3 in for 0x99
02-17 18:52:48.056 13560 13560 E ArmVmp : Match on catch block at 0xc3 in for 0x91
02-17 18:52:48.059 13560 13560 E ArmVmp : Match on catch block at 0xc3 in for 0x95
02-17 18:52:48.073 13560 13560 E ArmVmp : Match on catch block at 0xc3 in for 0x99
02-17 18:52:48.075 13560 13560 E ArmVmp : Match on catch block at 0xc3 in for 0x91
02-17 18:52:48.089 13560 13560 E ArmVmp : Match on catch block at 0xc3 in for 0x95
02-17 18:52:48.092 13560 13560 E ArmVmp : Match on catch block at 0xc3 in for 0x99
02-17 18:52:48.106 13560 13560 E ArmVmp : Match on catch block at 0xc3 in for 0x91
02-17 18:52:48.109 13560 13560 E ArmVmp : Match on catch block at 0xc3 in for 0x95
02-17 18:52:48.122 13560 13560 E ArmVmp : Match on catch block at 0xc3 in for 0x99
02-17 18:52:48.125 13560 13560 E ArmVmp : Match on catch block at 0xc3 in for 0x91
02-17 18:52:48.139 13560 13560 E ArmVmp : Match on catch block at 0xc3 in for 0x95
02-17 18:52:48.142 13560 13560 E ArmVmp : Match on catch block at 0xc3 in for 0x99
02-17 18:52:48.155 13560 13560 E ArmVmp : Match on catch block at 0xc3 in for 0x91
02-17 18:52:48.158 13560 13560 E ArmVmp : Match on catch block at 0xc3 in for 0x95
02-17 18:52:48.172 13560 13560 E ArmVmp : Match on catch block at 0xc3 in for 0x99
02-17 18:52:48.175 13560 13560 E ArmVmp : Match on catch block at 0xc3 in for 0x91
02-17 18:52:48.188 13560 13560 E ArmVmp : Match on catch block at 0xc3 in for 0x95
02-17 18:52:48.191 13560 13560 E ArmVmp : Match on catch block at 0xc3 in for 0x99
02-17 18:52:48.205 13560 13560 E ArmVmp : Match on catch block at 0xc3 in for 0x91
02-17 18:52:48.208 13560 13560 E ArmVmp : Match on catch block at 0xc3 in for 0x95
02-17 18:52:48.222 13560 13560 E ArmVmp : Match on catch block at 0xc3 in for 0x99
02-17 18:52:48.225 13560 13560 E ArmVmp : Match on catch block at 0xc3 in for 0x91
02-17 18:52:48.238 13560 13560 E ArmVmp : Match on catch block at 0xc3 in for 0x91
02-17 18:52:48.241 13560 13560 E ArmVmp : Match on catch block at 0xc3 in for 0x95
02-17 18:52:48.249 13560 13560 W Choreographer: OPTS_INPUT: First frame was drawed before optimized, so skip!
02-17 18:52:48.256 13560 13560 E ArmVmp : Match on catch block at 0xc3 in for 0x99
02-17 18:52:48.258 13560 13560 E ArmVmp : Match on catch block at 0xc3 in for 0x91
02-17 18:52:48.272 13560 13560 E ArmVmp : Match on catch block at 0xc3 in for 0x95
02-17 18:52:48.275 13560 13560 E ArmVmp : Match on catch block at 0xc3 in for 0x99
02-17 18:52:48.289 13560 13560 E ArmVmp : Match on catch block at 0xc3 in for 0x91
02-17 18:52:48.292 13560 13560 E ArmVmp : Match on catch block at 0xc3 in for 0x95
02-17 18:52:48.305 13560 13560 E ArmVmp : Match on catch block at 0xc3 in for 0x99
02-17 18:52:48.308 13560 13560 E ArmVmp : Match on catch block at 0xc3 in for 0x91
02-17 18:52:48.338 13560 13560 E libc : Access denied finding property "ro.vendor.pref_scale_resolution"
02-17 18:52:48.343 13560 13560 E libc : Access denied finding property "ro.vendor.pref_scale_resolution"
02-17 18:52:48.347 13560 13560 E ArmVmp : Match on catch block at 0xc3 in for 0x99
02-17 18:52:48.351 13560 13560 E ArmVmp : Match on catch block at 0xc3 in for 0x91
02-17 18:52:48.358 13560 13560 E ArmVmp : Match on catch block at 0xc3 in for 0x95
02-17 18:52:48.363 13560 13560 E ArmVmp : Match on catch block at 0xc3 in for 0x99
02-17 18:52:48.371 13560 13560 E ArmVmp : Match on catch block at 0xc3 in for 0x91
02-17 18:52:48.375 13560 13560 E ArmVmp : Match on catch block at 0xc3 in for 0x95
02-17 18:52:48.388 13560 13560 E ArmVmp : Match on catch block at 0xc3 in for 0x99
02-17 18:52:48.391 13560 13560 E ArmVmp : Match on catch block at 0xc3 in for 0x91
02-17 18:52:48.404 13560 13560 E ArmVmp : Match on catch block at 0xc3 in for 0x95
02-17 18:52:48.408 13560 13560 E ArmVmp : Match on catch block at 0xc3 in for 0x99
02-17 18:52:48.425 13560 13560 E libc : Access denied finding property "ro.vendor.pref_scale_resolution"
02-17 18:52:48.436 13560 13560 E ArmVmp : Match on catch block at 0xc3 in for 0x99
02-17 18:52:48.439 13560 13560 E ArmVmp : Match on catch block at 0xc3 in for 0x91
02-17 18:52:48.446 13560 13560 E ArmVmp : Match on catch block at 0xc3 in for 0x91
02-17 18:52:48.450 13560 13560 E ArmVmp : Match on catch block at 0xc3 in for 0x95
02-17 18:52:48.457 13560 13560 E ArmVmp : Match on catch block at 0xc3 in for 0x95
02-17 18:52:48.461 13560 13560 E ArmVmp : Match on catch block at 0xc3 in for 0x99
02-17 18:52:48.469 13560 13560 E ArmVmp : Match on catch block at 0xc3 in for 0x99
02-17 18:52:48.473 13560 13560 E ArmVmp : Match on catch block at 0xc3 in for 0x91
02-17 18:52:48.486 13560 13560 E ArmVmp : Match on catch block at 0xc3 in for 0x91
02-17 18:52:48.489 13560 13560 E ArmVmp : Match on catch block at 0xc3 in for 0x95
02-17 18:52:48.503 13560 13560 E ArmVmp : Match on catch block at 0xc3 in for 0x95
02-17 18:52:48.506 13560 13560 E ArmVmp : Match on catch block at 0xc3 in for 0x99
02-17 18:52:48.520 13560 13560 E ArmVmp : Match on catch block at 0xc3 in for 0x99
02-17 18:52:48.523 13560 13560 E ArmVmp : Match on catch block at 0xc3 in for 0x91
02-17 18:52:48.536 13560 13560 E ArmVmp : Match on catch block at 0xc3 in for 0x91
02-17 18:52:48.539 13560 13560 E ArmVmp : Match on catch block at 0xc3 in for 0x95
02-17 18:52:48.552 13560 13560 E ArmVmp : Match on catch block at 0xc3 in for 0x95
02-17 18:52:48.556 13560 13560 E ArmVmp : Match on catch block at 0xc3 in for 0x99
02-17 18:52:48.569 13560 13560 E ArmVmp : Match on catch block at 0xc3 in for 0x99
02-17 18:52:48.572 13560 13560 E ArmVmp : Match on catch block at 0xc3 in for 0x91
02-17 18:52:48.601 13560 13560 E ArmVmp : Match on catch block at 0xc3 in for 0x91
02-17 18:52:48.604 13560 13560 E ArmVmp : Match on catch block at 0xc3 in for 0x95
02-17 18:52:48.634 13560 13560 E ArmVmp : Match on catch block at 0xc3 in for 0x95
02-17 18:52:48.637 13560 13560 E ArmVmp : Match on catch block at 0xc3 in for 0x99
02-17 18:52:48.651 13560 13560 E ArmVmp : Match on catch block at 0xc3 in for 0x99
02-17 18:52:48.654 13560 13560 E ArmVmp : Match on catch block at 0xc3 in for 0x91
02-17 18:52:48.667 13560 13560 E ArmVmp : Match on catch block at 0xc3 in for 0x91
02-17 18:52:48.670 13560 13560 E ArmVmp : Match on catch block at 0xc3 in for 0x95
02-17 18:52:48.684 13560 13560 E ArmVmp : Match on catch block at 0xc3 in for 0x95
02-17 18:52:48.686 13560 13560 E ArmVmp : Match on catch block at 0xc3 in for 0x99
02-17 18:52:48.700 13560 13560 E ArmVmp : Match on catch block at 0xc3 in for 0x99
02-17 18:52:48.703 13560 13560 E ArmVmp : Match on catch block at 0xc3 in for 0x91
02-17 18:52:48.717 13560 13560 E ArmVmp : Match on catch block at 0xc3 in for 0x91
02-17 18:52:48.719 13560 13560 E ArmVmp : Match on catch block at 0xc3 in for 0x95
02-17 18:52:48.733 13560 13560 E ArmVmp : Match on catch block at 0xc3 in for 0x95
02-17 18:52:48.736 13560 13560 E ArmVmp : Match on catch block at 0xc3 in for 0x99
02-17 18:52:48.750 13560 13560 E ArmVmp : Match on catch block at 0xc3 in for 0x99
02-17 18:52:48.753 13560 13560 E ArmVmp : Match on catch block at 0xc3 in for 0x91
02-17 18:52:48.766 13560 13560 E ArmVmp : Match on catch block at 0xc3 in for 0x91
02-17 18:52:48.769 13560 13560 E ArmVmp : Match on catch block at 0xc3 in for 0x95
02-17 18:52:48.783 13560 13560 E ArmVmp : Match on catch block at 0xc3 in for 0x95
02-17 18:52:48.786 13560 13560 E ArmVmp : Match on catch block at 0xc3 in for 0x99
02-17 18:52:48.799 13560 13560 E ArmVmp : Match on catch block at 0xc3 in for 0x99
02-17 18:52:48.802 13560 13560 E ArmVmp : Match on catch block at 0xc3 in for 0x91
02-17 18:52:48.816 13560 13560 E ArmVmp : Match on catch block at 0xc3 in for 0x91
02-17 18:52:48.819 13560 13560 E ArmVmp : Match on catch block at 0xc3 in for 0x95
02-17 18:52:48.832 13560 13560 E ArmVmp : Match on catch block at 0xc3 in for 0x95
02-17 18:52:48.835 13560 13560 E ArmVmp : Match on catch block at 0xc3 in for 0x99
02-17 18:52:48.849 13560 13560 E ArmVmp : Match on catch block at 0xc3 in for 0x99
02-17 18:52:48.851 13560 13560 E ArmVmp : Match on catch block at 0xc3 in for 0x91
02-17 18:52:48.865 13560 13560 E ArmVmp : Match on catch block at 0xc3 in for 0x91
02-17 18:52:48.869 13560 13560 E ArmVmp : Match on catch block at 0xc3 in for 0x95
02-17 18:52:48.882 13560 13560 E ArmVmp : Match on catch block at 0xc3 in for 0x95
02-17 18:52:48.885 13560 13560 E ArmVmp : Match on catch block at 0xc3 in for 0x99
02-17 18:52:48.899 13560 13560 E ArmVmp : Match on catch block at 0xc3 in for 0x99
02-17 18:52:48.901 13560 13560 E ArmVmp : Match on catch block at 0xc3 in for 0x91
02-17 18:52:48.915 13560 13560 E ArmVmp : Match on catch block at 0xc3 in for 0x91
02-17 18:52:48.917 13560 13560 E ArmVmp : Match on catch block at 0xc3 in for 0x95
02-17 18:52:48.931 13560 13560 E ArmVmp : Match on catch block at 0xc3 in for 0x95
02-17 18:52:48.935 13560 13560 E ArmVmp : Match on catch block at 0xc3 in for 0x99
02-17 18:52:48.948 13560 13560 E ArmVmp : Match on catch block at 0xc3 in for 0x99
02-17 18:52:48.951 13560 13560 E ArmVmp : Match on catch block at 0xc3 in for 0x91
02-17 18:52:48.965 13560 13560 E ArmVmp : Match on catch block at 0xc3 in for 0x91
02-17 18:52:48.968 13560 13560 E ArmVmp : Match on catch block at 0xc3 in for 0x95
02-17 18:52:48.981 13560 13560 E ArmVmp : Match on catch block at 0xc3 in for 0x95
02-17 18:52:48.984 13560 13560 E ArmVmp : Match on catch block at 0xc3 in for 0x99
02-17 18:52:48.997 13560 13560 E ArmVmp : Match on catch block at 0xc3 in for 0x99
02-17 18:52:49.000 13560 13560 E ArmVmp : Match on catch block at 0xc3 in for 0x91
02-17 18:52:49.014 13560 13560 E ArmVmp : Match on catch block at 0xc3 in for 0x91
02-17 18:52:49.017 13560 13560 E ArmVmp : Match on catch block at 0xc3 in for 0x95
02-17 18:52:49.030 13560 13560 E ArmVmp : Match on catch block at 0xc3 in for 0x95
02-17 18:52:49.033 13560 13560 E ArmVmp : Match on catch block at 0xc3 in for 0x99
02-17 18:52:49.047 13560 13560 E ArmVmp : Match on catch block at 0xc3 in for 0x99
02-17 18:52:49.050 13560 13560 E ArmVmp : Match on catch block at 0xc3 in for 0x91
02-17 18:52:49.063 13560 13560 E ArmVmp : Match on catch block at 0xc3 in for 0x91
02-17 18:52:49.066 13560 13560 E ArmVmp : Match on catch block at 0xc3 in for 0x95
02-17 18:52:49.081 13560 13560 E ArmVmp : Match on catch block at 0xc3 in for 0x95
02-17 18:52:49.085 13560 13560 E ArmVmp : Match on catch block at 0xc3 in for 0x99
02-17 18:52:49.099 13560 13560 E ArmVmp : Match on catch block at 0xc3 in for 0x99
02-17 18:52:49.102 13560 13560 E ArmVmp : Match on catch block at 0xc3 in for 0x91
02-17 18:52:49.114 13560 13560 E ArmVmp : Match on catch block at 0xc3 in for 0x91
02-17 18:52:49.117 13560 13560 E ArmVmp : Match on catch block at 0xc3 in for 0x95
02-17 18:52:49.129 13560 13560 E ArmVmp : Match on catch block at 0xc3 in for 0x95
02-17 18:52:49.132 13560 13560 E ArmVmp : Match on catch block at 0xc3 in for 0x99
02-17 18:52:49.146 13560 13560 E ArmVmp : Match on catch block at 0xc3 in for 0x99
