The document contains log messages from an Android application startup process. It records errors loading classes, accessing properties, and performing security checks. The application failed to load classes, could not access vendor properties, and had issues verifying locks that will cause performance problems.
The document contains log messages from an Android application startup process. It records errors loading classes, accessing properties, and performing security checks. The application failed to load classes, could not access vendor properties, and had issues verifying locks that will cause performance problems.
The document contains log messages from an Android application startup process. It records errors loading classes, accessing properties, and performing security checks. The application failed to load classes, could not access vendor properties, and had issues verifying locks that will cause performance problems.
The document contains log messages from an Android application startup process. It records errors loading classes, accessing properties, and performing security checks. The application failed to load classes, could not access vendor properties, and had issues verifying locks that will cause performance problems.
Download as TXT, PDF, TXT or read online from Scribd
Download as txt, pdf, or txt
You are on page 1of 356
--------- beginning of main
02-15 20:30:52.310 27298 27298 E com.mbwhatsapp: Not starting debugger since
process cannot load the jdwp agent.
02-15 20:30:52.481 27298 27298 W ResourceType: CREATING STRING CACHE OF 96 bytes
02-15 20:30:52.714 27298 27298 W System.err: java.lang.ClassNotFoundException: mbmodsd.mbmodsw.ui.views.btn.BtnBK
02-15 20:30:52.720 27298 27298 W System.err: at java.lang.Runtime.nativeLoad(Native Method)
02-15 20:30:52.720 27298 27298 W System.err: at java.lang.Runtime.nativeLoad(Runtime.java:1131)
02-15 20:30:52.720 27298 27298 W System.err: at java.lang.Runtime.loadLibrary0(Runtime.java:1085)
02-15 20:30:52.720 27298 27298 W System.err: at java.lang.Runtime.loadLibrary0(Runtime.java:1008)
02-15 20:30:52.720 27298 27298 W System.err: at java.lang.System.loadLibrary(System.java:1664)
02-15 20:30:52.720 27298 27298 W System.err: at arm.EpicVm.<clinit>(Unknown Source:2)
02-15 20:30:52.720 27298 27298 W System.err: at java.lang.Class.newInstance(Native Method)
02-15 20:30:52.720 27298 27298 W System.err: at android.app.AppComponentFactory.instantiateApplication(AppComponentFactory.java:76)
02-15 20:30:52.720 27298 27298 W System.err: at androidx.core.app.CoreComponentFactory.instantiateApplication(Unknown Source:0)
02-15 20:30:52.720 27298 27298 W System.err: at android.app.Instrumentation.newApplication(Instrumentation.java:1157)
02-15 20:30:52.720 27298 27298 W System.err: at android.app.LoadedApk.makeApplication(LoadedApk.java:1248)
02-15 20:30:52.720 27298 27298 W System.err: at android.app.ActivityThread.handleBindApplication(ActivityThread.java:6865)
02-15 20:30:52.720 27298 27298 W System.err: at android.app.ActivityThread.access$1600(ActivityThread.java:250)
02-15 20:30:52.720 27298 27298 W System.err: at android.app.ActivityThread$H.handleMessage(ActivityThread.java:2008)
02-15 20:30:52.720 27298 27298 W System.err: at android.os.Handler.dispatchMessage(Handler.java:106)
02-15 20:30:52.720 27298 27298 W System.err: at android.os.Looper.loop(Looper.java:236)
02-15 20:30:52.720 27298 27298 W System.err: at android.app.ActivityThread.main(ActivityThread.java:7912)
02-15 20:30:52.720 27298 27298 W System.err: at java.lang.reflect.Method.invoke(Native Method)
02-15 20:30:52.720 27298 27298 W System.err: at com.android.internal.os.RuntimeInit$MethodAndArgsCaller.run(RuntimeInit.java:620)
02-15 20:30:52.720 27298 27298 W System.err: at com.android.internal.os.ZygoteInit.main(ZygoteInit.java:1011)
02-15 20:30:52.892 27298 27298 E CustomActivityOnCrash: IMPORTANT WARNING! You already have an UncaughtExceptionHandler, are you sure this is correct? If you use a custom UncaughtExceptionHandler, you must initialize it AFTER CustomActivityOnCrash! Installing anyway, but your original handler will not be called.
02-15 20:30:53.000 27298 27365 E libc : Access denied finding property "ro.vendor.df.effect.conflict"
02-15 20:30:53.008 27298 27365 E libc : Access denied finding property "ro.vendor.knock.type"
02-15 20:30:53.346 27298 27365 W LibraryVersion: Failed to get app version for libraryName: firebase-iid
02-15 20:30:53.817 27456 27456 E com.mbwhatsapp: Not starting debugger since process cannot load the jdwp agent.
02-15 20:30:53.943 27456 27456 W ResourceType: CREATING STRING CACHE OF 96 bytes
02-15 20:30:54.015 27456 27456 W System.err: java.lang.ClassNotFoundException: mbmodsd.mbmodsw.ui.views.btn.BtnBK
02-15 20:30:54.016 27456 27456 W System.err: at java.lang.Runtime.nativeLoad(Native Method)
02-15 20:30:54.016 27456 27456 W System.err: at java.lang.Runtime.nativeLoad(Runtime.java:1131)
02-15 20:30:54.016 27456 27456 W System.err: at java.lang.Runtime.loadLibrary0(Runtime.java:1085)
02-15 20:30:54.016 27456 27456 W System.err: at java.lang.Runtime.loadLibrary0(Runtime.java:1008)
02-15 20:30:54.016 27456 27456 W System.err: at java.lang.System.loadLibrary(System.java:1664)
02-15 20:30:54.016 27456 27456 W System.err: at arm.EpicVm.<clinit>(Unknown Source:2)
02-15 20:30:54.016 27456 27456 W System.err: at java.lang.Class.newInstance(Native Method)
02-15 20:30:54.016 27456 27456 W System.err: at android.app.AppComponentFactory.instantiateApplication(AppComponentFactory.java:76)
02-15 20:30:54.016 27456 27456 W System.err: at androidx.core.app.CoreComponentFactory.instantiateApplication(Unknown Source:0)
02-15 20:30:54.016 27456 27456 W System.err: at android.app.Instrumentation.newApplication(Instrumentation.java:1157)
02-15 20:30:54.016 27456 27456 W System.err: at android.app.LoadedApk.makeApplication(LoadedApk.java:1248)
02-15 20:30:54.016 27456 27456 W System.err: at android.app.ActivityThread.handleBindApplication(ActivityThread.java:6865)
02-15 20:30:54.016 27456 27456 W System.err: at android.app.ActivityThread.access$1600(ActivityThread.java:250)
02-15 20:30:54.016 27456 27456 W System.err: at android.app.ActivityThread$H.handleMessage(ActivityThread.java:2008)
02-15 20:30:54.016 27456 27456 W System.err: at android.os.Handler.dispatchMessage(Handler.java:106)
02-15 20:30:54.016 27456 27456 W System.err: at android.os.Looper.loop(Looper.java:236)
02-15 20:30:54.016 27456 27456 W System.err: at android.app.ActivityThread.main(ActivityThread.java:7912)
02-15 20:30:54.017 27456 27456 W System.err: at java.lang.reflect.Method.invoke(Native Method)
02-15 20:30:54.017 27456 27456 W System.err: at com.android.internal.os.RuntimeInit$MethodAndArgsCaller.run(RuntimeInit.java:620)
02-15 20:30:54.017 27456 27456 W System.err: at com.android.internal.os.ZygoteInit.main(ZygoteInit.java:1011)
02-15 20:30:54.139 27456 27456 E CustomActivityOnCrash: IMPORTANT WARNING! You already have an UncaughtExceptionHandler, are you sure this is correct? If you use a custom UncaughtExceptionHandler, you must initialize it AFTER CustomActivityOnCrash! Installing anyway, but your original handler will not be called.
02-15 20:30:54.184 27456 27486 E libc : Access denied finding property "ro.vendor.df.effect.conflict"
02-15 20:30:54.185 27456 27486 E libc : Access denied finding property "ro.vendor.knock.type" --------- beginning of system
02-15 20:30:54.446 27456 27491 W BpBinder: Slow Binder: BpBinder transact took 244 ms, interface=android.app.IActivityManager, code=45 oneway=false
02-15 20:30:54.472 27456 27486 W LibraryVersion: Failed to get app version for libraryName: firebase-iid
02-15 20:30:54.837 27456 27456 W com.mbwhatsapp: Accessing hidden method Lcom/android/org/conscrypt/OpenSSLSocketImpl;->setUseSessionTickets(Z)V (greylist- max-q,test-api, reflection, denied)
02-15 20:30:54.838 27456 27456 W com.mbwhatsapp: Accessing hidden method Lcom/android/org/conscrypt/AbstractConscryptSocket;->setUseSessionTickets(Z)V (greylist-max-q, reflection, denied)
02-15 20:30:56.318 27456 27456 W com.mbwhatsapp: type=1400 audit(0.0:31906): avc: granted { execute } for path="/data/data/com.mbwhatsapp/files/decompressed/libs.spk.zst/libc++_shared.so" dev="mmcblk0p41" ino=408662 scontext=u:r:untrusted_app:s0:c238,c257,c512,c768 tcontext=u:object_r:app_data_file:s0:c238,c257,c512,c768 tclass=file app=com.mbwhatsapp
02-15 20:30:56.322 27456 27456 W com.mbwhatsapp: type=1400 audit(0.0:31907): avc: granted { execute } for path="/data/data/com.mbwhatsapp/files/decompressed/libs.spk.zst/libvlc.so" dev="mmcblk0p41" ino=508967 scontext=u:r:untrusted_app:s0:c238,c257,c512,c768 tcontext=u:object_r:app_data_file:s0:c238,c257,c512,c768 tclass=file app=com.mbwhatsapp
02-15 20:30:56.342 27456 27456 W com.mbwhatsapp: type=1400 audit(0.0:31908): avc: granted { execute } for path="/data/data/com.mbwhatsapp/files/decompressed/libs.spk.zst/libwhatsapp.so" dev="mmcblk0p41" ino=544419 scontext=u:r:untrusted_app:s0:c238,c257,c512,c768 tcontext=u:object_r:app_data_file:s0:c238,c257,c512,c768 tclass=file app=com.mbwhatsapp
02-15 20:30:56.382 27456 27456 W com.mbwhatsapp: type=1400 audit(0.0:31909): avc: granted { execute } for path="/data/data/com.mbwhatsapp/files/decompressed/libs.spk.zst/libcurve25519.so" dev="mmcblk0p41" ino=499931 scontext=u:r:untrusted_app:s0:c238,c257,c512,c768 tcontext=u:object_r:app_data_file:s0:c238,c257,c512,c768 tclass=file app=com.mbwhatsapp
02-15 20:30:56.406 27456 27456 W com.mbwhatsapp: type=1400 audit(0.0:31910): avc: granted { execute } for path="/data/data/com.mbwhatsapp/files/decompressed/libs.spk.zst/libwhatsapp.so" dev="mmcblk0p41" ino=544419 scontext=u:r:untrusted_app:s0:c238,c257,c512,c768 tcontext=u:object_r:app_data_file:s0:c238,c257,c512,c768 tclass=file app=com.mbwhatsapp
02-15 20:30:56.406 27456 27456 W com.mbwhatsapp: type=1400 audit(0.0:31912): avc: granted { execute } for path="/data/data/com.mbwhatsapp/files/decompressed/libs.spk.zst/libwhatsapp.so" dev="mmcblk0p41" ino=544419 scontext=u:r:untrusted_app:s0:c238,c257,c512,c768 tcontext=u:object_r:app_data_file:s0:c238,c257,c512,c768 tclass=file app=com.mbwhatsapp
02-15 20:30:56.625 27456 27456 W Looper : PerfMonitor longMsg : seq=2 plan=20:30:53.849 late=12ms wall=2762ms running=0ms h=android.app.ActivityThread$H w=110 procState=2
02-15 20:30:56.632 27456 27601 W com.mbwhatsapp: Class X.2rL failed lock verification and will run slower.
02-15 20:30:56.632 27456 27601 W com.mbwhatsapp: Common causes for lock verification issues are non-optimized dex code
02-15 20:30:56.632 27456 27601 W com.mbwhatsapp: and incorrect proguard optimizations.
02-15 20:30:56.669 27456 27456 W com.mbwhatsapp: Class X.0eU failed lock verification and will run slower.
02-15 20:30:56.714 27456 27456 E libc : Access denied finding property "ro.vendor.pref_scale_resolution"
02-15 20:30:56.819 27456 27456 E libc : Access denied finding property "ro.vendor.pref_scale_resolution"
02-15 20:30:57.074 27456 27456 W Looper : PerfMonitor looperActivity : package=com.mbwhatsapp/.Icon0 time=448ms latency=2769ms running=0ms procState=2 ClientTransaction{ callbacks=[android.app.servertransaction.LaunchActivityItem] lifecycleRequest=android.app.servertransaction.ResumeActivityItem } historyMsgCount=2 (msgIndex=2 wall=2762ms seq=2 late=12ms h=android.app.ActivityThread$H w=110)
02-15 20:30:57.075 27456 27456 W Looper : PerfMonitor looperActivity : package=com.mbwhatsapp/.Icon0 time=0ms latency=3218ms running=0ms procState=2 ClientTransaction{ callbacks=[android.app.servertransaction.TopResumedActivityChang eItem] } historyMsgCount=3 (msgIndex=2 wall=2762ms seq=2 late=12ms h=android.app.ActivityThread$H w=110) (msgIndex=3 wall=448ms seq=3 late=2769ms h=android.app.ActivityThread$H w=159)
02-15 20:30:57.169 27456 27456 E libc : Access denied finding property "ro.vendor.pref_scale_resolution"
02-15 20:30:57.171 27456 27456 E libc : Access denied finding property "ro.vendor.pref_scale_resolution"
02-15 20:30:57.229 27456 27456 E libc : Access denied finding property "ro.vendor.pref_scale_resolution"
02-15 20:30:57.232 27456 27456 E libc : Access denied finding property "ro.vendor.pref_scale_resolution"
02-15 20:30:57.259 27456 27456 E libc : Access denied finding property "ro.vendor.pref_scale_resolution"
02-15 20:30:57.302 27456 27456 E com.mbwhatsapp: Invalid ID 0x00000000.
02-15 20:30:57.303 27456 27456 W System.err: android.content.res.Resources$NotFoundException: String resource ID #0x0
02-15 20:30:57.303 27456 27456 W System.err:
02-15 20:30:57.304 27456 27456 W System.err: at android.content.res.Resources.getText(Resources.java:459)
02-15 20:30:57.304 27456 27456 W System.err:
02-15 20:30:57.304 27456 27456 W System.err: at android.content.res.MiuiResources.getText(MiuiResources.java:97)
02-15 20:30:57.304 27456 27456 W System.err:
02-15 20:30:57.305 27456 27456 W System.err: at android.content.res.Resources.getString(Resources.java:552)
02-15 20:30:57.305 27456 27456 W System.err:
02-15 20:30:57.305 27456 27456 W System.err: at X.35t.A0E(Unknown Source:46)
02-15 20:30:57.305 27456 27456 W System.err:
02-15 20:30:57.305 27456 27456 W System.err: at com.mbwhatsapp.yo.yo.getString(Native Method)
02-15 20:30:57.305 27456 27456 W System.err:
02-15 20:30:57.305 27456 27456 W System.err: at com.mbwhatsapp.yo.yo.getString(Native Method)
02-15 20:30:57.305 27456 27456 W System.err:
02-15 20:30:57.306 27456 27456 W System.err: at com.mbwhatsapp.youbasha.task.utils.requestAllFilesAccess14(Native Method)
02-15 20:30:57.306 27456 27456 W System.err:
02-15 20:30:57.306 27456 27456 W System.err: at com.mbwhatsapp.yo.dep.showStoragePermissionRequest(Native Method)
02-15 20:30:57.306 27456 27456 W System.err:
02-15 20:30:57.306 27456 27456 W System.err: at com.mbwhatsapp.registration.EULA.onCreate(Unknown Source:248)
02-15 20:30:57.306 27456 27456 W System.err:
02-15 20:30:57.307 27456 27456 W System.err: at android.app.Activity.performCreate(Activity.java:8109)
02-15 20:30:57.307 27456 27456 W System.err:
02-15 20:30:57.307 27456 27456 W System.err: at android.app.Activity.performCreate(Activity.java:8083)
02-15 20:30:57.307 27456 27456 W System.err:
02-15 20:30:57.307 27456 27456 W System.err: at android.app.Instrumentation.callActivityOnCreate(Instrumentation.java:1308)
02-15 20:30:57.308 27456 27456 W System.err:
02-15 20:30:57.308 27456 27456 W System.err: at android.app.ActivityThread.performLaunchActivity(ActivityThread.java:3519)
02-15 20:30:57.308 27456 27456 W System.err:
02-15 20:30:57.308 27456 27456 W System.err: at android.app.ActivityThread.handleLaunchActivity(ActivityThread.java:3718)
02-15 20:30:57.308 27456 27456 W System.err:
02-15 20:30:57.309 27456 27456 W System.err: at android.app.servertransaction.LaunchActivityItem.execute(LaunchActivityItem.java:85 )
02-15 20:30:57.309 27456 27456 W System.err:
02-15 20:30:57.309 27456 27456 W System.err: at android.app.servertransaction.TransactionExecutor.executeCallbacks(TransactionExecu tor.java:135)
02-15 20:30:57.309 27456 27456 W System.err:
02-15 20:30:57.310 27456 27456 W System.err: at android.app.servertransaction.TransactionExecutor.execute(TransactionExecutor.java: 95)
02-15 20:30:57.310 27456 27456 W System.err:
02-15 20:30:57.311 27456 27456 W System.err: at android.app.ActivityThread$H.handleMessage(ActivityThread.java:2161)
02-15 20:30:57.311 27456 27456 W System.err:
02-15 20:30:57.311 27456 27456 W System.err: at android.os.Handler.dispatchMessage(Handler.java:106)
02-15 20:30:57.312 27456 27456 W System.err:
02-15 20:30:57.312 27456 27456 W System.err: at android.os.Looper.loop(Looper.java:236)
02-15 20:30:57.312 27456 27456 W System.err:
02-15 20:30:57.313 27456 27456 W System.err: at android.app.ActivityThread.main(ActivityThread.java:7912)
02-15 20:30:57.313 27456 27456 W System.err:
02-15 20:30:57.313 27456 27456 W System.err: at java.lang.reflect.Method.invoke(Native Method)
02-15 20:30:57.313 27456 27456 W System.err:
02-15 20:30:57.314 27456 27456 W System.err: at com.android.internal.os.RuntimeInit$MethodAndArgsCaller.run(RuntimeInit.java:620)
02-15 20:30:57.314 27456 27456 W System.err:
02-15 20:30:57.314 27456 27456 W System.err: at com.android.internal.os.ZygoteInit.main(ZygoteInit.java:1011)
02-15 20:30:57.314 27456 27456 W System.err:
02-15 20:30:57.334 27456 27456 E libc : Access denied finding property "ro.vendor.pref_scale_resolution"
02-15 20:30:57.608 27456 27456 W Activity: Can request only one set of permissions at a time
02-15 20:30:57.632 27456 27456 E libc : Access denied finding property "ro.vendor.pref_scale_resolution"
02-15 20:30:57.744 27456 27456 E libc : Access denied finding property "ro.vendor.pref_scale_resolution"
02-15 20:30:57.750 27456 27456 E libc : Access denied finding property "ro.vendor.pref_scale_resolution"
02-15 20:30:57.762 27456 27456 E libc : Access denied finding property "ro.vendor.pref_scale_resolution"
02-15 20:30:57.779 27456 27456 E ArmVmp : Match on catch block at 0x0a in for 0x125
02-15 20:30:57.816 27456 27456 W Activity: Slow Operation: Activity com.mbwhatsapp/.registration.EULA onStart took 443ms
02-15 20:30:57.933 27456 27456 W Looper : PerfMonitor looperActivity : package=com.mbwhatsapp/.registration.EULA time=0ms latency=845ms running=0ms procState=2 ClientTransaction{ callbacks=[android.app.servertransaction.TopResumedActivityChang eItem] } historyMsgCount=2 (msgIndex=2 wall=839ms seq=14 late=6ms h=android.app.ActivityThread$H w=159)
02-15 20:30:57.934 27456 27456 W Looper : PerfMonitor looperActivity : package=com.mbwhatsapp/.registration.EULA time=0ms latency=639ms running=0ms procState=2 ClientTransaction{ callbacks=[android.app.servertransaction.TopResumedActivityChang eItem] } historyMsgCount=5 (msgIndex=1 wall=839ms seq=14 late=6ms h=android.app.ActivityThread$H w=159)
02-15 20:30:57.956 27456 27456 W Looper : PerfMonitor looperActivity : package=com.mbwhatsapp/.registration.EULA time=20ms latency=640ms running=0ms procState=2 ClientTransaction{ lifecycleRequest=android.app.servertransaction.PauseActivityItem } historyMsgCount=6 (msgIndex=1 wall=839ms seq=14 late=6ms h=android.app.ActivityThread$H w=159)
02-15 20:30:58.116 27456 27622 E ion : ioctl c0044901 failed with code -1: Invalid argument
02-15 20:30:58.240 27456 27456 E libc : Access denied finding property "ro.vendor.pref_scale_resolution"
02-15 20:30:58.244 27456 27456 E libc : Access denied finding property "ro.vendor.pref_scale_resolution"
02-15 20:30:58.245 27456 27456 E libc : Access denied finding property "ro.vendor.pref_scale_resolution"
02-15 20:30:58.249 27456 27456 E libc : Access denied finding property "ro.vendor.pref_scale_resolution"
02-15 20:30:58.268 27456 27456 E libc : Access denied finding property "ro.vendor.pref_scale_resolution"
02-15 20:30:59.317 27456 27456 W Looper : PerfMonitor longMsg : seq=26 plan=20:30:57.807 late=182ms wall=1328ms running=0ms h=android.view.Choreographer$FrameHandler c=android.view.Choreographer$FrameDisplayEventReceiver procState=8
02-15 20:30:59.318 27456 27456 W Looper : PerfMonitor doFrame : time=1328ms vsyncFrame=0 latency=182ms procState=8 historyMsgCount=12 (msgIndex=1 wall=839ms seq=14 late=6ms h=android.app.ActivityThread$H w=159)
02-15 20:30:59.405 27456 27456 W Looper : PerfMonitor doFrame : time=71ms vsyncFrame=0 latency=1329ms procState=8 historyMsgCount=5 (msgIndex=1 wall=1328ms seq=26 late=182ms h=android.view.Choreographer$FrameHandler c=android.view.Choreographer$FrameDisplayEventReceiver)
02-15 20:30:59.477 27456 27456 W Looper : PerfMonitor looperActivity : package=com.mbwhatsapp/.registration.EULA time=47ms latency=872ms running=0ms procState=8 ClientTransaction{ lifecycleRequest=android.app.servertransaction.StopActivityItem } historyMsgCount=39 (msgIndex=1 wall=1328ms seq=26 late=182ms h=android.view.Choreographer$FrameHandler c=android.view.Choreographer$FrameDisplayEventReceiver) (msgIndex=6 wall=71ms seq=31 late=1329ms h=android.view.Choreographer$FrameHandler c=android.view.Choreographer$FrameDisplayEventReceiver)
02-15 20:31:00.319 27456 27456 E com.mbwhatsapp: Invalid ID 0x00000000.
02-15 20:31:00.320 27456 27456 E com.mbwhatsapp: Invalid ID 0x00000000.
02-15 20:31:00.320 27456 27456 E com.mbwhatsapp: Invalid ID 0x00000000.
02-15 20:31:00.321 27456 27456 E com.mbwhatsapp: Invalid ID 0x00000000.
02-15 20:31:00.326 27456 27456 E com.mbwhatsapp: Invalid ID 0x00000000.
02-15 20:31:00.327 27456 27456 E com.mbwhatsapp: Invalid ID 0x00000000.
02-15 20:31:01.278 27456 27610 W BpBinder: Slow Binder: BpBinder transact took 204 ms, interface=android.net.IConnectivityManager, code=3 oneway=false
02-15 20:31:01.603 27456 27601 W com.mbwhatsapp: Long monitor contention with owner MBWhatsApp Worker #1 (27553) at void com.android.okhttp.internal.http.HttpEngine.sendRequest()(HttpEngine.java:243) waiters=0 in void com.android.okhttp.internal.http.HttpEngine.sendRequest() for 719ms
02-15 20:31:01.719 27456 27656 W BpBinder: Slow Binder: BpBinder transact took 226 ms, interface=android.app.INotificationManager, code=29 oneway=false
02-15 20:31:02.028 27456 27553 W com.mbwhatsapp: Long monitor contention with owner MBWhatsApp Worker #4 (27610) at void java.net.Socket.connect(java.net.SocketAddress, int)(Socket.java:618) waiters=0 in void java.net.Socket.connect(java.net.SocketAddress, int) for 292ms
02-15 20:31:04.365 27456 27602 W com.mbwhatsapp: Long monitor contention with owner MBWhatsApp Worker #1 (27553) at boolean android.os.MessageQueue.enqueueMessage(android.os.Message, long) (MessageQueue.java:603) waiters=0 in android.os.Message android.os.MessageQueue.next() for 101ms
02-15 20:31:06.588 27456 27456 W Activity: Slow Operation: Activity com.mbwhatsapp/.registration.EULA onStart took 205ms
02-15 20:31:06.891 27456 27456 W Looper : PerfMonitor looperActivity : package=com.mbwhatsapp/.registration.EULA time=2ms latency=305ms running=0ms procState=2 ClientTransaction{ callbacks=[android.app.servertransaction.TopResumedActivityChang eItem] } historyMsgCount=8 (msgIndex=1 wall=315ms seq=181 h=android.app.ActivityThread$H w=159) (msgIndex=2 wall=166ms seq=182 late=295ms h=android.view.Choreographer$FrameHandler c=android.view.Choreographer$FrameDisplayEventReceiver) (msgIndex=8 wall=61ms seq=188 late=412ms h=X.102 w=2)
02-15 20:31:06.921 27456 27456 W Looper : PerfMonitor looperActivity : package=com.mbwhatsapp/.registration.EULA time=29ms latency=307ms running=0ms procState=2 ClientTransaction{ lifecycleRequest=android.app.servertransaction.PauseActivityItem } historyMsgCount=9 (msgIndex=1 wall=315ms seq=181 h=android.app.ActivityThread$H w=159) (msgIndex=2 wall=166ms seq=182 late=295ms h=android.view.Choreographer$FrameHandler c=android.view.Choreographer$FrameDisplayEventReceiver) (msgIndex=8 wall=61ms seq=188 late=412ms h=X.102 w=2)
02-15 20:31:09.975 27456 27456 E libc : Access denied finding property "ro.vendor.pref_scale_resolution"
02-15 20:31:10.042 27456 27456 E libc : Access denied finding property "ro.vendor.pref_scale_resolution"
02-15 20:31:10.064 27456 27456 E libc : Access denied finding property "ro.vendor.pref_scale_resolution"
02-15 20:31:10.214 27456 28284 E ShortcutInfoCompatSaver: Failed to load saved values from file /data/user/0/com.mbwhatsapp/files/ShortcutInfoCompatSaver_share_targets/ targets.xml. Old state removed, new added
02-15 20:31:10.214 27456 28284 E ShortcutInfoCompatSaver: java.io.FileNotFoundException: /data/user/0/com.mbwhatsapp/files/ShortcutInfoCompatSaver_share_targets/ targets.xml: open failed: ENOENT (No such file or directory)
02-15 20:31:10.214 27456 28284 E ShortcutInfoCompatSaver: at libcore.io.IoBridge.open(IoBridge.java:492)
02-15 20:31:10.214 27456 28284 E ShortcutInfoCompatSaver: at java.io.FileInputStream.<init>(FileInputStream.java:160)
02-15 20:31:10.214 27456 28284 E ShortcutInfoCompatSaver: at X.0nz.run(Unknown Source:82)
02-15 20:31:10.214 27456 28284 E ShortcutInfoCompatSaver: at java.util.concurrent.Executors$RunnableAdapter.call(Executors.java:462)
02-15 20:31:10.214 27456 28284 E ShortcutInfoCompatSaver: at java.util.concurrent.FutureTask.run(FutureTask.java:266)
02-15 20:31:10.214 27456 28284 E ShortcutInfoCompatSaver: at java.util.concurrent.ThreadPoolExecutor.runWorker(ThreadPoolExecutor.java:1167)
02-15 20:31:10.214 27456 28284 E ShortcutInfoCompatSaver: at java.util.concurrent.ThreadPoolExecutor$Worker.run(ThreadPoolExecutor.java:641)
02-15 20:31:10.214 27456 28284 E ShortcutInfoCompatSaver: at java.lang.Thread.run(Thread.java:923)
02-15 20:31:10.214 27456 28284 E ShortcutInfoCompatSaver: Caused by: android.system.ErrnoException: open failed: ENOENT (No such file or directory)
02-15 20:31:10.214 27456 28284 E ShortcutInfoCompatSaver: at libcore.io.Linux.open(Native Method)
02-15 20:31:10.214 27456 28284 E ShortcutInfoCompatSaver: at libcore.io.ForwardingOs.open(ForwardingOs.java:166)
02-15 20:31:10.214 27456 28284 E ShortcutInfoCompatSaver: at libcore.io.BlockGuardOs.open(BlockGuardOs.java:254)
02-15 20:31:10.214 27456 28284 E ShortcutInfoCompatSaver: at libcore.io.ForwardingOs.open(ForwardingOs.java:166)
02-15 20:31:10.214 27456 28284 E ShortcutInfoCompatSaver: at android.app.ActivityThread$AndroidOs.open(ActivityThread.java:7796)
02-15 20:31:10.214 27456 28284 E ShortcutInfoCompatSaver: at libcore.io.IoBridge.open(IoBridge.java:478)
02-15 20:31:10.214 27456 28284 E ShortcutInfoCompatSaver: ... 7 more
02-15 20:31:10.304 27456 27622 E FrameEvents: updateAcquireFence: Did not find frame.
02-15 20:31:10.343 27456 27622 E FrameEvents: updateAcquireFence: Did not find frame.
02-15 20:31:10.355 27456 27622 E FrameEvents: updateAcquireFence: Did not find frame.
02-15 20:31:10.379 27456 27456 W Looper : PerfMonitor doFrame : time=147ms vsyncFrame=0 latency=384ms procState=2 historyMsgCount=1 (msgIndex=1 wall=387ms seq=241 late=1ms h=android.view.ViewRootImpl$ViewRootHandler c=android.view.View$PerformClick)
02-15 20:31:10.378 27456 27456 W com.mbwhatsapp: type=1400 audit(0.0:31993): avc: denied { read } for name="osrelease" dev="proc" ino=6322024 scontext=u:r:untrusted_app:s0:c238,c257,c512,c768 tcontext=u:object_r:proc:s0 tclass=file permissive=0 app=com.mbwhatsapp
02-15 20:31:10.382 27456 27456 W com.mbwhatsapp: type=1400 audit(0.0:31994): avc: denied { read } for name="version" dev="proc" ino=6322025 scontext=u:r:untrusted_app:s0:c238,c257,c512,c768 tcontext=u:object_r:proc:s0 tclass=file permissive=0 app=com.mbwhatsapp
02-15 20:31:12.618 27456 27456 E libc : Access denied finding property "ro.vendor.pref_scale_resolution"
02-15 20:31:12.648 27456 27456 E libc : Access denied finding property "ro.vendor.pref_scale_resolution"
02-15 20:31:12.659 27456 27456 E libc : Access denied finding property "ro.vendor.pref_scale_resolution"
02-15 20:31:12.664 27456 27456 E libc : Access denied finding property "ro.vendor.pref_scale_resolution"
02-15 20:31:12.680 27456 27456 E libc : Access denied finding property "ro.vendor.pref_scale_resolution"
02-15 20:31:12.728 27456 27456 E libc : Access denied finding property "ro.vendor.pref_scale_resolution"
02-15 20:31:12.761 27456 27456 E libc : Access denied finding property "ro.vendor.pref_scale_resolution"
02-15 20:31:12.782 27456 27456 E libc : Access denied finding property "ro.vendor.pref_scale_resolution"
02-15 20:31:12.787 27456 27456 E libc : Access denied finding property "ro.vendor.pref_scale_resolution"
02-15 20:31:12.897 27456 27456 W Looper : PerfMonitor looperActivity : package=com.mbwhatsapp/.registration.RegisterPhone time=0ms latency=514ms running=0ms procState=2 ClientTransaction{ callbacks=[android.app.servertransaction.TopResumedActivityChang eItem] } historyMsgCount=3 (msgIndex=2 wall=90ms seq=295 late=35ms h=android.view.Choreographer$FrameHandler c=android.view.Choreographer$FrameDisplayEventReceiver) (msgIndex=3 wall=414ms seq=296 late=101ms h=android.app.ActivityThread$H w=159)
02-15 20:31:12.985 27456 27456 E libc : Access denied finding property "ro.vendor.pref_scale_resolution"
02-15 20:31:13.074 27456 27456 W Looper : PerfMonitor doFrame : time=176ms vsyncFrame=0 latency=490ms procState=2 historyMsgCount=3 (msgIndex=1 wall=90ms seq=295 late=35ms h=android.view.Choreographer$FrameHandler c=android.view.Choreographer$FrameDisplayEventReceiver) (msgIndex=2 wall=414ms seq=296 late=101ms h=android.app.ActivityThread$H w=159)
02-15 20:31:13.176 27456 27456 E libc : Access denied finding property "ro.vendor.pref_scale_resolution"
02-15 20:31:13.184 27456 27456 E libc : Access denied finding property "ro.vendor.pref_scale_resolution"
02-15 20:31:13.204 27456 27456 E libc : Access denied finding property "ro.vendor.pref_scale_resolution"
02-15 20:31:13.232 27456 27456 W Looper : PerfMonitor doFrame : time=4ms vsyncFrame=0 latency=326ms procState=2 historyMsgCount=24 (msgIndex=1 wall=176ms seq=298 late=490ms h=android.view.Choreographer$FrameHandler c=android.view.Choreographer$FrameDisplayEventReceiver) (msgIndex=21 wall=77ms seq=318 late=267ms h=android.app.ActivityThread$H c=android.app.LoadedApk$ServiceDispatcher$RunConnection) (msgIndex=24 wall=70ms seq=321 late=260ms h=android.view.ViewRootImpl$ViewRootHandler c=X.0jO)
02-15 20:31:18.339 27456 27456 E libc : Access denied finding property "ro.vendor.pref_scale_resolution"
02-15 20:31:18.359 27456 27456 E libc : Access denied finding property "ro.vendor.pref_scale_resolution"
02-15 20:31:18.374 27456 27456 E libc : Access denied finding property "ro.vendor.pref_scale_resolution"
02-15 20:31:18.381 27456 27456 E libc : Access denied finding property "ro.vendor.pref_scale_resolution"
02-15 20:31:18.385 27456 27456 E libc : Access denied finding property "ro.vendor.pref_scale_resolution"
02-15 20:31:18.385 27456 27456 E libc : Access denied finding property "ro.vendor.pref_scale_resolution"
02-15 20:31:21.247 27456 27518 E PlayCore: UID: [10494] PID: [27456] StandardIntegrity : Phonesky is not installed.
02-15 20:31:22.446 27456 27456 E libc : Access denied finding property "ro.vendor.pref_scale_resolution"
02-15 20:31:22.458 27456 27456 E libc : Access denied finding property "ro.vendor.pref_scale_resolution"
02-15 20:31:22.500 27456 27456 E libc : Access denied finding property "ro.vendor.pref_scale_resolution"
02-15 20:31:22.502 27456 27456 E libc : Access denied finding property "ro.vendor.pref_scale_resolution"
02-15 20:31:22.508 27456 27456 E libc : Access denied finding property "ro.vendor.pref_scale_resolution"
02-15 20:31:22.509 27456 27456 E libc : Access denied finding property "ro.vendor.pref_scale_resolution"
02-15 20:31:24.801 27456 28286 W BpBinder: Slow Binder: BpBinder transact took 885 ms, interface=com.google.android.gms.auth.api.phone.internal.ISmsRetrieverApiService, code=1 oneway=false
02-15 20:31:24.910 27456 27456 E libc : Access denied finding property "ro.vendor.pref_scale_resolution"
02-15 20:31:24.989 27456 27456 E libc : Access denied finding property "ro.vendor.pref_scale_resolution"
02-15 20:31:24.999 27456 27456 E libc : Access denied finding property "ro.vendor.pref_scale_resolution"
02-15 20:31:25.036 27456 27456 E libc : Access denied finding property "ro.vendor.pref_scale_resolution"
02-15 20:31:25.047 27456 27456 E libc : Access denied finding property "ro.vendor.pref_scale_resolution"
02-15 20:31:25.053 27456 27456 E libc : Access denied finding property "ro.vendor.pref_scale_resolution"
02-15 20:31:25.059 27456 27456 E libc : Access denied finding property "ro.vendor.pref_scale_resolution"
02-15 20:31:25.291 27456 27456 E libc : Access denied finding property "ro.vendor.pref_scale_resolution"
02-15 20:31:25.293 27456 27456 E libc : Access denied finding property "ro.vendor.pref_scale_resolution"
02-15 20:31:25.567 27456 27622 W RenderInspector: DequeueBuffer time out on com.mbwhatsapp/com.mbwhatsapp.registration.VerifyPhoneNumber, count=3, avg=15 ms, max=16 ms.
02-15 20:31:25.706 27456 27622 W RenderInspector: DequeueBuffer time out on com.mbwhatsapp/com.mbwhatsapp.registration.VerifyPhoneNumber, count=1, avg=17 ms, max=17 ms.
02-15 20:31:26.827 27456 27622 W RenderInspector: QueueBuffer time out on com.mbwhatsapp/com.mbwhatsapp.registration.VerifyPhoneNumber, count=1, avg=18 ms, max=18 ms.
02-15 20:31:37.391 27456 27476 W System : A resource failed to call release.
02-15 20:31:44.182 27456 27456 E libc : Access denied finding property "ro.vendor.pref_scale_resolution"
02-15 20:31:44.185 27456 27456 E libc : Access denied finding property "ro.vendor.pref_scale_resolution"
02-15 20:31:44.186 27456 27456 E libc : Access denied finding property "ro.vendor.pref_scale_resolution"
02-15 20:31:44.190 27456 27456 E libc : Access denied finding property "ro.vendor.pref_scale_resolution"
02-15 20:31:44.204 27456 27456 E libc : Access denied finding property "ro.vendor.pref_scale_resolution"
02-15 20:31:44.215 27456 27456 E libc : Access denied finding property "ro.vendor.pref_scale_resolution"
02-15 20:31:44.223 27456 27456 E libc : Access denied finding property "ro.vendor.pref_scale_resolution"
02-15 20:31:44.226 27456 27456 E libc : Access denied finding property "ro.vendor.pref_scale_resolution"
02-15 20:31:44.336 27456 27456 W ViewRootImpl[VerifyPhoneNumber]: Cancelling event due to no window focus: KeyEvent { action=ACTION_UP, keyCode=KEYCODE_6, scanCode=0, metaState=0, flags=0x26, repeatCount=0, eventTime=43126050, downTime=43126050, deviceId=-1, source=0x101, displayId=-1 }
02-15 20:31:44.644 27456 27622 W RenderInspector: DequeueBuffer time out on com.mbwhatsapp/com.mbwhatsapp.registration.VerifyPhoneNumber, count=1, avg=17 ms, max=17 ms.
02-15 20:31:44.339 27456 27456 W ViewRootImpl[VerifyPhoneNumber]: Cancelling event due to no window focus: KeyEvent { action=ACTION_UP, keyCode=KEYCODE_6, scanCode=0, metaState=0, flags=0x26, repeatCount=0, eventTime=43126050, downTime=43126050, deviceId=-1, source=0x101, displayId=-1 }
02-15 20:31:45.941 27456 27456 E libc : Access denied finding property "ro.vendor.pref_scale_resolution"
02-15 20:31:45.955 27456 27456 E libc : Access denied finding property "ro.vendor.pref_scale_resolution"
02-15 20:31:45.962 27456 27456 E libc : Access denied finding property "ro.vendor.pref_scale_resolution"
02-15 20:31:46.010 27456 27456 E libc : Access denied finding property "ro.vendor.pref_scale_resolution"
02-15 20:31:46.014 27456 27456 E libc : Access denied finding property "ro.vendor.pref_scale_resolution"
02-15 20:31:46.020 27456 27456 E libc : Access denied finding property "ro.vendor.pref_scale_resolution"
02-15 20:31:46.020 27456 27456 E libc : Access denied finding property "ro.vendor.pref_scale_resolution"
02-15 20:31:47.172 27456 27456 E libc : Access denied finding property "ro.vendor.pref_scale_resolution"
02-15 20:31:47.254 27456 27456 E libc : Access denied finding property "ro.vendor.pref_scale_resolution"
02-15 20:31:47.258 27456 27456 E libc : Access denied finding property "ro.vendor.pref_scale_resolution"
02-15 20:31:47.280 27456 27456 E libc : Access denied finding property "ro.vendor.pref_scale_resolution"
02-15 20:31:47.506 27456 27456 E libc : Access denied finding property "ro.vendor.pref_scale_resolution"
02-15 20:31:47.513 27456 27456 E libc : Access denied finding property "ro.vendor.pref_scale_resolution"
02-15 20:31:47.523 27456 27456 E libc : Access denied finding property "ro.vendor.pref_scale_resolution"
02-15 20:31:47.539 27456 27456 E libc : Access denied finding property "ro.vendor.pref_scale_resolution"
02-15 20:31:47.567 27456 27456 E libc : Access denied finding property "ro.vendor.pref_scale_resolution"
02-15 20:31:47.569 27456 27456 E libc : Access denied finding property "ro.vendor.pref_scale_resolution"
02-15 20:31:50.393 27456 27456 E libc : Access denied finding property "ro.vendor.pref_scale_resolution"
02-15 20:31:50.401 27456 27456 E libc : Access denied finding property "ro.vendor.pref_scale_resolution"
02-15 20:31:50.412 27456 27456 E libc : Access denied finding property "ro.vendor.pref_scale_resolution"
02-15 20:31:50.417 27456 27456 E libc : Access denied finding property "ro.vendor.pref_scale_resolution"
02-15 20:31:50.681 27456 27456 E libc : Access denied finding property "ro.vendor.pref_scale_resolution"
02-15 20:31:50.688 27456 27456 E libc : Access denied finding property "ro.vendor.pref_scale_resolution"
02-15 20:31:50.692 27456 27456 E libc : Access denied finding property "ro.vendor.pref_scale_resolution"
02-15 20:31:50.700 27456 27456 E libc : Access denied finding property "ro.vendor.pref_scale_resolution"
02-15 20:31:50.709 27456 27456 E libc : Access denied finding property "ro.vendor.pref_scale_resolution"
02-15 20:31:50.722 27456 27456 E libc : Access denied finding property "ro.vendor.pref_scale_resolution"
02-15 20:31:50.731 27456 27456 E libc : Access denied finding property "ro.vendor.pref_scale_resolution"
02-15 20:31:50.732 27456 27456 E libc : Access denied finding property "ro.vendor.pref_scale_resolution"
02-15 20:31:50.735 27456 27456 E libc : Access denied finding property "ro.vendor.pref_scale_resolution"
02-15 20:31:50.737 27456 27456 E libc : Access denied finding property "ro.vendor.pref_scale_resolution"
02-15 20:31:50.742 27456 27456 E libc : Access denied finding property "ro.vendor.pref_scale_resolution"
02-15 20:31:50.747 27456 27456 E libc : Access denied finding property "ro.vendor.pref_scale_resolution"
02-15 20:31:50.764 27456 27456 E libc : Access denied finding property "ro.vendor.pref_scale_resolution"
02-15 20:31:50.771 27456 27456 E libc : Access denied finding property "ro.vendor.pref_scale_resolution"
02-15 20:31:50.774 27456 27456 E libc : Access denied finding property "ro.vendor.pref_scale_resolution"
02-15 20:31:50.899 27456 27456 E libc : Access denied finding property "ro.vendor.pref_scale_resolution"
02-15 20:31:50.900 27456 27456 E libc : Access denied finding property "ro.vendor.pref_scale_resolution"
02-15 20:31:51.117 27456 27456 W IInputConnectionWrapper: getTextBeforeCursor on inactive InputConnection
02-15 20:31:51.124 27456 27456 W IInputConnectionWrapper: getTextAfterCursor on inactive InputConnection
02-15 20:31:51.127 27456 27456 W IInputConnectionWrapper: getSelectedText on inactive InputConnection
02-15 20:31:51.211 27456 27456 W IInputConnectionWrapper: getTextBeforeCursor on inactive InputConnection
02-15 20:31:51.212 27456 27456 W IInputConnectionWrapper: getTextAfterCursor on inactive InputConnection
02-15 20:31:51.213 27456 27456 W IInputConnectionWrapper: getSelectedText on inactive InputConnection
02-15 20:31:51.650 27456 27846 W BpBinder: Slow Binder: BpBinder transact took 702 ms, interface=com.google.android.auth.IAuthManagerService, code=5 oneway=false
02-15 20:31:52.055 27456 27846 W BpBinder: Slow Binder: BpBinder transact took 394 ms, interface=com.google.android.auth.IAuthManagerService, code=5 oneway=false
02-15 20:31:52.488 27456 27846 W BpBinder: Slow Binder: BpBinder transact took 425 ms, interface=com.google.android.auth.IAuthManagerService, code=5 oneway=false
02-15 20:31:53.050 27456 27846 W BpBinder: Slow Binder: BpBinder transact took 551 ms, interface=com.google.android.auth.IAuthManagerService, code=5 oneway=false
02-15 20:31:53.107 27456 27456 E libc : Access denied finding property "ro.vendor.pref_scale_resolution"
02-15 20:31:53.114 27456 27456 E libc : Access denied finding property "ro.vendor.pref_scale_resolution"
02-15 20:31:53.139 27456 27456 E libc : Access denied finding property "ro.vendor.pref_scale_resolution"
02-15 20:31:53.145 27456 27456 E libc : Access denied finding property "ro.vendor.pref_scale_resolution"
02-15 20:31:54.506 27456 27456 E libc : Access denied finding property "ro.vendor.pref_scale_resolution"
02-15 20:31:54.509 27456 27456 E libc : Access denied finding property "ro.vendor.pref_scale_resolution"
02-15 20:31:54.594 27456 27456 E libc : Access denied finding property "ro.vendor.pref_scale_resolution"
02-15 20:31:54.599 27456 27456 E libc : Access denied finding property "ro.vendor.pref_scale_resolution"
02-15 20:31:54.606 27456 27456 E libc : Access denied finding property "ro.vendor.pref_scale_resolution"
02-15 20:31:54.621 27456 27456 E libc : Access denied finding property "ro.vendor.pref_scale_resolution"
02-15 20:31:54.628 27456 27456 E libc : Access denied finding property "ro.vendor.pref_scale_resolution"
02-15 20:31:57.512 27456 27601 W BpBinder: Slow Binder: BpBinder transact took 567 ms, interface=com.google.android.auth.IAuthManagerService, code=5 oneway=false
02-15 20:31:58.070 27456 27601 W BpBinder: Slow Binder: BpBinder transact took 552 ms, interface=com.google.android.auth.IAuthManagerService, code=5 oneway=false
02-15 20:31:58.594 27456 27601 W BpBinder: Slow Binder: BpBinder transact took 518 ms, interface=com.google.android.auth.IAuthManagerService, code=5 oneway=false
02-15 20:31:59.171 27456 27601 W BpBinder: Slow Binder: BpBinder transact took 572 ms, interface=com.google.android.auth.IAuthManagerService, code=5 oneway=false
02-15 20:32:04.123 27456 27456 E libc : Access denied finding property "ro.vendor.pref_scale_resolution"
02-15 20:32:06.197 27456 27622 W RenderInspector: QueueBuffer time out on com.mbwhatsapp/com.mbwhatsapp.registration.RegisterName, count=1, avg=33 ms, max=33 ms.
02-15 20:32:06.290 27456 27456 E libc : Access denied finding property "ro.vendor.pref_scale_resolution"
02-15 20:32:06.954 27456 27456 E libc : Access denied finding property "ro.vendor.pref_scale_resolution"
02-15 20:32:06.963 27456 27456 E libc : Access denied finding property "ro.vendor.pref_scale_resolution"
02-15 20:32:09.599 27456 27456 E libc : Access denied finding property "ro.vendor.pref_scale_resolution"
02-15 20:32:09.799 27456 27456 W com.mbwhatsapp: Class com.mbwhatsapp.HomeActivity failed lock verification and will run slower.
02-15 20:32:09.964 27456 27456 E libc : Access denied finding property "ro.vendor.pref_scale_resolution"
02-15 20:32:09.990 27456 27456 E libc : Access denied finding property "ro.vendor.pref_scale_resolution"
02-15 20:32:10.005 27456 27456 E libc : Access denied finding property "ro.vendor.pref_scale_resolution"
02-15 20:32:10.012 27456 27456 E libc : Access denied finding property "ro.vendor.pref_scale_resolution"
02-15 20:32:10.015 27456 27456 E libc : Access denied finding property "ro.vendor.pref_scale_resolution"
02-15 20:32:10.017 27456 27456 E libc : Access denied finding property "ro.vendor.pref_scale_resolution"
02-15 20:32:10.029 27456 27456 E libc : Access denied finding property "ro.vendor.pref_scale_resolution"
02-15 20:32:10.035 27456 27456 E libc : Access denied finding property "ro.vendor.pref_scale_resolution"
02-15 20:32:10.035 27456 27456 E libc : Access denied finding property "ro.vendor.pref_scale_resolution"
02-15 20:32:10.044 27456 27456 E libc : Access denied finding property "ro.vendor.pref_scale_resolution"
02-15 20:32:10.046 27456 27456 E libc : Access denied finding property "ro.vendor.pref_scale_resolution"
02-15 20:32:10.048 27456 27456 E libc : Access denied finding property "ro.vendor.pref_scale_resolution"
02-15 20:32:10.050 27456 27456 E libc : Access denied finding property "ro.vendor.pref_scale_resolution"
02-15 20:32:10.069 27456 27456 E libc : Access denied finding property "ro.vendor.pref_scale_resolution"
02-15 20:32:10.084 27456 27456 E libc : Access denied finding property "ro.vendor.pref_scale_resolution"
02-15 20:32:10.100 27456 27456 E libc : Access denied finding property "ro.vendor.pref_scale_resolution"
02-15 20:32:10.101 27456 27456 E libc : Access denied finding property "ro.vendor.pref_scale_resolution"
02-15 20:32:10.113 27456 27456 E libc : Access denied finding property "ro.vendor.pref_scale_resolution"
02-15 20:32:10.120 27456 27456 E libc : Access denied finding property "ro.vendor.pref_scale_resolution"
02-15 20:32:10.173 27456 27456 E libc : Access denied finding property "ro.vendor.pref_scale_resolution"
02-15 20:32:10.177 27456 27456 E libc : Access denied finding property "ro.vendor.pref_scale_resolution"
02-15 20:32:10.194 27456 27456 E libc : Access denied finding property "ro.vendor.pref_scale_resolution"
02-15 20:32:10.199 27456 27456 E libc : Access denied finding property "ro.vendor.pref_scale_resolution"
02-15 20:32:10.256 27456 27456 E libc : Access denied finding property "ro.vendor.pref_scale_resolution"
02-15 20:32:10.261 27456 27456 E libc : Access denied finding property "ro.vendor.pref_scale_resolution"
02-15 20:32:10.266 27456 27456 E libc : Access denied finding property "ro.vendor.pref_scale_resolution"
02-15 20:32:10.269 27456 27456 E libc : Access denied finding property "ro.vendor.pref_scale_resolution"
02-15 20:32:10.274 27456 27456 E libc : Access denied finding property "ro.vendor.pref_scale_resolution"
02-15 20:32:10.280 27456 27456 E libc : Access denied finding property "ro.vendor.pref_scale_resolution"
02-15 20:32:10.285 27456 27610 W MediaCodec-JNI: try to release MediaCodec from JMediaCodec::~JMediaCodec()...
02-15 20:32:10.285 27456 27610 W MediaCodec-JNI: done releasing MediaCodec from JMediaCodec::~JMediaCodec().
02-15 20:32:10.286 27456 27610 W MediaCodec-JNI: try to release MediaCodec from JMediaCodec::~JMediaCodec()...
02-15 20:32:10.287 27456 27610 W MediaCodec-JNI: done releasing MediaCodec from JMediaCodec::~JMediaCodec().
02-15 20:32:10.292 27456 27456 E libc : Access denied finding property "ro.vendor.pref_scale_resolution"
02-15 20:32:10.294 27456 27456 E libc : Access denied finding property "ro.vendor.pref_scale_resolution"
02-15 20:32:10.298 27456 27456 E libc : Access denied finding property "ro.vendor.pref_scale_resolution"
02-15 20:32:10.313 27456 27456 E libc : Access denied finding property "ro.vendor.pref_scale_resolution"
02-15 20:32:10.323 27456 27456 E libc : Access denied finding property "ro.vendor.pref_scale_resolution"
02-15 20:32:10.330 27456 27456 E libc : Access denied finding property "ro.vendor.pref_scale_resolution"
02-15 20:32:10.342 27456 27456 E libc : Access denied finding property "ro.vendor.pref_scale_resolution"
02-15 20:32:10.352 27456 27456 E libc : Access denied finding property "ro.vendor.pref_scale_resolution"
02-15 20:32:10.360 27456 27456 E libc : Access denied finding property "ro.vendor.pref_scale_resolution"
02-15 20:32:10.373 27456 27456 E libc : Access denied finding property "ro.vendor.pref_scale_resolution"
02-15 20:32:10.388 27456 27456 E libc : Access denied finding property "ro.vendor.pref_scale_resolution"
02-15 20:32:10.459 27456 27456 E libc : Access denied finding property "ro.vendor.pref_scale_resolution"
02-15 20:32:10.472 27456 27456 E libc : Access denied finding property "ro.vendor.pref_scale_resolution"
02-15 20:32:10.478 27456 27456 E libc : Access denied finding property "ro.vendor.pref_scale_resolution"
02-15 20:32:10.493 27456 27456 E libc : Access denied finding property "ro.vendor.pref_scale_resolution"
02-15 20:32:10.500 27456 27456 E libc : Access denied finding property "ro.vendor.pref_scale_resolution"
02-15 20:32:10.506 27456 27456 E libc : Access denied finding property "ro.vendor.pref_scale_resolution"
02-15 20:32:10.516 27456 27456 E libc : Access denied finding property "ro.vendor.pref_scale_resolution"
02-15 20:32:10.530 27456 29229 W ColorUtils: expected specified color aspects (2:0:0:0)
02-15 20:32:10.567 27456 27456 E libc : Access denied finding property "ro.vendor.pref_scale_resolution"
02-15 20:32:10.616 27456 27456 E ArmVmp : Match on catch block at 0x0a in for 0xb9
02-15 20:32:10.666 27456 27456 E libc : Access denied finding property "ro.vendor.pref_scale_resolution"
02-15 20:32:10.669 27456 27456 E ArmVmp : Match on catch block at 0x0a in for 0x125
02-15 20:32:10.695 27456 27610 W AudioCapabilities: Unsupported mime audio/x-adpcm- ms
02-15 20:32:10.695 27456 27610 W AudioCapabilities: Unsupported mime audio/x-adpcm- dvi-ima
02-15 20:32:10.695 27456 27610 W AudioCapabilities: Unsupported mime audio/alac
02-15 20:32:10.696 27456 27610 W AudioCapabilities: Unsupported mime audio/ape
02-15 20:32:10.700 27456 27610 W VideoCapabilities: Unrecognized profile/level 1/32 for video/mp4v-es
02-15 20:32:10.701 27456 27610 W VideoCapabilities: Unrecognized profile/level 32768/2 for video/mp4v-es
02-15 20:32:10.701 27456 27610 W VideoCapabilities: Unrecognized profile/level 32768/64 for video/mp4v-es
02-15 20:32:10.707 27456 27610 W VideoCapabilities: Unsupported mime video/xvid
02-15 20:32:10.711 27456 27610 W VideoCapabilities: Unrecognized profile/level 1/32 for video/mp4v-es
02-15 20:32:10.770 27456 27456 E libc : Access denied finding property "ro.vendor.pref_scale_resolution"
02-15 20:32:10.836 27456 27456 E libc : Access denied finding property "ro.vendor.pref_scale_resolution"
02-15 20:32:10.845 27456 27456 E libc : Access denied finding property "ro.vendor.pref_scale_resolution"
02-15 20:32:10.847 27456 27456 E libc : Access denied finding property "ro.vendor.pref_scale_resolution"
02-15 20:32:10.862 27456 27456 E libc : Access denied finding property "ro.vendor.pref_scale_resolution"
02-15 20:32:10.864 27456 27456 E libc : Access denied finding property "ro.vendor.pref_scale_resolution"
02-15 20:32:10.865 27456 27456 E libc : Access denied finding property "ro.vendor.pref_scale_resolution"
02-15 20:32:10.882 27456 27456 E libc : Access denied finding property "ro.vendor.pref_scale_resolution"
02-15 20:32:10.884 27456 27456 E libc : Access denied finding property "ro.vendor.pref_scale_resolution"
02-15 20:32:10.903 27456 27456 E libc : Access denied finding property "ro.vendor.pref_scale_resolution"
02-15 20:32:10.906 27456 27456 E libc : Access denied finding property "ro.vendor.pref_scale_resolution"
02-15 20:32:10.907 27456 29263 W com.mbwhatsapp: Accessing hidden method Lcom/android/org/conscrypt/ConscryptEngineSocket;->setUseSessionTickets(Z)V (greylist-max-q,test-api, reflection, denied)
02-15 20:32:10.908 27456 29263 W com.mbwhatsapp: Accessing hidden method Lcom/android/org/conscrypt/OpenSSLSocketImpl;->setUseSessionTickets(Z)V (greylist- max-q,test-api, reflection, denied)
