02-13 05:34:39.765 10637 10691 E SQLiteDatabase: at android.database.sqlite.SQLiteDatabase.insertWithOnConflict(SQLiteDatabase.java:221 9)
02-13 05:34:39.765 10637 10691 E SQLiteDatabase: at android.database.sqlite.SQLiteDatabase.insert(SQLiteDatabase.java:2088)
02-13 05:34:39.765 10637 10691 E SQLiteDatabase: at X.2tm.A08(Unknown Source:6)
02-13 05:34:39.765 10637 10691 E SQLiteDatabase: at X.35Y.A07(Unknown Source:212)
02-13 05:34:39.765 10637 10691 E SQLiteDatabase: at X.3QF.A14(Unknown Source:470)
02-13 05:34:39.765 10637 10691 E SQLiteDatabase: at X.3gU.run(Unknown Source:982)
02-13 05:34:39.765 10637 10691 E SQLiteDatabase: at android.os.Handler.handleCallback(Handler.java:938)
02-13 05:34:39.765 10637 10691 E SQLiteDatabase: at android.os.Handler.dispatchMessage(Handler.java:99)
02-13 05:34:39.765 10637 10691 E SQLiteDatabase: at X.0zq.dispatchMessage(Unknown Source:4)
02-13 05:34:39.765 10637 10691 E SQLiteDatabase: at android.os.Looper.loop(Looper.java:247)
02-13 05:34:39.765 10637 10691 E SQLiteDatabase: at android.os.HandlerThread.run(HandlerThread.java:67)
02-13 05:34:40.629 10637 10637 W BottomSheetBehavior: BottomSheetBehavior now supports multiple callbacks. `setBottomSheetCallback()` removes all existing callbacks, including ones set internally by library authors, which may result in unintended behavior. This may change in the future. Please use `addBottomSheetCallback()` and `removeBottomSheetCallback()` instead to set your own callbacks.
02-13 05:34:40.629 10637 10637 W BottomSheetBehavior: BottomSheetBehavior now supports multiple callbacks. `setBottomSheetCallback()` removes all existing callbacks, including ones set internally by library authors, which may result in unintended behavior. This may change in the future. Please use `addBottomSheetCallback()` and `removeBottomSheetCallback()` instead to set your own callbacks.
02-13 05:34:40.637 10637 10637 E RecyclerView: No adapter attached; skipping layout
02-13 05:34:40.915 10637 10691 E SQLiteDatabase: Error inserting transferred=1 media_job_uuid=3936da86-dfa0-49bb-9657-01df042c87e6 transcoded=0 gif_attribution=0 first_scan_length=0 direct_path=/o1/v/t62.7118-24/f1/m233/up-oil-image-be5ff072- ba47-4255-aa1e-1d8d5046a7a8?ccb=9-4&oh=01_AdSM_DIDk9LrLJ3SqGE- x1JwPaYvSQiDQ3DVPURfA1zn8g&oe=65F1A63F&_nc_sid=000000 thumbnail_height_width_ratio=2.1111112 is_animated_sticker=0 file_hash=Qvzl0TS8WMo4MZSam+6DTW6Z3c+T6lIEr72D+a349tY= file_path=Media/.Statuses/c2d6097a662a494ea94233c8df92a14a.jpg file_size=97173 partial_media_hash=null face_x=0 face_y=0 height=1520 trim_to=0 media_key_timestamp=1707751889000 message_url=https://mmg.whatsapp.net/o1/v/t62.7118-24/f1/m233/up-oil-image- be5ff072-ba47-4255-aa1e-1d8d5046a7a8?ccb=9-4&oh=01_AdSM_DIDk9LrLJ3SqGE- x1JwPaYvSQiDQ3DVPURfA1zn8g&oe=65F1A63F&_nc_sid=000000&mms3=true media_caption=null trim_from=0 mime_type=image/jpeg partial_media_enc_hash=null width=720 original_file_hash=null has_streaming_sidecar=0 autotransfer_retry_enabled=1 media_upload_handle=null message_row_id=30914 multicast_id=null enc_file_hash=nMztAQWzwjs1YF4WI0PrC1oh7K1G1KFNwAIVklwpXz0= mute_video=0 page_count=0 first_scan_sidecar=null suspicious_content=0 file_length=97173 media_name=null media_duration=0 chat_row_id=59 media_key=[B@a51daac
02-13 05:34:40.915 10637 10691 E SQLiteDatabase: android.database.sqlite.SQLiteConstraintException: UNIQUE constraint failed: message_media.message_row_id (code 1555 SQLITE_CONSTRAINT_PRIMARYKEY[1555])
02-13 05:34:40.915 10637 10691 E SQLiteDatabase: at android.database.sqlite.SQLiteConnection.nativeExecuteForLastInsertedRowId(Native Method)
02-13 05:34:40.915 10637 10691 E SQLiteDatabase: at android.database.sqlite.SQLiteConnection.executeForLastInsertedRowId(SQLiteConnecti on.java:1217)
02-13 05:34:40.915 10637 10691 E SQLiteDatabase: at android.database.sqlite.SQLiteSession.executeForLastInsertedRowId(SQLiteSession.jav a:790)
02-13 05:34:40.915 10637 10691 E SQLiteDatabase: at android.database.sqlite.SQLiteStatement.executeInsert(SQLiteStatement.java:88)
02-13 05:34:40.915 10637 10691 E SQLiteDatabase: at android.database.sqlite.SQLiteDatabase.insertWithOnConflict(SQLiteDatabase.java:221 9)
02-13 05:34:40.915 10637 10691 E SQLiteDatabase: at android.database.sqlite.SQLiteDatabase.insert(SQLiteDatabase.java:2088)
02-13 05:34:40.915 10637 10691 E SQLiteDatabase: at X.2tm.A08(Unknown Source:6)
02-13 05:34:40.915 10637 10691 E SQLiteDatabase: at X.35Y.A07(Unknown Source:212)
02-13 05:34:40.915 10637 10691 E SQLiteDatabase: at X.3QF.A14(Unknown Source:470)
02-13 05:34:40.915 10637 10691 E SQLiteDatabase: at X.3gU.run(Unknown Source:982)
02-13 05:34:40.915 10637 10691 E SQLiteDatabase: at android.os.Handler.handleCallback(Handler.java:938)
02-13 05:34:40.915 10637 10691 E SQLiteDatabase: at android.os.Handler.dispatchMessage(Handler.java:99)
02-13 05:34:40.915 10637 10691 E SQLiteDatabase: at X.0zq.dispatchMessage(Unknown Source:4)
02-13 05:34:40.915 10637 10691 E SQLiteDatabase: at android.os.Looper.loop(Looper.java:247)
02-13 05:34:40.915 10637 10691 E SQLiteDatabase: at android.os.HandlerThread.run(HandlerThread.java:67)
02-13 05:34:42.451 10637 10637 W BottomSheetBehavior: BottomSheetBehavior now supports multiple callbacks. `setBottomSheetCallback()` removes all existing callbacks, including ones set internally by library authors, which may result in unintended behavior. This may change in the future. Please use `addBottomSheetCallback()` and `removeBottomSheetCallback()` instead to set your own callbacks.
02-13 05:34:42.451 10637 10637 W BottomSheetBehavior: BottomSheetBehavior now supports multiple callbacks. `setBottomSheetCallback()` removes all existing callbacks, including ones set internally by library authors, which may result in unintended behavior. This may change in the future. Please use `addBottomSheetCallback()` and `removeBottomSheetCallback()` instead to set your own callbacks.
02-13 05:34:42.461 10637 10637 E RecyclerView: No adapter attached; skipping layout
02-13 05:34:42.983 10637 10691 E SQLiteDatabase: Error inserting transferred=0 media_job_uuid=9854118f-a630-408c-afd9-6c82491369eb transcoded=0 gif_attribution=0 first_scan_length=0 direct_path=/v/t62.7161- 24/21434931_1780578409020323_8946658447854016373_n.enc?ccb=11- 4&oh=01_AdQ9pFTp0e8kSvkZL5F1WNaUWMoBGQQRqZS8ocSNRD_5lA&oe=65F1A0B5&_nc_sid=5e03e0&_ nc_hot=1707752001 thumbnail_height_width_ratio=1.7560976 is_animated_sticker=0 file_hash=hRhvTMmOeXZI7hW99NSBATUAmzNqnQGz8247O4ou6BQ= file_path=null file_size=0 partial_media_hash=null face_x=0 face_y=0 height=1280 trim_to=0 media_key_timestamp=1707734519000 message_url=https://mmg.whatsapp.net/v/t62.7161- 24/21434931_1780578409020323_8946658447854016373_n.enc?ccb=11- 4&oh=01_AdQ9pFTp0e8kSvkZL5F1WNaUWMoBGQQRqZS8ocSNRD_5lA&oe=65F1A0B5&_nc_sid=5e03e0&m ms3=true media_caption=null trim_from=0 mime_type=video/mp4 partial_media_enc_hash=null width=720 original_file_hash=null has_streaming_sidecar=1 autotransfer_retry_enabled=1 media_upload_handle=null message_row_id=30915 multicast_id=null enc_file_hash=w/FnW25yDh/xo6GFxXDx1JvRSCxeYs2LkAwKGDMuWac= mute_video=0 page_count=0 first_scan_sidecar=null suspicious_content=0 file_length=1076667 media_name=null media_duration=13 chat_row_id=59 media_key=[B@6e305ca
02-13 05:34:42.983 10637 10691 E SQLiteDatabase: android.database.sqlite.SQLiteConstraintException: UNIQUE constraint failed: message_media.message_row_id (code 1555 SQLITE_CONSTRAINT_PRIMARYKEY[1555])
02-13 05:34:42.983 10637 10691 E SQLiteDatabase: at android.database.sqlite.SQLiteConnection.nativeExecuteForLastInsertedRowId(Native Method)
02-13 05:34:42.983 10637 10691 E SQLiteDatabase: at android.database.sqlite.SQLiteConnection.executeForLastInsertedRowId(SQLiteConnecti on.java:1217)
02-13 05:34:42.983 10637 10691 E SQLiteDatabase: at android.database.sqlite.SQLiteSession.executeForLastInsertedRowId(SQLiteSession.jav a:790)
02-13 05:34:42.983 10637 10691 E SQLiteDatabase: at android.database.sqlite.SQLiteStatement.executeInsert(SQLiteStatement.java:88)
02-13 05:34:42.983 10637 10691 E SQLiteDatabase: at android.database.sqlite.SQLiteDatabase.insertWithOnConflict(SQLiteDatabase.java:221 9)
02-13 05:34:42.983 10637 10691 E SQLiteDatabase: at android.database.sqlite.SQLiteDatabase.insert(SQLiteDatabase.java:2088)
02-13 05:34:42.983 10637 10691 E SQLiteDatabase: at X.2tm.A08(Unknown Source:6)
02-13 05:34:42.983 10637 10691 E SQLiteDatabase: at X.35Y.A07(Unknown Source:212)
02-13 05:34:42.983 10637 10691 E SQLiteDatabase: at X.3QF.A14(Unknown Source:470)
02-13 05:34:42.983 10637 10691 E SQLiteDatabase: at X.3gU.run(Unknown Source:982)
02-13 05:34:42.983 10637 10691 E SQLiteDatabase: at android.os.Handler.handleCallback(Handler.java:938)
02-13 05:34:42.983 10637 10691 E SQLiteDatabase: at android.os.Handler.dispatchMessage(Handler.java:99)
02-13 05:34:42.983 10637 10691 E SQLiteDatabase: at X.0zq.dispatchMessage(Unknown Source:4)
02-13 05:34:42.983 10637 10691 E SQLiteDatabase: at android.os.Looper.loop(Looper.java:247)
02-13 05:34:42.983 10637 10691 E SQLiteDatabase: at android.os.HandlerThread.run(HandlerThread.java:67)
02-13 05:34:43.965 10637 10637 E RecyclerView: No adapter attached; skipping layout
02-13 05:34:43.989 10637 3666 E ACodec : [OMX.sprd.h264.decoder] setPortMode on output to DynamicANWBuffer failed w/ err -2147483648
02-13 05:34:43.992 10637 3664 E MediaStatisticsData: not supported vendor: sprd
02-13 05:34:44.069 10637 3671 W Codec2Client: query -- param skipped: index = 1107298332.
02-13 05:34:44.069 10637 3671 W CCodec : This behavior is subject to change. It is recommended that app developers double check whether the requested max input size is in reasonable range.
02-13 05:34:44.071 10637 3671 W Codec2Client: query -- param skipped: index = 1342179345.
02-13 05:34:44.071 10637 3671 W Codec2Client: query -- param skipped: index = 2415921170.
02-13 05:34:44.071 10637 3671 W Codec2Client: query -- param skipped: index = 1610614798.
02-13 05:34:44.071 10637 3671 E FMQ : grantorIdx must be less than 3
02-13 05:34:44.071 10637 3671 E FMQ : grantorIdx must be less than 3
02-13 05:34:44.075 10637 3671 E FMQ : grantorIdx must be less than 3
02-13 05:34:44.088 10637 3491 E FMQ : grantorIdx must be less than 3
02-13 05:34:44.149 10637 3468 W AudioTrack: getTimestamp_l(1594): retrograde timestamp time corrected, 39650209846868 < 39650322896291
02-13 05:34:44.452 10637 10691 E SQLiteDatabase: Error inserting transferred=1 media_job_uuid=9854118f-a630-408c-afd9-6c82491369eb transcoded=0 gif_attribution=0 first_scan_length=0 direct_path=/v/t62.7161- 24/21434931_1780578409020323_8946658447854016373_n.enc?ccb=11- 4&oh=01_AdQ9pFTp0e8kSvkZL5F1WNaUWMoBGQQRqZS8ocSNRD_5lA&oe=65F1A0B5&_nc_sid=5e03e0&_ nc_hot=1707752001 thumbnail_height_width_ratio=1.7560976 is_animated_sticker=0 file_hash=hRhvTMmOeXZI7hW99NSBATUAmzNqnQGz8247O4ou6BQ= file_path=Media/.Statuses/695d31fb220e4cd1bc95cb633b8e7dd1.mp4 file_size=1076667 partial_media_hash=null face_x=0 face_y=0 height=1280 trim_to=0 media_key_timestamp=1707734519000 message_url=https://mmg.whatsapp.net/v/t62.7161- 24/21434931_1780578409020323_8946658447854016373_n.enc?ccb=11- 4&oh=01_AdQ9pFTp0e8kSvkZL5F1WNaUWMoBGQQRqZS8ocSNRD_5lA&oe=65F1A0B5&_nc_sid=5e03e0&m ms3=true media_caption=null trim_from=0 mime_type=video/mp4 partial_media_enc_hash=null width=720 original_file_hash=null has_streaming_sidecar=1 autotransfer_retry_enabled=1 media_upload_handle=null message_row_id=30915 multicast_id=null enc_file_hash=w/FnW25yDh/xo6GFxXDx1JvRSCxeYs2LkAwKGDMuWac= mute_video=0 page_count=0 first_scan_sidecar=null suspicious_content=0 file_length=1076667 media_name=null media_duration=13 chat_row_id=59 media_key=[B@6e305ca
02-13 05:34:44.452 10637 10691 E SQLiteDatabase: android.database.sqlite.SQLiteConstraintException: UNIQUE constraint failed: message_media.message_row_id (code 1555 SQLITE_CONSTRAINT_PRIMARYKEY[1555])
02-13 05:34:44.452 10637 10691 E SQLiteDatabase: at android.database.sqlite.SQLiteConnection.nativeExecuteForLastInsertedRowId(Native Method)
02-13 05:34:44.452 10637 10691 E SQLiteDatabase: at android.database.sqlite.SQLiteConnection.executeForLastInsertedRowId(SQLiteConnecti on.java:1217)
02-13 05:34:44.452 10637 10691 E SQLiteDatabase: at android.database.sqlite.SQLiteSession.executeForLastInsertedRowId(SQLiteSession.jav a:790)
02-13 05:34:44.452 10637 10691 E SQLiteDatabase: at android.database.sqlite.SQLiteStatement.executeInsert(SQLiteStatement.java:88)
02-13 05:34:44.452 10637 10691 E SQLiteDatabase: at android.database.sqlite.SQLiteDatabase.insertWithOnConflict(SQLiteDatabase.java:221 9)
02-13 05:34:44.452 10637 10691 E SQLiteDatabase: at android.database.sqlite.SQLiteDatabase.insert(SQLiteDatabase.java:2088)
02-13 05:34:44.452 10637 10691 E SQLiteDatabase: at X.2tm.A08(Unknown Source:6)
02-13 05:34:44.452 10637 10691 E SQLiteDatabase: at X.35Y.A07(Unknown Source:212)
02-13 05:34:44.452 10637 10691 E SQLiteDatabase: at X.3QF.A14(Unknown Source:470)
02-13 05:34:44.452 10637 10691 E SQLiteDatabase: at X.3gU.run(Unknown Source:982)
02-13 05:34:44.452 10637 10691 E SQLiteDatabase: at android.os.Handler.handleCallback(Handler.java:938)
02-13 05:34:44.452 10637 10691 E SQLiteDatabase: at android.os.Handler.dispatchMessage(Handler.java:99)
02-13 05:34:44.452 10637 10691 E SQLiteDatabase: at X.0zq.dispatchMessage(Unknown Source:4)
02-13 05:34:44.452 10637 10691 E SQLiteDatabase: at android.os.Looper.loop(Looper.java:247)
02-13 05:34:44.452 10637 10691 E SQLiteDatabase: at android.os.HandlerThread.run(HandlerThread.java:67)
02-13 05:34:46.826 10637 3671 W Codec2Client: query -- param skipped: index = 1342179345.
02-13 05:34:46.826 10637 3671 W Codec2Client: query -- param skipped: index = 2415921170.
02-13 05:34:46.826 10637 3671 W Codec2Client: query -- param skipped: index = 1610614798.
02-13 05:34:46.840 10637 10637 W BottomSheetBehavior: BottomSheetBehavior now supports multiple callbacks. `setBottomSheetCallback()` removes all existing callbacks, including ones set internally by library authors, which may result in unintended behavior. This may change in the future. Please use `addBottomSheetCallback()` and `removeBottomSheetCallback()` instead to set your own callbacks.
02-13 05:34:46.840 10637 10637 W BottomSheetBehavior: BottomSheetBehavior now supports multiple callbacks. `setBottomSheetCallback()` removes all existing callbacks, including ones set internally by library authors, which may result in unintended behavior. This may change in the future. Please use `addBottomSheetCallback()` and `removeBottomSheetCallback()` instead to set your own callbacks.
02-13 05:34:46.845 10637 10637 E RecyclerView: No adapter attached; skipping layout
02-13 05:34:48.134 10637 10637 W BottomSheetBehavior: BottomSheetBehavior now supports multiple callbacks. `setBottomSheetCallback()` removes all existing callbacks, including ones set internally by library authors, which may result in unintended behavior. This may change in the future. Please use `addBottomSheetCallback()` and `removeBottomSheetCallback()` instead to set your own callbacks.
02-13 05:34:48.134 10637 10637 W BottomSheetBehavior: BottomSheetBehavior now supports multiple callbacks. `setBottomSheetCallback()` removes all existing callbacks, including ones set internally by library authors, which may result in unintended behavior. This may change in the future. Please use `addBottomSheetCallback()` and `removeBottomSheetCallback()` instead to set your own callbacks.
02-13 05:34:48.146 10637 10637 E RecyclerView: No adapter attached; skipping layout
02-13 05:34:48.687 10637 10691 E SQLiteDatabase: Error inserting transferred=0 media_job_uuid=c02f2abf-94a8-41a2-ae87-bfa905672cd4 transcoded=0 gif_attribution=0 first_scan_length=0 direct_path=/v/t62.7161- 24/32730825_1571616980301131_4095230824128032452_n.enc?ccb=11- 4&oh=01_AdRefHNXUqNdiwdzxz5cT8dTmpk9DALzXejvHiPg8OQecQ&oe=65F19283&_nc_sid=5e03e0 thumbnail_height_width_ratio=1.7777778 is_animated_sticker=0 file_hash=pbnKFRoG8PWErKjHvytWgrwqstee+BopGHfYA2EwrT0= file_path=null file_size=0 partial_media_hash=null face_x=0 face_y=0 height=640 trim_to=0 media_key_timestamp=1707744978000 message_url=https://mmg.whatsapp.net/v/t62.7161- 24/32730825_1571616980301131_4095230824128032452_n.enc?ccb=11- 4&oh=01_AdRefHNXUqNdiwdzxz5cT8dTmpk9DALzXejvHiPg8OQecQ&oe=65F19283&_nc_sid=5e03e0&m ms3=true media_caption=null trim_from=0 mime_type=video/mp4 partial_media_enc_hash=null width=360 original_file_hash=null has_streaming_sidecar=1 autotransfer_retry_enabled=1 media_upload_handle=null message_row_id=30908 multicast_id=null enc_file_hash=JFI59BDWN2ngI5eULywSrc5B5Kxl1dDiL3p4jPyJVDQ= mute_video=0 page_count=0 first_scan_sidecar=null suspicious_content=0 file_length=2923010 media_name=null media_duration=22 chat_row_id=59 media_key=[B@f5de0d4
02-13 05:34:48.687 10637 10691 E SQLiteDatabase: android.database.sqlite.SQLiteConstraintException: UNIQUE constraint failed: message_media.message_row_id (code 1555 SQLITE_CONSTRAINT_PRIMARYKEY[1555])
02-13 05:34:48.687 10637 10691 E SQLiteDatabase: at android.database.sqlite.SQLiteConnection.nativeExecuteForLastInsertedRowId(Native Method)
02-13 05:34:48.687 10637 10691 E SQLiteDatabase: at android.database.sqlite.SQLiteConnection.executeForLastInsertedRowId(SQLiteConnecti on.java:1217)
02-13 05:34:48.687 10637 10691 E SQLiteDatabase: at android.database.sqlite.SQLiteSession.executeForLastInsertedRowId(SQLiteSession.jav a:790)
02-13 05:34:48.687 10637 10691 E SQLiteDatabase: at android.database.sqlite.SQLiteStatement.executeInsert(SQLiteStatement.java:88)
02-13 05:34:48.687 10637 10691 E SQLiteDatabase: at android.database.sqlite.SQLiteDatabase.insertWithOnConflict(SQLiteDatabase.java:221 9)
02-13 05:34:48.687 10637 10691 E SQLiteDatabase: at android.database.sqlite.SQLiteDatabase.insert(SQLiteDatabase.java:2088)
02-13 05:34:48.687 10637 10691 E SQLiteDatabase: at X.2tm.A08(Unknown Source:6)
02-13 05:34:48.687 10637 10691 E SQLiteDatabase: at X.35Y.A07(Unknown Source:212)
02-13 05:34:48.687 10637 10691 E SQLiteDatabase: at X.3QF.A14(Unknown Source:470)
02-13 05:34:48.687 10637 10691 E SQLiteDatabase: at X.3gU.run(Unknown Source:982)
02-13 05:34:48.687 10637 10691 E SQLiteDatabase: at android.os.Handler.handleCallback(Handler.java:938)
02-13 05:34:48.687 10637 10691 E SQLiteDatabase: at android.os.Handler.dispatchMessage(Handler.java:99)
02-13 05:34:48.687 10637 10691 E SQLiteDatabase: at X.0zq.dispatchMessage(Unknown Source:4)
02-13 05:34:48.687 10637 10691 E SQLiteDatabase: at android.os.Looper.loop(Looper.java:247)
02-13 05:34:48.687 10637 10691 E SQLiteDatabase: at android.os.HandlerThread.run(HandlerThread.java:67)
02-13 05:34:49.750 10637 10637 E ViewRootImpl: sendUserActionEvent() mView returned.
02-13 05:34:49.785 10637 10637 E ViewRootImpl: sendUserActionEvent() mView returned.
02-13 05:34:53.757 10637 10637 W BottomSheetBehavior: BottomSheetBehavior now supports multiple callbacks. `setBottomSheetCallback()` removes all existing callbacks, including ones set internally by library authors, which may result in unintended behavior. This may change in the future. Please use `addBottomSheetCallback()` and `removeBottomSheetCallback()` instead to set your own callbacks.
02-13 05:34:53.757 10637 10637 W BottomSheetBehavior: BottomSheetBehavior now supports multiple callbacks. `setBottomSheetCallback()` removes all existing callbacks, including ones set internally by library authors, which may result in unintended behavior. This may change in the future. Please use `addBottomSheetCallback()` and `removeBottomSheetCallback()` instead to set your own callbacks.
02-13 05:34:53.778 10637 10637 W BottomSheetBehavior: BottomSheetBehavior now supports multiple callbacks. `setBottomSheetCallback()` removes all existing callbacks, including ones set internally by library authors, which may result in unintended behavior. This may change in the future. Please use `addBottomSheetCallback()` and `removeBottomSheetCallback()` instead to set your own callbacks.
02-13 05:34:53.778 10637 10637 W BottomSheetBehavior: BottomSheetBehavior now supports multiple callbacks. `setBottomSheetCallback()` removes all existing callbacks, including ones set internally by library authors, which may result in unintended behavior. This may change in the future. Please use `addBottomSheetCallback()` and `removeBottomSheetCallback()` instead to set your own callbacks.
02-13 05:34:53.793 10637 10637 W BottomSheetBehavior: BottomSheetBehavior now supports multiple callbacks. `setBottomSheetCallback()` removes all existing callbacks, including ones set internally by library authors, which may result in unintended behavior. This may change in the future. Please use `addBottomSheetCallback()` and `removeBottomSheetCallback()` instead to set your own callbacks.
02-13 05:34:53.793 10637 10637 W BottomSheetBehavior: BottomSheetBehavior now supports multiple callbacks. `setBottomSheetCallback()` removes all existing callbacks, including ones set internally by library authors, which may result in unintended behavior. This may change in the future. Please use `addBottomSheetCallback()` and `removeBottomSheetCallback()` instead to set your own callbacks.
02-13 05:34:53.825 10637 10637 E RecyclerView: No adapter attached; skipping layout
02-13 05:34:53.826 10637 10637 E RecyclerView: No adapter attached; skipping layout
02-13 05:34:53.828 10637 3713 E ACodec : [OMX.sprd.h264.decoder] setPortMode on output to DynamicANWBuffer failed w/ err -2147483648
02-13 05:34:53.831 10637 3711 E MediaStatisticsData: not supported vendor: sprd
02-13 05:34:53.884 10637 3721 W Codec2Client: query -- param skipped: index = 1107298332.
02-13 05:34:53.884 10637 3721 W CCodec : This behavior is subject to change. It is recommended that app developers double check whether the requested max input size is in reasonable range.
02-13 05:34:53.887 10637 3721 W Codec2Client: query -- param skipped: index = 1342179345.
02-13 05:34:53.887 10637 3721 W Codec2Client: query -- param skipped: index = 2415921170.
02-13 05:34:53.887 10637 3721 W Codec2Client: query -- param skipped: index = 1610614798.
02-13 05:34:53.890 10637 3721 E FMQ : grantorIdx must be less than 3
02-13 05:34:53.890 10637 3721 E FMQ : grantorIdx must be less than 3
02-13 05:34:53.893 10637 3721 E FMQ : grantorIdx must be less than 3
02-13 05:34:53.899 10637 3491 E FMQ : grantorIdx must be less than 3
02-13 05:34:53.962 10637 3709 W AudioTrack: getTimestamp_l(1595): retrograde timestamp time corrected, 39660016472169 < 39660125730746
02-13 05:34:55.390 10637 10691 E SQLiteDatabase: Error inserting transferred=1 media_job_uuid=c02f2abf-94a8-41a2-ae87-bfa905672cd4 transcoded=0 gif_attribution=0 first_scan_length=0 direct_path=/v/t62.7161- 24/32730825_1571616980301131_4095230824128032452_n.enc?ccb=11- 4&oh=01_AdRefHNXUqNdiwdzxz5cT8dTmpk9DALzXejvHiPg8OQecQ&oe=65F19283&_nc_sid=5e03e0 thumbnail_height_width_ratio=1.7777778 is_animated_sticker=0 file_hash=pbnKFRoG8PWErKjHvytWgrwqstee+BopGHfYA2EwrT0= file_path=Media/.Statuses/c27054cdaaa744a2a27631427ae15357.mp4 file_size=2923010 partial_media_hash=null face_x=0 face_y=0 height=640 trim_to=0 media_key_timestamp=1707744978000 message_url=https://mmg.whatsapp.net/v/t62.7161- 24/32730825_1571616980301131_4095230824128032452_n.enc?ccb=11- 4&oh=01_AdRefHNXUqNdiwdzxz5cT8dTmpk9DALzXejvHiPg8OQecQ&oe=65F19283&_nc_sid=5e03e0&m ms3=true media_caption=null trim_from=0 mime_type=video/mp4 partial_media_enc_hash=null width=360 original_file_hash=null has_streaming_sidecar=1 autotransfer_retry_enabled=1 media_upload_handle=null message_row_id=30908 multicast_id=null enc_file_hash=JFI59BDWN2ngI5eULywSrc5B5Kxl1dDiL3p4jPyJVDQ= mute_video=0 page_count=0 first_scan_sidecar=null suspicious_content=0 file_length=2923010 media_name=null media_duration=22 chat_row_id=59 media_key=[B@f5de0d4
02-13 05:34:55.390 10637 10691 E SQLiteDatabase: android.database.sqlite.SQLiteConstraintException: UNIQUE constraint failed: message_media.message_row_id (code 1555 SQLITE_CONSTRAINT_PRIMARYKEY[1555])
02-13 05:34:55.390 10637 10691 E SQLiteDatabase: at android.database.sqlite.SQLiteConnection.nativeExecuteForLastInsertedRowId(Native Method)
02-13 05:34:55.390 10637 10691 E SQLiteDatabase: at android.database.sqlite.SQLiteConnection.executeForLastInsertedRowId(SQLiteConnecti on.java:1217)
02-13 05:34:55.390 10637 10691 E SQLiteDatabase: at android.database.sqlite.SQLiteSession.executeForLastInsertedRowId(SQLiteSession.jav a:790)
02-13 05:34:55.390 10637 10691 E SQLiteDatabase: at android.database.sqlite.SQLiteStatement.executeInsert(SQLiteStatement.java:88)
02-13 05:34:55.390 10637 10691 E SQLiteDatabase: at android.database.sqlite.SQLiteDatabase.insertWithOnConflict(SQLiteDatabase.java:221 9)
02-13 05:34:55.390 10637 10691 E SQLiteDatabase: at android.database.sqlite.SQLiteDatabase.insert(SQLiteDatabase.java:2088)
02-13 05:34:55.390 10637 10691 E SQLiteDatabase: at X.2tm.A08(Unknown Source:6)
02-13 05:34:55.390 10637 10691 E SQLiteDatabase: at X.35Y.A07(Unknown Source:212)
02-13 05:34:55.390 10637 10691 E SQLiteDatabase: at X.3QF.A14(Unknown Source:470)
02-13 05:34:55.390 10637 10691 E SQLiteDatabase: at X.3gU.run(Unknown Source:982)
02-13 05:34:55.390 10637 10691 E SQLiteDatabase: at android.os.Handler.handleCallback(Handler.java:938)
02-13 05:34:55.390 10637 10691 E SQLiteDatabase: at android.os.Handler.dispatchMessage(Handler.java:99)
02-13 05:34:55.390 10637 10691 E SQLiteDatabase: at X.0zq.dispatchMessage(Unknown Source:4)
02-13 05:34:55.390 10637 10691 E SQLiteDatabase: at android.os.Looper.loop(Looper.java:247)
02-13 05:34:55.390 10637 10691 E SQLiteDatabase: at android.os.HandlerThread.run(HandlerThread.java:67)
02-13 05:49:10.074 10637 10637 W Choreographer: Frame time is 0.038604 ms in the future! Check that graphics HAL is generating vsync timestamps using the correct timebase.
02-13 05:49:10.074 10637 3465 W Choreographer: Frame time is 0.02122 ms in the future! Check that graphics HAL is generating vsync timestamps using the correct timebase.
02-13 05:58:27.123 10637 10637 W Choreographer: Frame time is 0.157269 ms in the future! Check that graphics HAL is generating vsync timestamps using the correct timebase.
02-13 06:10:22.060 10637 3721 E FMQ : grantorIdx must be less than 3
02-13 06:10:23.304 10637 3721 W Codec2Client: query -- param skipped: index = 1342179345.
02-13 06:10:23.304 10637 3721 W Codec2Client: query -- param skipped: index = 2415921170.
02-13 06:10:23.304 10637 3721 W Codec2Client: query -- param skipped: index = 1610614798.
02-13 06:10:23.365 10637 10637 E ViewRootImpl: sendUserActionEvent() mView returned.
02-13 06:10:23.414 10637 10637 E ViewRootImpl: sendUserActionEvent() mView returned.
02-13 06:10:28.021 10637 10778 E RenderScript: Failed loading RS driver: dlopen failed: library "libRSDriverArm.so" not found
02-13 06:10:28.021 10637 10778 E RenderScript: Failed to load runtime libRSDriverArm.so, loading default
02-13 06:10:28.283 10637 10637 E ArmVmp : Match on catch block at 0x0a in for 0xc1
02-13 06:10:28.287 10637 10637 E ArmVmp : Match on catch block at 0x0a in for 0xc1
02-13 06:10:28.463 10637 10637 E ArmVmp : Match on catch block at 0xc3 in for 0xb5
02-13 06:10:28.465 10637 10637 E ArmVmp : Match on catch block at 0xc3 in for 0xb1
02-13 06:10:28.530 10637 10637 E ArmVmp : Match on catch block at 0xc3 in for 0xa1
02-13 06:10:28.532 10637 10637 E ArmVmp : Match on catch block at 0xc3 in for 0xa9
02-13 06:10:28.546 10637 10637 E ArmVmp : Match on catch block at 0xc3 in for 0xa9
02-13 06:10:28.548 10637 10637 E ArmVmp : Match on catch block at 0xc3 in for 0xa1
02-13 06:10:28.583 10637 10637 E ArmVmp : Match on catch block at 0xc3 in for 0xa5
02-13 06:10:28.585 10637 10637 E ArmVmp : Match on catch block at 0xc3 in for 0xa9
02-13 06:10:29.079 10637 10637 E ArmVmp : Match on catch block at 0xc3 in for 0xa9
02-13 06:10:29.083 10637 10637 E ArmVmp : Match on catch block at 0xc3 in for 0xa1
02-13 06:10:29.146 10637 10637 E ArmVmp : Match on catch block at 0xc3 in for 0xa1
02-13 06:10:29.150 10637 10637 E ArmVmp : Match on catch block at 0xc3 in for 0xa5
02-13 06:10:29.163 10637 10637 E ArmVmp : Match on catch block at 0xc3 in for 0xa5
02-13 06:10:29.167 10637 10637 E ArmVmp : Match on catch block at 0xc3 in for 0xa9
02-13 06:10:29.179 10637 10637 E ArmVmp : Match on catch block at 0xc3 in for 0xa9
02-13 06:10:29.184 10637 10637 E ArmVmp : Match on catch block at 0xc3 in for 0xa1
02-13 06:10:29.196 10637 10637 E ArmVmp : Match on catch block at 0xc3 in for 0xa1
02-13 06:10:29.200 10637 10637 E ArmVmp : Match on catch block at 0xc3 in for 0xa5
02-13 06:10:29.212 10637 10637 E ArmVmp : Match on catch block at 0xc3 in for 0xa5
02-13 06:10:29.216 10637 10637 E ArmVmp : Match on catch block at 0xc3 in for 0xa9
02-13 06:10:29.229 10637 10637 E ArmVmp : Match on catch block at 0xc3 in for 0xa9
02-13 06:10:29.234 10637 10637 E ArmVmp : Match on catch block at 0xc3 in for 0xa1
02-13 06:10:29.246 10637 10637 E ArmVmp : Match on catch block at 0xc3 in for 0xa1
02-13 06:10:29.250 10637 10637 E ArmVmp : Match on catch block at 0xc3 in for 0xa5
02-13 06:10:29.263 10637 10637 E ArmVmp : Match on catch block at 0xc3 in for 0xa5
02-13 06:10:29.267 10637 10637 E ArmVmp : Match on catch block at 0xc3 in for 0xa9
02-13 06:10:29.279 10637 10637 E ArmVmp : Match on catch block at 0xc3 in for 0xa9
02-13 06:10:29.284 10637 10637 E ArmVmp : Match on catch block at 0xc3 in for 0xa1
02-13 06:10:29.297 10637 10637 E ArmVmp : Match on catch block at 0xc3 in for 0xa1
02-13 06:10:29.301 10637 10637 E ArmVmp : Match on catch block at 0xc3 in for 0xa5
02-13 06:10:29.313 10637 10637 E ArmVmp : Match on catch block at 0xc3 in for 0xa5
02-13 06:10:29.317 10637 10637 E ArmVmp : Match on catch block at 0xc3 in for 0xa9
02-13 06:10:29.329 10637 10637 E ArmVmp : Match on catch block at 0xc3 in for 0xa9
02-13 06:10:29.333 10637 10637 E ArmVmp : Match on catch block at 0xc3 in for 0xa1
02-13 06:10:29.346 10637 10637 E ArmVmp : Match on catch block at 0xc3 in for 0xa1
02-13 06:10:29.349 10637 10637 E ArmVmp : Match on catch block at 0xc3 in for 0xa5
02-13 06:10:29.362 10637 10637 E ArmVmp : Match on catch block at 0xc3 in for 0xa5
02-13 06:10:29.365 10637 10637 E ArmVmp : Match on catch block at 0xc3 in for 0xa9
02-13 06:10:29.378 10637 10637 E ArmVmp : Match on catch block at 0xc3 in for 0xa9
02-13 06:10:29.382 10637 10637 E ArmVmp : Match on catch block at 0xc3 in for 0xa1
02-13 06:10:29.397 10637 10637 E ArmVmp : Match on catch block at 0xc3 in for 0xa9
02-13 06:10:29.399 10637 10637 E ArmVmp : Match on catch block at 0xc3 in for 0xa1
02-13 06:10:29.413 10637 10637 E ArmVmp : Match on catch block at 0xc3 in for 0xa9
02-13 06:10:29.416 10637 10637 E ArmVmp : Match on catch block at 0xc3 in for 0xa1
02-13 06:10:29.430 10637 10637 E ArmVmp : Match on catch block at 0xc3 in for 0xa9
02-13 06:10:29.434 10637 10637 E ArmVmp : Match on catch block at 0xc3 in for 0xa1
02-13 06:10:29.445 10637 10637 E ArmVmp : Match on catch block at 0xc3 in for 0xa9
02-13 06:10:29.448 10637 10637 E ArmVmp : Match on catch block at 0xc3 in for 0xa1
02-13 06:10:29.648 10637 10637 E ArmVmp : Match on catch block at 0x0a in for 0xc9
02-13 06:10:29.651 10637 10637 E ArmVmp : Match on catch block at 0x0a in for 0xc5
02-13 06:10:29.716 10637 10637 E ArmVmp : Match on catch block at 0xc3 in for 0xb5
02-13 06:10:29.718 10637 10637 E ArmVmp : Match on catch block at 0xc3 in for 0xb5
02-13 06:10:29.733 10637 10637 E ArmVmp : Match on catch block at 0xc3 in for 0xa5
02-13 06:10:29.735 10637 10637 E ArmVmp : Match on catch block at 0xc3 in for 0xa9
02-13 06:10:29.755 10637 10637 E ArmVmp : Match on catch block at 0xc3 in for 0xa5
02-13 06:10:29.756 10637 10637 E ArmVmp : Match on catch block at 0xc3 in for 0xa9
02-13 06:10:29.760 10637 10637 E ArmVmp : Match on catch block at 0xc3 in for 0xa9
02-13 06:10:29.763 10637 10637 E ArmVmp : Match on catch block at 0xc3 in for 0xa1
02-13 06:10:29.772 10637 10637 E ArmVmp : Match on catch block at 0xc3 in for 0xa9
02-13 06:10:29.774 10637 10637 E ArmVmp : Match on catch block at 0xc3 in for 0xa1
02-13 06:10:29.805 10637 10637 E ArmVmp : Match on catch block at 0xc3 in for 0xa5
02-13 06:10:29.807 10637 10637 E ArmVmp : Match on catch block at 0xc3 in for 0xa9
02-13 06:10:29.813 10637 10637 E ArmVmp : Match on catch block at 0xc3 in for 0xa9
02-13 06:10:29.818 10637 10637 E ArmVmp : Match on catch block at 0xc3 in for 0xa1
02-13 06:10:29.827 10637 10637 E ArmVmp : Match on catch block at 0xc3 in for 0xa1
02-13 06:10:29.829 10637 10637 E ArmVmp : Match on catch block at 0xc3 in for 0xa5
02-13 06:10:29.844 10637 10637 E ArmVmp : Match on catch block at 0xc3 in for 0xa5
02-13 06:10:29.846 10637 10637 E ArmVmp : Match on catch block at 0xc3 in for 0xa9
02-13 06:10:29.861 10637 10637 E ArmVmp : Match on catch block at 0xc3 in for 0xa9
02-13 06:10:29.863 10637 10637 E ArmVmp : Match on catch block at 0xc3 in for 0xa1
02-13 06:10:29.878 10637 10637 E ArmVmp : Match on catch block at 0xc3 in for 0xa1
02-13 06:10:29.880 10637 10637 E ArmVmp : Match on catch block at 0xc3 in for 0xa5
02-13 06:10:30.145 10637 10637 E ArmVmp : Match on catch block at 0xc3 in for 0xa9
02-13 06:10:30.149 10637 10637 E ArmVmp : Match on catch block at 0xc3 in for 0xa1
02-13 06:10:30.173 10637 10637 E ArmVmp : Match on catch block at 0xc3 in for 0xa1
02-13 06:10:30.176 10637 10637 E ArmVmp : Match on catch block at 0xc3 in for 0xa5
02-13 06:10:30.296 10637 10637 E ArmVmp : Match on catch block at 0xc3 in for 0xa1
02-13 06:10:30.298 10637 10637 E ArmVmp : Match on catch block at 0xc3 in for 0xa5
02-13 06:10:30.487 10637 10637 E ArmVmp : Match on catch block at 0xc3 in for 0xa1
02-13 06:10:30.490 10637 10637 E ArmVmp : Match on catch block at 0xc3 in for 0xa5
02-13 06:10:30.499 10637 10637 E ArmVmp : Match on catch block at 0xc3 in for 0xa9
02-13 06:10:30.501 10637 10637 E ArmVmp : Match on catch block at 0xc3 in for 0xa1
02-13 06:10:30.511 10637 10637 E ArmVmp : Match on catch block at 0xc3 in for 0xa1
02-13 06:10:30.513 10637 10637 E ArmVmp : Match on catch block at 0xc3 in for 0xa5
02-13 06:10:30.528 10637 10637 E ArmVmp : Match on catch block at 0xc3 in for 0xa5
02-13 06:10:30.529 10637 10637 E ArmVmp : Match on catch block at 0xc3 in for 0xa9
02-13 06:10:30.544 10637 10637 E ArmVmp : Match on catch block at 0xc3 in for 0xa9
02-13 06:10:30.546 10637 10637 E ArmVmp : Match on catch block at 0xc3 in for 0xa1
02-13 06:10:30.561 10637 10637 E ArmVmp : Match on catch block at 0xc3 in for 0xa1
02-13 06:10:30.564 10637 10637 E ArmVmp : Match on catch block at 0xc3 in for 0xa5
02-13 06:10:30.578 10637 10637 E ArmVmp : Match on catch block at 0xc3 in for 0xa5
02-13 06:10:30.579 10637 10637 E ArmVmp : Match on catch block at 0xc3 in for 0xa9
02-13 06:10:30.594 10637 10637 E ArmVmp : Match on catch block at 0xc3 in for 0xa9
02-13 06:10:30.596 10637 10637 E ArmVmp : Match on catch block at 0xc3 in for 0xa1
02-13 06:10:30.612 10637 10637 E ArmVmp : Match on catch block at 0xc3 in for 0xa1
02-13 06:10:30.614 10637 10637 E ArmVmp : Match on catch block at 0xc3 in for 0xa5
02-13 06:10:30.628 10637 10637 E ArmVmp : Match on catch block at 0xc3 in for 0xa5
02-13 06:10:30.631 10637 10637 E ArmVmp : Match on catch block at 0xc3 in for 0xa9
02-13 06:10:30.646 10637 10637 E ArmVmp : Match on catch block at 0xc3 in for 0xa9
02-13 06:10:30.648 10637 10637 E ArmVmp : Match on catch block at 0xc3 in for 0xa1
02-13 06:10:30.662 10637 10637 E ArmVmp : Match on catch block at 0xc3 in for 0xa1
02-13 06:10:30.665 10637 10637 E ArmVmp : Match on catch block at 0xc3 in for 0xa5
02-13 06:10:30.678 10637 10637 E ArmVmp : Match on catch block at 0xc3 in for 0xa5
02-13 06:10:30.681 10637 10637 E ArmVmp : Match on catch block at 0xc3 in for 0xa9
02-13 06:10:30.695 10637 10637 E ArmVmp : Match on catch block at 0xc3 in for 0xa9
02-13 06:10:30.698 10637 10637 E ArmVmp : Match on catch block at 0xc3 in for 0xa1
02-13 06:10:30.712 10637 10637 E ArmVmp : Match on catch block at 0xc3 in for 0xa1
02-13 06:10:30.714 10637 10637 E ArmVmp : Match on catch block at 0xc3 in for 0xa5
02-13 06:10:30.730 10637 10637 E ArmVmp : Match on catch block at 0xc3 in for 0xa5
02-13 06:10:30.733 10637 10637 E ArmVmp : Match on catch block at 0xc3 in for 0xa9
02-13 06:10:30.746 10637 10637 E ArmVmp : Match on catch block at 0xc3 in for 0xa9
02-13 06:10:30.748 10637 10637 E ArmVmp : Match on catch block at 0xc3 in for 0xa1
02-13 06:10:30.762 10637 10637 E ArmVmp : Match on catch block at 0xc3 in for 0xa1
02-13 06:10:30.764 10637 10637 E ArmVmp : Match on catch block at 0xc3 in for 0xa5
02-13 06:10:30.779 10637 10637 E ArmVmp : Match on catch block at 0xc3 in for 0xa5
02-13 06:10:30.781 10637 10637 E ArmVmp : Match on catch block at 0xc3 in for 0xa9
02-13 06:10:30.795 10637 10637 E ArmVmp : Match on catch block at 0xc3 in for 0xa9
02-13 06:10:30.798 10637 10637 E ArmVmp : Match on catch block at 0xc3 in for 0xa1
02-13 06:10:30.812 10637 10637 E ArmVmp : Match on catch block at 0xc3 in for 0xa1
02-13 06:10:30.814 10637 10637 E ArmVmp : Match on catch block at 0xc3 in for 0xa5
02-13 06:10:30.874 10637 10637 E ArmVmp : Match on catch block at 0xc3 in for 0xa9
02-13 06:10:30.876 10637 10637 E ArmVmp : Match on catch block at 0xc3 in for 0xa1
02-13 06:10:30.892 10637 10637 E ArmVmp : Match on catch block at 0xc3 in for 0xa1
02-13 06:10:30.895 10637 10637 E ArmVmp : Match on catch block at 0xc3 in for 0xa5
02-13 06:10:31.297 10637 10637 E ArmVmp : Match on catch block at 0xc3 in for 0xa5
02-13 06:10:31.301 10637 10637 E ArmVmp : Match on catch block at 0xc3 in for 0xa9
02-13 06:10:31.510 10637 10637 E ArmVmp : Match on catch block at 0xc3 in for 0xa5
02-13 06:10:31.512 10637 10637 E ArmVmp : Match on catch block at 0xc3 in for 0xa9
02-13 06:10:31.530 10637 10637 E ArmVmp : Match on catch block at 0xc3 in for 0xa5
02-13 06:10:31.532 10637 10637 E ArmVmp : Match on catch block at 0xc3 in for 0xa9
02-13 06:10:31.546 10637 10637 E ArmVmp : Match on catch block at 0xc3 in for 0xa9
02-13 06:10:31.548 10637 10637 E ArmVmp : Match on catch block at 0xc3 in for 0xa1
02-13 06:10:31.562 10637 10637 E ArmVmp : Match on catch block at 0xc3 in for 0xa1
02-13 06:10:31.565 10637 10637 E ArmVmp : Match on catch block at 0xc3 in for 0xa5
02-13 06:10:31.579 10637 10637 E ArmVmp : Match on catch block at 0xc3 in for 0xa5
02-13 06:10:31.582 10637 10637 E ArmVmp : Match on catch block at 0xc3 in for 0xa9
02-13 06:10:31.596 10637 10637 E ArmVmp : Match on catch block at 0xc3 in for 0xa9
02-13 06:10:31.598 10637 10637 E ArmVmp : Match on catch block at 0xc3 in for 0xa1
02-13 06:10:31.616 10637 10637 E ArmVmp : Match on catch block at 0xc3 in for 0xa1
02-13 06:10:31.618 10637 10637 E ArmVmp : Match on catch block at 0xc3 in for 0xa5
02-13 06:10:31.629 10637 10637 E ArmVmp : Match on catch block at 0xc3 in for 0xa5
02-13 06:10:31.632 10637 10637 E ArmVmp : Match on catch block at 0xc3 in for 0xa9
02-13 06:10:31.646 10637 10637 E ArmVmp : Match on catch block at 0xc3 in for 0xa9
02-13 06:10:31.649 10637 10637 E ArmVmp : Match on catch block at 0xc3 in for 0xa1
02-13 06:10:31.662 10637 10637 E ArmVmp : Match on catch block at 0xc3 in for 0xa1
02-13 06:10:31.665 10637 10637 E ArmVmp : Match on catch block at 0xc3 in for 0xa5
02-13 06:10:31.680 10637 10637 E ArmVmp : Match on catch block at 0xc3 in for 0xa5
02-13 06:10:31.682 10637 10637 E ArmVmp : Match on catch block at 0xc3 in for 0xa9
02-13 06:10:31.696 10637 10637 E ArmVmp : Match on catch block at 0xc3 in for 0xa9
02-13 06:10:31.699 10637 10637 E ArmVmp : Match on catch block at 0xc3 in for 0xa1
02-13 06:10:31.929 10637 10637 E ArmVmp : Match on catch block at 0xc3 in for 0xa9
02-13 06:10:31.932 10637 10637 E ArmVmp : Match on catch block at 0xc3 in for 0xa1
02-13 06:10:32.396 10637 10637 E ArmVmp : Match on catch block at 0xc3 in for 0xa9
02-13 06:10:32.399 10637 10637 E ArmVmp : Match on catch block at 0xc3 in for 0xa1
02-13 06:10:32.464 10637 10637 E ArmVmp : Match on catch block at 0xc3 in for 0xa1
02-13 06:10:32.468 10637 10637 E ArmVmp : Match on catch block at 0xc3 in for 0xa5
02-13 06:10:32.480 10637 10637 E ArmVmp : Match on catch block at 0xc3 in for 0xa5
02-13 06:10:32.483 10637 10637 E ArmVmp : Match on catch block at 0xc3 in for 0xa9
02-13 06:10:32.497 10637 10637 E ArmVmp : Match on catch block at 0xc3 in for 0xa9
02-13 06:10:32.501 10637 10637 E ArmVmp : Match on catch block at 0xc3 in for 0xa1
02-13 06:10:32.513 10637 10637 E ArmVmp : Match on catch block at 0xc3 in for 0xa1
02-13 06:10:32.517 10637 10637 E ArmVmp : Match on catch block at 0xc3 in for 0xa5
02-13 06:10:32.530 10637 10637 E ArmVmp : Match on catch block at 0xc3 in for 0xa5
02-13 06:10:32.534 10637 10637 E ArmVmp : Match on catch block at 0xc3 in for 0xa9
02-13 06:10:32.546 10637 10637 E ArmVmp : Match on catch block at 0xc3 in for 0xa9
02-13 06:10:32.549 10637 10637 E ArmVmp : Match on catch block at 0xc3 in for 0xa1
02-13 06:10:32.563 10637 10637 E ArmVmp : Match on catch block at 0xc3 in for 0xa1
02-13 06:10:32.565 10637 10637 E ArmVmp : Match on catch block at 0xc3 in for 0xa5
02-13 06:10:32.580 10637 10637 E ArmVmp : Match on catch block at 0xc3 in for 0xa5
02-13 06:10:32.583 10637 10637 E ArmVmp : Match on catch block at 0xc3 in for 0xa9
02-13 06:10:32.596 10637 10637 E ArmVmp : Match on catch block at 0xc3 in for 0xa1
02-13 06:10:32.600 10637 10637 E ArmVmp : Match on catch block at 0xc3 in for 0xa5
02-13 06:10:32.613 10637 10637 E ArmVmp : Match on catch block at 0xc3 in for 0xa5
02-13 06:10:32.616 10637 10637 E ArmVmp : Match on catch block at 0xc3 in for 0xa9
02-13 06:10:32.630 10637 10637 E ArmVmp : Match on catch block at 0xc3 in for 0xa9
02-13 06:10:32.633 10637 10637 E ArmVmp : Match on catch block at 0xc3 in for 0xa1
02-13 06:10:32.646 10637 10637 E ArmVmp : Match on catch block at 0xc3 in for 0xa5
02-13 06:10:32.649 10637 10637 E ArmVmp : Match on catch block at 0xc3 in for 0xa9
02-13 06:10:32.663 10637 10637 E ArmVmp : Match on catch block at 0xc3 in for 0xa9
02-13 06:10:32.666 10637 10637 E ArmVmp : Match on catch block at 0xc3 in for 0xa1
02-13 06:10:32.679 10637 10637 E ArmVmp : Match on catch block at 0xc3 in for 0xa9
02-13 06:10:32.683 10637 10637 E ArmVmp : Match on catch block at 0xc3 in for 0xa1
02-13 06:10:32.696 10637 10637 E ArmVmp : Match on catch block at 0xc3 in for 0xa1
02-13 06:10:32.699 10637 10637 E ArmVmp : Match on catch block at 0xc3 in for 0xa5
02-13 06:10:32.713 10637 10637 E ArmVmp : Match on catch block at 0xc3 in for 0xa5
02-13 06:10:32.716 10637 10637 E ArmVmp : Match on catch block at 0xc3 in for 0xa9
02-13 06:10:32.729 10637 10637 E ArmVmp : Match on catch block at 0xc3 in for 0xa9
02-13 06:10:32.732 10637 10637 E ArmVmp : Match on catch block at 0xc3 in for 0xa1
02-13 06:10:32.913 10637 10637 E ArmVmp : Match on catch block at 0xc3 in for 0xa9
02-13 06:10:32.916 10637 10637 E ArmVmp : Match on catch block at 0xc3 in for 0xa1
02-13 06:10:33.230 10637 10637 E ArmVmp : Match on catch block at 0xc3 in for 0xa9
02-13 06:10:33.234 10637 10637 E ArmVmp : Match on catch block at 0xc3 in for 0xa1
02-13 06:10:33.430 10637 10637 E ArmVmp : Match on catch block at 0xc3 in for 0xa5
02-13 06:10:33.433 10637 10637 E ArmVmp : Match on catch block at 0xc3 in for 0xa9
02-13 06:10:33.930 10637 10637 E ArmVmp : Match on catch block at 0xc3 in for 0xa1
02-13 06:10:33.933 10637 10637 E ArmVmp : Match on catch block at 0xc3 in for 0xa5
02-13 06:10:33.964 10637 10637 E ArmVmp : Match on catch block at 0xc3 in for 0xa9
02-13 06:10:33.966 10637 10637 E ArmVmp : Match on catch block at 0xc3 in for 0xa1
02-13 06:10:34.313 10637 10637 E ArmVmp : Match on catch block at 0xc3 in for 0xa9
02-13 06:10:34.316 10637 10637 E ArmVmp : Match on catch block at 0xc3 in for 0xa1
02-13 06:10:34.580 10637 10637 E ArmVmp : Match on catch block at 0xc3 in for 0xa9
02-13 06:10:34.583 10637 10637 E ArmVmp : Match on catch block at 0xc3 in for 0xa1
02-13 06:10:34.931 10637 10637 E ArmVmp : Match on catch block at 0xc3 in for 0xa1
02-13 06:10:34.934 10637 10637 E ArmVmp : Match on catch block at 0xc3 in for 0xa5
02-13 06:10:34.964 10637 10637 E ArmVmp : Match on catch block at 0xc3 in for 0xa1
02-13 06:10:34.967 10637 10637 E ArmVmp : Match on catch block at 0xc3 in for 0xa5
02-13 06:10:34.998 10637 10637 E ArmVmp : Match on catch block at 0xc3 in for 0xa9
02-13 06:10:35.000 10637 10637 E ArmVmp : Match on catch block at 0xc3 in for 0xa1
02-13 06:10:35.028 10637 10637 E ArmVmp : Match on catch block at 0xc3 in for 0xa5
02-13 06:10:35.030 10637 10637 E ArmVmp : Match on catch block at 0xc3 in for 0xa9
02-13 06:10:35.049 10637 10637 E ArmVmp : Match on catch block at 0xc3 in for 0xa9
02-13 06:10:35.051 10637 10637 E ArmVmp : Match on catch block at 0xc3 in for 0xa1
02-13 06:10:35.070 10637 10637 E ArmVmp : Match on catch block at 0xc3 in for 0xa5
02-13 06:10:35.072 10637 10637 E ArmVmp : Match on catch block at 0xc3 in for 0xa9
02-13 06:10:35.084 10637 10637 E ArmVmp : Match on catch block at 0xc3 in for 0xa1
02-13 06:10:35.087 10637 10637 E ArmVmp : Match on catch block at 0xc3 in for 0xa5
02-13 06:10:35.110 10637 10637 E ArmVmp : Match on catch block at 0xc3 in for 0xa1
02-13 06:10:35.112 10637 10637 E ArmVmp : Match on catch block at 0xc3 in for 0xa5
02-13 06:10:35.117 10637 10637 E ArmVmp : Match on catch block at 0xc3 in for 0xa5
02-13 06:10:35.119 10637 10637 E ArmVmp : Match on catch block at 0xc3 in for 0xa9
02-13 06:10:35.129 10637 10637 E ArmVmp : Match on catch block at 0xc3 in for 0xa9
02-13 06:10:35.131 10637 10637 E ArmVmp : Match on catch block at 0xc3 in for 0xa1
02-13 06:10:35.146 10637 10637 E ArmVmp : Match on catch block at 0xc3 in for 0xa1
02-13 06:10:35.148 10637 10637 E ArmVmp : Match on catch block at 0xc3 in for 0xa5
02-13 06:10:35.465 10637 10637 E ArmVmp : Match on catch block at 0xc3 in for 0xa5
02-13 06:10:35.467 10637 10637 E ArmVmp : Match on catch block at 0xc3 in for 0xa9
02-13 06:10:35.477 10637 10767 W MediaPlayer: Use of stream types is deprecated for operations other than volume control
02-13 06:10:35.477 10637 10767 W MediaPlayer: See the documentation of setAudioStreamType() for what to use instead with android.media.AudioAttributes to qualify your playback use case
02-13 06:10:35.480 10637 10637 E ArmVmp : Match on catch block at 0xc3 in for 0xa1
02-13 06:10:35.482 10637 10637 E ArmVmp : Match on catch block at 0xc3 in for 0xa5
02-13 06:10:35.519 10637 10654 W MediaPlayerNative: info/warning (10973, 0)
02-13 06:10:35.966 10637 10637 E ArmVmp : Match on catch block at 0xc3 in for 0xa5
02-13 06:10:35.972 10637 10637 E ArmVmp : Match on catch block at 0xc3 in for 0xa9
02-13 06:10:36.466 10637 10637 E ArmVmp : Match on catch block at 0xc3 in for 0xa9
02-13 06:10:36.471 10637 10637 E ArmVmp : Match on catch block at 0xc3 in for 0xa1
02-13 06:10:36.966 10637 10637 E ArmVmp : Match on catch block at 0xc3 in for 0xa1
02-13 06:10:36.972 10637 10637 E ArmVmp : Match on catch block at 0xc3 in for 0xa5
02-13 06:10:37.066 10637 10637 E ArmVmp : Match on catch block at 0xc3 in for 0xa5
02-13 06:10:37.071 10637 10637 E ArmVmp : Match on catch block at 0xc3 in for 0xa9
02-13 06:10:37.082 10637 10637 E ArmVmp : Match on catch block at 0xc3 in for 0xa9
02-13 06:10:37.087 10637 10637 E ArmVmp : Match on catch block at 0xc3 in for 0xa1
02-13 06:10:37.100 10637 10637 E ArmVmp : Match on catch block at 0xc3 in for 0xa1
02-13 06:10:37.105 10637 10637 E ArmVmp : Match on catch block at 0xc3 in for 0xa5
02-13 06:10:37.116 10637 10637 E ArmVmp : Match on catch block at 0xc3 in for 0xa5
02-13 06:10:37.121 10637 10637 E ArmVmp : Match on catch block at 0xc3 in for 0xa9
02-13 06:10:37.133 10637 10637 E ArmVmp : Match on catch block at 0xc3 in for 0xa9
02-13 06:10:37.137 10637 10637 E ArmVmp : Match on catch block at 0xc3 in for 0xa1
02-13 06:10:37.148 10637 10637 E ArmVmp : Match on catch block at 0xc3 in for 0xa1
02-13 06:10:37.153 10637 10637 E ArmVmp : Match on catch block at 0xc3 in for 0xa5
02-13 06:10:37.165 10637 10637 E ArmVmp : Match on catch block at 0xc3 in for 0xa5
02-13 06:10:37.169 10637 10637 E ArmVmp : Match on catch block at 0xc3 in for 0xa9
02-13 06:10:37.181 10637 10637 E ArmVmp : Match on catch block at 0xc3 in for 0xa9
02-13 06:10:37.185 10637 10637 E ArmVmp : Match on catch block at 0xc3 in for 0xa1
02-13 06:10:37.198 10637 10637 E ArmVmp : Match on catch block at 0xc3 in for 0xa1
02-13 06:10:37.202 10637 10637 E ArmVmp : Match on catch block at 0xc3 in for 0xa5
02-13 06:10:37.215 10637 10637 E ArmVmp : Match on catch block at 0xc3 in for 0xa5
02-13 06:10:37.220 10637 10637 E ArmVmp : Match on catch block at 0xc3 in for 0xa9
02-13 06:10:37.232 10637 10637 E ArmVmp : Match on catch block at 0xc3 in for 0xa9
02-13 06:10:37.237 10637 10637 E ArmVmp : Match on catch block at 0xc3 in for 0xa1
02-13 06:10:37.249 10637 10637 E ArmVmp : Match on catch block at 0xc3 in for 0xa1
02-13 06:10:37.253 10637 10637 E ArmVmp : Match on catch block at 0xc3 in for 0xa5
02-13 06:10:37.266 10637 10637 E ArmVmp : Match on catch block at 0xc3 in for 0xa5
02-13 06:10:37.270 10637 10637 E ArmVmp : Match on catch block at 0xc3 in for 0xa9
02-13 06:10:37.283 10637 10637 E ArmVmp : Match on catch block at 0xc3 in for 0xa9
02-13 06:10:37.287 10637 10637 E ArmVmp : Match on catch block at 0xc3 in for 0xa1
02-13 06:10:37.299 10637 10637 E ArmVmp : Match on catch block at 0xc3 in for 0xa1
02-13 06:10:37.303 10637 10637 E ArmVmp : Match on catch block at 0xc3 in for 0xa5
02-13 06:10:37.315 10637 10637 E ArmVmp : Match on catch block at 0xc3 in for 0xa5
02-13 06:10:37.320 10637 10637 E ArmVmp : Match on catch block at 0xc3 in for 0xa9
02-13 06:10:37.332 10637 10637 E ArmVmp : Match on catch block at 0xc3 in for 0xa9
02-13 06:10:37.337 10637 10637 E ArmVmp : Match on catch block at 0xc3 in for 0xa1
02-13 06:10:37.466 10637 10637 E ArmVmp : Match on catch block at 0xc3 in for 0xa1
