02-13 14:13:28.830 6477 6477 E ArmVmp : Match on catch block at 0xc3 in for 0xa9
02-13 14:13:28.841 6477 6477 E ArmVmp : Match on catch block at 0xc3 in for 0xa1
02-13 14:13:28.844 6477 6477 E ArmVmp : Match on catch block at 0xc3 in for 0xa5
02-13 14:13:28.846 6477 6477 E ArmVmp : Match on catch block at 0xc3 in for 0xa5
02-13 14:13:28.869 6477 6477 E ArmVmp : Match on catch block at 0xc3 in for 0xa5
02-13 14:13:28.872 6477 6477 E ArmVmp : Match on catch block at 0xc3 in for 0xa9
02-13 14:13:28.875 6477 6477 E ArmVmp : Match on catch block at 0xc3 in for 0xa9
02-13 14:13:28.880 6477 6477 E ArmVmp : Match on catch block at 0xc3 in for 0xa1
02-13 14:13:28.883 6477 6477 E ArmVmp : Match on catch block at 0xc3 in for 0xa5
02-13 14:13:28.885 6477 6477 E ArmVmp : Match on catch block at 0xc3 in for 0xa5
02-13 14:13:29.392 6477 6477 E ArmVmp : Match on catch block at 0xc3 in for 0xa9
02-13 14:13:29.396 6477 6477 E ArmVmp : Match on catch block at 0xc3 in for 0xa1
02-13 14:13:29.398 6477 6477 E ArmVmp : Match on catch block at 0xc3 in for 0xa1
02-13 14:13:29.892 6477 6477 E ArmVmp : Match on catch block at 0xc3 in for 0xa5
02-13 14:13:29.896 6477 6477 E ArmVmp : Match on catch block at 0xc3 in for 0xa9
02-13 14:13:29.899 6477 6477 E ArmVmp : Match on catch block at 0xc3 in for 0xa9
02-13 14:13:30.392 6477 6477 E ArmVmp : Match on catch block at 0xc3 in for 0xa1
02-13 14:13:30.395 6477 6477 E ArmVmp : Match on catch block at 0xc3 in for 0xa5
02-13 14:13:30.397 6477 6477 E ArmVmp : Match on catch block at 0xc3 in for 0xa5
02-13 14:13:30.459 6477 6477 E ArmVmp : Match on catch block at 0xc3 in for 0xa9
02-13 14:13:30.461 6477 6477 E ArmVmp : Match on catch block at 0xc3 in for 0xa1
02-13 14:13:30.464 6477 6477 E ArmVmp : Match on catch block at 0xc3 in for 0xa1
02-13 14:13:30.475 6477 6477 E ArmVmp : Match on catch block at 0xc3 in for 0xa5
02-13 14:13:30.478 6477 6477 E ArmVmp : Match on catch block at 0xc3 in for 0xa9
02-13 14:13:30.480 6477 6477 E ArmVmp : Match on catch block at 0xc3 in for 0xa9
02-13 14:13:30.492 6477 6477 E ArmVmp : Match on catch block at 0xc3 in for 0xa1
02-13 14:13:30.495 6477 6477 E ArmVmp : Match on catch block at 0xc3 in for 0xa5
02-13 14:13:30.497 6477 6477 E ArmVmp : Match on catch block at 0xc3 in for 0xa5
02-13 14:13:30.508 6477 6477 E ArmVmp : Match on catch block at 0xc3 in for 0xa9
02-13 14:13:30.512 6477 6477 E ArmVmp : Match on catch block at 0xc3 in for 0xa1
02-13 14:13:30.514 6477 6477 E ArmVmp : Match on catch block at 0xc3 in for 0xa1
02-13 14:13:30.525 6477 6477 E ArmVmp : Match on catch block at 0xc3 in for 0xa5
02-13 14:13:30.529 6477 6477 E ArmVmp : Match on catch block at 0xc3 in for 0xa9
02-13 14:13:30.532 6477 6477 E ArmVmp : Match on catch block at 0xc3 in for 0xa9
02-13 14:13:30.542 6477 6477 E ArmVmp : Match on catch block at 0xc3 in for 0xa1
02-13 14:13:30.546 6477 6477 E ArmVmp : Match on catch block at 0xc3 in for 0xa5
02-13 14:13:30.549 6477 6477 E ArmVmp : Match on catch block at 0xc3 in for 0xa5
02-13 14:13:30.560 6477 6477 E ArmVmp : Match on catch block at 0xc3 in for 0xa9
02-13 14:13:30.565 6477 6477 E ArmVmp : Match on catch block at 0xc3 in for 0xa1
02-13 14:13:30.567 6477 6477 E ArmVmp : Match on catch block at 0xc3 in for 0xa1
02-13 14:13:30.575 6477 6477 E ArmVmp : Match on catch block at 0xc3 in for 0xa5
02-13 14:13:30.579 6477 6477 E ArmVmp : Match on catch block at 0xc3 in for 0xa9
02-13 14:13:30.581 6477 6477 E ArmVmp : Match on catch block at 0xc3 in for 0xa9
02-13 14:13:30.592 6477 6477 E ArmVmp : Match on catch block at 0xc3 in for 0xa1
02-13 14:13:30.595 6477 6477 E ArmVmp : Match on catch block at 0xc3 in for 0xa5
02-13 14:13:30.598 6477 6477 E ArmVmp : Match on catch block at 0xc3 in for 0xa5
02-13 14:13:30.608 6477 6477 E ArmVmp : Match on catch block at 0xc3 in for 0xa9
02-13 14:13:30.613 6477 6477 E ArmVmp : Match on catch block at 0xc3 in for 0xa1
02-13 14:13:30.615 6477 6477 E ArmVmp : Match on catch block at 0xc3 in for 0xa1
02-13 14:13:30.625 6477 6477 E ArmVmp : Match on catch block at 0xc3 in for 0xa5
02-13 14:13:30.630 6477 6477 E ArmVmp : Match on catch block at 0xc3 in for 0xa9
02-13 14:13:30.632 6477 6477 E ArmVmp : Match on catch block at 0xc3 in for 0xa9
02-13 14:13:30.641 6477 6477 E ArmVmp : Match on catch block at 0xc3 in for 0xa1
02-13 14:13:30.645 6477 6477 E ArmVmp : Match on catch block at 0xc3 in for 0xa5
02-13 14:13:30.647 6477 6477 E ArmVmp : Match on catch block at 0xc3 in for 0xa5
02-13 14:13:30.658 6477 6477 E ArmVmp : Match on catch block at 0xc3 in for 0xa9
02-13 14:13:30.662 6477 6477 E ArmVmp : Match on catch block at 0xc3 in for 0xa1
02-13 14:13:30.664 6477 6477 E ArmVmp : Match on catch block at 0xc3 in for 0xa1
02-13 14:13:30.674 6477 6477 E ArmVmp : Match on catch block at 0xc3 in for 0xa5
02-13 14:13:30.678 6477 6477 E ArmVmp : Match on catch block at 0xc3 in for 0xa9
02-13 14:13:30.679 6477 6477 E ArmVmp : Match on catch block at 0xc3 in for 0xa9
02-13 14:13:30.691 6477 6477 E ArmVmp : Match on catch block at 0xc3 in for 0xa1
02-13 14:13:30.694 6477 6477 E ArmVmp : Match on catch block at 0xc3 in for 0xa5
02-13 14:13:30.696 6477 6477 E ArmVmp : Match on catch block at 0xc3 in for 0xa5
02-13 14:13:30.708 6477 6477 E ArmVmp : Match on catch block at 0xc3 in for 0xa9
02-13 14:13:30.710 6477 6477 E ArmVmp : Match on catch block at 0xc3 in for 0xa1
02-13 14:13:30.712 6477 6477 E ArmVmp : Match on catch block at 0xc3 in for 0xa1
02-13 14:13:30.725 6477 6477 E ArmVmp : Match on catch block at 0xc3 in for 0xa5
02-13 14:13:30.727 6477 6477 E ArmVmp : Match on catch block at 0xc3 in for 0xa9
02-13 14:13:30.729 6477 6477 E ArmVmp : Match on catch block at 0xc3 in for 0xa9
02-13 14:13:30.774 6477 6477 E ArmVmp : Match on catch block at 0xc3 in for 0xa9
02-13 14:13:30.777 6477 6477 E ArmVmp : Match on catch block at 0xc3 in for 0xa1
02-13 14:13:30.778 6477 6477 E ArmVmp : Match on catch block at 0xc3 in for 0xa1
02-13 14:13:30.790 6477 6477 E ArmVmp : Match on catch block at 0xc3 in for 0xa1
02-13 14:13:30.793 6477 6477 E ArmVmp : Match on catch block at 0xc3 in for 0xa5
02-13 14:13:30.794 6477 6477 E ArmVmp : Match on catch block at 0xc3 in for 0xa5
02-13 14:13:30.797 6477 6477 E ArmVmp : Match on catch block at 0xc3 in for 0xa9
02-13 14:13:30.800 6477 6477 E ArmVmp : Match on catch block at 0xc3 in for 0xa1
02-13 14:13:30.802 6477 6477 E ArmVmp : Match on catch block at 0xc3 in for 0xa1
02-13 14:13:30.808 6477 6477 E ArmVmp : Match on catch block at 0xc3 in for 0xa5
02-13 14:13:30.811 6477 6477 E ArmVmp : Match on catch block at 0xc3 in for 0xa9
02-13 14:13:30.813 6477 6477 E ArmVmp : Match on catch block at 0xc3 in for 0xa9
02-13 14:13:30.825 6477 6477 E ArmVmp : Match on catch block at 0xc3 in for 0xa1
02-13 14:13:30.827 6477 6477 E ArmVmp : Match on catch block at 0xc3 in for 0xa5
02-13 14:13:30.829 6477 6477 E ArmVmp : Match on catch block at 0xc3 in for 0xa5
02-13 14:13:30.841 6477 6477 E ArmVmp : Match on catch block at 0xc3 in for 0xa9
02-13 14:13:30.843 6477 6477 E ArmVmp : Match on catch block at 0xc3 in for 0xa1
02-13 14:13:30.845 6477 6477 E ArmVmp : Match on catch block at 0xc3 in for 0xa1
02-13 14:13:30.858 6477 6477 E ArmVmp : Match on catch block at 0xc3 in for 0xa5
02-13 14:13:30.860 6477 6477 E ArmVmp : Match on catch block at 0xc3 in for 0xa9
02-13 14:13:30.862 6477 6477 E ArmVmp : Match on catch block at 0xc3 in for 0xa9
02-13 14:13:30.877 6477 6477 E ArmVmp : Match on catch block at 0xc3 in for 0xa1
02-13 14:13:30.879 6477 6477 E ArmVmp : Match on catch block at 0xc3 in for 0xa5
02-13 14:13:30.881 6477 6477 E ArmVmp : Match on catch block at 0xc3 in for 0xa5
02-13 14:13:30.891 6477 6477 E ArmVmp : Match on catch block at 0xc3 in for 0xa9
02-13 14:13:30.895 6477 6477 E ArmVmp : Match on catch block at 0xc3 in for 0xa1
02-13 14:13:30.896 6477 6477 E ArmVmp : Match on catch block at 0xc3 in for 0xa1
02-13 14:13:30.908 6477 6477 E ArmVmp : Match on catch block at 0xc3 in for 0xa5
02-13 14:13:30.912 6477 6477 E ArmVmp : Match on catch block at 0xc3 in for 0xa9
02-13 14:13:30.915 6477 6477 E ArmVmp : Match on catch block at 0xc3 in for 0xa9
02-13 14:13:30.925 6477 6477 E ArmVmp : Match on catch block at 0xc3 in for 0xa1
02-13 14:13:30.927 6477 6477 E ArmVmp : Match on catch block at 0xc3 in for 0xa5
02-13 14:13:30.929 6477 6477 E ArmVmp : Match on catch block at 0xc3 in for 0xa5
02-13 14:13:30.941 6477 6477 E ArmVmp : Match on catch block at 0xc3 in for 0xa9
02-13 14:13:30.945 6477 6477 E ArmVmp : Match on catch block at 0xc3 in for 0xa1
02-13 14:13:30.946 6477 6477 E ArmVmp : Match on catch block at 0xc3 in for 0xa1
02-13 14:13:30.958 6477 6477 E ArmVmp : Match on catch block at 0xc3 in for 0xa5
02-13 14:13:30.962 6477 6477 E ArmVmp : Match on catch block at 0xc3 in for 0xa9
02-13 14:13:30.964 6477 6477 E ArmVmp : Match on catch block at 0xc3 in for 0xa9
02-13 14:13:31.008 6477 6477 E ArmVmp : Match on catch block at 0xc3 in for 0xa9
02-13 14:13:31.012 6477 6477 E ArmVmp : Match on catch block at 0xc3 in for 0xa1
02-13 14:13:31.015 6477 6477 E ArmVmp : Match on catch block at 0xc3 in for 0xa1
02-13 14:13:31.192 6477 6477 E ArmVmp : Match on catch block at 0xc3 in for 0xa9
02-13 14:13:31.196 6477 6477 E ArmVmp : Match on catch block at 0xc3 in for 0xa1
02-13 14:13:31.201 6477 6477 E ArmVmp : Match on catch block at 0xc3 in for 0xa1
02-13 14:13:31.692 6477 6477 E ArmVmp : Match on catch block at 0xc3 in for 0xa9
02-13 14:13:31.695 6477 6477 E ArmVmp : Match on catch block at 0xc3 in for 0xa1
02-13 14:13:31.700 6477 6477 E ArmVmp : Match on catch block at 0xc3 in for 0xa1
02-13 14:13:32.024 6477 6477 E ArmVmp : Match on catch block at 0xc3 in for 0xa5
02-13 14:13:32.029 6477 6477 E ArmVmp : Match on catch block at 0xc3 in for 0xa9
02-13 14:13:32.032 6477 6477 E ArmVmp : Match on catch block at 0xc3 in for 0xa9
02-13 14:13:32.038 6477 6477 E ArmVmp : Match on catch block at 0xc3 in for 0xa1
02-13 14:13:32.041 6477 6477 E ArmVmp : Match on catch block at 0xc3 in for 0xa5
02-13 14:13:32.044 6477 6477 E ArmVmp : Match on catch block at 0xc3 in for 0xa5
02-13 14:13:32.526 6477 6477 E ArmVmp : Match on catch block at 0xc3 in for 0xa1
02-13 14:13:32.529 6477 6477 E ArmVmp : Match on catch block at 0xc3 in for 0xa5
02-13 14:13:32.531 6477 6477 E ArmVmp : Match on catch block at 0xc3 in for 0xa5
02-13 14:13:32.643 6477 6477 E ArmVmp : Match on catch block at 0xc3 in for 0xa1
02-13 14:13:32.647 6477 6477 E ArmVmp : Match on catch block at 0xc3 in for 0xa5
02-13 14:13:32.650 6477 6477 E ArmVmp : Match on catch block at 0xc3 in for 0xa5
02-13 14:13:32.828 6477 6477 E ArmVmp : Match on catch block at 0xc3 in for 0xa1
02-13 14:13:32.832 6477 6477 E ArmVmp : Match on catch block at 0xc3 in for 0xa5
02-13 14:13:32.836 6477 6477 E ArmVmp : Match on catch block at 0xc3 in for 0xa5
02-13 14:13:33.127 6477 6477 E ArmVmp : Match on catch block at 0xc3 in for 0xa5
02-13 14:13:33.132 6477 6477 E ArmVmp : Match on catch block at 0xc3 in for 0xa9
02-13 14:13:33.135 6477 6477 E ArmVmp : Match on catch block at 0xc3 in for 0xa9
02-13 14:13:33.177 6477 6477 E ArmVmp : Match on catch block at 0xc3 in for 0xa1
02-13 14:13:33.179 6477 6477 E ArmVmp : Match on catch block at 0xc3 in for 0xa5
02-13 14:13:33.181 6477 6477 E ArmVmp : Match on catch block at 0xc3 in for 0xa5
02-13 14:13:33.198 6477 6477 E ArmVmp : Match on catch block at 0xc3 in for 0xa5
02-13 14:13:33.201 6477 6477 E ArmVmp : Match on catch block at 0xc3 in for 0xa9
02-13 14:13:33.206 6477 6477 E ArmVmp : Match on catch block at 0xc3 in for 0xa5
02-13 14:13:33.210 6477 6477 E ArmVmp : Match on catch block at 0xc3 in for 0xa9
02-13 14:13:33.222 6477 6477 E ArmVmp : Match on catch block at 0xc3 in for 0xa5
02-13 14:13:33.225 6477 6477 E ArmVmp : Match on catch block at 0xc3 in for 0xa9
02-13 14:13:33.265 6477 6477 E ArmVmp : Match on catch block at 0xc3 in for 0xa5
02-13 14:13:33.268 6477 6477 E ArmVmp : Match on catch block at 0xc3 in for 0xa9
02-13 14:13:33.284 6477 6477 E ArmVmp : Match on catch block at 0xc3 in for 0xa5
02-13 14:13:33.286 6477 6477 E ArmVmp : Match on catch block at 0xc3 in for 0xa9
02-13 14:13:33.292 6477 6477 E ArmVmp : Match on catch block at 0xc3 in for 0xa5
02-13 14:13:33.294 6477 6477 E ArmVmp : Match on catch block at 0xc3 in for 0xa9
02-13 14:13:33.309 6477 6477 E ArmVmp : Match on catch block at 0xc3 in for 0xa5
02-13 14:13:33.311 6477 6477 E ArmVmp : Match on catch block at 0xc3 in for 0xa9
02-13 14:13:33.325 6477 6477 E ArmVmp : Match on catch block at 0xc3 in for 0xa5
02-13 14:13:33.328 6477 6477 E ArmVmp : Match on catch block at 0xc3 in for 0xa9
02-13 14:13:33.342 6477 6477 E ArmVmp : Match on catch block at 0xc3 in for 0xa5
02-13 14:13:33.344 6477 6477 E ArmVmp : Match on catch block at 0xc3 in for 0xa9
02-13 14:13:33.359 6477 6477 E ArmVmp : Match on catch block at 0xc3 in for 0xa5
02-13 14:13:33.363 6477 6477 E ArmVmp : Match on catch block at 0xc3 in for 0xa9
02-13 14:13:33.664 6477 6477 E ArmVmp : Match on catch block at 0xc3 in for 0xa5
02-13 14:13:33.666 6477 6477 E ArmVmp : Match on catch block at 0xc3 in for 0xa9
02-13 14:13:33.676 6477 6477 E ArmVmp : Match on catch block at 0xc3 in for 0xa1
02-13 14:13:33.678 6477 6477 E ArmVmp : Match on catch block at 0xc3 in for 0xa5
02-13 14:13:33.683 6477 14020 W MediaPlayer: Use of stream types is deprecated for operations other than volume control
02-13 14:13:33.683 6477 14020 W MediaPlayer: See the documentation of setAudioStreamType() for what to use instead with android.media.AudioAttributes to qualify your playback use case
02-13 14:13:33.784 6477 6514 W MediaPlayerNative: info/warning (10973, 0)
02-13 14:13:33.813 6477 6477 E ArmVmp : Match on catch block at 0xc3 in for 0xa9
02-13 14:13:33.816 6477 6477 E ArmVmp : Match on catch block at 0xc3 in for 0xa1
02-13 14:13:33.829 6477 6477 E ArmVmp : Match on catch block at 0xc3 in for 0xa5
02-13 14:13:33.831 6477 6477 E ArmVmp : Match on catch block at 0xc3 in for 0xa9
02-13 14:13:33.843 6477 6477 E ArmVmp : Match on catch block at 0xc3 in for 0xa5
02-13 14:13:33.846 6477 6477 E ArmVmp : Match on catch block at 0xc3 in for 0xa9
02-13 14:13:33.860 6477 6477 E ArmVmp : Match on catch block at 0xc3 in for 0xa5
02-13 14:13:33.862 6477 6477 E ArmVmp : Match on catch block at 0xc3 in for 0xa9
02-13 14:13:33.877 6477 6477 E ArmVmp : Match on catch block at 0xc3 in for 0xa5
02-13 14:13:33.881 6477 6477 E ArmVmp : Match on catch block at 0xc3 in for 0xa9
02-13 14:13:33.892 6477 6477 E ArmVmp : Match on catch block at 0xc3 in for 0xa5
02-13 14:13:33.896 6477 6477 E ArmVmp : Match on catch block at 0xc3 in for 0xa9
02-13 14:13:33.909 6477 6477 E ArmVmp : Match on catch block at 0xc3 in for 0xa5
02-13 14:13:33.913 6477 6477 E ArmVmp : Match on catch block at 0xc3 in for 0xa9
02-13 14:13:33.929 6477 6477 E ArmVmp : Match on catch block at 0xc3 in for 0xa5
02-13 14:13:33.932 6477 6477 E ArmVmp : Match on catch block at 0xc3 in for 0xa9
02-13 14:13:33.942 6477 6477 E ArmVmp : Match on catch block at 0xc3 in for 0xa5
02-13 14:13:33.947 6477 6477 E ArmVmp : Match on catch block at 0xc3 in for 0xa9
02-13 14:13:33.959 6477 6477 E ArmVmp : Match on catch block at 0xc3 in for 0xa5
02-13 14:13:33.962 6477 6477 E ArmVmp : Match on catch block at 0xc3 in for 0xa9
02-13 14:13:33.976 6477 6477 E ArmVmp : Match on catch block at 0xc3 in for 0xa9
02-13 14:13:33.979 6477 6477 E ArmVmp : Match on catch block at 0xc3 in for 0xa1
02-13 14:13:33.993 6477 6477 E ArmVmp : Match on catch block at 0xc3 in for 0xa9
02-13 14:13:33.996 6477 6477 E ArmVmp : Match on catch block at 0xc3 in for 0xa1
02-13 14:13:34.010 6477 6477 E ArmVmp : Match on catch block at 0xc3 in for 0xa9
02-13 14:13:34.012 6477 6477 E ArmVmp : Match on catch block at 0xc3 in for 0xa1
02-13 14:13:34.177 6477 6477 E ArmVmp : Match on catch block at 0xc3 in for 0xa1
02-13 14:13:34.181 6477 6477 E ArmVmp : Match on catch block at 0xc3 in for 0xa5
02-13 14:13:34.229 6477 6477 E ArmVmp : Match on catch block at 0xc3 in for 0xa5
02-13 14:13:34.233 6477 6477 E ArmVmp : Match on catch block at 0xc3 in for 0xa9
02-13 14:13:34.429 6477 6477 E ArmVmp : Match on catch block at 0xc3 in for 0xa9
02-13 14:13:34.433 6477 6477 E ArmVmp : Match on catch block at 0xc3 in for 0xa1
02-13 14:13:34.677 6477 6477 E ArmVmp : Match on catch block at 0xc3 in for 0xa5
02-13 14:13:34.680 6477 6477 E ArmVmp : Match on catch block at 0xc3 in for 0xa9
02-13 14:13:34.845 6477 6477 E ArmVmp : Match on catch block at 0xc3 in for 0xa9
02-13 14:13:34.848 6477 6477 E ArmVmp : Match on catch block at 0xc3 in for 0xa1
02-13 14:13:35.061 6477 6477 E ArmVmp : Match on catch block at 0xc3 in for 0xa5
02-13 14:13:35.065 6477 6477 E ArmVmp : Match on catch block at 0xc3 in for 0xa9
02-13 14:13:35.263 6477 6477 E ArmVmp : Match on catch block at 0xc3 in for 0xa9
02-13 14:13:35.267 6477 6477 E ArmVmp : Match on catch block at 0xc3 in for 0xa1
02-13 14:13:35.277 6477 6477 E ArmVmp : Match on catch block at 0xc3 in for 0xa9
02-13 14:13:35.281 6477 6477 E ArmVmp : Match on catch block at 0xc3 in for 0xa1
02-13 14:13:35.294 6477 6477 E ArmVmp : Match on catch block at 0xc3 in for 0xa9
02-13 14:13:35.297 6477 6477 E ArmVmp : Match on catch block at 0xc3 in for 0xa1
02-13 14:13:35.312 6477 6477 E ArmVmp : Match on catch block at 0xc3 in for 0xa9
02-13 14:13:35.316 6477 6477 E ArmVmp : Match on catch block at 0xc3 in for 0xa1
02-13 14:13:35.328 6477 6477 E ArmVmp : Match on catch block at 0xc3 in for 0xa9
02-13 14:13:35.332 6477 6477 E ArmVmp : Match on catch block at 0xc3 in for 0xa1
02-13 14:13:35.344 6477 6477 E ArmVmp : Match on catch block at 0xc3 in for 0xa9
02-13 14:13:35.348 6477 6477 E ArmVmp : Match on catch block at 0xc3 in for 0xa1
02-13 14:13:35.360 6477 6477 E ArmVmp : Match on catch block at 0xc3 in for 0xa9
02-13 14:13:35.365 6477 6477 E ArmVmp : Match on catch block at 0xc3 in for 0xa1
02-13 14:13:35.377 6477 6477 E ArmVmp : Match on catch block at 0xc3 in for 0xa9
02-13 14:13:35.381 6477 6477 E ArmVmp : Match on catch block at 0xc3 in for 0xa1
02-13 14:13:35.394 6477 6477 E ArmVmp : Match on catch block at 0xc3 in for 0xa9
02-13 14:13:35.398 6477 6477 E ArmVmp : Match on catch block at 0xc3 in for 0xa1
02-13 14:13:35.411 6477 6477 E ArmVmp : Match on catch block at 0xc3 in for 0xa9
02-13 14:13:35.415 6477 6477 E ArmVmp : Match on catch block at 0xc3 in for 0xa1
02-13 14:13:35.427 6477 6477 E ArmVmp : Match on catch block at 0xc3 in for 0xa1
02-13 14:13:35.432 6477 6477 E ArmVmp : Match on catch block at 0xc3 in for 0xa5
02-13 14:13:35.444 6477 6477 E ArmVmp : Match on catch block at 0xc3 in for 0xa1
02-13 14:13:35.448 6477 6477 E ArmVmp : Match on catch block at 0xc3 in for 0xa5
02-13 14:13:35.460 6477 6477 E ArmVmp : Match on catch block at 0xc3 in for 0xa1
02-13 14:13:35.464 6477 6477 E ArmVmp : Match on catch block at 0xc3 in for 0xa5
02-13 14:13:35.478 6477 6477 E ArmVmp : Match on catch block at 0xc3 in for 0xa1
02-13 14:13:35.481 6477 6477 E ArmVmp : Match on catch block at 0xc3 in for 0xa5
02-13 14:13:35.494 6477 6477 E ArmVmp : Match on catch block at 0xc3 in for 0xa1
02-13 14:13:35.497 6477 6477 E ArmVmp : Match on catch block at 0xc3 in for 0xa5
02-13 14:13:35.510 6477 6477 E ArmVmp : Match on catch block at 0xc3 in for 0xa1
02-13 14:13:35.514 6477 6477 E ArmVmp : Match on catch block at 0xc3 in for 0xa5
02-13 14:13:35.527 6477 6477 E ArmVmp : Match on catch block at 0xc3 in for 0xa1
02-13 14:13:35.530 6477 6477 E ArmVmp : Match on catch block at 0xc3 in for 0xa5
02-13 14:13:35.647 6477 6477 E ArmVmp : Match on catch block at 0xc3 in for 0xa9
02-13 14:13:35.650 6477 6477 E ArmVmp : Match on catch block at 0xc3 in for 0xa1
02-13 14:13:35.913 6477 6477 E ArmVmp : Match on catch block at 0xc3 in for 0xa5
02-13 14:13:35.917 6477 6477 E ArmVmp : Match on catch block at 0xc3 in for 0xa9
02-13 14:13:36.095 6477 6477 E ArmVmp : Match on catch block at 0xc3 in for 0xa9
02-13 14:13:36.100 6477 6477 E ArmVmp : Match on catch block at 0xc3 in for 0xa1
02-13 14:13:36.478 6477 6477 E ArmVmp : Match on catch block at 0xc3 in for 0xa5
02-13 14:13:36.482 6477 6477 E ArmVmp : Match on catch block at 0xc3 in for 0xa9
02-13 14:13:36.585 6477 6477 E ArmVmp : Match on catch block at 0xc3 in for 0xa1
02-13 14:13:36.589 6477 6477 E ArmVmp : Match on catch block at 0xc3 in for 0xa5
02-13 14:13:36.608 6477 6477 E ArmVmp : Match on catch block at 0xc3 in for 0xa5
02-13 14:13:36.612 6477 6477 E ArmVmp : Match on catch block at 0xc3 in for 0xa9
02-13 14:13:36.618 6477 6477 E ArmVmp : Match on catch block at 0xc3 in for 0xa1
02-13 14:13:36.621 6477 6477 E ArmVmp : Match on catch block at 0xc3 in for 0xa5
02-13 14:13:36.778 6477 6477 E ArmVmp : Match on catch block at 0xc3 in for 0xa5
02-13 14:13:36.783 6477 6477 E ArmVmp : Match on catch block at 0xc3 in for 0xa9
02-13 14:13:36.809 6477 6477 E ArmVmp : Match on catch block at 0xc3 in for 0xa1
02-13 14:13:36.813 6477 6477 E ArmVmp : Match on catch block at 0xc3 in for 0xa5
02-13 14:13:36.831 6477 6477 E ArmVmp : Match on catch block at 0xc3 in for 0xa5
02-13 14:13:36.834 6477 6477 E ArmVmp : Match on catch block at 0xc3 in for 0xa9
02-13 14:13:36.839 6477 6477 E ArmVmp : Match on catch block at 0xc3 in for 0xa5
02-13 14:13:36.842 6477 6477 E ArmVmp : Match on catch block at 0xc3 in for 0xa9
02-13 14:13:36.881 6477 6477 E ArmVmp : Match on catch block at 0xc3 in for 0xa9
02-13 14:13:36.884 6477 6477 E ArmVmp : Match on catch block at 0xc3 in for 0xa1
02-13 14:13:36.898 6477 6477 E ArmVmp : Match on catch block at 0xc3 in for 0xa9
02-13 14:13:36.901 6477 6477 E ArmVmp : Match on catch block at 0xc3 in for 0xa1
02-13 14:13:36.905 6477 6477 E ArmVmp : Match on catch block at 0xc3 in for 0xa9
02-13 14:13:36.907 6477 6477 E ArmVmp : Match on catch block at 0xc3 in for 0xa1
02-13 14:13:36.911 6477 6477 E ArmVmp : Match on catch block at 0xc3 in for 0xa9
02-13 14:13:36.917 6477 6477 E ArmVmp : Match on catch block at 0xc3 in for 0xa1
02-13 14:13:36.928 6477 6477 E ArmVmp : Match on catch block at 0xc3 in for 0xa9
02-13 14:13:36.933 6477 6477 E ArmVmp : Match on catch block at 0xc3 in for 0xa1
02-13 14:13:36.943 6477 6477 E ArmVmp : Match on catch block at 0xc3 in for 0xa9
02-13 14:13:36.946 6477 6477 E ArmVmp : Match on catch block at 0xc3 in for 0xa1
02-13 14:13:36.960 6477 6477 E ArmVmp : Match on catch block at 0xc3 in for 0xa9
02-13 14:13:36.963 6477 6477 E ArmVmp : Match on catch block at 0xc3 in for 0xa1
02-13 14:13:36.977 6477 6477 E ArmVmp : Match on catch block at 0xc3 in for 0xa9
02-13 14:13:36.980 6477 6477 E ArmVmp : Match on catch block at 0xc3 in for 0xa1
02-13 14:13:36.994 6477 6477 E ArmVmp : Match on catch block at 0xc3 in for 0xa9
02-13 14:13:36.996 6477 6477 E ArmVmp : Match on catch block at 0xc3 in for 0xa1
02-13 14:13:37.298 6477 6477 E ArmVmp : Match on catch block at 0xc3 in for 0xa9
02-13 14:13:37.303 6477 6477 E ArmVmp : Match on catch block at 0xc3 in for 0xa1
02-13 14:13:37.311 6477 6477 E ArmVmp : Match on catch block at 0xc3 in for 0xa5
02-13 14:13:37.312 6477 14020 W MediaPlayer: Use of stream types is deprecated for operations other than volume control
02-13 14:13:37.313 6477 14020 W MediaPlayer: See the documentation of setAudioStreamType() for what to use instead with android.media.AudioAttributes to qualify your playback use case
02-13 14:13:37.314 6477 6477 E ArmVmp : Match on catch block at 0xc3 in for 0xa9
02-13 14:13:37.331 6477 8464 W MediaPlayerNative: info/warning (10973, 0)
02-13 14:13:37.530 6477 6477 E ArmVmp : Match on catch block at 0xc3 in for 0xa5
02-13 14:13:37.534 6477 6477 E ArmVmp : Match on catch block at 0xc3 in for 0xa9
02-13 14:13:37.868 6477 6477 E ArmVmp : Match on catch block at 0xc3 in for 0xa5
02-13 14:13:37.872 6477 6477 E ArmVmp : Match on catch block at 0xc3 in for 0xa9
02-13 14:13:37.883 6477 6477 E ArmVmp : Match on catch block at 0xc3 in for 0xa1
02-13 14:13:37.886 6477 6477 E ArmVmp : Match on catch block at 0xc3 in for 0xa5
02-13 14:13:37.894 6477 6477 E ArmVmp : Match on catch block at 0xc3 in for 0xa9
02-13 14:13:37.897 6477 6477 E ArmVmp : Match on catch block at 0xc3 in for 0xa1
02-13 14:13:39.478 6477 6477 E ArmVmp : Match on catch block at 0xc3 in for 0xa9
02-13 14:13:39.481 6477 6477 E ArmVmp : Match on catch block at 0xc3 in for 0xa1
02-13 14:13:39.494 6477 6477 E ArmVmp : Match on catch block at 0xc3 in for 0xa9
02-13 14:13:39.498 6477 6477 E ArmVmp : Match on catch block at 0xc3 in for 0xa1
02-13 14:13:39.511 6477 6477 E ArmVmp : Match on catch block at 0xc3 in for 0xa9
02-13 14:13:39.514 6477 6477 E ArmVmp : Match on catch block at 0xc3 in for 0xa1
02-13 14:13:39.529 6477 6477 E ArmVmp : Match on catch block at 0xc3 in for 0xa9
02-13 14:13:39.532 6477 6477 E ArmVmp : Match on catch block at 0xc3 in for 0xa1
02-13 14:13:39.545 6477 6477 E ArmVmp : Match on catch block at 0xc3 in for 0xa9
02-13 14:13:39.548 6477 6477 E ArmVmp : Match on catch block at 0xc3 in for 0xa1
02-13 14:13:39.562 6477 6477 E ArmVmp : Match on catch block at 0xc3 in for 0xa9
02-13 14:13:39.567 6477 6477 E ArmVmp : Match on catch block at 0xc3 in for 0xa1
02-13 14:13:39.579 6477 6477 E ArmVmp : Match on catch block at 0xc3 in for 0xa9
02-13 14:13:39.583 6477 6477 E ArmVmp : Match on catch block at 0xc3 in for 0xa1
02-13 14:13:39.596 6477 6477 E ArmVmp : Match on catch block at 0xc3 in for 0xa9
02-13 14:13:39.600 6477 6477 E ArmVmp : Match on catch block at 0xc3 in for 0xa1
02-13 14:13:39.612 6477 6477 E ArmVmp : Match on catch block at 0xc3 in for 0xa9
02-13 14:13:39.617 6477 6477 E ArmVmp : Match on catch block at 0xc3 in for 0xa1
02-13 14:13:39.629 6477 6477 E ArmVmp : Match on catch block at 0xc3 in for 0xa9
02-13 14:13:39.634 6477 6477 E ArmVmp : Match on catch block at 0xc3 in for 0xa1
02-13 14:13:39.645 6477 6477 E ArmVmp : Match on catch block at 0xc3 in for 0xa9
02-13 14:13:39.650 6477 6477 E ArmVmp : Match on catch block at 0xc3 in for 0xa1
02-13 14:13:39.662 6477 6477 E ArmVmp : Match on catch block at 0xc3 in for 0xa9
02-13 14:13:39.666 6477 6477 E ArmVmp : Match on catch block at 0xc3 in for 0xa1
02-13 14:13:39.679 6477 6477 E ArmVmp : Match on catch block at 0xc3 in for 0xa9
02-13 14:13:39.683 6477 6477 E ArmVmp : Match on catch block at 0xc3 in for 0xa1
02-13 14:13:39.696 6477 6477 E ArmVmp : Match on catch block at 0xc3 in for 0xa9
02-13 14:13:39.700 6477 6477 E ArmVmp : Match on catch block at 0xc3 in for 0xa1
02-13 14:13:39.712 6477 6477 E ArmVmp : Match on catch block at 0xc3 in for 0xa9
02-13 14:13:39.718 6477 6477 E ArmVmp : Match on catch block at 0xc3 in for 0xa1
02-13 14:13:39.729 6477 6477 E ArmVmp : Match on catch block at 0xc3 in for 0xa9
02-13 14:13:39.733 6477 6477 E ArmVmp : Match on catch block at 0xc3 in for 0xa1
02-13 14:13:39.745 6477 6477 E ArmVmp : Match on catch block at 0xc3 in for 0xa9
02-13 14:13:39.749 6477 6477 E ArmVmp : Match on catch block at 0xc3 in for 0xa1
02-13 14:13:40.387 6477 6477 E ArmVmp : Match on catch block at 0xc3 in for 0xa1
02-13 14:13:40.390 6477 6477 E ArmVmp : Match on catch block at 0xc3 in for 0xa5
02-13 14:13:40.713 6477 6477 E ArmVmp : Match on catch block at 0xc3 in for 0xa9
02-13 14:13:40.715 6477 6477 E ArmVmp : Match on catch block at 0xc3 in for 0xa1
02-13 14:13:40.723 6477 6477 E ArmVmp : Match on catch block at 0xc3 in for 0xa9
02-13 14:13:40.725 6477 6477 E ArmVmp : Match on catch block at 0xc3 in for 0xa1
02-13 14:13:40.812 6477 6477 E ArmVmp : Match on catch block at 0xc3 in for 0xa5
02-13 14:13:40.815 6477 6477 E ArmVmp : Match on catch block at 0xc3 in for 0xa9
02-13 14:13:40.922 6477 6477 E ArmVmp : Match on catch block at 0xc3 in for 0xa5
02-13 14:13:40.930 6477 6477 E ArmVmp : Match on catch block at 0xc3 in for 0xa9
02-13 14:13:40.982 6477 6477 W com.mbwhatsapp: Class com.mbwhatsapp.HomeActivity failed lock verification and will run slower.
02-13 14:13:41.205 6477 6477 E ArmVmp : Match on catch block at 0x0a in for 0xc5
02-13 14:13:41.226 6477 6477 E ArmVmp : Match on catch block at 0x0a in for 0x135
02-13 14:13:41.363 6477 14567 W com.mbwhatsapp: Accessing hidden method Lcom/android/org/conscrypt/ConscryptEngineSocket;->setUseSessionTickets(Z)V (greylist-max-q,test-api, reflection, denied)
02-13 14:13:41.363 6477 14567 W com.mbwhatsapp: Accessing hidden method Lcom/android/org/conscrypt/OpenSSLSocketImpl;->setUseSessionTickets(Z)V (greylist- max-q,test-api, reflection, denied)
02-13 14:13:41.363 6477 14567 W com.mbwhatsapp: Accessing hidden method Lcom/android/org/conscrypt/AbstractConscryptSocket;->setUseSessionTickets(Z)V (greylist-max-q, reflection, denied)
02-13 14:13:41.363 6477 14567 W com.mbwhatsapp: Accessing hidden method Lcom/android/org/conscrypt/ConscryptEngineSocket;->setHostname(Ljava/lang/String;)V (greylist-max-q,test-api, reflection, denied)
02-13 14:13:41.363 6477 14567 W com.mbwhatsapp: Accessing hidden method Lcom/android/org/conscrypt/OpenSSLSocketImpl;->setHostname(Ljava/lang/String;)V (greylist-max-q,test-api, reflection, denied)
02-13 14:13:41.363 6477 14567 W com.mbwhatsapp: Accessing hidden method Lcom/android/org/conscrypt/AbstractConscryptSocket;->setHostname(Ljava/lang/ String;)V (greylist-max-q, reflection, denied)
02-13 14:13:41.363 6477 14567 W com.mbwhatsapp: Accessing hidden method Lcom/android/org/conscrypt/OpenSSLSocketImpl;->setAlpnProtocols([B)V (greylist-max- q,test-api, reflection, denied)
02-13 14:13:41.363 6477 14567 W com.mbwhatsapp: Accessing hidden method Lcom/android/org/conscrypt/AbstractConscryptSocket;->setAlpnProtocols([B)V (greylist-max-q, reflection, denied)
02-13 14:13:41.368 6477 6477 E ArmVmp : Match on catch block at 0xc3 in for 0xa1
02-13 14:13:41.370 6477 6477 E ArmVmp : Match on catch block at 0xc3 in for 0xa5
02-13 14:13:41.470 6477 14576 W LOTTIE : Animation contains merge paths. Merge paths are only supported on KitKat+ and must be manually enabled by calling enableMergePathsForKitKatAndAbove().
02-13 14:13:41.555 6477 14567 W com.mbwhatsapp: Accessing hidden method Lcom/android/org/conscrypt/OpenSSLSocketImpl;->getAlpnSelectedProtocol()[B (greylist-max-q,test-api, reflection, denied)
02-13 14:13:41.555 6477 14567 W com.mbwhatsapp: Accessing hidden method Lcom/android/org/conscrypt/AbstractConscryptSocket;->getAlpnSelectedProtocol()[B (greylist-max-q, reflection, denied)
02-13 14:13:41.839 6477 6477 W SQLiteLog: (28) double-quoted string literal: ""
02-13 14:13:42.184 6477 6477 E RecyclerView: No adapter attached; skipping layout
02-13 14:13:42.294 6477 6477 E RecyclerView: No adapter attached; skipping layout
02-13 14:13:42.318 6477 6477 W LOTTIE : Animation contains merge paths but they are disabled.
02-13 14:13:42.476 6477 6477 E ArmVmp : Match on catch block at 0x0a in for 0xd9
02-13 14:14:20.535 6477 6477 W BottomSheetBehavior: BottomSheetBehavior now supports multiple callbacks. `setBottomSheetCallback()` removes all existing callbacks, including ones set internally by library authors, which may result in unintended behavior. This may change in the future. Please use `addBottomSheetCallback()` and `removeBottomSheetCallback()` instead to set your own callbacks.
02-13 14:14:20.535 6477 6477 W BottomSheetBehavior: BottomSheetBehavior now supports multiple callbacks. `setBottomSheetCallback()` removes all existing callbacks, including ones set internally by library authors, which may result in unintended behavior. This may change in the future. Please use `addBottomSheetCallback()` and `removeBottomSheetCallback()` instead to set your own callbacks.
02-13 14:14:20.617 6477 6477 W BottomSheetBehavior: BottomSheetBehavior now supports multiple callbacks. `setBottomSheetCallback()` removes all existing callbacks, including ones set internally by library authors, which may result in unintended behavior. This may change in the future. Please use `addBottomSheetCallback()` and `removeBottomSheetCallback()` instead to set your own callbacks.
02-13 14:14:20.617 6477 6477 W BottomSheetBehavior: BottomSheetBehavior now supports multiple callbacks. `setBottomSheetCallback()` removes all existing callbacks, including ones set internally by library authors, which may result in unintended behavior. This may change in the future. Please use `addBottomSheetCallback()` and `removeBottomSheetCallback()` instead to set your own callbacks.
02-13 14:14:20.632 6477 6477 W BottomSheetBehavior: BottomSheetBehavior now supports multiple callbacks. `setBottomSheetCallback()` removes all existing callbacks, including ones set internally by library authors, which may result in unintended behavior. This may change in the future. Please use `addBottomSheetCallback()` and `removeBottomSheetCallback()` instead to set your own callbacks.
02-13 14:14:20.632 6477 6477 W BottomSheetBehavior: BottomSheetBehavior now supports multiple callbacks. `setBottomSheetCallback()` removes all existing callbacks, including ones set internally by library authors, which may result in unintended behavior. This may change in the future. Please use `addBottomSheetCallback()` and `removeBottomSheetCallback()` instead to set your own callbacks.
02-13 14:14:20.648 6477 6477 E RecyclerView: No adapter attached; skipping layout
02-13 14:14:20.649 6477 6477 E RecyclerView: No adapter attached; skipping layout
02-13 14:14:20.970 6477 14722 W AudioCapabilities: Unsupported mime audio/x-ima
02-13 14:14:20.970 6477 14722 W AudioCapabilities: Unsupported mime audio/mpeg-L1
02-13 14:14:20.971 6477 14722 W AudioCapabilities: Unsupported mime audio/mpeg-L2
02-13 14:14:20.971 6477 14722 W VideoCapabilities: Unsupported mime video/wvc1
02-13 14:14:20.971 6477 14722 W VideoCapabilities: Unsupported mime video/x-ms-wmv
02-13 14:14:20.972 6477 14722 W AudioCapabilities: Unsupported mime audio/x-ima
02-13 14:14:20.973 6477 14722 W AudioCapabilities: Unsupported mime audio/mpeg-L1
02-13 14:14:20.973 6477 14722 W AudioCapabilities: Unsupported mime audio/mpeg-L2
02-13 14:14:20.973 6477 14722 W VideoCapabilities: Unsupported mime video/wvc1
02-13 14:14:20.974 6477 14722 W AudioCapabilities: Unsupported mime audio/mpeg-L1
02-13 14:14:20.974 6477 14722 W AudioCapabilities: Unsupported mime audio/mpeg-L2
02-13 14:14:20.983 6477 14722 W VideoCapabilities: Unrecognized profile/level 32768/2 for video/mp4v-es
02-13 14:14:20.984 6477 14722 W VideoCapabilities: Unrecognized profile/level 32768/64 for video/mp4v-es
02-13 14:14:20.985 6477 14722 W VideoCapabilities: Unrecognized profile/level 1/32 for video/mp4v-es
02-13 14:14:20.985 6477 14722 W VideoCapabilities: Unrecognized profile/level 32768/2 for video/mp4v-es
02-13 14:14:20.985 6477 14722 W VideoCapabilities: Unrecognized profile/level 32768/64 for video/mp4v-es
02-13 14:14:21.082 6477 14727 E ACodec : [OMX.sprd.h264.decoder] setPortMode on output to DynamicANWBuffer failed w/ err -2147483648
02-13 14:14:21.088 6477 14726 E MediaStatisticsData: not supported vendor: sprd
02-13 14:14:21.198 6477 14734 W Codec2Client: query -- param skipped: index = 1107298332.
02-13 14:14:21.198 6477 14734 W CCodec : This behavior is subject to change. It is recommended that app developers double check whether the requested max input size is in reasonable range.
02-13 14:14:21.200 6477 14734 W Codec2Client: query -- param skipped: index = 1342179345.
02-13 14:14:21.200 6477 14734 W Codec2Client: query -- param skipped: index = 2415921170.
02-13 14:14:21.200 6477 14734 W Codec2Client: query -- param skipped: index = 1610614798.
02-13 14:14:21.203 6477 14734 E FMQ : grantorIdx must be less than 3
02-13 14:14:21.203 6477 14734 E FMQ : grantorIdx must be less than 3
02-13 14:14:21.205 6477 14734 E ion : ioctl c0044901 failed with code -1: Inappropriate ioctl for device
02-13 14:14:21.206 6477 14734 E FMQ : grantorIdx must be less than 3
02-13 14:14:21.213 6477 14728 E FMQ : grantorIdx must be less than 3
02-13 14:14:22.351 6477 6525 E SQLiteDatabase: Error inserting transferred=1 media_job_uuid=3a422d0b-e1d6-4546-a213-27bc51232bad transcoded=0 gif_attribution=0 first_scan_length=0 direct_path=/v/t62.7161- 24/34910608_201768129690669_4330051195208134081_n.enc?ccb=11- 4&oh=01_AdQpWptw4BTXvDXfHkWGAWOMakAT7JqMHBRQbeT9_glIMQ&oe=65F27896&_nc_sid=5e03e0 thumbnail_height_width_ratio=1.3333334 is_animated_sticker=0 file_hash=Nf82FQiOttjk6HxBCpsZ8ysnbvMpiLEigLmHOcIrGwI= file_path=Media/.Statuses/b2e0286159a3464ab199a5b67a579d74.mp4 file_size=666932 partial_media_hash=null face_x=0 face_y=0 height=960 trim_to=0 media_key_timestamp=1707801573000 message_url=https://mmg.whatsapp.net/v/t62.7161- 24/34910608_201768129690669_4330051195208134081_n.enc?ccb=11- 4&oh=01_AdQpWptw4BTXvDXfHkWGAWOMakAT7JqMHBRQbeT9_glIMQ&oe=65F27896&_nc_sid=5e03e0&m ms3=true media_caption=null trim_from=0 mime_type=video/mp4 partial_media_enc_hash=null width=720 original_file_hash=null has_streaming_sidecar=1 autotransfer_retry_enabled=1 media_upload_handle=null message_row_id=30936 multicast_id=null enc_file_hash=KHadmiK/wkVooeXIrHLU854TX/7RFjTPOMGDS5fhJDk= mute_video=0 page_count=0 first_scan_sidecar=null suspicious_content=0 file_length=666932 media_name=null media_duration=22 chat_row_id=59 media_key=[B@282b375
02-13 14:14:22.351 6477 6525 E SQLiteDatabase: android.database.sqlite.SQLiteConstraintException: UNIQUE constraint failed: message_media.message_row_id (code 1555 SQLITE_CONSTRAINT_PRIMARYKEY[1555])
02-13 14:14:22.351 6477 6525 E SQLiteDatabase: at android.database.sqlite.SQLiteConnection.nativeExecuteForLastInsertedRowId(Native Method)
02-13 14:14:22.351 6477 6525 E SQLiteDatabase: at android.database.sqlite.SQLiteConnection.executeForLastInsertedRowId(SQLiteConnecti on.java:1217)
02-13 14:14:22.351 6477 6525 E SQLiteDatabase: at android.database.sqlite.SQLiteSession.executeForLastInsertedRowId(SQLiteSession.jav a:790)
02-13 14:14:22.351 6477 6525 E SQLiteDatabase: at android.database.sqlite.SQLiteStatement.executeInsert(SQLiteStatement.java:88)
02-13 14:14:22.351 6477 6525 E SQLiteDatabase: at android.database.sqlite.SQLiteDatabase.insertWithOnConflict(SQLiteDatabase.java:221 9)
02-13 14:14:22.351 6477 6525 E SQLiteDatabase: at android.database.sqlite.SQLiteDatabase.insert(SQLiteDatabase.java:2088)
02-13 14:14:22.351 6477 6525 E SQLiteDatabase: at X.2tm.A08(Unknown Source:6)
02-13 14:14:22.351 6477 6525 E SQLiteDatabase: at X.35Y.A07(Unknown Source:212)
02-13 14:14:22.351 6477 6525 E SQLiteDatabase: at X.3QF.A14(Unknown Source:470)
02-13 14:14:22.351 6477 6525 E SQLiteDatabase: at X.3gU.run(Unknown Source:982)
02-13 14:14:22.351 6477 6525 E SQLiteDatabase: at android.os.Handler.handleCallback(Handler.java:938)
02-13 14:14:22.351 6477 6525 E SQLiteDatabase: at android.os.Handler.dispatchMessage(Handler.java:99)
02-13 14:14:22.351 6477 6525 E SQLiteDatabase: at X.0zq.dispatchMessage(Unknown Source:4)
02-13 14:14:22.351 6477 6525 E SQLiteDatabase: at android.os.Looper.loop(Looper.java:247)
02-13 14:14:22.351 6477 6525 E SQLiteDatabase: at android.os.HandlerThread.run(HandlerThread.java:67)
02-13 14:14:22.778 6477 6491 W System : A resource failed to call release.
02-13 14:14:22.779 6477 6491 W System : A resource failed to call release.
02-13 14:14:22.779 6477 6491 W System : A resource failed to call release.
02-13 14:14:32.778 6477 14734 W Codec2Client: query -- param skipped: index = 1342179345.
02-13 14:14:32.779 6477 14734 W Codec2Client: query -- param skipped: index = 2415921170.
02-13 14:14:32.779 6477 14734 W Codec2Client: query -- param skipped: index = 1610614798.
02-13 14:14:32.787 6477 6477 W BottomSheetBehavior: BottomSheetBehavior now supports multiple callbacks. `setBottomSheetCallback()` removes all existing callbacks, including ones set internally by library authors, which may result in unintended behavior. This may change in the future. Please use `addBottomSheetCallback()` and `removeBottomSheetCallback()` instead to set your own callbacks.
02-13 14:14:32.787 6477 6477 W BottomSheetBehavior: BottomSheetBehavior now supports multiple callbacks. `setBottomSheetCallback()` removes all existing callbacks, including ones set internally by library authors, which may result in unintended behavior. This may change in the future. Please use `addBottomSheetCallback()` and `removeBottomSheetCallback()` instead to set your own callbacks.
02-13 14:14:32.804 6477 6477 W BottomSheetBehavior: BottomSheetBehavior now supports multiple callbacks. `setBottomSheetCallback()` removes all existing callbacks, including ones set internally by library authors, which may result in unintended behavior. This may change in the future. Please use `addBottomSheetCallback()` and `removeBottomSheetCallback()` instead to set your own callbacks.
02-13 14:14:32.804 6477 6477 W BottomSheetBehavior: BottomSheetBehavior now supports multiple callbacks. `setBottomSheetCallback()` removes all existing callbacks, including ones set internally by library authors, which may result in unintended behavior. This may change in the future. Please use `addBottomSheetCallback()` and `removeBottomSheetCallback()` instead to set your own callbacks.
02-13 14:14:32.812 6477 6477 E RecyclerView: No adapter attached; skipping layout
02-13 14:14:33.549 6477 14749 E ACodec : [OMX.sprd.h264.decoder] setPortMode on output to DynamicANWBuffer failed w/ err -2147483648
02-13 14:14:33.555 6477 14748 E MediaStatisticsData: not supported vendor: sprd
02-13 14:14:41.199 6477 6477 E ViewRootImpl: sendUserActionEvent() mView returned.
02-13 14:14:41.260 6477 6477 E ViewRootImpl: sendUserActionEvent() mView returned.
02-13 14:14:41.748 6477 6525 E SQLiteDatabase: Error inserting transferred=0 media_job_uuid=0d29fd28-2464-4bd5-83ab-9a0dabb0765e transcoded=0 gif_attribution=0 first_scan_length=0 direct_path=/v/t62.7161- 24/55664185_2500325840142031_8917083521236380711_n.enc?ccb=11- 4&oh=01_AdQvHz2ECh65LVOrk5wQaL3D5cpLV18Tj7r5UglYxFzHug&oe=65F26EE4&_nc_sid=5e03e0 thumbnail_height_width_ratio=0.44791666 is_animated_sticker=0 file_hash=BLSM7NXj7D/KIbk7DMVNMSthI/MAnJzYQiu5S1isKII= file_path=null file_size=0 partial_media_hash=null face_x=0 face_y=0 height=288 trim_to=0 media_key_timestamp=1707796711000 message_url=https://mmg.whatsapp.net/v/t62.7161- 24/55664185_2500325840142031_8917083521236380711_n.enc?ccb=11- 4&oh=01_AdQvHz2ECh65LVOrk5wQaL3D5cpLV18Tj7r5UglYxFzHug&oe=65F26EE4&_nc_sid=5e03e0&m ms3=true media_caption=null trim_from=0 mime_type=video/mp4 partial_media_enc_hash=null width=640 original_file_hash=null has_streaming_sidecar=1 autotransfer_retry_enabled=0 media_upload_handle=null message_row_id=30931 multicast_id=null enc_file_hash=64/HCOaJQlL6Aaqp+pxnGNVQ+CXYajqq9HMYhCiW31Q= mute_video=0 page_count=0 first_scan_sidecar=null suspicious_content=0 file_length=2520104 media_name=null media_duration=18 chat_row_id=59 media_key=[B@c82d577
02-13 14:14:41.748 6477 6525 E SQLiteDatabase: android.database.sqlite.SQLiteConstraintException: UNIQUE constraint failed: message_media.message_row_id (code 1555 SQLITE_CONSTRAINT_PRIMARYKEY[1555])
02-13 14:14:41.748 6477 6525 E SQLiteDatabase: at android.database.sqlite.SQLiteConnection.nativeExecuteForLastInsertedRowId(Native Method)
02-13 14:14:41.748 6477 6525 E SQLiteDatabase: at android.database.sqlite.SQLiteConnection.executeForLastInsertedRowId(SQLiteConnecti on.java:1217)
02-13 14:14:41.748 6477 6525 E SQLiteDatabase: at android.database.sqlite.SQLiteSession.executeForLastInsertedRowId(SQLiteSession.jav a:790)
02-13 14:14:41.748 6477 6525 E SQLiteDatabase: at android.database.sqlite.SQLiteStatement.executeInsert(SQLiteStatement.java:88)
02-13 14:14:41.748 6477 6525 E SQLiteDatabase: at android.database.sqlite.SQLiteDatabase.insertWithOnConflict(SQLiteDatabase.java:221 9)
02-13 14:14:41.748 6477 6525 E SQLiteDatabase: at android.database.sqlite.SQLiteDatabase.insert(SQLiteDatabase.java:2088)
02-13 14:14:41.748 6477 6525 E SQLiteDatabase: at X.2tm.A08(Unknown Source:6)
02-13 14:14:41.748 6477 6525 E SQLiteDatabase: at X.35Y.A07(Unknown Source:212)
02-13 14:14:41.748 6477 6525 E SQLiteDatabase: at X.3QF.A14(Unknown Source:470)
02-13 14:14:41.748 6477 6525 E SQLiteDatabase: at X.3gU.run(Unknown Source:982)
02-13 14:14:41.748 6477 6525 E SQLiteDatabase: at android.os.Handler.handleCallback(Handler.java:938)
02-13 14:14:41.748 6477 6525 E SQLiteDatabase: at android.os.Handler.dispatchMessage(Handler.java:99)
02-13 14:14:41.748 6477 6525 E SQLiteDatabase: at X.0zq.dispatchMessage(Unknown Source:4)
02-13 14:14:41.748 6477 6525 E SQLiteDatabase: at android.os.Looper.loop(Looper.java:247)
02-13 14:14:41.748 6477 6525 E SQLiteDatabase: at android.os.HandlerThread.run(HandlerThread.java:67)
02-13 14:14:41.754 6477 6525 E SQLiteDatabase: Error inserting transferred=0 media_job_uuid=0d29fd28-2464-4bd5-83ab-9a0dabb0765e transcoded=0 gif_attribution=0 first_scan_length=0 direct_path=/v/t62.7161- 24/55664185_2500325840142031_8917083521236380711_n.enc?ccb=11- 4&oh=01_AdQvHz2ECh65LVOrk5wQaL3D5cpLV18Tj7r5UglYxFzHug&oe=65F26EE4&_nc_sid=5e03e0 thumbnail_height_width_ratio=0.44791666 is_animated_sticker=0 file_hash=BLSM7NXj7D/KIbk7DMVNMSthI/MAnJzYQiu5S1isKII= file_path=null file_size=0 partial_media_hash=null face_x=0 face_y=0 height=288 trim_to=0 media_key_timestamp=1707796711000 message_url=https://mmg.whatsapp.net/v/t62.7161- 24/55664185_2500325840142031_8917083521236380711_n.enc?ccb=11- 4&oh=01_AdQvHz2ECh65LVOrk5wQaL3D5cpLV18Tj7r5UglYxFzHug&oe=65F26EE4&_nc_sid=5e03e0&m ms3=true media_caption=null trim_from=0 mime_type=video/mp4 partial_media_enc_hash=null width=640 original_file_hash=null has_streaming_sidecar=1 autotransfer_retry_enabled=0 media_upload_handle=null message_row_id=30931 multicast_id=null enc_file_hash=64/HCOaJQlL6Aaqp+pxnGNVQ+CXYajqq9HMYhCiW31Q= mute_video=0 page_count=0 first_scan_sidecar=null suspicious_content=0 file_length=2520104 media_name=null media_duration=18 chat_row_id=59 media_key=[B@c82d577
02-13 14:14:41.754 6477 6525 E SQLiteDatabase: android.database.sqlite.SQLiteConstraintException: UNIQUE constraint failed: message_media.message_row_id (code 1555 SQLITE_CONSTRAINT_PRIMARYKEY[1555])
02-13 14:14:41.754 6477 6525 E SQLiteDatabase: at android.database.sqlite.SQLiteConnection.nativeExecuteForLastInsertedRowId(Native Method)
02-13 14:14:41.754 6477 6525 E SQLiteDatabase: at android.database.sqlite.SQLiteConnection.executeForLastInsertedRowId(SQLiteConnecti on.java:1217)
02-13 14:14:41.754 6477 6525 E SQLiteDatabase: at android.database.sqlite.SQLiteSession.executeForLastInsertedRowId(SQLiteSession.jav a:790)
02-13 14:14:41.754 6477 6525 E SQLiteDatabase: at android.database.sqlite.SQLiteStatement.executeInsert(SQLiteStatement.java:88)
02-13 14:14:41.754 6477 6525 E SQLiteDatabase: at android.database.sqlite.SQLiteDatabase.insertWithOnConflict(SQLiteDatabase.java:221 9)
02-13 14:14:41.754 6477 6525 E SQLiteDatabase: at android.database.sqlite.SQLiteDatabase.insert(SQLiteDatabase.java:2088)
02-13 14:14:41.754 6477 6525 E SQLiteDatabase: at X.2tm.A08(Unknown Source:6)
02-13 14:14:41.754 6477 6525 E SQLiteDatabase: at X.35Y.A07(Unknown Source:212)
02-13 14:14:41.754 6477 6525 E SQLiteDatabase: at X.3QF.A14(Unknown Source:470)
02-13 14:14:41.754 6477 6525 E SQLiteDatabase: at X.3gU.run(Unknown Source:982)
02-13 14:14:41.754 6477 6525 E SQLiteDatabase: at android.os.Handler.handleCallback(Handler.java:938)
02-13 14:14:41.754 6477 6525 E SQLiteDatabase: at android.os.Handler.dispatchMessage(Handler.java:99)
02-13 14:14:41.754 6477 6525 E SQLiteDatabase: at X.0zq.dispatchMessage(Unknown Source:4)
02-13 14:14:41.754 6477 6525 E SQLiteDatabase: at android.os.Looper.loop(Looper.java:247)
02-13 14:14:41.754 6477 6525 E SQLiteDatabase: at android.os.HandlerThread.run(HandlerThread.java:67)
02-13 14:14:47.493 6477 6491 W System : A resource failed to call release.
02-13 14:16:27.404 6477 17091 W LibraryVersion: Failed to get app version for libraryName: firebase-iid
02-13 14:17:05.904 6477 6477 E ArmVmp : Match on catch block at 0x0a in for 0xc5
02-13 14:17:05.908 6477 6477 E ArmVmp : Match on catch block at 0x0a in for 0xc1
02-13 14:17:06.199 6477 6477 E ArmVmp : Match on catch block at 0xc3 in for 0xb9
02-13 14:17:06.207 6477 6477 E ArmVmp : Match on catch block at 0xc3 in for 0xb9
02-13 14:17:06.209 6477 6477 E ArmVmp : Match on catch block at 0xc3 in for 0xb9
02-13 14:17:06.290 6477 6477 E ArmVmp : Match on catch block at 0xc3 in for 0xa1
02-13 14:17:06.293 6477 6477 E ArmVmp : Match on catch block at 0xc3 in for 0xa5
02-13 14:17:06.296 6477 6477 E ArmVmp : Match on catch block at 0xc3 in for 0xa5
02-13 14:17:06.315 6477 6477 E ArmVmp : Match on catch block at 0xc3 in for 0xa5
02-13 14:17:06.319 6477 6477 E ArmVmp : Match on catch block at 0xc3 in for 0xa9
02-13 14:17:06.322 6477 6477 E ArmVmp : Match on catch block at 0xc3 in for 0xa9
02-13 14:17:06.365 6477 6477 E ArmVmp : Match on catch block at 0xc3 in for 0xa1
02-13 14:17:06.369 6477 6477 E ArmVmp : Match on catch block at 0xc3 in for 0xa5
02-13 14:17:06.370 6477 6477 E ArmVmp : Match on catch block at 0xc3 in for 0xa5
02-13 14:17:06.754 6477 6477 E ArmVmp : Match on catch block at 0xc3 in for 0xa1
02-13 14:17:06.757 6477 6477 E ArmVmp : Match on catch block at 0xc3 in for 0xa5
02-13 14:17:06.759 6477 6477 E ArmVmp : Match on catch block at 0xc3 in for 0xa5
02-13 14:17:06.771 6477 6477 E ArmVmp : Match on catch block at 0xc3 in for 0xa9
02-13 14:17:06.774 6477 6477 E ArmVmp : Match on catch block at 0xc3 in for 0xa1
02-13 14:17:06.776 6477 6477 E ArmVmp : Match on catch block at 0xc3 in for 0xa1
02-13 14:17:06.788 6477 6477 E ArmVmp : Match on catch block at 0xc3 in for 0xa5
02-13 14:17:06.791 6477 6477 E ArmVmp : Match on catch block at 0xc3 in for 0xa9
02-13 14:17:06.793 6477 6477 E ArmVmp : Match on catch block at 0xc3 in for 0xa9
02-13 14:17:06.805 6477 6477 E ArmVmp : Match on catch block at 0xc3 in for 0xa1
02-13 14:17:06.808 6477 6477 E ArmVmp : Match on catch block at 0xc3 in for 0xa5
02-13 14:17:06.810 6477 6477 E ArmVmp : Match on catch block at 0xc3 in for 0xa5
02-13 14:17:06.821 6477 6477 E ArmVmp : Match on catch block at 0xc3 in for 0xa9
02-13 14:17:06.825 6477 6477 E ArmVmp : Match on catch block at 0xc3 in for 0xa1
