02-12 14:39:35.758 17467 17467 E ArmVmp : Match on catch block at 0xc3 in for 0xa1
02-12 14:39:35.771 17467 17467 E ArmVmp : Match on catch block at 0xc3 in for 0xa5
02-12 14:39:35.774 17467 17467 E ArmVmp : Match on catch block at 0xc3 in for 0xa9
02-12 14:39:35.775 17467 17467 E ArmVmp : Match on catch block at 0xc3 in for 0xa9
02-12 14:39:35.787 17467 17467 E ArmVmp : Match on catch block at 0xc3 in for 0xa1
02-12 14:39:35.790 17467 17467 E ArmVmp : Match on catch block at 0xc3 in for 0xa5
02-12 14:39:35.792 17467 17467 E ArmVmp : Match on catch block at 0xc3 in for 0xa5
02-12 14:39:35.804 17467 17467 E ArmVmp : Match on catch block at 0xc3 in for 0xa9
02-12 14:39:35.807 17467 17467 E ArmVmp : Match on catch block at 0xc3 in for 0xa1
02-12 14:39:35.808 17467 17467 E ArmVmp : Match on catch block at 0xc3 in for 0xa1
02-12 14:39:35.821 17467 17467 E ArmVmp : Match on catch block at 0xc3 in for 0xa5
02-12 14:39:35.825 17467 17467 E ArmVmp : Match on catch block at 0xc3 in for 0xa9
02-12 14:39:35.827 17467 17467 E ArmVmp : Match on catch block at 0xc3 in for 0xa9
02-12 14:39:35.838 17467 17467 E ArmVmp : Match on catch block at 0xc3 in for 0xa1
02-12 14:39:35.842 17467 17467 E ArmVmp : Match on catch block at 0xc3 in for 0xa5
02-12 14:39:35.844 17467 17467 E ArmVmp : Match on catch block at 0xc3 in for 0xa5
02-12 14:39:35.855 17467 17467 E ArmVmp : Match on catch block at 0xc3 in for 0xa9
02-12 14:39:35.858 17467 17467 E ArmVmp : Match on catch block at 0xc3 in for 0xa1
02-12 14:39:35.860 17467 17467 E ArmVmp : Match on catch block at 0xc3 in for 0xa1
02-12 14:39:35.872 17467 17467 E ArmVmp : Match on catch block at 0xc3 in for 0xa9
02-12 14:39:35.875 17467 17467 E ArmVmp : Match on catch block at 0xc3 in for 0xa1
02-12 14:39:35.878 17467 17467 E ArmVmp : Match on catch block at 0xc3 in for 0xa1
02-12 14:39:36.189 17467 17467 E ArmVmp : Match on catch block at 0xc3 in for 0xa9
02-12 14:39:36.193 17467 17467 E ArmVmp : Match on catch block at 0xc3 in for 0xa1
02-12 14:39:36.196 17467 17467 E ArmVmp : Match on catch block at 0xc3 in for 0xa1
02-12 14:39:36.219 17467 17467 E ArmVmp : Match on catch block at 0xc3 in for 0xa1
02-12 14:39:36.222 17467 17467 E ArmVmp : Match on catch block at 0xc3 in for 0xa5
02-12 14:39:36.224 17467 17467 E ArmVmp : Match on catch block at 0xc3 in for 0xa5
02-12 14:39:36.245 17467 17467 E ArmVmp : Match on catch block at 0xc3 in for 0xa1
02-12 14:39:36.247 17467 17467 E ArmVmp : Match on catch block at 0xc3 in for 0xa5
02-12 14:39:36.285 17467 17467 E ArmVmp : Match on catch block at 0xc3 in for 0xa9
02-12 14:39:36.287 17467 17467 E ArmVmp : Match on catch block at 0xc3 in for 0xa1
02-12 14:39:36.303 17467 17467 E ArmVmp : Match on catch block at 0xc3 in for 0xa9
02-12 14:39:36.306 17467 17467 E ArmVmp : Match on catch block at 0xc3 in for 0xa1
02-12 14:39:36.449 17467 17467 E ArmVmp : Match on catch block at 0xc3 in for 0xa1
02-12 14:39:36.451 17467 17467 E ArmVmp : Match on catch block at 0xc3 in for 0xa5
02-12 14:39:36.457 17467 17467 E ArmVmp : Match on catch block at 0xc3 in for 0xa1
02-12 14:39:36.458 17467 17467 E ArmVmp : Match on catch block at 0xc3 in for 0xa5
02-12 14:39:36.471 17467 17467 E ArmVmp : Match on catch block at 0xc3 in for 0xa1
02-12 14:39:36.473 17467 17467 E ArmVmp : Match on catch block at 0xc3 in for 0xa5
02-12 14:39:36.488 17467 17467 E ArmVmp : Match on catch block at 0xc3 in for 0xa1
02-12 14:39:36.491 17467 17467 E ArmVmp : Match on catch block at 0xc3 in for 0xa5
02-12 14:39:36.504 17467 17467 E ArmVmp : Match on catch block at 0xc3 in for 0xa1
02-12 14:39:36.508 17467 17467 E ArmVmp : Match on catch block at 0xc3 in for 0xa5
02-12 14:39:36.521 17467 17467 E ArmVmp : Match on catch block at 0xc3 in for 0xa1
02-12 14:39:36.523 17467 17467 E ArmVmp : Match on catch block at 0xc3 in for 0xa5
02-12 14:39:36.537 17467 17467 E ArmVmp : Match on catch block at 0xc3 in for 0xa1
02-12 14:39:36.540 17467 17467 E ArmVmp : Match on catch block at 0xc3 in for 0xa5
02-12 14:39:36.556 17467 17467 E ArmVmp : Match on catch block at 0xc3 in for 0xa1
02-12 14:39:36.559 17467 17467 E ArmVmp : Match on catch block at 0xc3 in for 0xa5
02-12 14:39:36.594 17467 17467 E ArmVmp : Match on catch block at 0xc3 in for 0xa1
02-12 14:39:36.598 17467 17467 E ArmVmp : Match on catch block at 0xc3 in for 0xa5
02-12 14:39:36.605 17467 17467 E ArmVmp : Match on catch block at 0xc3 in for 0xa1
02-12 14:39:36.608 17467 17467 E ArmVmp : Match on catch block at 0xc3 in for 0xa5
02-12 14:39:36.710 17467 17467 E ArmVmp : Match on catch block at 0xc3 in for 0xa5
02-12 14:39:36.713 17467 17467 E ArmVmp : Match on catch block at 0xc3 in for 0xa9
02-12 14:39:36.723 17467 17467 E ArmVmp : Match on catch block at 0xc3 in for 0xa1
02-12 14:39:36.726 17467 17467 E ArmVmp : Match on catch block at 0xc3 in for 0xa5
02-12 14:39:37.010 17467 17467 E ArmVmp : Match on catch block at 0xc3 in for 0xa9
02-12 14:39:37.014 17467 17467 E ArmVmp : Match on catch block at 0xc3 in for 0xa1
02-12 14:39:37.029 17467 17467 E ArmVmp : Match on catch block at 0xc3 in for 0xa1
02-12 14:39:37.032 17467 17467 E ArmVmp : Match on catch block at 0xc3 in for 0xa5
02-12 14:39:37.043 17467 17467 E ArmVmp : Match on catch block at 0xc3 in for 0xa9
02-12 14:39:37.046 17467 17467 E ArmVmp : Match on catch block at 0xc3 in for 0xa1
02-12 14:39:37.222 17467 17467 E ArmVmp : Match on catch block at 0xc3 in for 0xa5
02-12 14:39:37.225 17467 17467 E ArmVmp : Match on catch block at 0xc3 in for 0xa9
02-12 14:39:37.740 17467 17467 E ArmVmp : Match on catch block at 0xc3 in for 0xa9
02-12 14:39:37.743 17467 17467 E ArmVmp : Match on catch block at 0xc3 in for 0xa1
02-12 14:39:38.122 17467 17467 E ArmVmp : Match on catch block at 0xc3 in for 0xa9
02-12 14:39:38.125 17467 17467 E ArmVmp : Match on catch block at 0xc3 in for 0xa1
02-12 14:39:38.284 17467 17467 E ArmVmp : Match on catch block at 0xc3 in for 0xa9
02-12 14:39:38.287 17467 17467 E ArmVmp : Match on catch block at 0xc3 in for 0xa1
02-12 14:39:38.300 17467 17467 E ArmVmp : Match on catch block at 0xc3 in for 0xa9
02-12 14:39:38.302 17467 17467 E ArmVmp : Match on catch block at 0xc3 in for 0xa1
02-12 14:39:38.758 17467 17467 E ArmVmp : Match on catch block at 0xc3 in for 0xa9
02-12 14:39:38.762 17467 17467 E ArmVmp : Match on catch block at 0xc3 in for 0xa1
02-12 15:12:05.588 17467 17479 W com.mbwhatsapp: Reducing the number of considered missed Gc histogram windows from 186 to 100
02-12 16:02:06.702 17467 17479 W com.mbwhatsapp: Reducing the number of considered missed Gc histogram windows from 149 to 100
02-12 16:08:31.386 17467 17479 W com.mbwhatsapp: Suspending all threads took: 5.517ms
02-12 16:08:45.260 17467 17479 W com.mbwhatsapp: Suspending all threads took: 6.542ms
02-12 16:52:02.611 17467 7659 W com.mbwhatsapp: Verification of void X.3e2.run() took 796.706ms (4885.11 bytecodes/s) (101616B approximate peak alloc)
02-12 16:52:04.024 17467 17467 E ArmVmp : Match on catch block at 0x0a in for 0xc5
02-12 16:52:04.038 17467 17467 E ArmVmp : Match on catch block at 0x0a in for 0xc1
02-12 16:52:04.375 17467 17467 E ArmVmp : Match on catch block at 0xc3 in for 0xa9
02-12 16:52:04.438 17467 17467 E ArmVmp : Match on catch block at 0xc3 in for 0xa1
02-12 16:52:05.439 17467 17467 E ArmVmp : Match on catch block at 0xc3 in for 0xa5
02-12 16:52:05.447 17467 17467 E ArmVmp : Match on catch block at 0xc3 in for 0xa9
02-12 16:52:05.714 17467 17467 E ArmVmp : Match on catch block at 0xc3 in for 0xa1
02-12 16:52:05.717 17467 17467 E ArmVmp : Match on catch block at 0xc3 in for 0xa5
02-12 16:52:05.763 17467 17467 E ArmVmp : Match on catch block at 0xc3 in for 0xa5
02-12 16:52:05.766 17467 17467 E ArmVmp : Match on catch block at 0xc3 in for 0xa9
02-12 16:52:05.782 17467 17467 E ArmVmp : Match on catch block at 0xc3 in for 0xa5
02-12 16:52:05.789 17467 17467 E ArmVmp : Match on catch block at 0xc3 in for 0xa9
02-12 16:52:05.983 17467 17467 E ArmVmp : Match on catch block at 0xc3 in for 0xa5
02-12 16:52:05.986 17467 17467 E ArmVmp : Match on catch block at 0xc3 in for 0xa9
02-12 16:52:06.402 17467 17467 E ArmVmp : Match on catch block at 0xc3 in for 0xa5
02-12 16:52:06.406 17467 17467 E ArmVmp : Match on catch block at 0xc3 in for 0xa9
02-12 16:52:06.415 17467 17467 E ArmVmp : Match on catch block at 0xc3 in for 0xa5
02-12 16:52:06.419 17467 17467 E ArmVmp : Match on catch block at 0xc3 in for 0xa9
02-12 16:52:06.499 17467 17467 E ArmVmp : Match on catch block at 0xc3 in for 0xa5
02-12 16:52:06.501 17467 17467 E ArmVmp : Match on catch block at 0xc3 in for 0xa9
02-12 16:52:06.738 17467 17467 E ArmVmp : Match on catch block at 0xc3 in for 0xa9
02-12 16:52:06.742 17467 17467 E ArmVmp : Match on catch block at 0xc3 in for 0xa1
02-12 16:52:08.430 17467 17467 E ArmVmp : Match on catch block at 0xc3 in for 0xa9
02-12 16:52:08.435 17467 17467 E ArmVmp : Match on catch block at 0xc3 in for 0xa1
02-12 16:52:08.529 17467 17467 E ArmVmp : Match on catch block at 0xc3 in for 0xa5
02-12 16:52:08.536 17467 17467 E ArmVmp : Match on catch block at 0xc3 in for 0xa9
02-12 16:52:08.609 17467 17467 E ArmVmp : Match on catch block at 0xc3 in for 0xa9
02-12 16:52:08.612 17467 17467 E ArmVmp : Match on catch block at 0xc3 in for 0xa1
02-12 16:52:08.643 17467 17467 E ArmVmp : Match on catch block at 0xc3 in for 0xa1
02-12 16:52:08.650 17467 17467 E ArmVmp : Match on catch block at 0xc3 in for 0xa5
02-12 16:52:08.692 17467 17467 E ArmVmp : Match on catch block at 0xc3 in for 0xa1
02-12 16:52:08.698 17467 17467 E ArmVmp : Match on catch block at 0xc3 in for 0xa5
02-12 16:52:08.876 17467 17467 E ArmVmp : Match on catch block at 0xc3 in for 0xa5
02-12 16:52:08.879 17467 17467 E ArmVmp : Match on catch block at 0xc3 in for 0xa9
02-12 16:52:08.950 17467 17467 E ArmVmp : Match on catch block at 0xc3 in for 0xa5
02-12 16:52:08.959 17467 17467 E ArmVmp : Match on catch block at 0xc3 in for 0xa9
02-12 16:52:12.993 17467 17467 W BottomSheetBehavior: BottomSheetBehavior now supports multiple callbacks. `setBottomSheetCallback()` removes all existing callbacks, including ones set internally by library authors, which may result in unintended behavior. This may change in the future. Please use `addBottomSheetCallback()` and `removeBottomSheetCallback()` instead to set your own callbacks.
02-12 16:52:12.993 17467 17467 W BottomSheetBehavior: BottomSheetBehavior now supports multiple callbacks. `setBottomSheetCallback()` removes all existing callbacks, including ones set internally by library authors, which may result in unintended behavior. This may change in the future. Please use `addBottomSheetCallback()` and `removeBottomSheetCallback()` instead to set your own callbacks.
02-12 16:52:13.159 17467 17467 W BottomSheetBehavior: BottomSheetBehavior now supports multiple callbacks. `setBottomSheetCallback()` removes all existing callbacks, including ones set internally by library authors, which may result in unintended behavior. This may change in the future. Please use `addBottomSheetCallback()` and `removeBottomSheetCallback()` instead to set your own callbacks.
02-12 16:52:13.159 17467 17467 W BottomSheetBehavior: BottomSheetBehavior now supports multiple callbacks. `setBottomSheetCallback()` removes all existing callbacks, including ones set internally by library authors, which may result in unintended behavior. This may change in the future. Please use `addBottomSheetCallback()` and `removeBottomSheetCallback()` instead to set your own callbacks.
02-12 16:52:13.770 17467 17467 E RecyclerView: No adapter attached; skipping layout
02-12 16:52:13.771 17467 17467 E RecyclerView: No adapter attached; skipping layout
02-12 16:52:13.884 17467 17517 E SQLiteDatabase: Error inserting transferred=0 media_job_uuid=06b9202d-f16c-46c5-8b11-8850a5c12561 transcoded=0 gif_attribution=0 first_scan_length=0 direct_path=/v/t62.7161- 24/29537592_354136364105222_2725969599038430995_n.enc?ccb=11- 4&oh=01_AdQrRWFyB1IysvfZ6D0FizrxCd4gBiDh855kBUjiwzzSkA&oe=65F12753&_nc_sid=5e03e0 thumbnail_height_width_ratio=1.8113208 is_animated_sticker=0 file_hash=VFTqnJIawuWoCAvvVrNWmVy/SYtZoAQohSV6LRSt4oI= file_path=null file_size=0 partial_media_hash=null face_x=0 face_y=0 height=640 trim_to=0 media_key_timestamp=1707723166000 message_url=https://mmg.whatsapp.net/v/t62.7161- 24/29537592_354136364105222_2725969599038430995_n.enc?ccb=11- 4&oh=01_AdQrRWFyB1IysvfZ6D0FizrxCd4gBiDh855kBUjiwzzSkA&oe=65F12753&_nc_sid=5e03e0&m ms3=true media_caption=null trim_from=0 mime_type=video/mp4 partial_media_enc_hash=null width=352 original_file_hash=null has_streaming_sidecar=1 autotransfer_retry_enabled=0 media_upload_handle=null message_row_id=30887 multicast_id=null enc_file_hash=nWb82mRNlTHz7U1NaWKlnGot25ocsS6dTMB8h+7fPgQ= mute_video=0 page_count=0 first_scan_sidecar=null suspicious_content=0 file_length=1663072 media_name=null media_duration=27 chat_row_id=59 media_key=[B@d7900c0
02-12 16:52:13.884 17467 17517 E SQLiteDatabase: android.database.sqlite.SQLiteConstraintException: UNIQUE constraint failed: message_media.message_row_id (code 1555 SQLITE_CONSTRAINT_PRIMARYKEY[1555])
02-12 16:52:13.884 17467 17517 E SQLiteDatabase: at android.database.sqlite.SQLiteConnection.nativeExecuteForLastInsertedRowId(Native Method)
02-12 16:52:13.884 17467 17517 E SQLiteDatabase: at android.database.sqlite.SQLiteConnection.executeForLastInsertedRowId(SQLiteConnecti on.java:1217)
02-12 16:52:13.884 17467 17517 E SQLiteDatabase: at android.database.sqlite.SQLiteSession.executeForLastInsertedRowId(SQLiteSession.jav a:790)
02-12 16:52:13.884 17467 17517 E SQLiteDatabase: at android.database.sqlite.SQLiteStatement.executeInsert(SQLiteStatement.java:88)
02-12 16:52:13.884 17467 17517 E SQLiteDatabase: at android.database.sqlite.SQLiteDatabase.insertWithOnConflict(SQLiteDatabase.java:221 9)
02-12 16:52:13.884 17467 17517 E SQLiteDatabase: at android.database.sqlite.SQLiteDatabase.insert(SQLiteDatabase.java:2088)
02-12 16:52:13.884 17467 17517 E SQLiteDatabase: at X.2tm.A08(Unknown Source:6)
02-12 16:52:13.884 17467 17517 E SQLiteDatabase: at X.35Y.A07(Unknown Source:212)
02-12 16:52:13.884 17467 17517 E SQLiteDatabase: at X.3QF.A14(Unknown Source:470)
02-12 16:52:13.884 17467 17517 E SQLiteDatabase: at X.3gU.run(Unknown Source:982)
02-12 16:52:13.884 17467 17517 E SQLiteDatabase: at android.os.Handler.handleCallback(Handler.java:938)
02-12 16:52:13.884 17467 17517 E SQLiteDatabase: at android.os.Handler.dispatchMessage(Handler.java:99)
02-12 16:52:13.884 17467 17517 E SQLiteDatabase: at X.0zq.dispatchMessage(Unknown Source:4)
02-12 16:52:13.884 17467 17517 E SQLiteDatabase: at android.os.Looper.loop(Looper.java:247)
02-12 16:52:13.884 17467 17517 E SQLiteDatabase: at android.os.HandlerThread.run(HandlerThread.java:67)
02-12 16:52:13.982 17467 17517 E SQLiteDatabase: Error inserting transferred=0 media_job_uuid=06b9202d-f16c-46c5-8b11-8850a5c12561 transcoded=0 gif_attribution=0 first_scan_length=0 direct_path=/v/t62.7161- 24/29537592_354136364105222_2725969599038430995_n.enc?ccb=11- 4&oh=01_AdQrRWFyB1IysvfZ6D0FizrxCd4gBiDh855kBUjiwzzSkA&oe=65F12753&_nc_sid=5e03e0 thumbnail_height_width_ratio=1.8113208 is_animated_sticker=0 file_hash=VFTqnJIawuWoCAvvVrNWmVy/SYtZoAQohSV6LRSt4oI= file_path=null file_size=0 partial_media_hash=null face_x=0 face_y=0 height=640 trim_to=0 media_key_timestamp=1707723166000 message_url=https://mmg.whatsapp.net/v/t62.7161- 24/29537592_354136364105222_2725969599038430995_n.enc?ccb=11- 4&oh=01_AdQrRWFyB1IysvfZ6D0FizrxCd4gBiDh855kBUjiwzzSkA&oe=65F12753&_nc_sid=5e03e0&m ms3=true media_caption=null trim_from=0 mime_type=video/mp4 partial_media_enc_hash=null width=352 original_file_hash=null has_streaming_sidecar=1 autotransfer_retry_enabled=0 media_upload_handle=null message_row_id=30887 multicast_id=null enc_file_hash=nWb82mRNlTHz7U1NaWKlnGot25ocsS6dTMB8h+7fPgQ= mute_video=0 page_count=0 first_scan_sidecar=null suspicious_content=0 file_length=1663072 media_name=null media_duration=27 chat_row_id=59 media_key=[B@d7900c0
02-12 16:52:13.982 17467 17517 E SQLiteDatabase: android.database.sqlite.SQLiteConstraintException: UNIQUE constraint failed: message_media.message_row_id (code 1555 SQLITE_CONSTRAINT_PRIMARYKEY[1555])
02-12 16:52:13.982 17467 17517 E SQLiteDatabase: at android.database.sqlite.SQLiteConnection.nativeExecuteForLastInsertedRowId(Native Method)
02-12 16:52:13.982 17467 17517 E SQLiteDatabase: at android.database.sqlite.SQLiteConnection.executeForLastInsertedRowId(SQLiteConnecti on.java:1217)
02-12 16:52:13.982 17467 17517 E SQLiteDatabase: at android.database.sqlite.SQLiteSession.executeForLastInsertedRowId(SQLiteSession.jav a:790)
02-12 16:52:13.982 17467 17517 E SQLiteDatabase: at android.database.sqlite.SQLiteStatement.executeInsert(SQLiteStatement.java:88)
02-12 16:52:13.982 17467 17517 E SQLiteDatabase: at android.database.sqlite.SQLiteDatabase.insertWithOnConflict(SQLiteDatabase.java:221 9)
02-12 16:52:13.982 17467 17517 E SQLiteDatabase: at android.database.sqlite.SQLiteDatabase.insert(SQLiteDatabase.java:2088)
02-12 16:52:13.982 17467 17517 E SQLiteDatabase: at X.2tm.A08(Unknown Source:6)
02-12 16:52:13.982 17467 17517 E SQLiteDatabase: at X.35Y.A07(Unknown Source:212)
02-12 16:52:13.982 17467 17517 E SQLiteDatabase: at X.3QF.A14(Unknown Source:470)
02-12 16:52:13.982 17467 17517 E SQLiteDatabase: at X.3gU.run(Unknown Source:982)
02-12 16:52:13.982 17467 17517 E SQLiteDatabase: at android.os.Handler.handleCallback(Handler.java:938)
02-12 16:52:13.982 17467 17517 E SQLiteDatabase: at android.os.Handler.dispatchMessage(Handler.java:99)
02-12 16:52:13.982 17467 17517 E SQLiteDatabase: at X.0zq.dispatchMessage(Unknown Source:4)
02-12 16:52:13.982 17467 17517 E SQLiteDatabase: at android.os.Looper.loop(Looper.java:247)
02-12 16:52:13.982 17467 17517 E SQLiteDatabase: at android.os.HandlerThread.run(HandlerThread.java:67)
02-12 16:52:14.766 17467 8896 W AudioCapabilities: Unsupported mime audio/x-ima
02-12 16:52:14.766 17467 8896 W AudioCapabilities: Unsupported mime audio/mpeg-L1
02-12 16:52:14.766 17467 8896 W AudioCapabilities: Unsupported mime audio/mpeg-L2
02-12 16:52:14.766 17467 8896 W VideoCapabilities: Unsupported mime video/wvc1
02-12 16:52:14.773 17467 8896 W VideoCapabilities: Unsupported mime video/x-ms-wmv
02-12 16:52:14.774 17467 8896 W AudioCapabilities: Unsupported mime audio/x-ima
02-12 16:52:14.774 17467 8896 W AudioCapabilities: Unsupported mime audio/mpeg-L1
02-12 16:52:14.774 17467 8896 W AudioCapabilities: Unsupported mime audio/mpeg-L2
02-12 16:52:14.774 17467 8896 W VideoCapabilities: Unsupported mime video/wvc1
02-12 16:52:14.775 17467 8896 W AudioCapabilities: Unsupported mime audio/mpeg-L1
02-12 16:52:14.775 17467 8896 W AudioCapabilities: Unsupported mime audio/mpeg-L2
02-12 16:52:14.780 17467 8896 W VideoCapabilities: Unrecognized profile/level 32768/2 for video/mp4v-es
02-12 16:52:14.780 17467 8896 W VideoCapabilities: Unrecognized profile/level 32768/64 for video/mp4v-es
02-12 16:52:14.781 17467 8896 W VideoCapabilities: Unrecognized profile/level 1/32 for video/mp4v-es
02-12 16:52:14.781 17467 8896 W VideoCapabilities: Unrecognized profile/level 32768/2 for video/mp4v-es
02-12 16:52:14.781 17467 8896 W VideoCapabilities: Unrecognized profile/level 32768/64 for video/mp4v-es
02-12 16:52:15.222 17467 8938 E ACodec : [OMX.sprd.h264.decoder] setPortMode on output to DynamicANWBuffer failed w/ err -2147483648
02-12 16:52:15.239 17467 8937 E MediaStatisticsData: not supported vendor: sprd
02-12 16:52:16.017 17467 8979 W Codec2Client: query -- param skipped: index = 1107298332.
02-12 16:52:16.018 17467 8979 W CCodec : This behavior is subject to change. It is recommended that app developers double check whether the requested max input size is in reasonable range.
02-12 16:52:16.064 17467 8979 W Codec2Client: query -- param skipped: index = 1342179345.
02-12 16:52:16.064 17467 8979 W Codec2Client: query -- param skipped: index = 2415921170.
02-12 16:52:16.064 17467 8979 W Codec2Client: query -- param skipped: index = 1610614798.
02-12 16:52:16.074 17467 8979 E FMQ : grantorIdx must be less than 3
02-12 16:52:16.075 17467 8979 E FMQ : grantorIdx must be less than 3
02-12 16:52:16.103 17467 8979 E ion : ioctl c0044901 failed with code -1: Inappropriate ioctl for device
02-12 16:52:16.106 17467 8979 E FMQ : grantorIdx must be less than 3
02-12 16:52:16.149 17467 8939 E FMQ : grantorIdx must be less than 3
02-12 16:52:18.990 17467 17517 E SQLiteDatabase: Error inserting transferred=1 media_job_uuid=e7503779-4d76-48ba-a29b-bb93d6112faa transcoded=0 gif_attribution=0 first_scan_length=0 direct_path=/v/t62.7161- 24/21387347_415516474186970_5524464284389426277_n.enc?ccb=11- 4&oh=01_AdQp4G9ptIZ1AXUFRQ4Z8o-1SY-j58sa82yj-wQnW- oNVg&oe=65F140BE&_nc_sid=5e03e0&_nc_hot=1707731450 thumbnail_height_width_ratio=1.7777778 is_animated_sticker=0 file_hash=SS4ye9Yv/MY2if5QoyeF2MbK5rJUMig0QdTJ3cI33ns= file_path=Media/.Statuses/4f8267a2dbf04f169e389432f1074396.mp4 file_size=1196165 partial_media_hash=null face_x=0 face_y=0 height=1024 trim_to=0 media_key_timestamp=1707731448000 message_url=https://mmg.whatsapp.net/v/t62.7161- 24/21387347_415516474186970_5524464284389426277_n.enc?ccb=11- 4&oh=01_AdQp4G9ptIZ1AXUFRQ4Z8o-1SY-j58sa82yj-wQnW- oNVg&oe=65F140BE&_nc_sid=5e03e0&mms3=true media_caption=null trim_from=0 mime_type=video/mp4 partial_media_enc_hash=null width=576 original_file_hash=null has_streaming_sidecar=1 autotransfer_retry_enabled=1 media_upload_handle=null message_row_id=30898 multicast_id=null enc_file_hash=9easYlKJXjpistr/DxIb+5CgB99tXdzAaNDfnR9Eugo= mute_video=0 page_count=0 first_scan_sidecar=null suspicious_content=0 file_length=1196165 media_name=null media_duration=10 chat_row_id=59 media_key=[B@ab4696a
02-12 16:52:18.990 17467 17517 E SQLiteDatabase: android.database.sqlite.SQLiteConstraintException: UNIQUE constraint failed: message_media.message_row_id (code 1555 SQLITE_CONSTRAINT_PRIMARYKEY[1555])
02-12 16:52:18.990 17467 17517 E SQLiteDatabase: at android.database.sqlite.SQLiteConnection.nativeExecuteForLastInsertedRowId(Native Method)
02-12 16:52:18.990 17467 17517 E SQLiteDatabase: at android.database.sqlite.SQLiteConnection.executeForLastInsertedRowId(SQLiteConnecti on.java:1217)
02-12 16:52:18.990 17467 17517 E SQLiteDatabase: at android.database.sqlite.SQLiteSession.executeForLastInsertedRowId(SQLiteSession.jav a:790)
02-12 16:52:18.990 17467 17517 E SQLiteDatabase: at android.database.sqlite.SQLiteStatement.executeInsert(SQLiteStatement.java:88)
02-12 16:52:18.990 17467 17517 E SQLiteDatabase: at android.database.sqlite.SQLiteDatabase.insertWithOnConflict(SQLiteDatabase.java:221 9)
02-12 16:52:18.990 17467 17517 E SQLiteDatabase: at android.database.sqlite.SQLiteDatabase.insert(SQLiteDatabase.java:2088)
02-12 16:52:18.990 17467 17517 E SQLiteDatabase: at X.2tm.A08(Unknown Source:6)
02-12 16:52:18.990 17467 17517 E SQLiteDatabase: at X.35Y.A07(Unknown Source:212)
02-12 16:52:18.990 17467 17517 E SQLiteDatabase: at X.3QF.A14(Unknown Source:470)
02-12 16:52:18.990 17467 17517 E SQLiteDatabase: at X.3gU.run(Unknown Source:982)
02-12 16:52:18.990 17467 17517 E SQLiteDatabase: at android.os.Handler.handleCallback(Handler.java:938)
02-12 16:52:18.990 17467 17517 E SQLiteDatabase: at android.os.Handler.dispatchMessage(Handler.java:99)
02-12 16:52:18.990 17467 17517 E SQLiteDatabase: at X.0zq.dispatchMessage(Unknown Source:4)
02-12 16:52:18.990 17467 17517 E SQLiteDatabase: at android.os.Looper.loop(Looper.java:247)
02-12 16:52:18.990 17467 17517 E SQLiteDatabase: at android.os.HandlerThread.run(HandlerThread.java:67)
02-12 16:52:19.813 17467 17517 E SQLiteDatabase: Error inserting transferred=0 media_job_uuid=06b9202d-f16c-46c5-8b11-8850a5c12561 transcoded=0 gif_attribution=0 first_scan_length=0 direct_path=/v/t62.7161- 24/29537592_354136364105222_2725969599038430995_n.enc?ccb=11- 4&oh=01_AdQrRWFyB1IysvfZ6D0FizrxCd4gBiDh855kBUjiwzzSkA&oe=65F12753&_nc_sid=5e03e0 thumbnail_height_width_ratio=1.8113208 is_animated_sticker=0 file_hash=VFTqnJIawuWoCAvvVrNWmVy/SYtZoAQohSV6LRSt4oI= file_path=null file_size=0 partial_media_hash=null face_x=0 face_y=0 height=640 trim_to=0 media_key_timestamp=1707723166000 message_url=https://mmg.whatsapp.net/v/t62.7161- 24/29537592_354136364105222_2725969599038430995_n.enc?ccb=11- 4&oh=01_AdQrRWFyB1IysvfZ6D0FizrxCd4gBiDh855kBUjiwzzSkA&oe=65F12753&_nc_sid=5e03e0&m ms3=true media_caption=null trim_from=0 mime_type=video/mp4 partial_media_enc_hash=null width=352 original_file_hash=null has_streaming_sidecar=1 autotransfer_retry_enabled=1 media_upload_handle=null message_row_id=30887 multicast_id=null enc_file_hash=nWb82mRNlTHz7U1NaWKlnGot25ocsS6dTMB8h+7fPgQ= mute_video=0 page_count=0 first_scan_sidecar=null suspicious_content=0 file_length=1663072 media_name=null media_duration=27 chat_row_id=59 media_key=[B@d7900c0
02-12 16:52:19.813 17467 17517 E SQLiteDatabase: android.database.sqlite.SQLiteConstraintException: UNIQUE constraint failed: message_media.message_row_id (code 1555 SQLITE_CONSTRAINT_PRIMARYKEY[1555])
02-12 16:52:19.813 17467 17517 E SQLiteDatabase: at android.database.sqlite.SQLiteConnection.nativeExecuteForLastInsertedRowId(Native Method)
02-12 16:52:19.813 17467 17517 E SQLiteDatabase: at android.database.sqlite.SQLiteConnection.executeForLastInsertedRowId(SQLiteConnecti on.java:1217)
02-12 16:52:19.813 17467 17517 E SQLiteDatabase: at android.database.sqlite.SQLiteSession.executeForLastInsertedRowId(SQLiteSession.jav a:790)
02-12 16:52:19.813 17467 17517 E SQLiteDatabase: at android.database.sqlite.SQLiteStatement.executeInsert(SQLiteStatement.java:88)
02-12 16:52:19.813 17467 17517 E SQLiteDatabase: at android.database.sqlite.SQLiteDatabase.insertWithOnConflict(SQLiteDatabase.java:221 9)
02-12 16:52:19.813 17467 17517 E SQLiteDatabase: at android.database.sqlite.SQLiteDatabase.insert(SQLiteDatabase.java:2088)
02-12 16:52:19.813 17467 17517 E SQLiteDatabase: at X.2tm.A08(Unknown Source:6)
02-12 16:52:19.813 17467 17517 E SQLiteDatabase: at X.35Y.A07(Unknown Source:212)
02-12 16:52:19.813 17467 17517 E SQLiteDatabase: at X.3QF.A14(Unknown Source:470)
02-12 16:52:19.813 17467 17517 E SQLiteDatabase: at X.3gU.run(Unknown Source:982)
02-12 16:52:19.813 17467 17517 E SQLiteDatabase: at android.os.Handler.handleCallback(Handler.java:938)
02-12 16:52:19.813 17467 17517 E SQLiteDatabase: at android.os.Handler.dispatchMessage(Handler.java:99)
02-12 16:52:19.813 17467 17517 E SQLiteDatabase: at X.0zq.dispatchMessage(Unknown Source:4)
02-12 16:52:19.813 17467 17517 E SQLiteDatabase: at android.os.Looper.loop(Looper.java:247)
02-12 16:52:19.813 17467 17517 E SQLiteDatabase: at android.os.HandlerThread.run(HandlerThread.java:67)
02-12 16:52:24.022 17467 8979 W Codec2Client: query -- param skipped: index = 1342179345.
02-12 16:52:24.022 17467 8979 W Codec2Client: query -- param skipped: index = 2415921170.
02-12 16:52:24.022 17467 8979 W Codec2Client: query -- param skipped: index = 1610614798.
02-12 16:52:24.791 17467 9466 E ACodec : [OMX.sprd.h264.decoder] setPortMode on output to DynamicANWBuffer failed w/ err -2147483648
02-12 16:52:24.796 17467 9465 E MediaStatisticsData: not supported vendor: sprd
02-12 16:52:24.881 17467 9470 W Codec2Client: query -- param skipped: index = 1107298332.
02-12 16:52:24.881 17467 9470 W CCodec : This behavior is subject to change. It is recommended that app developers double check whether the requested max input size is in reasonable range.
02-12 16:52:24.884 17467 9470 W Codec2Client: query -- param skipped: index = 1342179345.
02-12 16:52:24.884 17467 9470 W Codec2Client: query -- param skipped: index = 2415921170.
02-12 16:52:24.884 17467 9470 W Codec2Client: query -- param skipped: index = 1610614798.
02-12 16:52:24.885 17467 9470 E FMQ : grantorIdx must be less than 3
02-12 16:52:24.885 17467 9470 E FMQ : grantorIdx must be less than 3
02-12 16:52:24.892 17467 9470 E FMQ : grantorIdx must be less than 3
02-12 16:52:24.902 17467 8939 E FMQ : grantorIdx must be less than 3
02-12 16:52:25.503 17467 17517 E SQLiteDatabase: Error inserting transferred=1 media_job_uuid=06b9202d-f16c-46c5-8b11-8850a5c12561 transcoded=0 gif_attribution=0 first_scan_length=0 direct_path=/v/t62.7161- 24/29537592_354136364105222_2725969599038430995_n.enc?ccb=11- 4&oh=01_AdQrRWFyB1IysvfZ6D0FizrxCd4gBiDh855kBUjiwzzSkA&oe=65F12753&_nc_sid=5e03e0 thumbnail_height_width_ratio=1.8113208 is_animated_sticker=0 file_hash=VFTqnJIawuWoCAvvVrNWmVy/SYtZoAQohSV6LRSt4oI= file_path=Media/.Statuses/c34a8cfff57a432c8078cd6b09c93f2d.mp4 file_size=1663072 partial_media_hash=null face_x=0 face_y=0 height=640 trim_to=0 media_key_timestamp=1707723166000 message_url=https://mmg.whatsapp.net/v/t62.7161- 24/29537592_354136364105222_2725969599038430995_n.enc?ccb=11- 4&oh=01_AdQrRWFyB1IysvfZ6D0FizrxCd4gBiDh855kBUjiwzzSkA&oe=65F12753&_nc_sid=5e03e0&m ms3=true media_caption=null trim_from=0 mime_type=video/mp4 partial_media_enc_hash=null width=352 original_file_hash=null has_streaming_sidecar=1 autotransfer_retry_enabled=1 media_upload_handle=null message_row_id=30887 multicast_id=null enc_file_hash=nWb82mRNlTHz7U1NaWKlnGot25ocsS6dTMB8h+7fPgQ= mute_video=0 page_count=0 first_scan_sidecar=null suspicious_content=0 file_length=1663072 media_name=null media_duration=27 chat_row_id=59 media_key=[B@d7900c0
02-12 16:52:25.503 17467 17517 E SQLiteDatabase: android.database.sqlite.SQLiteConstraintException: UNIQUE constraint failed: message_media.message_row_id (code 1555 SQLITE_CONSTRAINT_PRIMARYKEY[1555])
02-12 16:52:25.503 17467 17517 E SQLiteDatabase: at android.database.sqlite.SQLiteConnection.nativeExecuteForLastInsertedRowId(Native Method)
02-12 16:52:25.503 17467 17517 E SQLiteDatabase: at android.database.sqlite.SQLiteConnection.executeForLastInsertedRowId(SQLiteConnecti on.java:1217)
02-12 16:52:25.503 17467 17517 E SQLiteDatabase: at android.database.sqlite.SQLiteSession.executeForLastInsertedRowId(SQLiteSession.jav a:790)
02-12 16:52:25.503 17467 17517 E SQLiteDatabase: at android.database.sqlite.SQLiteStatement.executeInsert(SQLiteStatement.java:88)
02-12 16:52:25.503 17467 17517 E SQLiteDatabase: at android.database.sqlite.SQLiteDatabase.insertWithOnConflict(SQLiteDatabase.java:221 9)
02-12 16:52:25.503 17467 17517 E SQLiteDatabase: at android.database.sqlite.SQLiteDatabase.insert(SQLiteDatabase.java:2088)
02-12 16:52:25.503 17467 17517 E SQLiteDatabase: at X.2tm.A08(Unknown Source:6)
02-12 16:52:25.503 17467 17517 E SQLiteDatabase: at X.35Y.A07(Unknown Source:212)
02-12 16:52:25.503 17467 17517 E SQLiteDatabase: at X.3QF.A14(Unknown Source:470)
02-12 16:52:25.503 17467 17517 E SQLiteDatabase: at X.3gU.run(Unknown Source:982)
02-12 16:52:25.503 17467 17517 E SQLiteDatabase: at android.os.Handler.handleCallback(Handler.java:938)
02-12 16:52:25.503 17467 17517 E SQLiteDatabase: at android.os.Handler.dispatchMessage(Handler.java:99)
02-12 16:52:25.503 17467 17517 E SQLiteDatabase: at X.0zq.dispatchMessage(Unknown Source:4)
02-12 16:52:25.503 17467 17517 E SQLiteDatabase: at android.os.Looper.loop(Looper.java:247)
02-12 16:52:25.503 17467 17517 E SQLiteDatabase: at android.os.HandlerThread.run(HandlerThread.java:67)
02-12 16:52:37.424 17467 9470 W Codec2Client: query -- param skipped: index = 1342179345.
02-12 16:52:37.425 17467 9470 W Codec2Client: query -- param skipped: index = 2415921170.
02-12 16:52:37.425 17467 9470 W Codec2Client: query -- param skipped: index = 1610614798.
02-12 16:52:37.491 17467 17467 E ViewRootImpl: sendUserActionEvent() mView returned.
02-12 16:52:37.567 17467 17467 E ViewRootImpl: sendUserActionEvent() mView returned.
02-12 16:53:17.348 17467 17467 W com.mbwhatsapp: Long monitor contention with owner wa-shared-handler (17568) at void com.mbwhatsapp.HomeActivity.A6e()(:-1) waiters=0 in java.util.List X.32m.A0B(X.1Nj) for 368ms
02-12 16:56:20.822 17467 17467 W BottomSheetBehavior: BottomSheetBehavior now supports multiple callbacks. `setBottomSheetCallback()` removes all existing callbacks, including ones set internally by library authors, which may result in unintended behavior. This may change in the future. Please use `addBottomSheetCallback()` and `removeBottomSheetCallback()` instead to set your own callbacks.
02-12 16:56:20.822 17467 17467 W BottomSheetBehavior: BottomSheetBehavior now supports multiple callbacks. `setBottomSheetCallback()` removes all existing callbacks, including ones set internally by library authors, which may result in unintended behavior. This may change in the future. Please use `addBottomSheetCallback()` and `removeBottomSheetCallback()` instead to set your own callbacks.
02-12 16:56:20.879 17467 17467 W BottomSheetBehavior: BottomSheetBehavior now supports multiple callbacks. `setBottomSheetCallback()` removes all existing callbacks, including ones set internally by library authors, which may result in unintended behavior. This may change in the future. Please use `addBottomSheetCallback()` and `removeBottomSheetCallback()` instead to set your own callbacks.
02-12 16:56:20.879 17467 17467 W BottomSheetBehavior: BottomSheetBehavior now supports multiple callbacks. `setBottomSheetCallback()` removes all existing callbacks, including ones set internally by library authors, which may result in unintended behavior. This may change in the future. Please use `addBottomSheetCallback()` and `removeBottomSheetCallback()` instead to set your own callbacks.
02-12 16:56:20.912 17467 17467 E RecyclerView: No adapter attached; skipping layout
02-12 16:56:21.845 17467 17467 E ViewRootImpl: sendUserActionEvent() mView returned.
02-12 16:56:21.889 17467 17467 E ViewRootImpl: sendUserActionEvent() mView returned.
02-12 16:56:25.760 17467 17467 W BottomSheetBehavior: BottomSheetBehavior now supports multiple callbacks. `setBottomSheetCallback()` removes all existing callbacks, including ones set internally by library authors, which may result in unintended behavior. This may change in the future. Please use `addBottomSheetCallback()` and `removeBottomSheetCallback()` instead to set your own callbacks.
02-12 16:56:25.761 17467 17467 W BottomSheetBehavior: BottomSheetBehavior now supports multiple callbacks. `setBottomSheetCallback()` removes all existing callbacks, including ones set internally by library authors, which may result in unintended behavior. This may change in the future. Please use `addBottomSheetCallback()` and `removeBottomSheetCallback()` instead to set your own callbacks.
02-12 16:56:25.801 17467 17467 W BottomSheetBehavior: BottomSheetBehavior now supports multiple callbacks. `setBottomSheetCallback()` removes all existing callbacks, including ones set internally by library authors, which may result in unintended behavior. This may change in the future. Please use `addBottomSheetCallback()` and `removeBottomSheetCallback()` instead to set your own callbacks.
02-12 16:56:25.801 17467 17467 W BottomSheetBehavior: BottomSheetBehavior now supports multiple callbacks. `setBottomSheetCallback()` removes all existing callbacks, including ones set internally by library authors, which may result in unintended behavior. This may change in the future. Please use `addBottomSheetCallback()` and `removeBottomSheetCallback()` instead to set your own callbacks.
02-12 16:56:25.814 17467 17467 W BottomSheetBehavior: BottomSheetBehavior now supports multiple callbacks. `setBottomSheetCallback()` removes all existing callbacks, including ones set internally by library authors, which may result in unintended behavior. This may change in the future. Please use `addBottomSheetCallback()` and `removeBottomSheetCallback()` instead to set your own callbacks.
02-12 16:56:25.814 17467 17467 W BottomSheetBehavior: BottomSheetBehavior now supports multiple callbacks. `setBottomSheetCallback()` removes all existing callbacks, including ones set internally by library authors, which may result in unintended behavior. This may change in the future. Please use `addBottomSheetCallback()` and `removeBottomSheetCallback()` instead to set your own callbacks.
02-12 16:56:25.847 17467 17467 E RecyclerView: No adapter attached; skipping layout
02-12 16:56:25.848 17467 17467 E RecyclerView: No adapter attached; skipping layout
02-12 16:56:25.848 17467 17467 E RecyclerView: No adapter attached; skipping layout
02-12 16:56:25.962 17467 14015 E ACodec : [OMX.sprd.h264.decoder] setPortMode on output to DynamicANWBuffer failed w/ err -2147483648
02-12 16:56:25.969 17467 14014 E MediaStatisticsData: not supported vendor: sprd
02-12 16:56:26.130 17467 14019 W Codec2Client: query -- param skipped: index = 1107298332.
02-12 16:56:26.130 17467 14019 W CCodec : This behavior is subject to change. It is recommended that app developers double check whether the requested max input size is in reasonable range.
02-12 16:56:26.142 17467 14019 W Codec2Client: query -- param skipped: index = 1342179345.
02-12 16:56:26.142 17467 14019 W Codec2Client: query -- param skipped: index = 2415921170.
02-12 16:56:26.142 17467 14019 W Codec2Client: query -- param skipped: index = 1610614798.
02-12 16:56:26.150 17467 14019 E FMQ : grantorIdx must be less than 3
02-12 16:56:26.150 17467 14019 E FMQ : grantorIdx must be less than 3
02-12 16:56:26.160 17467 14019 E FMQ : grantorIdx must be less than 3
02-12 16:56:26.169 17467 8939 E FMQ : grantorIdx must be less than 3
02-12 16:56:26.326 17467 14009 W AudioTrack: getTimestamp_l(837): retrograde timestamp time corrected, 20624314497784 < 20624461076592
02-12 16:59:06.051 17467 17517 E SQLiteDatabase: Error inserting transferred=1 media_job_uuid=77c312e0-cbe3-41ea-a521-1a376d2035aa transcoded=0 gif_attribution=0 first_scan_length=0 direct_path=/v/t62.7118- 24/34703357_1353433622028937_2996707900706269194_n.enc?ccb=11- 4&oh=01_AdQY0YyOGKpSIxdxHKmgpVrFZqlRqsGO2Urkvgt7l5QsOw&oe=65F15263&_nc_sid=5e03e0 thumbnail_height_width_ratio=2.1111112 is_animated_sticker=0 file_hash=cqrccUtk760T7N0bV6jiF/j3Skk4XrL1FNDsk+spdOo= file_path=Media/.Statuses/9b57c57486f744a9984e77758fd2f1c6.jpg file_size=94318 partial_media_hash=null face_x=0 face_y=0 height=1520 trim_to=0 media_key_timestamp=1707731927000 message_url=https://mmg.whatsapp.net/v/t62.7118- 24/34703357_1353433622028937_2996707900706269194_n.enc?ccb=11- 4&oh=01_AdQY0YyOGKpSIxdxHKmgpVrFZqlRqsGO2Urkvgt7l5QsOw&oe=65F15263&_nc_sid=5e03e0&m ms3=true media_caption=null trim_from=0 mime_type=image/jpeg partial_media_enc_hash=null width=720 original_file_hash=null has_streaming_sidecar=0 autotransfer_retry_enabled=1 media_upload_handle=null message_row_id=30900 multicast_id=null enc_file_hash=kj0LQh+rY8jYGYooXgLQMTAxcdvz/kwwBUvOfJutRQc= mute_video=0 page_count=0 first_scan_sidecar=null suspicious_content=0 file_length=94318 media_name=null media_duration=0 chat_row_id=59 media_key=[B@c00347f
02-12 16:59:06.051 17467 17517 E SQLiteDatabase: android.database.sqlite.SQLiteConstraintException: UNIQUE constraint failed: message_media.message_row_id (code 1555 SQLITE_CONSTRAINT_PRIMARYKEY[1555])
02-12 16:59:06.051 17467 17517 E SQLiteDatabase: at android.database.sqlite.SQLiteConnection.nativeExecuteForLastInsertedRowId(Native Method)
02-12 16:59:06.051 17467 17517 E SQLiteDatabase: at android.database.sqlite.SQLiteConnection.executeForLastInsertedRowId(SQLiteConnecti on.java:1217)
02-12 16:59:06.051 17467 17517 E SQLiteDatabase: at android.database.sqlite.SQLiteSession.executeForLastInsertedRowId(SQLiteSession.jav a:790)
02-12 16:59:06.051 17467 17517 E SQLiteDatabase: at android.database.sqlite.SQLiteStatement.executeInsert(SQLiteStatement.java:88)
02-12 16:59:06.051 17467 17517 E SQLiteDatabase: at android.database.sqlite.SQLiteDatabase.insertWithOnConflict(SQLiteDatabase.java:221 9)
02-12 16:59:06.051 17467 17517 E SQLiteDatabase: at android.database.sqlite.SQLiteDatabase.insert(SQLiteDatabase.java:2088)
02-12 16:59:06.051 17467 17517 E SQLiteDatabase: at X.2tm.A08(Unknown Source:6)
02-12 16:59:06.051 17467 17517 E SQLiteDatabase: at X.35Y.A07(Unknown Source:212)
02-12 16:59:06.051 17467 17517 E SQLiteDatabase: at X.3QF.A14(Unknown Source:470)
02-12 16:59:06.051 17467 17517 E SQLiteDatabase: at X.3gU.run(Unknown Source:982)
02-12 16:59:06.051 17467 17517 E SQLiteDatabase: at android.os.Handler.handleCallback(Handler.java:938)
02-12 16:59:06.051 17467 17517 E SQLiteDatabase: at android.os.Handler.dispatchMessage(Handler.java:99)
02-12 16:59:06.051 17467 17517 E SQLiteDatabase: at X.0zq.dispatchMessage(Unknown Source:4)
02-12 16:59:06.051 17467 17517 E SQLiteDatabase: at android.os.Looper.loop(Looper.java:247)
02-12 16:59:06.051 17467 17517 E SQLiteDatabase: at android.os.HandlerThread.run(HandlerThread.java:67)
02-12 17:10:35.620 17467 17467 W Choreographer: Frame time is 0.186462 ms in the future! Check that graphics HAL is generating vsync timestamps using the correct timebase.
02-12 17:13:39.336 17467 17479 W com.mbwhatsapp: Reducing the number of considered missed Gc histogram windows from 101 to 100
02-12 17:49:46.308 17467 17467 W Choreographer: Frame time is 0.16208 ms in the future! Check that graphics HAL is generating vsync timestamps using the correct timebase. --------- beginning of main
02-12 18:02:12.222 22488 22488 E com.mbwhatsapp: Not starting debugger since process cannot load the jdwp agent. --------- beginning of system
02-12 18:02:12.526 22488 22488 W ActivityThread: Slow operation: 270ms so far, now at handleBindApplication: After mResourcesManager
02-12 18:02:12.527 22488 22488 W ActivityThread: Slow operation: 271ms so far, now at handleBindApplication: Before initStrictMode
02-12 18:02:12.527 22488 22488 W ActivityThread: Slow operation: 272ms so far, now at handleBindApplication: After initStrictMode
02-12 18:02:12.527 22488 22488 W ActivityThread: Slow operation: 272ms so far, now at handleBindApplication: Before HardwareRenderer
02-12 18:02:12.527 22488 22488 W ActivityThread: Slow operation: 272ms so far, now at handleBindApplication: After HardwareRenderer
02-12 18:02:12.846 22488 22488 W System.err: java.lang.ClassNotFoundException: mbmodsd.mbmodsw.ui.views.btn.BtnBK
02-12 18:02:12.848 22488 22488 W System.err: at java.lang.Runtime.nativeLoad(Native Method)
02-12 18:02:12.848 22488 22488 W System.err: at java.lang.Runtime.nativeLoad(Runtime.java:1131)
02-12 18:02:12.848 22488 22488 W System.err: at java.lang.Runtime.loadLibrary0(Runtime.java:1085)
02-12 18:02:12.848 22488 22488 W System.err: at java.lang.Runtime.loadLibrary0(Runtime.java:1008)
02-12 18:02:12.848 22488 22488 W System.err: at java.lang.System.loadLibrary(System.java:1664)
02-12 18:02:12.848 22488 22488 W System.err: at arm.EpicVm.<clinit>(Unknown Source:2)
02-12 18:02:12.848 22488 22488 W System.err: at java.lang.Class.newInstance(Native Method)
02-12 18:02:12.848 22488 22488 W System.err: at android.app.AppComponentFactory.instantiateApplication(AppComponentFactory.java:76)
02-12 18:02:12.848 22488 22488 W System.err: at androidx.core.app.CoreComponentFactory.instantiateApplication(Unknown Source:0)
02-12 18:02:12.848 22488 22488 W System.err: at android.app.Instrumentation.newApplication(Instrumentation.java:1158)
02-12 18:02:12.848 22488 22488 W System.err: at android.app.LoadedApk.makeApplication(LoadedApk.java:1325)
02-12 18:02:12.848 22488 22488 W System.err: at android.app.ActivityThread.handleBindApplication(ActivityThread.java:7566)
02-12 18:02:12.848 22488 22488 W System.err: at android.app.ActivityThread.access$1500(ActivityThread.java:301)
02-12 18:02:12.848 22488 22488 W System.err: at android.app.ActivityThread$H.handleMessage(ActivityThread.java:2177)
02-12 18:02:12.848 22488 22488 W System.err: at android.os.Handler.dispatchMessage(Handler.java:106)
02-12 18:02:12.848 22488 22488 W System.err: at android.os.Looper.loop(Looper.java:247)
02-12 18:02:12.848 22488 22488 W System.err: at android.app.ActivityThread.main(ActivityThread.java:8676)
02-12 18:02:12.848 22488 22488 W System.err: at java.lang.reflect.Method.invoke(Native Method)
02-12 18:02:12.848 22488 22488 W System.err: at com.android.internal.os.RuntimeInit$MethodAndArgsCaller.run(RuntimeInit.java:602)
02-12 18:02:12.848 22488 22488 W System.err: at com.android.internal.os.ZygoteInit.main(ZygoteInit.java:1130)
02-12 18:02:12.903 22488 22488 E CustomActivityOnCrash: IMPORTANT WARNING! You already have an UncaughtExceptionHandler, are you sure this is correct? If you use a custom UncaughtExceptionHandler, you must initialize it AFTER CustomActivityOnCrash! Installing anyway, but your original handler will not be called.
02-12 18:02:13.490 22488 22488 W com.mbwhatsapp: Accessing hidden method Lcom/android/org/conscrypt/OpenSSLSocketImpl;->setUseSessionTickets(Z)V (greylist- max-q,test-api, reflection, denied)
02-12 18:02:13.490 22488 22488 W com.mbwhatsapp: Accessing hidden method Lcom/android/org/conscrypt/AbstractConscryptSocket;->setUseSessionTickets(Z)V (greylist-max-q, reflection, denied)
02-12 18:02:13.585 22488 22488 W linker : Warning: "/data/data/com.mbwhatsapp/files/decompressed/libs.spk.zst/libc++_shared.so" unused DT entry: unknown processor-specific (type 0x70000001 arg 0x0) (ignoring)
02-12 18:02:13.803 22488 22537 W com.mbwhatsapp: Class X.2rL failed lock verification and will run slower.
02-12 18:02:13.803 22488 22537 W com.mbwhatsapp: Common causes for lock verification issues are non-optimized dex code
02-12 18:02:13.803 22488 22537 W com.mbwhatsapp: and incorrect proguard optimizations.
02-12 19:54:23.165 22488 22500 W com.mbwhatsapp: Reducing the number of considered missed Gc histogram windows from 354 to 100
02-12 19:54:23.170 22488 5247 W com.mbwhatsapp: Verification of void X.3e2.run() took 109.202ms (35640.08 bytecodes/s) (101616B approximate peak alloc)
02-12 20:18:00.933 22488 7127 E libc : Access denied finding property "vendor.mali.config"
02-12 20:18:00.987 22488 22488 W com.mbwhatsapp: Class com.mbwhatsapp.HomeActivity failed lock verification and will run slower.
02-12 20:18:00.996 22488 22488 W com.mbwhatsapp: Class X.0eU failed lock verification and will run slower.
02-12 20:18:01.522 22488 22488 E ArmVmp : Match on catch block at 0x0a in for 0xc1
02-12 20:18:01.564 22488 22488 E ArmVmp : Match on catch block at 0x0a in for 0x139
02-12 20:18:01.624 22488 7147 W com.mbwhatsapp: Accessing hidden method Lcom/android/org/conscrypt/ConscryptEngineSocket;->setUseSessionTickets(Z)V (greylist-max-q,test-api, reflection, denied)
02-12 20:18:01.624 22488 7147 W com.mbwhatsapp: Accessing hidden method Lcom/android/org/conscrypt/OpenSSLSocketImpl;->setUseSessionTickets(Z)V (greylist- max-q,test-api, reflection, denied)
02-12 20:18:01.624 22488 7147 W com.mbwhatsapp: Accessing hidden method Lcom/android/org/conscrypt/AbstractConscryptSocket;->setUseSessionTickets(Z)V (greylist-max-q, reflection, denied)
02-12 20:18:01.624 22488 7147 W com.mbwhatsapp: Accessing hidden method Lcom/android/org/conscrypt/ConscryptEngineSocket;->setHostname(Ljava/lang/String;)V (greylist-max-q,test-api, reflection, denied)
02-12 20:18:01.624 22488 7147 W com.mbwhatsapp: Accessing hidden method Lcom/android/org/conscrypt/OpenSSLSocketImpl;->setHostname(Ljava/lang/String;)V (greylist-max-q,test-api, reflection, denied)
02-12 20:18:01.624 22488 7147 W com.mbwhatsapp: Accessing hidden method Lcom/android/org/conscrypt/AbstractConscryptSocket;->setHostname(Ljava/lang/ String;)V (greylist-max-q, reflection, denied)
02-12 20:18:01.624 22488 7147 W com.mbwhatsapp: Accessing hidden method Lcom/android/org/conscrypt/OpenSSLSocketImpl;->setAlpnProtocols([B)V (greylist-max- q,test-api, reflection, denied)
02-12 20:18:01.624 22488 7147 W com.mbwhatsapp: Accessing hidden method Lcom/android/org/conscrypt/AbstractConscryptSocket;->setAlpnProtocols([B)V (greylist-max-q, reflection, denied)
02-12 20:18:01.774 22488 7147 W com.mbwhatsapp: Accessing hidden method Lcom/android/org/conscrypt/OpenSSLSocketImpl;->getAlpnSelectedProtocol()[B (greylist-max-q,test-api, reflection, denied)
02-12 20:18:01.774 22488 7147 W com.mbwhatsapp: Accessing hidden method Lcom/android/org/conscrypt/AbstractConscryptSocket;->getAlpnSelectedProtocol()[B (greylist-max-q, reflection, denied)
02-12 20:18:01.924 22488 7175 W LOTTIE : Animation contains merge paths. Merge paths are only supported on KitKat+ and must be manually enabled by calling enableMergePathsForKitKatAndAbove().
02-12 20:18:02.380 22488 22488 W SQLiteLog: (28) double-quoted string literal: ""
02-12 20:18:03.025 22488 22488 E RecyclerView: No adapter attached; skipping layout
02-12 20:18:03.072 22488 7127 E libc : Access denied finding property "persist.vendor.sf.fbc"
02-12 20:18:03.072 22488 7127 E libc : Access denied finding property "persist.vendor.gpu.fbc"
02-12 20:18:03.072 22488 7127 E libc : Access denied finding property "persist.vendor.vsp.fbc"
02-12 20:18:03.162 22488 22488 W LOTTIE : Animation contains merge paths but they are disabled.
02-12 20:18:03.204 22488 22488 E RecyclerView: No adapter attached; skipping layout
02-12 20:18:03.248 22488 22488 W BottomSheetBehavior: BottomSheetBehavior now supports multiple callbacks. `setBottomSheetCallback()` removes all existing callbacks, including ones set internally by library authors, which may result in unintended behavior. This may change in the future. Please use `addBottomSheetCallback()` and `removeBottomSheetCallback()` instead to set your own callbacks.
02-12 20:18:03.248 22488 22488 W BottomSheetBehavior: BottomSheetBehavior now supports multiple callbacks. `setBottomSheetCallback()` removes all existing callbacks, including ones set internally by library authors, which may result in unintended behavior. This may change in the future. Please use `addBottomSheetCallback()` and `removeBottomSheetCallback()` instead to set your own callbacks.
