02-12 10:53:45.263 10539 10539 E ArmVmp : Match on catch block at 0xc3 in for 0xa1
02-12 10:53:45.755 10539 10539 E ArmVmp : Match on catch block at 0xc3 in for 0xa1
02-12 10:53:45.762 10539 10539 E ArmVmp : Match on catch block at 0xc3 in for 0xa5
02-12 10:53:46.257 10539 10539 E ArmVmp : Match on catch block at 0xc3 in for 0xa5
02-12 10:53:46.263 10539 10539 E ArmVmp : Match on catch block at 0xc3 in for 0xa9
02-12 10:53:46.756 10539 10539 E ArmVmp : Match on catch block at 0xc3 in for 0xa9
02-12 10:53:46.762 10539 10539 E ArmVmp : Match on catch block at 0xc3 in for 0xa1
02-12 10:53:47.257 10539 10539 E ArmVmp : Match on catch block at 0xc3 in for 0xa1
02-12 10:53:47.263 10539 10539 E ArmVmp : Match on catch block at 0xc3 in for 0xa5
02-12 10:53:47.758 10539 10539 E ArmVmp : Match on catch block at 0xc3 in for 0xa5
02-12 10:53:47.765 10539 10539 E ArmVmp : Match on catch block at 0xc3 in for 0xa9
02-12 10:53:48.257 10539 10539 E ArmVmp : Match on catch block at 0xc3 in for 0xa9
02-12 10:53:48.264 10539 10539 E ArmVmp : Match on catch block at 0xc3 in for 0xa1
02-12 10:53:48.758 10539 10539 E ArmVmp : Match on catch block at 0xc3 in for 0xa1
02-12 10:53:48.765 10539 10539 E ArmVmp : Match on catch block at 0xc3 in for 0xa5
02-12 10:53:49.258 10539 10539 E ArmVmp : Match on catch block at 0xc3 in for 0xa5
02-12 10:53:49.265 10539 10539 E ArmVmp : Match on catch block at 0xc3 in for 0xa9
02-12 10:53:49.758 10539 10539 E ArmVmp : Match on catch block at 0xc3 in for 0xa9
02-12 10:53:49.765 10539 10539 E ArmVmp : Match on catch block at 0xc3 in for 0xa1
02-12 10:53:50.258 10539 10539 E ArmVmp : Match on catch block at 0xc3 in for 0xa1
02-12 10:53:50.265 10539 10539 E ArmVmp : Match on catch block at 0xc3 in for 0xa5
02-12 10:53:50.758 10539 10539 E ArmVmp : Match on catch block at 0xc3 in for 0xa5
02-12 10:53:50.765 10539 10539 E ArmVmp : Match on catch block at 0xc3 in for 0xa9
02-12 10:53:51.275 10539 10539 E ArmVmp : Match on catch block at 0xc3 in for 0xa9
02-12 10:53:51.282 10539 10539 E ArmVmp : Match on catch block at 0xc3 in for 0xa1
02-12 10:53:51.775 10539 10539 E ArmVmp : Match on catch block at 0xc3 in for 0xa1
02-12 10:53:51.781 10539 10539 E ArmVmp : Match on catch block at 0xc3 in for 0xa5
02-12 10:53:52.276 10539 10539 E ArmVmp : Match on catch block at 0xc3 in for 0xa5
02-12 10:53:52.282 10539 10539 E ArmVmp : Match on catch block at 0xc3 in for 0xa9
02-12 10:53:52.776 10539 10539 E ArmVmp : Match on catch block at 0xc3 in for 0xa9
02-12 10:53:52.782 10539 10539 E ArmVmp : Match on catch block at 0xc3 in for 0xa1
02-12 10:53:53.277 10539 10539 E ArmVmp : Match on catch block at 0xc3 in for 0xa1
02-12 10:53:53.284 10539 10539 E ArmVmp : Match on catch block at 0xc3 in for 0xa5
02-12 10:53:53.775 10539 10539 E ArmVmp : Match on catch block at 0xc3 in for 0xa5
02-12 10:53:53.782 10539 10539 E ArmVmp : Match on catch block at 0xc3 in for 0xa9
02-12 10:53:54.276 10539 10539 E ArmVmp : Match on catch block at 0xc3 in for 0xa9
02-12 10:53:54.283 10539 10539 E ArmVmp : Match on catch block at 0xc3 in for 0xa1
02-12 10:53:54.776 10539 10539 E ArmVmp : Match on catch block at 0xc3 in for 0xa1
02-12 10:53:54.781 10539 10539 E ArmVmp : Match on catch block at 0xc3 in for 0xa5
02-12 10:53:55.276 10539 10539 E ArmVmp : Match on catch block at 0xc3 in for 0xa5
02-12 10:53:55.281 10539 10539 E ArmVmp : Match on catch block at 0xc3 in for 0xa9
02-12 10:53:55.776 10539 10539 E ArmVmp : Match on catch block at 0xc3 in for 0xa9
02-12 10:53:55.782 10539 10539 E ArmVmp : Match on catch block at 0xc3 in for 0xa1
02-12 10:53:56.277 10539 10539 E ArmVmp : Match on catch block at 0xc3 in for 0xa1
02-12 10:53:56.281 10539 10539 E ArmVmp : Match on catch block at 0xc3 in for 0xa5
02-12 10:53:56.777 10539 10539 E ArmVmp : Match on catch block at 0xc3 in for 0xa5
02-12 10:53:56.783 10539 10539 E ArmVmp : Match on catch block at 0xc3 in for 0xa9
02-12 10:53:57.277 10539 10539 E ArmVmp : Match on catch block at 0xc3 in for 0xa9
02-12 10:53:57.283 10539 10539 E ArmVmp : Match on catch block at 0xc3 in for 0xa1
02-12 10:53:57.778 10539 10539 E ArmVmp : Match on catch block at 0xc3 in for 0xa1
02-12 10:53:57.783 10539 10539 E ArmVmp : Match on catch block at 0xc3 in for 0xa5
02-12 10:53:58.277 10539 10539 E ArmVmp : Match on catch block at 0xc3 in for 0xa5
02-12 10:53:58.280 10539 10539 E ArmVmp : Match on catch block at 0xc3 in for 0xa9
02-12 10:53:58.778 10539 10539 E ArmVmp : Match on catch block at 0xc3 in for 0xa9
02-12 10:53:58.784 10539 10539 E ArmVmp : Match on catch block at 0xc3 in for 0xa1
02-12 10:53:59.277 10539 10539 E ArmVmp : Match on catch block at 0xc3 in for 0xa5
02-12 10:53:59.281 10539 10539 E ArmVmp : Match on catch block at 0xc3 in for 0xa9
02-12 10:53:59.344 10539 10539 E ArmVmp : Match on catch block at 0xc3 in for 0xa9
02-12 10:53:59.348 10539 10539 E ArmVmp : Match on catch block at 0xc3 in for 0xa1
02-12 10:53:59.420 10539 10539 E ArmVmp : Match on catch block at 0xc3 in for 0xa1
02-12 10:53:59.423 10539 10539 E ArmVmp : Match on catch block at 0xc3 in for 0xa5
02-12 10:53:59.430 10539 10539 E ArmVmp : Match on catch block at 0xc3 in for 0xa5
02-12 10:53:59.433 10539 10539 E ArmVmp : Match on catch block at 0xc3 in for 0xa9
02-12 10:54:00.970 10539 10539 W InputEventReceiver: Attempted to finish an input event but the input event receiver has already been disposed.
02-12 10:54:00.972 10539 10539 E ArmVmp : Match on catch block at 0xc3 in for 0xa5
02-12 10:54:00.979 10539 10539 E ArmVmp : Match on catch block at 0xc3 in for 0xa9
02-12 10:54:00.993 10539 10539 E ArmVmp : Match on catch block at 0xc3 in for 0xa9
02-12 10:54:00.996 10539 10539 E ArmVmp : Match on catch block at 0xc3 in for 0xa1
02-12 10:54:01.009 10539 10539 E ArmVmp : Match on catch block at 0xc3 in for 0xa1
02-12 10:54:01.012 10539 10539 E ArmVmp : Match on catch block at 0xc3 in for 0xa5
02-12 10:54:01.038 10539 10539 E ArmVmp : Match on catch block at 0xc3 in for 0xa9
02-12 10:54:01.041 10539 10539 E ArmVmp : Match on catch block at 0xc3 in for 0xa1
02-12 10:54:01.045 10539 10539 E ArmVmp : Match on catch block at 0xc3 in for 0xa1
02-12 10:54:01.048 10539 10539 E ArmVmp : Match on catch block at 0xc3 in for 0xa5
02-12 10:54:01.060 10539 10539 E ArmVmp : Match on catch block at 0xc3 in for 0xa5
02-12 10:54:01.063 10539 10539 E ArmVmp : Match on catch block at 0xc3 in for 0xa9
02-12 10:54:01.076 10539 10539 E ArmVmp : Match on catch block at 0xc3 in for 0xa9
02-12 10:54:01.080 10539 10539 E ArmVmp : Match on catch block at 0xc3 in for 0xa1
02-12 10:54:01.093 10539 10539 E ArmVmp : Match on catch block at 0xc3 in for 0xa1
02-12 10:54:01.096 10539 10539 E ArmVmp : Match on catch block at 0xc3 in for 0xa5
02-12 10:54:01.110 10539 10539 E ArmVmp : Match on catch block at 0xc3 in for 0xa5
02-12 10:54:01.112 10539 10539 E ArmVmp : Match on catch block at 0xc3 in for 0xa9
02-12 10:54:01.206 10539 10539 E ArmVmp : Match on catch block at 0xc3 in for 0xa1
02-12 10:54:01.210 10539 10539 E ArmVmp : Match on catch block at 0xc3 in for 0xa5
02-12 10:54:01.226 10539 10539 E ArmVmp : Match on catch block at 0xc3 in for 0xa5
02-12 10:54:01.230 10539 10539 E ArmVmp : Match on catch block at 0xc3 in for 0xa9
02-12 10:54:01.243 10539 10539 E ArmVmp : Match on catch block at 0xc3 in for 0xa9
02-12 10:54:01.248 10539 10539 E ArmVmp : Match on catch block at 0xc3 in for 0xa1
02-12 10:54:01.285 10539 10539 W SoundPool: Use of stream types is deprecated for operations other than volume control
02-12 10:54:01.285 10539 10539 W SoundPool: See the documentation of SoundPool() for what to use instead with android.media.AudioAttributes to qualify your playback use case
02-12 10:54:01.729 10539 10539 E ArmVmp : Match on catch block at 0xc3 in for 0xa5
02-12 10:54:01.733 10539 10539 E ArmVmp : Match on catch block at 0xc3 in for 0xa9
02-12 10:54:02.211 10539 10539 E ArmVmp : Match on catch block at 0xc3 in for 0xa1
02-12 10:54:02.214 10539 10539 E ArmVmp : Match on catch block at 0xc3 in for 0xa5
02-12 10:54:02.364 10539 10539 W BottomSheetBehavior: BottomSheetBehavior now supports multiple callbacks. `setBottomSheetCallback()` removes all existing callbacks, including ones set internally by library authors, which may result in unintended behavior. This may change in the future. Please use `addBottomSheetCallback()` and `removeBottomSheetCallback()` instead to set your own callbacks.
02-12 10:54:02.720 10539 18205 W libOpenSLES: Conversion from OpenSL ES positional channel mask 0x4 to Android mask 0 loses channels
02-12 10:54:03.451 10539 10539 E ArmVmp : Match on catch block at 0xc3 in for 0xa1
02-12 10:54:03.453 10539 10539 E ArmVmp : Match on catch block at 0xc3 in for 0xa5
02-12 10:54:03.505 10539 10539 E ArmVmp : Match on catch block at 0xc3 in for 0xa5
02-12 10:54:03.508 10539 10539 E ArmVmp : Match on catch block at 0xc3 in for 0xa9
02-12 10:54:03.534 10539 10539 E ArmVmp : Match on catch block at 0xc3 in for 0xa9
02-12 10:54:03.536 10539 10539 E ArmVmp : Match on catch block at 0xc3 in for 0xa1
02-12 10:54:03.572 10539 10539 E ArmVmp : Match on catch block at 0xc3 in for 0xa5
02-12 10:54:03.575 10539 10539 E ArmVmp : Match on catch block at 0xc3 in for 0xa9
02-12 10:54:03.619 10539 10539 E ArmVmp : Match on catch block at 0xc3 in for 0xa9
02-12 10:54:03.623 10539 10539 E ArmVmp : Match on catch block at 0xc3 in for 0xa1
02-12 10:54:03.626 10539 10539 E ArmVmp : Match on catch block at 0xc3 in for 0xa1
02-12 10:54:03.633 10539 10539 E ArmVmp : Match on catch block at 0xc3 in for 0xa5
02-12 10:54:03.638 10539 10539 E ArmVmp : Match on catch block at 0xc3 in for 0xa5
02-12 10:54:03.642 10539 10539 E ArmVmp : Match on catch block at 0xc3 in for 0xa9
02-12 10:54:03.674 10539 10539 E ArmVmp : Match on catch block at 0xc3 in for 0xa9
02-12 10:54:03.676 10539 10539 E ArmVmp : Match on catch block at 0xc3 in for 0xa1
02-12 10:54:03.696 10539 10539 E ArmVmp : Match on catch block at 0xc3 in for 0xa1
02-12 10:54:03.699 10539 10539 E ArmVmp : Match on catch block at 0xc3 in for 0xa5
02-12 10:54:03.712 10539 10539 E ArmVmp : Match on catch block at 0xc3 in for 0xa5
02-12 10:54:03.714 10539 10539 E ArmVmp : Match on catch block at 0xc3 in for 0xa9
02-12 10:54:03.728 10539 10539 E ArmVmp : Match on catch block at 0xc3 in for 0xa9
02-12 10:54:03.730 10539 10539 E ArmVmp : Match on catch block at 0xc3 in for 0xa1
02-12 10:54:03.745 10539 10539 E ArmVmp : Match on catch block at 0xc3 in for 0xa1
02-12 10:54:03.747 10539 10539 E ArmVmp : Match on catch block at 0xc3 in for 0xa5
02-12 10:54:07.284 10539 10539 E ArmVmp : Match on catch block at 0xc3 in for 0xa9
02-12 10:54:07.286 10539 10539 E ArmVmp : Match on catch block at 0xc3 in for 0xa1
02-12 10:54:07.290 10539 10539 W IInputConnectionWrapper: requestCursorAnchorInfo on inactive InputConnection
02-12 10:54:07.298 10539 10539 E ArmVmp : Match on catch block at 0xc3 in for 0xa9
02-12 10:54:07.301 10539 10539 E ArmVmp : Match on catch block at 0xc3 in for 0xa1
02-12 10:55:50.519 10539 10553 W System : A resource failed to call close.
02-12 10:57:10.352 10539 10539 E ArmVmp : Match on catch block at 0x0a in for 0xc9
02-12 10:57:10.358 10539 10539 E ArmVmp : Match on catch block at 0x0a in for 0xc5
02-12 10:57:10.432 10539 10539 E ArmVmp : Match on catch block at 0xc3 in for 0xa1
02-12 10:57:10.438 10539 10539 E ArmVmp : Match on catch block at 0xc3 in for 0xa5
02-12 10:57:10.509 10539 10539 E ArmVmp : Match on catch block at 0xc3 in for 0xa5
02-12 10:57:10.513 10539 10539 E ArmVmp : Match on catch block at 0xc3 in for 0xa9
02-12 10:57:10.529 10539 10539 E ArmVmp : Match on catch block at 0xc3 in for 0xa9
02-12 10:57:10.532 10539 10539 E ArmVmp : Match on catch block at 0xc3 in for 0xa1
02-12 10:57:10.581 10539 10539 E ArmVmp : Match on catch block at 0xc3 in for 0xa5
02-12 10:57:10.584 10539 10539 E ArmVmp : Match on catch block at 0xc3 in for 0xa9
02-12 10:57:10.590 10539 10539 E ArmVmp : Match on catch block at 0xc3 in for 0xa9
02-12 10:57:10.593 10539 10539 E ArmVmp : Match on catch block at 0xc3 in for 0xa1
02-12 10:57:10.602 10539 10539 E ArmVmp : Match on catch block at 0xc3 in for 0xa1
02-12 10:57:10.607 10539 10539 E ArmVmp : Match on catch block at 0xc3 in for 0xa5
02-12 10:57:10.619 10539 10539 E ArmVmp : Match on catch block at 0xc3 in for 0xa5
02-12 10:57:10.622 10539 10539 E ArmVmp : Match on catch block at 0xc3 in for 0xa9
02-12 10:57:10.636 10539 10539 E ArmVmp : Match on catch block at 0xc3 in for 0xa9
02-12 10:57:10.639 10539 10539 E ArmVmp : Match on catch block at 0xc3 in for 0xa1
02-12 10:57:10.656 10539 10539 E ArmVmp : Match on catch block at 0xc3 in for 0xa1
02-12 10:57:10.660 10539 10539 E ArmVmp : Match on catch block at 0xc3 in for 0xa5
02-12 10:57:10.669 10539 10539 E ArmVmp : Match on catch block at 0xc3 in for 0xa5
02-12 10:57:10.672 10539 10539 E ArmVmp : Match on catch block at 0xc3 in for 0xa9
02-12 10:57:10.685 10539 10539 E ArmVmp : Match on catch block at 0xc3 in for 0xa9
02-12 10:57:10.687 10539 10539 E ArmVmp : Match on catch block at 0xc3 in for 0xa1
02-12 10:57:10.703 10539 10539 E ArmVmp : Match on catch block at 0xc3 in for 0xa1
02-12 10:57:10.707 10539 10539 E ArmVmp : Match on catch block at 0xc3 in for 0xa5
02-12 10:57:10.720 10539 10539 E ArmVmp : Match on catch block at 0xc3 in for 0xa5
02-12 10:57:10.725 10539 10539 E ArmVmp : Match on catch block at 0xc3 in for 0xa9
02-12 10:57:10.737 10539 10539 E ArmVmp : Match on catch block at 0xc3 in for 0xa9
02-12 10:57:10.741 10539 10539 E ArmVmp : Match on catch block at 0xc3 in for 0xa1
02-12 10:57:11.053 10539 10539 E ArmVmp : Match on catch block at 0xc3 in for 0xa1
02-12 10:57:11.058 10539 10539 E ArmVmp : Match on catch block at 0xc3 in for 0xa5
02-12 10:57:11.204 10539 10539 E ArmVmp : Match on catch block at 0xc3 in for 0xa5
02-12 10:57:11.209 10539 10539 E ArmVmp : Match on catch block at 0xc3 in for 0xa9
02-12 10:57:11.221 10539 10539 E ArmVmp : Match on catch block at 0xc3 in for 0xa9
02-12 10:57:11.226 10539 10539 E ArmVmp : Match on catch block at 0xc3 in for 0xa1
02-12 10:57:11.237 10539 10539 E ArmVmp : Match on catch block at 0xc3 in for 0xa1
02-12 10:57:11.241 10539 10539 E ArmVmp : Match on catch block at 0xc3 in for 0xa5
02-12 10:57:11.254 10539 10539 E ArmVmp : Match on catch block at 0xc3 in for 0xa5
02-12 10:57:11.259 10539 10539 E ArmVmp : Match on catch block at 0xc3 in for 0xa9
02-12 10:57:11.270 10539 10539 E ArmVmp : Match on catch block at 0xc3 in for 0xa9
02-12 10:57:11.275 10539 10539 E ArmVmp : Match on catch block at 0xc3 in for 0xa1
02-12 10:57:11.286 10539 10539 E ArmVmp : Match on catch block at 0xc3 in for 0xa1
02-12 10:57:11.292 10539 10539 E ArmVmp : Match on catch block at 0xc3 in for 0xa5
02-12 10:57:11.303 10539 10539 E ArmVmp : Match on catch block at 0xc3 in for 0xa5
02-12 10:57:11.309 10539 10539 E ArmVmp : Match on catch block at 0xc3 in for 0xa9
02-12 10:57:11.320 10539 10539 E ArmVmp : Match on catch block at 0xc3 in for 0xa9
02-12 10:57:11.325 10539 10539 E ArmVmp : Match on catch block at 0xc3 in for 0xa1
02-12 10:57:11.337 10539 10539 E ArmVmp : Match on catch block at 0xc3 in for 0xa1
02-12 10:57:11.341 10539 10539 E ArmVmp : Match on catch block at 0xc3 in for 0xa5
02-12 10:57:11.353 10539 10539 E ArmVmp : Match on catch block at 0xc3 in for 0xa5
02-12 10:57:11.357 10539 10539 E ArmVmp : Match on catch block at 0xc3 in for 0xa9
02-12 10:57:11.370 10539 10539 E ArmVmp : Match on catch block at 0xc3 in for 0xa9
02-12 10:57:11.374 10539 10539 E ArmVmp : Match on catch block at 0xc3 in for 0xa1
02-12 10:57:11.386 10539 10539 E ArmVmp : Match on catch block at 0xc3 in for 0xa1
02-12 10:57:11.390 10539 10539 E ArmVmp : Match on catch block at 0xc3 in for 0xa5
02-12 10:57:11.403 10539 10539 E ArmVmp : Match on catch block at 0xc3 in for 0xa5
02-12 10:57:11.407 10539 10539 E ArmVmp : Match on catch block at 0xc3 in for 0xa9
02-12 10:57:11.420 10539 10539 E ArmVmp : Match on catch block at 0xc3 in for 0xa9
02-12 10:57:11.424 10539 10539 E ArmVmp : Match on catch block at 0xc3 in for 0xa1
02-12 10:57:11.437 10539 10539 E ArmVmp : Match on catch block at 0xc3 in for 0xa1
02-12 10:57:11.441 10539 10539 E ArmVmp : Match on catch block at 0xc3 in for 0xa5
02-12 10:57:11.454 10539 10539 E ArmVmp : Match on catch block at 0xc3 in for 0xa5
02-12 10:57:11.459 10539 10539 E ArmVmp : Match on catch block at 0xc3 in for 0xa9
02-12 10:57:11.470 10539 10539 E ArmVmp : Match on catch block at 0xc3 in for 0xa9
02-12 10:57:11.475 10539 10539 E ArmVmp : Match on catch block at 0xc3 in for 0xa1
02-12 10:57:11.487 10539 10539 E ArmVmp : Match on catch block at 0xc3 in for 0xa1
02-12 10:57:11.491 10539 10539 E ArmVmp : Match on catch block at 0xc3 in for 0xa5
02-12 10:57:11.503 10539 10539 E ArmVmp : Match on catch block at 0xc3 in for 0xa5
02-12 10:57:11.508 10539 10539 E ArmVmp : Match on catch block at 0xc3 in for 0xa9
02-12 10:57:11.554 10539 10539 E ArmVmp : Match on catch block at 0xc3 in for 0xa9
02-12 10:57:11.558 10539 10539 E ArmVmp : Match on catch block at 0xc3 in for 0xa1
02-12 10:57:12.054 10539 10539 E ArmVmp : Match on catch block at 0xc3 in for 0xa1
02-12 10:57:12.059 10539 10539 E ArmVmp : Match on catch block at 0xc3 in for 0xa5
02-12 10:57:12.087 10539 10539 E ArmVmp : Match on catch block at 0xc3 in for 0xa5
02-12 10:57:12.092 10539 10539 E ArmVmp : Match on catch block at 0xc3 in for 0xa9
02-12 10:57:12.104 10539 10539 E ArmVmp : Match on catch block at 0xc3 in for 0xa9
02-12 10:57:12.110 10539 10539 E ArmVmp : Match on catch block at 0xc3 in for 0xa1
02-12 10:57:12.121 10539 10539 E ArmVmp : Match on catch block at 0xc3 in for 0xa1
02-12 10:57:12.126 10539 10539 E ArmVmp : Match on catch block at 0xc3 in for 0xa5
02-12 10:57:12.137 10539 10539 E ArmVmp : Match on catch block at 0xc3 in for 0xa5
02-12 10:57:12.142 10539 10539 E ArmVmp : Match on catch block at 0xc3 in for 0xa9
02-12 10:57:12.154 10539 10539 E ArmVmp : Match on catch block at 0xc3 in for 0xa9
02-12 10:57:12.158 10539 10539 E ArmVmp : Match on catch block at 0xc3 in for 0xa1
02-12 10:57:12.170 10539 10539 E ArmVmp : Match on catch block at 0xc3 in for 0xa1
02-12 10:57:12.175 10539 10539 E ArmVmp : Match on catch block at 0xc3 in for 0xa5
02-12 10:57:12.187 10539 10539 E ArmVmp : Match on catch block at 0xc3 in for 0xa5
02-12 10:57:12.192 10539 10539 E ArmVmp : Match on catch block at 0xc3 in for 0xa9
02-12 10:57:12.204 10539 10539 E ArmVmp : Match on catch block at 0xc3 in for 0xa9
02-12 10:57:12.209 10539 10539 E ArmVmp : Match on catch block at 0xc3 in for 0xa1
02-12 10:57:12.220 10539 10539 E ArmVmp : Match on catch block at 0xc3 in for 0xa1
02-12 10:57:12.225 10539 10539 E ArmVmp : Match on catch block at 0xc3 in for 0xa5
02-12 10:57:12.237 10539 10539 E ArmVmp : Match on catch block at 0xc3 in for 0xa5
02-12 10:57:12.241 10539 10539 E ArmVmp : Match on catch block at 0xc3 in for 0xa9
02-12 10:57:12.254 10539 10539 E ArmVmp : Match on catch block at 0xc3 in for 0xa9
02-12 10:57:12.258 10539 10539 E ArmVmp : Match on catch block at 0xc3 in for 0xa1
02-12 10:57:12.270 10539 10539 E ArmVmp : Match on catch block at 0xc3 in for 0xa1
02-12 10:57:12.275 10539 10539 E ArmVmp : Match on catch block at 0xc3 in for 0xa5
02-12 10:57:12.287 10539 10539 E ArmVmp : Match on catch block at 0xc3 in for 0xa5
02-12 10:57:12.292 10539 10539 E ArmVmp : Match on catch block at 0xc3 in for 0xa9
02-12 10:57:12.303 10539 10539 E ArmVmp : Match on catch block at 0xc3 in for 0xa9
02-12 10:57:12.308 10539 10539 E ArmVmp : Match on catch block at 0xc3 in for 0xa1
02-12 10:57:12.320 10539 10539 E ArmVmp : Match on catch block at 0xc3 in for 0xa1
02-12 10:57:12.324 10539 10539 E ArmVmp : Match on catch block at 0xc3 in for 0xa5
02-12 10:57:12.337 10539 10539 E ArmVmp : Match on catch block at 0xc3 in for 0xa5
02-12 10:57:12.342 10539 10539 E ArmVmp : Match on catch block at 0xc3 in for 0xa9
02-12 10:57:12.353 10539 10539 E ArmVmp : Match on catch block at 0xc3 in for 0xa9
02-12 10:57:12.357 10539 10539 E ArmVmp : Match on catch block at 0xc3 in for 0xa1
02-12 10:57:12.554 10539 10539 E ArmVmp : Match on catch block at 0xc3 in for 0xa1
02-12 10:57:12.559 10539 10539 E ArmVmp : Match on catch block at 0xc3 in for 0xa5
02-12 10:57:13.003 10539 10539 E ArmVmp : Match on catch block at 0xc3 in for 0xa5
02-12 10:57:13.010 10539 10539 E ArmVmp : Match on catch block at 0xc3 in for 0xa9
02-12 10:57:13.456 10539 10539 E ArmVmp : Match on catch block at 0xc3 in for 0xa9
02-12 10:57:13.461 10539 10539 E ArmVmp : Match on catch block at 0xc3 in for 0xa1
02-12 10:57:18.857 10539 10553 W System : A resource failed to call release.
02-12 11:36:05.391 10539 10539 W SoundPool: Use of stream types is deprecated for operations other than volume control
02-12 11:36:05.391 10539 10539 W SoundPool: See the documentation of SoundPool() for what to use instead with android.media.AudioAttributes to qualify your playback use case
02-12 11:36:06.103 10539 10555 W MediaPlayerNative: info/warning (10973, 0)
02-12 11:36:13.767 10539 10539 W BottomSheetBehavior: BottomSheetBehavior now supports multiple callbacks. `setBottomSheetCallback()` removes all existing callbacks, including ones set internally by library authors, which may result in unintended behavior. This may change in the future. Please use `addBottomSheetCallback()` and `removeBottomSheetCallback()` instead to set your own callbacks.
02-12 11:36:14.522 10539 4471 W libOpenSLES: Conversion from OpenSL ES positional channel mask 0x4 to Android mask 0 loses channels
02-12 11:36:15.151 10539 10553 W System : A resource failed to call close.
02-12 11:36:15.152 10539 10553 W System : A resource failed to call close.
02-12 11:38:56.751 10539 10539 E ArmVmp : Match on catch block at 0x0a in for 0xc5
02-12 11:38:56.757 10539 10539 E ArmVmp : Match on catch block at 0x0a in for 0xc1
02-12 11:38:57.047 10539 10539 E ArmVmp : Match on catch block at 0xc3 in for 0xa9
02-12 11:38:57.064 10539 10539 E ArmVmp : Match on catch block at 0xc3 in for 0xa1
02-12 11:38:57.216 10539 10539 E ArmVmp : Match on catch block at 0xc3 in for 0xa9
02-12 11:38:57.219 10539 10539 E ArmVmp : Match on catch block at 0xc3 in for 0xa1
02-12 11:38:57.298 10539 10539 E ArmVmp : Match on catch block at 0xc3 in for 0xa5
02-12 11:38:57.302 10539 10539 E ArmVmp : Match on catch block at 0xc3 in for 0xa9
02-12 11:38:57.343 10539 10599 E SQLiteDatabase: Error inserting transferred=1 media_job_uuid=fcf9d527-b9c2-4133-91e3-8cc39170f536 transcoded=0 gif_attribution=0 first_scan_length=3188 direct_path=/v/t62.7118- 24/19262577_315279028184732_7226110082420372050_n.enc?ccb=11-4&oh=01_AdQIgE9T- 9zKU5QDKDzEVHB-F57wu6_E93-cs7GJBEfX1g&oe=65F11188&_nc_sid=5e03e0 thumbnail_height_width_ratio=0.44791666 is_animated_sticker=0 file_hash=PC1WinbnZeK6pffqoIils3jFrUF6QJt6PmVnuYHa7mQ= file_path=Media/.Statuses/dcbb872796c94b51b79e9445d9a64215.jpg file_size=26319 partial_media_hash=Awp5YrOEnyKT6o7XRvB+D4LCkWozU6MIRA2mXapSliA= face_x=0 face_y=0 height=486 trim_to=0 media_key_timestamp=1707712649000 message_url=https://mmg.whatsapp.net/v/t62.7118- 24/19262577_315279028184732_7226110082420372050_n.enc?ccb=11-4&oh=01_AdQIgE9T- 9zKU5QDKDzEVHB-F57wu6_E93-cs7GJBEfX1g&oe=65F11188&_nc_sid=5e03e0&mms3=true media_caption=null trim_from=0 mime_type=image/jpeg partial_media_enc_hash=null width=1080 original_file_hash=null has_streaming_sidecar=1 autotransfer_retry_enabled=1 media_upload_handle=null message_row_id=30867 multicast_id=null enc_file_hash=1pOPiKcSmG7GVgWYAKF8bVCmMk28FkeZcx2Yr2BWUDQ= mute_video=0 page_count=0 first_scan_sidecar=[B@7cd89cb suspicious_content=0 file_length=26319 media_name=null media_duration=0 chat_row_id=59 media_key=[B@81b5a8
02-12 11:38:57.343 10539 10599 E SQLiteDatabase: android.database.sqlite.SQLiteConstraintException: UNIQUE constraint failed: message_media.message_row_id (code 1555 SQLITE_CONSTRAINT_PRIMARYKEY[1555])
02-12 11:38:57.343 10539 10599 E SQLiteDatabase: at android.database.sqlite.SQLiteConnection.nativeExecuteForLastInsertedRowId(Native Method)
02-12 11:38:57.343 10539 10599 E SQLiteDatabase: at android.database.sqlite.SQLiteConnection.executeForLastInsertedRowId(SQLiteConnecti on.java:1217)
02-12 11:38:57.343 10539 10599 E SQLiteDatabase: at android.database.sqlite.SQLiteSession.executeForLastInsertedRowId(SQLiteSession.jav a:790)
02-12 11:38:57.343 10539 10599 E SQLiteDatabase: at android.database.sqlite.SQLiteStatement.executeInsert(SQLiteStatement.java:88)
02-12 11:38:57.343 10539 10599 E SQLiteDatabase: at android.database.sqlite.SQLiteDatabase.insertWithOnConflict(SQLiteDatabase.java:221 9)
02-12 11:38:57.343 10539 10599 E SQLiteDatabase: at android.database.sqlite.SQLiteDatabase.insert(SQLiteDatabase.java:2088)
02-12 11:38:57.343 10539 10599 E SQLiteDatabase: at X.2tm.A08(Unknown Source:6)
02-12 11:38:57.343 10539 10599 E SQLiteDatabase: at X.35Y.A07(Unknown Source:212)
02-12 11:38:57.343 10539 10599 E SQLiteDatabase: at X.3QF.A14(Unknown Source:470)
02-12 11:38:57.343 10539 10599 E SQLiteDatabase: at X.3gU.run(Unknown Source:982)
02-12 11:38:57.343 10539 10599 E SQLiteDatabase: at android.os.Handler.handleCallback(Handler.java:938)
02-12 11:38:57.343 10539 10599 E SQLiteDatabase: at android.os.Handler.dispatchMessage(Handler.java:99)
02-12 11:38:57.343 10539 10599 E SQLiteDatabase: at X.0zq.dispatchMessage(Unknown Source:4)
02-12 11:38:57.343 10539 10599 E SQLiteDatabase: at android.os.Looper.loop(Looper.java:247)
02-12 11:38:57.343 10539 10599 E SQLiteDatabase: at android.os.HandlerThread.run(HandlerThread.java:67)
02-12 11:38:57.780 10539 10539 E ArmVmp : Match on catch block at 0xc3 in for 0xa5
02-12 11:38:57.783 10539 10539 E ArmVmp : Match on catch block at 0xc3 in for 0xa9
02-12 11:38:57.797 10539 10539 E ArmVmp : Match on catch block at 0xc3 in for 0xa9
02-12 11:38:57.800 10539 10539 E ArmVmp : Match on catch block at 0xc3 in for 0xa1
02-12 11:38:57.814 10539 10539 E ArmVmp : Match on catch block at 0xc3 in for 0xa1
02-12 11:38:57.816 10539 10539 E ArmVmp : Match on catch block at 0xc3 in for 0xa5
02-12 11:38:57.830 10539 10539 E ArmVmp : Match on catch block at 0xc3 in for 0xa5
02-12 11:38:57.833 10539 10539 E ArmVmp : Match on catch block at 0xc3 in for 0xa9
02-12 11:38:57.848 10539 10539 E ArmVmp : Match on catch block at 0xc3 in for 0xa9
02-12 11:38:57.851 10539 10539 E ArmVmp : Match on catch block at 0xc3 in for 0xa1
02-12 11:38:57.864 10539 10539 E ArmVmp : Match on catch block at 0xc3 in for 0xa1
02-12 11:38:57.867 10539 10539 E ArmVmp : Match on catch block at 0xc3 in for 0xa5
02-12 11:38:57.881 10539 10539 E ArmVmp : Match on catch block at 0xc3 in for 0xa5
02-12 11:38:57.884 10539 10539 E ArmVmp : Match on catch block at 0xc3 in for 0xa9
02-12 11:38:57.898 10539 10539 E ArmVmp : Match on catch block at 0xc3 in for 0xa9
02-12 11:38:57.902 10539 10539 E ArmVmp : Match on catch block at 0xc3 in for 0xa1
02-12 11:38:57.916 10539 10539 E ArmVmp : Match on catch block at 0xc3 in for 0xa1
02-12 11:38:57.919 10539 10539 E ArmVmp : Match on catch block at 0xc3 in for 0xa5
02-12 11:38:57.932 10539 10539 E ArmVmp : Match on catch block at 0xc3 in for 0xa5
02-12 11:38:57.936 10539 10539 E ArmVmp : Match on catch block at 0xc3 in for 0xa9
02-12 11:38:57.948 10539 10539 E ArmVmp : Match on catch block at 0xc3 in for 0xa9
02-12 11:38:57.951 10539 10539 E ArmVmp : Match on catch block at 0xc3 in for 0xa1
02-12 11:38:57.965 10539 10539 E ArmVmp : Match on catch block at 0xc3 in for 0xa1
02-12 11:38:57.969 10539 10539 E ArmVmp : Match on catch block at 0xc3 in for 0xa5
02-12 11:38:57.981 10539 10539 E ArmVmp : Match on catch block at 0xc3 in for 0xa5
02-12 11:38:57.984 10539 10539 E ArmVmp : Match on catch block at 0xc3 in for 0xa9
02-12 11:38:57.998 10539 10539 E ArmVmp : Match on catch block at 0xc3 in for 0xa9
02-12 11:38:58.002 10539 10539 E ArmVmp : Match on catch block at 0xc3 in for 0xa1
02-12 11:38:58.015 10539 10539 E ArmVmp : Match on catch block at 0xc3 in for 0xa1
02-12 11:38:58.019 10539 10539 E ArmVmp : Match on catch block at 0xc3 in for 0xa5
02-12 11:38:58.032 10539 10539 E ArmVmp : Match on catch block at 0xc3 in for 0xa5
02-12 11:38:58.036 10539 10539 E ArmVmp : Match on catch block at 0xc3 in for 0xa9
02-12 11:38:58.049 10539 10539 E ArmVmp : Match on catch block at 0xc3 in for 0xa9
02-12 11:38:58.052 10539 10539 E ArmVmp : Match on catch block at 0xc3 in for 0xa1
02-12 11:38:58.065 10539 10539 E ArmVmp : Match on catch block at 0xc3 in for 0xa1
02-12 11:38:58.069 10539 10539 E ArmVmp : Match on catch block at 0xc3 in for 0xa5
02-12 11:38:58.082 10539 10539 E ArmVmp : Match on catch block at 0xc3 in for 0xa5
02-12 11:38:58.085 10539 10539 E ArmVmp : Match on catch block at 0xc3 in for 0xa9
02-12 11:38:58.815 10539 10539 E ArmVmp : Match on catch block at 0xc3 in for 0xa9
02-12 11:38:58.819 10539 10539 E ArmVmp : Match on catch block at 0xc3 in for 0xa1
02-12 11:38:58.831 10539 10539 E ArmVmp : Match on catch block at 0xc3 in for 0xa1
02-12 11:38:58.835 10539 10539 E ArmVmp : Match on catch block at 0xc3 in for 0xa5
02-12 11:38:58.848 10539 10539 E ArmVmp : Match on catch block at 0xc3 in for 0xa5
02-12 11:38:58.852 10539 10539 E ArmVmp : Match on catch block at 0xc3 in for 0xa9
02-12 11:38:58.866 10539 10539 E ArmVmp : Match on catch block at 0xc3 in for 0xa9
02-12 11:38:58.878 10539 10539 E ArmVmp : Match on catch block at 0xc3 in for 0xa1
02-12 11:38:58.883 10539 10539 E ArmVmp : Match on catch block at 0xc3 in for 0xa1
02-12 11:38:58.887 10539 10539 E ArmVmp : Match on catch block at 0xc3 in for 0xa5
02-12 11:38:58.899 10539 10539 E ArmVmp : Match on catch block at 0xc3 in for 0xa5
02-12 11:38:58.902 10539 10539 E ArmVmp : Match on catch block at 0xc3 in for 0xa9
02-12 11:38:58.916 10539 10539 E ArmVmp : Match on catch block at 0xc3 in for 0xa9
02-12 11:38:58.919 10539 10539 E ArmVmp : Match on catch block at 0xc3 in for 0xa1
02-12 11:38:58.931 10539 10539 E ArmVmp : Match on catch block at 0xc3 in for 0xa1
02-12 11:38:58.935 10539 10539 E ArmVmp : Match on catch block at 0xc3 in for 0xa5
02-12 11:38:58.948 10539 10539 E ArmVmp : Match on catch block at 0xc3 in for 0xa5
02-12 11:38:58.952 10539 10539 E ArmVmp : Match on catch block at 0xc3 in for 0xa9
02-12 11:38:58.964 10539 10539 E ArmVmp : Match on catch block at 0xc3 in for 0xa9
02-12 11:38:58.968 10539 10539 E ArmVmp : Match on catch block at 0xc3 in for 0xa1
02-12 11:38:58.981 10539 10539 E ArmVmp : Match on catch block at 0xc3 in for 0xa1
02-12 11:38:58.985 10539 10539 E ArmVmp : Match on catch block at 0xc3 in for 0xa5
02-12 11:38:58.999 10539 10539 E ArmVmp : Match on catch block at 0xc3 in for 0xa5
02-12 11:38:59.004 10539 10539 E ArmVmp : Match on catch block at 0xc3 in for 0xa9
02-12 11:38:59.015 10539 10539 E ArmVmp : Match on catch block at 0xc3 in for 0xa9
02-12 11:38:59.019 10539 10539 E ArmVmp : Match on catch block at 0xc3 in for 0xa1
02-12 11:38:59.032 10539 10539 E ArmVmp : Match on catch block at 0xc3 in for 0xa1
02-12 11:38:59.036 10539 10539 E ArmVmp : Match on catch block at 0xc3 in for 0xa5
02-12 11:38:59.048 10539 10539 E ArmVmp : Match on catch block at 0xc3 in for 0xa5
02-12 11:38:59.052 10539 10539 E ArmVmp : Match on catch block at 0xc3 in for 0xa9
02-12 11:38:59.090 10539 10539 E ArmVmp : Match on catch block at 0xc3 in for 0xa9
02-12 11:38:59.092 10539 10539 E ArmVmp : Match on catch block at 0xc3 in for 0xa1
02-12 11:38:59.135 10539 10539 E ArmVmp : Match on catch block at 0xc3 in for 0xa1
02-12 11:38:59.138 10539 10539 E ArmVmp : Match on catch block at 0xc3 in for 0xa5
02-12 11:38:59.147 10539 10539 E ViewRootImpl: sendUserActionEvent() mView returned.
02-12 11:38:59.183 10539 10539 E ArmVmp : Match on catch block at 0xc3 in for 0xa9
02-12 11:38:59.185 10539 10539 E ArmVmp : Match on catch block at 0xc3 in for 0xa1
02-12 11:38:59.665 10539 10539 E ArmVmp : Match on catch block at 0xc3 in for 0xa1
02-12 11:38:59.667 10539 10539 E ArmVmp : Match on catch block at 0xc3 in for 0xa5
02-12 11:38:59.852 10539 10539 E ArmVmp : Match on catch block at 0xc3 in for 0xa5
02-12 11:38:59.856 10539 10539 E ArmVmp : Match on catch block at 0xc3 in for 0xa9
02-12 11:38:59.865 10539 10539 E ArmVmp : Match on catch block at 0xc3 in for 0xa9
02-12 11:38:59.868 10539 10539 E ArmVmp : Match on catch block at 0xc3 in for 0xa1
02-12 11:38:59.955 10539 10539 E ArmVmp : Match on catch block at 0xc3 in for 0xa1
02-12 11:38:59.957 10539 10539 E ArmVmp : Match on catch block at 0xc3 in for 0xa5
02-12 11:39:00.561 10539 10539 E ArmVmp : Match on catch block at 0xc3 in for 0xa9
02-12 11:39:00.563 10539 10539 E ArmVmp : Match on catch block at 0xc3 in for 0xa1
02-12 11:39:02.472 10539 10539 W BottomSheetBehavior: BottomSheetBehavior now supports multiple callbacks. `setBottomSheetCallback()` removes all existing callbacks, including ones set internally by library authors, which may result in unintended behavior. This may change in the future. Please use `addBottomSheetCallback()` and `removeBottomSheetCallback()` instead to set your own callbacks.
02-12 11:39:02.472 10539 10539 W BottomSheetBehavior: BottomSheetBehavior now supports multiple callbacks. `setBottomSheetCallback()` removes all existing callbacks, including ones set internally by library authors, which may result in unintended behavior. This may change in the future. Please use `addBottomSheetCallback()` and `removeBottomSheetCallback()` instead to set your own callbacks.
02-12 11:39:02.494 10539 10539 E RecyclerView: No adapter attached; skipping layout
02-12 11:39:03.959 10539 10539 E ViewRootImpl: sendUserActionEvent() mView returned.
02-12 11:39:03.997 10539 10539 E ViewRootImpl: sendUserActionEvent() mView returned.
02-12 11:58:00.398 10539 10539 W SoundPool: Use of stream types is deprecated for operations other than volume control
02-12 11:58:00.398 10539 10539 W SoundPool: See the documentation of SoundPool() for what to use instead with android.media.AudioAttributes to qualify your playback use case
02-12 11:58:00.887 10539 12262 W MediaPlayerNative: info/warning (10973, 0)
02-12 11:58:08.565 10539 10539 W BottomSheetBehavior: BottomSheetBehavior now supports multiple callbacks. `setBottomSheetCallback()` removes all existing callbacks, including ones set internally by library authors, which may result in unintended behavior. This may change in the future. Please use `addBottomSheetCallback()` and `removeBottomSheetCallback()` instead to set your own callbacks.
02-12 11:58:09.502 10539 10479 W libOpenSLES: Conversion from OpenSL ES positional channel mask 0x4 to Android mask 0 loses channels
02-12 11:58:25.021 10539 10553 W System : A resource failed to call close.
02-12 11:58:25.021 10539 10553 W System : A resource failed to call close.
02-12 11:58:58.435 10539 10539 W InputTransport: channel '6aa372b com.mbwhatsapp/com.whatsapp.voipcalling.VoipActivityV2 (client)' consumer ~ consuming focus event but there's a pending batch, seq=150110
02-12 12:12:46.162 10539 10539 W InputEventReceiver: Attempted to finish an input event but the input event receiver has already been disposed.
02-12 12:13:09.133 10539 10553 W System : A resource failed to call release.
02-12 12:13:09.133 10539 10553 W System : A resource failed to call release.
02-12 12:13:09.133 10539 10553 W System : A resource failed to call release.
02-12 12:13:22.930 10539 10553 W System : A resource failed to call close.
02-12 12:13:22.938 10539 10553 W System : A resource failed to call close.
02-12 12:13:24.145 10539 10539 W SoundPool: Use of stream types is deprecated for operations other than volume control
02-12 12:13:24.145 10539 10539 W SoundPool: See the documentation of SoundPool() for what to use instead with android.media.AudioAttributes to qualify your playback use case
02-12 12:13:24.905 10539 10556 W MediaPlayerNative: info/warning (10973, 0)
02-12 12:13:28.381 10539 19207 W libOpenSLES: Conversion from OpenSL ES positional channel mask 0x4 to Android mask 0 loses channels
02-12 12:13:28.668 10539 10539 W BottomSheetBehavior: BottomSheetBehavior now supports multiple callbacks. `setBottomSheetCallback()` removes all existing callbacks, including ones set internally by library authors, which may result in unintended behavior. This may change in the future. Please use `addBottomSheetCallback()` and `removeBottomSheetCallback()` instead to set your own callbacks.
02-12 12:13:33.109 10539 10539 E ViewRootImpl: sendUserActionEvent() mView returned.
02-12 12:13:40.627 10539 10624 E FrameEvents: updateAcquireFence: Did not find frame.
02-12 12:13:40.774 10539 10539 E ViewRootImpl@b8301c6[ViewProfilePhoto]: InputEvent was not dropped but this window had been stopped.
02-12 12:13:40.774 10539 10539 E ViewRootImpl@b8301c6[ViewProfilePhoto]: mStopped=false mHasWindowFocus=true mPausedForTransition=true
02-12 12:13:40.774 10539 10539 E ViewRootImpl@b8301c6[ViewProfilePhoto]: InputEvent was not dropped but this window had been stopped.
02-12 12:13:40.774 10539 10539 E ViewRootImpl@b8301c6[ViewProfilePhoto]: mStopped=false mHasWindowFocus=true mPausedForTransition=true
02-12 12:13:40.774 10539 10539 E ViewRootImpl@b8301c6[ViewProfilePhoto]: InputEvent was not dropped but this window had been stopped.
02-12 12:13:40.774 10539 10539 E ViewRootImpl@b8301c6[ViewProfilePhoto]: mStopped=false mHasWindowFocus=true mPausedForTransition=true
02-12 12:13:40.810 10539 10539 E ViewRootImpl@b8301c6[ViewProfilePhoto]: InputEvent was not dropped but this window had been stopped.
02-12 12:13:40.810 10539 10539 E ViewRootImpl@b8301c6[ViewProfilePhoto]: mStopped=false mHasWindowFocus=true mPausedForTransition=true
02-12 12:13:40.810 10539 10539 E ViewRootImpl@b8301c6[ViewProfilePhoto]: InputEvent was not dropped but this window had been stopped.
02-12 12:13:40.810 10539 10539 E ViewRootImpl@b8301c6[ViewProfilePhoto]: mStopped=false mHasWindowFocus=true mPausedForTransition=true
02-12 12:13:40.810 10539 10539 E ViewRootImpl@b8301c6[ViewProfilePhoto]: InputEvent was not dropped but this window had been stopped.
02-12 12:13:40.810 10539 10539 E ViewRootImpl@b8301c6[ViewProfilePhoto]: mStopped=false mHasWindowFocus=true mPausedForTransition=true
02-12 12:13:40.908 10539 10539 E ViewRootImpl@b8301c6[ViewProfilePhoto]: InputEvent was not dropped but this window had been stopped.
02-12 12:13:40.908 10539 10539 E ViewRootImpl@b8301c6[ViewProfilePhoto]: mStopped=false mHasWindowFocus=true mPausedForTransition=true
02-12 12:13:40.908 10539 10539 E ViewRootImpl@b8301c6[ViewProfilePhoto]: InputEvent was not dropped but this window had been stopped.
02-12 12:13:40.908 10539 10539 E ViewRootImpl@b8301c6[ViewProfilePhoto]: mStopped=false mHasWindowFocus=true mPausedForTransition=true
02-12 12:13:40.909 10539 10539 E ViewRootImpl@b8301c6[ViewProfilePhoto]: InputEvent was not dropped but this window had been stopped.
02-12 12:13:40.909 10539 10539 E ViewRootImpl@b8301c6[ViewProfilePhoto]: mStopped=false mHasWindowFocus=true mPausedForTransition=true
02-12 12:13:40.955 10539 10539 E ViewRootImpl@b8301c6[ViewProfilePhoto]: InputEvent was not dropped but this window had been stopped.
02-12 12:13:40.955 10539 10539 E ViewRootImpl@b8301c6[ViewProfilePhoto]: mStopped=false mHasWindowFocus=true mPausedForTransition=true
02-12 12:13:40.955 10539 10539 E ViewRootImpl@b8301c6[ViewProfilePhoto]: InputEvent was not dropped but this window had been stopped.
02-12 12:13:40.955 10539 10539 E ViewRootImpl@b8301c6[ViewProfilePhoto]: mStopped=false mHasWindowFocus=true mPausedForTransition=true
02-12 12:13:40.955 10539 10539 E ViewRootImpl@b8301c6[ViewProfilePhoto]: InputEvent was not dropped but this window had been stopped.
02-12 12:13:40.955 10539 10539 E ViewRootImpl@b8301c6[ViewProfilePhoto]: mStopped=false mHasWindowFocus=true mPausedForTransition=true
02-12 12:13:41.659 10539 10539 E ViewRootImpl: sendUserActionEvent() mView returned.
02-12 12:13:43.538 10539 10539 E ArmVmp : Match on catch block at 0x0a in for 0xc9
02-12 12:13:43.542 10539 10539 E ArmVmp : Match on catch block at 0x0a in for 0xc5
02-12 12:13:43.736 10539 10539 E ArmVmp : Match on catch block at 0xc3 in for 0xb5
02-12 12:13:43.740 10539 10539 E ArmVmp : Match on catch block at 0xc3 in for 0xb5
02-12 12:13:43.742 10539 10539 E ArmVmp : Match on catch block at 0xc3 in for 0xb5
02-12 12:13:43.833 10539 10539 E ArmVmp : Match on catch block at 0xc3 in for 0xa9
02-12 12:13:43.835 10539 10539 E ArmVmp : Match on catch block at 0xc3 in for 0xa1
02-12 12:13:43.837 10539 10539 E ArmVmp : Match on catch block at 0xc3 in for 0xa1
02-12 12:13:43.877 10539 10539 E ArmVmp : Match on catch block at 0xc3 in for 0xa9
02-12 12:13:43.879 10539 10539 E ArmVmp : Match on catch block at 0xc3 in for 0xa1
02-12 12:13:43.880 10539 10539 E ArmVmp : Match on catch block at 0xc3 in for 0xa1
02-12 12:13:43.930 10539 10539 E ArmVmp : Match on catch block at 0xc3 in for 0xa1
02-12 12:13:43.933 10539 10539 E ArmVmp : Match on catch block at 0xc3 in for 0xa5
02-12 12:13:43.935 10539 10539 E ArmVmp : Match on catch block at 0xc3 in for 0xa5
02-12 12:13:43.948 10539 10539 E ArmVmp : Match on catch block at 0xc3 in for 0xa5
02-12 12:13:43.949 10539 10539 E ArmVmp : Match on catch block at 0xc3 in for 0xa9
02-12 12:13:43.950 10539 10539 E ArmVmp : Match on catch block at 0xc3 in for 0xa9
02-12 12:13:43.967 10539 10539 E ArmVmp : Match on catch block at 0xc3 in for 0xa5
02-12 12:13:43.968 10539 10539 E ArmVmp : Match on catch block at 0xc3 in for 0xa9
02-12 12:13:43.970 10539 10539 E ArmVmp : Match on catch block at 0xc3 in for 0xa9
02-12 12:13:43.986 10539 10539 E ArmVmp : Match on catch block at 0xc3 in for 0xa9
02-12 12:13:43.988 10539 10539 E ArmVmp : Match on catch block at 0xc3 in for 0xa1
02-12 12:13:43.990 10539 10539 E ArmVmp : Match on catch block at 0xc3 in for 0xa1
02-12 12:13:44.003 10539 10539 E ArmVmp : Match on catch block at 0xc3 in for 0xa5
02-12 12:13:44.004 10539 10539 E ArmVmp : Match on catch block at 0xc3 in for 0xa9
02-12 12:13:44.007 10539 10539 E ArmVmp : Match on catch block at 0xc3 in for 0xa9
02-12 12:13:44.014 10539 10539 E ArmVmp : Match on catch block at 0xc3 in for 0xa1
02-12 12:13:44.016 10539 10539 E ArmVmp : Match on catch block at 0xc3 in for 0xa5
02-12 12:13:44.019 10539 10539 E ArmVmp : Match on catch block at 0xc3 in for 0xa5
02-12 12:13:44.028 10539 10539 E ArmVmp : Match on catch block at 0xc3 in for 0xa9
02-12 12:13:44.031 10539 10539 E ArmVmp : Match on catch block at 0xc3 in for 0xa1
02-12 12:13:44.033 10539 10539 E ArmVmp : Match on catch block at 0xc3 in for 0xa1
02-12 12:13:44.045 10539 10539 E ArmVmp : Match on catch block at 0xc3 in for 0xa5
02-12 12:13:44.048 10539 10539 E ArmVmp : Match on catch block at 0xc3 in for 0xa9
02-12 12:13:44.050 10539 10539 E ArmVmp : Match on catch block at 0xc3 in for 0xa9
02-12 12:13:44.062 10539 10539 E ArmVmp : Match on catch block at 0xc3 in for 0xa1
02-12 12:13:44.065 10539 10539 E ArmVmp : Match on catch block at 0xc3 in for 0xa5
02-12 12:13:44.066 10539 10539 E ArmVmp : Match on catch block at 0xc3 in for 0xa5
02-12 12:13:44.078 10539 10539 E ArmVmp : Match on catch block at 0xc3 in for 0xa9
02-12 12:13:44.081 10539 10539 E ArmVmp : Match on catch block at 0xc3 in for 0xa1
02-12 12:13:44.082 10539 10539 E ArmVmp : Match on catch block at 0xc3 in for 0xa1
02-12 12:13:44.095 10539 10539 E ArmVmp : Match on catch block at 0xc3 in for 0xa5
02-12 12:13:44.099 10539 10539 E ArmVmp : Match on catch block at 0xc3 in for 0xa9
02-12 12:13:44.101 10539 10539 E ArmVmp : Match on catch block at 0xc3 in for 0xa9
02-12 12:13:44.112 10539 10539 E ArmVmp : Match on catch block at 0xc3 in for 0xa1
02-12 12:13:44.114 10539 10539 E ArmVmp : Match on catch block at 0xc3 in for 0xa5
02-12 12:13:44.116 10539 10539 E ArmVmp : Match on catch block at 0xc3 in for 0xa5
02-12 12:13:44.131 10539 10539 E ArmVmp : Match on catch block at 0xc3 in for 0xa9
02-12 12:13:44.137 10539 10539 E ArmVmp : Match on catch block at 0xc3 in for 0xa1
02-12 12:13:44.141 10539 10539 E ArmVmp : Match on catch block at 0xc3 in for 0xa1
02-12 12:13:44.145 10539 10539 E ArmVmp : Match on catch block at 0xc3 in for 0xa5
02-12 12:13:44.147 10539 10539 E ArmVmp : Match on catch block at 0xc3 in for 0xa9
02-12 12:13:44.151 10539 10539 E ArmVmp : Match on catch block at 0xc3 in for 0xa9
02-12 12:13:44.162 10539 10539 E ArmVmp : Match on catch block at 0xc3 in for 0xa1
02-12 12:13:44.165 10539 10539 E ArmVmp : Match on catch block at 0xc3 in for 0xa5
02-12 12:13:44.166 10539 10539 E ArmVmp : Match on catch block at 0xc3 in for 0xa5
02-12 12:13:44.178 10539 10539 E ArmVmp : Match on catch block at 0xc3 in for 0xa9
02-12 12:13:44.181 10539 10539 E ArmVmp : Match on catch block at 0xc3 in for 0xa1
02-12 12:13:44.183 10539 10539 E ArmVmp : Match on catch block at 0xc3 in for 0xa1
02-12 12:13:44.378 10539 10539 E ArmVmp : Match on catch block at 0xc3 in for 0xa1
02-12 12:13:44.380 10539 10539 E ArmVmp : Match on catch block at 0xc3 in for 0xa5
02-12 12:13:44.382 10539 10539 E ArmVmp : Match on catch block at 0xc3 in for 0xa5
02-12 12:13:44.395 10539 10539 E ArmVmp : Match on catch block at 0xc3 in for 0xa9
02-12 12:13:44.398 10539 10539 E ArmVmp : Match on catch block at 0xc3 in for 0xa1
02-12 12:13:44.400 10539 10539 E ArmVmp : Match on catch block at 0xc3 in for 0xa1
02-12 12:13:44.412 10539 10539 E ArmVmp : Match on catch block at 0xc3 in for 0xa5
02-12 12:13:44.414 10539 10539 E ArmVmp : Match on catch block at 0xc3 in for 0xa9
02-12 12:13:44.416 10539 10539 E ArmVmp : Match on catch block at 0xc3 in for 0xa9
02-12 12:13:44.428 10539 10539 E ArmVmp : Match on catch block at 0xc3 in for 0xa1
02-12 12:13:44.430 10539 10539 E ArmVmp : Match on catch block at 0xc3 in for 0xa5
02-12 12:13:44.433 10539 10539 E ArmVmp : Match on catch block at 0xc3 in for 0xa5
02-12 12:13:44.445 10539 10539 E ArmVmp : Match on catch block at 0xc3 in for 0xa9
02-12 12:13:44.447 10539 10539 E ArmVmp : Match on catch block at 0xc3 in for 0xa1
02-12 12:13:44.449 10539 10539 E ArmVmp : Match on catch block at 0xc3 in for 0xa1
02-12 12:13:44.462 10539 10539 E ArmVmp : Match on catch block at 0xc3 in for 0xa5
02-12 12:13:44.465 10539 10539 E ArmVmp : Match on catch block at 0xc3 in for 0xa9
02-12 12:13:44.468 10539 10539 E ArmVmp : Match on catch block at 0xc3 in for 0xa9
02-12 12:13:44.479 10539 10539 E ArmVmp : Match on catch block at 0xc3 in for 0xa1
02-12 12:13:44.482 10539 10539 E ArmVmp : Match on catch block at 0xc3 in for 0xa5
02-12 12:13:44.484 10539 10539 E ArmVmp : Match on catch block at 0xc3 in for 0xa5
02-12 12:13:44.496 10539 10539 E ArmVmp : Match on catch block at 0xc3 in for 0xa9
02-12 12:13:44.499 10539 10539 E ArmVmp : Match on catch block at 0xc3 in for 0xa1
02-12 12:13:44.502 10539 10539 E ArmVmp : Match on catch block at 0xc3 in for 0xa1
02-12 12:13:44.513 10539 10539 E ArmVmp : Match on catch block at 0xc3 in for 0xa5
02-12 12:13:44.515 10539 10539 E ArmVmp : Match on catch block at 0xc3 in for 0xa9
02-12 12:13:44.518 10539 10539 E ArmVmp : Match on catch block at 0xc3 in for 0xa9
02-12 12:13:44.529 10539 10539 E ArmVmp : Match on catch block at 0xc3 in for 0xa1
02-12 12:13:44.532 10539 10539 E ArmVmp : Match on catch block at 0xc3 in for 0xa5
02-12 12:13:44.535 10539 10539 E ArmVmp : Match on catch block at 0xc3 in for 0xa5
02-12 12:13:44.546 10539 10539 E ArmVmp : Match on catch block at 0xc3 in for 0xa9
02-12 12:13:44.549 10539 10539 E ArmVmp : Match on catch block at 0xc3 in for 0xa1
02-12 12:13:44.552 10539 10539 E ArmVmp : Match on catch block at 0xc3 in for 0xa1
02-12 12:13:44.563 10539 10539 E ArmVmp : Match on catch block at 0xc3 in for 0xa5
02-12 12:13:44.566 10539 10539 E ArmVmp : Match on catch block at 0xc3 in for 0xa9
02-12 12:13:44.569 10539 10539 E ArmVmp : Match on catch block at 0xc3 in for 0xa9
02-12 12:13:44.579 10539 10539 E ArmVmp : Match on catch block at 0xc3 in for 0xa1
02-12 12:13:44.582 10539 10539 E ArmVmp : Match on catch block at 0xc3 in for 0xa5
02-12 12:13:44.585 10539 10539 E ArmVmp : Match on catch block at 0xc3 in for 0xa5
02-12 12:13:44.596 10539 10539 E ArmVmp : Match on catch block at 0xc3 in for 0xa9
02-12 12:13:44.599 10539 10539 E ArmVmp : Match on catch block at 0xc3 in for 0xa1
02-12 12:13:44.602 10539 10539 E ArmVmp : Match on catch block at 0xc3 in for 0xa1
02-12 12:13:44.613 10539 10539 E ArmVmp : Match on catch block at 0xc3 in for 0xa5
02-12 12:13:44.616 10539 10539 E ArmVmp : Match on catch block at 0xc3 in for 0xa9
02-12 12:13:44.618 10539 10539 E ArmVmp : Match on catch block at 0xc3 in for 0xa9
02-12 12:13:44.629 10539 10539 E ArmVmp : Match on catch block at 0xc3 in for 0xa1
02-12 12:13:44.632 10539 10539 E ArmVmp : Match on catch block at 0xc3 in for 0xa5
02-12 12:13:44.635 10539 10539 E ArmVmp : Match on catch block at 0xc3 in for 0xa5
02-12 12:13:44.646 10539 10539 E ArmVmp : Match on catch block at 0xc3 in for 0xa9
02-12 12:13:44.649 10539 10539 E ArmVmp : Match on catch block at 0xc3 in for 0xa1
02-12 12:13:44.652 10539 10539 E ArmVmp : Match on catch block at 0xc3 in for 0xa1
02-12 12:13:44.663 10539 10539 E ArmVmp : Match on catch block at 0xc3 in for 0xa5
02-12 12:13:44.666 10539 10539 E ArmVmp : Match on catch block at 0xc3 in for 0xa9
02-12 12:13:44.668 10539 10539 E ArmVmp : Match on catch block at 0xc3 in for 0xa9
02-12 12:13:44.679 10539 10539 E ArmVmp : Match on catch block at 0xc3 in for 0xa1
02-12 12:13:44.682 10539 10539 E ArmVmp : Match on catch block at 0xc3 in for 0xa5
02-12 12:13:44.685 10539 10539 E ArmVmp : Match on catch block at 0xc3 in for 0xa5
02-12 12:13:44.696 10539 10539 E ArmVmp : Match on catch block at 0xc3 in for 0xa9
02-12 12:13:44.699 10539 10539 E ArmVmp : Match on catch block at 0xc3 in for 0xa1
02-12 12:13:44.702 10539 10539 E ArmVmp : Match on catch block at 0xc3 in for 0xa1
02-12 12:13:44.913 10539 10539 E ArmVmp : Match on catch block at 0xc3 in for 0xa5
02-12 12:13:44.916 10539 10539 E ArmVmp : Match on catch block at 0xc3 in for 0xa9
02-12 12:13:44.918 10539 10539 E ArmVmp : Match on catch block at 0xc3 in for 0xa9
02-12 12:13:45.413 10539 10539 E ArmVmp : Match on catch block at 0xc3 in for 0xa1
