02-13 14:40:46.155 6477 6477 E ArmVmp : Match on catch block at 0xc3 in for 0xa1
02-13 14:40:46.159 6477 6477 E ArmVmp : Match on catch block at 0xc3 in for 0xa5
02-13 14:40:46.168 6477 6525 E SQLiteDatabase: Error inserting transferred=0 media_job_uuid=7db47063-8973-495f-bea7-b0e84bdca014 transcoded=0 gif_attribution=0 first_scan_length=0 direct_path=/v/t62.15575- 24/31602422_2096193510724032_7341906174129069554_n.enc?ccb=11- 4&oh=01_AdTvaKgzeHnhV8eC7NH8ljU1APXAToOBD4EgQwA9BlnQFw&oe=6571D835&_nc_sid=5e03e0 thumbnail_height_width_ratio=0.0 is_animated_sticker=0 file_hash=V1cxw8KOUOjSX5sER6ZX1fXOHCPcsSB/sGBB4YMNHGk= file_path=null file_size=0 partial_media_hash=null face_x=0 face_y=0 height=64 trim_to=0 media_key_timestamp=1699373356000 message_url=https://mmg.whatsapp.net/v/t62.15575- 24/31602422_2096193510724032_7341906174129069554_n.enc?ccb=11- 4&oh=01_AdTvaKgzeHnhV8eC7NH8ljU1APXAToOBD4EgQwA9BlnQFw&oe=6571D835&_nc_sid=5e03e0&m ms3=true media_caption=null trim_from=0 mime_type=image/webp partial_media_enc_hash=null width=64 original_file_hash=null has_streaming_sidecar=0 autotransfer_retry_enabled=0 media_upload_handle=null message_row_id=30791 multicast_id=null enc_file_hash=3hbDq2EYBGt24iN5moCavhvoYbumqEAm2e1VxxENnGA= mute_video=0 page_count=0 first_scan_sidecar=null suspicious_content=0 file_length=55558 media_name=null media_duration=0 chat_row_id=34 media_key=[B@8009b1d
02-13 14:40:46.168 6477 6525 E SQLiteDatabase: android.database.sqlite.SQLiteConstraintException: UNIQUE constraint failed: message_media.message_row_id (code 1555 SQLITE_CONSTRAINT_PRIMARYKEY[1555])
02-13 14:40:46.168 6477 6525 E SQLiteDatabase: at android.database.sqlite.SQLiteConnection.nativeExecuteForLastInsertedRowId(Native Method)
02-13 14:40:46.168 6477 6525 E SQLiteDatabase: at android.database.sqlite.SQLiteConnection.executeForLastInsertedRowId(SQLiteConnecti on.java:1217)
02-13 14:40:46.168 6477 6525 E SQLiteDatabase: at android.database.sqlite.SQLiteSession.executeForLastInsertedRowId(SQLiteSession.jav a:790)
02-13 14:40:46.168 6477 6525 E SQLiteDatabase: at android.database.sqlite.SQLiteStatement.executeInsert(SQLiteStatement.java:88)
02-13 14:40:46.168 6477 6525 E SQLiteDatabase: at android.database.sqlite.SQLiteDatabase.insertWithOnConflict(SQLiteDatabase.java:221 9)
02-13 14:40:46.168 6477 6525 E SQLiteDatabase: at android.database.sqlite.SQLiteDatabase.insert(SQLiteDatabase.java:2088)
02-13 14:40:46.168 6477 6525 E SQLiteDatabase: at X.2tm.A08(Unknown Source:6)
02-13 14:40:46.168 6477 6525 E SQLiteDatabase: at X.35Y.A07(Unknown Source:212)
02-13 14:40:46.168 6477 6525 E SQLiteDatabase: at X.3QF.A14(Unknown Source:470)
02-13 14:40:46.168 6477 6525 E SQLiteDatabase: at X.3gU.run(Unknown Source:982)
02-13 14:40:46.168 6477 6525 E SQLiteDatabase: at android.os.Handler.handleCallback(Handler.java:938)
02-13 14:40:46.168 6477 6525 E SQLiteDatabase: at android.os.Handler.dispatchMessage(Handler.java:99)
02-13 14:40:46.168 6477 6525 E SQLiteDatabase: at X.0zq.dispatchMessage(Unknown Source:4)
02-13 14:40:46.168 6477 6525 E SQLiteDatabase: at android.os.Looper.loop(Looper.java:247)
02-13 14:40:46.168 6477 6525 E SQLiteDatabase: at android.os.HandlerThread.run(HandlerThread.java:67)
02-13 14:40:46.178 6477 6477 E ArmVmp : Match on catch block at 0xc3 in for 0xa1
02-13 14:40:46.180 6477 6477 E ArmVmp : Match on catch block at 0xc3 in for 0xa5
02-13 14:40:46.193 6477 6477 E ArmVmp : Match on catch block at 0xc3 in for 0xa1
02-13 14:40:46.195 6477 6477 E ArmVmp : Match on catch block at 0xc3 in for 0xa5
02-13 14:40:46.207 6477 6477 E ArmVmp : Match on catch block at 0xc3 in for 0xa9
02-13 14:40:46.209 6477 6477 E ArmVmp : Match on catch block at 0xc3 in for 0xa1
02-13 14:40:47.005 6477 6477 E ArmVmp : Match on catch block at 0xc3 in for 0xa9
02-13 14:40:47.009 6477 6477 E ArmVmp : Match on catch block at 0xc3 in for 0xa1
02-13 14:40:47.791 6477 6477 E ArmVmp : Match on catch block at 0xc3 in for 0xa1
02-13 14:40:47.799 6477 6477 E ArmVmp : Match on catch block at 0xc3 in for 0xa5
02-13 14:40:47.808 6477 6477 E ArmVmp : Match on catch block at 0xc3 in for 0xa5
02-13 14:40:47.814 6477 6477 E ArmVmp : Match on catch block at 0xc3 in for 0xa9
02-13 14:40:47.825 6477 6477 E ArmVmp : Match on catch block at 0xc3 in for 0xa9
02-13 14:40:47.830 6477 6477 E ArmVmp : Match on catch block at 0xc3 in for 0xa1
02-13 14:40:47.840 6477 6477 E ArmVmp : Match on catch block at 0xc3 in for 0xa1
02-13 14:40:47.844 6477 6477 E ArmVmp : Match on catch block at 0xc3 in for 0xa5
02-13 14:40:47.858 6477 6477 E ArmVmp : Match on catch block at 0xc3 in for 0xa5
02-13 14:40:47.863 6477 6477 E ArmVmp : Match on catch block at 0xc3 in for 0xa9
02-13 14:40:47.874 6477 6477 E ArmVmp : Match on catch block at 0xc3 in for 0xa9
02-13 14:40:47.879 6477 6477 E ArmVmp : Match on catch block at 0xc3 in for 0xa1
02-13 14:40:47.889 6477 6477 E ArmVmp : Match on catch block at 0xc3 in for 0xa1
02-13 14:40:47.893 6477 6477 E ArmVmp : Match on catch block at 0xc3 in for 0xa5
02-13 14:40:47.906 6477 6477 E ArmVmp : Match on catch block at 0xc3 in for 0xa5
02-13 14:40:47.911 6477 6477 E ArmVmp : Match on catch block at 0xc3 in for 0xa9
02-13 14:40:47.923 6477 6477 E ArmVmp : Match on catch block at 0xc3 in for 0xa9
02-13 14:40:47.927 6477 6477 E ArmVmp : Match on catch block at 0xc3 in for 0xa1
02-13 14:40:47.939 6477 6477 E ArmVmp : Match on catch block at 0xc3 in for 0xa1
02-13 14:40:47.943 6477 6477 E ArmVmp : Match on catch block at 0xc3 in for 0xa5
02-13 14:40:47.957 6477 6477 E ArmVmp : Match on catch block at 0xc3 in for 0xa5
02-13 14:40:47.962 6477 6477 E ArmVmp : Match on catch block at 0xc3 in for 0xa9
02-13 14:40:47.973 6477 6477 E ArmVmp : Match on catch block at 0xc3 in for 0xa9
02-13 14:40:47.978 6477 6477 E ArmVmp : Match on catch block at 0xc3 in for 0xa1
02-13 14:40:47.990 6477 6477 E ArmVmp : Match on catch block at 0xc3 in for 0xa1
02-13 14:40:47.996 6477 6477 E ArmVmp : Match on catch block at 0xc3 in for 0xa5
02-13 14:40:48.007 6477 6477 E ArmVmp : Match on catch block at 0xc3 in for 0xa5
02-13 14:40:48.011 6477 6477 E ArmVmp : Match on catch block at 0xc3 in for 0xa9
02-13 14:40:48.033 6477 6477 E ArmVmp : Match on catch block at 0xc3 in for 0xa5
02-13 14:40:48.036 6477 6477 E ArmVmp : Match on catch block at 0xc3 in for 0xa9
02-13 14:40:48.049 6477 6477 E ArmVmp : Match on catch block at 0xc3 in for 0xa5
02-13 14:40:48.052 6477 6477 E ArmVmp : Match on catch block at 0xc3 in for 0xa9
02-13 14:40:49.794 6477 6477 E ArmVmp : Match on catch block at 0xc3 in for 0xa5
02-13 14:40:49.796 6477 6477 E ArmVmp : Match on catch block at 0xc3 in for 0xa9
02-13 14:40:49.809 6477 6477 E ViewRootImpl: sendUserActionEvent() mView returned.
02-13 14:40:49.832 6477 6477 E ArmVmp : Match on catch block at 0xc3 in for 0xa9
02-13 14:40:49.834 6477 6477 E ArmVmp : Match on catch block at 0xc3 in for 0xa1
02-13 14:40:49.839 6477 6477 E ArmVmp : Match on catch block at 0xc3 in for 0xa1
02-13 14:40:49.841 6477 6477 E ArmVmp : Match on catch block at 0xc3 in for 0xa5
02-13 14:40:50.500 6477 6477 E ArmVmp : Match on catch block at 0xc3 in for 0xa9
02-13 14:40:50.503 6477 6477 E ArmVmp : Match on catch block at 0xc3 in for 0xa1
02-13 14:40:51.136 6477 6525 E SQLiteDatabase: Error inserting transferred=0 media_job_uuid=7db47063-8973-495f-bea7-b0e84bdca014 transcoded=0 gif_attribution=0 first_scan_length=0 direct_path=/v/t62.15575- 24/31140559_417968790781497_4998784048260118759_n.enc?ccb=11- 4&oh=01_AdSA4rORX80XUZsISa_1GyWovwo_8wQiYxrIa6e14Hrk3A&oe=65F2A280&_nc_sid=5e03e0 thumbnail_height_width_ratio=0.0 is_animated_sticker=0 file_hash=V1cxw8KOUOjSX5sER6ZX1fXOHCPcsSB/sGBB4YMNHGk= file_path=null file_size=0 partial_media_hash=null face_x=0 face_y=0 height=64 trim_to=0 media_key_timestamp=1699373356000 message_url=https://mmg.whatsapp.net/v/t62.15575- 24/31602422_2096193510724032_7341906174129069554_n.enc?ccb=11- 4&oh=01_AdTvaKgzeHnhV8eC7NH8ljU1APXAToOBD4EgQwA9BlnQFw&oe=6571D835&_nc_sid=5e03e0&m ms3=true media_caption=null trim_from=0 mime_type=image/webp partial_media_enc_hash=null width=64 original_file_hash=null has_streaming_sidecar=0 autotransfer_retry_enabled=1 media_upload_handle=null message_row_id=30791 multicast_id=null enc_file_hash=3hbDq2EYBGt24iN5moCavhvoYbumqEAm2e1VxxENnGA= mute_video=0 page_count=0 first_scan_sidecar=null suspicious_content=0 file_length=55558 media_name=null media_duration=0 chat_row_id=34 media_key=[B@8009b1d
02-13 14:40:51.136 6477 6525 E SQLiteDatabase: android.database.sqlite.SQLiteConstraintException: UNIQUE constraint failed: message_media.message_row_id (code 1555 SQLITE_CONSTRAINT_PRIMARYKEY[1555])
02-13 14:40:51.136 6477 6525 E SQLiteDatabase: at android.database.sqlite.SQLiteConnection.nativeExecuteForLastInsertedRowId(Native Method)
02-13 14:40:51.136 6477 6525 E SQLiteDatabase: at android.database.sqlite.SQLiteConnection.executeForLastInsertedRowId(SQLiteConnecti on.java:1217)
02-13 14:40:51.136 6477 6525 E SQLiteDatabase: at android.database.sqlite.SQLiteSession.executeForLastInsertedRowId(SQLiteSession.jav a:790)
02-13 14:40:51.136 6477 6525 E SQLiteDatabase: at android.database.sqlite.SQLiteStatement.executeInsert(SQLiteStatement.java:88)
02-13 14:40:51.136 6477 6525 E SQLiteDatabase: at android.database.sqlite.SQLiteDatabase.insertWithOnConflict(SQLiteDatabase.java:221 9)
02-13 14:40:51.136 6477 6525 E SQLiteDatabase: at android.database.sqlite.SQLiteDatabase.insert(SQLiteDatabase.java:2088)
02-13 14:40:51.136 6477 6525 E SQLiteDatabase: at X.2tm.A08(Unknown Source:6)
02-13 14:40:51.136 6477 6525 E SQLiteDatabase: at X.35Y.A07(Unknown Source:212)
02-13 14:40:51.136 6477 6525 E SQLiteDatabase: at X.3QF.A14(Unknown Source:470)
02-13 14:40:51.136 6477 6525 E SQLiteDatabase: at X.3gU.run(Unknown Source:982)
02-13 14:40:51.136 6477 6525 E SQLiteDatabase: at android.os.Handler.handleCallback(Handler.java:938)
02-13 14:40:51.136 6477 6525 E SQLiteDatabase: at android.os.Handler.dispatchMessage(Handler.java:99)
02-13 14:40:51.136 6477 6525 E SQLiteDatabase: at X.0zq.dispatchMessage(Unknown Source:4)
02-13 14:40:51.136 6477 6525 E SQLiteDatabase: at android.os.Looper.loop(Looper.java:247)
02-13 14:40:51.136 6477 6525 E SQLiteDatabase: at android.os.HandlerThread.run(HandlerThread.java:67)
02-13 14:40:51.163 6477 6477 E ArmVmp : Match on catch block at 0xc3 in for 0xa9
02-13 14:40:51.168 6477 6477 E ArmVmp : Match on catch block at 0xc3 in for 0xa1
02-13 14:40:51.191 6477 6477 E ArmVmp : Match on catch block at 0xc3 in for 0xa9
02-13 14:40:51.195 6477 6477 E ArmVmp : Match on catch block at 0xc3 in for 0xa1
02-13 14:40:51.206 6477 6477 E ArmVmp : Match on catch block at 0xc3 in for 0xa9
02-13 14:40:51.206 6477 6525 E SQLiteDatabase: Error inserting transferred=0 media_job_uuid=7db47063-8973-495f-bea7-b0e84bdca014 transcoded=0 gif_attribution=0 first_scan_length=0 direct_path=/v/t62.15575- 24/31140559_417968790781497_4998784048260118759_n.enc?ccb=11- 4&oh=01_AdSA4rORX80XUZsISa_1GyWovwo_8wQiYxrIa6e14Hrk3A&oe=65F2A280&_nc_sid=5e03e0 thumbnail_height_width_ratio=0.0 is_animated_sticker=0 file_hash=V1cxw8KOUOjSX5sER6ZX1fXOHCPcsSB/sGBB4YMNHGk= file_path=null file_size=0 partial_media_hash=null face_x=0 face_y=0 height=64 trim_to=0 media_key_timestamp=1699373356000 message_url=https://mmg.whatsapp.net/v/t62.15575- 24/31602422_2096193510724032_7341906174129069554_n.enc?ccb=11- 4&oh=01_AdTvaKgzeHnhV8eC7NH8ljU1APXAToOBD4EgQwA9BlnQFw&oe=6571D835&_nc_sid=5e03e0&m ms3=true media_caption=null trim_from=0 mime_type=image/webp partial_media_enc_hash=null width=64 original_file_hash=null has_streaming_sidecar=0 autotransfer_retry_enabled=1 media_upload_handle=null message_row_id=30791 multicast_id=null enc_file_hash=3hbDq2EYBGt24iN5moCavhvoYbumqEAm2e1VxxENnGA= mute_video=0 page_count=0 first_scan_sidecar=null suspicious_content=0 file_length=55558 media_name=null media_duration=0 chat_row_id=34 media_key=[B@8009b1d
02-13 14:40:51.206 6477 6525 E SQLiteDatabase: android.database.sqlite.SQLiteConstraintException: UNIQUE constraint failed: message_media.message_row_id (code 1555 SQLITE_CONSTRAINT_PRIMARYKEY[1555])
02-13 14:40:51.206 6477 6525 E SQLiteDatabase: at android.database.sqlite.SQLiteConnection.nativeExecuteForLastInsertedRowId(Native Method)
02-13 14:40:51.206 6477 6525 E SQLiteDatabase: at android.database.sqlite.SQLiteConnection.executeForLastInsertedRowId(SQLiteConnecti on.java:1217)
02-13 14:40:51.206 6477 6525 E SQLiteDatabase: at android.database.sqlite.SQLiteSession.executeForLastInsertedRowId(SQLiteSession.jav a:790)
02-13 14:40:51.206 6477 6525 E SQLiteDatabase: at android.database.sqlite.SQLiteStatement.executeInsert(SQLiteStatement.java:88)
02-13 14:40:51.206 6477 6525 E SQLiteDatabase: at android.database.sqlite.SQLiteDatabase.insertWithOnConflict(SQLiteDatabase.java:221 9)
02-13 14:40:51.206 6477 6525 E SQLiteDatabase: at android.database.sqlite.SQLiteDatabase.insert(SQLiteDatabase.java:2088)
02-13 14:40:51.206 6477 6525 E SQLiteDatabase: at X.2tm.A08(Unknown Source:6)
02-13 14:40:51.206 6477 6525 E SQLiteDatabase: at X.35Y.A07(Unknown Source:212)
02-13 14:40:51.206 6477 6525 E SQLiteDatabase: at X.3QF.A14(Unknown Source:470)
02-13 14:40:51.206 6477 6525 E SQLiteDatabase: at X.3gU.run(Unknown Source:982)
02-13 14:40:51.206 6477 6525 E SQLiteDatabase: at android.os.Handler.handleCallback(Handler.java:938)
02-13 14:40:51.206 6477 6525 E SQLiteDatabase: at android.os.Handler.dispatchMessage(Handler.java:99)
02-13 14:40:51.206 6477 6525 E SQLiteDatabase: at X.0zq.dispatchMessage(Unknown Source:4)
02-13 14:40:51.206 6477 6525 E SQLiteDatabase: at android.os.Looper.loop(Looper.java:247)
02-13 14:40:51.206 6477 6525 E SQLiteDatabase: at android.os.HandlerThread.run(HandlerThread.java:67)
02-13 14:40:51.209 6477 6477 E ArmVmp : Match on catch block at 0xc3 in for 0xa1
02-13 14:40:51.227 6477 6477 E ArmVmp : Match on catch block at 0xc3 in for 0xa9
02-13 14:40:51.230 6477 6477 E ArmVmp : Match on catch block at 0xc3 in for 0xa1
02-13 14:40:51.242 6477 6477 E ArmVmp : Match on catch block at 0xc3 in for 0xa9
02-13 14:40:51.245 6477 6477 E ArmVmp : Match on catch block at 0xc3 in for 0xa1
02-13 14:40:52.289 6477 6477 E ArmVmp : Match on catch block at 0xc3 in for 0xa9
02-13 14:40:52.292 6477 6477 E ArmVmp : Match on catch block at 0xc3 in for 0xa1
02-13 14:40:52.302 6477 6477 E ViewRootImpl: sendUserActionEvent() mView returned.
02-13 14:40:52.325 6477 6477 E ArmVmp : Match on catch block at 0xc3 in for 0xa1
02-13 14:40:52.327 6477 6477 E ArmVmp : Match on catch block at 0xc3 in for 0xa5
02-13 14:40:52.340 6477 6477 E ArmVmp : Match on catch block at 0xc3 in for 0xa5
02-13 14:40:52.343 6477 6477 E ArmVmp : Match on catch block at 0xc3 in for 0xa9
02-13 14:40:52.458 6477 6477 E ArmVmp : Match on catch block at 0xc3 in for 0xa9
02-13 14:40:52.470 6477 6477 E ArmVmp : Match on catch block at 0xc3 in for 0xa1
02-13 14:40:52.476 6477 6477 E ArmVmp : Match on catch block at 0xc3 in for 0xa1
02-13 14:40:52.479 6477 6477 E ArmVmp : Match on catch block at 0xc3 in for 0xa5
02-13 14:40:52.493 6477 6477 E ArmVmp : Match on catch block at 0xc3 in for 0xa5
02-13 14:40:52.496 6477 6477 E ArmVmp : Match on catch block at 0xc3 in for 0xa9
02-13 14:40:52.509 6477 6477 E ArmVmp : Match on catch block at 0xc3 in for 0xa9
02-13 14:40:52.513 6477 6477 E ArmVmp : Match on catch block at 0xc3 in for 0xa1
02-13 14:40:52.525 6477 6477 E ArmVmp : Match on catch block at 0xc3 in for 0xa1
02-13 14:40:52.529 6477 6477 E ArmVmp : Match on catch block at 0xc3 in for 0xa5
02-13 14:40:52.543 6477 6477 E ArmVmp : Match on catch block at 0xc3 in for 0xa5
02-13 14:40:52.546 6477 6477 E ArmVmp : Match on catch block at 0xc3 in for 0xa9
02-13 14:40:52.560 6477 6477 E ArmVmp : Match on catch block at 0xc3 in for 0xa9
02-13 14:40:52.563 6477 6477 E ArmVmp : Match on catch block at 0xc3 in for 0xa1
02-13 14:40:52.575 6477 6477 E ArmVmp : Match on catch block at 0xc3 in for 0xa9
02-13 14:40:52.579 6477 6477 E ArmVmp : Match on catch block at 0xc3 in for 0xa1
02-13 14:40:52.592 6477 6477 E ArmVmp : Match on catch block at 0xc3 in for 0xa9
02-13 14:40:52.596 6477 6477 E ArmVmp : Match on catch block at 0xc3 in for 0xa1
02-13 14:40:52.609 6477 6477 E ArmVmp : Match on catch block at 0xc3 in for 0xa9
02-13 14:40:52.613 6477 6477 E ArmVmp : Match on catch block at 0xc3 in for 0xa1
02-13 14:40:52.626 6477 6477 E ArmVmp : Match on catch block at 0xc3 in for 0xa9
02-13 14:40:52.630 6477 6477 E ArmVmp : Match on catch block at 0xc3 in for 0xa1
02-13 14:40:52.642 6477 6477 E ArmVmp : Match on catch block at 0xc3 in for 0xa9
02-13 14:40:52.646 6477 6477 E ArmVmp : Match on catch block at 0xc3 in for 0xa1
02-13 14:40:52.658 6477 6477 E ArmVmp : Match on catch block at 0xc3 in for 0xa9
02-13 14:40:52.662 6477 6477 E ArmVmp : Match on catch block at 0xc3 in for 0xa1
02-13 14:40:52.676 6477 6477 E ArmVmp : Match on catch block at 0xc3 in for 0xa9
02-13 14:40:52.680 6477 6477 E ArmVmp : Match on catch block at 0xc3 in for 0xa1
02-13 14:40:52.692 6477 6477 E ArmVmp : Match on catch block at 0xc3 in for 0xa9
02-13 14:40:52.696 6477 6477 E ArmVmp : Match on catch block at 0xc3 in for 0xa1
02-13 14:40:52.709 6477 6477 E ArmVmp : Match on catch block at 0xc3 in for 0xa9
02-13 14:40:52.713 6477 6477 E ArmVmp : Match on catch block at 0xc3 in for 0xa1
02-13 14:40:52.726 6477 6477 E ArmVmp : Match on catch block at 0xc3 in for 0xa9
02-13 14:40:52.730 6477 6477 E ArmVmp : Match on catch block at 0xc3 in for 0xa1
02-13 14:40:52.741 6477 6477 E ArmVmp : Match on catch block at 0xc3 in for 0xa1
02-13 14:40:52.745 6477 6477 E ArmVmp : Match on catch block at 0xc3 in for 0xa5
02-13 14:40:52.758 6477 6477 E ArmVmp : Match on catch block at 0xc3 in for 0xa9
02-13 14:40:52.761 6477 6477 E ArmVmp : Match on catch block at 0xc3 in for 0xa1
02-13 14:40:52.775 6477 6477 E ArmVmp : Match on catch block at 0xc3 in for 0xa5
02-13 14:40:52.779 6477 6477 E ArmVmp : Match on catch block at 0xc3 in for 0xa9
02-13 14:40:52.792 6477 6477 E ArmVmp : Match on catch block at 0xc3 in for 0xa1
02-13 14:40:52.796 6477 6477 E ArmVmp : Match on catch block at 0xc3 in for 0xa5
02-13 14:40:52.808 6477 6477 E ArmVmp : Match on catch block at 0xc3 in for 0xa9
02-13 14:40:52.812 6477 6477 E ArmVmp : Match on catch block at 0xc3 in for 0xa1
02-13 14:40:52.825 6477 6477 E ArmVmp : Match on catch block at 0xc3 in for 0xa5
02-13 14:40:52.829 6477 6477 E ArmVmp : Match on catch block at 0xc3 in for 0xa9
02-13 14:40:52.841 6477 6477 E ArmVmp : Match on catch block at 0xc3 in for 0xa1
02-13 14:40:52.845 6477 6477 E ArmVmp : Match on catch block at 0xc3 in for 0xa5
02-13 14:40:52.859 6477 6477 E ArmVmp : Match on catch block at 0xc3 in for 0xa9
02-13 14:40:52.863 6477 6477 E ArmVmp : Match on catch block at 0xc3 in for 0xa1
02-13 14:40:52.875 6477 6477 E ArmVmp : Match on catch block at 0xc3 in for 0xa5
02-13 14:40:52.879 6477 6477 E ArmVmp : Match on catch block at 0xc3 in for 0xa9
02-13 14:40:52.892 6477 6477 E ArmVmp : Match on catch block at 0xc3 in for 0xa1
02-13 14:40:52.896 6477 6477 E ArmVmp : Match on catch block at 0xc3 in for 0xa5
02-13 14:40:52.908 6477 6477 E ArmVmp : Match on catch block at 0xc3 in for 0xa9
02-13 14:40:52.912 6477 6477 E ArmVmp : Match on catch block at 0xc3 in for 0xa1
02-13 14:40:52.926 6477 6477 E ArmVmp : Match on catch block at 0xc3 in for 0xa5
02-13 14:40:52.930 6477 6477 E ArmVmp : Match on catch block at 0xc3 in for 0xa9
02-13 14:40:52.941 6477 6477 E ArmVmp : Match on catch block at 0xc3 in for 0xa5
02-13 14:40:52.946 6477 6477 E ArmVmp : Match on catch block at 0xc3 in for 0xa9
02-13 14:40:52.958 6477 6477 E ArmVmp : Match on catch block at 0xc3 in for 0xa9
02-13 14:40:52.963 6477 6477 E ArmVmp : Match on catch block at 0xc3 in for 0xa1
02-13 14:40:52.974 6477 6477 E ArmVmp : Match on catch block at 0xc3 in for 0xa1
02-13 14:40:52.979 6477 6477 E ArmVmp : Match on catch block at 0xc3 in for 0xa5
02-13 14:40:52.991 6477 6477 E ArmVmp : Match on catch block at 0xc3 in for 0xa5
02-13 14:40:52.995 6477 6477 E ArmVmp : Match on catch block at 0xc3 in for 0xa9
02-13 14:40:53.008 6477 6477 E ArmVmp : Match on catch block at 0xc3 in for 0xa9
02-13 14:40:53.012 6477 6477 E ArmVmp : Match on catch block at 0xc3 in for 0xa1
02-13 14:40:53.024 6477 6477 E ArmVmp : Match on catch block at 0xc3 in for 0xa1
02-13 14:40:53.029 6477 6477 E ArmVmp : Match on catch block at 0xc3 in for 0xa5
02-13 14:40:53.041 6477 6477 E ArmVmp : Match on catch block at 0xc3 in for 0xa5
02-13 14:40:53.046 6477 6477 E ArmVmp : Match on catch block at 0xc3 in for 0xa9
02-13 14:40:53.058 6477 6477 E ArmVmp : Match on catch block at 0xc3 in for 0xa9
02-13 14:40:53.062 6477 6477 E ArmVmp : Match on catch block at 0xc3 in for 0xa1
02-13 14:40:53.076 6477 6477 E ArmVmp : Match on catch block at 0xc3 in for 0xa1
02-13 14:40:53.080 6477 6477 E ArmVmp : Match on catch block at 0xc3 in for 0xa5
02-13 14:40:53.092 6477 6477 E ArmVmp : Match on catch block at 0xc3 in for 0xa5
02-13 14:40:53.096 6477 6477 E ArmVmp : Match on catch block at 0xc3 in for 0xa9
02-13 14:40:53.108 6477 6477 E ArmVmp : Match on catch block at 0xc3 in for 0xa9
02-13 14:40:53.112 6477 6477 E ArmVmp : Match on catch block at 0xc3 in for 0xa1
02-13 14:40:53.125 6477 6477 E ArmVmp : Match on catch block at 0xc3 in for 0xa1
02-13 14:40:53.128 6477 6477 E ArmVmp : Match on catch block at 0xc3 in for 0xa5
02-13 14:40:53.141 6477 6477 E ArmVmp : Match on catch block at 0xc3 in for 0xa5
02-13 14:40:53.144 6477 6477 E ArmVmp : Match on catch block at 0xc3 in for 0xa9
02-13 14:40:53.158 6477 6477 E ArmVmp : Match on catch block at 0xc3 in for 0xa9
02-13 14:40:53.161 6477 6477 E ArmVmp : Match on catch block at 0xc3 in for 0xa1
02-13 14:40:53.175 6477 6477 E ArmVmp : Match on catch block at 0xc3 in for 0xa1
02-13 14:40:53.180 6477 6477 E ArmVmp : Match on catch block at 0xc3 in for 0xa5
02-13 14:40:53.192 6477 6477 E ArmVmp : Match on catch block at 0xc3 in for 0xa5
02-13 14:40:53.196 6477 6477 E ArmVmp : Match on catch block at 0xc3 in for 0xa9
02-13 14:40:53.208 6477 6477 E ArmVmp : Match on catch block at 0xc3 in for 0xa9
02-13 14:40:53.213 6477 6477 E ArmVmp : Match on catch block at 0xc3 in for 0xa1
02-13 14:40:53.225 6477 6477 E ArmVmp : Match on catch block at 0xc3 in for 0xa1
02-13 14:40:53.229 6477 6477 E ArmVmp : Match on catch block at 0xc3 in for 0xa5
02-13 14:40:53.442 6477 6477 E ArmVmp : Match on catch block at 0xc3 in for 0xa1
02-13 14:40:53.446 6477 6477 E ArmVmp : Match on catch block at 0xc3 in for 0xa5
02-13 14:40:53.508 6477 6477 E ArmVmp : Match on catch block at 0xc3 in for 0xa5
02-13 14:40:53.513 6477 6477 E ArmVmp : Match on catch block at 0xc3 in for 0xa9
02-13 14:40:54.342 6477 6477 E ArmVmp : Match on catch block at 0xc3 in for 0xa5
02-13 14:40:54.348 6477 6477 E ArmVmp : Match on catch block at 0xc3 in for 0xa9
02-13 14:40:54.359 6477 6477 E ArmVmp : Match on catch block at 0xc3 in for 0xa9
02-13 14:40:54.363 6477 6477 E ArmVmp : Match on catch block at 0xc3 in for 0xa1
02-13 14:40:55.167 6477 6477 E ArmVmp : Match on catch block at 0xc3 in for 0xa5
02-13 14:40:55.170 6477 6477 E ArmVmp : Match on catch block at 0xc3 in for 0xa9
02-13 14:41:00.295 6477 6477 E ArmVmp : Match on catch block at 0xc3 in for 0xa9
02-13 14:41:00.299 6477 6477 E ArmVmp : Match on catch block at 0xc3 in for 0xa1
02-13 14:41:00.311 6477 6477 E ArmVmp : Match on catch block at 0xc3 in for 0xa1
02-13 14:41:00.316 6477 6477 E ArmVmp : Match on catch block at 0xc3 in for 0xa5
02-13 14:41:00.328 6477 6477 E ArmVmp : Match on catch block at 0xc3 in for 0xa5
02-13 14:41:00.331 6477 6477 E ArmVmp : Match on catch block at 0xc3 in for 0xa9
02-13 14:41:00.343 6477 6477 E ArmVmp : Match on catch block at 0xc3 in for 0xa9
02-13 14:41:00.347 6477 6477 E ArmVmp : Match on catch block at 0xc3 in for 0xa1
02-13 14:41:00.362 6477 6477 E ArmVmp : Match on catch block at 0xc3 in for 0xa1
02-13 14:41:00.365 6477 6477 E ArmVmp : Match on catch block at 0xc3 in for 0xa5
02-13 14:41:00.395 6477 6477 E ArmVmp : Match on catch block at 0xc3 in for 0xa5
02-13 14:41:00.399 6477 6477 E ArmVmp : Match on catch block at 0xc3 in for 0xa9
02-13 14:41:00.429 6477 6477 E ViewRootImpl: sendUserActionEvent() mView returned.
02-13 14:41:00.445 6477 6477 E ArmVmp : Match on catch block at 0xc3 in for 0xa5
02-13 14:41:00.448 6477 6477 E ArmVmp : Match on catch block at 0xc3 in for 0xa9
02-13 14:41:00.479 6477 6477 E ArmVmp : Match on catch block at 0xc3 in for 0xa9
02-13 14:41:00.481 6477 6477 E ArmVmp : Match on catch block at 0xc3 in for 0xa1
02-13 14:41:00.486 6477 6477 E ArmVmp : Match on catch block at 0xc3 in for 0xa1
02-13 14:41:00.488 6477 6477 E ArmVmp : Match on catch block at 0xc3 in for 0xa5
02-13 14:41:00.494 6477 6477 E ArmVmp : Match on catch block at 0xc3 in for 0xa5
02-13 14:41:00.496 6477 6477 E ArmVmp : Match on catch block at 0xc3 in for 0xa9
02-13 14:41:00.510 6477 6477 E ArmVmp : Match on catch block at 0xc3 in for 0xa9
02-13 14:41:00.512 6477 6477 E ArmVmp : Match on catch block at 0xc3 in for 0xa1
02-13 14:41:00.526 6477 6477 E ArmVmp : Match on catch block at 0xc3 in for 0xa1
02-13 14:41:00.529 6477 6477 E ArmVmp : Match on catch block at 0xc3 in for 0xa5
02-13 14:41:00.543 6477 6477 E ArmVmp : Match on catch block at 0xc3 in for 0xa5
02-13 14:41:00.545 6477 6477 E ArmVmp : Match on catch block at 0xc3 in for 0xa9
02-13 14:41:00.560 6477 6477 E ArmVmp : Match on catch block at 0xc3 in for 0xa9
02-13 14:41:00.562 6477 6477 E ArmVmp : Match on catch block at 0xc3 in for 0xa1
02-13 14:41:00.576 6477 6477 E ArmVmp : Match on catch block at 0xc3 in for 0xa1
02-13 14:41:00.579 6477 6477 E ArmVmp : Match on catch block at 0xc3 in for 0xa5
02-13 14:41:00.595 6477 6477 E ArmVmp : Match on catch block at 0xc3 in for 0xa5
02-13 14:41:00.600 6477 6477 E ArmVmp : Match on catch block at 0xc3 in for 0xa9
02-13 14:41:00.613 6477 6477 E ArmVmp : Match on catch block at 0xc3 in for 0xa9
02-13 14:41:00.617 6477 6477 E ArmVmp : Match on catch block at 0xc3 in for 0xa1
02-13 14:41:01.677 6477 6477 E ArmVmp : Match on catch block at 0xc3 in for 0xa1
02-13 14:41:01.679 6477 6477 E ArmVmp : Match on catch block at 0xc3 in for 0xa5
02-13 14:41:02.079 6477 6477 E ArmVmp : Match on catch block at 0xc3 in for 0xa5
02-13 14:41:02.084 6477 6477 E ArmVmp : Match on catch block at 0xc3 in for 0xa9
02-13 14:41:02.095 6477 6477 E ArmVmp : Match on catch block at 0xc3 in for 0xa9
02-13 14:41:02.100 6477 6477 E ArmVmp : Match on catch block at 0xc3 in for 0xa1
02-13 14:41:02.111 6477 6477 E ArmVmp : Match on catch block at 0xc3 in for 0xa1
02-13 14:41:02.116 6477 6477 E ArmVmp : Match on catch block at 0xc3 in for 0xa5
02-13 14:41:02.127 6477 6477 E ArmVmp : Match on catch block at 0xc3 in for 0xa5
02-13 14:41:02.131 6477 6477 E ArmVmp : Match on catch block at 0xc3 in for 0xa9
02-13 14:41:02.145 6477 6477 E ArmVmp : Match on catch block at 0xc3 in for 0xa9
02-13 14:41:02.149 6477 6477 E ArmVmp : Match on catch block at 0xc3 in for 0xa1
02-13 14:41:02.161 6477 6477 E ArmVmp : Match on catch block at 0xc3 in for 0xa1
02-13 14:41:02.165 6477 6477 E ArmVmp : Match on catch block at 0xc3 in for 0xa5
02-13 14:41:02.178 6477 6477 E ArmVmp : Match on catch block at 0xc3 in for 0xa5
02-13 14:41:02.182 6477 6477 E ArmVmp : Match on catch block at 0xc3 in for 0xa9
02-13 14:41:02.196 6477 6477 E ArmVmp : Match on catch block at 0xc3 in for 0xa9
02-13 14:41:02.201 6477 6477 E ArmVmp : Match on catch block at 0xc3 in for 0xa1
02-13 14:41:02.212 6477 6477 E ArmVmp : Match on catch block at 0xc3 in for 0xa1
02-13 14:41:02.216 6477 6477 E ArmVmp : Match on catch block at 0xc3 in for 0xa5
02-13 14:41:02.229 6477 6477 E ArmVmp : Match on catch block at 0xc3 in for 0xa5
02-13 14:41:02.233 6477 6477 E ArmVmp : Match on catch block at 0xc3 in for 0xa9
02-13 14:41:02.246 6477 6477 E ArmVmp : Match on catch block at 0xc3 in for 0xa9
02-13 14:41:02.251 6477 6477 E ArmVmp : Match on catch block at 0xc3 in for 0xa1
02-13 14:41:02.261 6477 6477 E ArmVmp : Match on catch block at 0xc3 in for 0xa1
02-13 14:41:02.265 6477 6477 E ArmVmp : Match on catch block at 0xc3 in for 0xa5
02-13 14:41:02.279 6477 6477 E ArmVmp : Match on catch block at 0xc3 in for 0xa5
02-13 14:41:02.283 6477 6477 E ArmVmp : Match on catch block at 0xc3 in for 0xa9
02-13 14:41:02.296 6477 6477 E ArmVmp : Match on catch block at 0xc3 in for 0xa9
02-13 14:41:02.300 6477 6477 E ArmVmp : Match on catch block at 0xc3 in for 0xa1
02-13 14:41:02.312 6477 6477 E ArmVmp : Match on catch block at 0xc3 in for 0xa1
02-13 14:41:02.316 6477 6477 E ArmVmp : Match on catch block at 0xc3 in for 0xa5
02-13 14:41:02.329 6477 6477 E ArmVmp : Match on catch block at 0xc3 in for 0xa5
02-13 14:41:02.332 6477 6477 E ArmVmp : Match on catch block at 0xc3 in for 0xa9
02-13 14:41:03.448 6477 6477 E ArmVmp : Match on catch block at 0xc3 in for 0xa5
02-13 14:41:03.450 6477 6477 E ArmVmp : Match on catch block at 0xc3 in for 0xa9
02-13 14:41:03.462 6477 6477 E ViewRootImpl: sendUserActionEvent() mView returned.
02-13 14:41:03.486 6477 6477 E ArmVmp : Match on catch block at 0xc3 in for 0xa9
02-13 14:41:03.488 6477 6477 E ArmVmp : Match on catch block at 0xc3 in for 0xa1
02-13 14:41:03.494 6477 6477 E ArmVmp : Match on catch block at 0xc3 in for 0xa1
02-13 14:41:03.497 6477 6477 E ArmVmp : Match on catch block at 0xc3 in for 0xa5
02-13 14:41:03.784 6477 6477 E ArmVmp : Match on catch block at 0xc3 in for 0xa5
02-13 14:41:03.788 6477 6477 E ArmVmp : Match on catch block at 0xc3 in for 0xa9
02-13 14:41:03.795 6477 6477 E ArmVmp : Match on catch block at 0xc3 in for 0xa9
02-13 14:41:03.798 6477 6477 E ArmVmp : Match on catch block at 0xc3 in for 0xa1
02-13 14:41:03.815 6477 6477 E ArmVmp : Match on catch block at 0xc3 in for 0xa1
02-13 14:41:03.818 6477 6477 E ArmVmp : Match on catch block at 0xc3 in for 0xa5
02-13 14:41:03.825 6477 6525 E SQLiteDatabase: Error inserting transferred=0 media_job_uuid=6be97a8a-5e72-4391-b6fc-4e2d1758e3ad transcoded=0 gif_attribution=0 first_scan_length=9071 direct_path=/v/t62.7118- 24/11815106_336020135690467_7033323412496454070_n.enc?ccb=11-4&oh=01_AdRn7- 44HDk6yKAUJ6iXJsBaDTF6r1ii0vTptAxK- r7sYA&oe=6571B3EA&_nc_sid=5e03e0&_nc_hot=1699372326 thumbnail_height_width_ratio=1.3541666 is_animated_sticker=0 file_hash=qYz0Oxl2CNBbdFC5y5u5LNVU+MQIF+MT5RBA3PbIsu0= file_path=null file_size=0 partial_media_hash=XRHFPrptQzhkorf0Sue2ALMun+096GRTdxEjbr0Iz0k= face_x=0 face_y=0 height=1040 trim_to=0 media_key_timestamp=1699371510000 message_url=https://mmg.whatsapp.net/v/t62.7118- 24/11815106_336020135690467_7033323412496454070_n.enc?ccb=11-4&oh=01_AdRn7- 44HDk6yKAUJ6iXJsBaDTF6r1ii0vTptAxK-r7sYA&oe=6571B3EA&_nc_sid=5e03e0&mms3=true media_caption=null trim_from=0 mime_type=image/jpeg partial_media_enc_hash=null width=780 original_file_hash=null has_streaming_sidecar=1 autotransfer_retry_enabled=1 media_upload_handle=null message_row_id=30789 multicast_id=null enc_file_hash=7m/la4vcme3Rd2zmvULoPVbE5f2+JRcGZwCEYZ647nY= mute_video=0 page_count=0 first_scan_sidecar=[B@cb5ed96 suspicious_content=0 file_length=79493 media_name=null media_duration=0 chat_row_id=34 media_key=[B@62f283b
02-13 14:41:03.825 6477 6525 E SQLiteDatabase: android.database.sqlite.SQLiteConstraintException: UNIQUE constraint failed: message_media.message_row_id (code 1555 SQLITE_CONSTRAINT_PRIMARYKEY[1555])
02-13 14:41:03.825 6477 6525 E SQLiteDatabase: at android.database.sqlite.SQLiteConnection.nativeExecuteForLastInsertedRowId(Native Method)
02-13 14:41:03.825 6477 6525 E SQLiteDatabase: at android.database.sqlite.SQLiteConnection.executeForLastInsertedRowId(SQLiteConnecti on.java:1217)
02-13 14:41:03.825 6477 6525 E SQLiteDatabase: at android.database.sqlite.SQLiteSession.executeForLastInsertedRowId(SQLiteSession.jav a:790)
02-13 14:41:03.825 6477 6525 E SQLiteDatabase: at android.database.sqlite.SQLiteStatement.executeInsert(SQLiteStatement.java:88)
02-13 14:41:03.825 6477 6525 E SQLiteDatabase: at android.database.sqlite.SQLiteDatabase.insertWithOnConflict(SQLiteDatabase.java:221 9)
02-13 14:41:03.825 6477 6525 E SQLiteDatabase: at android.database.sqlite.SQLiteDatabase.insert(SQLiteDatabase.java:2088)
02-13 14:41:03.825 6477 6525 E SQLiteDatabase: at X.2tm.A08(Unknown Source:6)
02-13 14:41:03.825 6477 6525 E SQLiteDatabase: at X.35Y.A07(Unknown Source:212)
02-13 14:41:03.825 6477 6525 E SQLiteDatabase: at X.3QF.A14(Unknown Source:470)
02-13 14:41:03.825 6477 6525 E SQLiteDatabase: at X.3gU.run(Unknown Source:982)
02-13 14:41:03.825 6477 6525 E SQLiteDatabase: at android.os.Handler.handleCallback(Handler.java:938)
02-13 14:41:03.825 6477 6525 E SQLiteDatabase: at android.os.Handler.dispatchMessage(Handler.java:99)
02-13 14:41:03.825 6477 6525 E SQLiteDatabase: at X.0zq.dispatchMessage(Unknown Source:4)
02-13 14:41:03.825 6477 6525 E SQLiteDatabase: at android.os.Looper.loop(Looper.java:247)
02-13 14:41:03.825 6477 6525 E SQLiteDatabase: at android.os.HandlerThread.run(HandlerThread.java:67)
02-13 14:41:03.879 6477 6477 E ArmVmp : Match on catch block at 0xc3 in for 0xa9
02-13 14:41:03.881 6477 6477 E ArmVmp : Match on catch block at 0xc3 in for 0xa1
02-13 14:41:03.913 6477 6477 W InputTransport: channel '91c7f36 com.mbwhatsapp/com.mbwhatsapp.Conversation (client)' consumer ~ consuming focus event but there's a pending batch, seq=1625885
02-13 14:41:03.933 6477 6477 E ArmVmp : Match on catch block at 0xc3 in for 0xa5
02-13 14:41:03.935 6477 6477 E ArmVmp : Match on catch block at 0xc3 in for 0xa9
02-13 14:41:03.948 6477 6477 E ArmVmp : Match on catch block at 0xc3 in for 0xa9
02-13 14:41:03.951 6477 6477 E ArmVmp : Match on catch block at 0xc3 in for 0xa1
02-13 14:41:03.961 6477 6477 E ArmVmp : Match on catch block at 0xc3 in for 0xa9
02-13 14:41:03.963 6477 6477 E ArmVmp : Match on catch block at 0xc3 in for 0xa1
02-13 14:41:03.977 6477 6477 E ArmVmp : Match on catch block at 0xc3 in for 0xa1
02-13 14:41:03.981 6477 6477 E ArmVmp : Match on catch block at 0xc3 in for 0xa5
02-13 14:41:03.994 6477 6477 E ArmVmp : Match on catch block at 0xc3 in for 0xa5
02-13 14:41:03.997 6477 6477 E ArmVmp : Match on catch block at 0xc3 in for 0xa9
02-13 14:41:04.011 6477 6477 E ArmVmp : Match on catch block at 0xc3 in for 0xa9
02-13 14:41:04.013 6477 6477 E ArmVmp : Match on catch block at 0xc3 in for 0xa1
02-13 14:41:04.027 6477 6477 E ArmVmp : Match on catch block at 0xc3 in for 0xa1
02-13 14:41:04.030 6477 6477 E ArmVmp : Match on catch block at 0xc3 in for 0xa5
02-13 14:41:04.044 6477 6477 E ArmVmp : Match on catch block at 0xc3 in for 0xa5
02-13 14:41:04.047 6477 6477 E ArmVmp : Match on catch block at 0xc3 in for 0xa9
02-13 14:41:04.062 6477 6477 E ArmVmp : Match on catch block at 0xc3 in for 0xa9
02-13 14:41:04.066 6477 6477 E ArmVmp : Match on catch block at 0xc3 in for 0xa1
02-13 14:41:04.078 6477 6477 E ArmVmp : Match on catch block at 0xc3 in for 0xa1
02-13 14:41:04.082 6477 6477 E ArmVmp : Match on catch block at 0xc3 in for 0xa5
02-13 14:41:04.095 6477 6477 E ArmVmp : Match on catch block at 0xc3 in for 0xa5
02-13 14:41:04.099 6477 6477 E ArmVmp : Match on catch block at 0xc3 in for 0xa9
02-13 14:41:04.112 6477 6477 E ArmVmp : Match on catch block at 0xc3 in for 0xa9
02-13 14:41:04.116 6477 6477 E ArmVmp : Match on catch block at 0xc3 in for 0xa1
02-13 14:41:04.129 6477 6477 E ArmVmp : Match on catch block at 0xc3 in for 0xa1
02-13 14:41:04.133 6477 6477 E ArmVmp : Match on catch block at 0xc3 in for 0xa5
02-13 14:41:04.146 6477 6477 E ArmVmp : Match on catch block at 0xc3 in for 0xa5
02-13 14:41:04.151 6477 6477 E ArmVmp : Match on catch block at 0xc3 in for 0xa9
02-13 14:41:04.162 6477 6477 E ArmVmp : Match on catch block at 0xc3 in for 0xa9
02-13 14:41:04.167 6477 6477 E ArmVmp : Match on catch block at 0xc3 in for 0xa1
02-13 14:41:04.179 6477 6477 E ArmVmp : Match on catch block at 0xc3 in for 0xa1
02-13 14:41:04.183 6477 6477 E ArmVmp : Match on catch block at 0xc3 in for 0xa5
02-13 14:41:04.199 6477 6477 E ArmVmp : Match on catch block at 0xc3 in for 0xa1
02-13 14:41:04.203 6477 6477 E ArmVmp : Match on catch block at 0xc3 in for 0xa5
02-13 14:41:04.213 6477 6477 E ArmVmp : Match on catch block at 0xc3 in for 0xa5
02-13 14:41:04.217 6477 6477 E ArmVmp : Match on catch block at 0xc3 in for 0xa9
02-13 14:41:04.704 6477 6477 W InputEventReceiver: Attempted to finish an input event but the input event receiver has already been disposed.
02-13 14:41:04.754 6477 6477 E ArmVmp : Match on catch block at 0xc3 in for 0xa1
02-13 14:41:04.758 6477 6477 E ArmVmp : Match on catch block at 0xc3 in for 0xa5
02-13 14:41:05.013 6477 6477 E ArmVmp : Match on catch block at 0xc3 in for 0xa1
02-13 14:41:05.016 6477 6477 E ArmVmp : Match on catch block at 0xc3 in for 0xa5
02-13 14:41:05.079 6477 6477 E ArmVmp : Match on catch block at 0xc3 in for 0xa5
02-13 14:41:05.083 6477 6477 E ArmVmp : Match on catch block at 0xc3 in for 0xa9
02-13 14:41:05.583 6477 6477 E ArmVmp : Match on catch block at 0xc3 in for 0xa9
02-13 14:41:05.586 6477 6477 E ArmVmp : Match on catch block at 0xc3 in for 0xa1
02-13 14:41:05.596 6477 6477 E ArmVmp : Match on catch block at 0xc3 in for 0xa1
02-13 14:41:05.599 6477 6477 E ArmVmp : Match on catch block at 0xc3 in for 0xa5
02-13 14:41:05.687 6477 6477 E ArmVmp : Match on catch block at 0xc3 in for 0xa1
02-13 14:41:05.690 6477 6477 E ArmVmp : Match on catch block at 0xc3 in for 0xa5
02-13 14:41:05.704 6477 6477 E ArmVmp : Match on catch block at 0xc3 in for 0xa5
02-13 14:41:05.706 6477 6477 E ArmVmp : Match on catch block at 0xc3 in for 0xa9
02-13 14:41:05.727 6477 6477 E ArmVmp : Match on catch block at 0xc3 in for 0xa9
02-13 14:41:05.728 6477 6525 E SQLiteDatabase: Error inserting transferred=0 media_job_uuid=6be97a8a-5e72-4391-b6fc-4e2d1758e3ad transcoded=0 gif_attribution=0 first_scan_length=9071 direct_path=/v/t62.7118- 24/11815106_336020135690467_7033323412496454070_n.enc?ccb=11-4&oh=01_AdRn7- 44HDk6yKAUJ6iXJsBaDTF6r1ii0vTptAxK- r7sYA&oe=6571B3EA&_nc_sid=5e03e0&_nc_hot=1699372326 thumbnail_height_width_ratio=1.3541666 is_animated_sticker=0 file_hash=qYz0Oxl2CNBbdFC5y5u5LNVU+MQIF+MT5RBA3PbIsu0= file_path=null file_size=0 partial_media_hash=XRHFPrptQzhkorf0Sue2ALMun+096GRTdxEjbr0Iz0k= face_x=0 face_y=0 height=1040 trim_to=0 media_key_timestamp=1699371510000 message_url=https://mmg.whatsapp.net/v/t62.7118- 24/11815106_336020135690467_7033323412496454070_n.enc?ccb=11-4&oh=01_AdRn7- 44HDk6yKAUJ6iXJsBaDTF6r1ii0vTptAxK-r7sYA&oe=6571B3EA&_nc_sid=5e03e0&mms3=true media_caption=null trim_from=0 mime_type=image/jpeg partial_media_enc_hash=null width=780 original_file_hash=null has_streaming_sidecar=1 autotransfer_retry_enabled=1 media_upload_handle=null message_row_id=30789 multicast_id=null enc_file_hash=7m/la4vcme3Rd2zmvULoPVbE5f2+JRcGZwCEYZ647nY= mute_video=0 page_count=0 first_scan_sidecar=[B@cb5ed96 suspicious_content=0 file_length=79493 media_name=null media_duration=0 chat_row_id=34 media_key=[B@62f283b
02-13 14:41:05.728 6477 6525 E SQLiteDatabase: android.database.sqlite.SQLiteConstraintException: UNIQUE constraint failed: message_media.message_row_id (code 1555 SQLITE_CONSTRAINT_PRIMARYKEY[1555])
02-13 14:41:05.728 6477 6525 E SQLiteDatabase: at android.database.sqlite.SQLiteConnection.nativeExecuteForLastInsertedRowId(Native Method)
02-13 14:41:05.728 6477 6525 E SQLiteDatabase: at android.database.sqlite.SQLiteConnection.executeForLastInsertedRowId(SQLiteConnecti on.java:1217)
02-13 14:41:05.728 6477 6525 E SQLiteDatabase: at android.database.sqlite.SQLiteSession.executeForLastInsertedRowId(SQLiteSession.jav a:790)
02-13 14:41:05.728 6477 6525 E SQLiteDatabase: at android.database.sqlite.SQLiteStatement.executeInsert(SQLiteStatement.java:88)
02-13 14:41:05.728 6477 6525 E SQLiteDatabase: at android.database.sqlite.SQLiteDatabase.insertWithOnConflict(SQLiteDatabase.java:221 9)
02-13 14:41:05.728 6477 6525 E SQLiteDatabase: at android.database.sqlite.SQLiteDatabase.insert(SQLiteDatabase.java:2088)
02-13 14:41:05.728 6477 6525 E SQLiteDatabase: at X.2tm.A08(Unknown Source:6)
02-13 14:41:05.728 6477 6525 E SQLiteDatabase: at X.35Y.A07(Unknown Source:212)
02-13 14:41:05.728 6477 6525 E SQLiteDatabase: at X.3QF.A14(Unknown Source:470)
02-13 14:41:05.728 6477 6525 E SQLiteDatabase: at X.3gU.run(Unknown Source:982)
02-13 14:41:05.728 6477 6525 E SQLiteDatabase: at android.os.Handler.handleCallback(Handler.java:938)
02-13 14:41:05.728 6477 6525 E SQLiteDatabase: at android.os.Handler.dispatchMessage(Handler.java:99)
02-13 14:41:05.728 6477 6525 E SQLiteDatabase: at X.0zq.dispatchMessage(Unknown Source:4)
02-13 14:41:05.728 6477 6525 E SQLiteDatabase: at android.os.Looper.loop(Looper.java:247)
02-13 14:41:05.728 6477 6525 E SQLiteDatabase: at android.os.HandlerThread.run(HandlerThread.java:67)
02-13 14:41:05.730 6477 6477 E ArmVmp : Match on catch block at 0xc3 in for 0xa1
02-13 14:41:05.753 6477 6477 E ArmVmp : Match on catch block at 0xc3 in for 0xa5
02-13 14:41:05.755 6477 6477 E ArmVmp : Match on catch block at 0xc3 in for 0xa9
02-13 14:41:05.844 6477 6477 E ArmVmp : Match on catch block at 0xc3 in for 0xa1
02-13 14:41:05.846 6477 6477 E ArmVmp : Match on catch block at 0xc3 in for 0xa5
02-13 14:41:05.865 6477 6477 E ArmVmp : Match on catch block at 0xc3 in for 0xa1
02-13 14:41:05.868 6477 6477 E ArmVmp : Match on catch block at 0xc3 in for 0xa5
02-13 14:41:05.891 6477 6477 E ArmVmp : Match on catch block at 0xc3 in for 0xa1
02-13 14:41:05.893 6477 6477 E ArmVmp : Match on catch block at 0xc3 in for 0xa5
02-13 14:41:05.913 6477 6477 E ArmVmp : Match on catch block at 0xc3 in for 0xa5
02-13 14:41:05.916 6477 6477 E ArmVmp : Match on catch block at 0xc3 in for 0xa9
02-13 14:41:05.934 6477 6477 E ArmVmp : Match on catch block at 0xc3 in for 0xa9
02-13 14:41:05.936 6477 6477 E ArmVmp : Match on catch block at 0xc3 in for 0xa1
02-13 14:41:05.949 6477 6477 E ArmVmp : Match on catch block at 0xc3 in for 0xa1
02-13 14:41:05.951 6477 6477 E ArmVmp : Match on catch block at 0xc3 in for 0xa5
02-13 14:41:05.966 6477 6477 E ArmVmp : Match on catch block at 0xc3 in for 0xa5
02-13 14:41:05.968 6477 6477 E ArmVmp : Match on catch block at 0xc3 in for 0xa9
02-13 14:41:05.978 6477 6477 E ArmVmp : Match on catch block at 0xc3 in for 0xa9
02-13 14:41:05.980 6477 6477 E ArmVmp : Match on catch block at 0xc3 in for 0xa1
02-13 14:41:05.995 6477 6477 E ArmVmp : Match on catch block at 0xc3 in for 0xa1
02-13 14:41:05.998 6477 6477 E ArmVmp : Match on catch block at 0xc3 in for 0xa5
02-13 14:41:06.011 6477 6477 E ArmVmp : Match on catch block at 0xc3 in for 0xa5
02-13 14:41:06.014 6477 6477 E ArmVmp : Match on catch block at 0xc3 in for 0xa9
02-13 14:41:06.028 6477 6477 E ArmVmp : Match on catch block at 0xc3 in for 0xa9
02-13 14:41:06.030 6477 6477 E ArmVmp : Match on catch block at 0xc3 in for 0xa1
02-13 14:41:06.045 6477 6477 E ArmVmp : Match on catch block at 0xc3 in for 0xa1
02-13 14:41:06.047 6477 6477 E ArmVmp : Match on catch block at 0xc3 in for 0xa5
02-13 14:41:06.064 6477 6477 E ArmVmp : Match on catch block at 0xc3 in for 0xa1
02-13 14:41:06.066 6477 6477 E ArmVmp : Match on catch block at 0xc3 in for 0xa5
02-13 14:41:06.079 6477 6477 E ArmVmp : Match on catch block at 0xc3 in for 0xa5
02-13 14:41:06.082 6477 6477 E ArmVmp : Match on catch block at 0xc3 in for 0xa9
02-13 14:41:08.176 6477 6491 W System : A resource failed to call release.
02-13 14:41:11.800 6477 6477 E ArmVmp : Match on catch block at 0x0a in for 0xc9
02-13 14:41:11.803 6477 6477 E ArmVmp : Match on catch block at 0x0a in for 0xc5
02-13 14:41:12.035 6477 6477 E ArmVmp : Match on catch block at 0xc3 in for 0xb9
02-13 14:41:12.039 6477 6477 E ArmVmp : Match on catch block at 0xc3 in for 0xb9
02-13 14:41:12.043 6477 6477 E ArmVmp : Match on catch block at 0xc3 in for 0xb9
02-13 14:41:12.116 6477 6477 E ArmVmp : Match on catch block at 0xc3 in for 0xa1
02-13 14:41:12.118 6477 6477 E ArmVmp : Match on catch block at 0xc3 in for 0xa5
02-13 14:41:12.120 6477 6477 E ArmVmp : Match on catch block at 0xc3 in for 0xa5
02-13 14:41:12.138 6477 6477 E ArmVmp : Match on catch block at 0xc3 in for 0xa1
02-13 14:41:12.140 6477 6477 E ArmVmp : Match on catch block at 0xc3 in for 0xa5
02-13 14:41:12.141 6477 6477 E ArmVmp : Match on catch block at 0xc3 in for 0xa5
02-13 14:41:12.174 6477 6477 E ArmVmp : Match on catch block at 0xc3 in for 0xa5
02-13 14:41:12.176 6477 6477 E ArmVmp : Match on catch block at 0xc3 in for 0xa9
02-13 14:41:12.177 6477 6477 E ArmVmp : Match on catch block at 0xc3 in for 0xa9
02-13 14:41:12.649 6477 6477 E ArmVmp : Match on catch block at 0xc3 in for 0xa9
02-13 14:41:12.654 6477 6477 E ArmVmp : Match on catch block at 0xc3 in for 0xa1
02-13 14:41:12.658 6477 6477 E ArmVmp : Match on catch block at 0xc3 in for 0xa1
02-13 14:41:12.665 6477 6477 E ArmVmp : Match on catch block at 0xc3 in for 0xa5
02-13 14:41:12.670 6477 6477 E ArmVmp : Match on catch block at 0xc3 in for 0xa9
02-13 14:41:12.673 6477 6477 E ArmVmp : Match on catch block at 0xc3 in for 0xa9
02-13 14:41:12.682 6477 6477 E ArmVmp : Match on catch block at 0xc3 in for 0xa1
02-13 14:41:12.687 6477 6477 E ArmVmp : Match on catch block at 0xc3 in for 0xa5
02-13 14:41:12.691 6477 6477 E ArmVmp : Match on catch block at 0xc3 in for 0xa5
02-13 14:41:12.699 6477 6477 E ArmVmp : Match on catch block at 0xc3 in for 0xa9
02-13 14:41:12.703 6477 6477 E ArmVmp : Match on catch block at 0xc3 in for 0xa1
02-13 14:41:12.705 6477 6477 E ArmVmp : Match on catch block at 0xc3 in for 0xa1
02-13 14:41:12.716 6477 6477 E ArmVmp : Match on catch block at 0xc3 in for 0xa5
02-13 14:41:12.719 6477 6477 E ArmVmp : Match on catch block at 0xc3 in for 0xa9
02-13 14:41:12.722 6477 6477 E ArmVmp : Match on catch block at 0xc3 in for 0xa9
02-13 14:41:12.731 6477 6477 E ArmVmp : Match on catch block at 0xc3 in for 0xa1
02-13 14:41:12.735 6477 6477 E ArmVmp : Match on catch block at 0xc3 in for 0xa5
02-13 14:41:12.738 6477 6477 E ArmVmp : Match on catch block at 0xc3 in for 0xa5
02-13 14:41:12.748 6477 6477 E ArmVmp : Match on catch block at 0xc3 in for 0xa9
02-13 14:41:12.751 6477 6477 E ArmVmp : Match on catch block at 0xc3 in for 0xa1
02-13 14:41:12.753 6477 6477 E ArmVmp : Match on catch block at 0xc3 in for 0xa1
02-13 14:41:12.764 6477 6477 E ArmVmp : Match on catch block at 0xc3 in for 0xa5
02-13 14:41:12.769 6477 6477 E ArmVmp : Match on catch block at 0xc3 in for 0xa9
02-13 14:41:12.771 6477 6477 E ArmVmp : Match on catch block at 0xc3 in for 0xa9
02-13 14:41:12.781 6477 6477 E ArmVmp : Match on catch block at 0xc3 in for 0xa1
02-13 14:41:12.785 6477 6477 E ArmVmp : Match on catch block at 0xc3 in for 0xa5
02-13 14:41:12.787 6477 6477 E ArmVmp : Match on catch block at 0xc3 in for 0xa5
02-13 14:41:12.798 6477 6477 E ArmVmp : Match on catch block at 0xc3 in for 0xa9
02-13 14:41:12.801 6477 6477 E ArmVmp : Match on catch block at 0xc3 in for 0xa1
02-13 14:41:12.804 6477 6477 E ArmVmp : Match on catch block at 0xc3 in for 0xa1
02-13 14:41:12.814 6477 6477 E ArmVmp : Match on catch block at 0xc3 in for 0xa5
02-13 14:41:12.818 6477 6477 E ArmVmp : Match on catch block at 0xc3 in for 0xa9
02-13 14:41:12.820 6477 6477 E ArmVmp : Match on catch block at 0xc3 in for 0xa9
02-13 14:41:12.831 6477 6477 E ArmVmp : Match on catch block at 0xc3 in for 0xa1
02-13 14:41:12.835 6477 6477 E ArmVmp : Match on catch block at 0xc3 in for 0xa5
02-13 14:41:12.837 6477 6477 E ArmVmp : Match on catch block at 0xc3 in for 0xa5
02-13 14:41:12.848 6477 6477 E ArmVmp : Match on catch block at 0xc3 in for 0xa9
02-13 14:41:12.852 6477 6477 E ArmVmp : Match on catch block at 0xc3 in for 0xa1
02-13 14:41:12.855 6477 6477 E ArmVmp : Match on catch block at 0xc3 in for 0xa1
02-13 14:41:12.866 6477 6477 E ArmVmp : Match on catch block at 0xc3 in for 0xa5
02-13 14:41:12.870 6477 6477 E ArmVmp : Match on catch block at 0xc3 in for 0xa9
02-13 14:41:12.873 6477 6477 E ArmVmp : Match on catch block at 0xc3 in for 0xa9
02-13 14:41:12.881 6477 6477 E ArmVmp : Match on catch block at 0xc3 in for 0xa1
02-13 14:41:12.885 6477 6477 E ArmVmp : Match on catch block at 0xc3 in for 0xa5
02-13 14:41:12.887 6477 6477 E ArmVmp : Match on catch block at 0xc3 in for 0xa5
02-13 14:41:12.898 6477 6477 E ArmVmp : Match on catch block at 0xc3 in for 0xa9
02-13 14:41:12.902 6477 6477 E ArmVmp : Match on catch block at 0xc3 in for 0xa1
02-13 14:41:12.904 6477 6477 E ArmVmp : Match on catch block at 0xc3 in for 0xa1
02-13 14:41:12.915 6477 6477 E ArmVmp : Match on catch block at 0xc3 in for 0xa5
02-13 14:41:12.920 6477 6477 E ArmVmp : Match on catch block at 0xc3 in for 0xa9
02-13 14:41:12.922 6477 6477 E ArmVmp : Match on catch block at 0xc3 in for 0xa9
02-13 14:41:12.932 6477 6477 E ArmVmp : Match on catch block at 0xc3 in for 0xa1
02-13 14:41:12.936 6477 6477 E ArmVmp : Match on catch block at 0xc3 in for 0xa5
02-13 14:41:12.938 6477 6477 E ArmVmp : Match on catch block at 0xc3 in for 0xa5
02-13 14:41:12.949 6477 6477 E ArmVmp : Match on catch block at 0xc3 in for 0xa9
02-13 14:41:12.953 6477 6477 E ArmVmp : Match on catch block at 0xc3 in for 0xa1
02-13 14:41:12.956 6477 6477 E ArmVmp : Match on catch block at 0xc3 in for 0xa1
02-13 14:41:13.165 6477 6477 E ArmVmp : Match on catch block at 0xc3 in for 0xa5
02-13 14:41:13.170 6477 6477 E ArmVmp : Match on catch block at 0xc3 in for 0xa9
02-13 14:41:13.172 6477 6477 E ArmVmp : Match on catch block at 0xc3 in for 0xa9
02-13 14:41:13.682 6477 6477 E ArmVmp : Match on catch block at 0xc3 in for 0xa1
02-13 14:41:13.687 6477 6477 E ArmVmp : Match on catch block at 0xc3 in for 0xa5
02-13 14:41:13.689 6477 6477 E ArmVmp : Match on catch block at 0xc3 in for 0xa5
02-13 14:41:13.732 6477 6477 E ArmVmp : Match on catch block at 0xc3 in for 0xa9
02-13 14:41:13.736 6477 6477 E ArmVmp : Match on catch block at 0xc3 in for 0xa1
02-13 14:41:13.739 6477 6477 E ArmVmp : Match on catch block at 0xc3 in for 0xa1
02-13 14:41:13.749 6477 6477 E ArmVmp : Match on catch block at 0xc3 in for 0xa5
02-13 14:41:13.754 6477 6477 E ArmVmp : Match on catch block at 0xc3 in for 0xa9
