The document contains log messages from an Android application. It reports errors loading classes, libraries and drivers. It also reports issues with lock verification, catch block matching and surface validity that could impact performance.
We take content rights seriously. If you suspect this is your content, claim it here.
Available Formats
Download as TXT, PDF, TXT or read online on Scribd
0 ratings0% found this document useful (0 votes)
138 views1,722 pages
Logcat
The document contains log messages from an Android application. It reports errors loading classes, libraries and drivers. It also reports issues with lock verification, catch block matching and surface validity that could impact performance.
We take content rights seriously. If you suspect this is your content, claim it here.
Available Formats
Download as TXT, PDF, TXT or read online on Scribd
You are on page 1/ 1722
--------- beginning of system
--------- beginning of main
02-12 10:33:45.242 31063 31063 E com.mbwhatsapp: Not starting debugger since process cannot load the jdwp agent.
02-12 10:33:45.530 31063 31063 W System.err: java.lang.ClassNotFoundException: mbmodsd.mbmodsw.ui.views.btn.BtnBK
02-12 10:33:45.532 31063 31063 W System.err: at java.lang.Runtime.nativeLoad(Native Method)
02-12 10:33:45.532 31063 31063 W System.err: at java.lang.Runtime.nativeLoad(Runtime.java:1131)
02-12 10:33:45.532 31063 31063 W System.err: at java.lang.Runtime.loadLibrary0(Runtime.java:1085)
02-12 10:33:45.532 31063 31063 W System.err: at java.lang.Runtime.loadLibrary0(Runtime.java:1008)
02-12 10:33:45.532 31063 31063 W System.err: at java.lang.System.loadLibrary(System.java:1664)
02-12 10:33:45.532 31063 31063 W System.err: at arm.EpicVm.<clinit>(Unknown Source:2)
02-12 10:33:45.532 31063 31063 W System.err: at java.lang.Class.newInstance(Native Method)
02-12 10:33:45.532 31063 31063 W System.err: at android.app.AppComponentFactory.instantiateApplication(AppComponentFactory.java:76)
02-12 10:33:45.532 31063 31063 W System.err: at androidx.core.app.CoreComponentFactory.instantiateApplication(Unknown Source:0)
02-12 10:33:45.532 31063 31063 W System.err: at android.app.Instrumentation.newApplication(Instrumentation.java:1158)
02-12 10:33:45.532 31063 31063 W System.err: at android.app.LoadedApk.makeApplication(LoadedApk.java:1325)
02-12 10:33:45.532 31063 31063 W System.err: at android.app.ActivityThread.handleBindApplication(ActivityThread.java:7566)
02-12 10:33:45.532 31063 31063 W System.err: at android.app.ActivityThread.access$1500(ActivityThread.java:301)
02-12 10:33:45.532 31063 31063 W System.err: at android.app.ActivityThread$H.handleMessage(ActivityThread.java:2177)
02-12 10:33:45.532 31063 31063 W System.err: at android.os.Handler.dispatchMessage(Handler.java:106)
02-12 10:33:45.532 31063 31063 W System.err: at android.os.Looper.loop(Looper.java:247)
02-12 10:33:45.532 31063 31063 W System.err: at android.app.ActivityThread.main(ActivityThread.java:8676)
02-12 10:33:45.532 31063 31063 W System.err: at java.lang.reflect.Method.invoke(Native Method)
02-12 10:33:45.532 31063 31063 W System.err: at com.android.internal.os.RuntimeInit$MethodAndArgsCaller.run(RuntimeInit.java:602)
02-12 10:33:45.532 31063 31063 W System.err: at com.android.internal.os.ZygoteInit.main(ZygoteInit.java:1130)
02-12 10:33:45.654 31063 31063 E CustomActivityOnCrash: IMPORTANT WARNING! You already have an UncaughtExceptionHandler, are you sure this is correct? If you use a custom UncaughtExceptionHandler, you must initialize it AFTER CustomActivityOnCrash! Installing anyway, but your original handler will not be called.
02-12 10:33:45.887 31063 31063 W com.mbwhatsapp: Class com.mbwhatsapp.yo.x1 failed lock verification and will run slower.
02-12 10:33:45.887 31063 31063 W com.mbwhatsapp: Common causes for lock verification issues are non-optimized dex code
02-12 10:33:45.887 31063 31063 W com.mbwhatsapp: and incorrect proguard optimizations.
02-12 10:33:46.198 31063 31063 W com.mbwhatsapp: Class com.mbwhatsapp.yo.r0 failed lock verification and will run slower.
02-12 10:33:48.109 31063 1373 W com.mbwhatsapp: Class X.2UR failed lock verification and will run slower.
02-12 10:33:48.114 31063 31063 W com.mbwhatsapp: Class X.0Vr failed lock verification and will run slower.
02-12 10:33:48.510 31063 1459 E libc : Access denied finding property "vendor.mali.config"
02-12 10:33:48.549 31063 31063 W com.mbwhatsapp: Class com.mbwhatsapp.HomeActivity failed lock verification and will run slower.
02-12 10:33:49.202 31063 31063 E ArmVmp : Match on catch block at 0x0e in for 0xd5
02-12 10:33:49.270 31063 31063 E ArmVmp : Match on catch block at 0x0a in for 0xb9
02-12 10:33:49.317 31063 31063 E ArmVmp : Match on catch block at 0x0a in for 0x155
02-12 10:33:49.320 31063 31063 E ArmVmp : Match on catch block at 0x0c in for 0xf5
02-12 10:33:49.481 31063 1662 E RenderScript: Failed loading RS driver: dlopen failed: library "libRSDriverArm.so" not found
02-12 10:33:49.481 31063 1662 E RenderScript: Failed to load runtime libRSDriverArm.so, loading default
02-12 10:33:49.725 31063 31063 E ArmVmp : Match on catch block at 0x18 in for 0x89
02-12 10:33:49.725 31063 31063 E ArmVmp : Match on catch block at 0x18 in for 0x89
02-12 10:33:49.827 31063 31063 E ArmVmp : Match on catch block at 0x18 in for 0x85
02-12 10:33:49.834 31063 31063 E ArmVmp : Match on catch block at 0x18 in for 0x81
02-12 10:33:49.898 31063 31063 E ArmVmp : Match on catch block at 0x18 in for 0x85
02-12 10:33:49.905 31063 31063 E ArmVmp : Match on catch block at 0x18 in for 0x85
02-12 10:33:49.931 31063 1452 E ArmVmp : Match on catch block at 0x18 in for 0x25
02-12 10:33:49.995 31063 1450 E ArmVmp : Match on catch block at 0x18 in for 0x25
02-12 10:33:50.209 31063 1459 E libc : Access denied finding property "persist.vendor.sf.fbc"
02-12 10:33:50.209 31063 1459 E libc : Access denied finding property "persist.vendor.gpu.fbc"
02-12 10:33:50.209 31063 1459 E libc : Access denied finding property "persist.vendor.vsp.fbc"
02-12 10:33:50.917 31063 1426 E ArmVmp : Match on catch block at 0x18 in for 0x29
02-12 10:33:51.359 31063 32659 W com.mbwhatsapp: Checksum mismatch for dex base.apk!classes2.dex
02-12 10:33:51.359 31063 32659 W com.mbwhatsapp: Could not add methods to the existing profiler. Clearing the profile data.
02-12 10:33:51.521 31063 31063 W SQLiteLog: (28) double-quoted string literal: ""
02-12 10:33:51.892 31063 31063 E RecyclerView: No adapter attached; skipping layout
02-12 10:33:51.892 31063 31063 E RecyclerView: No adapter attached; skipping layout
02-12 10:33:51.896 31063 31063 E ViewRootImpl@a35c31a[HomeActivity]: Surface is not valid.
02-12 10:33:51.920 31063 31063 E ViewRootImpl@ae4200f[HomeActivity]: Surface is not valid.
02-12 10:33:51.980 31063 31063 E RecyclerView: No adapter attached; skipping layout
02-12 10:33:51.980 31063 31063 E RecyclerView: No adapter attached; skipping layout
02-12 10:33:51.980 31063 31063 E ViewRootImpl@a35c31a[HomeActivity]: Surface is not valid.
02-12 10:33:51.981 31063 31063 E ViewRootImpl@ae4200f[HomeActivity]: Surface is not valid.
02-12 10:33:52.021 31063 31063 E ViewRootImpl@a35c31a[HomeActivity]: Surface is not valid.
02-12 10:33:52.037 31063 31063 E ArmVmp : Match on catch block at 0x0a in for 0xd1
02-12 10:33:55.907 31063 31063 W com.mbwhatsapp: Verification of void com.facebook.redex.RunnableRunnableShape13S0200000_11.run() took 252.850ms (17235.46 bytecodes/s) (116168B approximate peak alloc)
02-12 10:37:19.839 10539 10539 E com.mbwhatsapp: Not starting debugger since process cannot load the jdwp agent.
02-12 10:37:20.266 10539 10539 W System.err: java.lang.ClassNotFoundException: mbmodsd.mbmodsw.ui.views.btn.BtnBK
02-12 10:37:20.267 10539 10539 W System.err: at java.lang.Runtime.nativeLoad(Native Method)
02-12 10:37:20.267 10539 10539 W System.err: at java.lang.Runtime.nativeLoad(Runtime.java:1131)
02-12 10:37:20.267 10539 10539 W System.err: at java.lang.Runtime.loadLibrary0(Runtime.java:1085)
02-12 10:37:20.267 10539 10539 W System.err: at java.lang.Runtime.loadLibrary0(Runtime.java:1008)
02-12 10:37:20.267 10539 10539 W System.err: at java.lang.System.loadLibrary(System.java:1664)
02-12 10:37:20.267 10539 10539 W System.err: at arm.EpicVm.<clinit>(Unknown Source:2)
02-12 10:37:20.267 10539 10539 W System.err: at java.lang.Class.newInstance(Native Method)
02-12 10:37:20.267 10539 10539 W System.err: at android.app.AppComponentFactory.instantiateApplication(AppComponentFactory.java:76)
02-12 10:37:20.267 10539 10539 W System.err: at androidx.core.app.CoreComponentFactory.instantiateApplication(Unknown Source:0)
02-12 10:37:20.267 10539 10539 W System.err: at android.app.Instrumentation.newApplication(Instrumentation.java:1158)
02-12 10:37:20.267 10539 10539 W System.err: at android.app.LoadedApk.makeApplication(LoadedApk.java:1325)
02-12 10:37:20.267 10539 10539 W System.err: at android.app.ActivityThread.handleBindApplication(ActivityThread.java:7566)
02-12 10:37:20.267 10539 10539 W System.err: at android.app.ActivityThread.access$1500(ActivityThread.java:301)
02-12 10:37:20.267 10539 10539 W System.err: at android.app.ActivityThread$H.handleMessage(ActivityThread.java:2177)
02-12 10:37:20.267 10539 10539 W System.err: at android.os.Handler.dispatchMessage(Handler.java:106)
02-12 10:37:20.267 10539 10539 W System.err: at android.os.Looper.loop(Looper.java:247)
02-12 10:37:20.267 10539 10539 W System.err: at android.app.ActivityThread.main(ActivityThread.java:8676)
02-12 10:37:20.267 10539 10539 W System.err: at java.lang.reflect.Method.invoke(Native Method)
02-12 10:37:20.267 10539 10539 W System.err: at com.android.internal.os.RuntimeInit$MethodAndArgsCaller.run(RuntimeInit.java:602)
02-12 10:37:20.267 10539 10539 W System.err: at com.android.internal.os.ZygoteInit.main(ZygoteInit.java:1130)
02-12 10:37:20.333 10539 10539 E CustomActivityOnCrash: IMPORTANT WARNING! You already have an UncaughtExceptionHandler, are you sure this is correct? If you use a custom UncaughtExceptionHandler, you must initialize it AFTER CustomActivityOnCrash! Installing anyway, but your original handler will not be called.
02-12 10:37:21.239 10539 10539 W com.mbwhatsapp: Accessing hidden method Lcom/android/org/conscrypt/OpenSSLSocketImpl;->setUseSessionTickets(Z)V (greylist- max-q,test-api, reflection, denied)
02-12 10:37:21.239 10539 10539 W com.mbwhatsapp: Accessing hidden method Lcom/android/org/conscrypt/AbstractConscryptSocket;->setUseSessionTickets(Z)V (greylist-max-q, reflection, denied)
02-12 10:37:22.668 10539 10539 W linker : Warning: "/data/data/com.mbwhatsapp/files/decompressed/libs.spk.zst/libc++_shared.so" unused DT entry: unknown processor-specific (type 0x70000001 arg 0x0) (ignoring)
02-12 10:37:22.963 10539 10602 W com.mbwhatsapp: Class X.2rL failed lock verification and will run slower.
02-12 10:37:22.963 10539 10602 W com.mbwhatsapp: Common causes for lock verification issues are non-optimized dex code
02-12 10:37:22.963 10539 10602 W com.mbwhatsapp: and incorrect proguard optimizations.
02-12 10:37:22.966 10539 10539 W com.mbwhatsapp: Class X.0eU failed lock verification and will run slower.
02-12 10:37:23.435 10539 10589 E SQLiteLog: (1) duplicate column name: sender_jid_row_id in "ALTER TABLE message_orphaned_edit ADD sender_jid_row_id INTEGER NOT NULL DEFAULT 0"
02-12 10:37:23.797 10539 10624 E libc : Access denied finding property "vendor.mali.config"
02-12 10:37:23.828 10539 10539 W com.mbwhatsapp: Class com.mbwhatsapp.HomeActivity failed lock verification and will run slower.
02-12 10:37:24.140 10539 10539 E ArmVmp : Match on catch block at 0x0a in for 0xc1
02-12 10:37:24.162 10539 10539 E ArmVmp : Match on catch block at 0x0a in for 0x131
02-12 10:37:24.171 10539 10638 W com.mbwhatsapp: Accessing hidden method Lcom/android/org/conscrypt/ConscryptEngineSocket;->setUseSessionTickets(Z)V (greylist-max-q,test-api, reflection, denied)
02-12 10:37:24.171 10539 10638 W com.mbwhatsapp: Accessing hidden method Lcom/android/org/conscrypt/OpenSSLSocketImpl;->setUseSessionTickets(Z)V (greylist- max-q,test-api, reflection, denied)
02-12 10:37:24.171 10539 10638 W com.mbwhatsapp: Accessing hidden method Lcom/android/org/conscrypt/AbstractConscryptSocket;->setUseSessionTickets(Z)V (greylist-max-q, reflection, denied)
02-12 10:37:24.171 10539 10638 W com.mbwhatsapp: Accessing hidden method Lcom/android/org/conscrypt/ConscryptEngineSocket;->setHostname(Ljava/lang/String;)V (greylist-max-q,test-api, reflection, denied)
02-12 10:37:24.171 10539 10638 W com.mbwhatsapp: Accessing hidden method Lcom/android/org/conscrypt/OpenSSLSocketImpl;->setHostname(Ljava/lang/String;)V (greylist-max-q,test-api, reflection, denied)
02-12 10:37:24.171 10539 10638 W com.mbwhatsapp: Accessing hidden method Lcom/android/org/conscrypt/AbstractConscryptSocket;->setHostname(Ljava/lang/ String;)V (greylist-max-q, reflection, denied)
02-12 10:37:24.171 10539 10638 W com.mbwhatsapp: Accessing hidden method Lcom/android/org/conscrypt/OpenSSLSocketImpl;->setAlpnProtocols([B)V (greylist-max- q,test-api, reflection, denied)
02-12 10:37:24.171 10539 10638 W com.mbwhatsapp: Accessing hidden method Lcom/android/org/conscrypt/AbstractConscryptSocket;->setAlpnProtocols([B)V (greylist-max-q, reflection, denied)
02-12 10:37:24.260 10539 10651 E RenderScript: Failed loading RS driver: dlopen failed: library "libRSDriverArm.so" not found
02-12 10:37:24.260 10539 10651 E RenderScript: Failed to load runtime libRSDriverArm.so, loading default
02-12 10:37:24.286 10539 10539 E ArmVmp : Match on catch block at 0x0a in for 0x149
02-12 10:37:24.291 10539 10638 W com.mbwhatsapp: Accessing hidden method Lcom/android/org/conscrypt/OpenSSLSocketImpl;->getAlpnSelectedProtocol()[B (greylist-max-q,test-api, reflection, denied)
02-12 10:37:24.291 10539 10638 W com.mbwhatsapp: Accessing hidden method Lcom/android/org/conscrypt/AbstractConscryptSocket;->getAlpnSelectedProtocol()[B (greylist-max-q, reflection, denied)
02-12 10:37:24.513 10539 10624 E libc : Access denied finding property "persist.vendor.sf.fbc"
02-12 10:37:24.513 10539 10624 E libc : Access denied finding property "persist.vendor.gpu.fbc"
02-12 10:37:24.513 10539 10624 E libc : Access denied finding property "persist.vendor.vsp.fbc"
02-12 10:37:25.202 10539 10539 E SQLiteLog: (1) duplicate column name: account_has_media_post in "ALTER TABLE wa_biz_profiles_linked_accounts_table ADD account_has_media_post INTEGER NOT NULL DEFAULT 0"
02-12 10:37:25.566 10539 10539 W SQLiteLog: (28) double-quoted string literal: ""
02-12 10:37:26.549 10539 10539 E ArmVmp : Match on catch block at 0x0a in for 0xd1
02-12 10:37:26.855 10539 10694 W LOTTIE : Animation contains merge paths. Merge paths are only supported on KitKat+ and must be manually enabled by calling enableMergePathsForKitKatAndAbove().
02-12 10:37:27.433 10539 10539 W LOTTIE : Animation contains merge paths but they are disabled.
02-12 10:37:28.004 10539 10705 E ShortcutInfoCompatSaver: Failed to load saved values from file /data/user/0/com.mbwhatsapp/files/ShortcutInfoCompatSaver_share_targets/ targets.xml. Old state removed, new added
02-12 10:37:28.004 10539 10705 E ShortcutInfoCompatSaver: java.io.FileNotFoundException: /data/user/0/com.mbwhatsapp/files/ShortcutInfoCompatSaver_share_targets/ targets.xml: open failed: ENOENT (No such file or directory)
02-12 10:37:28.004 10539 10705 E ShortcutInfoCompatSaver: at libcore.io.IoBridge.open(IoBridge.java:492)
02-12 10:37:28.004 10539 10705 E ShortcutInfoCompatSaver: at java.io.FileInputStream.<init>(FileInputStream.java:160)
02-12 10:37:28.004 10539 10705 E ShortcutInfoCompatSaver: at X.0nz.run(Unknown Source:82)
02-12 10:37:28.004 10539 10705 E ShortcutInfoCompatSaver: at java.util.concurrent.Executors$RunnableAdapter.call(Executors.java:462)
02-12 10:37:28.004 10539 10705 E ShortcutInfoCompatSaver: at java.util.concurrent.FutureTask.run(FutureTask.java:266)
02-12 10:37:28.004 10539 10705 E ShortcutInfoCompatSaver: at java.util.concurrent.ThreadPoolExecutor.runWorker(ThreadPoolExecutor.java:1167)
02-12 10:37:28.004 10539 10705 E ShortcutInfoCompatSaver: at java.util.concurrent.ThreadPoolExecutor$Worker.run(ThreadPoolExecutor.java:641)
02-12 10:37:28.004 10539 10705 E ShortcutInfoCompatSaver: at java.lang.Thread.run(Thread.java:923)
02-12 10:37:28.004 10539 10705 E ShortcutInfoCompatSaver: Caused by: android.system.ErrnoException: open failed: ENOENT (No such file or directory)
02-12 10:37:28.004 10539 10705 E ShortcutInfoCompatSaver: at libcore.io.Linux.open(Native Method)
02-12 10:37:28.004 10539 10705 E ShortcutInfoCompatSaver: at libcore.io.ForwardingOs.open(ForwardingOs.java:166)
02-12 10:37:28.004 10539 10705 E ShortcutInfoCompatSaver: at libcore.io.BlockGuardOs.open(BlockGuardOs.java:254)
02-12 10:37:28.004 10539 10705 E ShortcutInfoCompatSaver: at libcore.io.ForwardingOs.open(ForwardingOs.java:166)
02-12 10:37:28.004 10539 10705 E ShortcutInfoCompatSaver: at android.app.ActivityThread$AndroidOs.open(ActivityThread.java:8537)
02-12 10:37:28.004 10539 10705 E ShortcutInfoCompatSaver: at libcore.io.IoBridge.open(IoBridge.java:478)
02-12 10:37:28.004 10539 10705 E ShortcutInfoCompatSaver: ... 7 more
02-12 10:37:29.949 10539 10539 E ArmVmp : Match on catch block at 0x0a in for 0x131
02-12 10:37:30.388 10539 10539 E WindowManager: android.view.WindowLeaked: Activity com.mbwhatsapp.HomeActivity has leaked window DecorView@a46e596[HomeActivity] that was originally added here
02-12 10:37:30.388 10539 10539 E WindowManager: at android.view.ViewRootImpl.<init>(ViewRootImpl.java:1068)
02-12 10:37:30.388 10539 10539 E WindowManager: at android.view.ViewRootImpl.<init>(ViewRootImpl.java:1042)
02-12 10:37:30.388 10539 10539 E WindowManager: at android.view.WindowManagerGlobal.addView(WindowManagerGlobal.java:451)
02-12 10:37:30.388 10539 10539 E WindowManager: at android.view.WindowManagerImpl.addView(WindowManagerImpl.java:114)
02-12 10:37:30.388 10539 10539 E WindowManager: at android.app.Dialog.show(Dialog.java:467)
02-12 10:37:30.388 10539 10539 E WindowManager: at mbmodsd.mbmodsw.mbdialog.mbdialogios.iOSDark.show(Native Method)
02-12 10:37:30.388 10539 10539 E WindowManager: at mbmodsd.mbmodsw.mbutils.mbiosdialog.mb_allfiles(Native Method)
02-12 10:37:30.388 10539 10539 E WindowManager: at mbmodsd.mbmodsw.home.HomeActivity.mballcalls(Native Method)
02-12 10:37:30.388 10539 10539 E WindowManager: at com.mbwhatsapp.HomeActivity.onCreate(Unknown Source:54)
02-12 10:37:30.388 10539 10539 E WindowManager: at android.app.Activity.performCreate(Activity.java:8215)
02-12 10:37:30.388 10539 10539 E WindowManager: at android.app.Activity.performCreate(Activity.java:8199)
02-12 10:37:30.388 10539 10539 E WindowManager: at android.app.Instrumentation.callActivityOnCreate(Instrumentation.java:1309)
02-12 10:37:30.388 10539 10539 E WindowManager: at android.app.ActivityThread.performLaunchActivity(ActivityThread.java:3824)
02-12 10:37:30.388 10539 10539 E WindowManager: at android.app.ActivityThread.handleLaunchActivity(ActivityThread.java:4027)
02-12 10:37:30.388 10539 10539 E WindowManager: at android.app.servertransaction.LaunchActivityItem.execute(LaunchActivityItem.java:85 )
02-12 10:37:30.388 10539 10539 E WindowManager: at android.app.servertransaction.TransactionExecutor.executeCallbacks(TransactionExecu tor.java:135)
02-12 10:37:30.388 10539 10539 E WindowManager: at android.app.servertransaction.TransactionExecutor.execute(TransactionExecutor.java: 95)
02-12 10:37:30.388 10539 10539 E WindowManager: at android.app.ActivityThread$H.handleMessage(ActivityThread.java:2336)
02-12 10:37:30.388 10539 10539 E WindowManager: at android.os.Handler.dispatchMessage(Handler.java:106)
02-12 10:37:30.388 10539 10539 E WindowManager: at android.os.Looper.loop(Looper.java:247)
02-12 10:37:30.388 10539 10539 E WindowManager: at android.app.ActivityThread.main(ActivityThread.java:8676)
02-12 10:37:30.388 10539 10539 E WindowManager: at java.lang.reflect.Method.invoke(Native Method)
02-12 10:37:30.388 10539 10539 E WindowManager: at com.android.internal.os.RuntimeInit$MethodAndArgsCaller.run(RuntimeInit.java:602)
02-12 10:37:30.388 10539 10539 E WindowManager: at com.android.internal.os.ZygoteInit.main(ZygoteInit.java:1130)
02-12 10:37:35.939 10539 10624 E FrameEvents: updateAcquireFence: Did not find frame.
02-12 10:37:35.949 10539 10624 E FrameEvents: updateAcquireFence: Did not find frame.
02-12 10:37:35.957 10539 10624 E FrameEvents: updateAcquireFence: Did not find frame.
02-12 10:37:47.650 10539 10553 W System : A resource failed to call release.
02-12 10:37:47.806 10539 10589 E PlayCore: UID: [10349] PID: [10539] StandardIntegrity : Phonesky is not installed.
02-12 10:37:55.464 10539 10539 W IInputConnectionWrapper: requestCursorAnchorInfo on inactive InputConnection
02-12 10:38:01.089 10539 11229 W PersistentStore: java.io.InvalidClassException: org.whispersystems.jobqueue.Job; local class incompatible: stream classdesc serialVersionUID = 6816157634593784783, local class serialVersionUID = 5597620203067719169
02-12 10:38:01.089 10539 11229 W PersistentStore: at java.io.ObjectStreamClass.initNonProxy(ObjectStreamClass.java:624)
02-12 10:38:01.089 10539 11229 W PersistentStore: at java.io.ObjectInputStream.readNonProxyDesc(ObjectInputStream.java:1713)
02-12 10:38:01.089 10539 11229 W PersistentStore: at java.io.ObjectInputStream.readClassDesc(ObjectInputStream.java:1594)
02-12 10:38:01.089 10539 11229 W PersistentStore: at java.io.ObjectInputStream.readNonProxyDesc(ObjectInputStream.java:1713)
02-12 10:38:01.089 10539 11229 W PersistentStore: at java.io.ObjectInputStream.readClassDesc(ObjectInputStream.java:1594)
02-12 10:38:01.089 10539 11229 W PersistentStore: at java.io.ObjectInputStream.readOrdinaryObject(ObjectInputStream.java:1872)
02-12 10:38:01.089 10539 11229 W PersistentStore: at java.io.ObjectInputStream.readObject0(ObjectInputStream.java:1412)
02-12 10:38:01.089 10539 11229 W PersistentStore: at java.io.ObjectInputStream.readObject(ObjectInputStream.java:427)
02-12 10:38:01.089 10539 11229 W PersistentStore: at X.3fu.run(Unknown Source:305)
02-12 10:38:01.089 10539 11229 W PersistentStore: at java.util.concurrent.ThreadPoolExecutor.runWorker(ThreadPoolExecutor.java:1167)
02-12 10:38:01.089 10539 11229 W PersistentStore: at java.util.concurrent.ThreadPoolExecutor$Worker.run(ThreadPoolExecutor.java:641)
02-12 10:38:01.089 10539 11229 W PersistentStore: at java.lang.Thread.run(Thread.java:923)
02-12 10:38:01.091 10539 11229 W PersistentStore: java.io.InvalidClassException: org.whispersystems.jobqueue.Job; local class incompatible: stream classdesc serialVersionUID = 6816157634593784783, local class serialVersionUID = 5597620203067719169
02-12 10:38:01.091 10539 11229 W PersistentStore: at java.io.ObjectStreamClass.initNonProxy(ObjectStreamClass.java:624)
02-12 10:38:01.091 10539 11229 W PersistentStore: at java.io.ObjectInputStream.readNonProxyDesc(ObjectInputStream.java:1713)
02-12 10:38:01.091 10539 11229 W PersistentStore: at java.io.ObjectInputStream.readClassDesc(ObjectInputStream.java:1594)
02-12 10:38:01.091 10539 11229 W PersistentStore: at java.io.ObjectInputStream.readNonProxyDesc(ObjectInputStream.java:1713)
02-12 10:38:01.091 10539 11229 W PersistentStore: at java.io.ObjectInputStream.readClassDesc(ObjectInputStream.java:1594)
02-12 10:38:01.091 10539 11229 W PersistentStore: at java.io.ObjectInputStream.readOrdinaryObject(ObjectInputStream.java:1872)
02-12 10:38:01.091 10539 11229 W PersistentStore: at java.io.ObjectInputStream.readObject0(ObjectInputStream.java:1412)
02-12 10:38:01.091 10539 11229 W PersistentStore: at java.io.ObjectInputStream.readObject(ObjectInputStream.java:427)
02-12 10:38:01.091 10539 11229 W PersistentStore: at X.3fu.run(Unknown Source:305)
02-12 10:38:01.091 10539 11229 W PersistentStore: at java.util.concurrent.ThreadPoolExecutor.runWorker(ThreadPoolExecutor.java:1167)
02-12 10:38:01.091 10539 11229 W PersistentStore: at java.util.concurrent.ThreadPoolExecutor$Worker.run(ThreadPoolExecutor.java:641)
02-12 10:38:01.091 10539 11229 W PersistentStore: at java.lang.Thread.run(Thread.java:923)
02-12 10:38:01.094 10539 11229 W PersistentStore: java.io.InvalidClassException: org.whispersystems.jobqueue.Job; local class incompatible: stream classdesc serialVersionUID = 6816157634593784783, local class serialVersionUID = 5597620203067719169
02-12 10:38:01.094 10539 11229 W PersistentStore: at java.io.ObjectStreamClass.initNonProxy(ObjectStreamClass.java:624)
02-12 10:38:01.094 10539 11229 W PersistentStore: at java.io.ObjectInputStream.readNonProxyDesc(ObjectInputStream.java:1713)
02-12 10:38:01.094 10539 11229 W PersistentStore: at java.io.ObjectInputStream.readClassDesc(ObjectInputStream.java:1594)
02-12 10:38:01.094 10539 11229 W PersistentStore: at java.io.ObjectInputStream.readNonProxyDesc(ObjectInputStream.java:1713)
02-12 10:38:01.094 10539 11229 W PersistentStore: at java.io.ObjectInputStream.readClassDesc(ObjectInputStream.java:1594)
02-12 10:38:01.094 10539 11229 W PersistentStore: at java.io.ObjectInputStream.readOrdinaryObject(ObjectInputStream.java:1872)
02-12 10:38:01.094 10539 11229 W PersistentStore: at java.io.ObjectInputStream.readObject0(ObjectInputStream.java:1412)
02-12 10:38:01.094 10539 11229 W PersistentStore: at java.io.ObjectInputStream.readObject(ObjectInputStream.java:427)
02-12 10:38:01.094 10539 11229 W PersistentStore: at X.3fu.run(Unknown Source:305)
02-12 10:38:01.094 10539 11229 W PersistentStore: at java.util.concurrent.ThreadPoolExecutor.runWorker(ThreadPoolExecutor.java:1167)
02-12 10:38:01.094 10539 11229 W PersistentStore: at java.util.concurrent.ThreadPoolExecutor$Worker.run(ThreadPoolExecutor.java:641)
02-12 10:38:01.094 10539 11229 W PersistentStore: at java.lang.Thread.run(Thread.java:923)
02-12 10:38:20.380 10539 10553 W System : A resource failed to call release.
02-12 10:38:23.980 10539 10539 W IInputConnectionWrapper: getExtractedText on inactive InputConnection
02-12 10:38:24.021 10539 10539 W IInputConnectionWrapper: requestCursorAnchorInfo on inactive InputConnection
02-12 10:38:24.021 10539 10539 W IInputConnectionWrapper: getExtractedText on inactive InputConnection
02-12 10:38:24.067 10539 10539 W IInputConnectionWrapper: requestCursorAnchorInfo on inactive InputConnection
02-12 10:38:46.999 10539 10539 W X.0Z6 : Invalid or missing region code (Indonesia) provided.
02-12 10:38:47.147 10539 10539 W IInputConnectionWrapper: requestCursorAnchorInfo on inactive InputConnection
02-12 10:38:56.909 10539 10539 W IInputConnectionWrapper: requestCursorAnchorInfo on inactive InputConnection
02-12 10:40:00.286 10539 10539 W IInputConnectionWrapper: requestCursorAnchorInfo on inactive InputConnection
02-12 10:40:24.081 10539 10553 W System : A resource failed to call release.
02-12 10:40:40.780 10539 10539 W IInputConnectionWrapper: requestCursorAnchorInfo on inactive InputConnection
02-12 10:40:41.486 10539 13199 W LibraryVersion: Failed to get app version for libraryName: firebase-iid
02-12 10:40:42.709 10539 10606 E PlayCore: UID: [10349] PID: [10539] IntegrityService : Phonesky is not installed.
02-12 10:40:42.713 10539 10539 E playcore: Unexpected error -2 while handling RequestIntegrityToken.
02-12 10:40:45.467 10539 10539 W IInputConnectionWrapper: requestCursorAnchorInfo on inactive InputConnection
02-12 10:40:49.601 10539 10553 W System : A resource failed to call end.
02-12 10:41:00.226 10539 10539 E ArmVmp : Match on catch block at 0x0a in for 0xc9
02-12 10:41:00.245 10539 10539 E ArmVmp : Match on catch block at 0x0a in for 0x131
02-12 10:41:00.408 10539 13187 W MediaCodec-JNI: try to release MediaCodec from JMediaCodec::~JMediaCodec()...
02-12 10:41:00.408 10539 13187 W MediaCodec-JNI: done releasing MediaCodec from JMediaCodec::~JMediaCodec().
02-12 10:41:00.924 10539 13187 W AudioCapabilities: Unsupported mime audio/x-ima
02-12 10:41:00.924 10539 13187 W AudioCapabilities: Unsupported mime audio/mpeg-L1
02-12 10:41:00.924 10539 13187 W AudioCapabilities: Unsupported mime audio/mpeg-L2
02-12 10:41:00.925 10539 13187 W VideoCapabilities: Unsupported mime video/wvc1
02-12 10:41:00.926 10539 13187 W VideoCapabilities: Unsupported mime video/x-ms-wmv
02-12 10:41:00.926 10539 13187 W AudioCapabilities: Unsupported mime audio/x-ima
02-12 10:41:00.926 10539 13187 W AudioCapabilities: Unsupported mime audio/mpeg-L1
02-12 10:41:00.926 10539 13187 W AudioCapabilities: Unsupported mime audio/mpeg-L2
02-12 10:41:00.927 10539 13187 W VideoCapabilities: Unsupported mime video/wvc1
02-12 10:41:00.927 10539 13187 W AudioCapabilities: Unsupported mime audio/mpeg-L1
02-12 10:41:00.927 10539 13187 W AudioCapabilities: Unsupported mime audio/mpeg-L2
02-12 10:41:00.932 10539 13187 W VideoCapabilities: Unrecognized profile/level 32768/2 for video/mp4v-es
02-12 10:41:00.932 10539 13187 W VideoCapabilities: Unrecognized profile/level 32768/64 for video/mp4v-es
02-12 10:41:00.934 10539 13187 W VideoCapabilities: Unrecognized profile/level 1/32 for video/mp4v-es
02-12 10:41:00.934 10539 13187 W VideoCapabilities: Unrecognized profile/level 32768/2 for video/mp4v-es
02-12 10:41:00.934 10539 13187 W VideoCapabilities: Unrecognized profile/level 32768/64 for video/mp4v-es
02-12 10:41:01.644 10539 10539 E RecyclerView: No adapter attached; skipping layout
02-12 10:41:01.730 10539 10539 E ArmVmp : Match on catch block at 0x0a in for 0xd5
02-12 10:41:01.783 10539 10539 E RecyclerView: No adapter attached; skipping layout
02-12 10:41:20.830 10539 10553 W System : A resource failed to call release.
02-12 10:41:29.681 10539 10553 W System : A resource failed to call end.
02-12 10:41:29.681 10539 10553 W System : A resource failed to call end.
02-12 10:41:29.681 10539 10553 W System : A resource failed to call end.
02-12 10:41:29.681 10539 10553 W System : A resource failed to call end.
02-12 10:41:29.681 10539 10553 W System : A resource failed to call end.
02-12 10:42:06.318 10539 10553 W System : A resource failed to call end.
02-12 10:52:48.376 10539 17583 W LOTTIE : Unknown shape type rd
02-12 10:52:48.376 10539 17582 W LOTTIE : Unknown shape type rd
02-12 10:52:48.525 10539 10539 E ArmVmp : Match on catch block at 0x0a in for 0xc5
02-12 10:52:48.529 10539 10539 E ArmVmp : Match on catch block at 0x0a in for 0xc5
02-12 10:52:48.557 10539 10539 E ArmVmp : Match on catch block at 0x0a in for 0x1c5
02-12 10:52:48.825 10539 10539 E ArmVmp : Match on catch block at 0xc3 in for 0xb5
02-12 10:52:48.828 10539 10539 E ArmVmp : Match on catch block at 0xc3 in for 0xb5
02-12 10:52:49.093 10539 10539 E ArmVmp : Match on catch block at 0xc3 in for 0xa9
02-12 10:52:49.094 10539 10539 E ArmVmp : Match on catch block at 0xc3 in for 0xa1
02-12 10:52:49.157 10539 10539 E ArmVmp : Match on catch block at 0x0a in for 0x1f5
02-12 10:52:49.175 10539 10539 E ArmVmp : Match on catch block at 0xc3 in for 0xa9
02-12 10:52:49.177 10539 10539 E ArmVmp : Match on catch block at 0xc3 in for 0xa1
02-12 10:52:49.230 10539 10539 E ArmVmp : Match on catch block at 0xc3 in for 0xa9
02-12 10:52:49.232 10539 10539 E ArmVmp : Match on catch block at 0xc3 in for 0xa1
02-12 10:52:49.260 10539 10539 E ArmVmp : Match on catch block at 0xc3 in for 0xa5
02-12 10:52:49.262 10539 10539 E ArmVmp : Match on catch block at 0xc3 in for 0xa9
02-12 10:52:49.440 10539 10539 E ArmVmp : Match on catch block at 0xc3 in for 0xa1
02-12 10:52:49.443 10539 10539 E ArmVmp : Match on catch block at 0xc3 in for 0xa5
02-12 10:52:49.468 10539 10539 E ArmVmp : Match on catch block at 0xc3 in for 0xa9
02-12 10:52:49.470 10539 10539 E ArmVmp : Match on catch block at 0xc3 in for 0xa1
02-12 10:52:49.494 10539 10539 E ArmVmp : Match on catch block at 0xc3 in for 0xa5
02-12 10:52:49.496 10539 10539 E ArmVmp : Match on catch block at 0xc3 in for 0xa9
02-12 10:52:49.530 10539 10539 E ArmVmp : Match on catch block at 0xc3 in for 0xa1
02-12 10:52:49.532 10539 10539 E ArmVmp : Match on catch block at 0xc3 in for 0xa5
02-12 10:52:49.570 10539 10539 E ArmVmp : Match on catch block at 0xc3 in for 0xa9
02-12 10:52:49.574 10539 10539 E ArmVmp : Match on catch block at 0xc3 in for 0xa1
02-12 10:52:49.594 10539 10539 E ArmVmp : Match on catch block at 0xc3 in for 0xa5
02-12 10:52:49.596 10539 10539 E ArmVmp : Match on catch block at 0xc3 in for 0xa9
02-12 10:52:49.612 10539 10539 E ArmVmp : Match on catch block at 0xc3 in for 0xa1
02-12 10:52:49.614 10539 10539 E ArmVmp : Match on catch block at 0xc3 in for 0xa5
02-12 10:52:49.631 10539 10539 E ArmVmp : Match on catch block at 0xc3 in for 0xa9
02-12 10:52:49.633 10539 10539 E ArmVmp : Match on catch block at 0xc3 in for 0xa1
02-12 10:52:49.650 10539 10539 E ArmVmp : Match on catch block at 0xc3 in for 0xa5
02-12 10:52:49.652 10539 10539 E ArmVmp : Match on catch block at 0xc3 in for 0xa9
02-12 10:52:49.669 10539 10539 E ArmVmp : Match on catch block at 0xc3 in for 0xa1
02-12 10:52:49.671 10539 10539 E ArmVmp : Match on catch block at 0xc3 in for 0xa5
02-12 10:52:49.694 10539 10539 E ArmVmp : Match on catch block at 0xc3 in for 0xa9
02-12 10:52:49.695 10539 10539 E ArmVmp : Match on catch block at 0xc3 in for 0xa1
02-12 10:52:49.712 10539 10539 E ArmVmp : Match on catch block at 0xc3 in for 0xa5
02-12 10:52:49.714 10539 10539 E ArmVmp : Match on catch block at 0xc3 in for 0xa9
02-12 10:52:49.733 10539 10539 E ArmVmp : Match on catch block at 0xc3 in for 0xa1
02-12 10:52:49.736 10539 10539 E ArmVmp : Match on catch block at 0xc3 in for 0xa5
02-12 10:52:49.757 10539 10539 E ArmVmp : Match on catch block at 0xc3 in for 0xa9
02-12 10:52:49.759 10539 10539 E ArmVmp : Match on catch block at 0xc3 in for 0xa1
02-12 10:52:50.277 10539 10539 E ArmVmp : Match on catch block at 0xc3 in for 0xa9
02-12 10:52:50.279 10539 10539 E ArmVmp : Match on catch block at 0xc3 in for 0xa1
02-12 10:52:50.778 10539 10539 E ArmVmp : Match on catch block at 0xc3 in for 0xa5
02-12 10:52:50.784 10539 10539 E ArmVmp : Match on catch block at 0xc3 in for 0xa9
02-12 10:52:50.801 10539 10539 E ArmVmp : Match on catch block at 0xc3 in for 0xa9
02-12 10:52:50.808 10539 10539 E ArmVmp : Match on catch block at 0xc3 in for 0xa1
02-12 10:52:50.830 10539 10539 E ArmVmp : Match on catch block at 0xc3 in for 0xa9
02-12 10:52:50.833 10539 10539 E ArmVmp : Match on catch block at 0xc3 in for 0xa1
02-12 10:52:50.843 10539 10539 E ArmVmp : Match on catch block at 0xc3 in for 0xa1
02-12 10:52:50.846 10539 10539 E ArmVmp : Match on catch block at 0xc3 in for 0xa5
02-12 10:52:50.862 10539 10539 E ArmVmp : Match on catch block at 0xc3 in for 0xa1
02-12 10:52:50.865 10539 10539 E ArmVmp : Match on catch block at 0xc3 in for 0xa5
02-12 10:52:50.874 10539 10539 E ArmVmp : Match on catch block at 0xc3 in for 0xa5
02-12 10:52:50.877 10539 10539 E ArmVmp : Match on catch block at 0xc3 in for 0xa9
02-12 10:52:50.891 10539 10539 E ArmVmp : Match on catch block at 0xc3 in for 0xa5
02-12 10:52:50.894 10539 10539 E ArmVmp : Match on catch block at 0xc3 in for 0xa9
02-12 10:52:50.906 10539 10539 E ArmVmp : Match on catch block at 0xc3 in for 0xa9
02-12 10:52:50.909 10539 10539 E ArmVmp : Match on catch block at 0xc3 in for 0xa1
02-12 10:52:50.923 10539 10539 E ArmVmp : Match on catch block at 0xc3 in for 0xa9
02-12 10:52:50.926 10539 10539 E ArmVmp : Match on catch block at 0xc3 in for 0xa1
02-12 10:52:50.938 10539 10539 E ArmVmp : Match on catch block at 0xc3 in for 0xa1
02-12 10:52:50.941 10539 10539 E ArmVmp : Match on catch block at 0xc3 in for 0xa5
02-12 10:52:50.957 10539 10539 E ArmVmp : Match on catch block at 0xc3 in for 0xa1
02-12 10:52:50.959 10539 10539 E ArmVmp : Match on catch block at 0xc3 in for 0xa5
02-12 10:52:50.970 10539 10539 E ArmVmp : Match on catch block at 0xc3 in for 0xa5
02-12 10:52:50.973 10539 10539 E ArmVmp : Match on catch block at 0xc3 in for 0xa9
02-12 10:52:50.987 10539 10539 E ArmVmp : Match on catch block at 0xc3 in for 0xa5
02-12 10:52:50.990 10539 10539 E ArmVmp : Match on catch block at 0xc3 in for 0xa9
02-12 10:52:51.004 10539 10539 E ArmVmp : Match on catch block at 0xc3 in for 0xa9
02-12 10:52:51.007 10539 10539 E ArmVmp : Match on catch block at 0xc3 in for 0xa1
02-12 10:52:51.022 10539 10539 E ArmVmp : Match on catch block at 0xc3 in for 0xa9
02-12 10:52:51.024 10539 10539 E ArmVmp : Match on catch block at 0xc3 in for 0xa1
02-12 10:52:51.307 10539 10539 E ArmVmp : Match on catch block at 0xc3 in for 0xa9
02-12 10:52:51.311 10539 10539 E ArmVmp : Match on catch block at 0xc3 in for 0xa1
02-12 10:52:51.807 10539 10539 E ArmVmp : Match on catch block at 0xc3 in for 0xa5
02-12 10:52:51.810 10539 10539 E ArmVmp : Match on catch block at 0xc3 in for 0xa9
02-12 10:52:52.308 10539 10539 E ArmVmp : Match on catch block at 0xc3 in for 0xa5
02-12 10:52:52.311 10539 10539 E ArmVmp : Match on catch block at 0xc3 in for 0xa9
02-12 10:52:52.808 10539 10539 E ArmVmp : Match on catch block at 0xc3 in for 0xa5
02-12 10:52:52.811 10539 10539 E ArmVmp : Match on catch block at 0xc3 in for 0xa9
02-12 10:52:53.309 10539 10539 E ArmVmp : Match on catch block at 0xc3 in for 0xa5
02-12 10:52:53.312 10539 10539 E ArmVmp : Match on catch block at 0xc3 in for 0xa9
02-12 10:52:53.819 10539 10539 E ArmVmp : Match on catch block at 0xc3 in for 0xa1
02-12 10:52:53.822 10539 10539 E ArmVmp : Match on catch block at 0xc3 in for 0xa5
02-12 10:52:53.935 10539 10539 E ArmVmp : Match on catch block at 0xc3 in for 0xa9
02-12 10:52:53.937 10539 10539 E ArmVmp : Match on catch block at 0xc3 in for 0xa1
02-12 10:52:54.370 10539 10539 E ArmVmp : Match on catch block at 0xc3 in for 0xa1
02-12 10:52:54.373 10539 10539 E ArmVmp : Match on catch block at 0xc3 in for 0xa5
02-12 10:52:54.671 10539 10539 E ArmVmp : Match on catch block at 0xc3 in for 0xa5
02-12 10:52:54.674 10539 10539 E ArmVmp : Match on catch block at 0xc3 in for 0xa9
02-12 10:52:54.688 10539 10539 E ArmVmp : Match on catch block at 0xc3 in for 0xa5
02-12 10:52:54.691 10539 10539 E ArmVmp : Match on catch block at 0xc3 in for 0xa9
02-12 10:52:54.705 10539 10539 E ArmVmp : Match on catch block at 0xc3 in for 0xa5
02-12 10:52:54.708 10539 10539 E ArmVmp : Match on catch block at 0xc3 in for 0xa9
02-12 10:52:54.721 10539 10539 E ArmVmp : Match on catch block at 0xc3 in for 0xa5
02-12 10:52:54.724 10539 10539 E ArmVmp : Match on catch block at 0xc3 in for 0xa9
02-12 10:52:54.738 10539 10539 E ArmVmp : Match on catch block at 0xc3 in for 0xa5
02-12 10:52:54.741 10539 10539 E ArmVmp : Match on catch block at 0xc3 in for 0xa9
02-12 10:52:54.755 10539 10539 E ArmVmp : Match on catch block at 0xc3 in for 0xa5
02-12 10:52:54.758 10539 10539 E ArmVmp : Match on catch block at 0xc3 in for 0xa9
02-12 10:52:54.772 10539 10539 E ArmVmp : Match on catch block at 0xc3 in for 0xa5
02-12 10:52:54.775 10539 10539 E ArmVmp : Match on catch block at 0xc3 in for 0xa9
02-12 10:52:54.789 10539 10539 E ArmVmp : Match on catch block at 0xc3 in for 0xa5
02-12 10:52:54.792 10539 10539 E ArmVmp : Match on catch block at 0xc3 in for 0xa9
02-12 10:52:54.805 10539 10539 E ArmVmp : Match on catch block at 0xc3 in for 0xa5
02-12 10:52:54.808 10539 10539 E ArmVmp : Match on catch block at 0xc3 in for 0xa9
02-12 10:52:54.822 10539 10539 E ArmVmp : Match on catch block at 0xc3 in for 0xa5
02-12 10:52:54.825 10539 10539 E ArmVmp : Match on catch block at 0xc3 in for 0xa9
02-12 10:52:54.839 10539 10539 E ArmVmp : Match on catch block at 0xc3 in for 0xa5
02-12 10:52:54.842 10539 10539 E ArmVmp : Match on catch block at 0xc3 in for 0xa9
02-12 10:52:54.854 10539 10539 E ArmVmp : Match on catch block at 0xc3 in for 0xa5
02-12 10:52:54.858 10539 10539 E ArmVmp : Match on catch block at 0xc3 in for 0xa9
02-12 10:52:54.872 10539 10539 E ArmVmp : Match on catch block at 0xc3 in for 0xa5
02-12 10:52:54.876 10539 10539 E ArmVmp : Match on catch block at 0xc3 in for 0xa9
02-12 10:52:54.888 10539 10539 E ArmVmp : Match on catch block at 0xc3 in for 0xa5
02-12 10:52:54.891 10539 10539 E ArmVmp : Match on catch block at 0xc3 in for 0xa9
02-12 10:52:54.906 10539 10539 E ArmVmp : Match on catch block at 0xc3 in for 0xa5
02-12 10:52:54.909 10539 10539 E ArmVmp : Match on catch block at 0xc3 in for 0xa9
02-12 10:52:55.005 10539 10539 E ArmVmp : Match on catch block at 0xc3 in for 0xa1
02-12 10:52:55.009 10539 10539 E ArmVmp : Match on catch block at 0xc3 in for 0xa5
02-12 10:52:55.022 10539 10539 E ArmVmp : Match on catch block at 0xc3 in for 0xa1
02-12 10:52:55.025 10539 10539 E ArmVmp : Match on catch block at 0xc3 in for 0xa5
02-12 10:52:55.038 10539 10539 E ArmVmp : Match on catch block at 0xc3 in for 0xa1
02-12 10:52:55.042 10539 10539 E ArmVmp : Match on catch block at 0xc3 in for 0xa5
02-12 10:52:55.055 10539 10539 E ArmVmp : Match on catch block at 0xc3 in for 0xa1
02-12 10:52:55.058 10539 10539 E ArmVmp : Match on catch block at 0xc3 in for 0xa5
02-12 10:52:55.073 10539 10539 E ArmVmp : Match on catch block at 0xc3 in for 0xa1
02-12 10:52:55.076 10539 10539 E ArmVmp : Match on catch block at 0xc3 in for 0xa5
02-12 10:52:55.088 10539 10539 E ArmVmp : Match on catch block at 0xc3 in for 0xa1
02-12 10:52:55.091 10539 10539 E ArmVmp : Match on catch block at 0xc3 in for 0xa5
02-12 10:52:55.105 10539 10539 E ArmVmp : Match on catch block at 0xc3 in for 0xa1
02-12 10:52:55.108 10539 10539 E ArmVmp : Match on catch block at 0xc3 in for 0xa5
02-12 10:52:55.120 10539 10539 E ArmVmp : Match on catch block at 0xc3 in for 0xa1
02-12 10:52:55.123 10539 10539 E ArmVmp : Match on catch block at 0xc3 in for 0xa5
02-12 10:52:55.137 10539 10539 E ArmVmp : Match on catch block at 0xc3 in for 0xa1
02-12 10:52:55.140 10539 10539 E ArmVmp : Match on catch block at 0xc3 in for 0xa5
02-12 10:52:55.154 10539 10539 E ArmVmp : Match on catch block at 0xc3 in for 0xa1
02-12 10:52:55.156 10539 10539 E ArmVmp : Match on catch block at 0xc3 in for 0xa5
02-12 10:52:55.171 10539 10539 E ArmVmp : Match on catch block at 0xc3 in for 0xa1
02-12 10:52:55.174 10539 10539 E ArmVmp : Match on catch block at 0xc3 in for 0xa5
02-12 10:52:55.188 10539 10539 E ArmVmp : Match on catch block at 0xc3 in for 0xa1
02-12 10:52:55.191 10539 10539 E ArmVmp : Match on catch block at 0xc3 in for 0xa5
02-12 10:52:55.204 10539 10539 E ArmVmp : Match on catch block at 0xc3 in for 0xa1
02-12 10:52:55.207 10539 10539 E ArmVmp : Match on catch block at 0xc3 in for 0xa5
02-12 10:52:55.221 10539 10539 E ArmVmp : Match on catch block at 0xc3 in for 0xa1
02-12 10:52:55.224 10539 10539 E ArmVmp : Match on catch block at 0xc3 in for 0xa5
02-12 10:52:55.238 10539 10539 E ArmVmp : Match on catch block at 0xc3 in for 0xa1
02-12 10:52:55.240 10539 10539 E ArmVmp : Match on catch block at 0xc3 in for 0xa5
02-12 10:52:55.255 10539 10539 E ArmVmp : Match on catch block at 0xc3 in for 0xa1
02-12 10:52:55.258 10539 10539 E ArmVmp : Match on catch block at 0xc3 in for 0xa5
02-12 10:52:55.272 10539 10539 E ArmVmp : Match on catch block at 0xc3 in for 0xa1
02-12 10:52:55.276 10539 10539 E ArmVmp : Match on catch block at 0xc3 in for 0xa5
02-12 10:52:55.289 10539 10539 E ArmVmp : Match on catch block at 0xc3 in for 0xa1
02-12 10:52:55.292 10539 10539 E ArmVmp : Match on catch block at 0xc3 in for 0xa5
02-12 10:52:55.305 10539 10539 E ArmVmp : Match on catch block at 0xc3 in for 0xa1
02-12 10:52:55.309 10539 10539 E ArmVmp : Match on catch block at 0xc3 in for 0xa5
02-12 10:52:55.321 10539 10539 E ArmVmp : Match on catch block at 0xc3 in for 0xa1
02-12 10:52:55.324 10539 10539 E ArmVmp : Match on catch block at 0xc3 in for 0xa5
02-12 10:52:55.339 10539 10539 E ArmVmp : Match on catch block at 0xc3 in for 0xa1
02-12 10:52:55.342 10539 10539 E ArmVmp : Match on catch block at 0xc3 in for 0xa5
02-12 10:52:55.355 10539 10539 E ArmVmp : Match on catch block at 0xc3 in for 0xa1
02-12 10:52:55.358 10539 10539 E ArmVmp : Match on catch block at 0xc3 in for 0xa5
02-12 10:52:55.372 10539 10539 E ArmVmp : Match on catch block at 0xc3 in for 0xa1
02-12 10:52:55.375 10539 10539 E ArmVmp : Match on catch block at 0xc3 in for 0xa5
02-12 10:52:55.388 10539 10539 E ArmVmp : Match on catch block at 0xc3 in for 0xa1
02-12 10:52:55.391 10539 10539 E ArmVmp : Match on catch block at 0xc3 in for 0xa5
02-12 10:52:55.405 10539 10539 E ArmVmp : Match on catch block at 0xc3 in for 0xa1
02-12 10:52:55.408 10539 10539 E ArmVmp : Match on catch block at 0xc3 in for 0xa5
02-12 10:52:55.422 10539 10539 E ArmVmp : Match on catch block at 0xc3 in for 0xa1
02-12 10:52:55.425 10539 10539 E ArmVmp : Match on catch block at 0xc3 in for 0xa5
02-12 10:52:55.439 10539 10539 E ArmVmp : Match on catch block at 0xc3 in for 0xa1
02-12 10:52:55.441 10539 10539 E ArmVmp : Match on catch block at 0xc3 in for 0xa5
02-12 10:52:55.454 10539 10539 E ArmVmp : Match on catch block at 0xc3 in for 0xa1
02-12 10:52:55.456 10539 10539 E ArmVmp : Match on catch block at 0xc3 in for 0xa5
02-12 10:52:55.471 10539 10539 E ArmVmp : Match on catch block at 0xc3 in for 0xa1
02-12 10:52:55.473 10539 10539 E ArmVmp : Match on catch block at 0xc3 in for 0xa5
02-12 10:52:55.555 10539 10539 E ArmVmp : Match on catch block at 0xc3 in for 0xa9
02-12 10:52:55.559 10539 10539 E ArmVmp : Match on catch block at 0xc3 in for 0xa1
02-12 10:52:55.571 10539 10539 E ArmVmp : Match on catch block at 0xc3 in for 0xa9
02-12 10:52:55.575 10539 10539 E ArmVmp : Match on catch block at 0xc3 in for 0xa1
02-12 10:52:55.588 10539 10539 E ArmVmp : Match on catch block at 0xc3 in for 0xa9
02-12 10:52:55.592 10539 10539 E ArmVmp : Match on catch block at 0xc3 in for 0xa1
02-12 10:52:55.605 10539 10539 E ArmVmp : Match on catch block at 0xc3 in for 0xa9
02-12 10:52:55.608 10539 10539 E ArmVmp : Match on catch block at 0xc3 in for 0xa1
02-12 10:52:55.622 10539 10539 E ArmVmp : Match on catch block at 0xc3 in for 0xa9
02-12 10:52:55.624 10539 10539 E ArmVmp : Match on catch block at 0xc3 in for 0xa1
02-12 10:52:55.637 10539 10539 E ArmVmp : Match on catch block at 0xc3 in for 0xa5
02-12 10:52:55.640 10539 10539 E ArmVmp : Match on catch block at 0xc3 in for 0xa9
02-12 10:52:55.654 10539 10539 E ArmVmp : Match on catch block at 0xc3 in for 0xa1
02-12 10:52:55.658 10539 10539 E ArmVmp : Match on catch block at 0xc3 in for 0xa5
02-12 10:52:55.671 10539 10539 E ArmVmp : Match on catch block at 0xc3 in for 0xa9
02-12 10:52:55.676 10539 10539 E ArmVmp : Match on catch block at 0xc3 in for 0xa1
02-12 10:52:55.688 10539 10539 E ArmVmp : Match on catch block at 0xc3 in for 0xa5
02-12 10:52:55.691 10539 10539 E ArmVmp : Match on catch block at 0xc3 in for 0xa9
02-12 10:52:55.705 10539 10539 E ArmVmp : Match on catch block at 0xc3 in for 0xa1
02-12 10:52:55.708 10539 10539 E ArmVmp : Match on catch block at 0xc3 in for 0xa5
02-12 10:52:55.721 10539 10539 E ArmVmp : Match on catch block at 0xc3 in for 0xa9
02-12 10:52:55.724 10539 10539 E ArmVmp : Match on catch block at 0xc3 in for 0xa1
02-12 10:52:55.737 10539 10539 E ArmVmp : Match on catch block at 0xc3 in for 0xa5
02-12 10:52:55.740 10539 10539 E ArmVmp : Match on catch block at 0xc3 in for 0xa9
02-12 10:52:55.755 10539 10539 E ArmVmp : Match on catch block at 0xc3 in for 0xa1
02-12 10:52:55.758 10539 10539 E ArmVmp : Match on catch block at 0xc3 in for 0xa5
02-12 10:52:55.771 10539 10539 E ArmVmp : Match on catch block at 0xc3 in for 0xa9
02-12 10:52:55.774 10539 10539 E ArmVmp : Match on catch block at 0xc3 in for 0xa1
02-12 10:52:55.787 10539 10539 E ArmVmp : Match on catch block at 0xc3 in for 0xa5
02-12 10:52:55.791 10539 10539 E ArmVmp : Match on catch block at 0xc3 in for 0xa9
02-12 10:52:55.805 10539 10539 E ArmVmp : Match on catch block at 0xc3 in for 0xa1
02-12 10:52:55.808 10539 10539 E ArmVmp : Match on catch block at 0xc3 in for 0xa5
02-12 10:52:55.821 10539 10539 E ArmVmp : Match on catch block at 0xc3 in for 0xa9
02-12 10:52:55.825 10539 10539 E ArmVmp : Match on catch block at 0xc3 in for 0xa1
02-12 10:52:55.838 10539 10539 E ArmVmp : Match on catch block at 0xc3 in for 0xa9
02-12 10:52:55.842 10539 10539 E ArmVmp : Match on catch block at 0xc3 in for 0xa1
02-12 10:52:55.871 10539 10539 E ArmVmp : Match on catch block at 0xc3 in for 0xa1
02-12 10:52:55.873 10539 10539 E ArmVmp : Match on catch block at 0xc3 in for 0xa5
02-12 10:52:56.087 10539 10539 E ArmVmp : Match on catch block at 0xc3 in for 0xa9
02-12 10:52:56.091 10539 10539 E ArmVmp : Match on catch block at 0xc3 in for 0xa1
02-12 10:52:56.122 10539 10539 E ArmVmp : Match on catch block at 0xc3 in for 0xa5
02-12 10:52:56.124 10539 10539 E ArmVmp : Match on catch block at 0xc3 in for 0xa9
02-12 10:52:56.142 10539 10624 E FrameEvents: updateAcquireFence: Did not find frame.
02-12 10:52:56.290 10539 10539 W ResourceType: Bad XML block: header size 18254 or total size 169478669 is larger than data size 231
02-12 10:52:56.294 10539 10539 W ResourceType: Bad XML block: header size 18254 or total size 169478669 is larger than data size 265
02-12 10:52:56.307 10539 10539 W ResourceType: Bad XML block: header size 18254 or total size 169478669 is larger than data size 376
02-12 10:52:56.310 10539 10539 W ResourceType: Bad XML block: header size 18254 or total size 169478669 is larger than data size 168
02-12 10:52:56.318 10539 10539 W ResourceType: Bad XML block: header size 18254 or total size 169478669 is larger than data size 571
02-12 10:52:56.325 10539 10539 W ResourceType: Bad XML block: header size 18254 or total size 169478669 is larger than data size 193
02-12 10:52:56.329 10539 10539 W ResourceType: Bad XML block: header size 18254 or total size 169478669 is larger than data size 363
02-12 10:52:56.334 10539 10539 W ResourceType: Bad XML block: header size 18254 or total size 169478669 is larger than data size 630
02-12 10:52:56.338 10539 10539 W ResourceType: Bad XML block: header size 18254 or total size 169478669 is larger than data size 313
02-12 10:52:56.341 10539 10539 W ResourceType: Bad XML block: header size 18254 or total size 169478669 is larger than data size 630
02-12 10:52:56.346 10539 10539 W ResourceType: Bad XML block: header size 18254 or total size 169478669 is larger than data size 457
