01-16 21:36:41.841 29005 29058 E SQLiteDatabase: at android.database.sqlite.SQLiteConnection.executeForLastInsertedRowId(SQLiteConnecti on.java:946)
01-16 21:36:41.841 29005 29058 E SQLiteDatabase: at android.database.sqlite.SQLiteSession.executeForLastInsertedRowId(SQLiteSession.jav a:790)
01-16 21:36:41.841 29005 29058 E SQLiteDatabase: at android.database.sqlite.SQLiteStatement.executeInsert(SQLiteStatement.java:89)
01-16 21:36:41.841 29005 29058 E SQLiteDatabase: at android.database.sqlite.SQLiteDatabase.insertWithOnConflict(SQLiteDatabase.java:170 2)
01-16 21:36:41.841 29005 29058 E SQLiteDatabase: at android.database.sqlite.SQLiteDatabase.insert(SQLiteDatabase.java:1571)
01-16 21:36:41.841 29005 29058 E SQLiteDatabase: at X.2tm.A08(Unknown Source:6)
01-16 21:36:41.841 29005 29058 E SQLiteDatabase: at X.35Y.A07(Unknown Source:212)
01-16 21:36:41.841 29005 29058 E SQLiteDatabase: at X.3QF.A14(Unknown Source:470)
01-16 21:36:41.841 29005 29058 E SQLiteDatabase: at X.3gU.run(Unknown Source:982)
01-16 21:36:41.841 29005 29058 E SQLiteDatabase: at android.os.Handler.handleCallback(Handler.java:938)
01-16 21:36:41.841 29005 29058 E SQLiteDatabase: at android.os.Handler.dispatchMessage(Handler.java:99)
01-16 21:36:41.841 29005 29058 E SQLiteDatabase: at X.0zq.dispatchMessage(Unknown Source:4)
01-16 21:36:41.841 29005 29058 E SQLiteDatabase: at android.os.Looper.loopOnce(Looper.java:233)
01-16 21:36:41.841 29005 29058 E SQLiteDatabase: at android.os.Looper.loop(Looper.java:344)
01-16 21:36:41.841 29005 29058 E SQLiteDatabase: at android.os.HandlerThread.run(HandlerThread.java:67)
01-16 21:36:41.856 29005 29058 E SQLiteDatabase: Error inserting transferred=0 media_job_uuid=c43efc2d-4f0d-42df-81d4-20a93db28329 transcoded=0 gif_attribution=0 first_scan_length=0 direct_path=/v/t62.7161- 24/31212305_903703391466626_6865765995053461252_n.enc?ccb=11-4&oh=01_AdSp1s46dAW2w- zJz9oWJk8Cm6EH7025ax0FGyP5n5zQLg&oe=65CD3F07&_nc_sid=5e03e0 thumbnail_height_width_ratio=1.7777778 is_animated_sticker=0 file_hash=2e0zjKLYh65EOVea0VjWG6wIq/jV6vzj01X3G6TufFY= file_path=null file_size=0 partial_media_hash=null face_x=0 face_y=0 height=656 trim_to=0 media_key_timestamp=1705365798000 message_url=https://mmg.whatsapp.net/v/t62.7161- 24/31212305_903703391466626_6865765995053461252_n.enc?ccb=11-4&oh=01_AdSp1s46dAW2w- zJz9oWJk8Cm6EH7025ax0FGyP5n5zQLg&oe=65CD3F07&_nc_sid=5e03e0&mms3=true media_caption=null trim_from=0 mime_type=video/mp4 partial_media_enc_hash=null width=368 original_file_hash=null has_streaming_sidecar=1 autotransfer_retry_enabled=0 media_upload_handle=null message_row_id=1811 multicast_id=null enc_file_hash=t7dmOQtNm34iA4vkpaOt4MpJRcIDPW/IGYzZIwHlciE= mute_video=0 page_count=0 first_scan_sidecar=null suspicious_content=0 file_length=2700344 media_name=null media_duration=21 chat_row_id=227 media_key=[B@4575386
01-16 21:36:41.856 29005 29058 E SQLiteDatabase: android.database.sqlite.SQLiteConstraintException: UNIQUE constraint failed: message_media.message_row_id (code 1555 SQLITE_CONSTRAINT_PRIMARYKEY)
01-16 21:36:41.856 29005 29058 E SQLiteDatabase: at android.database.sqlite.SQLiteConnection.nativeExecuteForLastInsertedRowId(Native Method)
01-16 21:36:41.856 29005 29058 E SQLiteDatabase: at android.database.sqlite.SQLiteConnection.executeForLastInsertedRowId(SQLiteConnecti on.java:946)
01-16 21:36:41.856 29005 29058 E SQLiteDatabase: at android.database.sqlite.SQLiteSession.executeForLastInsertedRowId(SQLiteSession.jav a:790)
01-16 21:36:41.856 29005 29058 E SQLiteDatabase: at android.database.sqlite.SQLiteStatement.executeInsert(SQLiteStatement.java:89)
01-16 21:36:41.856 29005 29058 E SQLiteDatabase: at android.database.sqlite.SQLiteDatabase.insertWithOnConflict(SQLiteDatabase.java:170 2)
01-16 21:36:41.856 29005 29058 E SQLiteDatabase: at android.database.sqlite.SQLiteDatabase.insert(SQLiteDatabase.java:1571)
01-16 21:36:41.856 29005 29058 E SQLiteDatabase: at X.2tm.A08(Unknown Source:6)
01-16 21:36:41.856 29005 29058 E SQLiteDatabase: at X.35Y.A07(Unknown Source:212)
01-16 21:36:41.856 29005 29058 E SQLiteDatabase: at X.3QF.A14(Unknown Source:470)
01-16 21:36:41.856 29005 29058 E SQLiteDatabase: at X.3gU.run(Unknown Source:982)
01-16 21:36:41.856 29005 29058 E SQLiteDatabase: at android.os.Handler.handleCallback(Handler.java:938)
01-16 21:36:41.856 29005 29058 E SQLiteDatabase: at android.os.Handler.dispatchMessage(Handler.java:99)
01-16 21:36:41.856 29005 29058 E SQLiteDatabase: at X.0zq.dispatchMessage(Unknown Source:4)
01-16 21:36:41.856 29005 29058 E SQLiteDatabase: at android.os.Looper.loopOnce(Looper.java:233)
01-16 21:36:41.856 29005 29058 E SQLiteDatabase: at android.os.Looper.loop(Looper.java:344)
01-16 21:36:41.856 29005 29058 E SQLiteDatabase: at android.os.HandlerThread.run(HandlerThread.java:67)
01-16 21:36:42.430 29005 29005 W BottomSheetBehavior: BottomSheetBehavior now supports multiple callbacks. `setBottomSheetCallback()` removes all existing callbacks, including ones set internally by library authors, which may result in unintended behavior. This may change in the future. Please use `addBottomSheetCallback()` and `removeBottomSheetCallback()` instead to set your own callbacks.
01-16 21:36:42.430 29005 29005 W BottomSheetBehavior: BottomSheetBehavior now supports multiple callbacks. `setBottomSheetCallback()` removes all existing callbacks, including ones set internally by library authors, which may result in unintended behavior. This may change in the future. Please use `addBottomSheetCallback()` and `removeBottomSheetCallback()` instead to set your own callbacks.
01-16 21:36:42.442 29005 29005 E RecyclerView: No adapter attached; skipping layout
01-16 21:36:42.548 29005 30544 E Parcel : Reading a NULL string not supported here.
01-16 21:36:42.550 29005 30544 W libc : Access denied finding property "vendor.oplus.media.vpp.stutter"
01-16 21:36:42.591 29005 31021 W ColorUtils: expected specified color aspects (2:0:0:0)
01-16 21:36:42.602 29005 31020 E ListServiceUtils: checkInListByUid module:sr-osie- whitelist uid:10036 cost 1168us return 0
01-16 21:36:42.612 29005 31021 W Codec2Client: query -- param skipped: index = 1107298332.
01-16 21:36:42.612 29005 31021 W CCodec : This behavior is subject to change. It is recommended that app developers double check whether the requested max input size is in reasonable range.
01-16 21:36:42.619 29005 31021 W Codec2Client: query -- param skipped: index = 1342179345.
01-16 21:36:42.619 29005 31021 W Codec2Client: query -- param skipped: index = 2415921170.
01-16 21:36:42.619 29005 31021 W Codec2Client: query -- param skipped: index = 1610614798.
01-16 21:36:42.666 29005 30544 W libc : Access denied finding property "vendor.oplus.media.vpp.stutter"
01-16 21:36:42.686 29005 31031 W Codec2Client: query -- param skipped: index = 1107298332.
01-16 21:36:42.687 29005 31031 W CCodec : This behavior is subject to change. It is recommended that app developers double check whether the requested max input size is in reasonable range.
01-16 21:36:42.688 29005 31031 W Codec2Client: query -- param skipped: index = 1342179345.
01-16 21:36:42.688 29005 31031 W Codec2Client: query -- param skipped: index = 2415921170.
01-16 21:36:42.688 29005 31031 W Codec2Client: query -- param skipped: index = 1610614798.
01-16 21:36:42.704 29005 31020 W MediaCodec: mapFormat: no mediaType information
01-16 21:36:43.331 29005 29082 E BLASTBufferQueue: BLASTBufferItemConsumer::onDisconnect()
01-16 21:36:43.350 29005 31020 W Codec2Client: query -- param skipped: index = 1342179345.
01-16 21:36:43.350 29005 31020 W Codec2Client: query -- param skipped: index = 2415921170.
01-16 21:36:43.350 29005 31020 W Codec2Client: query -- param skipped: index = 1610614798.
01-16 21:36:43.353 29005 31031 W Codec2Client: query -- param skipped: index = 1342179345.
01-16 21:36:43.353 29005 31031 W Codec2Client: query -- param skipped: index = 2415921170.
01-16 21:36:43.353 29005 31031 W Codec2Client: query -- param skipped: index = 1610614798.
01-16 21:36:44.508 29005 29058 E SQLiteDatabase: Error inserting transferred=1 media_job_uuid=4784b5c2-eaef-4bad-9b27-0c73c8014f10 transcoded=0 gif_attribution=0 first_scan_length=0 direct_path=/v/t62.7161- 24/31805781_1046403153289131_2208877305077512945_n.enc?ccb=11- 4&oh=01_AdSW0UmXYnPpwpoWEgtdDwE5VfFG6_P-HqTml3_h1QgB5g&oe=65CD626D&_nc_sid=5e03e0 thumbnail_height_width_ratio=1.8113208 is_animated_sticker=0 file_hash=joB8ZHf2QpzJhHipQbFvjNt0M2URJWmP8j28W77CraQ= file_path=Media/.Statuses/ba65e5536a4f4e24a0fba6fce3540f65.mp4 file_size=2070557 partial_media_hash=null face_x=0 face_y=0 height=640 trim_to=0 media_key_timestamp=1705368539000 message_url=https://mmg.whatsapp.net/v/t62.7161- 24/31805781_1046403153289131_2208877305077512945_n.enc?ccb=11- 4&oh=01_AdSW0UmXYnPpwpoWEgtdDwE5VfFG6_P- HqTml3_h1QgB5g&oe=65CD626D&_nc_sid=5e03e0&mms3=true media_caption=null trim_from=0 mime_type=video/mp4 partial_media_enc_hash=null width=352 original_file_hash=null has_streaming_sidecar=1 autotransfer_retry_enabled=1 media_upload_handle=null message_row_id=1823 multicast_id=null enc_file_hash=3tlLq1CrDUQTgeob0U2Ad1TnLVGjN7VzVKqdZ1DYkcI= mute_video=0 page_count=0 first_scan_sidecar=null suspicious_content=0 file_length=2070557 media_name=null media_duration=12 chat_row_id=227 media_key=[B@ee23155
01-16 21:36:44.508 29005 29058 E SQLiteDatabase: android.database.sqlite.SQLiteConstraintException: UNIQUE constraint failed: message_media.message_row_id (code 1555 SQLITE_CONSTRAINT_PRIMARYKEY)
01-16 21:36:44.508 29005 29058 E SQLiteDatabase: at android.database.sqlite.SQLiteConnection.nativeExecuteForLastInsertedRowId(Native Method)
01-16 21:36:44.508 29005 29058 E SQLiteDatabase: at android.database.sqlite.SQLiteConnection.executeForLastInsertedRowId(SQLiteConnecti on.java:946)
01-16 21:36:44.508 29005 29058 E SQLiteDatabase: at android.database.sqlite.SQLiteSession.executeForLastInsertedRowId(SQLiteSession.jav a:790)
01-16 21:36:44.508 29005 29058 E SQLiteDatabase: at android.database.sqlite.SQLiteStatement.executeInsert(SQLiteStatement.java:89)
01-16 21:36:44.508 29005 29058 E SQLiteDatabase: at android.database.sqlite.SQLiteDatabase.insertWithOnConflict(SQLiteDatabase.java:170 2)
01-16 21:36:44.508 29005 29058 E SQLiteDatabase: at android.database.sqlite.SQLiteDatabase.insert(SQLiteDatabase.java:1571)
01-16 21:36:44.508 29005 29058 E SQLiteDatabase: at X.2tm.A08(Unknown Source:6)
01-16 21:36:44.508 29005 29058 E SQLiteDatabase: at X.35Y.A07(Unknown Source:212)
01-16 21:36:44.508 29005 29058 E SQLiteDatabase: at X.3QF.A14(Unknown Source:470)
01-16 21:36:44.508 29005 29058 E SQLiteDatabase: at X.3gU.run(Unknown Source:982)
01-16 21:36:44.508 29005 29058 E SQLiteDatabase: at android.os.Handler.handleCallback(Handler.java:938)
01-16 21:36:44.508 29005 29058 E SQLiteDatabase: at android.os.Handler.dispatchMessage(Handler.java:99)
01-16 21:36:44.508 29005 29058 E SQLiteDatabase: at X.0zq.dispatchMessage(Unknown Source:4)
01-16 21:36:44.508 29005 29058 E SQLiteDatabase: at android.os.Looper.loopOnce(Looper.java:233)
01-16 21:36:44.508 29005 29058 E SQLiteDatabase: at android.os.Looper.loop(Looper.java:344)
01-16 21:36:44.508 29005 29058 E SQLiteDatabase: at android.os.HandlerThread.run(HandlerThread.java:67)
01-16 21:36:44.555 29005 29058 E SQLiteDatabase: Error inserting transferred=0 media_job_uuid=c43efc2d-4f0d-42df-81d4-20a93db28329 transcoded=0 gif_attribution=0 first_scan_length=0 direct_path=/v/t62.7161- 24/31212305_903703391466626_6865765995053461252_n.enc?ccb=11-4&oh=01_AdSp1s46dAW2w- zJz9oWJk8Cm6EH7025ax0FGyP5n5zQLg&oe=65CD3F07&_nc_sid=5e03e0 thumbnail_height_width_ratio=1.7777778 is_animated_sticker=0 file_hash=2e0zjKLYh65EOVea0VjWG6wIq/jV6vzj01X3G6TufFY= file_path=null file_size=0 partial_media_hash=null face_x=0 face_y=0 height=656 trim_to=0 media_key_timestamp=1705365798000 message_url=https://mmg.whatsapp.net/v/t62.7161- 24/31212305_903703391466626_6865765995053461252_n.enc?ccb=11-4&oh=01_AdSp1s46dAW2w- zJz9oWJk8Cm6EH7025ax0FGyP5n5zQLg&oe=65CD3F07&_nc_sid=5e03e0&mms3=true media_caption=null trim_from=0 mime_type=video/mp4 partial_media_enc_hash=null width=368 original_file_hash=null has_streaming_sidecar=1 autotransfer_retry_enabled=1 media_upload_handle=null message_row_id=1811 multicast_id=null enc_file_hash=t7dmOQtNm34iA4vkpaOt4MpJRcIDPW/IGYzZIwHlciE= mute_video=0 page_count=0 first_scan_sidecar=null suspicious_content=0 file_length=2700344 media_name=null media_duration=21 chat_row_id=227 media_key=[B@4575386
01-16 21:36:44.555 29005 29058 E SQLiteDatabase: android.database.sqlite.SQLiteConstraintException: UNIQUE constraint failed: message_media.message_row_id (code 1555 SQLITE_CONSTRAINT_PRIMARYKEY)
01-16 21:36:44.555 29005 29058 E SQLiteDatabase: at android.database.sqlite.SQLiteConnection.nativeExecuteForLastInsertedRowId(Native Method)
01-16 21:36:44.555 29005 29058 E SQLiteDatabase: at android.database.sqlite.SQLiteConnection.executeForLastInsertedRowId(SQLiteConnecti on.java:946)
01-16 21:36:44.555 29005 29058 E SQLiteDatabase: at android.database.sqlite.SQLiteSession.executeForLastInsertedRowId(SQLiteSession.jav a:790)
01-16 21:36:44.555 29005 29058 E SQLiteDatabase: at android.database.sqlite.SQLiteStatement.executeInsert(SQLiteStatement.java:89)
01-16 21:36:44.555 29005 29058 E SQLiteDatabase: at android.database.sqlite.SQLiteDatabase.insertWithOnConflict(SQLiteDatabase.java:170 2)
01-16 21:36:44.555 29005 29058 E SQLiteDatabase: at android.database.sqlite.SQLiteDatabase.insert(SQLiteDatabase.java:1571)
01-16 21:36:44.555 29005 29058 E SQLiteDatabase: at X.2tm.A08(Unknown Source:6)
01-16 21:36:44.555 29005 29058 E SQLiteDatabase: at X.35Y.A07(Unknown Source:212)
01-16 21:36:44.555 29005 29058 E SQLiteDatabase: at X.3QF.A14(Unknown Source:470)
01-16 21:36:44.555 29005 29058 E SQLiteDatabase: at X.3gU.run(Unknown Source:982)
01-16 21:36:44.555 29005 29058 E SQLiteDatabase: at android.os.Handler.handleCallback(Handler.java:938)
01-16 21:36:44.555 29005 29058 E SQLiteDatabase: at android.os.Handler.dispatchMessage(Handler.java:99)
01-16 21:36:44.555 29005 29058 E SQLiteDatabase: at X.0zq.dispatchMessage(Unknown Source:4)
01-16 21:36:44.555 29005 29058 E SQLiteDatabase: at android.os.Looper.loopOnce(Looper.java:233)
01-16 21:36:44.555 29005 29058 E SQLiteDatabase: at android.os.Looper.loop(Looper.java:344)
01-16 21:36:44.555 29005 29058 E SQLiteDatabase: at android.os.HandlerThread.run(HandlerThread.java:67)
01-16 21:36:45.219 29005 29058 E SQLiteDatabase: Error inserting transferred=0 media_job_uuid=064d120a-627b-432e-8e55-f1d636ca1352 transcoded=0 gif_attribution=0 first_scan_length=0 direct_path=/v/t62.7161- 24/21325299_906927500937415_4374726383401987932_n.enc?ccb=11- 4&oh=01_AdR4GPbkK5Enj1V7p13GAIsJK1kaUPcbDifWFcIUbQEDKA&oe=65CD5D5D&_nc_sid=5e03e0 thumbnail_height_width_ratio=1.7777778 is_animated_sticker=0 file_hash=oIcBF8I6w7zgVEb72mqbMyibgl0nKEYuMJkFHhrX9Kc= file_path=null file_size=0 partial_media_hash=null face_x=0 face_y=0 height=656 trim_to=0 media_key_timestamp=1705371724000 message_url=https://mmg.whatsapp.net/v/t62.7161- 24/21325299_906927500937415_4374726383401987932_n.enc?ccb=11- 4&oh=01_AdR4GPbkK5Enj1V7p13GAIsJK1kaUPcbDifWFcIUbQEDKA&oe=65CD5D5D&_nc_sid=5e03e0&m ms3=true media_caption=null trim_from=0 mime_type=video/mp4 partial_media_enc_hash=null width=368 original_file_hash=null has_streaming_sidecar=1 autotransfer_retry_enabled=1 media_upload_handle=null message_row_id=1842 multicast_id=null enc_file_hash=d/ZtostvdI2AP7wseQVGAP9fsVaK3EUqc8dI2IZdPoE= mute_video=0 page_count=0 first_scan_sidecar=null suspicious_content=0 file_length=1743125 media_name=null media_duration=16 chat_row_id=227 media_key=[B@21597c3
01-16 21:36:45.219 29005 29058 E SQLiteDatabase: android.database.sqlite.SQLiteConstraintException: UNIQUE constraint failed: message_media.message_row_id (code 1555 SQLITE_CONSTRAINT_PRIMARYKEY)
01-16 21:36:45.219 29005 29058 E SQLiteDatabase: at android.database.sqlite.SQLiteConnection.nativeExecuteForLastInsertedRowId(Native Method)
01-16 21:36:45.219 29005 29058 E SQLiteDatabase: at android.database.sqlite.SQLiteConnection.executeForLastInsertedRowId(SQLiteConnecti on.java:946)
01-16 21:36:45.219 29005 29058 E SQLiteDatabase: at android.database.sqlite.SQLiteSession.executeForLastInsertedRowId(SQLiteSession.jav a:790)
01-16 21:36:45.219 29005 29058 E SQLiteDatabase: at android.database.sqlite.SQLiteStatement.executeInsert(SQLiteStatement.java:89)
01-16 21:36:45.219 29005 29058 E SQLiteDatabase: at android.database.sqlite.SQLiteDatabase.insertWithOnConflict(SQLiteDatabase.java:170 2)
01-16 21:36:45.219 29005 29058 E SQLiteDatabase: at android.database.sqlite.SQLiteDatabase.insert(SQLiteDatabase.java:1571)
01-16 21:36:45.219 29005 29058 E SQLiteDatabase: at X.2tm.A08(Unknown Source:6)
01-16 21:36:45.219 29005 29058 E SQLiteDatabase: at X.35Y.A07(Unknown Source:212)
01-16 21:36:45.219 29005 29058 E SQLiteDatabase: at X.3QF.A14(Unknown Source:470)
01-16 21:36:45.219 29005 29058 E SQLiteDatabase: at X.3gU.run(Unknown Source:982)
01-16 21:36:45.219 29005 29058 E SQLiteDatabase: at android.os.Handler.handleCallback(Handler.java:938)
01-16 21:36:45.219 29005 29058 E SQLiteDatabase: at android.os.Handler.dispatchMessage(Handler.java:99)
01-16 21:36:45.219 29005 29058 E SQLiteDatabase: at X.0zq.dispatchMessage(Unknown Source:4)
01-16 21:36:45.219 29005 29058 E SQLiteDatabase: at android.os.Looper.loopOnce(Looper.java:233)
01-16 21:36:45.219 29005 29058 E SQLiteDatabase: at android.os.Looper.loop(Looper.java:344)
01-16 21:36:45.219 29005 29058 E SQLiteDatabase: at android.os.HandlerThread.run(HandlerThread.java:67)
01-16 21:36:48.347 29005 29005 W View : requestLayout() improperly called by androidx.appcompat.view.menu.ActionMenuItemView{a7645d0 VFED..C.. ......ID 0,0- 144,0 #7f0b0f8a app:id/menuitem_search} during layout: running second layout pass
01-16 21:36:48.347 29005 29005 W View : requestLayout() improperly called by androidx.appcompat.widget.ActionMenuView{53409ee V.E...... ......ID 711,375- 1131,375} during layout: running second layout pass
01-16 21:36:48.373 29005 29005 W View : requestLayout() improperly called by DecorView@be628ac[HomeActivity] during second layout pass: posting in next frame
01-16 21:36:48.898 29005 29005 W View : requestLayout() improperly called by androidx.appcompat.view.menu.ActionMenuItemView{a7645d0 VFED..C.. ......ID 0,0- 144,0 #7f0b0f8a app:id/menuitem_search} during layout: running second layout pass
01-16 21:36:48.898 29005 29005 W View : requestLayout() improperly called by androidx.appcompat.widget.ActionMenuView{53409ee V.E...... ......ID 831,375- 1131,375} during layout: running second layout pass
01-16 21:36:48.931 29005 29005 W View : requestLayout() improperly called by DecorView@be628ac[HomeActivity] during second layout pass: posting in next frame
01-16 21:36:51.505 29005 29005 W BottomSheetBehavior: BottomSheetBehavior now supports multiple callbacks. `setBottomSheetCallback()` removes all existing callbacks, including ones set internally by library authors, which may result in unintended behavior. This may change in the future. Please use `addBottomSheetCallback()` and `removeBottomSheetCallback()` instead to set your own callbacks.
01-16 21:36:51.505 29005 29005 W BottomSheetBehavior: BottomSheetBehavior now supports multiple callbacks. `setBottomSheetCallback()` removes all existing callbacks, including ones set internally by library authors, which may result in unintended behavior. This may change in the future. Please use `addBottomSheetCallback()` and `removeBottomSheetCallback()` instead to set your own callbacks.
01-16 21:36:51.520 29005 29005 W BottomSheetBehavior: BottomSheetBehavior now supports multiple callbacks. `setBottomSheetCallback()` removes all existing callbacks, including ones set internally by library authors, which may result in unintended behavior. This may change in the future. Please use `addBottomSheetCallback()` and `removeBottomSheetCallback()` instead to set your own callbacks.
01-16 21:36:51.520 29005 29005 W BottomSheetBehavior: BottomSheetBehavior now supports multiple callbacks. `setBottomSheetCallback()` removes all existing callbacks, including ones set internally by library authors, which may result in unintended behavior. This may change in the future. Please use `addBottomSheetCallback()` and `removeBottomSheetCallback()` instead to set your own callbacks.
01-16 21:36:51.532 29005 29005 W BottomSheetBehavior: BottomSheetBehavior now supports multiple callbacks. `setBottomSheetCallback()` removes all existing callbacks, including ones set internally by library authors, which may result in unintended behavior. This may change in the future. Please use `addBottomSheetCallback()` and `removeBottomSheetCallback()` instead to set your own callbacks.
01-16 21:36:51.532 29005 29005 W BottomSheetBehavior: BottomSheetBehavior now supports multiple callbacks. `setBottomSheetCallback()` removes all existing callbacks, including ones set internally by library authors, which may result in unintended behavior. This may change in the future. Please use `addBottomSheetCallback()` and `removeBottomSheetCallback()` instead to set your own callbacks.
01-16 21:36:51.546 29005 29005 W BottomSheetBehavior: BottomSheetBehavior now supports multiple callbacks. `setBottomSheetCallback()` removes all existing callbacks, including ones set internally by library authors, which may result in unintended behavior. This may change in the future. Please use `addBottomSheetCallback()` and `removeBottomSheetCallback()` instead to set your own callbacks.
01-16 21:36:51.546 29005 29005 W BottomSheetBehavior: BottomSheetBehavior now supports multiple callbacks. `setBottomSheetCallback()` removes all existing callbacks, including ones set internally by library authors, which may result in unintended behavior. This may change in the future. Please use `addBottomSheetCallback()` and `removeBottomSheetCallback()` instead to set your own callbacks.
01-16 21:36:51.555 29005 29005 E RecyclerView: No adapter attached; skipping layout
01-16 21:36:51.556 29005 29005 E RecyclerView: No adapter attached; skipping layout
01-16 21:36:51.557 29005 29005 E RecyclerView: No adapter attached; skipping layout
01-16 21:36:52.072 29005 29005 W BottomSheetBehavior: BottomSheetBehavior now supports multiple callbacks. `setBottomSheetCallback()` removes all existing callbacks, including ones set internally by library authors, which may result in unintended behavior. This may change in the future. Please use `addBottomSheetCallback()` and `removeBottomSheetCallback()` instead to set your own callbacks.
01-16 21:36:52.072 29005 29005 W BottomSheetBehavior: BottomSheetBehavior now supports multiple callbacks. `setBottomSheetCallback()` removes all existing callbacks, including ones set internally by library authors, which may result in unintended behavior. This may change in the future. Please use `addBottomSheetCallback()` and `removeBottomSheetCallback()` instead to set your own callbacks.
01-16 21:36:52.081 29005 29005 E RecyclerView: No adapter attached; skipping layout
01-16 21:36:52.692 29005 29005 W BottomSheetBehavior: BottomSheetBehavior now supports multiple callbacks. `setBottomSheetCallback()` removes all existing callbacks, including ones set internally by library authors, which may result in unintended behavior. This may change in the future. Please use `addBottomSheetCallback()` and `removeBottomSheetCallback()` instead to set your own callbacks.
01-16 21:36:52.692 29005 29005 W BottomSheetBehavior: BottomSheetBehavior now supports multiple callbacks. `setBottomSheetCallback()` removes all existing callbacks, including ones set internally by library authors, which may result in unintended behavior. This may change in the future. Please use `addBottomSheetCallback()` and `removeBottomSheetCallback()` instead to set your own callbacks.
01-16 21:36:52.702 29005 29005 E RecyclerView: No adapter attached; skipping layout
01-16 21:36:53.793 29005 29005 W View : requestLayout() improperly called by androidx.appcompat.view.menu.ActionMenuItemView{29603f0 VFED..C.. ......ID 0,12- 144,156 #7f0b0721 app:id/create_new_group_icon} during layout: running second layout pass
01-16 21:36:53.793 29005 29005 W View : requestLayout() improperly called by androidx.appcompat.widget.ActionMenuView{ab2fd69 V.E...... ......ID 936,0-1080,168} during layout: running second layout pass
01-16 21:36:53.817 29005 29005 W View : requestLayout() improperly called by androidx.appcompat.view.menu.ActionMenuItemView{29603f0 VFED..C.. ......ID 0,12- 144,156 #7f0b0721 app:id/create_new_group_icon} during layout: running second layout pass
01-16 21:36:53.818 29005 29005 W View : requestLayout() improperly called by androidx.appcompat.view.menu.ActionMenuItemView{6126108 VFED..C.. ......ID 144,12- 288,156 #7f0b0f8a app:id/menuitem_search} during layout: running second layout pass
01-16 21:36:53.818 29005 29005 W View : requestLayout() improperly called by androidx.appcompat.widget.ActionMenuView{ab2fd69 V.E...... ......ID 792,0-1080,168} during layout: running second layout pass
01-16 21:36:53.959 29005 29082 E BLASTBufferQueue: BLASTBufferItemConsumer::onDisconnect()
01-16 21:36:53.968 29005 29082 E BLASTBufferQueue: BLASTBufferItemConsumer::onDisconnect()
01-16 21:36:54.534 29005 29005 E ArmVmp : Match on catch block at 0x0a in for 0x71d8987035
01-16 21:36:54.539 29005 29005 E ArmVmp : Match on catch block at 0x0a in for 0x71d8987035
01-16 21:36:54.614 29005 29005 E ArmVmp : Match on catch block at 0xc3 in for 0x71d8987021
01-16 21:36:54.616 29005 29005 E ArmVmp : Match on catch block at 0xc3 in for 0x71d8987021
01-16 21:36:54.672 29005 29005 E ArmVmp : Match on catch block at 0xc3 in for 0x71d8987025
01-16 21:36:54.673 29005 29005 E ArmVmp : Match on catch block at 0xc3 in for 0x71d8987025
01-16 21:36:54.722 29005 29005 E ArmVmp : Match on catch block at 0xc3 in for 0x71d8987025
01-16 21:36:54.724 29005 29005 E ArmVmp : Match on catch block at 0xc3 in for 0x71d8987025
01-16 21:36:54.739 29005 29005 E ArmVmp : Match on catch block at 0xc3 in for 0x71d8987025
01-16 21:36:54.741 29005 29005 E ArmVmp : Match on catch block at 0xc3 in for 0x71d8987025
01-16 21:36:54.755 29005 29005 E ArmVmp : Match on catch block at 0xc3 in for 0x71d8987025
01-16 21:36:54.757 29005 29005 E ArmVmp : Match on catch block at 0xc3 in for 0x71d8987025
01-16 21:36:54.771 29005 29005 E ArmVmp : Match on catch block at 0xc3 in for 0x71d8987025
01-16 21:36:54.773 29005 29005 E ArmVmp : Match on catch block at 0xc3 in for 0x71d8987025
01-16 21:36:54.788 29005 29005 E ArmVmp : Match on catch block at 0xc3 in for 0x71d8987025
01-16 21:36:54.791 29005 29005 E ArmVmp : Match on catch block at 0xc3 in for 0x71d8987025
01-16 21:36:54.877 29005 29082 E BLASTBufferQueue: BLASTBufferItemConsumer::onDisconnect()
01-16 21:36:54.892 29005 29082 E BLASTBufferQueue: BLASTBufferItemConsumer::onDisconnect()
01-16 21:36:55.003 29005 29005 E ArmVmp : Match on catch block at 0xc3 in for 0x71d8987025
01-16 21:36:55.007 29005 29005 E ArmVmp : Match on catch block at 0xc3 in for 0x71d8987025
01-16 21:36:55.228 29005 29005 E ArmVmp : Match on catch block at 0xc3 in for 0x71d8987025
01-16 21:36:55.230 29005 29005 E ArmVmp : Match on catch block at 0xc3 in for 0x71d8987025
01-16 21:36:55.732 29005 29005 E ArmVmp : Match on catch block at 0xc3 in for 0x71d8987025
01-16 21:36:55.735 29005 29005 E ArmVmp : Match on catch block at 0xc3 in for 0x71d8987025
01-16 21:36:55.866 29005 29005 E ArmVmp : Match on catch block at 0xc3 in for 0x71d8987025
01-16 21:36:55.869 29005 29005 E ArmVmp : Match on catch block at 0xc3 in for 0x71d8987025
01-16 21:36:55.903 29005 29005 E ArmVmp : Match on catch block at 0xc3 in for 0x71d8987025
01-16 21:36:55.907 29005 29005 E ArmVmp : Match on catch block at 0xc3 in for 0x71d8987025
01-16 21:36:55.921 29005 29082 E FrameEvents: updateAcquireFence: Did not find frame.
01-16 21:36:55.940 29005 29005 E ArmVmp : Match on catch block at 0xc3 in for 0x71d8987025
01-16 21:36:55.943 29005 29005 E ArmVmp : Match on catch block at 0xc3 in for 0x71d8987025
01-16 21:36:56.071 29005 29005 W ResourceType: Bad XML block: header size 18254 or total size 169478669 is larger than data size 380
01-16 21:36:56.074 29005 29005 W ResourceType: Bad XML block: header size 18254 or total size 169478669 is larger than data size 633
01-16 21:36:56.086 29005 29005 W ResourceType: Bad XML block: header size 18254 or total size 169478669 is larger than data size 677
01-16 21:36:56.089 29005 29005 W ResourceType: Bad XML block: header size 18254 or total size 169478669 is larger than data size 248
01-16 21:36:56.095 29005 29005 W ResourceType: Bad XML block: header size 18254 or total size 169478669 is larger than data size 571
01-16 21:36:56.101 29005 29005 W ResourceType: Bad XML block: header size 18254 or total size 169478669 is larger than data size 333
01-16 21:36:56.105 29005 29005 W ResourceType: Bad XML block: header size 18254 or total size 169478669 is larger than data size 650
01-16 21:36:56.108 29005 29005 W ResourceType: Bad XML block: header size 18254 or total size 169478669 is larger than data size 1150
01-16 21:36:56.112 29005 29005 W ResourceType: Bad XML block: header size 18254 or total size 169478669 is larger than data size 491
01-16 21:36:56.114 29005 29005 W ResourceType: Bad XML block: header size 18254 or total size 169478669 is larger than data size 1150
01-16 21:36:56.117 29005 29005 W ResourceType: Bad XML block: header size 18254 or total size 169478669 is larger than data size 659
01-16 21:36:56.120 29005 29005 W ResourceType: Bad XML block: header size 18254 or total size 169478669 is larger than data size 593
01-16 21:36:56.128 29005 29005 W ResourceType: Bad XML block: header size 18254 or total size 169478669 is larger than data size 1171
01-16 21:36:56.131 29005 29005 W ResourceType: Bad XML block: header size 18254 or total size 169478669 is larger than data size 510
01-16 21:36:56.161 29005 29005 W ResourceType: Bad XML block: header size 18254 or total size 169478669 is larger than data size 853
01-16 21:36:56.210 29005 29005 W ResourceType: Bad XML block: header size 18254 or total size 169478669 is larger than data size 650
01-16 21:36:56.228 29005 29005 E ArmVmp : Match on catch block at 0xc3 in for 0x71d8987025
01-16 21:36:56.230 29005 29005 E ArmVmp : Match on catch block at 0xc3 in for 0x71d8987025
01-16 21:36:56.259 29005 29005 W View : requestLayout() improperly called by android.widget.Space{eda9827 I.ED..... ......I. 36,108-48,120 #7f0b00ba app:id/action_tile_spacing} during layout: running second layout pass
01-16 21:36:56.259 29005 29005 W View : requestLayout() improperly called by android.widget.Space{74e8fc3 I.ED..... ......I. 36,108-48,120 #7f0b00ba app:id/action_tile_spacing} during layout: running second layout pass
01-16 21:36:56.259 29005 29005 W View : requestLayout() improperly called by android.widget.Space{480651f I.ED..... ......I. 36,108-48,120 #7f0b00ba app:id/action_tile_spacing} during layout: running second layout pass
01-16 21:36:56.259 29005 29005 W View : requestLayout() improperly called by android.widget.Space{5d0343b I.ED..... ......I. 36,108-48,120 #7f0b00ba app:id/action_tile_spacing} during layout: running second layout pass
01-16 21:36:56.288 29005 29005 E ArmVmp : Match on catch block at 0xc3 in for 0x71d8987025
01-16 21:36:56.290 29005 29005 E ArmVmp : Match on catch block at 0xc3 in for 0x71d8987025
01-16 21:36:56.314 29005 29005 E ArmVmp : Match on catch block at 0xc3 in for 0x71d8987025
01-16 21:36:56.316 29005 29005 E ArmVmp : Match on catch block at 0xc3 in for 0x71d8987025
01-16 21:36:56.399 29005 29005 E ArmVmp : Match on catch block at 0xc3 in for 0x71d8987025
01-16 21:36:56.401 29005 29005 E ArmVmp : Match on catch block at 0xc3 in for 0x71d8987025
01-16 21:36:56.417 29005 29005 E ArmVmp : Match on catch block at 0xc3 in for 0x71d8987025
01-16 21:36:56.419 29005 29005 E ArmVmp : Match on catch block at 0xc3 in for 0x71d8987025
01-16 21:36:56.434 29005 29005 E ArmVmp : Match on catch block at 0xc3 in for 0x71d8987025
01-16 21:36:56.437 29005 29005 E ArmVmp : Match on catch block at 0xc3 in for 0x71d8987025
01-16 21:36:56.489 29005 29005 E ArmVmp : Match on catch block at 0xc3 in for 0x71d8987025
01-16 21:36:56.492 29005 29005 E ArmVmp : Match on catch block at 0xc3 in for 0x71d8987025
01-16 21:36:56.510 29005 29082 E BLASTBufferQueue: BLASTBufferItemConsumer::onDisconnect()
01-16 21:36:59.822 29005 29082 E BLASTBufferQueue: BLASTBufferItemConsumer::onDisconnect()
01-16 21:37:13.528 29005 29005 E ArmVmp : Match on catch block at 0x0a in for 0x71d8987035
01-16 21:37:13.535 29005 29005 E ArmVmp : Match on catch block at 0x0a in for 0x71d8987035
01-16 21:37:13.655 29005 29005 E ArmVmp : Match on catch block at 0xc3 in for 0x71d8987025
01-16 21:37:13.658 29005 29005 E ArmVmp : Match on catch block at 0xc3 in for 0x71d8987025
01-16 21:37:13.664 29005 29082 E FrameEvents: updateAcquireFence: Did not find frame.
01-16 21:37:13.671 29005 29005 E ArmVmp : Match on catch block at 0xc3 in for 0x71d8987025
01-16 21:37:13.675 29005 29005 E ArmVmp : Match on catch block at 0xc3 in for 0x71d8987025
01-16 21:37:13.713 29005 29005 E ArmVmp : Match on catch block at 0xc3 in for 0x71d8987025
01-16 21:37:13.715 29005 29005 E ArmVmp : Match on catch block at 0xc3 in for 0x71d8987025
01-16 21:37:13.733 29005 29005 E ArmVmp : Match on catch block at 0xc3 in for 0x71d8987025
01-16 21:37:13.736 29005 29005 E ArmVmp : Match on catch block at 0xc3 in for 0x71d8987025
01-16 21:37:13.748 29005 29005 E ArmVmp : Match on catch block at 0xc3 in for 0x71d8987025
01-16 21:37:13.751 29005 29005 E ArmVmp : Match on catch block at 0xc3 in for 0x71d8987025
01-16 21:37:14.041 29005 29005 E ArmVmp : Match on catch block at 0xc3 in for 0x71d8987025
01-16 21:37:14.045 29005 29005 E ArmVmp : Match on catch block at 0xc3 in for 0x71d8987025
01-16 21:37:14.058 29005 29005 E ArmVmp : Match on catch block at 0xc3 in for 0x71d8987025
01-16 21:37:14.062 29005 29005 E ArmVmp : Match on catch block at 0xc3 in for 0x71d8987025
01-16 21:37:14.073 29005 29005 E ArmVmp : Match on catch block at 0xc3 in for 0x71d8987025
01-16 21:37:14.075 29005 29005 E ArmVmp : Match on catch block at 0xc3 in for 0x71d8987025
01-16 21:37:14.166 29005 29005 E ArmVmp : Match on catch block at 0xc3 in for 0x71d8987025
01-16 21:37:14.168 29005 29005 E ArmVmp : Match on catch block at 0xc3 in for 0x71d8987025
01-16 21:37:14.177 29005 29082 E BLASTBufferQueue: BLASTBufferItemConsumer::onDisconnect()
01-16 21:37:14.214 29005 29005 E ArmVmp : Match on catch block at 0xc3 in for 0x71d8987025
01-16 21:37:14.217 29005 29005 E ArmVmp : Match on catch block at 0xc3 in for 0x71d8987025
01-16 21:37:14.235 29005 29005 E ArmVmp : Match on catch block at 0xc3 in for 0x71d8987025
01-16 21:37:14.238 29005 29005 E ArmVmp : Match on catch block at 0xc3 in for 0x71d8987025
01-16 21:37:14.251 29005 29005 E ArmVmp : Match on catch block at 0xc3 in for 0x71d8987025
01-16 21:37:14.253 29005 29005 E ArmVmp : Match on catch block at 0xc3 in for 0x71d8987025
01-16 21:37:14.268 29005 29005 E ArmVmp : Match on catch block at 0xc3 in for 0x71d8987025
01-16 21:37:14.270 29005 29005 E ArmVmp : Match on catch block at 0xc3 in for 0x71d8987025
01-16 21:37:14.284 29005 29005 E ArmVmp : Match on catch block at 0xc3 in for 0x71d8987025
01-16 21:37:14.287 29005 29005 E ArmVmp : Match on catch block at 0xc3 in for 0x71d8987025
01-16 21:37:14.489 29005 29005 E ArmVmp : Match on catch block at 0xc3 in for 0x71d8987025
01-16 21:37:14.493 29005 29005 E ArmVmp : Match on catch block at 0xc3 in for 0x71d8987025
01-16 21:37:14.767 29005 29082 E BLASTBufferQueue: BLASTBufferItemConsumer::onDisconnect()
01-16 21:37:15.649 29005 29082 E BLASTBufferQueue: BLASTBufferItemConsumer::onDisconnect()
01-16 21:37:17.357 29005 29005 W BottomSheetBehavior: BottomSheetBehavior now supports multiple callbacks. `setBottomSheetCallback()` removes all existing callbacks, including ones set internally by library authors, which may result in unintended behavior. This may change in the future. Please use `addBottomSheetCallback()` and `removeBottomSheetCallback()` instead to set your own callbacks.
01-16 21:37:17.357 29005 29005 W BottomSheetBehavior: BottomSheetBehavior now supports multiple callbacks. `setBottomSheetCallback()` removes all existing callbacks, including ones set internally by library authors, which may result in unintended behavior. This may change in the future. Please use `addBottomSheetCallback()` and `removeBottomSheetCallback()` instead to set your own callbacks.
01-16 21:37:17.385 29005 29005 W BottomSheetBehavior: BottomSheetBehavior now supports multiple callbacks. `setBottomSheetCallback()` removes all existing callbacks, including ones set internally by library authors, which may result in unintended behavior. This may change in the future. Please use `addBottomSheetCallback()` and `removeBottomSheetCallback()` instead to set your own callbacks.
01-16 21:37:17.385 29005 29005 W BottomSheetBehavior: BottomSheetBehavior now supports multiple callbacks. `setBottomSheetCallback()` removes all existing callbacks, including ones set internally by library authors, which may result in unintended behavior. This may change in the future. Please use `addBottomSheetCallback()` and `removeBottomSheetCallback()` instead to set your own callbacks.
01-16 21:37:17.403 29005 29005 E RecyclerView: No adapter attached; skipping layout
01-16 21:37:17.404 29005 29005 E RecyclerView: No adapter attached; skipping layout
01-16 21:37:17.426 29005 31176 E Parcel : Reading a NULL string not supported here.
01-16 21:37:17.428 29005 31176 W libc : Access denied finding property "vendor.oplus.media.vpp.stutter"
01-16 21:37:17.452 29005 31189 W ColorUtils: expected specified color aspects (2:0:0:0)
01-16 21:37:17.460 29005 31189 W Codec2Client: query -- param skipped: index = 1107298332.
01-16 21:37:17.460 29005 31189 W CCodec : This behavior is subject to change. It is recommended that app developers double check whether the requested max input size is in reasonable range.
01-16 21:37:17.471 29005 31189 W Codec2Client: query -- param skipped: index = 1342179345.
01-16 21:37:17.471 29005 31189 W Codec2Client: query -- param skipped: index = 2415921170.
01-16 21:37:17.471 29005 31189 W Codec2Client: query -- param skipped: index = 1610614798.
01-16 21:37:17.494 29005 31176 W libc : Access denied finding property "vendor.oplus.media.vpp.stutter"
01-16 21:37:17.510 29005 31203 W Codec2Client: query -- param skipped: index = 1107298332.
01-16 21:37:17.510 29005 31203 W CCodec : This behavior is subject to change. It is recommended that app developers double check whether the requested max input size is in reasonable range.
01-16 21:37:17.510 29005 31203 W Codec2Client: query -- param skipped: index = 1342179345.
01-16 21:37:17.510 29005 31203 W Codec2Client: query -- param skipped: index = 2415921170.
01-16 21:37:17.510 29005 31203 W Codec2Client: query -- param skipped: index = 1610614798.
01-16 21:37:17.538 29005 31188 W MediaCodec: mapFormat: no mediaType information
01-16 21:37:17.837 29005 29418 E MediaMetadataRetrieverJNI: getFrameAtTime: videoFrame is a NULL pointer
01-16 21:37:17.850 29005 29058 E SQLiteDatabase: Error inserting transferred=0 media_job_uuid=064d120a-627b-432e-8e55-f1d636ca1352 transcoded=0 gif_attribution=0 first_scan_length=0 direct_path=/v/t62.7161- 24/21325299_906927500937415_4374726383401987932_n.enc?ccb=11- 4&oh=01_AdR4GPbkK5Enj1V7p13GAIsJK1kaUPcbDifWFcIUbQEDKA&oe=65CD5D5D&_nc_sid=5e03e0 thumbnail_height_width_ratio=1.7777778 is_animated_sticker=0 file_hash=oIcBF8I6w7zgVEb72mqbMyibgl0nKEYuMJkFHhrX9Kc= file_path=null file_size=0 partial_media_hash=null face_x=0 face_y=0 height=656 trim_to=0 media_key_timestamp=1705371724000 message_url=https://mmg.whatsapp.net/v/t62.7161- 24/21325299_906927500937415_4374726383401987932_n.enc?ccb=11- 4&oh=01_AdR4GPbkK5Enj1V7p13GAIsJK1kaUPcbDifWFcIUbQEDKA&oe=65CD5D5D&_nc_sid=5e03e0&m ms3=true media_caption=null trim_from=0 mime_type=video/mp4 partial_media_enc_hash=null width=368 original_file_hash=null has_streaming_sidecar=1 autotransfer_retry_enabled=1 media_upload_handle=null message_row_id=1842 multicast_id=null enc_file_hash=d/ZtostvdI2AP7wseQVGAP9fsVaK3EUqc8dI2IZdPoE= mute_video=0 page_count=0 first_scan_sidecar=null suspicious_content=0 file_length=1743125 media_name=null media_duration=16 chat_row_id=227 media_key=[B@21597c3
01-16 21:37:17.850 29005 29058 E SQLiteDatabase: android.database.sqlite.SQLiteConstraintException: UNIQUE constraint failed: message_media.message_row_id (code 1555 SQLITE_CONSTRAINT_PRIMARYKEY)
01-16 21:37:17.850 29005 29058 E SQLiteDatabase: at android.database.sqlite.SQLiteConnection.nativeExecuteForLastInsertedRowId(Native Method)
01-16 21:37:17.850 29005 29058 E SQLiteDatabase: at android.database.sqlite.SQLiteConnection.executeForLastInsertedRowId(SQLiteConnecti on.java:946)
01-16 21:37:17.850 29005 29058 E SQLiteDatabase: at android.database.sqlite.SQLiteSession.executeForLastInsertedRowId(SQLiteSession.jav a:790)
01-16 21:37:17.850 29005 29058 E SQLiteDatabase: at android.database.sqlite.SQLiteStatement.executeInsert(SQLiteStatement.java:89)
01-16 21:37:17.850 29005 29058 E SQLiteDatabase: at android.database.sqlite.SQLiteDatabase.insertWithOnConflict(SQLiteDatabase.java:170 2)
01-16 21:37:17.850 29005 29058 E SQLiteDatabase: at android.database.sqlite.SQLiteDatabase.insert(SQLiteDatabase.java:1571)
01-16 21:37:17.850 29005 29058 E SQLiteDatabase: at X.2tm.A08(Unknown Source:6)
01-16 21:37:17.850 29005 29058 E SQLiteDatabase: at X.35Y.A07(Unknown Source:212)
01-16 21:37:17.850 29005 29058 E SQLiteDatabase: at X.3QF.A14(Unknown Source:470)
01-16 21:37:17.850 29005 29058 E SQLiteDatabase: at X.3gU.run(Unknown Source:982)
01-16 21:37:17.850 29005 29058 E SQLiteDatabase: at android.os.Handler.handleCallback(Handler.java:938)
01-16 21:37:17.850 29005 29058 E SQLiteDatabase: at android.os.Handler.dispatchMessage(Handler.java:99)
01-16 21:37:17.850 29005 29058 E SQLiteDatabase: at X.0zq.dispatchMessage(Unknown Source:4)
01-16 21:37:17.850 29005 29058 E SQLiteDatabase: at android.os.Looper.loopOnce(Looper.java:233)
01-16 21:37:17.850 29005 29058 E SQLiteDatabase: at android.os.Looper.loop(Looper.java:344)
01-16 21:37:17.850 29005 29058 E SQLiteDatabase: at android.os.HandlerThread.run(HandlerThread.java:67)
01-16 21:37:18.089 29005 29418 E MediaMetadataRetrieverJNI: getFrameAtTime: videoFrame is a NULL pointer
01-16 21:37:18.089 29005 29418 E MediaMetadataRetrieverJNI: getEmbeddedPicture: Call to getEmbeddedPicture failed.
01-16 21:37:18.410 29005 29418 E MediaMetadataRetrieverJNI: getFrameAtTime: videoFrame is a NULL pointer
01-16 21:37:18.523 29005 31188 W Codec2Client: query -- param skipped: index = 1342179345.
01-16 21:37:18.523 29005 31188 W Codec2Client: query -- param skipped: index = 2415921170.
01-16 21:37:18.523 29005 31188 W Codec2Client: query -- param skipped: index = 1610614798.
01-16 21:37:18.525 29005 31203 W Codec2Client: query -- param skipped: index = 1342179345.
01-16 21:37:18.525 29005 31203 W Codec2Client: query -- param skipped: index = 2415921170.
01-16 21:37:18.525 29005 31203 W Codec2Client: query -- param skipped: index = 1610614798.
01-16 21:37:18.547 29005 29082 E BLASTBufferQueue: BLASTBufferItemConsumer::onDisconnect()
01-16 21:37:18.642 29005 29418 E MediaMetadataRetrieverJNI: getFrameAtTime: videoFrame is a NULL pointer
01-16 21:37:18.643 29005 29418 E MediaMetadataRetrieverJNI: getEmbeddedPicture: Call to getEmbeddedPicture failed.
01-16 21:37:19.411 29005 29005 W BottomSheetBehavior: BottomSheetBehavior now supports multiple callbacks. `setBottomSheetCallback()` removes all existing callbacks, including ones set internally by library authors, which may result in unintended behavior. This may change in the future. Please use `addBottomSheetCallback()` and `removeBottomSheetCallback()` instead to set your own callbacks.
01-16 21:37:19.411 29005 29005 W BottomSheetBehavior: BottomSheetBehavior now supports multiple callbacks. `setBottomSheetCallback()` removes all existing callbacks, including ones set internally by library authors, which may result in unintended behavior. This may change in the future. Please use `addBottomSheetCallback()` and `removeBottomSheetCallback()` instead to set your own callbacks.
01-16 21:37:19.449 29005 31387 E Parcel : Reading a NULL string not supported here.
01-16 21:37:19.450 29005 29005 W BottomSheetBehavior: BottomSheetBehavior now supports multiple callbacks. `setBottomSheetCallback()` removes all existing callbacks, including ones set internally by library authors, which may result in unintended behavior. This may change in the future. Please use `addBottomSheetCallback()` and `removeBottomSheetCallback()` instead to set your own callbacks.
01-16 21:37:19.450 29005 29005 W BottomSheetBehavior: BottomSheetBehavior now supports multiple callbacks. `setBottomSheetCallback()` removes all existing callbacks, including ones set internally by library authors, which may result in unintended behavior. This may change in the future. Please use `addBottomSheetCallback()` and `removeBottomSheetCallback()` instead to set your own callbacks.
01-16 21:37:19.450 29005 31387 W libc : Access denied finding property "vendor.oplus.media.vpp.stutter"
01-16 21:37:19.463 29005 29005 E RecyclerView: No adapter attached; skipping layout
01-16 21:37:19.465 29005 29005 E RecyclerView: No adapter attached; skipping layout
01-16 21:37:19.486 29005 31390 W ColorUtils: expected specified color aspects (2:0:0:0)
01-16 21:37:19.503 29005 31390 W Codec2Client: query -- param skipped: index = 1107298332.
01-16 21:37:19.503 29005 31390 W CCodec : This behavior is subject to change. It is recommended that app developers double check whether the requested max input size is in reasonable range.
01-16 21:37:19.507 29005 31390 W Codec2Client: query -- param skipped: index = 1342179345.
01-16 21:37:19.507 29005 31390 W Codec2Client: query -- param skipped: index = 2415921170.
01-16 21:37:19.507 29005 31390 W Codec2Client: query -- param skipped: index = 1610614798.
01-16 21:37:19.533 29005 31387 W libc : Access denied finding property "vendor.oplus.media.vpp.stutter"
01-16 21:37:19.556 29005 31410 W Codec2Client: query -- param skipped: index = 1107298332.
01-16 21:37:19.556 29005 31410 W CCodec : This behavior is subject to change. It is recommended that app developers double check whether the requested max input size is in reasonable range.
01-16 21:37:19.558 29005 31410 W Codec2Client: query -- param skipped: index = 1342179345.
01-16 21:37:19.559 29005 31410 W Codec2Client: query -- param skipped: index = 2415921170.
01-16 21:37:19.559 29005 31410 W Codec2Client: query -- param skipped: index = 1610614798.
01-16 21:37:19.575 29005 31389 W MediaCodec: mapFormat: no mediaType information
01-16 21:37:19.842 29005 29418 E MediaMetadataRetrieverJNI: getFrameAtTime: videoFrame is a NULL pointer
01-16 21:37:20.069 29005 29418 E MediaMetadataRetrieverJNI: getFrameAtTime: videoFrame is a NULL pointer
01-16 21:37:20.069 29005 29418 E MediaMetadataRetrieverJNI: getEmbeddedPicture: Call to getEmbeddedPicture failed.
01-16 21:37:21.415 29005 29058 E SQLiteDatabase: Error inserting transferred=1 media_job_uuid=064d120a-627b-432e-8e55-f1d636ca1352 transcoded=0 gif_attribution=0 first_scan_length=0 direct_path=/v/t62.7161- 24/21325299_906927500937415_4374726383401987932_n.enc?ccb=11- 4&oh=01_AdR4GPbkK5Enj1V7p13GAIsJK1kaUPcbDifWFcIUbQEDKA&oe=65CD5D5D&_nc_sid=5e03e0 thumbnail_height_width_ratio=1.7777778 is_animated_sticker=0 file_hash=oIcBF8I6w7zgVEb72mqbMyibgl0nKEYuMJkFHhrX9Kc= file_path=Media/.Statuses/526df6329be14636b8fd6901cce596ce.mp4 file_size=1743125 partial_media_hash=null face_x=0 face_y=0 height=656 trim_to=0 media_key_timestamp=1705371724000 message_url=https://mmg.whatsapp.net/v/t62.7161- 24/21325299_906927500937415_4374726383401987932_n.enc?ccb=11- 4&oh=01_AdR4GPbkK5Enj1V7p13GAIsJK1kaUPcbDifWFcIUbQEDKA&oe=65CD5D5D&_nc_sid=5e03e0&m ms3=true media_caption=null trim_from=0 mime_type=video/mp4 partial_media_enc_hash=null width=368 original_file_hash=null has_streaming_sidecar=1 autotransfer_retry_enabled=1 media_upload_handle=null message_row_id=1842 multicast_id=null enc_file_hash=d/ZtostvdI2AP7wseQVGAP9fsVaK3EUqc8dI2IZdPoE= mute_video=0 page_count=0 first_scan_sidecar=null suspicious_content=0 file_length=1743125 media_name=null media_duration=16 chat_row_id=227 media_key=[B@21597c3
01-16 21:37:21.415 29005 29058 E SQLiteDatabase: android.database.sqlite.SQLiteConstraintException: UNIQUE constraint failed: message_media.message_row_id (code 1555 SQLITE_CONSTRAINT_PRIMARYKEY)
01-16 21:37:21.415 29005 29058 E SQLiteDatabase: at android.database.sqlite.SQLiteConnection.nativeExecuteForLastInsertedRowId(Native Method)
01-16 21:37:21.415 29005 29058 E SQLiteDatabase: at android.database.sqlite.SQLiteConnection.executeForLastInsertedRowId(SQLiteConnecti on.java:946)
01-16 21:37:21.415 29005 29058 E SQLiteDatabase: at android.database.sqlite.SQLiteSession.executeForLastInsertedRowId(SQLiteSession.jav a:790)
01-16 21:37:21.415 29005 29058 E SQLiteDatabase: at android.database.sqlite.SQLiteStatement.executeInsert(SQLiteStatement.java:89)
01-16 21:37:21.415 29005 29058 E SQLiteDatabase: at android.database.sqlite.SQLiteDatabase.insertWithOnConflict(SQLiteDatabase.java:170 2)
01-16 21:37:21.415 29005 29058 E SQLiteDatabase: at android.database.sqlite.SQLiteDatabase.insert(SQLiteDatabase.java:1571)
01-16 21:37:21.415 29005 29058 E SQLiteDatabase: at X.2tm.A08(Unknown Source:6)
01-16 21:37:21.415 29005 29058 E SQLiteDatabase: at X.35Y.A07(Unknown Source:212)
01-16 21:37:21.415 29005 29058 E SQLiteDatabase: at X.3QF.A14(Unknown Source:470)
