01-17 18:46:45.545 15818 15818 E ANR_LOG : Current msg <2> = { when=-3s871ms what=121 target=android.app.ActivityThread$H obj=BindServiceData{token=android.os.BinderProxy@d03b869 intent=Intent { cmp=com.mbwhatsapp/.push.RegistrationIntentService (has extras) }} }
01-17 18:46:45.546 15818 15818 E ANR_LOG : Current msg <3> = { when=-2s531ms what=164 target=android.app.ActivityThread$H obj=com.mbwhatsapp }
01-17 18:46:45.546 15818 15818 E ANR_LOG : Current msg <4> = { when=-1s209ms what=0 target=android.app.ActivityThread$H callback=android.app.LoadedApk$ReceiverDispatcher$Args$$ExternalSyntheticLambda0 }
01-17 18:46:45.546 15818 15818 E ANR_LOG : >>>CURRENT MSG DUMP OVER<<<
01-17 18:46:45.561 15818 16380 W com.mbwhatsapp: Method void X.2rL.A03(java.lang.Integer) failed lock verification and will run slower.
01-17 18:46:45.561 15818 16380 W com.mbwhatsapp: Common causes for lock verification issues are non-optimized dex code
01-17 18:46:45.561 15818 16380 W com.mbwhatsapp: and incorrect proguard optimizations.
01-17 18:46:45.740 15818 16108 W com.mbwhatsapp: Verification of void X.38z.<clinit>() took 133.749ms (321.50 bytecodes/s) (1984B approximate peak alloc)
01-17 18:46:45.883 15818 15818 W com.mbwhatsapp: Verification of void X.3e9.run() took 283.326ms (11753.21 bytecodes/s) (93752B approximate peak alloc)
01-17 18:46:46.828 15818 16504 W com.mbwhatsapp: Verification of java.lang.Object com.whatsapp.voipcalling.Voip.A04(int, boolean) took 141.134ms (559.75 bytecodes/s) (3216B approximate peak alloc)
01-17 18:46:47.172 15818 16232 W com.mbwhatsapp: Verification of void X.3V3.A00(X.3V3) took 212.057ms (344.25 bytecodes/s) (2992B approximate peak alloc)
01-17 18:46:47.173 15818 16380 W com.mbwhatsapp: Verification of void X.3WV.B8L(org.json.JSONObject, int[]) took 217.756ms (619.96 bytecodes/s) (4032B approximate peak alloc)
01-17 18:46:47.344 15818 16380 W com.mbwhatsapp: Verification of void X.3Gv.A06(X.3dS) took 128.432ms (1019.99 bytecodes/s) (4272B approximate peak alloc)
01-17 18:46:47.365 15818 16505 W com.mbwhatsapp: Verification of boolean X.0pK.offer(java.lang.Object) took 102.206ms (156.55 bytecodes/s) (1680B approximate peak alloc)
01-17 18:46:47.417 15818 15818 W com.mbwhatsapp: Verification of void X.10M.A0x(com.whatsapp.jid.UserJid, X.2Nw, java.lang.String, boolean, boolean) took 108.141ms (15868.15 bytecodes/s) (61736B approximate peak alloc)
01-17 18:46:47.488 15818 16380 W com.mbwhatsapp: Verification of java.lang.Object com.mbwhatsapp.interop.blocklist.InteropBlockListManager.A00(X.8Wq) took 140.644ms (789.23 bytecodes/s) (4168B approximate peak alloc)
01-17 18:46:47.681 15818 16608 W com.mbwhatsapp: Verification of boolean X.3Uz.B8a(android.os.Message, int) took 118.247ms (31476.36 bytecodes/s) (103488B approximate peak alloc)
01-17 18:46:47.735 15818 16380 W com.mbwhatsapp: Verification of java.lang.Object X.837.A03(java.lang.Object) took 149.626ms (71030.07 bytecodes/s) (295960B approximate peak alloc)
01-17 18:46:47.987 15818 15818 W com.mbwhatsapp: Verification of java.lang.Object X.2VU.A00(java.lang.String, java.lang.Class) took 333.432ms (905.73 bytecodes/s) (10080B approximate peak alloc) --------- beginning of system
01-17 18:46:52.038 15818 15818 E OplusCustomizeRestrictionManager: sInstance is null, start a new sInstance
01-17 18:55:46.698 15818 16721 W WM-SystemJobScheduler: Unable to schedule work ID c9e3baef-8a19-459c-813b-dfea494c786c --------- beginning of main
01-17 19:10:42.432 28905 28905 E com.mbwhatsapp: Unknown bits set in runtime_flags: 0x40000000
01-17 19:10:42.439 28905 28905 E com.mbwhatsapp: Not starting debugger since process cannot load the jdwp agent.
01-17 19:10:42.482 28905 28905 W libc : Access denied finding property "ro.odm.prev.product.name"
01-17 19:10:42.483 28905 28905 W libc : Access denied finding property "ro.vendor.oplus.gundam"
01-17 19:10:42.493 28905 28905 W ziparchive: Unable to open '/data/app/~~1KyAB7Z2guJXkWsASbTcKA==/com.mbwhatsapp-0x8m7VBDKT0GQnQrKQNNHw==/ base.dm': No such file or directory
01-17 19:10:42.494 28905 28905 W ziparchive: Unable to open '/data/app/~~1KyAB7Z2guJXkWsASbTcKA==/com.mbwhatsapp-0x8m7VBDKT0GQnQrKQNNHw==/ base.dm': No such file or directory
01-17 19:10:43.390 28905 28905 W System.err: java.lang.ClassNotFoundException: mbmodsd.mbmodsw.ui.views.btn.BtnBK
01-17 19:10:43.391 28905 28905 W System.err: at java.lang.Runtime.nativeLoad(Native Method)
01-17 19:10:43.391 28905 28905 W System.err: at java.lang.Runtime.nativeLoad(Runtime.java:1126)
01-17 19:10:43.392 28905 28905 W System.err: at java.lang.Runtime.loadLibrary0(Runtime.java:1080)
01-17 19:10:43.392 28905 28905 W System.err: at java.lang.Runtime.loadLibrary0(Runtime.java:1003)
01-17 19:10:43.392 28905 28905 W System.err: at java.lang.System.loadLibrary(System.java:1661)
01-17 19:10:43.392 28905 28905 W System.err: at arm.EpicVm.<clinit>(Unknown Source:2)
01-17 19:10:43.392 28905 28905 W System.err: at java.lang.Class.newInstance(Native Method)
01-17 19:10:43.392 28905 28905 W System.err: at android.app.AppComponentFactory.instantiateApplication(AppComponentFactory.java:76)
01-17 19:10:43.392 28905 28905 W System.err: at androidx.core.app.CoreComponentFactory.instantiateApplication(Unknown Source:0)
01-17 19:10:43.392 28905 28905 W System.err: at android.app.Instrumentation.newApplication(Instrumentation.java:1191)
01-17 19:10:43.392 28905 28905 W System.err: at android.app.LoadedApk.makeApplication(LoadedApk.java:1404)
01-17 19:10:43.392 28905 28905 W System.err: at android.app.ActivityThread.handleBindApplication(ActivityThread.java:7031)
01-17 19:10:43.393 28905 28905 W System.err: at android.app.ActivityThread.access$1800(ActivityThread.java:258)
01-17 19:10:43.393 28905 28905 W System.err: at android.app.ActivityThread$H.handleMessage(ActivityThread.java:2207)
01-17 19:10:43.393 28905 28905 W System.err: at android.os.Handler.dispatchMessage(Handler.java:106)
01-17 19:10:43.393 28905 28905 W System.err: at android.os.Looper.loopOnce(Looper.java:233)
01-17 19:10:43.393 28905 28905 W System.err: at android.os.Looper.loop(Looper.java:344)
01-17 19:10:43.393 28905 28905 W System.err: at android.app.ActivityThread.main(ActivityThread.java:8205)
01-17 19:10:43.393 28905 28905 W System.err: at java.lang.reflect.Method.invoke(Native Method)
01-17 19:10:43.393 28905 28905 W System.err: at com.android.internal.os.RuntimeInit$MethodAndArgsCaller.run(RuntimeInit.java:589)
01-17 19:10:43.393 28905 28905 W System.err: at com.android.internal.os.ZygoteInit.main(ZygoteInit.java:1071)
01-17 19:10:43.559 28905 28905 E CustomActivityOnCrash: IMPORTANT WARNING! You already have an UncaughtExceptionHandler, are you sure this is correct? If you use a custom UncaughtExceptionHandler, you must initialize it AFTER CustomActivityOnCrash! Installing anyway, but your original handler will not be called.
01-17 19:10:45.137 28905 28905 W com.mbwhatsapp: Accessing hidden method Lcom/android/org/conscrypt/OpenSSLSocketImpl;->setUseSessionTickets(Z)V (max- target-q,core-platform-api, reflection, denied)
01-17 19:10:45.138 28905 28905 W com.mbwhatsapp: Accessing hidden method Lcom/android/org/conscrypt/AbstractConscryptSocket;->setUseSessionTickets(Z)V (max- target-q, reflection, denied)
01-17 19:10:45.294 28905 28905 W com.mbwhatsapp: type=1400 audit(0.0:27100): avc: granted { execute } for path="/data/data/com.mbwhatsapp/files/decompressed/libs.spk.zst/libc++_shared.so" dev="sdc51" ino=4269251 scontext=u:r:untrusted_app:s0:c36,c256,c512,c768 tcontext=u:object_r:app_data_file:s0:c36,c256,c512,c768 tclass=file app=com.mbwhatsapp
01-17 19:10:45.306 28905 28905 W com.mbwhatsapp: type=1400 audit(0.0:27101): avc: granted { execute } for path="/data/data/com.mbwhatsapp/files/decompressed/libs.spk.zst/libvlc.so" dev="sdc51" ino=4268776 scontext=u:r:untrusted_app:s0:c36,c256,c512,c768 tcontext=u:object_r:app_data_file:s0:c36,c256,c512,c768 tclass=file app=com.mbwhatsapp
01-17 19:10:45.318 28905 28905 W com.mbwhatsapp: type=1400 audit(0.0:27102): avc: granted { execute } for path="/data/data/com.mbwhatsapp/files/decompressed/libs.spk.zst/libwhatsapp.so" dev="sdc51" ino=4268840 scontext=u:r:untrusted_app:s0:c36,c256,c512,c768 tcontext=u:object_r:app_data_file:s0:c36,c256,c512,c768 tclass=file app=com.mbwhatsapp
01-17 19:10:45.422 28905 28905 W com.mbwhatsapp: type=1400 audit(0.0:27103): avc: granted { execute } for path="/data/data/com.mbwhatsapp/files/decompressed/libs.spk.zst/libcurve25519.so" dev="sdc51" ino=4269243 scontext=u:r:untrusted_app:s0:c36,c256,c512,c768 tcontext=u:object_r:app_data_file:s0:c36,c256,c512,c768 tclass=file app=com.mbwhatsapp
01-17 19:10:45.458 28905 28905 W com.mbwhatsapp: type=1400 audit(0.0:27104): avc: granted { execute } for path="/data/data/com.mbwhatsapp/files/decompressed/libs.spk.zst/libwhatsapp.so" dev="sdc51" ino=4268840 scontext=u:r:untrusted_app:s0:c36,c256,c512,c768 tcontext=u:object_r:app_data_file:s0:c36,c256,c512,c768 tclass=file app=com.mbwhatsapp
01-17 19:10:45.458 28905 28905 W com.mbwhatsapp: type=1400 audit(0.0:27105): avc: granted { execute } for path="/data/data/com.mbwhatsapp/files/decompressed/libs.spk.zst/libwhatsapp.so" dev="sdc51" ino=4268840 scontext=u:r:untrusted_app:s0:c36,c256,c512,c768 tcontext=u:object_r:app_data_file:s0:c36,c256,c512,c768 tclass=file app=com.mbwhatsapp
01-17 19:10:45.458 28905 28905 W com.mbwhatsapp: type=1400 audit(0.0:27106): avc: granted { execute } for path="/data/data/com.mbwhatsapp/files/decompressed/libs.spk.zst/libwhatsapp.so" dev="sdc51" ino=4268840 scontext=u:r:untrusted_app:s0:c36,c256,c512,c768 tcontext=u:object_r:app_data_file:s0:c36,c256,c512,c768 tclass=file app=com.mbwhatsapp
01-17 19:10:45.977 28905 28905 E ANR_LOG : >>> msg's executing time is too long
01-17 19:10:45.977 28905 28905 E ANR_LOG : Blocked msg = { when=-3s515ms what=110 target=android.app.ActivityThread$H obj=AppBindData{appInfo=ApplicationInfo{9d6626d com.mbwhatsapp}} } , cost = 3510 ms
01-17 19:10:45.978 28905 28905 E ANR_LOG : >>>Current msg List is:
01-17 19:10:45.978 28905 28905 E ANR_LOG : Current msg <1> = { when=-3s511ms what=113 target=android.app.ActivityThread$H obj=ReceiverData{intent=Intent { act=com.google.android.c2dm.intent.RECEIVE flg=0x1080010 pkg=com.mbwhatsapp cmp=com.mbwhatsapp/com.google.firebase.iid.FirebaseInstanceIdReceiver (has extras) } packageName=com.mbwhatsapp resultCode=0 resultData=null resultExtras=null} }
01-17 19:10:45.978 28905 28905 E ANR_LOG : Current msg <2> = { when=-2s423ms what=164 target=android.app.ActivityThread$H obj=com.mbwhatsapp }
01-17 19:10:45.978 28905 28905 E ANR_LOG : Current msg <3> = { when=-1s174ms what=0 target=android.app.ActivityThread$H callback=android.app.LoadedApk$ReceiverDispatcher$Args$$ExternalSyntheticLambda0 }
01-17 19:10:45.978 28905 28905 E ANR_LOG : >>>CURRENT MSG DUMP OVER<<<
01-17 19:10:45.981 28905 28958 W com.mbwhatsapp: Method void X.2rL.A03(java.lang.Integer) failed lock verification and will run slower.
01-17 19:10:45.981 28905 28958 W com.mbwhatsapp: Common causes for lock verification issues are non-optimized dex code
01-17 19:10:45.981 28905 28958 W com.mbwhatsapp: and incorrect proguard optimizations.
01-17 19:10:46.030 28905 28923 W OplusExSystemServiceHelper: checkOplusExSystemService intent getComponent is null
01-17 19:10:46.843 28905 28969 E Parcel : Reading a NULL string not supported here.
01-17 19:10:47.091 28905 28971 W com.mbwhatsapp: Verification of java.lang.Object X.837.A03(java.lang.Object) took 180.556ms (58862.40 bytecodes/s) (295960B approximate peak alloc) --------- beginning of system
01-17 19:10:48.226 28905 28905 E OplusCustomizeRestrictionManager: sInstance is null, start a new sInstance
01-17 19:12:39.673 28905 28955 E SQLiteDatabase: Error inserting transferred=1 media_job_uuid=c25de86b-ed38-478e-ae61-9c2d9ac46144 transcoded=0 gif_attribution=0 first_scan_length=4856 direct_path=/o1/v/t62.7118-24/f1/m232/up-oil-image-d391ee5c- c8d0-4bb2-a23b-770a97111349?ccb=9-4&oh=01_AdRCTezfGJQ4S6e3UsIE7- TF771qoNDaQKTqxqqpgpm5Dg&oe=65CEEC98&_nc_sid=000000 thumbnail_height_width_ratio=1.7777778 is_animated_sticker=0 file_hash=ZWeLN4WhkUwV+mOjJ/XA64glYKUXfBPhEt5KGHfeQlY= file_path=Media/.Statuses/4f147d44995240da93ab44012a9fb78b.jpg file_size=33642 partial_media_hash=hU5E2sMo0YIO9H4RBwv5eDJIjlyv449bwyF9LZeCxT0= face_x=163 face_y=157 height=960 trim_to=0 media_key_timestamp=1705474018000 message_url=https://mmg.whatsapp.net/o1/v/t62.7118-24/f1/m232/up-oil-image- d391ee5c-c8d0-4bb2-a23b-770a97111349?ccb=9-4&oh=01_AdRCTezfGJQ4S6e3UsIE7- TF771qoNDaQKTqxqqpgpm5Dg&oe=65CEEC98&_nc_sid=000000&mms3=true media_caption=null trim_from=0 mime_type=image/jpeg partial_media_enc_hash=null width=540 original_file_hash=null has_streaming_sidecar=1 autotransfer_retry_enabled=1 media_upload_handle=null message_row_id=2298 multicast_id=null enc_file_hash=MDt8XfgU6Jz+RAMOGoL40Hdp+MK9D97UfXfAVZgCdcM= mute_video=0 page_count=0 first_scan_sidecar=[B@a5b74c1 suspicious_content=0 file_length=33642 media_name=null media_duration=0 chat_row_id=227 media_key=[B@4c9b466
01-17 19:12:39.673 28905 28955 E SQLiteDatabase: android.database.sqlite.SQLiteConstraintException: UNIQUE constraint failed: message_media.message_row_id (code 1555 SQLITE_CONSTRAINT_PRIMARYKEY)
01-17 19:12:39.673 28905 28955 E SQLiteDatabase: at android.database.sqlite.SQLiteConnection.nativeExecuteForLastInsertedRowId(Native Method)
01-17 19:12:39.673 28905 28955 E SQLiteDatabase: at android.database.sqlite.SQLiteConnection.executeForLastInsertedRowId(SQLiteConnecti on.java:946)
01-17 19:12:39.673 28905 28955 E SQLiteDatabase: at android.database.sqlite.SQLiteSession.executeForLastInsertedRowId(SQLiteSession.jav a:790)
01-17 19:12:39.673 28905 28955 E SQLiteDatabase: at android.database.sqlite.SQLiteStatement.executeInsert(SQLiteStatement.java:89)
01-17 19:12:39.673 28905 28955 E SQLiteDatabase: at android.database.sqlite.SQLiteDatabase.insertWithOnConflict(SQLiteDatabase.java:170 2)
01-17 19:12:39.673 28905 28955 E SQLiteDatabase: at android.database.sqlite.SQLiteDatabase.insert(SQLiteDatabase.java:1571)
01-17 19:12:39.673 28905 28955 E SQLiteDatabase: at X.2tm.A08(Unknown Source:6)
01-17 19:12:39.673 28905 28955 E SQLiteDatabase: at X.35Y.A07(Unknown Source:212)
01-17 19:12:39.673 28905 28955 E SQLiteDatabase: at X.3QF.A14(Unknown Source:470)
01-17 19:12:39.673 28905 28955 E SQLiteDatabase: at X.3gU.run(Unknown Source:982)
01-17 19:12:39.673 28905 28955 E SQLiteDatabase: at android.os.Handler.handleCallback(Handler.java:938)
01-17 19:12:39.673 28905 28955 E SQLiteDatabase: at android.os.Handler.dispatchMessage(Handler.java:99)
01-17 19:12:39.673 28905 28955 E SQLiteDatabase: at X.0zq.dispatchMessage(Unknown Source:4)
01-17 19:12:39.673 28905 28955 E SQLiteDatabase: at android.os.Looper.loopOnce(Looper.java:233)
01-17 19:12:39.673 28905 28955 E SQLiteDatabase: at android.os.Looper.loop(Looper.java:344)
01-17 19:12:39.673 28905 28955 E SQLiteDatabase: at android.os.HandlerThread.run(HandlerThread.java:67)
01-17 19:13:36.899 28905 28955 E SQLiteDatabase: Error inserting transferred=1 media_job_uuid=3aa7c524-9e7b-47f6-9611-f8602d06fa0e transcoded=0 gif_attribution=0 first_scan_length=5462 direct_path=/o1/v/t62.7118-24/f1/m231/up-oil-image-a0c7d3cd- e85f-4a3c-9f48-12938cb95a04?ccb=9-4&oh=01_AdR- fT8lUxAn_0zY7yOQK5cHzi_aQCFKB87kRs4JdELrWQ&oe=65CED031&_nc_sid=000000 thumbnail_height_width_ratio=1.8055556 is_animated_sticker=0 file_hash=NOlE2pX7ByJGLB1QVOfWqbzdiP/xjRkl1aF+dVNM/c0= file_path=Media/.Statuses/360a451d593541d4bf9fac7d85d54c1a.jpg file_size=46210 partial_media_hash=yRECJCFhlrBQHBC6hBIOq74U5jbr3pZHfaYnlmDCi3k= face_x=0 face_y=0 height=1040 trim_to=0 media_key_timestamp=1705474193000 message_url=https://mmg.whatsapp.net/o1/v/t62.7118-24/f1/m231/up-oil-image- a0c7d3cd-e85f-4a3c-9f48-12938cb95a04?ccb=9-4&oh=01_AdR- fT8lUxAn_0zY7yOQK5cHzi_aQCFKB87kRs4JdELrWQ&oe=65CED031&_nc_sid=000000&mms3=true media_caption=null trim_from=0 mime_type=image/jpeg partial_media_enc_hash=null width=585 original_file_hash=null has_streaming_sidecar=1 autotransfer_retry_enabled=1 media_upload_handle=null message_row_id=2300 multicast_id=null enc_file_hash=CMVv8yokk+eVCKjP+S5zhO699alNW1qMXq2e9aHCtZs= mute_video=0 page_count=0 first_scan_sidecar=[B@862b3b0 suspicious_content=0 file_length=46210 media_name=null media_duration=0 chat_row_id=227 media_key=[B@ee65229
01-17 19:13:36.899 28905 28955 E SQLiteDatabase: android.database.sqlite.SQLiteConstraintException: UNIQUE constraint failed: message_media.message_row_id (code 1555 SQLITE_CONSTRAINT_PRIMARYKEY)
01-17 19:13:36.899 28905 28955 E SQLiteDatabase: at android.database.sqlite.SQLiteConnection.nativeExecuteForLastInsertedRowId(Native Method)
01-17 19:13:36.899 28905 28955 E SQLiteDatabase: at android.database.sqlite.SQLiteConnection.executeForLastInsertedRowId(SQLiteConnecti on.java:946)
01-17 19:13:36.899 28905 28955 E SQLiteDatabase: at android.database.sqlite.SQLiteSession.executeForLastInsertedRowId(SQLiteSession.jav a:790)
01-17 19:13:36.899 28905 28955 E SQLiteDatabase: at android.database.sqlite.SQLiteStatement.executeInsert(SQLiteStatement.java:89)
01-17 19:13:36.899 28905 28955 E SQLiteDatabase: at android.database.sqlite.SQLiteDatabase.insertWithOnConflict(SQLiteDatabase.java:170 2)
01-17 19:13:36.899 28905 28955 E SQLiteDatabase: at android.database.sqlite.SQLiteDatabase.insert(SQLiteDatabase.java:1571)
01-17 19:13:36.899 28905 28955 E SQLiteDatabase: at X.2tm.A08(Unknown Source:6)
01-17 19:13:36.899 28905 28955 E SQLiteDatabase: at X.35Y.A07(Unknown Source:212)
01-17 19:13:36.899 28905 28955 E SQLiteDatabase: at X.3QF.A14(Unknown Source:470)
01-17 19:13:36.899 28905 28955 E SQLiteDatabase: at X.3gU.run(Unknown Source:982)
01-17 19:13:36.899 28905 28955 E SQLiteDatabase: at android.os.Handler.handleCallback(Handler.java:938)
01-17 19:13:36.899 28905 28955 E SQLiteDatabase: at android.os.Handler.dispatchMessage(Handler.java:99)
01-17 19:13:36.899 28905 28955 E SQLiteDatabase: at X.0zq.dispatchMessage(Unknown Source:4)
01-17 19:13:36.899 28905 28955 E SQLiteDatabase: at android.os.Looper.loopOnce(Looper.java:233)
01-17 19:13:36.899 28905 28955 E SQLiteDatabase: at android.os.Looper.loop(Looper.java:344)
01-17 19:13:36.899 28905 28955 E SQLiteDatabase: at android.os.HandlerThread.run(HandlerThread.java:67)
01-17 19:13:37.549 28905 28955 E SQLiteDatabase: Error inserting transferred=1 media_job_uuid=8c5a687b-5af1-436c-827c-e75e0efc401a transcoded=0 gif_attribution=0 first_scan_length=2599 direct_path=/v/t62.7118- 24/18982004_832591588666715_167387627824677541_n.enc?ccb=11-4&oh=01_AdTlWd8- gMJZPCo8OO3vXf0PbEfA4ZGcWwU_uUVJWQWeaw&oe=65CEEA4D&_nc_sid=5e03e0 thumbnail_height_width_ratio=2.2857144 is_animated_sticker=0 file_hash=knL1gNEv19juzCpu0ONs82oLUtt+xA7colttE5sOz6Y= file_path=Media/.Statuses/34abd8ec189f42bbacd1f0b1b91f51d1.jpg file_size=21073 partial_media_hash=hHVrSL1CFVkWiGB8kXJKnuKTU5h/KMHbpb1iEX3RVqI= face_x=0 face_y=0 height=1080 trim_to=0 media_key_timestamp=1705475349000 message_url=https://mmg.whatsapp.net/v/t62.7118- 24/18982004_832591588666715_167387627824677541_n.enc?ccb=11-4&oh=01_AdTlWd8- gMJZPCo8OO3vXf0PbEfA4ZGcWwU_uUVJWQWeaw&oe=65CEEA4D&_nc_sid=5e03e0&mms3=true media_caption=null trim_from=0 mime_type=image/jpeg partial_media_enc_hash=null width=482 original_file_hash=null has_streaming_sidecar=1 autotransfer_retry_enabled=1 media_upload_handle=null message_row_id=2307 multicast_id=null enc_file_hash=kHbCLDMwPn2pt+pdelQ/TMF7upx3f//Ra4O6z1pwquI= mute_video=0 page_count=0 first_scan_sidecar=[B@68352c3 suspicious_content=0 file_length=21073 media_name=null media_duration=0 chat_row_id=227 media_key=[B@ef3d740
01-17 19:13:37.549 28905 28955 E SQLiteDatabase: android.database.sqlite.SQLiteConstraintException: UNIQUE constraint failed: message_media.message_row_id (code 1555 SQLITE_CONSTRAINT_PRIMARYKEY)
01-17 19:13:37.549 28905 28955 E SQLiteDatabase: at android.database.sqlite.SQLiteConnection.nativeExecuteForLastInsertedRowId(Native Method)
01-17 19:13:37.549 28905 28955 E SQLiteDatabase: at android.database.sqlite.SQLiteConnection.executeForLastInsertedRowId(SQLiteConnecti on.java:946)
01-17 19:13:37.549 28905 28955 E SQLiteDatabase: at android.database.sqlite.SQLiteSession.executeForLastInsertedRowId(SQLiteSession.jav a:790)
01-17 19:13:37.549 28905 28955 E SQLiteDatabase: at android.database.sqlite.SQLiteStatement.executeInsert(SQLiteStatement.java:89)
01-17 19:13:37.549 28905 28955 E SQLiteDatabase: at android.database.sqlite.SQLiteDatabase.insertWithOnConflict(SQLiteDatabase.java:170 2)
01-17 19:13:37.549 28905 28955 E SQLiteDatabase: at android.database.sqlite.SQLiteDatabase.insert(SQLiteDatabase.java:1571)
01-17 19:13:37.549 28905 28955 E SQLiteDatabase: at X.2tm.A08(Unknown Source:6)
01-17 19:13:37.549 28905 28955 E SQLiteDatabase: at X.35Y.A07(Unknown Source:212)
01-17 19:13:37.549 28905 28955 E SQLiteDatabase: at X.3QF.A14(Unknown Source:470)
01-17 19:13:37.549 28905 28955 E SQLiteDatabase: at X.3gU.run(Unknown Source:982)
01-17 19:13:37.549 28905 28955 E SQLiteDatabase: at android.os.Handler.handleCallback(Handler.java:938)
01-17 19:13:37.549 28905 28955 E SQLiteDatabase: at android.os.Handler.dispatchMessage(Handler.java:99)
01-17 19:13:37.549 28905 28955 E SQLiteDatabase: at X.0zq.dispatchMessage(Unknown Source:4)
01-17 19:13:37.549 28905 28955 E SQLiteDatabase: at android.os.Looper.loopOnce(Looper.java:233)
01-17 19:13:37.549 28905 28955 E SQLiteDatabase: at android.os.Looper.loop(Looper.java:344)
01-17 19:13:37.549 28905 28955 E SQLiteDatabase: at android.os.HandlerThread.run(HandlerThread.java:67)
01-17 19:13:39.411 28905 28955 E SQLiteDatabase: Error inserting transferred=1 media_job_uuid=d62150e2-b2be-49ca-a49f-ca2b8c6f2cbe transcoded=0 gif_attribution=0 first_scan_length=1994 direct_path=/v/t62.7118- 24/382933570_914582083453039_6517917863269181189_n.enc?ccb=11- 4&oh=01_AdSP74xJCfISZUYJ794dPDYPnJOOzruZ6joKzjNY1NxdQg&oe=65CEE643&_nc_sid=5e03e0 thumbnail_height_width_ratio=1.7777778 is_animated_sticker=0 file_hash=POqYkL5sRoGtf84vUpDSPdV/lDSCRMLfB9/YkL3ZC5s= file_path=Media/.Statuses/89ba44f223864b5291ca0b204e81b1c2.jpg file_size=10440 partial_media_hash=qK+UER3yw2Zm6ULViGGcPcdnpGTcHWbPotAdxJGQszY= face_x=0 face_y=0 height=960 trim_to=0 media_key_timestamp=1705476279000 message_url=https://mmg.whatsapp.net/v/t62.7118- 24/382933570_914582083453039_6517917863269181189_n.enc?ccb=11- 4&oh=01_AdSP74xJCfISZUYJ794dPDYPnJOOzruZ6joKzjNY1NxdQg&oe=65CEE643&_nc_sid=5e03e0&m ms3=true media_caption=null trim_from=0 mime_type=image/jpeg partial_media_enc_hash=null width=540 original_file_hash=null has_streaming_sidecar=1 autotransfer_retry_enabled=1 media_upload_handle=null message_row_id=2314 multicast_id=null enc_file_hash=tVu7Sio8ZKnBB5xWLAnf/r+SQZ33bTbOp305PqGYcVs= mute_video=0 page_count=0 first_scan_sidecar=[B@2a806d0 suspicious_content=0 file_length=10440 media_name=null media_duration=0 chat_row_id=227 media_key=[B@87e76c9
01-17 19:13:39.411 28905 28955 E SQLiteDatabase: android.database.sqlite.SQLiteConstraintException: UNIQUE constraint failed: message_media.message_row_id (code 1555 SQLITE_CONSTRAINT_PRIMARYKEY)
01-17 19:13:39.411 28905 28955 E SQLiteDatabase: at android.database.sqlite.SQLiteConnection.nativeExecuteForLastInsertedRowId(Native Method)
01-17 19:13:39.411 28905 28955 E SQLiteDatabase: at android.database.sqlite.SQLiteConnection.executeForLastInsertedRowId(SQLiteConnecti on.java:946)
01-17 19:13:39.411 28905 28955 E SQLiteDatabase: at android.database.sqlite.SQLiteSession.executeForLastInsertedRowId(SQLiteSession.jav a:790)
01-17 19:13:39.411 28905 28955 E SQLiteDatabase: at android.database.sqlite.SQLiteStatement.executeInsert(SQLiteStatement.java:89)
01-17 19:13:39.411 28905 28955 E SQLiteDatabase: at android.database.sqlite.SQLiteDatabase.insertWithOnConflict(SQLiteDatabase.java:170 2)
01-17 19:13:39.411 28905 28955 E SQLiteDatabase: at android.database.sqlite.SQLiteDatabase.insert(SQLiteDatabase.java:1571)
01-17 19:13:39.411 28905 28955 E SQLiteDatabase: at X.2tm.A08(Unknown Source:6)
01-17 19:13:39.411 28905 28955 E SQLiteDatabase: at X.35Y.A07(Unknown Source:212)
01-17 19:13:39.411 28905 28955 E SQLiteDatabase: at X.3QF.A14(Unknown Source:470)
01-17 19:13:39.411 28905 28955 E SQLiteDatabase: at X.3gU.run(Unknown Source:982)
01-17 19:13:39.411 28905 28955 E SQLiteDatabase: at android.os.Handler.handleCallback(Handler.java:938)
01-17 19:13:39.411 28905 28955 E SQLiteDatabase: at android.os.Handler.dispatchMessage(Handler.java:99)
01-17 19:13:39.411 28905 28955 E SQLiteDatabase: at X.0zq.dispatchMessage(Unknown Source:4)
01-17 19:13:39.411 28905 28955 E SQLiteDatabase: at android.os.Looper.loopOnce(Looper.java:233)
01-17 19:13:39.411 28905 28955 E SQLiteDatabase: at android.os.Looper.loop(Looper.java:344)
01-17 19:13:39.411 28905 28955 E SQLiteDatabase: at android.os.HandlerThread.run(HandlerThread.java:67)
01-17 19:20:18.452 28905 28955 E SQLiteDatabase: Error inserting transferred=1 media_job_uuid=bfe9bc50-587a-4bbf-9508-c2ba24ca310a transcoded=0 gif_attribution=0 first_scan_length=0 direct_path=/v/t62.7117- 24/32051199_1427186244846445_3265412065462992887_n.enc?ccb=11- 4&oh=01_AdRYWP12RrzBwXTee3t1xMX8ILsjqdXzxpSFk5J52QKmxQ&oe=65CF1BF2&_nc_sid=5e03e0 thumbnail_height_width_ratio=0.0 is_animated_sticker=0 file_hash=aasGRo8SAmDrnOI7JfsqQAz/SXDPYq+gzHkhwk4Jx4c= file_path=Media/.Statuses/0d28267caa804b808a5d30e0fb327542.opus file_size=71017 partial_media_hash=null face_x=0 face_y=0 height=0 trim_to=0 media_key_timestamp=1705485398000 message_url=https://mmg.whatsapp.net/v/t62.7117- 24/32051199_1427186244846445_3265412065462992887_n.enc?ccb=11- 4&oh=01_AdRYWP12RrzBwXTee3t1xMX8ILsjqdXzxpSFk5J52QKmxQ&oe=65CF1BF2&_nc_sid=5e03e0&m ms3=true media_caption=null trim_from=0 mime_type=audio/ogg; codecs=opus partial_media_enc_hash=null width=0 original_file_hash=null has_streaming_sidecar=0 autotransfer_retry_enabled=1 media_upload_handle=null message_row_id=2354 multicast_id=null enc_file_hash=FBheV4JDnU5IX3U0mxDRL1Brlf8ftap2lEQJgpWpUJw= mute_video=0 page_count=0 first_scan_sidecar=null suspicious_content=0 file_length=71017 media_name=null media_duration=30 chat_row_id=227 media_key=[B@a6a2261
01-17 19:20:18.452 28905 28955 E SQLiteDatabase: android.database.sqlite.SQLiteConstraintException: UNIQUE constraint failed: message_media.message_row_id (code 1555 SQLITE_CONSTRAINT_PRIMARYKEY)
01-17 19:20:18.452 28905 28955 E SQLiteDatabase: at android.database.sqlite.SQLiteConnection.nativeExecuteForLastInsertedRowId(Native Method)
01-17 19:20:18.452 28905 28955 E SQLiteDatabase: at android.database.sqlite.SQLiteConnection.executeForLastInsertedRowId(SQLiteConnecti on.java:946)
01-17 19:20:18.452 28905 28955 E SQLiteDatabase: at android.database.sqlite.SQLiteSession.executeForLastInsertedRowId(SQLiteSession.jav a:790)
01-17 19:20:18.452 28905 28955 E SQLiteDatabase: at android.database.sqlite.SQLiteStatement.executeInsert(SQLiteStatement.java:89)
01-17 19:20:18.452 28905 28955 E SQLiteDatabase: at android.database.sqlite.SQLiteDatabase.insertWithOnConflict(SQLiteDatabase.java:170 2)
01-17 19:20:18.452 28905 28955 E SQLiteDatabase: at android.database.sqlite.SQLiteDatabase.insert(SQLiteDatabase.java:1571)
01-17 19:20:18.452 28905 28955 E SQLiteDatabase: at X.2tm.A08(Unknown Source:6)
01-17 19:20:18.452 28905 28955 E SQLiteDatabase: at X.35Y.A07(Unknown Source:212)
01-17 19:20:18.452 28905 28955 E SQLiteDatabase: at X.3QF.A14(Unknown Source:470)
01-17 19:20:18.452 28905 28955 E SQLiteDatabase: at X.3gU.run(Unknown Source:982)
01-17 19:20:18.452 28905 28955 E SQLiteDatabase: at android.os.Handler.handleCallback(Handler.java:938)
01-17 19:20:18.452 28905 28955 E SQLiteDatabase: at android.os.Handler.dispatchMessage(Handler.java:99)
01-17 19:20:18.452 28905 28955 E SQLiteDatabase: at X.0zq.dispatchMessage(Unknown Source:4)
01-17 19:20:18.452 28905 28955 E SQLiteDatabase: at android.os.Looper.loopOnce(Looper.java:233)
01-17 19:20:18.452 28905 28955 E SQLiteDatabase: at android.os.Looper.loop(Looper.java:344)
01-17 19:20:18.452 28905 28955 E SQLiteDatabase: at android.os.HandlerThread.run(HandlerThread.java:67)
01-17 19:21:52.378 28905 28969 E Parcel : Reading a NULL string not supported here.
01-17 19:24:26.758 28905 28955 E SQLiteDatabase: Error inserting transferred=1 media_job_uuid=83f8b1a6-c4d8-4171-8098-f376647507cc transcoded=0 gif_attribution=0 first_scan_length=0 direct_path=/v/t62.7118- 24/35725752_6990035324450843_3368467092573018467_n.enc?ccb=11- 4&oh=01_AdTSZNokABwHl29xgBxjtbl5KoQaJzYGX2wEFUHRP1216g&oe=65CF201B&_nc_sid=5e03e0 thumbnail_height_width_ratio=2.075 is_animated_sticker=0 file_hash=JrHrBnFbAa+QjrotPBbRKDOrHKj6lCwcDzcsXCJvFgU= file_path=Media/.Statuses/2ddbb1091bb1497bb7a228ee7c71120f.jpg file_size=68814 partial_media_hash=null face_x=401 face_y=559 height=1324 trim_to=0 media_key_timestamp=1705489234000 message_url=https://mmg.whatsapp.net/v/t62.7118- 24/35725752_6990035324450843_3368467092573018467_n.enc?ccb=11- 4&oh=01_AdTSZNokABwHl29xgBxjtbl5KoQaJzYGX2wEFUHRP1216g&oe=65CF201B&_nc_sid=5e03e0&m ms3=true media_caption=null trim_from=0 mime_type=image/jpeg partial_media_enc_hash=null width=640 original_file_hash=null has_streaming_sidecar=0 autotransfer_retry_enabled=1 media_upload_handle=null message_row_id=2377 multicast_id=null enc_file_hash=bRDYD/ZAXHa+Qb/ELIJWpkFvcvGXOKzv2osav7/EYqg= mute_video=0 page_count=0 first_scan_sidecar=null suspicious_content=0 file_length=68814 media_name=null media_duration=0 chat_row_id=227 media_key=[B@bcdd88d
01-17 19:24:26.758 28905 28955 E SQLiteDatabase: android.database.sqlite.SQLiteConstraintException: UNIQUE constraint failed: message_media.message_row_id (code 1555 SQLITE_CONSTRAINT_PRIMARYKEY)
01-17 19:24:26.758 28905 28955 E SQLiteDatabase: at android.database.sqlite.SQLiteConnection.nativeExecuteForLastInsertedRowId(Native Method)
01-17 19:24:26.758 28905 28955 E SQLiteDatabase: at android.database.sqlite.SQLiteConnection.executeForLastInsertedRowId(SQLiteConnecti on.java:946)
01-17 19:24:26.758 28905 28955 E SQLiteDatabase: at android.database.sqlite.SQLiteSession.executeForLastInsertedRowId(SQLiteSession.jav a:790)
01-17 19:24:26.758 28905 28955 E SQLiteDatabase: at android.database.sqlite.SQLiteStatement.executeInsert(SQLiteStatement.java:89)
01-17 19:24:26.758 28905 28955 E SQLiteDatabase: at android.database.sqlite.SQLiteDatabase.insertWithOnConflict(SQLiteDatabase.java:170 2)
01-17 19:24:26.758 28905 28955 E SQLiteDatabase: at android.database.sqlite.SQLiteDatabase.insert(SQLiteDatabase.java:1571)
01-17 19:24:26.758 28905 28955 E SQLiteDatabase: at X.2tm.A08(Unknown Source:6)
01-17 19:24:26.758 28905 28955 E SQLiteDatabase: at X.35Y.A07(Unknown Source:212)
01-17 19:24:26.758 28905 28955 E SQLiteDatabase: at X.3QF.A14(Unknown Source:470)
01-17 19:24:26.758 28905 28955 E SQLiteDatabase: at X.3gU.run(Unknown Source:982)
01-17 19:24:26.758 28905 28955 E SQLiteDatabase: at android.os.Handler.handleCallback(Handler.java:938)
01-17 19:24:26.758 28905 28955 E SQLiteDatabase: at android.os.Handler.dispatchMessage(Handler.java:99)
01-17 19:24:26.758 28905 28955 E SQLiteDatabase: at X.0zq.dispatchMessage(Unknown Source:4)
01-17 19:24:26.758 28905 28955 E SQLiteDatabase: at android.os.Looper.loopOnce(Looper.java:233)
01-17 19:24:26.758 28905 28955 E SQLiteDatabase: at android.os.Looper.loop(Looper.java:344)
01-17 19:24:26.758 28905 28955 E SQLiteDatabase: at android.os.HandlerThread.run(HandlerThread.java:67) --------- beginning of main
01-17 19:39:12.480 11924 11924 E com.mbwhatsapp: Unknown bits set in runtime_flags: 0x40000000
01-17 19:39:12.486 11924 11924 E com.mbwhatsapp: Not starting debugger since process cannot load the jdwp agent.
01-17 19:39:12.519 11924 11924 W libc : Access denied finding property "ro.odm.prev.product.name"
01-17 19:39:12.520 11924 11924 W libc : Access denied finding property "ro.vendor.oplus.gundam"
01-17 19:39:12.529 11924 11924 W ziparchive: Unable to open '/data/app/~~1KyAB7Z2guJXkWsASbTcKA==/com.mbwhatsapp-0x8m7VBDKT0GQnQrKQNNHw==/ base.dm': No such file or directory
01-17 19:39:12.529 11924 11924 W ziparchive: Unable to open '/data/app/~~1KyAB7Z2guJXkWsASbTcKA==/com.mbwhatsapp-0x8m7VBDKT0GQnQrKQNNHw==/ base.dm': No such file or directory
01-17 19:39:13.295 11924 11924 W System.err: java.lang.ClassNotFoundException: mbmodsd.mbmodsw.ui.views.btn.BtnBK
01-17 19:39:13.295 11924 11924 W System.err: at java.lang.Runtime.nativeLoad(Native Method)
01-17 19:39:13.296 11924 11924 W System.err: at java.lang.Runtime.nativeLoad(Runtime.java:1126)
01-17 19:39:13.296 11924 11924 W System.err: at java.lang.Runtime.loadLibrary0(Runtime.java:1080)
01-17 19:39:13.296 11924 11924 W System.err: at java.lang.Runtime.loadLibrary0(Runtime.java:1003)
01-17 19:39:13.296 11924 11924 W System.err: at java.lang.System.loadLibrary(System.java:1661)
01-17 19:39:13.296 11924 11924 W System.err: at arm.EpicVm.<clinit>(Unknown Source:2)
01-17 19:39:13.296 11924 11924 W System.err: at java.lang.Class.newInstance(Native Method)
01-17 19:39:13.296 11924 11924 W System.err: at android.app.AppComponentFactory.instantiateApplication(AppComponentFactory.java:76)
01-17 19:39:13.296 11924 11924 W System.err: at androidx.core.app.CoreComponentFactory.instantiateApplication(Unknown Source:0)
01-17 19:39:13.296 11924 11924 W System.err: at android.app.Instrumentation.newApplication(Instrumentation.java:1191)
01-17 19:39:13.297 11924 11924 W System.err: at android.app.LoadedApk.makeApplication(LoadedApk.java:1404)
01-17 19:39:13.297 11924 11924 W System.err: at android.app.ActivityThread.handleBindApplication(ActivityThread.java:7031)
01-17 19:39:13.297 11924 11924 W System.err: at android.app.ActivityThread.access$1800(ActivityThread.java:258)
01-17 19:39:13.297 11924 11924 W System.err: at android.app.ActivityThread$H.handleMessage(ActivityThread.java:2207)
01-17 19:39:13.297 11924 11924 W System.err: at android.os.Handler.dispatchMessage(Handler.java:106)
01-17 19:39:13.297 11924 11924 W System.err: at android.os.Looper.loopOnce(Looper.java:233)
01-17 19:39:13.297 11924 11924 W System.err: at android.os.Looper.loop(Looper.java:344)
01-17 19:39:13.297 11924 11924 W System.err: at android.app.ActivityThread.main(ActivityThread.java:8205)
01-17 19:39:13.297 11924 11924 W System.err: at java.lang.reflect.Method.invoke(Native Method)
01-17 19:39:13.297 11924 11924 W System.err: at com.android.internal.os.RuntimeInit$MethodAndArgsCaller.run(RuntimeInit.java:589)
01-17 19:39:13.297 11924 11924 W System.err: at com.android.internal.os.ZygoteInit.main(ZygoteInit.java:1071)
01-17 19:39:13.423 11924 11924 E CustomActivityOnCrash: IMPORTANT WARNING! You already have an UncaughtExceptionHandler, are you sure this is correct? If you use a custom UncaughtExceptionHandler, you must initialize it AFTER CustomActivityOnCrash! Installing anyway, but your original handler will not be called.
01-17 19:39:14.926 11924 11924 W com.mbwhatsapp: Accessing hidden method Lcom/android/org/conscrypt/OpenSSLSocketImpl;->setUseSessionTickets(Z)V (max- target-q,core-platform-api, reflection, denied)
01-17 19:39:14.926 11924 11924 W com.mbwhatsapp: Accessing hidden method Lcom/android/org/conscrypt/AbstractConscryptSocket;->setUseSessionTickets(Z)V (max- target-q, reflection, denied)
01-17 19:39:15.054 11924 11924 W com.mbwhatsapp: type=1400 audit(0.0:27334): avc: granted { execute } for path="/data/data/com.mbwhatsapp/files/decompressed/libs.spk.zst/libc++_shared.so" dev="sdc51" ino=4269251 scontext=u:r:untrusted_app:s0:c36,c256,c512,c768 tcontext=u:object_r:app_data_file:s0:c36,c256,c512,c768 tclass=file app=com.mbwhatsapp
01-17 19:39:15.058 11924 11924 W com.mbwhatsapp: type=1400 audit(0.0:27335): avc: granted { execute } for path="/data/data/com.mbwhatsapp/files/decompressed/libs.spk.zst/libvlc.so" dev="sdc51" ino=4268776 scontext=u:r:untrusted_app:s0:c36,c256,c512,c768 tcontext=u:object_r:app_data_file:s0:c36,c256,c512,c768 tclass=file app=com.mbwhatsapp
01-17 19:39:15.070 11924 11924 W com.mbwhatsapp: type=1400 audit(0.0:27336): avc: granted { execute } for path="/data/data/com.mbwhatsapp/files/decompressed/libs.spk.zst/libwhatsapp.so" dev="sdc51" ino=4268840 scontext=u:r:untrusted_app:s0:c36,c256,c512,c768 tcontext=u:object_r:app_data_file:s0:c36,c256,c512,c768 tclass=file app=com.mbwhatsapp
01-17 19:39:15.146 11924 11924 W com.mbwhatsapp: type=1400 audit(0.0:27337): avc: granted { execute } for path="/data/data/com.mbwhatsapp/files/decompressed/libs.spk.zst/libcurve25519.so" dev="sdc51" ino=4269243 scontext=u:r:untrusted_app:s0:c36,c256,c512,c768 tcontext=u:object_r:app_data_file:s0:c36,c256,c512,c768 tclass=file app=com.mbwhatsapp
01-17 19:39:15.174 11924 11924 W com.mbwhatsapp: type=1400 audit(0.0:27338): avc: granted { execute } for path="/data/data/com.mbwhatsapp/files/decompressed/libs.spk.zst/libwhatsapp.so" dev="sdc51" ino=4268840 scontext=u:r:untrusted_app:s0:c36,c256,c512,c768 tcontext=u:object_r:app_data_file:s0:c36,c256,c512,c768 tclass=file app=com.mbwhatsapp
01-17 19:39:15.174 11924 11924 W com.mbwhatsapp: type=1400 audit(0.0:27339): avc: granted { execute } for path="/data/data/com.mbwhatsapp/files/decompressed/libs.spk.zst/libwhatsapp.so" dev="sdc51" ino=4268840 scontext=u:r:untrusted_app:s0:c36,c256,c512,c768 tcontext=u:object_r:app_data_file:s0:c36,c256,c512,c768 tclass=file app=com.mbwhatsapp
01-17 19:39:15.174 11924 11924 W com.mbwhatsapp: type=1400 audit(0.0:27340): avc: granted { execute } for path="/data/data/com.mbwhatsapp/files/decompressed/libs.spk.zst/libwhatsapp.so" dev="sdc51" ino=4268840 scontext=u:r:untrusted_app:s0:c36,c256,c512,c768 tcontext=u:object_r:app_data_file:s0:c36,c256,c512,c768 tclass=file app=com.mbwhatsapp
01-17 19:39:15.559 11924 12077 W com.mbwhatsapp: Method void X.2rL.A03(java.lang.Integer) failed lock verification and will run slower.
01-17 19:39:15.559 11924 12077 W com.mbwhatsapp: Common causes for lock verification issues are non-optimized dex code
01-17 19:39:15.559 11924 12077 W com.mbwhatsapp: and incorrect proguard optimizations.
01-17 19:39:15.561 11924 11924 E ANR_LOG : >>> msg's executing time is too long
01-17 19:39:15.561 11924 11924 E ANR_LOG : Blocked msg = { when=-3s58ms what=110 target=android.app.ActivityThread$H obj=AppBindData{appInfo=ApplicationInfo{f934ea2 com.mbwhatsapp}} } , cost = 3055 ms
01-17 19:39:15.561 11924 11924 E ANR_LOG : >>>Current msg List is:
01-17 19:39:15.562 11924 11924 E ANR_LOG : Current msg <1> = { when=-3s56ms what=113 target=android.app.ActivityThread$H obj=ReceiverData{intent=Intent { act=com.google.android.c2dm.intent.RECEIVE flg=0x1080010 pkg=com.mbwhatsapp cmp=com.mbwhatsapp/com.google.firebase.iid.FirebaseInstanceIdReceiver (has extras) } packageName=com.mbwhatsapp resultCode=0 resultData=null resultExtras=null} }
01-17 19:39:15.562 11924 11924 E ANR_LOG : Current msg <2> = { when=-2s140ms what=164 target=android.app.ActivityThread$H obj=com.mbwhatsapp }
01-17 19:39:15.562 11924 11924 E ANR_LOG : Current msg <3> = { when=-918ms what=0 target=android.app.ActivityThread$H callback=android.app.LoadedApk$ReceiverDispatcher$Args$$ExternalSyntheticLambda0 }
01-17 19:39:15.562 11924 11924 E ANR_LOG : >>>CURRENT MSG DUMP OVER<<<
01-17 19:39:15.595 11924 11955 W OplusExSystemServiceHelper: checkOplusExSystemService intent getComponent is null
01-17 19:39:17.163 11924 12084 W com.mbwhatsapp: Verification of X.373 X.2ow.A02(X.30L, X.1FP) took 1.223s (1439.07 bytecodes/s) (68176B approximate peak alloc)
01-17 19:39:17.492 11924 12086 E Parcel : Reading a NULL string not supported here.
01-17 19:39:18.536 11924 12292 W ConnectivityManager.CallbackHandler: callback not found for CALLBACK_CAP_CHANGED message --------- beginning of system
01-17 19:39:19.960 11924 11924 E OplusCustomizeRestrictionManager: sInstance is null, start a new sInstance
01-17 19:39:28.367 11924 12329 W PermissionInjector: applyBatch in invalid type: 2
01-17 19:39:32.258 11924 12329 W PermissionInjector: applyBatch in invalid type: 2
01-17 19:39:34.916 11924 12329 W PermissionInjector: applyBatch in invalid type: 2
01-17 19:42:30.158 11924 11924 W com.mbwhatsapp: Method void X.0eU.A0h(X.0tK, boolean) failed lock verification and will run slower.
01-17 19:42:30.456 11924 11924 W com.mbwhatsapp: Method void com.mbwhatsapp.HomeActivity.A6e() failed lock verification and will run slower.
01-17 19:42:30.457 11924 14443 E QT : [QT]file does not exist
01-17 19:42:30.927 11924 11924 E ArmVmp : Match on catch block at 0x0a in for 0x71d8987031
01-17 19:42:30.956 11924 11924 E ArmVmp : Match on catch block at 0x0a in for 0x71d898704d
01-17 19:42:31.064 11924 14445 W com.mbwhatsapp: Accessing hidden method Lcom/android/org/conscrypt/ConscryptEngineSocket;->setUseSessionTickets(Z)V (max- target-q,core-platform-api, reflection, denied)
01-17 19:42:31.064 11924 14445 W com.mbwhatsapp: Accessing hidden method Lcom/android/org/conscrypt/OpenSSLSocketImpl;->setUseSessionTickets(Z)V (max- target-q,core-platform-api, reflection, denied)
01-17 19:42:31.064 11924 14445 W com.mbwhatsapp: Accessing hidden method Lcom/android/org/conscrypt/AbstractConscryptSocket;->setUseSessionTickets(Z)V (max- target-q, reflection, denied)
01-17 19:42:31.064 11924 14445 W com.mbwhatsapp: Accessing hidden method Lcom/android/org/conscrypt/ConscryptEngineSocket;->setHostname(Ljava/lang/String;)V (max-target-q,core-platform-api, reflection, denied)
01-17 19:42:31.064 11924 14445 W com.mbwhatsapp: Accessing hidden method Lcom/android/org/conscrypt/OpenSSLSocketImpl;->setHostname(Ljava/lang/String;)V (max-target-q,core-platform-api, reflection, denied)
01-17 19:42:31.064 11924 14445 W com.mbwhatsapp: Accessing hidden method Lcom/android/org/conscrypt/AbstractConscryptSocket;->setHostname(Ljava/lang/ String;)V (max-target-q, reflection, denied)
01-17 19:42:31.065 11924 14445 W com.mbwhatsapp: Accessing hidden method Lcom/android/org/conscrypt/OpenSSLSocketImpl;->setAlpnProtocols([B)V (max-target- q,core-platform-api, reflection, denied)
01-17 19:42:31.065 11924 14445 W com.mbwhatsapp: Accessing hidden method Lcom/android/org/conscrypt/AbstractConscryptSocket;->setAlpnProtocols([B)V (max- target-q, reflection, denied)
01-17 19:42:31.230 11924 14445 W com.mbwhatsapp: Accessing hidden method Lcom/android/org/conscrypt/OpenSSLSocketImpl;->getAlpnSelectedProtocol()[B (max- target-q,core-platform-api, reflection, denied)
01-17 19:42:31.230 11924 14445 W com.mbwhatsapp: Accessing hidden method Lcom/android/org/conscrypt/AbstractConscryptSocket;->getAlpnSelectedProtocol()[B (max-target-q, reflection, denied)
01-17 19:42:31.248 11924 14440 E ExtensionsLoader: dlopen failed: library "libhwuiextimpl.so" not found
01-17 19:42:31.249 11924 11924 E com.mbwhatsapp: ofbOpen failed with error=No such file or directory
01-17 19:42:31.249 11924 11924 E com.mbwhatsapp: sysOpen failed with error=No such file or directory
01-17 19:42:31.676 11924 14471 E ion : ioctl c0044901 failed with code -1: Invalid argument
01-17 19:42:31.783 11924 11924 E RecyclerView: No adapter attached; skipping layout
01-17 19:42:31.859 11924 14440 E OpenGLRenderer: fbcNotifyFrameComplete error: undefined symbol: fbcNotifyFrameComplete
01-17 19:42:31.859 11924 14440 E OpenGLRenderer: fbcNotifyNoRender error: undefined symbol: fbcNotifyNoRender
01-17 19:42:31.871 11924 11924 E ArmVmp : Match on catch block at 0x0a in for 0x71d8987035
01-17 19:42:31.925 11924 14440 E BLASTBufferQueue: BLASTBufferItemConsumer::onDisconnect()
01-17 19:42:31.932 11924 11924 E RecyclerView: No adapter attached; skipping layout
01-17 19:42:31.933 11924 11924 W View : requestLayout() improperly called by androidx.appcompat.view.menu.ActionMenuItemView{5b62da8 VFED..C.. ......ID 291,0- 435,0 #7f0b0f8a app:id/menuitem_search} during layout: running second layout pass
01-17 19:42:31.934 11924 11924 W View : requestLayout() improperly called by androidx.appcompat.widget.ActionMenuView{f11149a V.E...... ......ID 420,375- 1131,375} during layout: running second layout pass
01-17 19:42:32.134 11924 14440 E BLASTBufferQueue: BLASTBufferItemConsumer::onDisconnect()
01-17 19:42:32.263 11924 11924 W View : requestLayout() improperly called by DecorView@c09916[HomeActivity] during second layout pass: posting in next frame
01-17 19:42:32.290 11924 14487 W LOTTIE : Animation contains merge paths. Merge paths are only supported on KitKat+ and must be manually enabled by calling enableMergePathsForKitKatAndAbove().
01-17 19:42:32.404 11924 14442 W LibraryVersion: Failed to get app version for libraryName: firebase-iid
01-17 19:42:32.480 11924 14440 E BLASTBufferQueue: BLASTBufferItemConsumer::onDisconnect()
01-17 19:42:32.517 11924 11924 W LOTTIE : Animation contains merge paths but they are disabled.
01-17 19:42:32.529 11924 12086 E Parcel : Reading a NULL string not supported here.
01-17 19:42:32.661 11924 14440 E BLASTBufferQueue: BLASTBufferItemConsumer::onDisconnect()
01-17 19:42:32.701 11924 14440 E BLASTBufferQueue: BLASTBufferItemConsumer::onDisconnect()
01-17 19:42:32.760 11924 14440 E BLASTBufferQueue: BLASTBufferItemConsumer::onDisconnect()
01-17 19:42:32.774 11924 14440 E BLASTBufferQueue: BLASTBufferItemConsumer::onDisconnect()
01-17 19:42:34.125 11924 11924 E ArmVmp : Match on catch block at 0x0a in for 0x71d8987035
01-17 19:42:34.146 11924 11924 W ziparchive: Unable to open '/data/app/~~p9eglrrFKMqQ8639TMrqOw==/com.google.android.trichromelibrary_609921033 -Gd2QStYMhfCb2sz8abfOnQ==/base.dm': No such file or directory
01-17 19:42:34.146 11924 11924 W ziparchive: Unable to open '/data/app/~~p9eglrrFKMqQ8639TMrqOw==/com.google.android.trichromelibrary_609921033 -Gd2QStYMhfCb2sz8abfOnQ==/base.dm': No such file or directory
01-17 19:42:34.146 11924 11924 W com.mbwhatsapp: Entry not found
01-17 19:42:34.149 11924 11924 W ziparchive: Unable to open '/apex/com.android.extservices/javalib/android.ext.adservices.dm': No such file or directory
01-17 19:42:34.149 11924 11924 W ziparchive: Unable to open '/apex/com.android.extservices/javalib/android.ext.adservices.dm': No such file or directory
01-17 19:42:34.196 11924 14526 E chromium: [0117/194234.195335:ERROR:variations_seed_loader.cc(69)] Failed to open file for reading. Errno: 2
01-17 19:42:34.196 11924 14526 E chromium: [0117/194234.196714:ERROR:variations_seed_loader.cc(69)] Failed to open file for reading. Errno: 2
01-17 19:42:34.205 11924 14526 E MultiApp.Impl: OplusMultiAppImpl
01-17 19:42:34.303 11924 14582 E cr_TrackExitReasons: Failed to parse JSON from file.
01-17 19:42:34.377 11924 14561 W cr_media: BLUETOOTH_CONNECT permission is missing.
01-17 19:42:34.382 11924 14561 W cr_media: registerBluetoothIntentsIfNeeded: Requires BLUETOOTH permission
01-17 19:42:34.387 11924 11924 E ArmVmp : Match on catch block at 0x0a in for 0x71d8987031
01-17 19:42:34.412 11924 14440 E BLASTBufferQueue: BLASTBufferItemConsumer::onDisconnect()
01-17 19:42:34.449 11924 14535 E Parcel : Reading a NULL string not supported here.
01-17 19:42:34.506 11924 14535 E Parcel : Reading a NULL string not supported here.
01-17 19:42:34.576 11924 14581 W AudioCapabilities: Unsupported mime audio/x-adpcm- dvi-ima
01-17 19:42:34.577 11924 14581 W AudioCapabilities: Unsupported mime audio/x-adpcm- dvi-ima
01-17 19:42:34.577 11924 14581 W AudioCapabilities: Unsupported mime audio/x-adpcm- ms
01-17 19:42:34.578 11924 14581 W AudioCapabilities: Unsupported mime audio/x-adpcm- ms
01-17 19:42:34.578 11924 14581 W AudioCapabilities: Unsupported mime audio/alac
01-17 19:42:34.578 11924 14581 W AudioCapabilities: Unsupported mime audio/alac
01-17 19:42:34.579 11924 14581 W AudioCapabilities: Unsupported mime audio/ape
01-17 19:42:34.579 11924 14581 W AudioCapabilities: Unsupported mime audio/ape
01-17 19:42:34.580 11924 14581 W AudioCapabilities: Unsupported mime audio/x-ms-wma
01-17 19:42:34.580 11924 14581 W AudioCapabilities: Unsupported mime audio/x-ms-wma
01-17 19:42:34.589 11924 14581 W AudioCapabilities: Unsupported mime audio/ffmpeg
01-17 19:42:34.590 11924 14581 W VideoCapabilities: Unsupported mime video/ffmpeg
01-17 19:42:34.593 11924 14581 W VideoCapabilities: Unsupported mime image/vnd.android.heic
01-17 19:42:34.594 11924 14581 W VideoCapabilities: Unsupported mime image/vnd.android.heic
01-17 19:42:34.594 11924 14581 W VideoCapabilities: Unsupported mime image/vnd.android.heic
01-17 19:42:34.594 11924 14581 W VideoCapabilities: Unsupported mime image/vnd.android.heic
01-17 19:42:34.596 11924 14581 W VideoCapabilities: Unsupported mime video/x-ms-wmv
01-17 19:42:34.597 11924 14581 W VideoCapabilities: Unsupported mime video/x-ms-wmv
01-17 19:42:34.602 11924 11924 E Parcel : Reading a NULL string not supported here.
01-17 19:42:34.602 11924 11924 E Parcel : Reading a NULL string not supported here.
01-17 19:42:34.602 11924 11924 E Parcel : Reading a NULL string not supported here.
01-17 19:42:34.602 11924 11924 E Parcel : Reading a NULL string not supported here.
01-17 19:42:34.602 11924 11924 E Parcel : Reading a NULL string not supported here.
01-17 19:42:34.602 11924 11924 E Parcel : Reading a NULL string not supported here.
01-17 19:42:34.603 11924 11924 E Parcel : Reading a NULL string not supported here.
01-17 19:42:34.603 11924 11924 E Parcel : Reading a NULL string not supported here.
01-17 19:42:34.603 11924 11924 E Parcel : Reading a NULL string not supported here.
01-17 19:42:34.603 11924 11924 E Parcel : Reading a NULL string not supported here.
01-17 19:42:34.603 11924 11924 E Parcel : Reading a NULL string not supported here.
01-17 19:42:34.603 11924 11924 E Parcel : Reading a NULL string not supported here.
01-17 19:42:34.603 11924 11924 E Parcel : Reading a NULL string not supported here.
01-17 19:42:34.603 11924 11924 E Parcel : Reading a NULL string not supported here.
01-17 19:42:34.604 11924 11924 E Parcel : Reading a NULL string not supported here.
01-17 19:42:34.604 11924 11924 E Parcel : Reading a NULL string not supported here.
