01-16 05:10:44.782 5286 5286 W libc : Access denied finding property "ro.odm.prev.product.name"
01-16 05:10:44.783 5286 5286 W libc : Access denied finding property "ro.vendor.oplus.gundam"
01-16 05:10:44.794 5286 5286 W ziparchive: Unable to open '/data/app/~~1KyAB7Z2guJXkWsASbTcKA==/com.mbwhatsapp-0x8m7VBDKT0GQnQrKQNNHw==/ base.dm': No such file or directory
01-16 05:10:44.795 5286 5286 W ziparchive: Unable to open '/data/app/~~1KyAB7Z2guJXkWsASbTcKA==/com.mbwhatsapp-0x8m7VBDKT0GQnQrKQNNHw==/ base.dm': No such file or directory
01-16 05:10:45.645 5286 5286 W System.err: java.lang.ClassNotFoundException: mbmodsd.mbmodsw.ui.views.btn.BtnBK
01-16 05:10:45.648 5286 5286 W System.err: at java.lang.Runtime.nativeLoad(Native Method)
01-16 05:10:45.648 5286 5286 W System.err: at java.lang.Runtime.nativeLoad(Runtime.java:1126)
01-16 05:10:45.648 5286 5286 W System.err: at java.lang.Runtime.loadLibrary0(Runtime.java:1080)
01-16 05:10:45.648 5286 5286 W System.err: at java.lang.Runtime.loadLibrary0(Runtime.java:1003)
01-16 05:10:45.648 5286 5286 W System.err: at java.lang.System.loadLibrary(System.java:1661)
01-16 05:10:45.648 5286 5286 W System.err: at arm.EpicVm.<clinit>(Unknown Source:2)
01-16 05:10:45.648 5286 5286 W System.err: at java.lang.Class.newInstance(Native Method)
01-16 05:10:45.648 5286 5286 W System.err: at android.app.AppComponentFactory.instantiateApplication(AppComponentFactory.java:76)
01-16 05:10:45.648 5286 5286 W System.err: at androidx.core.app.CoreComponentFactory.instantiateApplication(Unknown Source:0)
01-16 05:10:45.649 5286 5286 W System.err: at android.app.Instrumentation.newApplication(Instrumentation.java:1191)
01-16 05:10:45.649 5286 5286 W System.err: at android.app.LoadedApk.makeApplication(LoadedApk.java:1404)
01-16 05:10:45.649 5286 5286 W System.err: at android.app.ActivityThread.handleBindApplication(ActivityThread.java:7031)
01-16 05:10:45.649 5286 5286 W System.err: at android.app.ActivityThread.access$1800(ActivityThread.java:258)
01-16 05:10:45.649 5286 5286 W System.err: at android.app.ActivityThread$H.handleMessage(ActivityThread.java:2207)
01-16 05:10:45.649 5286 5286 W System.err: at android.os.Handler.dispatchMessage(Handler.java:106)
01-16 05:10:45.649 5286 5286 W System.err: at android.os.Looper.loopOnce(Looper.java:233)
01-16 05:10:45.649 5286 5286 W System.err: at android.os.Looper.loop(Looper.java:344)
01-16 05:10:45.649 5286 5286 W System.err: at android.app.ActivityThread.main(ActivityThread.java:8205)
01-16 05:10:45.649 5286 5286 W System.err: at java.lang.reflect.Method.invoke(Native Method)
01-16 05:10:45.649 5286 5286 W System.err: at com.android.internal.os.RuntimeInit$MethodAndArgsCaller.run(RuntimeInit.java:589)
01-16 05:10:45.649 5286 5286 W System.err: at com.android.internal.os.ZygoteInit.main(ZygoteInit.java:1071)
01-16 05:10:45.814 5286 5286 E CustomActivityOnCrash: IMPORTANT WARNING! You already have an UncaughtExceptionHandler, are you sure this is correct? If you use a custom UncaughtExceptionHandler, you must initialize it AFTER CustomActivityOnCrash! Installing anyway, but your original handler will not be called.
01-16 05:10:47.257 5286 5286 W com.mbwhatsapp: Accessing hidden method Lcom/android/org/conscrypt/OpenSSLSocketImpl;->setUseSessionTickets(Z)V (max- target-q,core-platform-api, reflection, denied)
01-16 05:10:47.258 5286 5286 W com.mbwhatsapp: Accessing hidden method Lcom/android/org/conscrypt/AbstractConscryptSocket;->setUseSessionTickets(Z)V (max- target-q, reflection, denied)
01-16 05:10:47.394 5286 5286 W com.mbwhatsapp: type=1400 audit(0.0:12746): avc: granted { execute } for path="/data/data/com.mbwhatsapp/files/decompressed/libs.spk.zst/libc++_shared.so" dev="sdc51" ino=4269251 scontext=u:r:untrusted_app:s0:c36,c256,c512,c768 tcontext=u:object_r:app_data_file:s0:c36,c256,c512,c768 tclass=file app=com.mbwhatsapp
01-16 05:10:47.398 5286 5286 W com.mbwhatsapp: type=1400 audit(0.0:12747): avc: granted { execute } for path="/data/data/com.mbwhatsapp/files/decompressed/libs.spk.zst/libvlc.so" dev="sdc51" ino=4268776 scontext=u:r:untrusted_app:s0:c36,c256,c512,c768 tcontext=u:object_r:app_data_file:s0:c36,c256,c512,c768 tclass=file app=com.mbwhatsapp
01-16 05:10:47.410 5286 5286 W com.mbwhatsapp: type=1400 audit(0.0:12748): avc: granted { execute } for path="/data/data/com.mbwhatsapp/files/decompressed/libs.spk.zst/libwhatsapp.so" dev="sdc51" ino=4268840 scontext=u:r:untrusted_app:s0:c36,c256,c512,c768 tcontext=u:object_r:app_data_file:s0:c36,c256,c512,c768 tclass=file app=com.mbwhatsapp
01-16 05:10:47.470 5286 5286 W com.mbwhatsapp: type=1400 audit(0.0:12749): avc: granted { execute } for path="/data/data/com.mbwhatsapp/files/decompressed/libs.spk.zst/libcurve25519.so" dev="sdc51" ino=4269243 scontext=u:r:untrusted_app:s0:c36,c256,c512,c768 tcontext=u:object_r:app_data_file:s0:c36,c256,c512,c768 tclass=file app=com.mbwhatsapp
01-16 05:10:47.506 5286 5286 W com.mbwhatsapp: type=1400 audit(0.0:12750): avc: granted { execute } for path="/data/data/com.mbwhatsapp/files/decompressed/libs.spk.zst/libwhatsapp.so" dev="sdc51" ino=4268840 scontext=u:r:untrusted_app:s0:c36,c256,c512,c768 tcontext=u:object_r:app_data_file:s0:c36,c256,c512,c768 tclass=file app=com.mbwhatsapp
01-16 05:10:47.967 5286 5370 W com.mbwhatsapp: Method void X.2rL.A03(java.lang.Integer) failed lock verification and will run slower.
01-16 05:10:47.967 5286 5370 W com.mbwhatsapp: Common causes for lock verification issues are non-optimized dex code
01-16 05:10:47.967 5286 5370 W com.mbwhatsapp: and incorrect proguard optimizations.
01-16 05:10:47.967 5286 5286 E ANR_LOG : >>> msg's executing time is too long
01-16 05:10:47.967 5286 5286 E ANR_LOG : Blocked msg = { when=-3s206ms what=110 target=android.app.ActivityThread$H obj=AppBindData{appInfo=ApplicationInfo{f934ea2 com.mbwhatsapp}} } , cost = 3202 ms
01-16 05:10:47.967 5286 5286 E ANR_LOG : >>>Current msg List is:
01-16 05:10:47.968 5286 5286 E ANR_LOG : Current msg <1> = { when=-3s203ms what=113 target=android.app.ActivityThread$H obj=ReceiverData{intent=Intent { act=com.facebook.GET_PHONE_ID flg=0x80010 pkg=com.mbwhatsapp cmp=com.mbwhatsapp/.phoneid.PhoneIdRequestReceiver } packageName=com.mbwhatsapp resultCode=1 resultData=null resultExtras=Bundle[mParcelledData.dataSize=108]} }
01-16 05:10:47.968 5286 5286 E ANR_LOG : Current msg <2> = { when=-2s155ms what=164 target=android.app.ActivityThread$H obj=com.mbwhatsapp }
01-16 05:10:47.968 5286 5286 E ANR_LOG : Current msg <3> = { when=-1s20ms what=0 target=android.app.ActivityThread$H callback=android.app.LoadedApk$ReceiverDispatcher$Args$$ExternalSyntheticLambda0 }
01-16 05:10:47.968 5286 5286 E ANR_LOG : >>>CURRENT MSG DUMP OVER<<< --------- beginning of system
01-16 05:10:50.249 5286 5286 E OplusCustomizeRestrictionManager: sInstance is null, start a new sInstance
01-16 05:10:53.143 5286 5401 W PermissionInjector: applyBatch in invalid type: 2
01-16 05:11:18.829 5286 5401 W PermissionInjector: applyBatch in invalid type: 2
01-16 05:11:47.410 5286 5401 W PermissionInjector: applyBatch in invalid type: 2 --------- beginning of main
01-16 05:54:49.002 10434 10434 E com.mbwhatsapp: Unknown bits set in runtime_flags: 0x40000000
01-16 05:54:49.014 10434 10434 E com.mbwhatsapp: Not starting debugger since process cannot load the jdwp agent.
01-16 05:54:49.066 10434 10434 W libc : Access denied finding property "ro.odm.prev.product.name"
01-16 05:54:49.066 10434 10434 W libc : Access denied finding property "ro.vendor.oplus.gundam"
01-16 05:54:49.078 10434 10434 W ziparchive: Unable to open '/data/app/~~1KyAB7Z2guJXkWsASbTcKA==/com.mbwhatsapp-0x8m7VBDKT0GQnQrKQNNHw==/ base.dm': No such file or directory
01-16 05:54:49.078 10434 10434 W ziparchive: Unable to open '/data/app/~~1KyAB7Z2guJXkWsASbTcKA==/com.mbwhatsapp-0x8m7VBDKT0GQnQrKQNNHw==/ base.dm': No such file or directory
01-16 05:54:49.910 10434 10434 W System.err: java.lang.ClassNotFoundException: mbmodsd.mbmodsw.ui.views.btn.BtnBK
01-16 05:54:49.910 10434 10434 W System.err: at java.lang.Runtime.nativeLoad(Native Method)
01-16 05:54:49.910 10434 10434 W System.err: at java.lang.Runtime.nativeLoad(Runtime.java:1126)
01-16 05:54:49.910 10434 10434 W System.err: at java.lang.Runtime.loadLibrary0(Runtime.java:1080)
01-16 05:54:49.910 10434 10434 W System.err: at java.lang.Runtime.loadLibrary0(Runtime.java:1003)
01-16 05:54:49.910 10434 10434 W System.err: at java.lang.System.loadLibrary(System.java:1661)
01-16 05:54:49.911 10434 10434 W System.err: at arm.EpicVm.<clinit>(Unknown Source:2)
01-16 05:54:49.911 10434 10434 W System.err: at java.lang.Class.newInstance(Native Method)
01-16 05:54:49.911 10434 10434 W System.err: at android.app.AppComponentFactory.instantiateApplication(AppComponentFactory.java:76)
01-16 05:54:49.911 10434 10434 W System.err: at androidx.core.app.CoreComponentFactory.instantiateApplication(Unknown Source:0)
01-16 05:54:49.911 10434 10434 W System.err: at android.app.Instrumentation.newApplication(Instrumentation.java:1191)
01-16 05:54:49.911 10434 10434 W System.err: at android.app.LoadedApk.makeApplication(LoadedApk.java:1404)
01-16 05:54:49.911 10434 10434 W System.err: at android.app.ActivityThread.handleBindApplication(ActivityThread.java:7031)
01-16 05:54:49.911 10434 10434 W System.err: at android.app.ActivityThread.access$1800(ActivityThread.java:258)
01-16 05:54:49.911 10434 10434 W System.err: at android.app.ActivityThread$H.handleMessage(ActivityThread.java:2207)
01-16 05:54:49.911 10434 10434 W System.err: at android.os.Handler.dispatchMessage(Handler.java:106)
01-16 05:54:49.911 10434 10434 W System.err: at android.os.Looper.loopOnce(Looper.java:233)
01-16 05:54:49.912 10434 10434 W System.err: at android.os.Looper.loop(Looper.java:344)
01-16 05:54:49.912 10434 10434 W System.err: at android.app.ActivityThread.main(ActivityThread.java:8205)
01-16 05:54:49.912 10434 10434 W System.err: at java.lang.reflect.Method.invoke(Native Method)
01-16 05:54:49.912 10434 10434 W System.err: at com.android.internal.os.RuntimeInit$MethodAndArgsCaller.run(RuntimeInit.java:589)
01-16 05:54:49.912 10434 10434 W System.err: at com.android.internal.os.ZygoteInit.main(ZygoteInit.java:1071)
01-16 05:54:50.067 10434 10434 E CustomActivityOnCrash: IMPORTANT WARNING! You already have an UncaughtExceptionHandler, are you sure this is correct? If you use a custom UncaughtExceptionHandler, you must initialize it AFTER CustomActivityOnCrash! Installing anyway, but your original handler will not be called.
01-16 05:54:51.605 10434 10434 W com.mbwhatsapp: Accessing hidden method Lcom/android/org/conscrypt/OpenSSLSocketImpl;->setUseSessionTickets(Z)V (max- target-q,core-platform-api, reflection, denied)
01-16 05:54:51.605 10434 10434 W com.mbwhatsapp: Accessing hidden method Lcom/android/org/conscrypt/AbstractConscryptSocket;->setUseSessionTickets(Z)V (max- target-q, reflection, denied)
01-16 05:54:51.762 10434 10434 W com.mbwhatsapp: type=1400 audit(0.0:12807): avc: granted { execute } for path="/data/data/com.mbwhatsapp/files/decompressed/libs.spk.zst/libc++_shared.so" dev="sdc51" ino=4269251 scontext=u:r:untrusted_app:s0:c36,c256,c512,c768 tcontext=u:object_r:app_data_file:s0:c36,c256,c512,c768 tclass=file app=com.mbwhatsapp
01-16 05:54:51.762 10434 10434 W com.mbwhatsapp: type=1400 audit(0.0:12808): avc: granted { execute } for path="/data/data/com.mbwhatsapp/files/decompressed/libs.spk.zst/libvlc.so" dev="sdc51" ino=4268776 scontext=u:r:untrusted_app:s0:c36,c256,c512,c768 tcontext=u:object_r:app_data_file:s0:c36,c256,c512,c768 tclass=file app=com.mbwhatsapp
01-16 05:54:51.774 10434 10434 W com.mbwhatsapp: type=1400 audit(0.0:12809): avc: granted { execute } for path="/data/data/com.mbwhatsapp/files/decompressed/libs.spk.zst/libwhatsapp.so" dev="sdc51" ino=4268840 scontext=u:r:untrusted_app:s0:c36,c256,c512,c768 tcontext=u:object_r:app_data_file:s0:c36,c256,c512,c768 tclass=file app=com.mbwhatsapp
01-16 05:54:51.838 10434 10434 W com.mbwhatsapp: type=1400 audit(0.0:12810): avc: granted { execute } for path="/data/data/com.mbwhatsapp/files/decompressed/libs.spk.zst/libcurve25519.so" dev="sdc51" ino=4269243 scontext=u:r:untrusted_app:s0:c36,c256,c512,c768 tcontext=u:object_r:app_data_file:s0:c36,c256,c512,c768 tclass=file app=com.mbwhatsapp
01-16 05:54:51.874 10434 10434 W com.mbwhatsapp: type=1400 audit(0.0:12811): avc: granted { execute } for path="/data/data/com.mbwhatsapp/files/decompressed/libs.spk.zst/libwhatsapp.so" dev="sdc51" ino=4268840 scontext=u:r:untrusted_app:s0:c36,c256,c512,c768 tcontext=u:object_r:app_data_file:s0:c36,c256,c512,c768 tclass=file app=com.mbwhatsapp
01-16 05:54:51.874 10434 10434 W com.mbwhatsapp: type=1400 audit(0.0:12812): avc: granted { execute } for path="/data/data/com.mbwhatsapp/files/decompressed/libs.spk.zst/libwhatsapp.so" dev="sdc51" ino=4268840 scontext=u:r:untrusted_app:s0:c36,c256,c512,c768 tcontext=u:object_r:app_data_file:s0:c36,c256,c512,c768 tclass=file app=com.mbwhatsapp
01-16 05:54:52.410 10434 10537 W com.mbwhatsapp: Method void X.2rL.A03(java.lang.Integer) failed lock verification and will run slower.
01-16 05:54:52.410 10434 10537 W com.mbwhatsapp: Common causes for lock verification issues are non-optimized dex code
01-16 05:54:52.410 10434 10537 W com.mbwhatsapp: and incorrect proguard optimizations.
01-16 05:54:52.413 10434 10434 E ANR_LOG : >>> msg's executing time is too long
01-16 05:54:52.413 10434 10434 E ANR_LOG : Blocked msg = { when=-3s370ms what=110 target=android.app.ActivityThread$H obj=AppBindData{appInfo=ApplicationInfo{6fa0733 com.mbwhatsapp}} } , cost = 3365 ms
01-16 05:54:52.413 10434 10434 E ANR_LOG : >>>Current msg List is:
01-16 05:54:52.413 10434 10434 E ANR_LOG : Current msg <1> = { when=-3s361ms what=113 target=android.app.ActivityThread$H obj=ReceiverData{intent=Intent { act=com.facebook.GET_PHONE_ID flg=0x80010 pkg=com.mbwhatsapp cmp=com.mbwhatsapp/.phoneid.PhoneIdRequestReceiver } packageName=com.mbwhatsapp resultCode=1 resultData=null resultExtras=Bundle[mParcelledData.dataSize=108]} }
01-16 05:54:52.414 10434 10434 E ANR_LOG : Current msg <2> = { when=-2s348ms what=164 target=android.app.ActivityThread$H obj=com.mbwhatsapp }
01-16 05:54:52.414 10434 10434 E ANR_LOG : Current msg <3> = { when=-1s143ms what=0 target=android.app.ActivityThread$H callback=android.app.LoadedApk$ReceiverDispatcher$Args$$ExternalSyntheticLambda0 }
01-16 05:54:52.414 10434 10434 E ANR_LOG : >>>CURRENT MSG DUMP OVER<<< --------- beginning of system
01-16 05:54:54.706 10434 10434 E OplusCustomizeRestrictionManager: sInstance is null, start a new sInstance
01-16 05:54:56.793 10434 10513 E SQLiteDatabase: Error inserting transferred=1 media_job_uuid=ca0de35e-15a1-46a0-93d7-5fef13c594bb transcoded=0 gif_attribution=0 first_scan_length=3825 direct_path=/o1/v/t62.7118-24/f1/m231/up-oil-image-f11c7a98- cff3-4fde-814f-3c6728cf3228?ccb=9- 4&oh=01_AdQ6zAtB0HgHxGzanhfaYiLz3ClFjlAcqPbS3WELH0yGog&oe=65CCF803&_nc_sid=000000 thumbnail_height_width_ratio=1.1566265 is_animated_sticker=0 file_hash=MkJ+0ysvVrGuy+6sCm00LHrXNqhaz/fOXLUc/iKVzhE= file_path=Media/.Statuses/5f789381fdb644869100c456ba20555b.jpg file_size=35406 partial_media_hash=UhHAwW0FRa5Il+J5iHyFT4LdHEuwff7jj4ZUEo2OeGY= face_x=0 face_y=0 height=829 trim_to=0 media_key_timestamp=1705353346000 message_url=https://mmg.whatsapp.net/o1/v/t62.7118-24/f1/m231/up-oil-image- f11c7a98-cff3-4fde-814f-3c6728cf3228?ccb=9- 4&oh=01_AdQ6zAtB0HgHxGzanhfaYiLz3ClFjlAcqPbS3WELH0yGog&oe=65CCF803&_nc_sid=000000&m ms3=true media_caption=null trim_from=0 mime_type=image/jpeg partial_media_enc_hash=null width=714 original_file_hash=null has_streaming_sidecar=1 autotransfer_retry_enabled=1 media_upload_handle=null message_row_id=1733 multicast_id=null enc_file_hash=FLFlNik+bmUSI+56FGvWVCwhAoAEJ88Ds4B3pOhwn6I= mute_video=0 page_count=0 first_scan_sidecar=[B@7156ad6 suspicious_content=0 file_length=35406 media_name=null media_duration=0 chat_row_id=227 media_key=[B@22fe157
01-16 05:54:56.793 10434 10513 E SQLiteDatabase: android.database.sqlite.SQLiteConstraintException: UNIQUE constraint failed: message_media.message_row_id (code 1555 SQLITE_CONSTRAINT_PRIMARYKEY)
01-16 05:54:56.793 10434 10513 E SQLiteDatabase: at android.database.sqlite.SQLiteConnection.nativeExecuteForLastInsertedRowId(Native Method)
01-16 05:54:56.793 10434 10513 E SQLiteDatabase: at android.database.sqlite.SQLiteConnection.executeForLastInsertedRowId(SQLiteConnecti on.java:946)
01-16 05:54:56.793 10434 10513 E SQLiteDatabase: at android.database.sqlite.SQLiteSession.executeForLastInsertedRowId(SQLiteSession.jav a:790)
01-16 05:54:56.793 10434 10513 E SQLiteDatabase: at android.database.sqlite.SQLiteStatement.executeInsert(SQLiteStatement.java:89)
01-16 05:54:56.793 10434 10513 E SQLiteDatabase: at android.database.sqlite.SQLiteDatabase.insertWithOnConflict(SQLiteDatabase.java:170 2)
01-16 05:54:56.793 10434 10513 E SQLiteDatabase: at android.database.sqlite.SQLiteDatabase.insert(SQLiteDatabase.java:1571)
01-16 05:54:56.793 10434 10513 E SQLiteDatabase: at X.2tm.A08(Unknown Source:6)
01-16 05:54:56.793 10434 10513 E SQLiteDatabase: at X.35Y.A07(Unknown Source:212)
01-16 05:54:56.793 10434 10513 E SQLiteDatabase: at X.3QF.A14(Unknown Source:470)
01-16 05:54:56.793 10434 10513 E SQLiteDatabase: at X.3gU.run(Unknown Source:982)
01-16 05:54:56.793 10434 10513 E SQLiteDatabase: at android.os.Handler.handleCallback(Handler.java:938)
01-16 05:54:56.793 10434 10513 E SQLiteDatabase: at android.os.Handler.dispatchMessage(Handler.java:99)
01-16 05:54:56.793 10434 10513 E SQLiteDatabase: at X.0zq.dispatchMessage(Unknown Source:4)
01-16 05:54:56.793 10434 10513 E SQLiteDatabase: at android.os.Looper.loopOnce(Looper.java:233)
01-16 05:54:56.793 10434 10513 E SQLiteDatabase: at android.os.Looper.loop(Looper.java:344)
01-16 05:54:56.793 10434 10513 E SQLiteDatabase: at android.os.HandlerThread.run(HandlerThread.java:67)
01-16 05:54:57.432 10434 10513 E SQLiteDatabase: Error inserting transferred=1 media_job_uuid=fb2bcf4c-2073-4beb-811f-8f8aab3388f2 transcoded=0 gif_attribution=0 first_scan_length=0 direct_path=/o1/v/t62.7118-24/f1/m269/up-oil-image-68b87408- 5dd7-4eea-852b-fa9460e09015?ccb=9- 4&oh=01_AdRxhQ1etPGns6eHbm0EZIR4gpc7prjdiKj7xlhnYLFKFg&oe=65CD0E83&_nc_sid=000000 thumbnail_height_width_ratio=1.0 is_animated_sticker=0 file_hash=mBmRfrmpq6ew39htWahOg9+BUNVdI7eJMqrZiHvLBGw= file_path=Media/.Statuses/3f6c3dafac9e4b259817f495bd4f4d3a.jpg file_size=64394 partial_media_hash=null face_x=0 face_y=0 height=720 trim_to=0 media_key_timestamp=1705353386000 message_url=https://mmg.whatsapp.net/o1/v/t62.7118-24/f1/m269/up-oil-image- 68b87408-5dd7-4eea-852b-fa9460e09015?ccb=9- 4&oh=01_AdRxhQ1etPGns6eHbm0EZIR4gpc7prjdiKj7xlhnYLFKFg&oe=65CD0E83&_nc_sid=000000&m ms3=true media_caption=null trim_from=0 mime_type=image/jpeg partial_media_enc_hash=null width=720 original_file_hash=null has_streaming_sidecar=0 autotransfer_retry_enabled=1 media_upload_handle=null message_row_id=1734 multicast_id=null enc_file_hash=xu22FWZtmwFliLzEKCF5d0YXoWjjRGuheGZzbbB0o00= mute_video=0 page_count=0 first_scan_sidecar=null suspicious_content=0 file_length=64394 media_name=null media_duration=0 chat_row_id=227 media_key=[B@9dce793
01-16 05:54:57.432 10434 10513 E SQLiteDatabase: android.database.sqlite.SQLiteConstraintException: UNIQUE constraint failed: message_media.message_row_id (code 1555 SQLITE_CONSTRAINT_PRIMARYKEY)
01-16 05:54:57.432 10434 10513 E SQLiteDatabase: at android.database.sqlite.SQLiteConnection.nativeExecuteForLastInsertedRowId(Native Method)
01-16 05:54:57.432 10434 10513 E SQLiteDatabase: at android.database.sqlite.SQLiteConnection.executeForLastInsertedRowId(SQLiteConnecti on.java:946)
01-16 05:54:57.432 10434 10513 E SQLiteDatabase: at android.database.sqlite.SQLiteSession.executeForLastInsertedRowId(SQLiteSession.jav a:790)
01-16 05:54:57.432 10434 10513 E SQLiteDatabase: at android.database.sqlite.SQLiteStatement.executeInsert(SQLiteStatement.java:89)
01-16 05:54:57.432 10434 10513 E SQLiteDatabase: at android.database.sqlite.SQLiteDatabase.insertWithOnConflict(SQLiteDatabase.java:170 2)
01-16 05:54:57.432 10434 10513 E SQLiteDatabase: at android.database.sqlite.SQLiteDatabase.insert(SQLiteDatabase.java:1571)
01-16 05:54:57.432 10434 10513 E SQLiteDatabase: at X.2tm.A08(Unknown Source:6)
01-16 05:54:57.432 10434 10513 E SQLiteDatabase: at X.35Y.A07(Unknown Source:212)
01-16 05:54:57.432 10434 10513 E SQLiteDatabase: at X.3QF.A14(Unknown Source:470)
01-16 05:54:57.432 10434 10513 E SQLiteDatabase: at X.3gU.run(Unknown Source:982)
01-16 05:54:57.432 10434 10513 E SQLiteDatabase: at android.os.Handler.handleCallback(Handler.java:938)
01-16 05:54:57.432 10434 10513 E SQLiteDatabase: at android.os.Handler.dispatchMessage(Handler.java:99)
01-16 05:54:57.432 10434 10513 E SQLiteDatabase: at X.0zq.dispatchMessage(Unknown Source:4)
01-16 05:54:57.432 10434 10513 E SQLiteDatabase: at android.os.Looper.loopOnce(Looper.java:233)
01-16 05:54:57.432 10434 10513 E SQLiteDatabase: at android.os.Looper.loop(Looper.java:344)
01-16 05:54:57.432 10434 10513 E SQLiteDatabase: at android.os.HandlerThread.run(HandlerThread.java:67)
01-16 05:54:58.902 10434 10568 W PermissionInjector: applyBatch in invalid type: 2
01-16 06:11:01.270 10434 10434 W com.mbwhatsapp: Method void X.0eU.A0h(X.0tK, boolean) failed lock verification and will run slower.
01-16 06:11:01.411 10434 10434 W com.mbwhatsapp: Verification of void X.6Mz.BHr(java.lang.Object) took 102.250ms (281348.79 bytecodes/s) (674696B approximate peak alloc)
01-16 06:11:01.542 10434 14488 E QT : [QT]file does not exist
01-16 06:11:01.543 10434 10434 W com.mbwhatsapp: Method void com.mbwhatsapp.HomeActivity.A6e() failed lock verification and will run slower.
01-16 06:11:01.998 10434 10434 E ArmVmp : Match on catch block at 0x0a in for 0x71d8987031
01-16 06:11:02.027 10434 10434 E ArmVmp : Match on catch block at 0x0a in for 0x71d898704d
01-16 06:11:02.176 10434 14490 W com.mbwhatsapp: Accessing hidden method Lcom/android/org/conscrypt/ConscryptEngineSocket;->setUseSessionTickets(Z)V (max- target-q,core-platform-api, reflection, denied)
01-16 06:11:02.176 10434 14490 W com.mbwhatsapp: Accessing hidden method Lcom/android/org/conscrypt/OpenSSLSocketImpl;->setUseSessionTickets(Z)V (max- target-q,core-platform-api, reflection, denied)
01-16 06:11:02.176 10434 14490 W com.mbwhatsapp: Accessing hidden method Lcom/android/org/conscrypt/AbstractConscryptSocket;->setUseSessionTickets(Z)V (max- target-q, reflection, denied)
01-16 06:11:02.177 10434 14490 W com.mbwhatsapp: Accessing hidden method Lcom/android/org/conscrypt/ConscryptEngineSocket;->setHostname(Ljava/lang/String;)V (max-target-q,core-platform-api, reflection, denied)
01-16 06:11:02.177 10434 14490 W com.mbwhatsapp: Accessing hidden method Lcom/android/org/conscrypt/OpenSSLSocketImpl;->setHostname(Ljava/lang/String;)V (max-target-q,core-platform-api, reflection, denied)
01-16 06:11:02.177 10434 14490 W com.mbwhatsapp: Accessing hidden method Lcom/android/org/conscrypt/AbstractConscryptSocket;->setHostname(Ljava/lang/ String;)V (max-target-q, reflection, denied)
01-16 06:11:02.177 10434 14490 W com.mbwhatsapp: Accessing hidden method Lcom/android/org/conscrypt/OpenSSLSocketImpl;->setAlpnProtocols([B)V (max-target- q,core-platform-api, reflection, denied)
01-16 06:11:02.177 10434 14490 W com.mbwhatsapp: Accessing hidden method Lcom/android/org/conscrypt/AbstractConscryptSocket;->setAlpnProtocols([B)V (max- target-q, reflection, denied)
01-16 06:11:02.302 10434 14487 E ExtensionsLoader: dlopen failed: library "libhwuiextimpl.so" not found
01-16 06:11:02.303 10434 10434 E com.mbwhatsapp: ofbOpen failed with error=No such file or directory
01-16 06:11:02.303 10434 10434 E com.mbwhatsapp: sysOpen failed with error=No such file or directory
01-16 06:11:02.342 10434 14490 W com.mbwhatsapp: Accessing hidden method Lcom/android/org/conscrypt/OpenSSLSocketImpl;->getAlpnSelectedProtocol()[B (max- target-q,core-platform-api, reflection, denied)
01-16 06:11:02.342 10434 14490 W com.mbwhatsapp: Accessing hidden method Lcom/android/org/conscrypt/AbstractConscryptSocket;->getAlpnSelectedProtocol()[B (max-target-q, reflection, denied)
01-16 06:11:02.842 10434 10434 E RecyclerView: No adapter attached; skipping layout
01-16 06:11:02.873 10434 10434 E ArmVmp : Match on catch block at 0x0a in for 0x71d8987035
01-16 06:11:02.942 10434 10434 E RecyclerView: No adapter attached; skipping layout
01-16 06:11:02.944 10434 10434 W View : requestLayout() improperly called by androidx.appcompat.view.menu.ActionMenuItemView{e17c325 VFED..C.. ......ID 291,0- 435,0 #7f0b0f8a app:id/menuitem_search} during layout: running second layout pass
01-16 06:11:02.944 10434 10434 W View : requestLayout() improperly called by androidx.appcompat.widget.ActionMenuView{2868c8f V.E...... ......ID 420,375- 1131,375} during layout: running second layout pass
01-16 06:11:03.244 10434 10434 W View : requestLayout() improperly called by DecorView@8b8a6c[HomeActivity] during second layout pass: posting in next frame
01-16 06:11:03.279 10434 14694 W LOTTIE : Animation contains merge paths. Merge paths are only supported on KitKat+ and must be manually enabled by calling enableMergePathsForKitKatAndAbove().
01-16 06:11:03.322 10434 14713 E ion : ioctl c0044901 failed with code -1: Invalid argument
01-16 06:11:03.372 10434 14487 E OpenGLRenderer: fbcNotifyFrameComplete error: undefined symbol: fbcNotifyFrameComplete
01-16 06:11:03.372 10434 14487 E OpenGLRenderer: fbcNotifyNoRender error: undefined symbol: fbcNotifyNoRender
01-16 06:11:03.502 10434 10434 W LOTTIE : Animation contains merge paths but they are disabled.
01-16 06:11:03.530 10434 14754 W LibraryVersion: Failed to get app version for libraryName: firebase-iid
01-16 06:11:03.643 10434 14761 E Parcel : Reading a NULL string not supported here.
01-16 06:11:03.982 10434 10513 E SQLiteDatabase: Error inserting transferred=1 media_job_uuid=e4483a40-9f4d-43c8-9107-cc1bb1c4652a transcoded=0 gif_attribution=0 first_scan_length=0 direct_path=/v/t62.7117- 24/17637697_1837913493322762_4261285586543797981_n.enc?ccb=11- 4&oh=01_AdQMHarRWTuUwgYPApAB3o4dJOSG0vU-vNo7t_ySD4cIBA&oe=65CD1ABC&_nc_sid=5e03e0 thumbnail_height_width_ratio=0.0 is_animated_sticker=0 file_hash=fWyRpBVAZfOgV1vIAedI885pAWYE/1zjDQHhWVjpeJ0= file_path=Media/.Statuses/e7de204b52984bcdba48ff8f7d9c2f28.opus file_size=72330 partial_media_hash=null face_x=0 face_y=0 height=0 trim_to=0 media_key_timestamp=1705355922000 message_url=https://mmg.whatsapp.net/v/t62.7117- 24/17637697_1837913493322762_4261285586543797981_n.enc?ccb=11- 4&oh=01_AdQMHarRWTuUwgYPApAB3o4dJOSG0vU- vNo7t_ySD4cIBA&oe=65CD1ABC&_nc_sid=5e03e0&mms3=true media_caption=null trim_from=0 mime_type=audio/ogg; codecs=opus partial_media_enc_hash=null width=0 original_file_hash=null has_streaming_sidecar=0 autotransfer_retry_enabled=1 media_upload_handle=null message_row_id=1739 multicast_id=null enc_file_hash=Gk0TvQ7o0+7YdofAqN3AWLlhSthBhU5t33scoUl6XyY= mute_video=0 page_count=0 first_scan_sidecar=null suspicious_content=0 file_length=72330 media_name=null media_duration=30 chat_row_id=227 media_key=[B@64e4290
01-16 06:11:03.982 10434 10513 E SQLiteDatabase: android.database.sqlite.SQLiteConstraintException: UNIQUE constraint failed: message_media.message_row_id (code 1555 SQLITE_CONSTRAINT_PRIMARYKEY)
01-16 06:11:03.982 10434 10513 E SQLiteDatabase: at android.database.sqlite.SQLiteConnection.nativeExecuteForLastInsertedRowId(Native Method)
01-16 06:11:03.982 10434 10513 E SQLiteDatabase: at android.database.sqlite.SQLiteConnection.executeForLastInsertedRowId(SQLiteConnecti on.java:946)
01-16 06:11:03.982 10434 10513 E SQLiteDatabase: at android.database.sqlite.SQLiteSession.executeForLastInsertedRowId(SQLiteSession.jav a:790)
01-16 06:11:03.982 10434 10513 E SQLiteDatabase: at android.database.sqlite.SQLiteStatement.executeInsert(SQLiteStatement.java:89)
01-16 06:11:03.982 10434 10513 E SQLiteDatabase: at android.database.sqlite.SQLiteDatabase.insertWithOnConflict(SQLiteDatabase.java:170 2)
01-16 06:11:03.982 10434 10513 E SQLiteDatabase: at android.database.sqlite.SQLiteDatabase.insert(SQLiteDatabase.java:1571)
01-16 06:11:03.982 10434 10513 E SQLiteDatabase: at X.2tm.A08(Unknown Source:6)
01-16 06:11:03.982 10434 10513 E SQLiteDatabase: at X.35Y.A07(Unknown Source:212)
01-16 06:11:03.982 10434 10513 E SQLiteDatabase: at X.3QF.A14(Unknown Source:470)
01-16 06:11:03.982 10434 10513 E SQLiteDatabase: at X.3gU.run(Unknown Source:982)
01-16 06:11:03.982 10434 10513 E SQLiteDatabase: at android.os.Handler.handleCallback(Handler.java:938)
01-16 06:11:03.982 10434 10513 E SQLiteDatabase: at android.os.Handler.dispatchMessage(Handler.java:99)
01-16 06:11:03.982 10434 10513 E SQLiteDatabase: at X.0zq.dispatchMessage(Unknown Source:4)
01-16 06:11:03.982 10434 10513 E SQLiteDatabase: at android.os.Looper.loopOnce(Looper.java:233)
01-16 06:11:03.982 10434 10513 E SQLiteDatabase: at android.os.Looper.loop(Looper.java:344)
01-16 06:11:03.982 10434 10513 E SQLiteDatabase: at android.os.HandlerThread.run(HandlerThread.java:67)
01-16 06:11:04.733 10434 10448 W com.mbwhatsapp: Cleared Reference was only reachable from finalizer (only reported once)
01-16 06:11:04.871 10434 10568 W PermissionInjector: applyBatch in invalid type: 2
01-16 06:11:05.504 10434 10434 W View : requestLayout() improperly called by androidx.appcompat.view.menu.ActionMenuItemView{f925176 VFED..C.. ......ID 0,0- 144,0 #7f0b0f8a app:id/menuitem_search} during layout: running second layout pass
01-16 06:11:05.504 10434 10434 W View : requestLayout() improperly called by androidx.appcompat.widget.ActionMenuView{2868c8f V.E...... ......ID 831,375- 1131,375} during layout: running second layout pass
01-16 06:11:05.531 10434 10434 W View : requestLayout() improperly called by DecorView@8b8a6c[HomeActivity] during second layout pass: posting in next frame
01-16 06:11:06.924 10434 10434 W BottomSheetBehavior: BottomSheetBehavior now supports multiple callbacks. `setBottomSheetCallback()` removes all existing callbacks, including ones set internally by library authors, which may result in unintended behavior. This may change in the future. Please use `addBottomSheetCallback()` and `removeBottomSheetCallback()` instead to set your own callbacks.
01-16 06:11:06.925 10434 10434 W BottomSheetBehavior: BottomSheetBehavior now supports multiple callbacks. `setBottomSheetCallback()` removes all existing callbacks, including ones set internally by library authors, which may result in unintended behavior. This may change in the future. Please use `addBottomSheetCallback()` and `removeBottomSheetCallback()` instead to set your own callbacks.
01-16 06:11:07.074 10434 10434 W BottomSheetBehavior: BottomSheetBehavior now supports multiple callbacks. `setBottomSheetCallback()` removes all existing callbacks, including ones set internally by library authors, which may result in unintended behavior. This may change in the future. Please use `addBottomSheetCallback()` and `removeBottomSheetCallback()` instead to set your own callbacks.
01-16 06:11:07.074 10434 10434 W BottomSheetBehavior: BottomSheetBehavior now supports multiple callbacks. `setBottomSheetCallback()` removes all existing callbacks, including ones set internally by library authors, which may result in unintended behavior. This may change in the future. Please use `addBottomSheetCallback()` and `removeBottomSheetCallback()` instead to set your own callbacks.
01-16 06:11:07.096 10434 10434 W BottomSheetBehavior: BottomSheetBehavior now supports multiple callbacks. `setBottomSheetCallback()` removes all existing callbacks, including ones set internally by library authors, which may result in unintended behavior. This may change in the future. Please use `addBottomSheetCallback()` and `removeBottomSheetCallback()` instead to set your own callbacks.
01-16 06:11:07.096 10434 10434 W BottomSheetBehavior: BottomSheetBehavior now supports multiple callbacks. `setBottomSheetCallback()` removes all existing callbacks, including ones set internally by library authors, which may result in unintended behavior. This may change in the future. Please use `addBottomSheetCallback()` and `removeBottomSheetCallback()` instead to set your own callbacks.
01-16 06:11:07.116 10434 10434 E RecyclerView: No adapter attached; skipping layout
01-16 06:11:07.118 10434 10434 E RecyclerView: No adapter attached; skipping layout
01-16 06:11:07.493 10434 14795 W AudioCapabilities: Unsupported mime audio/x-adpcm- dvi-ima
01-16 06:11:07.493 10434 14795 W AudioCapabilities: Unsupported mime audio/x-adpcm- dvi-ima
01-16 06:11:07.493 10434 14795 W AudioCapabilities: Unsupported mime audio/x-adpcm- ms
01-16 06:11:07.493 10434 14795 W AudioCapabilities: Unsupported mime audio/x-adpcm- ms
01-16 06:11:07.493 10434 14795 W AudioCapabilities: Unsupported mime audio/alac
01-16 06:11:07.494 10434 14795 W AudioCapabilities: Unsupported mime audio/alac
01-16 06:11:07.494 10434 14795 W AudioCapabilities: Unsupported mime audio/ape
01-16 06:11:07.494 10434 14795 W AudioCapabilities: Unsupported mime audio/ape
01-16 06:11:07.494 10434 14795 W AudioCapabilities: Unsupported mime audio/x-ms-wma
01-16 06:11:07.494 10434 14795 W AudioCapabilities: Unsupported mime audio/x-ms-wma
01-16 06:11:07.499 10434 14795 W AudioCapabilities: Unsupported mime audio/ffmpeg
01-16 06:11:07.500 10434 14795 W VideoCapabilities: Unsupported mime video/ffmpeg
01-16 06:11:07.503 10434 14795 W VideoCapabilities: Unsupported mime image/vnd.android.heic
01-16 06:11:07.504 10434 14795 W VideoCapabilities: Unsupported mime image/vnd.android.heic
01-16 06:11:07.504 10434 14795 W VideoCapabilities: Unsupported mime image/vnd.android.heic
01-16 06:11:07.505 10434 14795 W VideoCapabilities: Unsupported mime image/vnd.android.heic
01-16 06:11:07.509 10434 14795 W VideoCapabilities: Unsupported mime video/x-ms-wmv
01-16 06:11:07.509 10434 14795 W VideoCapabilities: Unsupported mime video/x-ms-wmv
01-16 06:11:07.530 10434 14795 E Parcel : Reading a NULL string not supported here.
01-16 06:11:07.531 10434 14795 W libc : Access denied finding property "vendor.oplus.media.vpp.stutter"
01-16 06:11:07.557 10434 14802 W ColorUtils: expected specified color aspects (2:0:0:0)
01-16 06:11:07.570 10434 14802 W Codec2Client: query -- param skipped: index = 1107298332.
01-16 06:11:07.570 10434 14802 W CCodec : This behavior is subject to change. It is recommended that app developers double check whether the requested max input size is in reasonable range.
01-16 06:11:07.573 10434 14802 W Codec2Client: query -- param skipped: index = 1342179345.
01-16 06:11:07.573 10434 14802 W Codec2Client: query -- param skipped: index = 2415921170.
01-16 06:11:07.573 10434 14802 W Codec2Client: query -- param skipped: index = 1610614798.
01-16 06:11:07.577 10434 14802 E ion : ioctl c0044901 failed with code -1: Invalid argument
01-16 06:11:07.594 10434 14795 W libc : Access denied finding property "vendor.oplus.media.vpp.stutter"
01-16 06:11:07.617 10434 14816 W Codec2Client: query -- param skipped: index = 1107298332.
01-16 06:11:07.617 10434 14816 W CCodec : This behavior is subject to change. It is recommended that app developers double check whether the requested max input size is in reasonable range.
01-16 06:11:07.619 10434 14816 W Codec2Client: query -- param skipped: index = 1342179345.
01-16 06:11:07.619 10434 14816 W Codec2Client: query -- param skipped: index = 2415921170.
01-16 06:11:07.619 10434 14816 W Codec2Client: query -- param skipped: index = 1610614798.
01-16 06:11:07.639 10434 14801 W MediaCodec: mapFormat: no mediaType information
01-16 06:11:09.598 10434 10434 W pool-6-thread-1: type=1400 audit(0.0:12959): avc: granted { execute } for path="/data/data/com.mbwhatsapp/files/decompressed/libs.spk.zst/libgifimage.so" dev="sdc51" ino=4269248 scontext=u:r:untrusted_app:s0:c36,c256,c512,c768 tcontext=u:object_r:app_data_file:s0:c36,c256,c512,c768 tclass=file app=com.mbwhatsapp
01-16 06:11:09.706 10434 10513 E SQLiteDatabase: Error inserting transferred=1 media_job_uuid=52472a07-bccc-469e-93a6-f70b5d94be49 transcoded=0 gif_attribution=0 first_scan_length=0 direct_path=/v/t62.7161- 24/11029355_646139887525140_6133658379254526509_n.enc?ccb=11- 4&oh=01_AdRc6rtTLwHVmF9zwAjLA2L96-k_R3-HmLPaeaeO6stYQg&oe=65CC744C&_nc_sid=5e03e0 thumbnail_height_width_ratio=1.8113208 is_animated_sticker=0 file_hash=2x3O/QNZaGmZtavZzT3s3qeRRKPLBOnj+96SMWIFtc4= file_path=Media/.Statuses/de24bf78d43548988ec07191c09dd4e5.mp4 file_size=3017213 partial_media_hash=null face_x=0 face_y=0 height=640 trim_to=0 media_key_timestamp=1705317294000 message_url=https://mmg.whatsapp.net/v/t62.7161- 24/11029355_646139887525140_6133658379254526509_n.enc?ccb=11- 4&oh=01_AdRc6rtTLwHVmF9zwAjLA2L96-k_R3- HmLPaeaeO6stYQg&oe=65CC744C&_nc_sid=5e03e0&mms3=true media_caption=null trim_from=0 mime_type=video/mp4 partial_media_enc_hash=null width=352 original_file_hash=null has_streaming_sidecar=1 autotransfer_retry_enabled=1 media_upload_handle=null message_row_id=1583 multicast_id=null enc_file_hash=MSLuh0m/IyhATSHu2kD0pS50FnjYIRjhYfkdtKvfEy8= mute_video=0 page_count=0 first_scan_sidecar=null suspicious_content=0 file_length=3017213 media_name=null media_duration=24 chat_row_id=227 media_key=[B@b5fac6b
01-16 06:11:09.706 10434 10513 E SQLiteDatabase: android.database.sqlite.SQLiteConstraintException: UNIQUE constraint failed: message_media.message_row_id (code 1555 SQLITE_CONSTRAINT_PRIMARYKEY)
01-16 06:11:09.706 10434 10513 E SQLiteDatabase: at android.database.sqlite.SQLiteConnection.nativeExecuteForLastInsertedRowId(Native Method)
01-16 06:11:09.706 10434 10513 E SQLiteDatabase: at android.database.sqlite.SQLiteConnection.executeForLastInsertedRowId(SQLiteConnecti on.java:946)
01-16 06:11:09.706 10434 10513 E SQLiteDatabase: at android.database.sqlite.SQLiteSession.executeForLastInsertedRowId(SQLiteSession.jav a:790)
01-16 06:11:09.706 10434 10513 E SQLiteDatabase: at android.database.sqlite.SQLiteStatement.executeInsert(SQLiteStatement.java:89)
01-16 06:11:09.706 10434 10513 E SQLiteDatabase: at android.database.sqlite.SQLiteDatabase.insertWithOnConflict(SQLiteDatabase.java:170 2)
01-16 06:11:09.706 10434 10513 E SQLiteDatabase: at android.database.sqlite.SQLiteDatabase.insert(SQLiteDatabase.java:1571)
01-16 06:11:09.706 10434 10513 E SQLiteDatabase: at X.2tm.A08(Unknown Source:6)
01-16 06:11:09.706 10434 10513 E SQLiteDatabase: at X.35Y.A07(Unknown Source:212)
01-16 06:11:09.706 10434 10513 E SQLiteDatabase: at X.3QF.A14(Unknown Source:470)
01-16 06:11:09.706 10434 10513 E SQLiteDatabase: at X.3gU.run(Unknown Source:982)
01-16 06:11:09.706 10434 10513 E SQLiteDatabase: at android.os.Handler.handleCallback(Handler.java:938)
01-16 06:11:09.706 10434 10513 E SQLiteDatabase: at android.os.Handler.dispatchMessage(Handler.java:99)
01-16 06:11:09.706 10434 10513 E SQLiteDatabase: at X.0zq.dispatchMessage(Unknown Source:4)
01-16 06:11:09.706 10434 10513 E SQLiteDatabase: at android.os.Looper.loopOnce(Looper.java:233)
01-16 06:11:09.706 10434 10513 E SQLiteDatabase: at android.os.Looper.loop(Looper.java:344)
01-16 06:11:09.706 10434 10513 E SQLiteDatabase: at android.os.HandlerThread.run(HandlerThread.java:67)
01-16 06:11:10.555 10434 14801 W Codec2Client: query -- param skipped: index = 1342179345.
01-16 06:11:10.555 10434 14801 W Codec2Client: query -- param skipped: index = 2415921170.
01-16 06:11:10.555 10434 14801 W Codec2Client: query -- param skipped: index = 1610614798.
01-16 06:11:10.557 10434 14816 W Codec2Client: query -- param skipped: index = 1342179345.
01-16 06:11:10.557 10434 14816 W Codec2Client: query -- param skipped: index = 2415921170.
01-16 06:11:10.557 10434 14816 W Codec2Client: query -- param skipped: index = 1610614798.
01-16 06:11:10.583 10434 10434 W BottomSheetBehavior: BottomSheetBehavior now supports multiple callbacks. `setBottomSheetCallback()` removes all existing callbacks, including ones set internally by library authors, which may result in unintended behavior. This may change in the future. Please use `addBottomSheetCallback()` and `removeBottomSheetCallback()` instead to set your own callbacks.
01-16 06:11:10.583 10434 10434 W BottomSheetBehavior: BottomSheetBehavior now supports multiple callbacks. `setBottomSheetCallback()` removes all existing callbacks, including ones set internally by library authors, which may result in unintended behavior. This may change in the future. Please use `addBottomSheetCallback()` and `removeBottomSheetCallback()` instead to set your own callbacks.
01-16 06:11:10.598 10434 10434 E RecyclerView: No adapter attached; skipping layout
01-16 06:11:11.345 10434 10434 W BottomSheetBehavior: BottomSheetBehavior now supports multiple callbacks. `setBottomSheetCallback()` removes all existing callbacks, including ones set internally by library authors, which may result in unintended behavior. This may change in the future. Please use `addBottomSheetCallback()` and `removeBottomSheetCallback()` instead to set your own callbacks.
01-16 06:11:11.345 10434 10434 W BottomSheetBehavior: BottomSheetBehavior now supports multiple callbacks. `setBottomSheetCallback()` removes all existing callbacks, including ones set internally by library authors, which may result in unintended behavior. This may change in the future. Please use `addBottomSheetCallback()` and `removeBottomSheetCallback()` instead to set your own callbacks.
01-16 06:11:11.353 10434 10434 E RecyclerView: No adapter attached; skipping layout
01-16 06:11:11.382 10434 10513 E SQLiteDatabase: Error inserting transferred=1 media_job_uuid=dd2dc650-7d17-446b-b046-b62395dcb526 transcoded=0 gif_attribution=0 first_scan_length=0 direct_path=/o1/v/t62.7118-24/f1/m231/up-oil-image-d12c8af3- bc1f-4d29-a2e3-d93acd933666?ccb=9-4&oh=01_AdRzeXNUbUHvszncrQOs_hOcgrAU2- iuDH3sOCBK3OLKzQ&oe=65CCC02F&_nc_sid=000000 thumbnail_height_width_ratio=1.3333334 is_animated_sticker=0 file_hash=2igPS+oMcPII+vUHAYujvfMf4Kk3Xvwj3zTJg3A2d9Q= file_path=Media/.Statuses/81f7091c2e6c469eb41403c1acd4179f.jpg file_size=468186 partial_media_hash=null face_x=0 face_y=0 height=2560 trim_to=0 media_key_timestamp=1705326749000 message_url=https://mmg.whatsapp.net/o1/v/t62.7118-24/f1/m231/up-oil-image- d12c8af3-bc1f-4d29-a2e3-d93acd933666?ccb=9-4&oh=01_AdRzeXNUbUHvszncrQOs_hOcgrAU2- iuDH3sOCBK3OLKzQ&oe=65CCC02F&_nc_sid=000000&mms3=true media_caption=null trim_from=0 mime_type=image/jpeg partial_media_enc_hash=null width=1920 original_file_hash=null has_streaming_sidecar=0 autotransfer_retry_enabled=1 media_upload_handle=null message_row_id=1669 multicast_id=null enc_file_hash=fNShqBy81OQCnU5dv/htYAowicFgC295eBFQBIrz7Ms= mute_video=0 page_count=0 first_scan_sidecar=null suspicious_content=0 file_length=468186 media_name=null media_duration=0 chat_row_id=227 media_key=[B@819b03d
01-16 06:11:11.382 10434 10513 E SQLiteDatabase: android.database.sqlite.SQLiteConstraintException: UNIQUE constraint failed: message_media.message_row_id (code 1555 SQLITE_CONSTRAINT_PRIMARYKEY)
01-16 06:11:11.382 10434 10513 E SQLiteDatabase: at android.database.sqlite.SQLiteConnection.nativeExecuteForLastInsertedRowId(Native Method)
01-16 06:11:11.382 10434 10513 E SQLiteDatabase: at android.database.sqlite.SQLiteConnection.executeForLastInsertedRowId(SQLiteConnecti on.java:946)
01-16 06:11:11.382 10434 10513 E SQLiteDatabase: at android.database.sqlite.SQLiteSession.executeForLastInsertedRowId(SQLiteSession.jav a:790)
01-16 06:11:11.382 10434 10513 E SQLiteDatabase: at android.database.sqlite.SQLiteStatement.executeInsert(SQLiteStatement.java:89)
01-16 06:11:11.382 10434 10513 E SQLiteDatabase: at android.database.sqlite.SQLiteDatabase.insertWithOnConflict(SQLiteDatabase.java:170 2)
01-16 06:11:11.382 10434 10513 E SQLiteDatabase: at android.database.sqlite.SQLiteDatabase.insert(SQLiteDatabase.java:1571)
01-16 06:11:11.382 10434 10513 E SQLiteDatabase: at X.2tm.A08(Unknown Source:6)
01-16 06:11:11.382 10434 10513 E SQLiteDatabase: at X.35Y.A07(Unknown Source:212)
01-16 06:11:11.382 10434 10513 E SQLiteDatabase: at X.3QF.A14(Unknown Source:470)
01-16 06:11:11.382 10434 10513 E SQLiteDatabase: at X.3gU.run(Unknown Source:982)
01-16 06:11:11.382 10434 10513 E SQLiteDatabase: at android.os.Handler.handleCallback(Handler.java:938)
01-16 06:11:11.382 10434 10513 E SQLiteDatabase: at android.os.Handler.dispatchMessage(Handler.java:99)
01-16 06:11:11.382 10434 10513 E SQLiteDatabase: at X.0zq.dispatchMessage(Unknown Source:4)
01-16 06:11:11.382 10434 10513 E SQLiteDatabase: at android.os.Looper.loopOnce(Looper.java:233)
01-16 06:11:11.382 10434 10513 E SQLiteDatabase: at android.os.Looper.loop(Looper.java:344)
01-16 06:11:11.382 10434 10513 E SQLiteDatabase: at android.os.HandlerThread.run(HandlerThread.java:67)
01-16 06:11:12.454 10434 14795 E Parcel : Reading a NULL string not supported here.
01-16 06:11:12.456 10434 14795 W libc : Access denied finding property "vendor.oplus.media.vpp.stutter"
01-16 06:11:12.456 10434 10434 W BottomSheetBehavior: BottomSheetBehavior now supports multiple callbacks. `setBottomSheetCallback()` removes all existing callbacks, including ones set internally by library authors, which may result in unintended behavior. This may change in the future. Please use `addBottomSheetCallback()` and `removeBottomSheetCallback()` instead to set your own callbacks.
01-16 06:11:12.457 10434 10434 W BottomSheetBehavior: BottomSheetBehavior now supports multiple callbacks. `setBottomSheetCallback()` removes all existing callbacks, including ones set internally by library authors, which may result in unintended behavior. This may change in the future. Please use `addBottomSheetCallback()` and `removeBottomSheetCallback()` instead to set your own callbacks.
01-16 06:11:12.465 10434 10434 E RecyclerView: No adapter attached; skipping layout
01-16 06:11:12.478 10434 14851 W ColorUtils: expected specified color aspects (2:0:0:0)
01-16 06:11:12.486 10434 14851 W Codec2Client: query -- param skipped: index = 1107298332.
01-16 06:11:12.486 10434 14851 W CCodec : This behavior is subject to change. It is recommended that app developers double check whether the requested max input size is in reasonable range.
01-16 06:11:12.490 10434 14851 W Codec2Client: query -- param skipped: index = 1342179345.
01-16 06:11:12.490 10434 14851 W Codec2Client: query -- param skipped: index = 2415921170.
01-16 06:11:12.490 10434 14851 W Codec2Client: query -- param skipped: index = 1610614798.
01-16 06:11:12.510 10434 14795 W libc : Access denied finding property "vendor.oplus.media.vpp.stutter"
01-16 06:11:12.527 10434 14862 W Codec2Client: query -- param skipped: index = 1107298332.
01-16 06:11:12.528 10434 14862 W CCodec : This behavior is subject to change. It is recommended that app developers double check whether the requested max input size is in reasonable range.
01-16 06:11:12.529 10434 14862 W Codec2Client: query -- param skipped: index = 1342179345.
01-16 06:11:12.530 10434 14862 W Codec2Client: query -- param skipped: index = 2415921170.
01-16 06:11:12.530 10434 14862 W Codec2Client: query -- param skipped: index = 1610614798.
01-16 06:11:12.543 10434 14850 W MediaCodec: mapFormat: no mediaType information
01-16 06:11:13.774 10434 10513 E SQLiteDatabase: Error inserting transferred=1 media_job_uuid=ff8d2b7b-4ad9-48f9-bf44-af37c6cd3cd6 transcoded=0 gif_attribution=0 first_scan_length=0 direct_path=/v/t62.7161- 24/382622024_1144865556859070_9192044081338281125_n.enc?ccb=11-4&oh=01_AdSMbJ_ZDx- 978Rk2ms1WcY7y2DcSxpEXTUIIOF1yuZ8XQ&oe=65CCAFC2&_nc_sid=5e03e0&_nc_hot=1705328827 thumbnail_height_width_ratio=1.8 is_animated_sticker=0 file_hash=hUtDAWqwDlt05JuvkQ/K0Ml888JZHIrFXUV3r+KFfEE= file_path=Media/.Statuses/94bbfa0eb55b4fdf8291dc93131943fc.mp4 file_size=2163598 partial_media_hash=null face_x=0 face_y=0 height=640 trim_to=0 media_key_timestamp=1705327479000 message_url=https://mmg.whatsapp.net/v/t62.7161- 24/382622024_1144865556859070_9192044081338281125_n.enc?ccb=11-4&oh=01_AdSMbJ_ZDx- 978Rk2ms1WcY7y2DcSxpEXTUIIOF1yuZ8XQ&oe=65CCAFC2&_nc_sid=5e03e0&mms3=true media_caption=null trim_from=0 mime_type=video/mp4 partial_media_enc_hash=null width=352 original_file_hash=null has_streaming_sidecar=1 autotransfer_retry_enabled=1 media_upload_handle=null message_row_id=1694 multicast_id=null enc_file_hash=t4PrVexG3edaXodt1LHa5XUZ0AFBlNMLPI8lNZm7vg8= mute_video=0 page_count=0 first_scan_sidecar=null suspicious_content=0 file_length=2163598 media_name=null media_duration=15 chat_row_id=227 media_key=[B@bf4dce3
01-16 06:11:13.774 10434 10513 E SQLiteDatabase: android.database.sqlite.SQLiteConstraintException: UNIQUE constraint failed: message_media.message_row_id (code 1555 SQLITE_CONSTRAINT_PRIMARYKEY)
01-16 06:11:13.774 10434 10513 E SQLiteDatabase: at android.database.sqlite.SQLiteConnection.nativeExecuteForLastInsertedRowId(Native Method)
01-16 06:11:13.774 10434 10513 E SQLiteDatabase: at android.database.sqlite.SQLiteConnection.executeForLastInsertedRowId(SQLiteConnecti on.java:946)
01-16 06:11:13.774 10434 10513 E SQLiteDatabase: at android.database.sqlite.SQLiteSession.executeForLastInsertedRowId(SQLiteSession.jav a:790)
01-16 06:11:13.774 10434 10513 E SQLiteDatabase: at android.database.sqlite.SQLiteStatement.executeInsert(SQLiteStatement.java:89)
01-16 06:11:13.774 10434 10513 E SQLiteDatabase: at android.database.sqlite.SQLiteDatabase.insertWithOnConflict(SQLiteDatabase.java:170 2)
01-16 06:11:13.774 10434 10513 E SQLiteDatabase: at android.database.sqlite.SQLiteDatabase.insert(SQLiteDatabase.java:1571)
01-16 06:11:13.774 10434 10513 E SQLiteDatabase: at X.2tm.A08(Unknown Source:6)
01-16 06:11:13.774 10434 10513 E SQLiteDatabase: at X.35Y.A07(Unknown Source:212)
01-16 06:11:13.774 10434 10513 E SQLiteDatabase: at X.3QF.A14(Unknown Source:470)
