01-16 21:35:48.961 29005 29058 E SQLiteDatabase: at android.os.Looper.loopOnce(Looper.java:233)
01-16 21:35:48.961 29005 29058 E SQLiteDatabase: at android.os.Looper.loop(Looper.java:344)
01-16 21:35:48.961 29005 29058 E SQLiteDatabase: at android.os.HandlerThread.run(HandlerThread.java:67)
01-16 21:35:49.057 29005 29005 W BottomSheetBehavior: BottomSheetBehavior now supports multiple callbacks. `setBottomSheetCallback()` removes all existing callbacks, including ones set internally by library authors, which may result in unintended behavior. This may change in the future. Please use `addBottomSheetCallback()` and `removeBottomSheetCallback()` instead to set your own callbacks.
01-16 21:35:49.057 29005 29005 W BottomSheetBehavior: BottomSheetBehavior now supports multiple callbacks. `setBottomSheetCallback()` removes all existing callbacks, including ones set internally by library authors, which may result in unintended behavior. This may change in the future. Please use `addBottomSheetCallback()` and `removeBottomSheetCallback()` instead to set your own callbacks.
01-16 21:35:49.071 29005 29005 W BottomSheetBehavior: BottomSheetBehavior now supports multiple callbacks. `setBottomSheetCallback()` removes all existing callbacks, including ones set internally by library authors, which may result in unintended behavior. This may change in the future. Please use `addBottomSheetCallback()` and `removeBottomSheetCallback()` instead to set your own callbacks.
01-16 21:35:49.071 29005 29005 W BottomSheetBehavior: BottomSheetBehavior now supports multiple callbacks. `setBottomSheetCallback()` removes all existing callbacks, including ones set internally by library authors, which may result in unintended behavior. This may change in the future. Please use `addBottomSheetCallback()` and `removeBottomSheetCallback()` instead to set your own callbacks.
01-16 21:35:49.084 29005 29005 W BottomSheetBehavior: BottomSheetBehavior now supports multiple callbacks. `setBottomSheetCallback()` removes all existing callbacks, including ones set internally by library authors, which may result in unintended behavior. This may change in the future. Please use `addBottomSheetCallback()` and `removeBottomSheetCallback()` instead to set your own callbacks.
01-16 21:35:49.084 29005 29005 W BottomSheetBehavior: BottomSheetBehavior now supports multiple callbacks. `setBottomSheetCallback()` removes all existing callbacks, including ones set internally by library authors, which may result in unintended behavior. This may change in the future. Please use `addBottomSheetCallback()` and `removeBottomSheetCallback()` instead to set your own callbacks.
01-16 21:35:49.100 29005 29005 W BottomSheetBehavior: BottomSheetBehavior now supports multiple callbacks. `setBottomSheetCallback()` removes all existing callbacks, including ones set internally by library authors, which may result in unintended behavior. This may change in the future. Please use `addBottomSheetCallback()` and `removeBottomSheetCallback()` instead to set your own callbacks.
01-16 21:35:49.100 29005 29005 W BottomSheetBehavior: BottomSheetBehavior now supports multiple callbacks. `setBottomSheetCallback()` removes all existing callbacks, including ones set internally by library authors, which may result in unintended behavior. This may change in the future. Please use `addBottomSheetCallback()` and `removeBottomSheetCallback()` instead to set your own callbacks.
01-16 21:35:49.118 29005 29005 E RecyclerView: No adapter attached; skipping layout
01-16 21:35:49.118 29005 29005 E RecyclerView: No adapter attached; skipping layout
01-16 21:35:49.119 29005 29005 E RecyclerView: No adapter attached; skipping layout
01-16 21:35:52.578 29005 29005 W SoundPool: Use of stream types is deprecated for operations other than volume control
01-16 21:35:52.578 29005 29005 W SoundPool: See the documentation of SoundPool() for what to use instead with android.media.AudioAttributes to qualify your playback use case
01-16 21:35:52.592 29005 30315 E Parcel : Reading a NULL string not supported here.
01-16 21:35:52.592 29005 30316 E Parcel : Reading a NULL string not supported here.
01-16 21:35:52.593 29005 30315 W libc : Access denied finding property "vendor.oplus.media.vpp.stutter"
01-16 21:35:52.593 29005 30316 W libc : Access denied finding property "vendor.oplus.media.vpp.stutter"
01-16 21:35:52.603 29005 30318 W Codec2Client: query -- param skipped: index = 1107298332.
01-16 21:35:52.605 29005 30318 W Codec2Client: query -- param skipped: index = 1342179345.
01-16 21:35:52.605 29005 30318 W Codec2Client: query -- param skipped: index = 2415921170.
01-16 21:35:52.606 29005 30317 W Codec2Client: query -- param skipped: index = 1107298332.
01-16 21:35:52.607 29005 30317 W Codec2Client: query -- param skipped: index = 1342179345.
01-16 21:35:52.607 29005 30317 W Codec2Client: query -- param skipped: index = 2415921170.
01-16 21:35:52.615 29005 29005 W BottomSheetBehavior: BottomSheetBehavior now supports multiple callbacks. `setBottomSheetCallback()` removes all existing callbacks, including ones set internally by library authors, which may result in unintended behavior. This may change in the future. Please use `addBottomSheetCallback()` and `removeBottomSheetCallback()` instead to set your own callbacks.
01-16 21:35:52.642 29005 30315 E Parcel : Reading a NULL string not supported here.
01-16 21:35:52.643 29005 30315 W libc : Access denied finding property "vendor.oplus.media.vpp.stutter"
01-16 21:35:52.654 29005 30316 W libc : Access denied finding property "vendor.oplus.media.vpp.stutter"
01-16 21:35:52.654 29005 30323 W Codec2Client: query -- param skipped: index = 1107298332.
01-16 21:35:52.655 29005 30323 W Codec2Client: query -- param skipped: index = 1342179345.
01-16 21:35:52.655 29005 30323 W Codec2Client: query -- param skipped: index = 2415921170.
01-16 21:35:52.667 29005 30328 W Codec2Client: query -- param skipped: index = 1107298332.
01-16 21:35:52.668 29005 30328 W Codec2Client: query -- param skipped: index = 1342179345.
01-16 21:35:52.669 29005 30328 W Codec2Client: query -- param skipped: index = 2415921170.
01-16 21:35:52.730 29005 30315 W libc : Access denied finding property "vendor.oplus.media.vpp.stutter"
01-16 21:35:52.743 29005 30332 W Codec2Client: query -- param skipped: index = 1107298332.
01-16 21:35:52.745 29005 30332 W Codec2Client: query -- param skipped: index = 1342179345.
01-16 21:35:52.745 29005 30332 W Codec2Client: query -- param skipped: index = 2415921170.
01-16 21:35:52.790 29005 30315 W libc : Access denied finding property "vendor.oplus.media.vpp.stutter"
01-16 21:35:52.799 29005 30339 W Codec2Client: query -- param skipped: index = 1107298332.
01-16 21:35:52.803 29005 30339 W Codec2Client: query -- param skipped: index = 1342179345.
01-16 21:35:52.803 29005 30339 W Codec2Client: query -- param skipped: index = 2415921170.
01-16 21:35:53.931 29005 29082 E BLASTBufferQueue: BLASTBufferItemConsumer::onDisconnect()
01-16 21:35:54.313 29005 29005 W BottomSheetBehavior: BottomSheetBehavior now supports multiple callbacks. `setBottomSheetCallback()` removes all existing callbacks, including ones set internally by library authors, which may result in unintended behavior. This may change in the future. Please use `addBottomSheetCallback()` and `removeBottomSheetCallback()` instead to set your own callbacks.
01-16 21:35:54.313 29005 29005 W BottomSheetBehavior: BottomSheetBehavior now supports multiple callbacks. `setBottomSheetCallback()` removes all existing callbacks, including ones set internally by library authors, which may result in unintended behavior. This may change in the future. Please use `addBottomSheetCallback()` and `removeBottomSheetCallback()` instead to set your own callbacks.
01-16 21:35:54.329 29005 29005 E RecyclerView: No adapter attached; skipping layout
01-16 21:35:54.866 29005 29005 W BottomSheetBehavior: BottomSheetBehavior now supports multiple callbacks. `setBottomSheetCallback()` removes all existing callbacks, including ones set internally by library authors, which may result in unintended behavior. This may change in the future. Please use `addBottomSheetCallback()` and `removeBottomSheetCallback()` instead to set your own callbacks.
01-16 21:35:54.866 29005 29005 W BottomSheetBehavior: BottomSheetBehavior now supports multiple callbacks. `setBottomSheetCallback()` removes all existing callbacks, including ones set internally by library authors, which may result in unintended behavior. This may change in the future. Please use `addBottomSheetCallback()` and `removeBottomSheetCallback()` instead to set your own callbacks.
01-16 21:35:54.876 29005 29005 E RecyclerView: No adapter attached; skipping layout
01-16 21:36:22.646 29005 29082 E BLASTBufferQueue: BLASTBufferItemConsumer::onDisconnect()
01-16 21:36:24.042 29005 29005 W BottomSheetBehavior: BottomSheetBehavior now supports multiple callbacks. `setBottomSheetCallback()` removes all existing callbacks, including ones set internally by library authors, which may result in unintended behavior. This may change in the future. Please use `addBottomSheetCallback()` and `removeBottomSheetCallback()` instead to set your own callbacks.
01-16 21:36:24.042 29005 29005 W BottomSheetBehavior: BottomSheetBehavior now supports multiple callbacks. `setBottomSheetCallback()` removes all existing callbacks, including ones set internally by library authors, which may result in unintended behavior. This may change in the future. Please use `addBottomSheetCallback()` and `removeBottomSheetCallback()` instead to set your own callbacks.
01-16 21:36:24.060 29005 29005 W BottomSheetBehavior: BottomSheetBehavior now supports multiple callbacks. `setBottomSheetCallback()` removes all existing callbacks, including ones set internally by library authors, which may result in unintended behavior. This may change in the future. Please use `addBottomSheetCallback()` and `removeBottomSheetCallback()` instead to set your own callbacks.
01-16 21:36:24.060 29005 29005 W BottomSheetBehavior: BottomSheetBehavior now supports multiple callbacks. `setBottomSheetCallback()` removes all existing callbacks, including ones set internally by library authors, which may result in unintended behavior. This may change in the future. Please use `addBottomSheetCallback()` and `removeBottomSheetCallback()` instead to set your own callbacks.
01-16 21:36:24.087 29005 29005 E RecyclerView: No adapter attached; skipping layout
01-16 21:36:24.088 29005 29005 E RecyclerView: No adapter attached; skipping layout
01-16 21:36:24.120 29005 30544 E Parcel : Reading a NULL string not supported here.
01-16 21:36:24.121 29005 30544 W libc : Access denied finding property "vendor.oplus.media.vpp.stutter"
01-16 21:36:24.147 29005 30549 W ColorUtils: expected specified color aspects (2:0:0:0)
01-16 21:36:24.155 29005 30549 W Codec2Client: query -- param skipped: index = 1107298332.
01-16 21:36:24.155 29005 30549 W CCodec : This behavior is subject to change. It is recommended that app developers double check whether the requested max input size is in reasonable range.
01-16 21:36:24.158 29005 30549 W Codec2Client: query -- param skipped: index = 1342179345.
01-16 21:36:24.158 29005 30549 W Codec2Client: query -- param skipped: index = 2415921170.
01-16 21:36:24.158 29005 30549 W Codec2Client: query -- param skipped: index = 1610614798.
01-16 21:36:24.182 29005 30544 W libc : Access denied finding property "vendor.oplus.media.vpp.stutter"
01-16 21:36:24.200 29005 30571 W Codec2Client: query -- param skipped: index = 1107298332.
01-16 21:36:24.200 29005 30571 W CCodec : This behavior is subject to change. It is recommended that app developers double check whether the requested max input size is in reasonable range.
01-16 21:36:24.201 29005 30571 W Codec2Client: query -- param skipped: index = 1342179345.
01-16 21:36:24.202 29005 30571 W Codec2Client: query -- param skipped: index = 2415921170.
01-16 21:36:24.202 29005 30571 W Codec2Client: query -- param skipped: index = 1610614798.
01-16 21:36:24.240 29005 30548 W MediaCodec: mapFormat: no mediaType information
01-16 21:36:26.344 29005 29058 E SQLiteDatabase: Error inserting transferred=0 media_job_uuid=fbfe66aa-1106-4623-8833-d489dbc37bfd transcoded=0 gif_attribution=0 first_scan_length=0 direct_path=/v/t62.7161- 24/32406954_900172208080106_7442628500337929204_n.enc?ccb=11- 4&oh=01_AdRBiC6MwpB5VxFKk58m5uVW2d2vEyAr6RtXPYhVnsyDMA&oe=65CCB175&_nc_sid=5e03e0 thumbnail_height_width_ratio=1.7777778 is_animated_sticker=0 file_hash=gC2i6hgQN8+c8J9O1g6bJinKDkETlv4e4uFxSgSS2X4= file_path=null file_size=0 partial_media_hash=null face_x=0 face_y=0 height=656 trim_to=0 media_key_timestamp=1705330624000 message_url=https://mmg.whatsapp.net/v/t62.7161- 24/32406954_900172208080106_7442628500337929204_n.enc?ccb=11- 4&oh=01_AdRBiC6MwpB5VxFKk58m5uVW2d2vEyAr6RtXPYhVnsyDMA&oe=65CCB175&_nc_sid=5e03e0&m ms3=true media_caption=null trim_from=0 mime_type=video/mp4 partial_media_enc_hash=null width=368 original_file_hash=null has_streaming_sidecar=1 autotransfer_retry_enabled=1 media_upload_handle=null message_row_id=1709 multicast_id=null enc_file_hash=73MZ+a8T1RD+UU8Kxay5sG/BQBSJp5M8NWpwQDKyL/4= mute_video=0 page_count=0 first_scan_sidecar=null suspicious_content=0 file_length=1483625 media_name=null media_duration=13 chat_row_id=227 media_key=[B@e3bcb39
01-16 21:36:26.344 29005 29058 E SQLiteDatabase: android.database.sqlite.SQLiteConstraintException: UNIQUE constraint failed: message_media.message_row_id (code 1555 SQLITE_CONSTRAINT_PRIMARYKEY)
01-16 21:36:26.344 29005 29058 E SQLiteDatabase: at android.database.sqlite.SQLiteConnection.nativeExecuteForLastInsertedRowId(Native Method)
01-16 21:36:26.344 29005 29058 E SQLiteDatabase: at android.database.sqlite.SQLiteConnection.executeForLastInsertedRowId(SQLiteConnecti on.java:946)
01-16 21:36:26.344 29005 29058 E SQLiteDatabase: at android.database.sqlite.SQLiteSession.executeForLastInsertedRowId(SQLiteSession.jav a:790)
01-16 21:36:26.344 29005 29058 E SQLiteDatabase: at android.database.sqlite.SQLiteStatement.executeInsert(SQLiteStatement.java:89)
01-16 21:36:26.344 29005 29058 E SQLiteDatabase: at android.database.sqlite.SQLiteDatabase.insertWithOnConflict(SQLiteDatabase.java:170 2)
01-16 21:36:26.344 29005 29058 E SQLiteDatabase: at android.database.sqlite.SQLiteDatabase.insert(SQLiteDatabase.java:1571)
01-16 21:36:26.344 29005 29058 E SQLiteDatabase: at X.2tm.A08(Unknown Source:6)
01-16 21:36:26.344 29005 29058 E SQLiteDatabase: at X.35Y.A07(Unknown Source:212)
01-16 21:36:26.344 29005 29058 E SQLiteDatabase: at X.3QF.A14(Unknown Source:470)
01-16 21:36:26.344 29005 29058 E SQLiteDatabase: at X.3gU.run(Unknown Source:982)
01-16 21:36:26.344 29005 29058 E SQLiteDatabase: at android.os.Handler.handleCallback(Handler.java:938)
01-16 21:36:26.344 29005 29058 E SQLiteDatabase: at android.os.Handler.dispatchMessage(Handler.java:99)
01-16 21:36:26.344 29005 29058 E SQLiteDatabase: at X.0zq.dispatchMessage(Unknown Source:4)
01-16 21:36:26.344 29005 29058 E SQLiteDatabase: at android.os.Looper.loopOnce(Looper.java:233)
01-16 21:36:26.344 29005 29058 E SQLiteDatabase: at android.os.Looper.loop(Looper.java:344)
01-16 21:36:26.344 29005 29058 E SQLiteDatabase: at android.os.HandlerThread.run(HandlerThread.java:67)
01-16 21:36:26.737 29005 29418 E MediaMetadataRetrieverJNI: getFrameAtTime: videoFrame is a NULL pointer
01-16 21:36:26.941 29005 29418 E MediaMetadataRetrieverJNI: getFrameAtTime: videoFrame is a NULL pointer
01-16 21:36:26.941 29005 29418 E MediaMetadataRetrieverJNI: getEmbeddedPicture: Call to getEmbeddedPicture failed.
01-16 21:36:32.520 29005 30548 W Codec2Client: query -- param skipped: index = 1342179345.
01-16 21:36:32.520 29005 30548 W Codec2Client: query -- param skipped: index = 2415921170.
01-16 21:36:32.520 29005 30548 W Codec2Client: query -- param skipped: index = 1610614798.
01-16 21:36:32.522 29005 30571 W Codec2Client: query -- param skipped: index = 1342179345.
01-16 21:36:32.522 29005 30571 W Codec2Client: query -- param skipped: index = 2415921170.
01-16 21:36:32.522 29005 30571 W Codec2Client: query -- param skipped: index = 1610614798.
01-16 21:36:32.977 29005 30544 E Parcel : Reading a NULL string not supported here.
01-16 21:36:32.978 29005 30544 W libc : Access denied finding property "vendor.oplus.media.vpp.stutter"
01-16 21:36:33.000 29005 30681 W ColorUtils: expected specified color aspects (2:0:0:0)
01-16 21:36:33.007 29005 30681 W Codec2Client: query -- param skipped: index = 1107298332.
01-16 21:36:33.007 29005 30681 W CCodec : This behavior is subject to change. It is recommended that app developers double check whether the requested max input size is in reasonable range.
01-16 21:36:33.010 29005 30681 W Codec2Client: query -- param skipped: index = 1342179345.
01-16 21:36:33.010 29005 30681 W Codec2Client: query -- param skipped: index = 2415921170.
01-16 21:36:33.010 29005 30681 W Codec2Client: query -- param skipped: index = 1610614798.
01-16 21:36:33.014 29005 29005 W BottomSheetBehavior: BottomSheetBehavior now supports multiple callbacks. `setBottomSheetCallback()` removes all existing callbacks, including ones set internally by library authors, which may result in unintended behavior. This may change in the future. Please use `addBottomSheetCallback()` and `removeBottomSheetCallback()` instead to set your own callbacks.
01-16 21:36:33.014 29005 29005 W BottomSheetBehavior: BottomSheetBehavior now supports multiple callbacks. `setBottomSheetCallback()` removes all existing callbacks, including ones set internally by library authors, which may result in unintended behavior. This may change in the future. Please use `addBottomSheetCallback()` and `removeBottomSheetCallback()` instead to set your own callbacks.
01-16 21:36:33.023 29005 29005 E RecyclerView: No adapter attached; skipping layout
01-16 21:36:33.032 29005 30544 W libc : Access denied finding property "vendor.oplus.media.vpp.stutter"
01-16 21:36:33.049 29005 30692 W Codec2Client: query -- param skipped: index = 1107298332.
01-16 21:36:33.049 29005 30692 W CCodec : This behavior is subject to change. It is recommended that app developers double check whether the requested max input size is in reasonable range.
01-16 21:36:33.051 29005 30692 W Codec2Client: query -- param skipped: index = 1342179345.
01-16 21:36:33.051 29005 30692 W Codec2Client: query -- param skipped: index = 2415921170.
01-16 21:36:33.051 29005 30692 W Codec2Client: query -- param skipped: index = 1610614798.
01-16 21:36:33.062 29005 30680 W MediaCodec: mapFormat: no mediaType information
01-16 21:36:33.829 29005 29058 E SQLiteDatabase: Error inserting transferred=1 media_job_uuid=fbfe66aa-1106-4623-8833-d489dbc37bfd transcoded=0 gif_attribution=0 first_scan_length=0 direct_path=/v/t62.7161- 24/32406954_900172208080106_7442628500337929204_n.enc?ccb=11- 4&oh=01_AdRBiC6MwpB5VxFKk58m5uVW2d2vEyAr6RtXPYhVnsyDMA&oe=65CCB175&_nc_sid=5e03e0 thumbnail_height_width_ratio=1.7777778 is_animated_sticker=0 file_hash=gC2i6hgQN8+c8J9O1g6bJinKDkETlv4e4uFxSgSS2X4= file_path=Media/.Statuses/92c63dc0c5cd47fd9b959a4f66bc6eed.mp4 file_size=1483625 partial_media_hash=null face_x=0 face_y=0 height=656 trim_to=0 media_key_timestamp=1705330624000 message_url=https://mmg.whatsapp.net/v/t62.7161- 24/32406954_900172208080106_7442628500337929204_n.enc?ccb=11- 4&oh=01_AdRBiC6MwpB5VxFKk58m5uVW2d2vEyAr6RtXPYhVnsyDMA&oe=65CCB175&_nc_sid=5e03e0&m ms3=true media_caption=null trim_from=0 mime_type=video/mp4 partial_media_enc_hash=null width=368 original_file_hash=null has_streaming_sidecar=1 autotransfer_retry_enabled=1 media_upload_handle=null message_row_id=1709 multicast_id=null enc_file_hash=73MZ+a8T1RD+UU8Kxay5sG/BQBSJp5M8NWpwQDKyL/4= mute_video=0 page_count=0 first_scan_sidecar=null suspicious_content=0 file_length=1483625 media_name=null media_duration=13 chat_row_id=227 media_key=[B@e3bcb39
01-16 21:36:33.829 29005 29058 E SQLiteDatabase: android.database.sqlite.SQLiteConstraintException: UNIQUE constraint failed: message_media.message_row_id (code 1555 SQLITE_CONSTRAINT_PRIMARYKEY)
01-16 21:36:33.829 29005 29058 E SQLiteDatabase: at android.database.sqlite.SQLiteConnection.nativeExecuteForLastInsertedRowId(Native Method)
01-16 21:36:33.829 29005 29058 E SQLiteDatabase: at android.database.sqlite.SQLiteConnection.executeForLastInsertedRowId(SQLiteConnecti on.java:946)
01-16 21:36:33.829 29005 29058 E SQLiteDatabase: at android.database.sqlite.SQLiteSession.executeForLastInsertedRowId(SQLiteSession.jav a:790)
01-16 21:36:33.829 29005 29058 E SQLiteDatabase: at android.database.sqlite.SQLiteStatement.executeInsert(SQLiteStatement.java:89)
01-16 21:36:33.829 29005 29058 E SQLiteDatabase: at android.database.sqlite.SQLiteDatabase.insertWithOnConflict(SQLiteDatabase.java:170 2)
01-16 21:36:33.829 29005 29058 E SQLiteDatabase: at android.database.sqlite.SQLiteDatabase.insert(SQLiteDatabase.java:1571)
01-16 21:36:33.829 29005 29058 E SQLiteDatabase: at X.2tm.A08(Unknown Source:6)
01-16 21:36:33.829 29005 29058 E SQLiteDatabase: at X.35Y.A07(Unknown Source:212)
01-16 21:36:33.829 29005 29058 E SQLiteDatabase: at X.3QF.A14(Unknown Source:470)
01-16 21:36:33.829 29005 29058 E SQLiteDatabase: at X.3gU.run(Unknown Source:982)
01-16 21:36:33.829 29005 29058 E SQLiteDatabase: at android.os.Handler.handleCallback(Handler.java:938)
01-16 21:36:33.829 29005 29058 E SQLiteDatabase: at android.os.Handler.dispatchMessage(Handler.java:99)
01-16 21:36:33.829 29005 29058 E SQLiteDatabase: at X.0zq.dispatchMessage(Unknown Source:4)
01-16 21:36:33.829 29005 29058 E SQLiteDatabase: at android.os.Looper.loopOnce(Looper.java:233)
01-16 21:36:33.829 29005 29058 E SQLiteDatabase: at android.os.Looper.loop(Looper.java:344)
01-16 21:36:33.829 29005 29058 E SQLiteDatabase: at android.os.HandlerThread.run(HandlerThread.java:67)
01-16 21:36:34.611 29005 29058 E SQLiteDatabase: Error inserting transferred=0 media_job_uuid=fbe90314-0630-4f36-b0e9-79b114c54117 transcoded=0 gif_attribution=0 first_scan_length=0 direct_path=/v/t62.7161- 24/28618211_2772291619576613_8806416781468848752_n.enc?ccb=11- 4&oh=01_AdQAaPzXdloT6WFv6FOnEhIMP6eIrp7rubm6f6wgURQMaQ&oe=65CCD473&_nc_sid=5e03e0 thumbnail_height_width_ratio=1.7755102 is_animated_sticker=0 file_hash=1RNslRz5WTA7jPCjVX5QSG9A8OrtzsEd3+Wb0gYs45s= file_path=null file_size=0 partial_media_hash=null face_x=0 face_y=0 height=848 trim_to=0 media_key_timestamp=1705331161000 message_url=https://mmg.whatsapp.net/v/t62.7161- 24/28618211_2772291619576613_8806416781468848752_n.enc?ccb=11- 4&oh=01_AdQAaPzXdloT6WFv6FOnEhIMP6eIrp7rubm6f6wgURQMaQ&oe=65CCD473&_nc_sid=5e03e0&m ms3=true media_caption=null trim_from=0 mime_type=video/mp4 partial_media_enc_hash=null width=480 original_file_hash=null has_streaming_sidecar=1 autotransfer_retry_enabled=1 media_upload_handle=null message_row_id=1712 multicast_id=null enc_file_hash=Kt8gpZdBQTQ2QLZ/ZXNJRDCvFoJEpodNj+2oQRbi8Ww= mute_video=0 page_count=0 first_scan_sidecar=null suspicious_content=0 file_length=396713 media_name=null media_duration=15 chat_row_id=227 media_key=[B@46d689c
01-16 21:36:34.611 29005 29058 E SQLiteDatabase: android.database.sqlite.SQLiteConstraintException: UNIQUE constraint failed: message_media.message_row_id (code 1555 SQLITE_CONSTRAINT_PRIMARYKEY)
01-16 21:36:34.611 29005 29058 E SQLiteDatabase: at android.database.sqlite.SQLiteConnection.nativeExecuteForLastInsertedRowId(Native Method)
01-16 21:36:34.611 29005 29058 E SQLiteDatabase: at android.database.sqlite.SQLiteConnection.executeForLastInsertedRowId(SQLiteConnecti on.java:946)
01-16 21:36:34.611 29005 29058 E SQLiteDatabase: at android.database.sqlite.SQLiteSession.executeForLastInsertedRowId(SQLiteSession.jav a:790)
01-16 21:36:34.611 29005 29058 E SQLiteDatabase: at android.database.sqlite.SQLiteStatement.executeInsert(SQLiteStatement.java:89)
01-16 21:36:34.611 29005 29058 E SQLiteDatabase: at android.database.sqlite.SQLiteDatabase.insertWithOnConflict(SQLiteDatabase.java:170 2)
01-16 21:36:34.611 29005 29058 E SQLiteDatabase: at android.database.sqlite.SQLiteDatabase.insert(SQLiteDatabase.java:1571)
01-16 21:36:34.611 29005 29058 E SQLiteDatabase: at X.2tm.A08(Unknown Source:6)
01-16 21:36:34.611 29005 29058 E SQLiteDatabase: at X.35Y.A07(Unknown Source:212)
01-16 21:36:34.611 29005 29058 E SQLiteDatabase: at X.3QF.A14(Unknown Source:470)
01-16 21:36:34.611 29005 29058 E SQLiteDatabase: at X.3gU.run(Unknown Source:982)
01-16 21:36:34.611 29005 29058 E SQLiteDatabase: at android.os.Handler.handleCallback(Handler.java:938)
01-16 21:36:34.611 29005 29058 E SQLiteDatabase: at android.os.Handler.dispatchMessage(Handler.java:99)
01-16 21:36:34.611 29005 29058 E SQLiteDatabase: at X.0zq.dispatchMessage(Unknown Source:4)
01-16 21:36:34.611 29005 29058 E SQLiteDatabase: at android.os.Looper.loopOnce(Looper.java:233)
01-16 21:36:34.611 29005 29058 E SQLiteDatabase: at android.os.Looper.loop(Looper.java:344)
01-16 21:36:34.611 29005 29058 E SQLiteDatabase: at android.os.HandlerThread.run(HandlerThread.java:67)
01-16 21:36:34.772 29005 30680 W Codec2Client: query -- param skipped: index = 1342179345.
01-16 21:36:34.772 29005 30680 W Codec2Client: query -- param skipped: index = 2415921170.
01-16 21:36:34.772 29005 30680 W Codec2Client: query -- param skipped: index = 1610614798.
01-16 21:36:34.775 29005 30692 W Codec2Client: query -- param skipped: index = 1342179345.
01-16 21:36:34.775 29005 30692 W Codec2Client: query -- param skipped: index = 2415921170.
01-16 21:36:34.775 29005 30692 W Codec2Client: query -- param skipped: index = 1610614798.
01-16 21:36:35.111 29005 30544 E Parcel : Reading a NULL string not supported here.
01-16 21:36:35.112 29005 30544 W libc : Access denied finding property "vendor.oplus.media.vpp.stutter"
01-16 21:36:35.136 29005 30723 W ColorUtils: expected specified color aspects (2:0:0:0)
01-16 21:36:35.143 29005 30723 W Codec2Client: query -- param skipped: index = 1107298332.
01-16 21:36:35.143 29005 30723 W CCodec : This behavior is subject to change. It is recommended that app developers double check whether the requested max input size is in reasonable range.
01-16 21:36:35.146 29005 30723 W Codec2Client: query -- param skipped: index = 1342179345.
01-16 21:36:35.146 29005 30723 W Codec2Client: query -- param skipped: index = 2415921170.
01-16 21:36:35.146 29005 30723 W Codec2Client: query -- param skipped: index = 1610614798.
01-16 21:36:35.151 29005 29005 W BottomSheetBehavior: BottomSheetBehavior now supports multiple callbacks. `setBottomSheetCallback()` removes all existing callbacks, including ones set internally by library authors, which may result in unintended behavior. This may change in the future. Please use `addBottomSheetCallback()` and `removeBottomSheetCallback()` instead to set your own callbacks.
01-16 21:36:35.151 29005 29005 W BottomSheetBehavior: BottomSheetBehavior now supports multiple callbacks. `setBottomSheetCallback()` removes all existing callbacks, including ones set internally by library authors, which may result in unintended behavior. This may change in the future. Please use `addBottomSheetCallback()` and `removeBottomSheetCallback()` instead to set your own callbacks.
01-16 21:36:35.159 29005 29005 E RecyclerView: No adapter attached; skipping layout
01-16 21:36:35.167 29005 30544 W libc : Access denied finding property "vendor.oplus.media.vpp.stutter"
01-16 21:36:35.184 29005 30733 W Codec2Client: query -- param skipped: index = 1107298332.
01-16 21:36:35.185 29005 30733 W CCodec : This behavior is subject to change. It is recommended that app developers double check whether the requested max input size is in reasonable range.
01-16 21:36:35.186 29005 30733 W Codec2Client: query -- param skipped: index = 1342179345.
01-16 21:36:35.186 29005 30733 W Codec2Client: query -- param skipped: index = 2415921170.
01-16 21:36:35.186 29005 30733 W Codec2Client: query -- param skipped: index = 1610614798.
01-16 21:36:35.201 29005 30722 W MediaCodec: mapFormat: no mediaType information
01-16 21:36:35.269 29005 29058 E SQLiteDatabase: Error inserting transferred=1 media_job_uuid=fbe90314-0630-4f36-b0e9-79b114c54117 transcoded=0 gif_attribution=0 first_scan_length=0 direct_path=/v/t62.7161- 24/28618211_2772291619576613_8806416781468848752_n.enc?ccb=11- 4&oh=01_AdQAaPzXdloT6WFv6FOnEhIMP6eIrp7rubm6f6wgURQMaQ&oe=65CCD473&_nc_sid=5e03e0 thumbnail_height_width_ratio=1.7755102 is_animated_sticker=0 file_hash=1RNslRz5WTA7jPCjVX5QSG9A8OrtzsEd3+Wb0gYs45s= file_path=Media/.Statuses/632474d04204406995287bbf73ce086a.mp4 file_size=396713 partial_media_hash=null face_x=0 face_y=0 height=848 trim_to=0 media_key_timestamp=1705331161000 message_url=https://mmg.whatsapp.net/v/t62.7161- 24/28618211_2772291619576613_8806416781468848752_n.enc?ccb=11- 4&oh=01_AdQAaPzXdloT6WFv6FOnEhIMP6eIrp7rubm6f6wgURQMaQ&oe=65CCD473&_nc_sid=5e03e0&m ms3=true media_caption=null trim_from=0 mime_type=video/mp4 partial_media_enc_hash=null width=480 original_file_hash=null has_streaming_sidecar=1 autotransfer_retry_enabled=1 media_upload_handle=null message_row_id=1712 multicast_id=null enc_file_hash=Kt8gpZdBQTQ2QLZ/ZXNJRDCvFoJEpodNj+2oQRbi8Ww= mute_video=0 page_count=0 first_scan_sidecar=null suspicious_content=0 file_length=396713 media_name=null media_duration=15 chat_row_id=227 media_key=[B@46d689c
01-16 21:36:35.269 29005 29058 E SQLiteDatabase: android.database.sqlite.SQLiteConstraintException: UNIQUE constraint failed: message_media.message_row_id (code 1555 SQLITE_CONSTRAINT_PRIMARYKEY)
01-16 21:36:35.269 29005 29058 E SQLiteDatabase: at android.database.sqlite.SQLiteConnection.nativeExecuteForLastInsertedRowId(Native Method)
01-16 21:36:35.269 29005 29058 E SQLiteDatabase: at android.database.sqlite.SQLiteConnection.executeForLastInsertedRowId(SQLiteConnecti on.java:946)
01-16 21:36:35.269 29005 29058 E SQLiteDatabase: at android.database.sqlite.SQLiteSession.executeForLastInsertedRowId(SQLiteSession.jav a:790)
01-16 21:36:35.269 29005 29058 E SQLiteDatabase: at android.database.sqlite.SQLiteStatement.executeInsert(SQLiteStatement.java:89)
01-16 21:36:35.269 29005 29058 E SQLiteDatabase: at android.database.sqlite.SQLiteDatabase.insertWithOnConflict(SQLiteDatabase.java:170 2)
01-16 21:36:35.269 29005 29058 E SQLiteDatabase: at android.database.sqlite.SQLiteDatabase.insert(SQLiteDatabase.java:1571)
01-16 21:36:35.269 29005 29058 E SQLiteDatabase: at X.2tm.A08(Unknown Source:6)
01-16 21:36:35.269 29005 29058 E SQLiteDatabase: at X.35Y.A07(Unknown Source:212)
01-16 21:36:35.269 29005 29058 E SQLiteDatabase: at X.3QF.A14(Unknown Source:470)
01-16 21:36:35.269 29005 29058 E SQLiteDatabase: at X.3gU.run(Unknown Source:982)
01-16 21:36:35.269 29005 29058 E SQLiteDatabase: at android.os.Handler.handleCallback(Handler.java:938)
01-16 21:36:35.269 29005 29058 E SQLiteDatabase: at android.os.Handler.dispatchMessage(Handler.java:99)
01-16 21:36:35.269 29005 29058 E SQLiteDatabase: at X.0zq.dispatchMessage(Unknown Source:4)
01-16 21:36:35.269 29005 29058 E SQLiteDatabase: at android.os.Looper.loopOnce(Looper.java:233)
01-16 21:36:35.269 29005 29058 E SQLiteDatabase: at android.os.Looper.loop(Looper.java:344)
01-16 21:36:35.269 29005 29058 E SQLiteDatabase: at android.os.HandlerThread.run(HandlerThread.java:67)
01-16 21:36:35.485 29005 30722 W Codec2Client: query -- param skipped: index = 1342179345.
01-16 21:36:35.485 29005 30722 W Codec2Client: query -- param skipped: index = 2415921170.
01-16 21:36:35.485 29005 30722 W Codec2Client: query -- param skipped: index = 1610614798.
01-16 21:36:35.491 29005 30733 W Codec2Client: query -- param skipped: index = 1342179345.
01-16 21:36:35.492 29005 30733 W Codec2Client: query -- param skipped: index = 2415921170.
01-16 21:36:35.492 29005 30733 W Codec2Client: query -- param skipped: index = 1610614798.
01-16 21:36:35.496 29005 29005 W BottomSheetBehavior: BottomSheetBehavior now supports multiple callbacks. `setBottomSheetCallback()` removes all existing callbacks, including ones set internally by library authors, which may result in unintended behavior. This may change in the future. Please use `addBottomSheetCallback()` and `removeBottomSheetCallback()` instead to set your own callbacks.
01-16 21:36:35.497 29005 29005 W BottomSheetBehavior: BottomSheetBehavior now supports multiple callbacks. `setBottomSheetCallback()` removes all existing callbacks, including ones set internally by library authors, which may result in unintended behavior. This may change in the future. Please use `addBottomSheetCallback()` and `removeBottomSheetCallback()` instead to set your own callbacks.
01-16 21:36:35.504 29005 29005 E RecyclerView: No adapter attached; skipping layout
01-16 21:36:35.946 29005 30544 E Parcel : Reading a NULL string not supported here.
01-16 21:36:35.947 29005 30544 W libc : Access denied finding property "vendor.oplus.media.vpp.stutter"
01-16 21:36:35.970 29005 30814 W ColorUtils: expected specified color aspects (2:0:0:0)
01-16 21:36:35.978 29005 30814 W Codec2Client: query -- param skipped: index = 1107298332.
01-16 21:36:35.978 29005 30814 W CCodec : This behavior is subject to change. It is recommended that app developers double check whether the requested max input size is in reasonable range.
01-16 21:36:35.981 29005 30814 W Codec2Client: query -- param skipped: index = 1342179345.
01-16 21:36:35.981 29005 30814 W Codec2Client: query -- param skipped: index = 2415921170.
01-16 21:36:35.981 29005 30814 W Codec2Client: query -- param skipped: index = 1610614798.
01-16 21:36:36.003 29005 30544 W libc : Access denied finding property "vendor.oplus.media.vpp.stutter"
01-16 21:36:36.020 29005 30824 W Codec2Client: query -- param skipped: index = 1107298332.
01-16 21:36:36.020 29005 30824 W CCodec : This behavior is subject to change. It is recommended that app developers double check whether the requested max input size is in reasonable range.
01-16 21:36:36.023 29005 30824 W Codec2Client: query -- param skipped: index = 1342179345.
01-16 21:36:36.023 29005 30824 W Codec2Client: query -- param skipped: index = 2415921170.
01-16 21:36:36.023 29005 30824 W Codec2Client: query -- param skipped: index = 1610614798.
01-16 21:36:36.040 29005 30813 W MediaCodec: mapFormat: no mediaType information
01-16 21:36:36.081 29005 30813 W Codec2Client: query -- param skipped: index = 1342179345.
01-16 21:36:36.081 29005 30813 W Codec2Client: query -- param skipped: index = 2415921170.
01-16 21:36:36.081 29005 30813 W Codec2Client: query -- param skipped: index = 1610614798.
01-16 21:36:36.084 29005 30824 W Codec2Client: query -- param skipped: index = 1342179345.
01-16 21:36:36.084 29005 30824 W Codec2Client: query -- param skipped: index = 2415921170.
01-16 21:36:36.084 29005 30824 W Codec2Client: query -- param skipped: index = 1610614798.
01-16 21:36:36.283 29005 30544 E Parcel : Reading a NULL string not supported here.
01-16 21:36:36.284 29005 30544 W libc : Access denied finding property "vendor.oplus.media.vpp.stutter"
01-16 21:36:36.306 29005 30853 W ColorUtils: expected specified color aspects (2:0:0:0)
01-16 21:36:36.309 29005 29005 W BottomSheetBehavior: BottomSheetBehavior now supports multiple callbacks. `setBottomSheetCallback()` removes all existing callbacks, including ones set internally by library authors, which may result in unintended behavior. This may change in the future. Please use `addBottomSheetCallback()` and `removeBottomSheetCallback()` instead to set your own callbacks.
01-16 21:36:36.309 29005 29005 W BottomSheetBehavior: BottomSheetBehavior now supports multiple callbacks. `setBottomSheetCallback()` removes all existing callbacks, including ones set internally by library authors, which may result in unintended behavior. This may change in the future. Please use `addBottomSheetCallback()` and `removeBottomSheetCallback()` instead to set your own callbacks.
01-16 21:36:36.313 29005 30853 W Codec2Client: query -- param skipped: index = 1107298332.
01-16 21:36:36.313 29005 30853 W CCodec : This behavior is subject to change. It is recommended that app developers double check whether the requested max input size is in reasonable range.
01-16 21:36:36.316 29005 30853 W Codec2Client: query -- param skipped: index = 1342179345.
01-16 21:36:36.316 29005 30853 W Codec2Client: query -- param skipped: index = 2415921170.
01-16 21:36:36.316 29005 30853 W Codec2Client: query -- param skipped: index = 1610614798.
01-16 21:36:36.317 29005 29005 E RecyclerView: No adapter attached; skipping layout
01-16 21:36:36.335 29005 30544 W libc : Access denied finding property "vendor.oplus.media.vpp.stutter"
01-16 21:36:36.349 29005 30864 W Codec2Client: query -- param skipped: index = 1107298332.
01-16 21:36:36.349 29005 30864 W CCodec : This behavior is subject to change. It is recommended that app developers double check whether the requested max input size is in reasonable range.
01-16 21:36:36.350 29005 30864 W Codec2Client: query -- param skipped: index = 1342179345.
01-16 21:36:36.350 29005 30864 W Codec2Client: query -- param skipped: index = 2415921170.
01-16 21:36:36.350 29005 30864 W Codec2Client: query -- param skipped: index = 1610614798.
01-16 21:36:36.396 29005 30852 W MediaCodec: mapFormat: no mediaType information
01-16 21:36:36.425 29005 30852 W Codec2Client: query -- param skipped: index = 1342179345.
01-16 21:36:36.425 29005 30852 W Codec2Client: query -- param skipped: index = 2415921170.
01-16 21:36:36.425 29005 30852 W Codec2Client: query -- param skipped: index = 1610614798.
01-16 21:36:36.428 29005 30864 W Codec2Client: query -- param skipped: index = 1342179345.
01-16 21:36:36.428 29005 30864 W Codec2Client: query -- param skipped: index = 2415921170.
01-16 21:36:36.428 29005 30864 W Codec2Client: query -- param skipped: index = 1610614798.
01-16 21:36:36.641 29005 30544 E Parcel : Reading a NULL string not supported here.
01-16 21:36:36.643 29005 30544 W libc : Access denied finding property "vendor.oplus.media.vpp.stutter"
01-16 21:36:36.667 29005 30895 W ColorUtils: expected specified color aspects (2:0:0:0)
01-16 21:36:36.675 29005 30895 W Codec2Client: query -- param skipped: index = 1107298332.
01-16 21:36:36.675 29005 30895 W CCodec : This behavior is subject to change. It is recommended that app developers double check whether the requested max input size is in reasonable range.
01-16 21:36:36.677 29005 29005 W BottomSheetBehavior: BottomSheetBehavior now supports multiple callbacks. `setBottomSheetCallback()` removes all existing callbacks, including ones set internally by library authors, which may result in unintended behavior. This may change in the future. Please use `addBottomSheetCallback()` and `removeBottomSheetCallback()` instead to set your own callbacks.
01-16 21:36:36.677 29005 29005 W BottomSheetBehavior: BottomSheetBehavior now supports multiple callbacks. `setBottomSheetCallback()` removes all existing callbacks, including ones set internally by library authors, which may result in unintended behavior. This may change in the future. Please use `addBottomSheetCallback()` and `removeBottomSheetCallback()` instead to set your own callbacks.
01-16 21:36:36.682 29005 30895 W Codec2Client: query -- param skipped: index = 1342179345.
01-16 21:36:36.682 29005 30895 W Codec2Client: query -- param skipped: index = 2415921170.
01-16 21:36:36.682 29005 30895 W Codec2Client: query -- param skipped: index = 1610614798.
01-16 21:36:36.690 29005 29005 E RecyclerView: No adapter attached; skipping layout
01-16 21:36:36.703 29005 30544 W libc : Access denied finding property "vendor.oplus.media.vpp.stutter"
01-16 21:36:36.720 29005 30906 W Codec2Client: query -- param skipped: index = 1107298332.
01-16 21:36:36.720 29005 30906 W CCodec : This behavior is subject to change. It is recommended that app developers double check whether the requested max input size is in reasonable range.
01-16 21:36:36.722 29005 30906 W Codec2Client: query -- param skipped: index = 1342179345.
01-16 21:36:36.722 29005 30906 W Codec2Client: query -- param skipped: index = 2415921170.
01-16 21:36:36.723 29005 30906 W Codec2Client: query -- param skipped: index = 1610614798.
01-16 21:36:36.767 29005 30894 W MediaCodec: mapFormat: no mediaType information
01-16 21:36:37.491 29005 29058 E SQLiteDatabase: Error inserting transferred=0 media_job_uuid=c43efc2d-4f0d-42df-81d4-20a93db28329 transcoded=0 gif_attribution=0 first_scan_length=0 direct_path=/v/t62.7161- 24/31212305_903703391466626_6865765995053461252_n.enc?ccb=11-4&oh=01_AdSp1s46dAW2w- zJz9oWJk8Cm6EH7025ax0FGyP5n5zQLg&oe=65CD3F07&_nc_sid=5e03e0 thumbnail_height_width_ratio=1.7777778 is_animated_sticker=0 file_hash=2e0zjKLYh65EOVea0VjWG6wIq/jV6vzj01X3G6TufFY= file_path=null file_size=0 partial_media_hash=null face_x=0 face_y=0 height=656 trim_to=0 media_key_timestamp=1705365798000 message_url=https://mmg.whatsapp.net/v/t62.7161- 24/31212305_903703391466626_6865765995053461252_n.enc?ccb=11-4&oh=01_AdSp1s46dAW2w- zJz9oWJk8Cm6EH7025ax0FGyP5n5zQLg&oe=65CD3F07&_nc_sid=5e03e0&mms3=true media_caption=null trim_from=0 mime_type=video/mp4 partial_media_enc_hash=null width=368 original_file_hash=null has_streaming_sidecar=1 autotransfer_retry_enabled=1 media_upload_handle=null message_row_id=1811 multicast_id=null enc_file_hash=t7dmOQtNm34iA4vkpaOt4MpJRcIDPW/IGYzZIwHlciE= mute_video=0 page_count=0 first_scan_sidecar=null suspicious_content=0 file_length=2700344 media_name=null media_duration=21 chat_row_id=227 media_key=[B@4575386
01-16 21:36:37.491 29005 29058 E SQLiteDatabase: android.database.sqlite.SQLiteConstraintException: UNIQUE constraint failed: message_media.message_row_id (code 1555 SQLITE_CONSTRAINT_PRIMARYKEY)
01-16 21:36:37.491 29005 29058 E SQLiteDatabase: at android.database.sqlite.SQLiteConnection.nativeExecuteForLastInsertedRowId(Native Method)
01-16 21:36:37.491 29005 29058 E SQLiteDatabase: at android.database.sqlite.SQLiteConnection.executeForLastInsertedRowId(SQLiteConnecti on.java:946)
01-16 21:36:37.491 29005 29058 E SQLiteDatabase: at android.database.sqlite.SQLiteSession.executeForLastInsertedRowId(SQLiteSession.jav a:790)
01-16 21:36:37.491 29005 29058 E SQLiteDatabase: at android.database.sqlite.SQLiteStatement.executeInsert(SQLiteStatement.java:89)
01-16 21:36:37.491 29005 29058 E SQLiteDatabase: at android.database.sqlite.SQLiteDatabase.insertWithOnConflict(SQLiteDatabase.java:170 2)
01-16 21:36:37.491 29005 29058 E SQLiteDatabase: at android.database.sqlite.SQLiteDatabase.insert(SQLiteDatabase.java:1571)
01-16 21:36:37.491 29005 29058 E SQLiteDatabase: at X.2tm.A08(Unknown Source:6)
01-16 21:36:37.491 29005 29058 E SQLiteDatabase: at X.35Y.A07(Unknown Source:212)
01-16 21:36:37.491 29005 29058 E SQLiteDatabase: at X.3QF.A14(Unknown Source:470)
01-16 21:36:37.491 29005 29058 E SQLiteDatabase: at X.3gU.run(Unknown Source:982)
01-16 21:36:37.491 29005 29058 E SQLiteDatabase: at android.os.Handler.handleCallback(Handler.java:938)
01-16 21:36:37.491 29005 29058 E SQLiteDatabase: at android.os.Handler.dispatchMessage(Handler.java:99)
01-16 21:36:37.491 29005 29058 E SQLiteDatabase: at X.0zq.dispatchMessage(Unknown Source:4)
01-16 21:36:37.491 29005 29058 E SQLiteDatabase: at android.os.Looper.loopOnce(Looper.java:233)
01-16 21:36:37.491 29005 29058 E SQLiteDatabase: at android.os.Looper.loop(Looper.java:344)
01-16 21:36:37.491 29005 29058 E SQLiteDatabase: at android.os.HandlerThread.run(HandlerThread.java:67)
01-16 21:36:37.834 29005 29418 E MediaMetadataRetrieverJNI: getFrameAtTime: videoFrame is a NULL pointer
01-16 21:36:38.157 29005 29418 E MediaMetadataRetrieverJNI: getFrameAtTime: videoFrame is a NULL pointer
01-16 21:36:38.158 29005 29418 E MediaMetadataRetrieverJNI: getEmbeddedPicture: Call to getEmbeddedPicture failed.
01-16 21:36:38.464 29005 30894 W Codec2Client: query -- param skipped: index = 1342179345.
01-16 21:36:38.464 29005 30894 W Codec2Client: query -- param skipped: index = 2415921170.
01-16 21:36:38.464 29005 30894 W Codec2Client: query -- param skipped: index = 1610614798.
01-16 21:36:38.467 29005 30906 W Codec2Client: query -- param skipped: index = 1342179345.
01-16 21:36:38.467 29005 30906 W Codec2Client: query -- param skipped: index = 2415921170.
01-16 21:36:38.467 29005 30906 W Codec2Client: query -- param skipped: index = 1610614798.
01-16 21:36:38.690 29005 30544 E Parcel : Reading a NULL string not supported here.
01-16 21:36:38.692 29005 30544 W libc : Access denied finding property "vendor.oplus.media.vpp.stutter"
01-16 21:36:38.717 29005 30995 W ColorUtils: expected specified color aspects (2:0:0:0)
01-16 21:36:38.725 29005 30995 W Codec2Client: query -- param skipped: index = 1107298332.
01-16 21:36:38.725 29005 30995 W CCodec : This behavior is subject to change. It is recommended that app developers double check whether the requested max input size is in reasonable range.
01-16 21:36:38.729 29005 30995 W Codec2Client: query -- param skipped: index = 1342179345.
01-16 21:36:38.729 29005 30995 W Codec2Client: query -- param skipped: index = 2415921170.
01-16 21:36:38.729 29005 30995 W Codec2Client: query -- param skipped: index = 1610614798.
01-16 21:36:38.733 29005 29005 W BottomSheetBehavior: BottomSheetBehavior now supports multiple callbacks. `setBottomSheetCallback()` removes all existing callbacks, including ones set internally by library authors, which may result in unintended behavior. This may change in the future. Please use `addBottomSheetCallback()` and `removeBottomSheetCallback()` instead to set your own callbacks.
01-16 21:36:38.733 29005 29005 W BottomSheetBehavior: BottomSheetBehavior now supports multiple callbacks. `setBottomSheetCallback()` removes all existing callbacks, including ones set internally by library authors, which may result in unintended behavior. This may change in the future. Please use `addBottomSheetCallback()` and `removeBottomSheetCallback()` instead to set your own callbacks.
01-16 21:36:38.741 29005 29005 E RecyclerView: No adapter attached; skipping layout
01-16 21:36:38.757 29005 30544 W libc : Access denied finding property "vendor.oplus.media.vpp.stutter"
01-16 21:36:38.777 29005 31006 W Codec2Client: query -- param skipped: index = 1107298332.
01-16 21:36:38.777 29005 31006 W CCodec : This behavior is subject to change. It is recommended that app developers double check whether the requested max input size is in reasonable range.
01-16 21:36:38.779 29005 31006 W Codec2Client: query -- param skipped: index = 1342179345.
01-16 21:36:38.779 29005 31006 W Codec2Client: query -- param skipped: index = 2415921170.
01-16 21:36:38.779 29005 31006 W Codec2Client: query -- param skipped: index = 1610614798.
01-16 21:36:38.793 29005 30994 W MediaCodec: mapFormat: no mediaType information
01-16 21:36:40.300 29005 30994 W Codec2Client: query -- param skipped: index = 1342179345.
01-16 21:36:40.301 29005 30994 W Codec2Client: query -- param skipped: index = 2415921170.
01-16 21:36:40.301 29005 30994 W Codec2Client: query -- param skipped: index = 1610614798.
01-16 21:36:40.303 29005 31006 W Codec2Client: query -- param skipped: index = 1342179345.
01-16 21:36:40.303 29005 31006 W Codec2Client: query -- param skipped: index = 2415921170.
01-16 21:36:40.303 29005 31006 W Codec2Client: query -- param skipped: index = 1610614798.
01-16 21:36:40.846 29005 29005 W BottomSheetBehavior: BottomSheetBehavior now supports multiple callbacks. `setBottomSheetCallback()` removes all existing callbacks, including ones set internally by library authors, which may result in unintended behavior. This may change in the future. Please use `addBottomSheetCallback()` and `removeBottomSheetCallback()` instead to set your own callbacks.
01-16 21:36:40.846 29005 29005 W BottomSheetBehavior: BottomSheetBehavior now supports multiple callbacks. `setBottomSheetCallback()` removes all existing callbacks, including ones set internally by library authors, which may result in unintended behavior. This may change in the future. Please use `addBottomSheetCallback()` and `removeBottomSheetCallback()` instead to set your own callbacks.
01-16 21:36:40.856 29005 29005 E RecyclerView: No adapter attached; skipping layout
01-16 21:36:41.841 29005 29058 E SQLiteDatabase: Error inserting transferred=0 media_job_uuid=c43efc2d-4f0d-42df-81d4-20a93db28329 transcoded=0 gif_attribution=0 first_scan_length=0 direct_path=/v/t62.7161- 24/31212305_903703391466626_6865765995053461252_n.enc?ccb=11-4&oh=01_AdSp1s46dAW2w- zJz9oWJk8Cm6EH7025ax0FGyP5n5zQLg&oe=65CD3F07&_nc_sid=5e03e0 thumbnail_height_width_ratio=1.7777778 is_animated_sticker=0 file_hash=2e0zjKLYh65EOVea0VjWG6wIq/jV6vzj01X3G6TufFY= file_path=null file_size=0 partial_media_hash=null face_x=0 face_y=0 height=656 trim_to=0 media_key_timestamp=1705365798000 message_url=https://mmg.whatsapp.net/v/t62.7161- 24/31212305_903703391466626_6865765995053461252_n.enc?ccb=11-4&oh=01_AdSp1s46dAW2w- zJz9oWJk8Cm6EH7025ax0FGyP5n5zQLg&oe=65CD3F07&_nc_sid=5e03e0&mms3=true media_caption=null trim_from=0 mime_type=video/mp4 partial_media_enc_hash=null width=368 original_file_hash=null has_streaming_sidecar=1 autotransfer_retry_enabled=0 media_upload_handle=null message_row_id=1811 multicast_id=null enc_file_hash=t7dmOQtNm34iA4vkpaOt4MpJRcIDPW/IGYzZIwHlciE= mute_video=0 page_count=0 first_scan_sidecar=null suspicious_content=0 file_length=2700344 media_name=null media_duration=21 chat_row_id=227 media_key=[B@4575386
01-16 21:36:41.841 29005 29058 E SQLiteDatabase: android.database.sqlite.SQLiteConstraintException: UNIQUE constraint failed: message_media.message_row_id (code 1555 SQLITE_CONSTRAINT_PRIMARYKEY)
01-16 21:36:41.841 29005 29058 E SQLiteDatabase: at android.database.sqlite.SQLiteConnection.nativeExecuteForLastInsertedRowId(Native Method)
