01-16 06:21:16.956 10434 10434 E ArmVmp : Match on catch block at 0xc3 in for 0x71d8987025
01-16 06:21:16.964 10434 10434 E ArmVmp : Match on catch block at 0xc3 in for 0x71d8987025
01-16 06:21:16.968 10434 10434 E ArmVmp : Match on catch block at 0xc3 in for 0x71d8987025
01-16 06:21:16.980 10434 10434 E ArmVmp : Match on catch block at 0xc3 in for 0x71d8987025
01-16 06:21:16.984 10434 10434 E ArmVmp : Match on catch block at 0xc3 in for 0x71d8987025
01-16 06:21:16.997 10434 10434 E ArmVmp : Match on catch block at 0xc3 in for 0x71d8987025
01-16 06:21:17.001 10434 10434 E ArmVmp : Match on catch block at 0xc3 in for 0x71d8987025
01-16 06:21:17.013 10434 10434 E ArmVmp : Match on catch block at 0xc3 in for 0x71d8987025
01-16 06:21:17.017 10434 10434 E ArmVmp : Match on catch block at 0xc3 in for 0x71d8987025
01-16 06:21:17.026 10434 10434 E ArmVmp : Match on catch block at 0xc3 in for 0x71d8987025
01-16 06:21:17.031 10434 10434 E ArmVmp : Match on catch block at 0xc3 in for 0x71d8987025
01-16 06:21:17.043 10434 10434 E ArmVmp : Match on catch block at 0xc3 in for 0x71d8987025
01-16 06:21:17.048 10434 10434 E ArmVmp : Match on catch block at 0xc3 in for 0x71d8987025
01-16 06:21:17.059 10434 10434 E ArmVmp : Match on catch block at 0xc3 in for 0x71d8987025
01-16 06:21:17.063 10434 10434 E ArmVmp : Match on catch block at 0xc3 in for 0x71d8987025
01-16 06:21:17.076 10434 10434 E ArmVmp : Match on catch block at 0xc3 in for 0x71d8987025
01-16 06:21:17.079 10434 10434 E ArmVmp : Match on catch block at 0xc3 in for 0x71d8987025
01-16 06:21:17.092 10434 10434 E ArmVmp : Match on catch block at 0xc3 in for 0x71d8987025
01-16 06:21:17.096 10434 10434 E ArmVmp : Match on catch block at 0xc3 in for 0x71d8987025
01-16 06:21:17.108 10434 10434 E ArmVmp : Match on catch block at 0xc3 in for 0x71d8987025
01-16 06:21:17.113 10434 10434 E ArmVmp : Match on catch block at 0xc3 in for 0x71d8987025
01-16 06:21:17.124 10434 10434 E ArmVmp : Match on catch block at 0xc3 in for 0x71d8987025
01-16 06:21:17.128 10434 10434 E ArmVmp : Match on catch block at 0xc3 in for 0x71d8987025
01-16 06:21:17.143 10434 14487 E BLASTBufferQueue: BLASTBufferItemConsumer::onDisconnect()
01-16 06:21:17.153 10434 10434 W InputEventReceiver: Attempted to finish an input event but the input event receiver has already been disposed.
01-16 06:21:17.158 10434 10434 E ArmVmp : Match on catch block at 0xc3 in for 0x71d8987025
01-16 06:21:17.162 10434 10434 E ArmVmp : Match on catch block at 0xc3 in for 0x71d8987025
01-16 06:21:17.173 10434 10434 E ArmVmp : Match on catch block at 0xc3 in for 0x71d8987025
01-16 06:21:17.177 10434 10434 E ArmVmp : Match on catch block at 0xc3 in for 0x71d8987025
01-16 06:21:17.368 10434 10434 E ArmVmp : Match on catch block at 0xc3 in for 0x71d8987025
01-16 06:21:17.372 10434 10434 E ArmVmp : Match on catch block at 0xc3 in for 0x71d8987025
01-16 06:21:17.434 10434 10434 E ArmVmp : Match on catch block at 0xc3 in for 0x71d8987025
01-16 06:21:17.438 10434 10434 E ArmVmp : Match on catch block at 0xc3 in for 0x71d8987025
01-16 06:21:17.454 10434 10434 E ArmVmp : Match on catch block at 0xc3 in for 0x71d8987025
01-16 06:21:17.457 10434 10434 E ArmVmp : Match on catch block at 0xc3 in for 0x71d8987025
01-16 06:21:17.465 10434 10434 E ArmVmp : Match on catch block at 0xc3 in for 0x71d8987025
01-16 06:21:17.469 10434 10434 E ArmVmp : Match on catch block at 0xc3 in for 0x71d8987025
01-16 06:21:17.482 10434 10434 E ArmVmp : Match on catch block at 0xc3 in for 0x71d8987025
01-16 06:21:17.485 10434 10434 E ArmVmp : Match on catch block at 0xc3 in for 0x71d8987025
01-16 06:21:17.499 10434 10434 E ArmVmp : Match on catch block at 0xc3 in for 0x71d8987025
01-16 06:21:17.503 10434 10434 E ArmVmp : Match on catch block at 0xc3 in for 0x71d8987025
01-16 06:21:17.515 10434 10434 E ArmVmp : Match on catch block at 0xc3 in for 0x71d8987025
01-16 06:21:17.518 10434 10434 E ArmVmp : Match on catch block at 0xc3 in for 0x71d8987025
01-16 06:21:20.074 10434 10434 E ArmVmp : Match on catch block at 0xc3 in for 0x71d8987025
01-16 06:21:20.079 10434 10434 E ArmVmp : Match on catch block at 0xc3 in for 0x71d8987025
01-16 06:21:20.112 10434 10434 E ArmVmp : Match on catch block at 0xc3 in for 0x71d8987025
01-16 06:21:20.116 10434 10434 E ArmVmp : Match on catch block at 0xc3 in for 0x71d8987025
01-16 06:21:20.688 10434 10434 E ArmVmp : Match on catch block at 0xc3 in for 0x71d8987025
01-16 06:21:20.695 10434 10434 E ArmVmp : Match on catch block at 0xc3 in for 0x71d8987025
01-16 06:21:21.714 10434 10434 E ArmVmp : Match on catch block at 0xc3 in for 0x71d8987025
01-16 06:21:21.717 10434 10434 E ArmVmp : Match on catch block at 0xc3 in for 0x71d8987025
01-16 06:21:21.729 10434 10434 E ArmVmp : Match on catch block at 0xc3 in for 0x71d8987025
01-16 06:21:21.731 10434 10434 E ArmVmp : Match on catch block at 0xc3 in for 0x71d8987025
01-16 06:21:21.746 10434 10434 E ArmVmp : Match on catch block at 0xc3 in for 0x71d8987025
01-16 06:21:21.750 10434 10434 E ArmVmp : Match on catch block at 0xc3 in for 0x71d8987025
01-16 06:21:21.761 10434 10434 E ArmVmp : Match on catch block at 0xc3 in for 0x71d8987025
01-16 06:21:21.765 10434 10434 E ArmVmp : Match on catch block at 0xc3 in for 0x71d8987025
01-16 06:21:21.778 10434 10434 E ArmVmp : Match on catch block at 0xc3 in for 0x71d8987025
01-16 06:21:21.781 10434 10434 E ArmVmp : Match on catch block at 0xc3 in for 0x71d8987025
01-16 06:21:21.815 10434 14487 E BLASTBufferQueue: BLASTBufferItemConsumer::onDisconnect()
01-16 06:21:22.217 10434 10434 E ArmVmp : Match on catch block at 0xc3 in for 0x71d8987025
01-16 06:21:22.221 10434 10434 E ArmVmp : Match on catch block at 0xc3 in for 0x71d8987025
01-16 06:21:22.625 10434 10434 E ArmVmp : Match on catch block at 0xc3 in for 0x71d8987025
01-16 06:21:22.628 10434 10434 E ArmVmp : Match on catch block at 0xc3 in for 0x71d8987025
01-16 06:21:22.710 10434 10434 E ArmVmp : Match on catch block at 0xc3 in for 0x71d8987025
01-16 06:21:22.713 10434 10434 E ArmVmp : Match on catch block at 0xc3 in for 0x71d8987025
01-16 06:21:22.724 10434 10434 E ArmVmp : Match on catch block at 0xc3 in for 0x71d8987025
01-16 06:21:22.728 10434 10434 E ArmVmp : Match on catch block at 0xc3 in for 0x71d8987025
01-16 06:21:23.218 10434 10434 E ArmVmp : Match on catch block at 0xc3 in for 0x71d8987025
01-16 06:21:23.220 10434 10434 E ArmVmp : Match on catch block at 0xc3 in for 0x71d8987025
01-16 06:21:23.242 10434 10434 E ArmVmp : Match on catch block at 0xc3 in for 0x71d8987025
01-16 06:21:23.245 10434 10434 E ArmVmp : Match on catch block at 0xc3 in for 0x71d8987025
01-16 06:21:23.535 10434 10434 E ArmVmp : Match on catch block at 0xc3 in for 0x71d8987025
01-16 06:21:23.539 10434 10434 E ArmVmp : Match on catch block at 0xc3 in for 0x71d8987025
01-16 06:21:23.552 10434 10434 E ArmVmp : Match on catch block at 0xc3 in for 0x71d8987025
01-16 06:21:23.556 10434 10434 E ArmVmp : Match on catch block at 0xc3 in for 0x71d8987025
01-16 06:21:23.568 10434 10434 E ArmVmp : Match on catch block at 0xc3 in for 0x71d8987025
01-16 06:21:23.572 10434 10434 E ArmVmp : Match on catch block at 0xc3 in for 0x71d8987025
01-16 06:21:23.584 10434 10434 E ArmVmp : Match on catch block at 0xc3 in for 0x71d8987025
01-16 06:21:23.588 10434 10434 E ArmVmp : Match on catch block at 0xc3 in for 0x71d8987025
01-16 06:21:23.600 10434 10434 E ArmVmp : Match on catch block at 0xc3 in for 0x71d8987025
01-16 06:21:23.604 10434 10434 E ArmVmp : Match on catch block at 0xc3 in for 0x71d8987025
01-16 06:21:23.619 10434 10434 E ArmVmp : Match on catch block at 0xc3 in for 0x71d8987025
01-16 06:21:23.623 10434 10434 E ArmVmp : Match on catch block at 0xc3 in for 0x71d8987025
01-16 06:21:23.635 10434 10434 E ArmVmp : Match on catch block at 0xc3 in for 0x71d8987025
01-16 06:21:23.639 10434 10434 E ArmVmp : Match on catch block at 0xc3 in for 0x71d8987025
01-16 06:21:23.651 10434 10434 E ArmVmp : Match on catch block at 0xc3 in for 0x71d8987025
01-16 06:21:23.656 10434 10434 E ArmVmp : Match on catch block at 0xc3 in for 0x71d8987025
01-16 06:21:23.668 10434 10434 E ArmVmp : Match on catch block at 0xc3 in for 0x71d8987025
01-16 06:21:23.672 10434 10434 E ArmVmp : Match on catch block at 0xc3 in for 0x71d8987025
01-16 06:21:23.685 10434 10434 E ArmVmp : Match on catch block at 0xc3 in for 0x71d8987025
01-16 06:21:23.689 10434 10434 E ArmVmp : Match on catch block at 0xc3 in for 0x71d8987025
01-16 06:21:23.698 10434 10434 E ArmVmp : Match on catch block at 0xc3 in for 0x71d8987025
01-16 06:21:23.701 10434 10434 E ArmVmp : Match on catch block at 0xc3 in for 0x71d8987025
01-16 06:21:23.714 10434 10434 E ArmVmp : Match on catch block at 0xc3 in for 0x71d8987025
01-16 06:21:23.718 10434 10434 E ArmVmp : Match on catch block at 0xc3 in for 0x71d8987025
01-16 06:21:23.730 10434 10434 E ArmVmp : Match on catch block at 0xc3 in for 0x71d8987025
01-16 06:21:23.734 10434 10434 E ArmVmp : Match on catch block at 0xc3 in for 0x71d8987025
01-16 06:21:23.747 10434 10434 E ArmVmp : Match on catch block at 0xc3 in for 0x71d8987025
01-16 06:21:23.751 10434 10434 E ArmVmp : Match on catch block at 0xc3 in for 0x71d8987025
01-16 06:21:23.763 10434 10434 E ArmVmp : Match on catch block at 0xc3 in for 0x71d8987025
01-16 06:21:23.767 10434 10434 E ArmVmp : Match on catch block at 0xc3 in for 0x71d8987025
01-16 06:21:23.779 10434 10434 E ArmVmp : Match on catch block at 0xc3 in for 0x71d8987025
01-16 06:21:23.784 10434 10434 E ArmVmp : Match on catch block at 0xc3 in for 0x71d8987025
01-16 06:21:23.796 10434 10434 E ArmVmp : Match on catch block at 0xc3 in for 0x71d8987025
01-16 06:21:23.799 10434 10434 E ArmVmp : Match on catch block at 0xc3 in for 0x71d8987025
01-16 06:21:23.812 10434 10434 E ArmVmp : Match on catch block at 0xc3 in for 0x71d8987025
01-16 06:21:23.816 10434 10434 E ArmVmp : Match on catch block at 0xc3 in for 0x71d8987025
01-16 06:21:23.828 10434 10434 E ArmVmp : Match on catch block at 0xc3 in for 0x71d8987025
01-16 06:21:23.832 10434 10434 E ArmVmp : Match on catch block at 0xc3 in for 0x71d8987025
01-16 06:21:23.844 10434 10434 E ArmVmp : Match on catch block at 0xc3 in for 0x71d8987025
01-16 06:21:23.848 10434 10434 E ArmVmp : Match on catch block at 0xc3 in for 0x71d8987025
01-16 06:21:23.861 10434 10434 E ArmVmp : Match on catch block at 0xc3 in for 0x71d8987025
01-16 06:21:23.864 10434 10434 E ArmVmp : Match on catch block at 0xc3 in for 0x71d8987025
01-16 06:21:23.914 10434 10434 E ArmVmp : Match on catch block at 0xc3 in for 0x71d8987025
01-16 06:21:23.918 10434 10434 E ArmVmp : Match on catch block at 0xc3 in for 0x71d8987025
01-16 06:21:23.925 10434 10434 E ArmVmp : Match on catch block at 0xc3 in for 0x71d8987025
01-16 06:21:23.928 10434 10434 E ArmVmp : Match on catch block at 0xc3 in for 0x71d8987025
01-16 06:21:23.942 10434 10434 E ArmVmp : Match on catch block at 0xc3 in for 0x71d8987025
01-16 06:21:23.945 10434 10434 E ArmVmp : Match on catch block at 0xc3 in for 0x71d8987025
01-16 06:21:23.959 10434 10434 E ArmVmp : Match on catch block at 0xc3 in for 0x71d8987025
01-16 06:21:23.962 10434 10434 E ArmVmp : Match on catch block at 0xc3 in for 0x71d8987025
01-16 06:21:23.974 10434 10434 E ArmVmp : Match on catch block at 0xc3 in for 0x71d8987025
01-16 06:21:23.977 10434 10434 E ArmVmp : Match on catch block at 0xc3 in for 0x71d8987025
01-16 06:21:23.990 10434 10434 E ArmVmp : Match on catch block at 0xc3 in for 0x71d8987025
01-16 06:21:23.994 10434 10434 E ArmVmp : Match on catch block at 0xc3 in for 0x71d8987025
01-16 06:21:24.007 10434 10434 E ArmVmp : Match on catch block at 0xc3 in for 0x71d8987025
01-16 06:21:24.009 10434 10434 E ArmVmp : Match on catch block at 0xc3 in for 0x71d8987025
01-16 06:21:24.024 10434 10434 E ArmVmp : Match on catch block at 0xc3 in for 0x71d8987025
01-16 06:21:24.026 10434 10434 E ArmVmp : Match on catch block at 0xc3 in for 0x71d8987025
01-16 06:21:24.040 10434 10434 E ArmVmp : Match on catch block at 0xc3 in for 0x71d8987025
01-16 06:21:24.044 10434 10434 E ArmVmp : Match on catch block at 0xc3 in for 0x71d8987025
01-16 06:21:24.056 10434 10434 E ArmVmp : Match on catch block at 0xc3 in for 0x71d8987025
01-16 06:21:24.059 10434 10434 E ArmVmp : Match on catch block at 0xc3 in for 0x71d8987025
01-16 06:21:24.072 10434 10434 E ArmVmp : Match on catch block at 0xc3 in for 0x71d8987025
01-16 06:21:24.075 10434 10434 E ArmVmp : Match on catch block at 0xc3 in for 0x71d8987025
01-16 06:21:24.090 10434 10434 E ArmVmp : Match on catch block at 0xc3 in for 0x71d8987025
01-16 06:21:24.093 10434 10434 E ArmVmp : Match on catch block at 0xc3 in for 0x71d8987025
01-16 06:21:24.251 10434 10434 E ArmVmp : Match on catch block at 0xc3 in for 0x71d8987025
01-16 06:21:24.255 10434 10434 E ArmVmp : Match on catch block at 0xc3 in for 0x71d8987025
01-16 06:21:24.431 10434 10434 E ArmVmp : Match on catch block at 0xc3 in for 0x71d8987025
01-16 06:21:24.434 10434 10434 E ArmVmp : Match on catch block at 0xc3 in for 0x71d8987025
01-16 06:21:24.859 10434 10434 E ArmVmp : Match on catch block at 0xc3 in for 0x71d8987025
01-16 06:21:24.861 10434 10434 E ArmVmp : Match on catch block at 0xc3 in for 0x71d8987025
01-16 06:21:24.886 10434 10434 E ArmVmp : Match on catch block at 0xc3 in for 0x71d8987025
01-16 06:21:24.892 10434 10434 E ArmVmp : Match on catch block at 0xc3 in for 0x71d8987025
01-16 06:21:24.942 10434 10434 E ArmVmp : Match on catch block at 0xc3 in for 0x71d8987025
01-16 06:21:24.944 10434 10434 E ArmVmp : Match on catch block at 0xc3 in for 0x71d8987025
01-16 06:21:24.957 10434 10434 E ArmVmp : Match on catch block at 0xc3 in for 0x71d8987025
01-16 06:21:24.959 10434 10434 E ArmVmp : Match on catch block at 0xc3 in for 0x71d8987025
01-16 06:21:24.971 10434 10434 E ArmVmp : Match on catch block at 0xc3 in for 0x71d8987025
01-16 06:21:24.974 10434 10434 E ArmVmp : Match on catch block at 0xc3 in for 0x71d8987025
01-16 06:21:24.990 10434 10434 E ArmVmp : Match on catch block at 0xc3 in for 0x71d8987025
01-16 06:21:24.994 10434 10434 E ArmVmp : Match on catch block at 0xc3 in for 0x71d8987025
01-16 06:21:25.006 10434 10434 E ArmVmp : Match on catch block at 0xc3 in for 0x71d8987025
01-16 06:21:25.010 10434 10434 E ArmVmp : Match on catch block at 0xc3 in for 0x71d8987025
01-16 06:21:25.022 10434 10434 E ArmVmp : Match on catch block at 0xc3 in for 0x71d8987025
01-16 06:21:25.026 10434 10434 E ArmVmp : Match on catch block at 0xc3 in for 0x71d8987025
01-16 06:21:25.038 10434 10434 E ArmVmp : Match on catch block at 0xc3 in for 0x71d8987025
01-16 06:21:25.042 10434 10434 E ArmVmp : Match on catch block at 0xc3 in for 0x71d8987025
01-16 06:21:25.375 10434 10434 E ArmVmp : Match on catch block at 0xc3 in for 0x71d8987025
01-16 06:21:25.381 10434 10434 E ArmVmp : Match on catch block at 0xc3 in for 0x71d8987025
01-16 06:21:25.488 10434 10434 E ArmVmp : Match on catch block at 0xc3 in for 0x71d8987025
01-16 06:21:25.491 10434 10434 E ArmVmp : Match on catch block at 0xc3 in for 0x71d8987025
01-16 06:21:25.553 10434 10434 E ArmVmp : Match on catch block at 0xc3 in for 0x71d8987025
01-16 06:21:25.555 10434 10434 E ArmVmp : Match on catch block at 0xc3 in for 0x71d8987025
01-16 06:21:25.846 10434 10568 W PermissionInjector: applyBatch in invalid type: 2
01-16 06:21:25.878 10434 10434 E ArmVmp : Match on catch block at 0xc3 in for 0x71d8987025
01-16 06:21:25.880 10434 10434 E ArmVmp : Match on catch block at 0xc3 in for 0x71d8987025
01-16 06:21:25.994 10434 10434 E ArmVmp : Match on catch block at 0xc3 in for 0x71d8987025
01-16 06:21:25.996 10434 10434 E ArmVmp : Match on catch block at 0xc3 in for 0x71d8987025
01-16 06:21:26.016 10434 10434 E ArmVmp : Match on catch block at 0xc3 in for 0x71d8987025
01-16 06:21:26.018 10434 10434 E ArmVmp : Match on catch block at 0xc3 in for 0x71d8987025
01-16 06:21:26.156 10434 14487 E BLASTBufferQueue: BLASTBufferItemConsumer::onDisconnect()
01-16 06:21:26.233 10434 10434 W ViewPager: Requested offscreen page limit 0 too small; defaulting to 1
01-16 06:21:26.250 10434 10434 E ArmVmp : Match on catch block at 0xc3 in for 0x71d8987025
01-16 06:21:26.252 10434 10434 E ArmVmp : Match on catch block at 0xc3 in for 0x71d8987025
01-16 06:21:26.314 10434 10434 E RecyclerView: No layout manager attached; skipping layout
01-16 06:21:26.316 10434 10434 E ArmVmp : Match on catch block at 0xc3 in for 0x71d8987025
01-16 06:21:26.319 10434 10434 E ArmVmp : Match on catch block at 0xc3 in for 0x71d8987025
01-16 06:21:26.360 10434 10434 E RecyclerView: No layout manager attached; skipping layout
01-16 06:21:26.362 10434 10434 E ArmVmp : Match on catch block at 0xc3 in for 0x71d8987025
01-16 06:21:26.366 10434 10434 E ArmVmp : Match on catch block at 0xc3 in for 0x71d8987025
01-16 06:21:26.458 10434 10434 E ArmVmp : Match on catch block at 0xc3 in for 0x71d8987025
01-16 06:21:26.462 10434 10434 E ArmVmp : Match on catch block at 0xc3 in for 0x71d8987025
01-16 06:21:26.484 10434 10434 E ArmVmp : Match on catch block at 0xc3 in for 0x71d8987025
01-16 06:21:26.487 10434 10434 E ArmVmp : Match on catch block at 0xc3 in for 0x71d8987025
01-16 06:21:26.495 10434 10434 E ArmVmp : Match on catch block at 0xc3 in for 0x71d8987025
01-16 06:21:26.498 10434 10434 E ArmVmp : Match on catch block at 0xc3 in for 0x71d8987025
01-16 06:21:26.514 10434 10434 E ArmVmp : Match on catch block at 0xc3 in for 0x71d8987025
01-16 06:21:26.517 10434 10434 E ArmVmp : Match on catch block at 0xc3 in for 0x71d8987025
01-16 06:21:26.620 10434 10434 E ArmVmp : Match on catch block at 0xc3 in for 0x71d8987025
01-16 06:21:26.622 10434 10434 E ArmVmp : Match on catch block at 0xc3 in for 0x71d8987025
01-16 06:21:26.677 10434 10434 E ArmVmp : Match on catch block at 0xc3 in for 0x71d8987025
01-16 06:21:26.681 10434 10434 E ArmVmp : Match on catch block at 0xc3 in for 0x71d8987025
01-16 06:21:27.639 10434 10434 E ArmVmp : Match on catch block at 0xc3 in for 0x71d8987025
01-16 06:21:27.643 10434 10434 E ArmVmp : Match on catch block at 0xc3 in for 0x71d8987025
01-16 06:21:27.654 10434 10434 E ArmVmp : Match on catch block at 0xc3 in for 0x71d8987025
01-16 06:21:27.657 10434 10434 E ArmVmp : Match on catch block at 0xc3 in for 0x71d8987025
01-16 06:21:27.679 10434 10434 E ArmVmp : Match on catch block at 0xc3 in for 0x71d8987025
01-16 06:21:27.681 10434 10434 E ArmVmp : Match on catch block at 0xc3 in for 0x71d8987025
01-16 06:21:27.690 10434 10434 E ArmVmp : Match on catch block at 0xc3 in for 0x71d8987025
01-16 06:21:27.693 10434 10434 E ArmVmp : Match on catch block at 0xc3 in for 0x71d8987025
01-16 06:21:27.711 10434 10434 E ArmVmp : Match on catch block at 0xc3 in for 0x71d8987025
01-16 06:21:27.714 10434 10434 E ArmVmp : Match on catch block at 0xc3 in for 0x71d8987025
01-16 06:21:27.726 10434 10434 E ArmVmp : Match on catch block at 0xc3 in for 0x71d8987025
01-16 06:21:27.729 10434 10434 E ArmVmp : Match on catch block at 0xc3 in for 0x71d8987025
01-16 06:21:27.745 10434 10434 E ArmVmp : Match on catch block at 0xc3 in for 0x71d8987025
01-16 06:21:27.748 10434 10434 E ArmVmp : Match on catch block at 0xc3 in for 0x71d8987025
01-16 06:21:27.761 10434 10434 E ArmVmp : Match on catch block at 0xc3 in for 0x71d8987025
01-16 06:21:27.763 10434 10434 E ArmVmp : Match on catch block at 0xc3 in for 0x71d8987025
01-16 06:21:27.780 10434 10434 E ArmVmp : Match on catch block at 0xc3 in for 0x71d8987025
01-16 06:21:27.783 10434 10434 E ArmVmp : Match on catch block at 0xc3 in for 0x71d8987025
01-16 06:21:27.798 10434 10434 E ArmVmp : Match on catch block at 0xc3 in for 0x71d8987025
01-16 06:21:27.802 10434 10434 E ArmVmp : Match on catch block at 0xc3 in for 0x71d8987025
01-16 06:21:27.816 10434 10434 E ArmVmp : Match on catch block at 0xc3 in for 0x71d8987025
01-16 06:21:27.819 10434 10434 E ArmVmp : Match on catch block at 0xc3 in for 0x71d8987025
01-16 06:21:27.832 10434 10434 E ArmVmp : Match on catch block at 0xc3 in for 0x71d8987025
01-16 06:21:27.835 10434 10434 E ArmVmp : Match on catch block at 0xc3 in for 0x71d8987025
01-16 06:21:27.847 10434 10434 E ArmVmp : Match on catch block at 0xc3 in for 0x71d8987025
01-16 06:21:27.849 10434 10434 E ArmVmp : Match on catch block at 0xc3 in for 0x71d8987025
01-16 06:21:27.859 10434 10434 E ArmVmp : Match on catch block at 0xc3 in for 0x71d8987025
01-16 06:21:27.861 10434 10434 E ArmVmp : Match on catch block at 0xc3 in for 0x71d8987025
01-16 06:21:27.876 10434 10434 E ArmVmp : Match on catch block at 0xc3 in for 0x71d8987025
01-16 06:21:27.879 10434 10434 E ArmVmp : Match on catch block at 0xc3 in for 0x71d8987025
01-16 06:21:27.891 10434 10434 E ArmVmp : Match on catch block at 0xc3 in for 0x71d8987025
01-16 06:21:27.894 10434 10434 E ArmVmp : Match on catch block at 0xc3 in for 0x71d8987025
01-16 06:21:27.904 10434 10434 E ArmVmp : Match on catch block at 0xc3 in for 0x71d8987025
01-16 06:21:27.906 10434 10434 E ArmVmp : Match on catch block at 0xc3 in for 0x71d8987025
01-16 06:21:27.915 10434 10434 E ArmVmp : Match on catch block at 0xc3 in for 0x71d8987025
01-16 06:21:27.919 10434 10434 E ArmVmp : Match on catch block at 0xc3 in for 0x71d8987025
01-16 06:21:27.930 10434 10434 E ArmVmp : Match on catch block at 0xc3 in for 0x71d8987025
01-16 06:21:27.933 10434 10434 E ArmVmp : Match on catch block at 0xc3 in for 0x71d8987025
01-16 06:21:27.946 10434 10434 E ArmVmp : Match on catch block at 0xc3 in for 0x71d8987025
01-16 06:21:27.949 10434 10434 E ArmVmp : Match on catch block at 0xc3 in for 0x71d8987025
01-16 06:21:27.964 10434 10434 E ArmVmp : Match on catch block at 0xc3 in for 0x71d8987025
01-16 06:21:27.966 10434 10434 E ArmVmp : Match on catch block at 0xc3 in for 0x71d8987025
01-16 06:21:27.979 10434 10434 E ArmVmp : Match on catch block at 0xc3 in for 0x71d8987025
01-16 06:21:27.981 10434 10434 E ArmVmp : Match on catch block at 0xc3 in for 0x71d8987025
01-16 06:21:27.994 10434 10434 E ArmVmp : Match on catch block at 0xc3 in for 0x71d8987025
01-16 06:21:27.997 10434 10434 E ArmVmp : Match on catch block at 0xc3 in for 0x71d8987025
01-16 06:21:28.011 10434 10434 E ArmVmp : Match on catch block at 0xc3 in for 0x71d8987025
01-16 06:21:28.014 10434 10434 E ArmVmp : Match on catch block at 0xc3 in for 0x71d8987025
01-16 06:21:28.028 10434 10434 E ArmVmp : Match on catch block at 0xc3 in for 0x71d8987025
01-16 06:21:28.030 10434 10434 E ArmVmp : Match on catch block at 0xc3 in for 0x71d8987025
01-16 06:21:28.047 10434 10434 E ArmVmp : Match on catch block at 0xc3 in for 0x71d8987025
01-16 06:21:28.051 10434 10434 E ArmVmp : Match on catch block at 0xc3 in for 0x71d8987025
01-16 06:21:28.061 10434 10434 E ArmVmp : Match on catch block at 0xc3 in for 0x71d8987025
01-16 06:21:28.064 10434 10434 E ArmVmp : Match on catch block at 0xc3 in for 0x71d8987025
01-16 06:21:28.076 10434 10434 E ArmVmp : Match on catch block at 0xc3 in for 0x71d8987025
01-16 06:21:28.078 10434 10434 E ArmVmp : Match on catch block at 0xc3 in for 0x71d8987025
01-16 06:21:28.091 10434 10434 E ArmVmp : Match on catch block at 0xc3 in for 0x71d8987025
01-16 06:21:28.094 10434 10434 E ArmVmp : Match on catch block at 0xc3 in for 0x71d8987025
01-16 06:21:28.108 10434 10434 E ArmVmp : Match on catch block at 0xc3 in for 0x71d8987025
01-16 06:21:28.110 10434 10434 E ArmVmp : Match on catch block at 0xc3 in for 0x71d8987025
01-16 06:21:28.124 10434 10434 E ArmVmp : Match on catch block at 0xc3 in for 0x71d8987025
01-16 06:21:28.126 10434 10434 E ArmVmp : Match on catch block at 0xc3 in for 0x71d8987025
01-16 06:21:28.276 10434 10434 E ArmVmp : Match on catch block at 0xc3 in for 0x71d8987025
01-16 06:21:28.281 10434 10434 E ArmVmp : Match on catch block at 0xc3 in for 0x71d8987025
01-16 06:21:28.290 10434 10434 E ArmVmp : Match on catch block at 0xc3 in for 0x71d8987025
01-16 06:21:28.293 10434 10434 E ArmVmp : Match on catch block at 0xc3 in for 0x71d8987025
01-16 06:21:28.304 10434 10434 E ArmVmp : Match on catch block at 0xc3 in for 0x71d8987025
01-16 06:21:28.306 10434 10434 E ArmVmp : Match on catch block at 0xc3 in for 0x71d8987025
01-16 06:21:28.321 10434 10434 E ArmVmp : Match on catch block at 0xc3 in for 0x71d8987025
01-16 06:21:28.324 10434 10434 E ArmVmp : Match on catch block at 0xc3 in for 0x71d8987025
01-16 06:21:28.337 10434 10434 E ArmVmp : Match on catch block at 0xc3 in for 0x71d8987025
01-16 06:21:28.341 10434 10434 E ArmVmp : Match on catch block at 0xc3 in for 0x71d8987025
01-16 06:21:28.354 10434 10434 E ArmVmp : Match on catch block at 0xc3 in for 0x71d8987025
01-16 06:21:28.358 10434 10434 E ArmVmp : Match on catch block at 0xc3 in for 0x71d8987025
01-16 06:21:28.369 10434 10434 E ArmVmp : Match on catch block at 0xc3 in for 0x71d8987025
01-16 06:21:28.373 10434 10434 E ArmVmp : Match on catch block at 0xc3 in for 0x71d8987025
01-16 06:21:28.386 10434 10434 E ArmVmp : Match on catch block at 0xc3 in for 0x71d8987025
01-16 06:21:28.389 10434 10434 E ArmVmp : Match on catch block at 0xc3 in for 0x71d8987025
01-16 06:21:28.401 10434 10434 E ArmVmp : Match on catch block at 0xc3 in for 0x71d8987025
01-16 06:21:28.404 10434 10434 E ArmVmp : Match on catch block at 0xc3 in for 0x71d8987025
01-16 06:21:28.418 10434 10434 E ArmVmp : Match on catch block at 0xc3 in for 0x71d8987025
01-16 06:21:28.421 10434 10434 E ArmVmp : Match on catch block at 0xc3 in for 0x71d8987025
01-16 06:21:28.434 10434 10434 E ArmVmp : Match on catch block at 0xc3 in for 0x71d8987025
01-16 06:21:28.436 10434 10434 E ArmVmp : Match on catch block at 0xc3 in for 0x71d8987025
01-16 06:21:28.450 10434 10434 E ArmVmp : Match on catch block at 0xc3 in for 0x71d8987025
01-16 06:21:28.453 10434 10434 E ArmVmp : Match on catch block at 0xc3 in for 0x71d8987025
01-16 06:21:28.467 10434 10434 E ArmVmp : Match on catch block at 0xc3 in for 0x71d8987025
01-16 06:21:28.470 10434 10434 E ArmVmp : Match on catch block at 0xc3 in for 0x71d8987025
01-16 06:21:28.483 10434 10434 E ArmVmp : Match on catch block at 0xc3 in for 0x71d8987025
01-16 06:21:28.487 10434 10434 E ArmVmp : Match on catch block at 0xc3 in for 0x71d8987025
01-16 06:21:28.502 10434 10434 E ArmVmp : Match on catch block at 0xc3 in for 0x71d8987025
01-16 06:21:28.504 10434 10434 E ArmVmp : Match on catch block at 0xc3 in for 0x71d8987025
01-16 06:21:28.515 10434 10434 E ArmVmp : Match on catch block at 0xc3 in for 0x71d8987025
01-16 06:21:28.517 10434 10434 E ArmVmp : Match on catch block at 0xc3 in for 0x71d8987025
01-16 06:21:28.531 10434 10434 E ArmVmp : Match on catch block at 0xc3 in for 0x71d8987025
01-16 06:21:28.534 10434 10434 E ArmVmp : Match on catch block at 0xc3 in for 0x71d8987025
01-16 06:21:28.548 10434 10434 E ArmVmp : Match on catch block at 0xc3 in for 0x71d8987025
01-16 06:21:28.550 10434 10434 E ArmVmp : Match on catch block at 0xc3 in for 0x71d8987025
01-16 06:21:28.564 10434 10434 E ArmVmp : Match on catch block at 0xc3 in for 0x71d8987025
01-16 06:21:28.566 10434 10434 E ArmVmp : Match on catch block at 0xc3 in for 0x71d8987025
01-16 06:21:28.580 10434 10434 E ArmVmp : Match on catch block at 0xc3 in for 0x71d8987025
01-16 06:21:28.583 10434 10434 E ArmVmp : Match on catch block at 0xc3 in for 0x71d8987025
01-16 06:21:28.597 10434 10434 E ArmVmp : Match on catch block at 0xc3 in for 0x71d8987025
01-16 06:21:28.600 10434 10434 E ArmVmp : Match on catch block at 0xc3 in for 0x71d8987025
01-16 06:21:28.613 10434 10434 E ArmVmp : Match on catch block at 0xc3 in for 0x71d8987025
01-16 06:21:28.617 10434 10434 E ArmVmp : Match on catch block at 0xc3 in for 0x71d8987025
01-16 06:21:28.629 10434 10434 E ArmVmp : Match on catch block at 0xc3 in for 0x71d8987025
01-16 06:21:28.633 10434 10434 E ArmVmp : Match on catch block at 0xc3 in for 0x71d8987025
01-16 06:21:28.645 10434 10434 E ArmVmp : Match on catch block at 0xc3 in for 0x71d8987025
01-16 06:21:28.648 10434 10434 E ArmVmp : Match on catch block at 0xc3 in for 0x71d8987025
01-16 06:21:28.662 10434 10434 E ArmVmp : Match on catch block at 0xc3 in for 0x71d8987025
01-16 06:21:28.665 10434 10434 E ArmVmp : Match on catch block at 0xc3 in for 0x71d8987025
01-16 06:21:28.678 10434 10434 E ArmVmp : Match on catch block at 0xc3 in for 0x71d8987025
01-16 06:21:28.682 10434 10434 E ArmVmp : Match on catch block at 0xc3 in for 0x71d8987025
01-16 06:21:28.694 10434 10434 E ArmVmp : Match on catch block at 0xc3 in for 0x71d8987025
01-16 06:21:28.697 10434 10434 E ArmVmp : Match on catch block at 0xc3 in for 0x71d8987025
01-16 06:21:28.711 10434 10434 E ArmVmp : Match on catch block at 0xc3 in for 0x71d8987025
01-16 06:21:28.714 10434 10434 E ArmVmp : Match on catch block at 0xc3 in for 0x71d8987025
01-16 06:21:28.728 10434 10434 E ArmVmp : Match on catch block at 0xc3 in for 0x71d8987025
01-16 06:21:28.731 10434 10434 E ArmVmp : Match on catch block at 0xc3 in for 0x71d8987025
01-16 06:21:28.745 10434 10434 E ArmVmp : Match on catch block at 0xc3 in for 0x71d8987025
01-16 06:21:28.748 10434 10434 E ArmVmp : Match on catch block at 0xc3 in for 0x71d8987025
01-16 06:21:29.213 10434 10434 E ArmVmp : Match on catch block at 0xc3 in for 0x71d8987025
01-16 06:21:29.221 10434 10434 E ArmVmp : Match on catch block at 0xc3 in for 0x71d8987025
01-16 06:21:29.252 10434 10434 E ArmVmp : Match on catch block at 0xc3 in for 0x71d8987025
01-16 06:21:29.256 10434 10434 E ArmVmp : Match on catch block at 0xc3 in for 0x71d8987025
01-16 06:21:29.270 10434 10434 E ArmVmp : Match on catch block at 0xc3 in for 0x71d8987025
01-16 06:21:29.274 10434 10434 E ArmVmp : Match on catch block at 0xc3 in for 0x71d8987025
01-16 06:21:29.295 10434 10434 E ArmVmp : Match on catch block at 0xc3 in for 0x71d8987025
01-16 06:21:29.298 10434 10434 E ArmVmp : Match on catch block at 0xc3 in for 0x71d8987025
01-16 06:21:29.313 10434 10434 E ArmVmp : Match on catch block at 0xc3 in for 0x71d8987025
01-16 06:21:29.315 10434 10434 E ArmVmp : Match on catch block at 0xc3 in for 0x71d8987025
01-16 06:21:29.330 10434 10434 E ArmVmp : Match on catch block at 0xc3 in for 0x71d8987025
01-16 06:21:29.334 10434 10434 E ArmVmp : Match on catch block at 0xc3 in for 0x71d8987025
01-16 06:21:29.348 10434 10434 E ArmVmp : Match on catch block at 0xc3 in for 0x71d8987025
01-16 06:21:29.351 10434 10434 E ArmVmp : Match on catch block at 0xc3 in for 0x71d8987025
01-16 06:21:29.360 10434 10434 E ArmVmp : Match on catch block at 0xc3 in for 0x71d8987025
01-16 06:21:29.362 10434 10434 E ArmVmp : Match on catch block at 0xc3 in for 0x71d8987025
01-16 06:21:29.374 10434 10434 E ArmVmp : Match on catch block at 0xc3 in for 0x71d8987025
01-16 06:21:29.376 10434 10434 E ArmVmp : Match on catch block at 0xc3 in for 0x71d8987025
01-16 06:21:29.389 10434 10434 E ArmVmp : Match on catch block at 0xc3 in for 0x71d8987025
01-16 06:21:29.391 10434 10434 E ArmVmp : Match on catch block at 0xc3 in for 0x71d8987025
01-16 06:21:29.404 10434 10434 E ArmVmp : Match on catch block at 0xc3 in for 0x71d8987025
01-16 06:21:29.408 10434 10434 E ArmVmp : Match on catch block at 0xc3 in for 0x71d8987025
01-16 06:21:29.417 10434 10434 E ArmVmp : Match on catch block at 0xc3 in for 0x71d8987025
01-16 06:21:29.420 10434 10434 E ArmVmp : Match on catch block at 0xc3 in for 0x71d8987025
01-16 06:21:29.433 10434 10434 E ArmVmp : Match on catch block at 0xc3 in for 0x71d8987025
01-16 06:21:29.435 10434 10434 E ArmVmp : Match on catch block at 0xc3 in for 0x71d8987025
01-16 06:21:29.450 10434 10434 E ArmVmp : Match on catch block at 0xc3 in for 0x71d8987025
01-16 06:21:29.454 10434 10434 E ArmVmp : Match on catch block at 0xc3 in for 0x71d8987025
01-16 06:21:29.461 10434 10434 E ArmVmp : Match on catch block at 0xc3 in for 0x71d8987025
01-16 06:21:29.464 10434 10434 E ArmVmp : Match on catch block at 0xc3 in for 0x71d8987025
01-16 06:21:29.478 10434 10434 E ArmVmp : Match on catch block at 0xc3 in for 0x71d8987025
01-16 06:21:29.481 10434 10434 E ArmVmp : Match on catch block at 0xc3 in for 0x71d8987025
01-16 06:21:29.492 10434 10434 E ArmVmp : Match on catch block at 0xc3 in for 0x71d8987025
01-16 06:21:29.494 10434 10434 E ArmVmp : Match on catch block at 0xc3 in for 0x71d8987025
01-16 06:21:29.508 10434 10434 E ArmVmp : Match on catch block at 0xc3 in for 0x71d8987025
01-16 06:21:29.511 10434 10434 E ArmVmp : Match on catch block at 0xc3 in for 0x71d8987025
01-16 06:21:29.524 10434 10434 E ArmVmp : Match on catch block at 0xc3 in for 0x71d8987025
01-16 06:21:29.528 10434 10434 E ArmVmp : Match on catch block at 0xc3 in for 0x71d8987025
01-16 06:21:29.606 10434 10434 E ArmVmp : Match on catch block at 0xc3 in for 0x71d8987025
01-16 06:21:29.610 10434 10434 E ArmVmp : Match on catch block at 0xc3 in for 0x71d8987025
01-16 06:21:30.121 10434 10434 E ArmVmp : Match on catch block at 0xc3 in for 0x71d8987025
01-16 06:21:30.125 10434 10434 E ArmVmp : Match on catch block at 0xc3 in for 0x71d8987025
01-16 06:21:30.147 10434 10434 E ArmVmp : Match on catch block at 0xc3 in for 0x71d8987025
01-16 06:21:30.150 10434 10434 E ArmVmp : Match on catch block at 0xc3 in for 0x71d8987025
01-16 06:21:30.161 10434 10434 E ArmVmp : Match on catch block at 0xc3 in for 0x71d8987025
01-16 06:21:30.164 10434 10434 E ArmVmp : Match on catch block at 0xc3 in for 0x71d8987025
01-16 06:21:30.184 10434 10434 E ArmVmp : Match on catch block at 0xc3 in for 0x71d8987025
01-16 06:21:30.187 10434 10434 E ArmVmp : Match on catch block at 0xc3 in for 0x71d8987025
01-16 06:21:30.193 10434 10434 E ArmVmp : Match on catch block at 0xc3 in for 0x71d8987025
01-16 06:21:30.197 10434 10434 E ArmVmp : Match on catch block at 0xc3 in for 0x71d8987025
01-16 06:21:31.919 10434 10434 E ArmVmp : Match on catch block at 0xc3 in for 0x71d8987025
01-16 06:21:31.924 10434 10434 E ArmVmp : Match on catch block at 0xc3 in for 0x71d8987025
01-16 06:21:31.936 10434 10434 E ArmVmp : Match on catch block at 0xc3 in for 0x71d8987025
01-16 06:21:31.940 10434 10434 E ArmVmp : Match on catch block at 0xc3 in for 0x71d8987025
01-16 06:21:31.952 10434 10434 E ArmVmp : Match on catch block at 0xc3 in for 0x71d8987025
01-16 06:21:31.955 10434 10434 E ArmVmp : Match on catch block at 0xc3 in for 0x71d8987025
01-16 06:21:31.967 10434 10434 E ArmVmp : Match on catch block at 0xc3 in for 0x71d8987025
01-16 06:21:31.970 10434 10434 E ArmVmp : Match on catch block at 0xc3 in for 0x71d8987025
01-16 06:21:31.984 10434 10434 E ArmVmp : Match on catch block at 0xc3 in for 0x71d8987025
01-16 06:21:31.986 10434 10434 E ArmVmp : Match on catch block at 0xc3 in for 0x71d8987025
01-16 06:21:32.000 10434 10434 E ArmVmp : Match on catch block at 0xc3 in for 0x71d8987025
01-16 06:21:32.002 10434 10434 E ArmVmp : Match on catch block at 0xc3 in for 0x71d8987025
01-16 06:21:32.017 10434 10434 E ArmVmp : Match on catch block at 0xc3 in for 0x71d8987025
01-16 06:21:32.020 10434 10434 E ArmVmp : Match on catch block at 0xc3 in for 0x71d8987025
01-16 06:21:32.034 10434 10434 E ArmVmp : Match on catch block at 0xc3 in for 0x71d8987025
01-16 06:21:32.037 10434 10434 E ArmVmp : Match on catch block at 0xc3 in for 0x71d8987025
01-16 06:21:32.050 10434 10434 E ArmVmp : Match on catch block at 0xc3 in for 0x71d8987025
01-16 06:21:32.053 10434 10434 E ArmVmp : Match on catch block at 0xc3 in for 0x71d8987025
01-16 06:21:32.064 10434 10434 E ArmVmp : Match on catch block at 0xc3 in for 0x71d8987025
01-16 06:21:32.068 10434 10434 E ArmVmp : Match on catch block at 0xc3 in for 0x71d8987025
01-16 06:21:32.082 10434 10434 E ArmVmp : Match on catch block at 0xc3 in for 0x71d8987025
01-16 06:21:32.086 10434 10434 E ArmVmp : Match on catch block at 0xc3 in for 0x71d8987025
01-16 06:21:32.098 10434 10434 E ArmVmp : Match on catch block at 0xc3 in for 0x71d8987025
01-16 06:21:32.101 10434 10434 E ArmVmp : Match on catch block at 0xc3 in for 0x71d8987025
01-16 06:21:32.114 10434 10434 E ArmVmp : Match on catch block at 0xc3 in for 0x71d8987025
01-16 06:21:32.117 10434 10434 E ArmVmp : Match on catch block at 0xc3 in for 0x71d8987025
01-16 06:21:32.131 10434 10434 E ArmVmp : Match on catch block at 0xc3 in for 0x71d8987025
01-16 06:21:32.136 10434 10434 E ArmVmp : Match on catch block at 0xc3 in for 0x71d8987025
01-16 06:21:32.145 10434 10434 E ArmVmp : Match on catch block at 0xc3 in for 0x71d8987025
01-16 06:21:32.149 10434 10434 E ArmVmp : Match on catch block at 0xc3 in for 0x71d8987025
01-16 06:21:32.161 10434 10434 E ArmVmp : Match on catch block at 0xc3 in for 0x71d8987025
01-16 06:21:32.164 10434 10434 E ArmVmp : Match on catch block at 0xc3 in for 0x71d8987025
01-16 06:21:32.178 10434 10434 E ArmVmp : Match on catch block at 0xc3 in for 0x71d8987025
01-16 06:21:32.181 10434 10434 E ArmVmp : Match on catch block at 0xc3 in for 0x71d8987025
01-16 06:21:32.196 10434 10434 E ArmVmp : Match on catch block at 0xc3 in for 0x71d8987025
01-16 06:21:32.199 10434 10434 E ArmVmp : Match on catch block at 0xc3 in for 0x71d8987025
01-16 06:21:32.211 10434 10434 E ArmVmp : Match on catch block at 0xc3 in for 0x71d8987025
01-16 06:21:32.214 10434 10434 E ArmVmp : Match on catch block at 0xc3 in for 0x71d8987025
01-16 06:21:32.227 10434 10434 E ArmVmp : Match on catch block at 0xc3 in for 0x71d8987025
01-16 06:21:32.230 10434 10434 E ArmVmp : Match on catch block at 0xc3 in for 0x71d8987025
01-16 06:21:32.245 10434 10434 E ArmVmp : Match on catch block at 0xc3 in for 0x71d8987025
01-16 06:21:32.249 10434 10434 E ArmVmp : Match on catch block at 0xc3 in for 0x71d8987025
01-16 06:21:32.260 10434 10434 E ArmVmp : Match on catch block at 0xc3 in for 0x71d8987025
01-16 06:21:32.264 10434 10434 E ArmVmp : Match on catch block at 0xc3 in for 0x71d8987025
01-16 06:21:32.276 10434 10434 E ArmVmp : Match on catch block at 0xc3 in for 0x71d8987025
01-16 06:21:32.280 10434 10434 E ArmVmp : Match on catch block at 0xc3 in for 0x71d8987025
01-16 06:21:32.292 10434 10434 E ArmVmp : Match on catch block at 0xc3 in for 0x71d8987025
01-16 06:21:32.296 10434 10434 E ArmVmp : Match on catch block at 0xc3 in for 0x71d8987025
01-16 06:21:32.385 10434 10434 E ArmVmp : Match on catch block at 0xc3 in for 0x71d8987025
01-16 06:21:32.387 10434 10434 E ArmVmp : Match on catch block at 0xc3 in for 0x71d8987025
01-16 06:21:32.397 10434 10434 E ArmVmp : Match on catch block at 0xc3 in for 0x71d8987025
01-16 06:21:32.399 10434 10434 E ArmVmp : Match on catch block at 0xc3 in for 0x71d8987025
01-16 06:21:32.420 10434 10434 E ArmVmp : Match on catch block at 0xc3 in for 0x71d8987025
01-16 06:21:32.424 10434 10434 E ArmVmp : Match on catch block at 0xc3 in for 0x71d8987025
01-16 06:21:32.448 10434 10434 E ArmVmp : Match on catch block at 0xc3 in for 0x71d8987025
01-16 06:21:32.450 10434 10434 E ArmVmp : Match on catch block at 0xc3 in for 0x71d8987025
01-16 06:21:32.469 10434 10434 E ArmVmp : Match on catch block at 0xc3 in for 0x71d8987025
01-16 06:21:32.473 10434 10434 E ArmVmp : Match on catch block at 0xc3 in for 0x71d8987025
01-16 06:21:32.491 10434 10434 E ArmVmp : Match on catch block at 0xc3 in for 0x71d8987025
01-16 06:21:32.494 10434 10434 E ArmVmp : Match on catch block at 0xc3 in for 0x71d8987025
01-16 06:21:32.512 10434 10434 E ArmVmp : Match on catch block at 0xc3 in for 0x71d8987025
01-16 06:21:32.514 10434 10434 E ArmVmp : Match on catch block at 0xc3 in for 0x71d8987025
01-16 06:21:32.532 10434 10434 E ArmVmp : Match on catch block at 0xc3 in for 0x71d8987025
01-16 06:21:32.534 10434 10434 E ArmVmp : Match on catch block at 0xc3 in for 0x71d8987025
01-16 06:21:32.553 10434 10434 E ArmVmp : Match on catch block at 0xc3 in for 0x71d8987025
01-16 06:21:32.555 10434 10434 E ArmVmp : Match on catch block at 0xc3 in for 0x71d8987025
01-16 06:21:32.574 10434 10434 E ArmVmp : Match on catch block at 0xc3 in for 0x71d8987025
01-16 06:21:32.578 10434 10434 E ArmVmp : Match on catch block at 0xc3 in for 0x71d8987025
01-16 06:21:32.595 10434 10434 E ArmVmp : Match on catch block at 0xc3 in for 0x71d8987025
01-16 06:21:32.597 10434 10434 E ArmVmp : Match on catch block at 0xc3 in for 0x71d8987025
01-16 06:21:32.611 10434 10434 E ArmVmp : Match on catch block at 0xc3 in for 0x71d8987025
01-16 06:21:32.614 10434 10434 E ArmVmp : Match on catch block at 0xc3 in for 0x71d8987025
01-16 06:21:32.628 10434 10434 E ArmVmp : Match on catch block at 0xc3 in for 0x71d8987025
01-16 06:21:32.631 10434 10434 E ArmVmp : Match on catch block at 0xc3 in for 0x71d8987025
01-16 06:21:32.644 10434 10434 E ArmVmp : Match on catch block at 0xc3 in for 0x71d8987025
01-16 06:21:32.648 10434 10434 E ArmVmp : Match on catch block at 0xc3 in for 0x71d8987025
01-16 06:21:32.662 10434 10434 E ArmVmp : Match on catch block at 0xc3 in for 0x71d8987025
01-16 06:21:32.666 10434 10434 E ArmVmp : Match on catch block at 0xc3 in for 0x71d8987025
01-16 06:21:32.680 10434 10434 E ArmVmp : Match on catch block at 0xc3 in for 0x71d8987025
01-16 06:21:32.683 10434 10434 E ArmVmp : Match on catch block at 0xc3 in for 0x71d8987025
01-16 06:21:32.700 10434 10434 E ArmVmp : Match on catch block at 0xc3 in for 0x71d8987025
01-16 06:21:32.702 10434 10434 E ArmVmp : Match on catch block at 0xc3 in for 0x71d8987025
01-16 06:21:32.709 10434 10434 E ArmVmp : Match on catch block at 0xc3 in for 0x71d8987025
01-16 06:21:32.711 10434 10434 E ArmVmp : Match on catch block at 0xc3 in for 0x71d8987025
01-16 06:21:32.726 10434 10434 E ArmVmp : Match on catch block at 0xc3 in for 0x71d8987025
01-16 06:21:32.730 10434 10434 E ArmVmp : Match on catch block at 0xc3 in for 0x71d8987025
01-16 06:21:32.748 10434 10434 E ArmVmp : Match on catch block at 0xc3 in for 0x71d8987025
01-16 06:21:32.751 10434 10434 E ArmVmp : Match on catch block at 0xc3 in for 0x71d8987025
01-16 06:21:32.763 10434 10434 E ArmVmp : Match on catch block at 0xc3 in for 0x71d8987025
01-16 06:21:32.765 10434 10434 E ArmVmp : Match on catch block at 0xc3 in for 0x71d8987025
01-16 06:21:32.812 10434 10434 E ArmVmp : Match on catch block at 0xc3 in for 0x71d8987025
01-16 06:21:32.814 10434 10434 E ArmVmp : Match on catch block at 0xc3 in for 0x71d8987025
01-16 06:21:33.012 10434 10434 E ArmVmp : Match on catch block at 0xc3 in for 0x71d8987025
01-16 06:21:33.014 10434 10434 E ArmVmp : Match on catch block at 0xc3 in for 0x71d8987025
01-16 06:21:33.021 10434 10434 E ArmVmp : Match on catch block at 0xc3 in for 0x71d8987025
01-16 06:21:33.023 10434 10434 E ArmVmp : Match on catch block at 0xc3 in for 0x71d8987025
01-16 06:21:33.040 10434 10434 E ArmVmp : Match on catch block at 0xc3 in for 0x71d8987025
01-16 06:21:33.043 10434 10434 E ArmVmp : Match on catch block at 0xc3 in for 0x71d8987025
01-16 06:21:33.057 10434 10434 E ArmVmp : Match on catch block at 0xc3 in for 0x71d8987025
01-16 06:21:33.060 10434 10434 E ArmVmp : Match on catch block at 0xc3 in for 0x71d8987025
01-16 06:21:33.068 10434 10434 E ArmVmp : Match on catch block at 0xc3 in for 0x71d8987025
01-16 06:21:33.070 10434 10434 E ArmVmp : Match on catch block at 0xc3 in for 0x71d8987025
01-16 06:21:33.089 10434 10434 E ArmVmp : Match on catch block at 0xc3 in for 0x71d8987025
01-16 06:21:33.093 10434 10434 E ArmVmp : Match on catch block at 0xc3 in for 0x71d8987025
01-16 06:21:33.223 10434 14487 E BLASTBufferQueue: BLASTBufferItemConsumer::onDisconnect()
01-16 06:21:33.232 10434 10434 E ArmVmp : Match on catch block at 0xc3 in for 0x71d8987025
01-16 06:21:33.235 10434 10434 E ArmVmp : Match on catch block at 0xc3 in for 0x71d8987025
01-16 06:21:34.248 10434 14487 E BLASTBufferQueue: BLASTBufferItemConsumer::onDisconnect()
01-16 06:21:47.592 10434 10568 W PermissionInjector: applyBatch in invalid type: 2 --------- beginning of main
01-16 06:22:32.114 23316 23316 E com.mbwhatsapp: Unknown bits set in runtime_flags: 0x40000000
01-16 06:22:32.119 23316 23316 E com.mbwhatsapp: Not starting debugger since process cannot load the jdwp agent.
01-16 06:22:32.158 23316 23316 W libc : Access denied finding property "ro.odm.prev.product.name"
01-16 06:22:32.158 23316 23316 W libc : Access denied finding property "ro.vendor.oplus.gundam"
01-16 06:22:32.168 23316 23316 W ziparchive: Unable to open '/data/app/~~1KyAB7Z2guJXkWsASbTcKA==/com.mbwhatsapp-0x8m7VBDKT0GQnQrKQNNHw==/ base.dm': No such file or directory
01-16 06:22:32.169 23316 23316 W ziparchive: Unable to open '/data/app/~~1KyAB7Z2guJXkWsASbTcKA==/com.mbwhatsapp-0x8m7VBDKT0GQnQrKQNNHw==/ base.dm': No such file or directory
01-16 06:22:32.880 23316 23316 W System.err: java.lang.ClassNotFoundException: mbmodsd.mbmodsw.ui.views.btn.BtnBK
01-16 06:22:32.880 23316 23316 W System.err: at java.lang.Runtime.nativeLoad(Native Method)
01-16 06:22:32.880 23316 23316 W System.err: at java.lang.Runtime.nativeLoad(Runtime.java:1126)
01-16 06:22:32.880 23316 23316 W System.err: at java.lang.Runtime.loadLibrary0(Runtime.java:1080)
01-16 06:22:32.880 23316 23316 W System.err: at java.lang.Runtime.loadLibrary0(Runtime.java:1003)
01-16 06:22:32.880 23316 23316 W System.err: at java.lang.System.loadLibrary(System.java:1661)
01-16 06:22:32.880 23316 23316 W System.err: at arm.EpicVm.<clinit>(Unknown Source:2)
01-16 06:22:32.881 23316 23316 W System.err: at java.lang.Class.newInstance(Native Method)
01-16 06:22:32.881 23316 23316 W System.err: at android.app.AppComponentFactory.instantiateApplication(AppComponentFactory.java:76)
01-16 06:22:32.881 23316 23316 W System.err: at androidx.core.app.CoreComponentFactory.instantiateApplication(Unknown Source:0)
01-16 06:22:32.881 23316 23316 W System.err: at android.app.Instrumentation.newApplication(Instrumentation.java:1191)
01-16 06:22:32.881 23316 23316 W System.err: at android.app.LoadedApk.makeApplication(LoadedApk.java:1404)
01-16 06:22:32.881 23316 23316 W System.err: at android.app.ActivityThread.handleBindApplication(ActivityThread.java:7031)
01-16 06:22:32.881 23316 23316 W System.err: at android.app.ActivityThread.access$1800(ActivityThread.java:258)
01-16 06:22:32.881 23316 23316 W System.err: at android.app.ActivityThread$H.handleMessage(ActivityThread.java:2207)
01-16 06:22:32.881 23316 23316 W System.err: at android.os.Handler.dispatchMessage(Handler.java:106)
01-16 06:22:32.881 23316 23316 W System.err: at android.os.Looper.loopOnce(Looper.java:233)
01-16 06:22:32.881 23316 23316 W System.err: at android.os.Looper.loop(Looper.java:344)
01-16 06:22:32.881 23316 23316 W System.err: at android.app.ActivityThread.main(ActivityThread.java:8205)
01-16 06:22:32.881 23316 23316 W System.err: at java.lang.reflect.Method.invoke(Native Method)
01-16 06:22:32.881 23316 23316 W System.err: at com.android.internal.os.RuntimeInit$MethodAndArgsCaller.run(RuntimeInit.java:589)
01-16 06:22:32.881 23316 23316 W System.err: at com.android.internal.os.ZygoteInit.main(ZygoteInit.java:1071)
01-16 06:22:33.024 23316 23316 E CustomActivityOnCrash: IMPORTANT WARNING! You already have an UncaughtExceptionHandler, are you sure this is correct? If you use a custom UncaughtExceptionHandler, you must initialize it AFTER CustomActivityOnCrash! Installing anyway, but your original handler will not be called.
01-16 06:22:34.270 23316 23316 W com.mbwhatsapp: Accessing hidden method Lcom/android/org/conscrypt/OpenSSLSocketImpl;->setUseSessionTickets(Z)V (max- target-q,core-platform-api, reflection, denied)
01-16 06:22:34.271 23316 23316 W com.mbwhatsapp: Accessing hidden method Lcom/android/org/conscrypt/AbstractConscryptSocket;->setUseSessionTickets(Z)V (max- target-q, reflection, denied)
01-16 06:22:34.402 23316 23316 W com.mbwhatsapp: type=1400 audit(0.0:13168): avc: granted { execute } for path="/data/data/com.mbwhatsapp/files/decompressed/libs.spk.zst/libc++_shared.so" dev="sdc51" ino=4269251 scontext=u:r:untrusted_app:s0:c36,c256,c512,c768 tcontext=u:object_r:app_data_file:s0:c36,c256,c512,c768 tclass=file app=com.mbwhatsapp
01-16 06:22:34.402 23316 23316 W com.mbwhatsapp: type=1400 audit(0.0:13169): avc: granted { execute } for path="/data/data/com.mbwhatsapp/files/decompressed/libs.spk.zst/libvlc.so" dev="sdc51" ino=4268776 scontext=u:r:untrusted_app:s0:c36,c256,c512,c768 tcontext=u:object_r:app_data_file:s0:c36,c256,c512,c768 tclass=file app=com.mbwhatsapp
01-16 06:22:34.414 23316 23316 W com.mbwhatsapp: type=1400 audit(0.0:13170): avc: granted { execute } for path="/data/data/com.mbwhatsapp/files/decompressed/libs.spk.zst/libwhatsapp.so" dev="sdc51" ino=4268840 scontext=u:r:untrusted_app:s0:c36,c256,c512,c768 tcontext=u:object_r:app_data_file:s0:c36,c256,c512,c768 tclass=file app=com.mbwhatsapp
01-16 06:22:34.474 23316 23316 W com.mbwhatsapp: type=1400 audit(0.0:13171): avc: granted { execute } for path="/data/data/com.mbwhatsapp/files/decompressed/libs.spk.zst/libcurve25519.so" dev="sdc51" ino=4269243 scontext=u:r:untrusted_app:s0:c36,c256,c512,c768 tcontext=u:object_r:app_data_file:s0:c36,c256,c512,c768 tclass=file app=com.mbwhatsapp
01-16 06:22:34.498 23316 23316 W com.mbwhatsapp: type=1400 audit(0.0:13172): avc: granted { execute } for path="/data/data/com.mbwhatsapp/files/decompressed/libs.spk.zst/libwhatsapp.so" dev="sdc51" ino=4268840 scontext=u:r:untrusted_app:s0:c36,c256,c512,c768 tcontext=u:object_r:app_data_file:s0:c36,c256,c512,c768 tclass=file app=com.mbwhatsapp
01-16 06:22:34.915 23316 23446 W com.mbwhatsapp: Method void X.2rL.A03(java.lang.Integer) failed lock verification and will run slower.
01-16 06:22:34.915 23316 23446 W com.mbwhatsapp: Common causes for lock verification issues are non-optimized dex code
01-16 06:22:34.915 23316 23446 W com.mbwhatsapp: and incorrect proguard optimizations.
01-16 06:22:34.916 23316 23316 E ANR_LOG : >>> msg's executing time is too long
01-16 06:22:34.916 23316 23316 E ANR_LOG : Blocked msg = { when=-2s776ms what=110 target=android.app.ActivityThread$H obj=AppBindData{appInfo=ApplicationInfo{9d6626d com.mbwhatsapp}} } , cost = 2773 ms
01-16 06:22:34.916 23316 23316 E ANR_LOG : >>>Current msg List is:
01-16 06:22:34.916 23316 23316 E ANR_LOG : Current msg <1> = { when=-1s892ms what=164 target=android.app.ActivityThread$H obj=com.mbwhatsapp }
01-16 06:22:34.916 23316 23316 E ANR_LOG : Current msg <2> = { when=-910ms what=0 target=android.app.ActivityThread$H callback=android.app.LoadedApk$ReceiverDispatcher$Args$$ExternalSyntheticLambda0 }
