01-16 06:22:34.916 23316 23316 E ANR_LOG : >>>CURRENT MSG DUMP OVER<<<
01-16 06:22:36.069 23316 23451 W com.mbwhatsapp: Verification of java.lang.Object X.837.A03(java.lang.Object) took 150.498ms (70618.55 bytecodes/s) (295960B approximate peak alloc)
01-16 06:22:41.021 23316 23512 W PermissionInjector: applyBatch in invalid type: 2 --------- beginning of system
01-16 06:22:47.288 23316 23316 E OplusCustomizeRestrictionManager: sInstance is null, start a new sInstance
01-16 06:23:06.764 23316 23512 W PermissionInjector: applyBatch in invalid type: 2
01-16 06:23:32.194 23316 23512 W PermissionInjector: applyBatch in invalid type: 2
01-16 06:23:57.085 23316 23512 W PermissionInjector: applyBatch in invalid type: 2 --------- beginning of main
01-16 06:46:58.973 8300 8300 E com.mbwhatsapp: Unknown bits set in runtime_flags: 0x40000000
01-16 06:46:58.982 8300 8300 E com.mbwhatsapp: Not starting debugger since process cannot load the jdwp agent.
01-16 06:46:59.033 8300 8300 W libc : Access denied finding property "ro.odm.prev.product.name"
01-16 06:46:59.034 8300 8300 W libc : Access denied finding property "ro.vendor.oplus.gundam"
01-16 06:46:59.052 8300 8300 W ziparchive: Unable to open '/data/app/~~1KyAB7Z2guJXkWsASbTcKA==/com.mbwhatsapp-0x8m7VBDKT0GQnQrKQNNHw==/ base.dm': No such file or directory
01-16 06:46:59.052 8300 8300 W ziparchive: Unable to open '/data/app/~~1KyAB7Z2guJXkWsASbTcKA==/com.mbwhatsapp-0x8m7VBDKT0GQnQrKQNNHw==/ base.dm': No such file or directory
01-16 06:46:59.963 8300 8300 W System.err: java.lang.ClassNotFoundException: mbmodsd.mbmodsw.ui.views.btn.BtnBK
01-16 06:46:59.964 8300 8300 W System.err: at java.lang.Runtime.nativeLoad(Native Method)
01-16 06:46:59.964 8300 8300 W System.err: at java.lang.Runtime.nativeLoad(Runtime.java:1126)
01-16 06:46:59.964 8300 8300 W System.err: at java.lang.Runtime.loadLibrary0(Runtime.java:1080)
01-16 06:46:59.964 8300 8300 W System.err: at java.lang.Runtime.loadLibrary0(Runtime.java:1003)
01-16 06:46:59.964 8300 8300 W System.err: at java.lang.System.loadLibrary(System.java:1661)
01-16 06:46:59.964 8300 8300 W System.err: at arm.EpicVm.<clinit>(Unknown Source:2)
01-16 06:46:59.964 8300 8300 W System.err: at java.lang.Class.newInstance(Native Method)
01-16 06:46:59.965 8300 8300 W System.err: at android.app.AppComponentFactory.instantiateApplication(AppComponentFactory.java:76)
01-16 06:46:59.965 8300 8300 W System.err: at androidx.core.app.CoreComponentFactory.instantiateApplication(Unknown Source:0)
01-16 06:46:59.965 8300 8300 W System.err: at android.app.Instrumentation.newApplication(Instrumentation.java:1191)
01-16 06:46:59.965 8300 8300 W System.err: at android.app.LoadedApk.makeApplication(LoadedApk.java:1404)
01-16 06:46:59.965 8300 8300 W System.err: at android.app.ActivityThread.handleBindApplication(ActivityThread.java:7031)
01-16 06:46:59.965 8300 8300 W System.err: at android.app.ActivityThread.access$1800(ActivityThread.java:258)
01-16 06:46:59.965 8300 8300 W System.err: at android.app.ActivityThread$H.handleMessage(ActivityThread.java:2207)
01-16 06:46:59.965 8300 8300 W System.err: at android.os.Handler.dispatchMessage(Handler.java:106)
01-16 06:46:59.965 8300 8300 W System.err: at android.os.Looper.loopOnce(Looper.java:233)
01-16 06:46:59.965 8300 8300 W System.err: at android.os.Looper.loop(Looper.java:344)
01-16 06:46:59.965 8300 8300 W System.err: at android.app.ActivityThread.main(ActivityThread.java:8205)
01-16 06:46:59.965 8300 8300 W System.err: at java.lang.reflect.Method.invoke(Native Method)
01-16 06:46:59.965 8300 8300 W System.err: at com.android.internal.os.RuntimeInit$MethodAndArgsCaller.run(RuntimeInit.java:589)
01-16 06:46:59.965 8300 8300 W System.err: at com.android.internal.os.ZygoteInit.main(ZygoteInit.java:1071)
01-16 06:47:00.124 8300 8300 E CustomActivityOnCrash: IMPORTANT WARNING! You already have an UncaughtExceptionHandler, are you sure this is correct? If you use a custom UncaughtExceptionHandler, you must initialize it AFTER CustomActivityOnCrash! Installing anyway, but your original handler will not be called.
01-16 06:47:01.640 8300 8300 W com.mbwhatsapp: Accessing hidden method Lcom/android/org/conscrypt/OpenSSLSocketImpl;->setUseSessionTickets(Z)V (max- target-q,core-platform-api, reflection, denied)
01-16 06:47:01.640 8300 8300 W com.mbwhatsapp: Accessing hidden method Lcom/android/org/conscrypt/AbstractConscryptSocket;->setUseSessionTickets(Z)V (max- target-q, reflection, denied)
01-16 06:47:01.782 8300 8300 W com.mbwhatsapp: type=1400 audit(0.0:13670): avc: granted { execute } for path="/data/data/com.mbwhatsapp/files/decompressed/libs.spk.zst/libc++_shared.so" dev="sdc51" ino=4269251 scontext=u:r:untrusted_app:s0:c36,c256,c512,c768 tcontext=u:object_r:app_data_file:s0:c36,c256,c512,c768 tclass=file app=com.mbwhatsapp
01-16 06:47:01.790 8300 8300 W com.mbwhatsapp: type=1400 audit(0.0:13671): avc: granted { execute } for path="/data/data/com.mbwhatsapp/files/decompressed/libs.spk.zst/libvlc.so" dev="sdc51" ino=4268776 scontext=u:r:untrusted_app:s0:c36,c256,c512,c768 tcontext=u:object_r:app_data_file:s0:c36,c256,c512,c768 tclass=file app=com.mbwhatsapp
01-16 06:47:01.802 8300 8300 W com.mbwhatsapp: type=1400 audit(0.0:13672): avc: granted { execute } for path="/data/data/com.mbwhatsapp/files/decompressed/libs.spk.zst/libwhatsapp.so" dev="sdc51" ino=4268840 scontext=u:r:untrusted_app:s0:c36,c256,c512,c768 tcontext=u:object_r:app_data_file:s0:c36,c256,c512,c768 tclass=file app=com.mbwhatsapp
01-16 06:47:01.898 8300 8300 W com.mbwhatsapp: type=1400 audit(0.0:13673): avc: granted { execute } for path="/data/data/com.mbwhatsapp/files/decompressed/libs.spk.zst/libcurve25519.so" dev="sdc51" ino=4269243 scontext=u:r:untrusted_app:s0:c36,c256,c512,c768 tcontext=u:object_r:app_data_file:s0:c36,c256,c512,c768 tclass=file app=com.mbwhatsapp
01-16 06:47:01.926 8300 8300 W com.mbwhatsapp: type=1400 audit(0.0:13674): avc: granted { execute } for path="/data/data/com.mbwhatsapp/files/decompressed/libs.spk.zst/libwhatsapp.so" dev="sdc51" ino=4268840 scontext=u:r:untrusted_app:s0:c36,c256,c512,c768 tcontext=u:object_r:app_data_file:s0:c36,c256,c512,c768 tclass=file app=com.mbwhatsapp
01-16 06:47:01.926 8300 8300 W com.mbwhatsapp: type=1400 audit(0.0:13675): avc: granted { execute } for path="/data/data/com.mbwhatsapp/files/decompressed/libs.spk.zst/libwhatsapp.so" dev="sdc51" ino=4268840 scontext=u:r:untrusted_app:s0:c36,c256,c512,c768 tcontext=u:object_r:app_data_file:s0:c36,c256,c512,c768 tclass=file app=com.mbwhatsapp
01-16 06:47:01.926 8300 8300 W com.mbwhatsapp: type=1400 audit(0.0:13676): avc: granted { execute } for path="/data/data/com.mbwhatsapp/files/decompressed/libs.spk.zst/libwhatsapp.so" dev="sdc51" ino=4268840 scontext=u:r:untrusted_app:s0:c36,c256,c512,c768 tcontext=u:object_r:app_data_file:s0:c36,c256,c512,c768 tclass=file app=com.mbwhatsapp
01-16 06:47:02.400 8300 8358 W com.mbwhatsapp: Method void X.2rL.A03(java.lang.Integer) failed lock verification and will run slower.
01-16 06:47:02.400 8300 8358 W com.mbwhatsapp: Common causes for lock verification issues are non-optimized dex code
01-16 06:47:02.400 8300 8358 W com.mbwhatsapp: and incorrect proguard optimizations.
01-16 06:47:02.408 8300 8300 E ANR_LOG : >>> msg's executing time is too long
01-16 06:47:02.408 8300 8300 E ANR_LOG : Blocked msg = { when=-3s401ms what=110 target=android.app.ActivityThread$H obj=AppBindData{appInfo=ApplicationInfo{b18caf0 com.mbwhatsapp}} } , cost = 3395 ms
01-16 06:47:02.408 8300 8300 E ANR_LOG : >>>Current msg List is:
01-16 06:47:02.408 8300 8300 E ANR_LOG : Current msg <1> = { when=-3s397ms what=113 target=android.app.ActivityThread$H obj=ReceiverData{intent=Intent { act=com.google.android.c2dm.intent.RECEIVE flg=0x1080010 pkg=com.mbwhatsapp cmp=com.mbwhatsapp/com.google.firebase.iid.FirebaseInstanceIdReceiver (has extras) } packageName=com.mbwhatsapp resultCode=0 resultData=null resultExtras=null} }
01-16 06:47:02.409 8300 8300 E ANR_LOG : Current msg <2> = { when=-2s288ms what=164 target=android.app.ActivityThread$H obj=com.mbwhatsapp }
01-16 06:47:02.409 8300 8300 E ANR_LOG : Current msg <3> = { when=-1s51ms what=0 target=android.app.ActivityThread$H callback=android.app.LoadedApk$ReceiverDispatcher$Args$$ExternalSyntheticLambda0 }
01-16 06:47:02.409 8300 8300 E ANR_LOG : >>>CURRENT MSG DUMP OVER<<<
01-16 06:47:02.449 8300 8321 W OplusExSystemServiceHelper: checkOplusExSystemService intent getComponent is null
01-16 06:47:03.157 8300 8366 E Parcel : Reading a NULL string not supported here.
01-16 06:47:03.310 8300 8372 W com.mbwhatsapp: Verification of java.lang.Object X.837.A03(java.lang.Object) took 101.209ms (105010.26 bytecodes/s) (295960B approximate peak alloc) --------- beginning of system
01-16 06:47:04.463 8300 8300 E OplusCustomizeRestrictionManager: sInstance is null, start a new sInstance
01-16 06:47:08.522 8300 8393 W PermissionInjector: applyBatch in invalid type: 2
01-16 06:47:34.212 8300 8393 W PermissionInjector: applyBatch in invalid type: 2
01-16 06:47:59.626 8300 8393 W PermissionInjector: applyBatch in invalid type: 2
01-16 06:48:24.442 8300 8393 W PermissionInjector: applyBatch in invalid type: 2
01-16 07:08:57.587 8300 8313 W com.mbwhatsapp: Reducing the number of considered missed Gc histogram windows from 123 to 100 --------- beginning of main
01-16 07:10:44.637 19067 19067 E com.mbwhatsapp: Unknown bits set in runtime_flags: 0x40000000
01-16 07:10:44.643 19067 19067 E com.mbwhatsapp: Not starting debugger since process cannot load the jdwp agent.
01-16 07:10:44.686 19067 19067 W libc : Access denied finding property "ro.odm.prev.product.name"
01-16 07:10:44.687 19067 19067 W libc : Access denied finding property "ro.vendor.oplus.gundam"
01-16 07:10:44.698 19067 19067 W ziparchive: Unable to open '/data/app/~~1KyAB7Z2guJXkWsASbTcKA==/com.mbwhatsapp-0x8m7VBDKT0GQnQrKQNNHw==/ base.dm': No such file or directory
01-16 07:10:44.698 19067 19067 W ziparchive: Unable to open '/data/app/~~1KyAB7Z2guJXkWsASbTcKA==/com.mbwhatsapp-0x8m7VBDKT0GQnQrKQNNHw==/ base.dm': No such file or directory
01-16 07:10:45.396 19067 19067 W System.err: java.lang.ClassNotFoundException: mbmodsd.mbmodsw.ui.views.btn.BtnBK
01-16 07:10:45.401 19067 19067 W System.err: at java.lang.Runtime.nativeLoad(Native Method)
01-16 07:10:45.401 19067 19067 W System.err: at java.lang.Runtime.nativeLoad(Runtime.java:1126)
01-16 07:10:45.401 19067 19067 W System.err: at java.lang.Runtime.loadLibrary0(Runtime.java:1080)
01-16 07:10:45.402 19067 19067 W System.err: at java.lang.Runtime.loadLibrary0(Runtime.java:1003)
01-16 07:10:45.402 19067 19067 W System.err: at java.lang.System.loadLibrary(System.java:1661)
01-16 07:10:45.402 19067 19067 W System.err: at arm.EpicVm.<clinit>(Unknown Source:2)
01-16 07:10:45.402 19067 19067 W System.err: at java.lang.Class.newInstance(Native Method)
01-16 07:10:45.402 19067 19067 W System.err: at android.app.AppComponentFactory.instantiateApplication(AppComponentFactory.java:76)
01-16 07:10:45.402 19067 19067 W System.err: at androidx.core.app.CoreComponentFactory.instantiateApplication(Unknown Source:0)
01-16 07:10:45.402 19067 19067 W System.err: at android.app.Instrumentation.newApplication(Instrumentation.java:1191)
01-16 07:10:45.402 19067 19067 W System.err: at android.app.LoadedApk.makeApplication(LoadedApk.java:1404)
01-16 07:10:45.402 19067 19067 W System.err: at android.app.ActivityThread.handleBindApplication(ActivityThread.java:7031)
01-16 07:10:45.402 19067 19067 W System.err: at android.app.ActivityThread.access$1800(ActivityThread.java:258)
01-16 07:10:45.402 19067 19067 W System.err: at android.app.ActivityThread$H.handleMessage(ActivityThread.java:2207)
01-16 07:10:45.402 19067 19067 W System.err: at android.os.Handler.dispatchMessage(Handler.java:106)
01-16 07:10:45.402 19067 19067 W System.err: at android.os.Looper.loopOnce(Looper.java:233)
01-16 07:10:45.402 19067 19067 W System.err: at android.os.Looper.loop(Looper.java:344)
01-16 07:10:45.402 19067 19067 W System.err: at android.app.ActivityThread.main(ActivityThread.java:8205)
01-16 07:10:45.403 19067 19067 W System.err: at java.lang.reflect.Method.invoke(Native Method)
01-16 07:10:45.403 19067 19067 W System.err: at com.android.internal.os.RuntimeInit$MethodAndArgsCaller.run(RuntimeInit.java:589)
01-16 07:10:45.403 19067 19067 W System.err: at com.android.internal.os.ZygoteInit.main(ZygoteInit.java:1071)
01-16 07:10:45.545 19067 19067 E CustomActivityOnCrash: IMPORTANT WARNING! You already have an UncaughtExceptionHandler, are you sure this is correct? If you use a custom UncaughtExceptionHandler, you must initialize it AFTER CustomActivityOnCrash! Installing anyway, but your original handler will not be called.
01-16 07:10:46.931 19067 19067 W com.mbwhatsapp: Accessing hidden method Lcom/android/org/conscrypt/OpenSSLSocketImpl;->setUseSessionTickets(Z)V (max- target-q,core-platform-api, reflection, denied)
01-16 07:10:46.931 19067 19067 W com.mbwhatsapp: Accessing hidden method Lcom/android/org/conscrypt/AbstractConscryptSocket;->setUseSessionTickets(Z)V (max- target-q, reflection, denied)
01-16 07:10:47.070 19067 19067 W com.mbwhatsapp: type=1400 audit(0.0:13893): avc: granted { execute } for path="/data/data/com.mbwhatsapp/files/decompressed/libs.spk.zst/libc++_shared.so" dev="sdc51" ino=4269251 scontext=u:r:untrusted_app:s0:c36,c256,c512,c768 tcontext=u:object_r:app_data_file:s0:c36,c256,c512,c768 tclass=file app=com.mbwhatsapp
01-16 07:10:47.074 19067 19067 W com.mbwhatsapp: type=1400 audit(0.0:13894): avc: granted { execute } for path="/data/data/com.mbwhatsapp/files/decompressed/libs.spk.zst/libvlc.so" dev="sdc51" ino=4268776 scontext=u:r:untrusted_app:s0:c36,c256,c512,c768 tcontext=u:object_r:app_data_file:s0:c36,c256,c512,c768 tclass=file app=com.mbwhatsapp
01-16 07:10:47.082 19067 19067 W com.mbwhatsapp: type=1400 audit(0.0:13895): avc: granted { execute } for path="/data/data/com.mbwhatsapp/files/decompressed/libs.spk.zst/libwhatsapp.so" dev="sdc51" ino=4268840 scontext=u:r:untrusted_app:s0:c36,c256,c512,c768 tcontext=u:object_r:app_data_file:s0:c36,c256,c512,c768 tclass=file app=com.mbwhatsapp
01-16 07:10:47.146 19067 19067 W com.mbwhatsapp: type=1400 audit(0.0:13896): avc: granted { execute } for path="/data/data/com.mbwhatsapp/files/decompressed/libs.spk.zst/libcurve25519.so" dev="sdc51" ino=4269243 scontext=u:r:untrusted_app:s0:c36,c256,c512,c768 tcontext=u:object_r:app_data_file:s0:c36,c256,c512,c768 tclass=file app=com.mbwhatsapp
01-16 07:10:47.174 19067 19067 W com.mbwhatsapp: type=1400 audit(0.0:13897): avc: granted { execute } for path="/data/data/com.mbwhatsapp/files/decompressed/libs.spk.zst/libwhatsapp.so" dev="sdc51" ino=4268840 scontext=u:r:untrusted_app:s0:c36,c256,c512,c768 tcontext=u:object_r:app_data_file:s0:c36,c256,c512,c768 tclass=file app=com.mbwhatsapp
01-16 07:10:47.611 19067 19067 E ANR_LOG : >>> msg's executing time is too long
01-16 07:10:47.611 19067 19067 E ANR_LOG : Blocked msg = { when=-2s943ms what=110 target=android.app.ActivityThread$H obj=AppBindData{appInfo=ApplicationInfo{f934ea2 com.mbwhatsapp}} } , cost = 2940 ms
01-16 07:10:47.611 19067 19067 E ANR_LOG : >>>Current msg List is:
01-16 07:10:47.612 19067 19067 E ANR_LOG : Current msg <1> = { when=-2s939ms what=113 target=android.app.ActivityThread$H obj=ReceiverData{intent=Intent { act=com.facebook.GET_PHONE_ID flg=0x80010 pkg=com.mbwhatsapp cmp=com.mbwhatsapp/.phoneid.PhoneIdRequestReceiver } packageName=com.mbwhatsapp resultCode=1 resultData=null resultExtras=Bundle[mParcelledData.dataSize=108]} }
01-16 07:10:47.612 19067 19067 E ANR_LOG : Current msg <2> = { when=-2s68ms what=164 target=android.app.ActivityThread$H obj=com.mbwhatsapp }
01-16 07:10:47.612 19067 19067 E ANR_LOG : Current msg <3> = { when=-940ms what=0 target=android.app.ActivityThread$H callback=android.app.LoadedApk$ReceiverDispatcher$Args$$ExternalSyntheticLambda0 }
01-16 07:10:47.612 19067 19067 E ANR_LOG : >>>CURRENT MSG DUMP OVER<<<
01-16 07:10:47.614 19067 19143 W com.mbwhatsapp: Method void X.2rL.A03(java.lang.Integer) failed lock verification and will run slower.
01-16 07:10:47.614 19067 19143 W com.mbwhatsapp: Common causes for lock verification issues are non-optimized dex code
01-16 07:10:47.614 19067 19143 W com.mbwhatsapp: and incorrect proguard optimizations. --------- beginning of system
01-16 07:10:51.763 19067 19067 E OplusCustomizeRestrictionManager: sInstance is null, start a new sInstance
01-16 07:10:55.231 19067 19166 W PermissionInjector: applyBatch in invalid type: 2
01-16 07:14:04.512 19067 19067 W com.mbwhatsapp: Method void X.0eU.A0h(X.0tK, boolean) failed lock verification and will run slower.
01-16 07:14:04.678 19067 19067 W com.mbwhatsapp: Verification of void X.6Mz.BHr(java.lang.Object) took 121.081ms (237591.96 bytecodes/s) (674696B approximate peak alloc)
01-16 07:14:04.807 19067 21011 E QT : [QT]file does not exist
01-16 07:14:04.809 19067 19067 W com.mbwhatsapp: Method void com.mbwhatsapp.HomeActivity.A6e() failed lock verification and will run slower.
01-16 07:14:05.258 19067 19067 E ArmVmp : Match on catch block at 0x0a in for 0x71d8987031
01-16 07:14:05.286 19067 19067 E ArmVmp : Match on catch block at 0x0a in for 0x71d898704d
01-16 07:14:05.458 19067 21013 W com.mbwhatsapp: Accessing hidden method Lcom/android/org/conscrypt/ConscryptEngineSocket;->setUseSessionTickets(Z)V (max- target-q,core-platform-api, reflection, denied)
01-16 07:14:05.458 19067 21013 W com.mbwhatsapp: Accessing hidden method Lcom/android/org/conscrypt/OpenSSLSocketImpl;->setUseSessionTickets(Z)V (max- target-q,core-platform-api, reflection, denied)
01-16 07:14:05.458 19067 21013 W com.mbwhatsapp: Accessing hidden method Lcom/android/org/conscrypt/AbstractConscryptSocket;->setUseSessionTickets(Z)V (max- target-q, reflection, denied)
01-16 07:14:05.458 19067 21013 W com.mbwhatsapp: Accessing hidden method Lcom/android/org/conscrypt/ConscryptEngineSocket;->setHostname(Ljava/lang/String;)V (max-target-q,core-platform-api, reflection, denied)
01-16 07:14:05.458 19067 21013 W com.mbwhatsapp: Accessing hidden method Lcom/android/org/conscrypt/OpenSSLSocketImpl;->setHostname(Ljava/lang/String;)V (max-target-q,core-platform-api, reflection, denied)
01-16 07:14:05.458 19067 21013 W com.mbwhatsapp: Accessing hidden method Lcom/android/org/conscrypt/AbstractConscryptSocket;->setHostname(Ljava/lang/ String;)V (max-target-q, reflection, denied)
01-16 07:14:05.458 19067 21013 W com.mbwhatsapp: Accessing hidden method Lcom/android/org/conscrypt/OpenSSLSocketImpl;->setAlpnProtocols([B)V (max-target- q,core-platform-api, reflection, denied)
01-16 07:14:05.458 19067 21013 W com.mbwhatsapp: Accessing hidden method Lcom/android/org/conscrypt/AbstractConscryptSocket;->setAlpnProtocols([B)V (max- target-q, reflection, denied)
01-16 07:14:05.604 19067 21010 E ExtensionsLoader: dlopen failed: library "libhwuiextimpl.so" not found
01-16 07:14:05.604 19067 19067 E com.mbwhatsapp: ofbOpen failed with error=No such file or directory
01-16 07:14:05.604 19067 19067 E com.mbwhatsapp: sysOpen failed with error=No such file or directory
01-16 07:14:05.629 19067 21013 W com.mbwhatsapp: Accessing hidden method Lcom/android/org/conscrypt/OpenSSLSocketImpl;->getAlpnSelectedProtocol()[B (max- target-q,core-platform-api, reflection, denied)
01-16 07:14:05.629 19067 21013 W com.mbwhatsapp: Accessing hidden method Lcom/android/org/conscrypt/AbstractConscryptSocket;->getAlpnSelectedProtocol()[B (max-target-q, reflection, denied)
01-16 07:14:05.995 19067 21054 E ion : ioctl c0044901 failed with code -1: Invalid argument
01-16 07:14:06.099 19067 19067 E RecyclerView: No adapter attached; skipping layout
01-16 07:14:06.178 19067 21010 E OpenGLRenderer: fbcNotifyFrameComplete error: undefined symbol: fbcNotifyFrameComplete
01-16 07:14:06.178 19067 21010 E OpenGLRenderer: fbcNotifyNoRender error: undefined symbol: fbcNotifyNoRender
01-16 07:14:06.188 19067 19067 E ArmVmp : Match on catch block at 0x0a in for 0x71d8987035
01-16 07:14:06.243 19067 21010 E BLASTBufferQueue: BLASTBufferItemConsumer::onDisconnect()
01-16 07:14:06.249 19067 19067 E RecyclerView: No adapter attached; skipping layout
01-16 07:14:06.250 19067 19067 W View : requestLayout() improperly called by androidx.appcompat.view.menu.ActionMenuItemView{5df1330 VFED..C.. ......ID 291,0- 435,0 #7f0b0f8a app:id/menuitem_search} during layout: running second layout pass
01-16 07:14:06.250 19067 19067 W View : requestLayout() improperly called by androidx.appcompat.widget.ActionMenuView{4b3cce2 V.E...... ......ID 420,375- 1131,375} during layout: running second layout pass
01-16 07:14:06.388 19067 21010 E BLASTBufferQueue: BLASTBufferItemConsumer::onDisconnect()
01-16 07:14:06.486 19067 19067 W View : requestLayout() improperly called by DecorView@f5bbc92[HomeActivity] during second layout pass: posting in next frame
01-16 07:14:06.501 19067 21081 W LOTTIE : Animation contains merge paths. Merge paths are only supported on KitKat+ and must be manually enabled by calling enableMergePathsForKitKatAndAbove().
01-16 07:14:06.631 19067 19067 W LOTTIE : Animation contains merge paths but they are disabled.
01-16 07:14:06.650 19067 21088 W LibraryVersion: Failed to get app version for libraryName: firebase-iid
01-16 07:14:06.754 19067 21092 E Parcel : Reading a NULL string not supported here.
01-16 07:14:07.895 19067 19067 W View : requestLayout() improperly called by androidx.appcompat.view.menu.ActionMenuItemView{77376f4 VFED..C.. ......ID 0,0- 144,0 #7f0b0f8a app:id/menuitem_search} during layout: running second layout pass
01-16 07:14:07.895 19067 19067 W View : requestLayout() improperly called by androidx.appcompat.widget.ActionMenuView{4b3cce2 V.E...... ......ID 831,375- 1131,375} during layout: running second layout pass
01-16 07:14:07.947 19067 19067 W View : requestLayout() improperly called by DecorView@f5bbc92[HomeActivity] during second layout pass: posting in next frame
01-16 07:14:09.260 19067 19067 W BottomSheetBehavior: BottomSheetBehavior now supports multiple callbacks. `setBottomSheetCallback()` removes all existing callbacks, including ones set internally by library authors, which may result in unintended behavior. This may change in the future. Please use `addBottomSheetCallback()` and `removeBottomSheetCallback()` instead to set your own callbacks.
01-16 07:14:09.261 19067 19067 W BottomSheetBehavior: BottomSheetBehavior now supports multiple callbacks. `setBottomSheetCallback()` removes all existing callbacks, including ones set internally by library authors, which may result in unintended behavior. This may change in the future. Please use `addBottomSheetCallback()` and `removeBottomSheetCallback()` instead to set your own callbacks.
01-16 07:14:09.434 19067 19067 W BottomSheetBehavior: BottomSheetBehavior now supports multiple callbacks. `setBottomSheetCallback()` removes all existing callbacks, including ones set internally by library authors, which may result in unintended behavior. This may change in the future. Please use `addBottomSheetCallback()` and `removeBottomSheetCallback()` instead to set your own callbacks.
01-16 07:14:09.434 19067 19067 W BottomSheetBehavior: BottomSheetBehavior now supports multiple callbacks. `setBottomSheetCallback()` removes all existing callbacks, including ones set internally by library authors, which may result in unintended behavior. This may change in the future. Please use `addBottomSheetCallback()` and `removeBottomSheetCallback()` instead to set your own callbacks.
01-16 07:14:09.455 19067 19067 W BottomSheetBehavior: BottomSheetBehavior now supports multiple callbacks. `setBottomSheetCallback()` removes all existing callbacks, including ones set internally by library authors, which may result in unintended behavior. This may change in the future. Please use `addBottomSheetCallback()` and `removeBottomSheetCallback()` instead to set your own callbacks.
01-16 07:14:09.455 19067 19067 W BottomSheetBehavior: BottomSheetBehavior now supports multiple callbacks. `setBottomSheetCallback()` removes all existing callbacks, including ones set internally by library authors, which may result in unintended behavior. This may change in the future. Please use `addBottomSheetCallback()` and `removeBottomSheetCallback()` instead to set your own callbacks.
01-16 07:14:09.474 19067 19067 E RecyclerView: No adapter attached; skipping layout
01-16 07:14:09.476 19067 19067 E RecyclerView: No adapter attached; skipping layout
01-16 07:14:10.118 19067 21188 W AudioCapabilities: Unsupported mime audio/x-adpcm- dvi-ima
01-16 07:14:10.119 19067 21188 W AudioCapabilities: Unsupported mime audio/x-adpcm- dvi-ima
01-16 07:14:10.119 19067 21188 W AudioCapabilities: Unsupported mime audio/x-adpcm- ms
01-16 07:14:10.119 19067 21188 W AudioCapabilities: Unsupported mime audio/x-adpcm- ms
01-16 07:14:10.119 19067 21188 W AudioCapabilities: Unsupported mime audio/alac
01-16 07:14:10.119 19067 21188 W AudioCapabilities: Unsupported mime audio/alac
01-16 07:14:10.120 19067 21188 W AudioCapabilities: Unsupported mime audio/ape
01-16 07:14:10.120 19067 21188 W AudioCapabilities: Unsupported mime audio/ape
01-16 07:14:10.120 19067 21188 W AudioCapabilities: Unsupported mime audio/x-ms-wma
01-16 07:14:10.120 19067 21188 W AudioCapabilities: Unsupported mime audio/x-ms-wma
01-16 07:14:10.125 19067 21188 W AudioCapabilities: Unsupported mime audio/ffmpeg
01-16 07:14:10.125 19067 21188 W VideoCapabilities: Unsupported mime video/ffmpeg
01-16 07:14:10.129 19067 21188 W VideoCapabilities: Unsupported mime image/vnd.android.heic
01-16 07:14:10.130 19067 21188 W VideoCapabilities: Unsupported mime image/vnd.android.heic
01-16 07:14:10.130 19067 21188 W VideoCapabilities: Unsupported mime image/vnd.android.heic
01-16 07:14:10.130 19067 21188 W VideoCapabilities: Unsupported mime image/vnd.android.heic
01-16 07:14:10.133 19067 21188 W VideoCapabilities: Unsupported mime video/x-ms-wmv
01-16 07:14:10.133 19067 21188 W VideoCapabilities: Unsupported mime video/x-ms-wmv
01-16 07:14:10.152 19067 21188 E Parcel : Reading a NULL string not supported here.
01-16 07:14:10.153 19067 21188 W libc : Access denied finding property "vendor.oplus.media.vpp.stutter"
01-16 07:14:10.182 19067 21198 W ColorUtils: expected specified color aspects (2:0:0:0)
01-16 07:14:10.193 19067 21198 W Codec2Client: query -- param skipped: index = 1107298332.
01-16 07:14:10.193 19067 21198 W CCodec : This behavior is subject to change. It is recommended that app developers double check whether the requested max input size is in reasonable range.
01-16 07:14:10.197 19067 21198 W Codec2Client: query -- param skipped: index = 1342179345.
01-16 07:14:10.197 19067 21198 W Codec2Client: query -- param skipped: index = 2415921170.
01-16 07:14:10.197 19067 21198 W Codec2Client: query -- param skipped: index = 1610614798.
01-16 07:14:10.203 19067 21198 E ion : ioctl c0044901 failed with code -1: Invalid argument
01-16 07:14:10.226 19067 21188 W libc : Access denied finding property "vendor.oplus.media.vpp.stutter"
01-16 07:14:10.258 19067 21213 W Codec2Client: query -- param skipped: index = 1107298332.
01-16 07:14:10.258 19067 21213 W CCodec : This behavior is subject to change. It is recommended that app developers double check whether the requested max input size is in reasonable range.
01-16 07:14:10.271 19067 21213 W Codec2Client: query -- param skipped: index = 1342179345.
01-16 07:14:10.271 19067 21213 W Codec2Client: query -- param skipped: index = 2415921170.
01-16 07:14:10.271 19067 21213 W Codec2Client: query -- param skipped: index = 1610614798.
01-16 07:14:10.285 19067 21197 W MediaCodec: mapFormat: no mediaType information
01-16 07:14:10.921 19067 19081 W com.mbwhatsapp: Cleared Reference was only reachable from finalizer (only reported once)
01-16 07:14:11.322 19067 19067 W pool-6-thread-1: type=1400 audit(0.0:13971): avc: granted { execute } for path="/data/data/com.mbwhatsapp/files/decompressed/libs.spk.zst/libgifimage.so" dev="sdc51" ino=4269248 scontext=u:r:untrusted_app:s0:c36,c256,c512,c768 tcontext=u:object_r:app_data_file:s0:c36,c256,c512,c768 tclass=file app=com.mbwhatsapp
01-16 07:14:11.548 19067 19137 E SQLiteDatabase: Error inserting transferred=1 media_job_uuid=d17f5e85-2c8d-4a38-a9cb-3d2da915dc42 transcoded=0 gif_attribution=0 first_scan_length=0 direct_path=/v/t62.7161- 24/25556107_758026752328183_997630524621274757_n.enc?ccb=11- 4&oh=01_AdRyFlQ4inI01LSEtM-rLoVS7smZyW7uvDdGY-zumrqa3A&oe=65CCB165&_nc_sid=5e03e0 thumbnail_height_width_ratio=1.8113208 is_animated_sticker=0 file_hash=QUEunTQRPHmjzUOkhV0cTVXCuxn2pVCJFxtceZcRALQ= file_path=Media/.Statuses/866a8ae0cea546c1a9aef2f0adcaf26b.mp4 file_size=1653017 partial_media_hash=null face_x=0 face_y=0 height=640 trim_to=0 media_key_timestamp=1705330760000 message_url=https://mmg.whatsapp.net/v/t62.7161- 24/25556107_758026752328183_997630524621274757_n.enc?ccb=11- 4&oh=01_AdRyFlQ4inI01LSEtM-rLoVS7smZyW7uvDdGY- zumrqa3A&oe=65CCB165&_nc_sid=5e03e0&mms3=true media_caption=null trim_from=0 mime_type=video/mp4 partial_media_enc_hash=null width=352 original_file_hash=null has_streaming_sidecar=1 autotransfer_retry_enabled=1 media_upload_handle=null message_row_id=1710 multicast_id=null enc_file_hash=zw7MAC0XtznEzl6XUNcvir7DPxt838M8Huxjw01swWg= mute_video=0 page_count=0 first_scan_sidecar=null suspicious_content=0 file_length=1653017 media_name=null media_duration=30 chat_row_id=227 media_key=[B@e364001
01-16 07:14:11.548 19067 19137 E SQLiteDatabase: android.database.sqlite.SQLiteConstraintException: UNIQUE constraint failed: message_media.message_row_id (code 1555 SQLITE_CONSTRAINT_PRIMARYKEY)
01-16 07:14:11.548 19067 19137 E SQLiteDatabase: at android.database.sqlite.SQLiteConnection.nativeExecuteForLastInsertedRowId(Native Method)
01-16 07:14:11.548 19067 19137 E SQLiteDatabase: at android.database.sqlite.SQLiteConnection.executeForLastInsertedRowId(SQLiteConnecti on.java:946)
01-16 07:14:11.548 19067 19137 E SQLiteDatabase: at android.database.sqlite.SQLiteSession.executeForLastInsertedRowId(SQLiteSession.jav a:790)
01-16 07:14:11.548 19067 19137 E SQLiteDatabase: at android.database.sqlite.SQLiteStatement.executeInsert(SQLiteStatement.java:89)
01-16 07:14:11.548 19067 19137 E SQLiteDatabase: at android.database.sqlite.SQLiteDatabase.insertWithOnConflict(SQLiteDatabase.java:170 2)
01-16 07:14:11.548 19067 19137 E SQLiteDatabase: at android.database.sqlite.SQLiteDatabase.insert(SQLiteDatabase.java:1571)
01-16 07:14:11.548 19067 19137 E SQLiteDatabase: at X.2tm.A08(Unknown Source:6)
01-16 07:14:11.548 19067 19137 E SQLiteDatabase: at X.35Y.A07(Unknown Source:212)
01-16 07:14:11.548 19067 19137 E SQLiteDatabase: at X.3QF.A14(Unknown Source:470)
01-16 07:14:11.548 19067 19137 E SQLiteDatabase: at X.3gU.run(Unknown Source:982)
01-16 07:14:11.548 19067 19137 E SQLiteDatabase: at android.os.Handler.handleCallback(Handler.java:938)
01-16 07:14:11.548 19067 19137 E SQLiteDatabase: at android.os.Handler.dispatchMessage(Handler.java:99)
01-16 07:14:11.548 19067 19137 E SQLiteDatabase: at X.0zq.dispatchMessage(Unknown Source:4)
01-16 07:14:11.548 19067 19137 E SQLiteDatabase: at android.os.Looper.loopOnce(Looper.java:233)
01-16 07:14:11.548 19067 19137 E SQLiteDatabase: at android.os.Looper.loop(Looper.java:344)
01-16 07:14:11.548 19067 19137 E SQLiteDatabase: at android.os.HandlerThread.run(HandlerThread.java:67)
01-16 07:14:12.080 19067 19137 E SQLiteDatabase: Error inserting transferred=0 media_job_uuid=24982764-dd9c-4af9-852e-0cce4144f0b0 transcoded=0 gif_attribution=0 first_scan_length=0 direct_path=/v/t62.7161- 24/19249164_658567929797178_8696776834234559963_n.enc?ccb=11-4&oh=01_AdSssdJuML- izUKXbZjpANvyqbsTAHt654tUimc-B-C9qA&oe=65CD2A72&_nc_sid=5e03e0 thumbnail_height_width_ratio=1.8113208 is_animated_sticker=0 file_hash=PptP7N3wMnV2LLUqXeazQtNdWj9IVhkHPNXsL/bgYNU= file_path=null file_size=0 partial_media_hash=null face_x=0 face_y=0 height=640 trim_to=0 media_key_timestamp=1705360429000 message_url=https://mmg.whatsapp.net/v/t62.7161- 24/19249164_658567929797178_8696776834234559963_n.enc?ccb=11-4&oh=01_AdSssdJuML- izUKXbZjpANvyqbsTAHt654tUimc-B-C9qA&oe=65CD2A72&_nc_sid=5e03e0&mms3=true media_caption=null trim_from=0 mime_type=video/mp4 partial_media_enc_hash=null width=352 original_file_hash=null has_streaming_sidecar=1 autotransfer_retry_enabled=1 media_upload_handle=null message_row_id=1760 multicast_id=null enc_file_hash=y04rXsYL+BNZGMh5fXemh3k1fULM0OXi5SBPiiPNw9k= mute_video=0 page_count=0 first_scan_sidecar=null suspicious_content=0 file_length=1007065 media_name=null media_duration=23 chat_row_id=227 media_key=[B@f6b1d56
01-16 07:14:12.080 19067 19137 E SQLiteDatabase: android.database.sqlite.SQLiteConstraintException: UNIQUE constraint failed: message_media.message_row_id (code 1555 SQLITE_CONSTRAINT_PRIMARYKEY)
01-16 07:14:12.080 19067 19137 E SQLiteDatabase: at android.database.sqlite.SQLiteConnection.nativeExecuteForLastInsertedRowId(Native Method)
01-16 07:14:12.080 19067 19137 E SQLiteDatabase: at android.database.sqlite.SQLiteConnection.executeForLastInsertedRowId(SQLiteConnecti on.java:946)
01-16 07:14:12.080 19067 19137 E SQLiteDatabase: at android.database.sqlite.SQLiteSession.executeForLastInsertedRowId(SQLiteSession.jav a:790)
01-16 07:14:12.080 19067 19137 E SQLiteDatabase: at android.database.sqlite.SQLiteStatement.executeInsert(SQLiteStatement.java:89)
01-16 07:14:12.080 19067 19137 E SQLiteDatabase: at android.database.sqlite.SQLiteDatabase.insertWithOnConflict(SQLiteDatabase.java:170 2)
01-16 07:14:12.080 19067 19137 E SQLiteDatabase: at android.database.sqlite.SQLiteDatabase.insert(SQLiteDatabase.java:1571)
01-16 07:14:12.080 19067 19137 E SQLiteDatabase: at X.2tm.A08(Unknown Source:6)
01-16 07:14:12.080 19067 19137 E SQLiteDatabase: at X.35Y.A07(Unknown Source:212)
01-16 07:14:12.080 19067 19137 E SQLiteDatabase: at X.3QF.A14(Unknown Source:470)
01-16 07:14:12.080 19067 19137 E SQLiteDatabase: at X.3gU.run(Unknown Source:982)
01-16 07:14:12.080 19067 19137 E SQLiteDatabase: at android.os.Handler.handleCallback(Handler.java:938)
01-16 07:14:12.080 19067 19137 E SQLiteDatabase: at android.os.Handler.dispatchMessage(Handler.java:99)
01-16 07:14:12.080 19067 19137 E SQLiteDatabase: at X.0zq.dispatchMessage(Unknown Source:4)
01-16 07:14:12.080 19067 19137 E SQLiteDatabase: at android.os.Looper.loopOnce(Looper.java:233)
01-16 07:14:12.080 19067 19137 E SQLiteDatabase: at android.os.Looper.loop(Looper.java:344)
01-16 07:14:12.080 19067 19137 E SQLiteDatabase: at android.os.HandlerThread.run(HandlerThread.java:67)
01-16 07:14:12.442 19067 21197 W Codec2Client: query -- param skipped: index = 1342179345.
01-16 07:14:12.442 19067 21197 W Codec2Client: query -- param skipped: index = 2415921170.
01-16 07:14:12.442 19067 21197 W Codec2Client: query -- param skipped: index = 1610614798.
01-16 07:14:12.448 19067 21213 W Codec2Client: query -- param skipped: index = 1342179345.
01-16 07:14:12.448 19067 21213 W Codec2Client: query -- param skipped: index = 2415921170.
01-16 07:14:12.448 19067 21213 W Codec2Client: query -- param skipped: index = 1610614798.
01-16 07:14:12.475 19067 19067 E RecyclerView: No adapter attached; skipping layout
01-16 07:14:12.502 19067 21188 E Parcel : Reading a NULL string not supported here.
01-16 07:14:12.503 19067 21188 W libc : Access denied finding property "vendor.oplus.media.vpp.stutter"
01-16 07:14:12.523 19067 21259 W ColorUtils: expected specified color aspects (2:0:0:0)
01-16 07:14:12.531 19067 21259 W Codec2Client: query -- param skipped: index = 1107298332.
01-16 07:14:12.531 19067 21259 W CCodec : This behavior is subject to change. It is recommended that app developers double check whether the requested max input size is in reasonable range.
01-16 07:14:12.534 19067 21259 W Codec2Client: query -- param skipped: index = 1342179345.
01-16 07:14:12.534 19067 21259 W Codec2Client: query -- param skipped: index = 2415921170.
01-16 07:14:12.534 19067 21259 W Codec2Client: query -- param skipped: index = 1610614798.
01-16 07:14:12.555 19067 21188 W libc : Access denied finding property "vendor.oplus.media.vpp.stutter"
01-16 07:14:12.578 19067 21269 W Codec2Client: query -- param skipped: index = 1107298332.
01-16 07:14:12.578 19067 21269 W CCodec : This behavior is subject to change. It is recommended that app developers double check whether the requested max input size is in reasonable range.
01-16 07:14:12.582 19067 21269 W Codec2Client: query -- param skipped: index = 1342179345.
01-16 07:14:12.582 19067 21269 W Codec2Client: query -- param skipped: index = 2415921170.
01-16 07:14:12.582 19067 21269 W Codec2Client: query -- param skipped: index = 1610614798.
01-16 07:14:12.605 19067 21258 W MediaCodec: mapFormat: no mediaType information
01-16 07:14:13.238 19067 19137 E SQLiteDatabase: Error inserting transferred=1 media_job_uuid=24982764-dd9c-4af9-852e-0cce4144f0b0 transcoded=0 gif_attribution=0 first_scan_length=0 direct_path=/v/t62.7161- 24/19249164_658567929797178_8696776834234559963_n.enc?ccb=11-4&oh=01_AdSssdJuML- izUKXbZjpANvyqbsTAHt654tUimc-B-C9qA&oe=65CD2A72&_nc_sid=5e03e0 thumbnail_height_width_ratio=1.8113208 is_animated_sticker=0 file_hash=PptP7N3wMnV2LLUqXeazQtNdWj9IVhkHPNXsL/bgYNU= file_path=Media/.Statuses/8f51d80b984b4bd281142052869c2f22.mp4 file_size=1007065 partial_media_hash=null face_x=0 face_y=0 height=640 trim_to=0 media_key_timestamp=1705360429000 message_url=https://mmg.whatsapp.net/v/t62.7161- 24/19249164_658567929797178_8696776834234559963_n.enc?ccb=11-4&oh=01_AdSssdJuML- izUKXbZjpANvyqbsTAHt654tUimc-B-C9qA&oe=65CD2A72&_nc_sid=5e03e0&mms3=true media_caption=null trim_from=0 mime_type=video/mp4 partial_media_enc_hash=null width=352 original_file_hash=null has_streaming_sidecar=1 autotransfer_retry_enabled=1 media_upload_handle=null message_row_id=1760 multicast_id=null enc_file_hash=y04rXsYL+BNZGMh5fXemh3k1fULM0OXi5SBPiiPNw9k= mute_video=0 page_count=0 first_scan_sidecar=null suspicious_content=0 file_length=1007065 media_name=null media_duration=23 chat_row_id=227 media_key=[B@f6b1d56
01-16 07:14:13.238 19067 19137 E SQLiteDatabase: android.database.sqlite.SQLiteConstraintException: UNIQUE constraint failed: message_media.message_row_id (code 1555 SQLITE_CONSTRAINT_PRIMARYKEY)
01-16 07:14:13.238 19067 19137 E SQLiteDatabase: at android.database.sqlite.SQLiteConnection.nativeExecuteForLastInsertedRowId(Native Method)
01-16 07:14:13.238 19067 19137 E SQLiteDatabase: at android.database.sqlite.SQLiteConnection.executeForLastInsertedRowId(SQLiteConnecti on.java:946)
01-16 07:14:13.238 19067 19137 E SQLiteDatabase: at android.database.sqlite.SQLiteSession.executeForLastInsertedRowId(SQLiteSession.jav a:790)
01-16 07:14:13.238 19067 19137 E SQLiteDatabase: at android.database.sqlite.SQLiteStatement.executeInsert(SQLiteStatement.java:89)
01-16 07:14:13.238 19067 19137 E SQLiteDatabase: at android.database.sqlite.SQLiteDatabase.insertWithOnConflict(SQLiteDatabase.java:170 2)
01-16 07:14:13.238 19067 19137 E SQLiteDatabase: at android.database.sqlite.SQLiteDatabase.insert(SQLiteDatabase.java:1571)
01-16 07:14:13.238 19067 19137 E SQLiteDatabase: at X.2tm.A08(Unknown Source:6)
01-16 07:14:13.238 19067 19137 E SQLiteDatabase: at X.35Y.A07(Unknown Source:212)
01-16 07:14:13.238 19067 19137 E SQLiteDatabase: at X.3QF.A14(Unknown Source:470)
01-16 07:14:13.238 19067 19137 E SQLiteDatabase: at X.3gU.run(Unknown Source:982)
01-16 07:14:13.238 19067 19137 E SQLiteDatabase: at android.os.Handler.handleCallback(Handler.java:938)
01-16 07:14:13.238 19067 19137 E SQLiteDatabase: at android.os.Handler.dispatchMessage(Handler.java:99)
01-16 07:14:13.238 19067 19137 E SQLiteDatabase: at X.0zq.dispatchMessage(Unknown Source:4)
01-16 07:14:13.238 19067 19137 E SQLiteDatabase: at android.os.Looper.loopOnce(Looper.java:233)
01-16 07:14:13.238 19067 19137 E SQLiteDatabase: at android.os.Looper.loop(Looper.java:344)
01-16 07:14:13.238 19067 19137 E SQLiteDatabase: at android.os.HandlerThread.run(HandlerThread.java:67)
01-16 07:14:15.539 19067 21258 W Codec2Client: query -- param skipped: index = 1342179345.
01-16 07:14:15.539 19067 21258 W Codec2Client: query -- param skipped: index = 2415921170.
01-16 07:14:15.539 19067 21258 W Codec2Client: query -- param skipped: index = 1610614798.
01-16 07:14:15.543 19067 21269 W Codec2Client: query -- param skipped: index = 1342179345.
01-16 07:14:15.543 19067 21269 W Codec2Client: query -- param skipped: index = 2415921170.
01-16 07:14:15.543 19067 21269 W Codec2Client: query -- param skipped: index = 1610614798.
01-16 07:14:15.557 19067 19067 W BottomSheetBehavior: BottomSheetBehavior now supports multiple callbacks. `setBottomSheetCallback()` removes all existing callbacks, including ones set internally by library authors, which may result in unintended behavior. This may change in the future. Please use `addBottomSheetCallback()` and `removeBottomSheetCallback()` instead to set your own callbacks.
01-16 07:14:15.557 19067 19067 W BottomSheetBehavior: BottomSheetBehavior now supports multiple callbacks. `setBottomSheetCallback()` removes all existing callbacks, including ones set internally by library authors, which may result in unintended behavior. This may change in the future. Please use `addBottomSheetCallback()` and `removeBottomSheetCallback()` instead to set your own callbacks.
01-16 07:14:16.119 19067 19067 W BottomSheetBehavior: BottomSheetBehavior now supports multiple callbacks. `setBottomSheetCallback()` removes all existing callbacks, including ones set internally by library authors, which may result in unintended behavior. This may change in the future. Please use `addBottomSheetCallback()` and `removeBottomSheetCallback()` instead to set your own callbacks.
01-16 07:14:16.119 19067 19067 W BottomSheetBehavior: BottomSheetBehavior now supports multiple callbacks. `setBottomSheetCallback()` removes all existing callbacks, including ones set internally by library authors, which may result in unintended behavior. This may change in the future. Please use `addBottomSheetCallback()` and `removeBottomSheetCallback()` instead to set your own callbacks.
01-16 07:14:16.126 19067 19067 E RecyclerView: No adapter attached; skipping layout
01-16 07:14:16.894 19067 19067 W BottomSheetBehavior: BottomSheetBehavior now supports multiple callbacks. `setBottomSheetCallback()` removes all existing callbacks, including ones set internally by library authors, which may result in unintended behavior. This may change in the future. Please use `addBottomSheetCallback()` and `removeBottomSheetCallback()` instead to set your own callbacks.
01-16 07:14:16.894 19067 19067 W BottomSheetBehavior: BottomSheetBehavior now supports multiple callbacks. `setBottomSheetCallback()` removes all existing callbacks, including ones set internally by library authors, which may result in unintended behavior. This may change in the future. Please use `addBottomSheetCallback()` and `removeBottomSheetCallback()` instead to set your own callbacks.
01-16 07:14:16.895 19067 21188 E Parcel : Reading a NULL string not supported here.
01-16 07:14:16.896 19067 21188 W libc : Access denied finding property "vendor.oplus.media.vpp.stutter"
01-16 07:14:16.904 19067 19067 E RecyclerView: No adapter attached; skipping layout
01-16 07:14:16.922 19067 21338 W ColorUtils: expected specified color aspects (2:0:0:0)
01-16 07:14:16.933 19067 21338 W Codec2Client: query -- param skipped: index = 1107298332.
01-16 07:14:16.933 19067 21338 W CCodec : This behavior is subject to change. It is recommended that app developers double check whether the requested max input size is in reasonable range.
01-16 07:14:16.936 19067 21338 W Codec2Client: query -- param skipped: index = 1342179345.
01-16 07:14:16.936 19067 21338 W Codec2Client: query -- param skipped: index = 2415921170.
01-16 07:14:16.936 19067 21338 W Codec2Client: query -- param skipped: index = 1610614798.
01-16 07:14:16.958 19067 21188 W libc : Access denied finding property "vendor.oplus.media.vpp.stutter"
01-16 07:14:16.980 19067 21347 W Codec2Client: query -- param skipped: index = 1107298332.
01-16 07:14:16.980 19067 21347 W CCodec : This behavior is subject to change. It is recommended that app developers double check whether the requested max input size is in reasonable range.
01-16 07:14:16.982 19067 21347 W Codec2Client: query -- param skipped: index = 1342179345.
01-16 07:14:16.982 19067 21347 W Codec2Client: query -- param skipped: index = 2415921170.
01-16 07:14:16.982 19067 21347 W Codec2Client: query -- param skipped: index = 1610614798.
01-16 07:14:16.995 19067 21337 W MediaCodec: mapFormat: no mediaType information
01-16 07:14:17.906 19067 19137 E SQLiteDatabase: Error inserting transferred=1 media_job_uuid=744df8ad-e2c2-4d2a-80e2-3c28799fb211 transcoded=0 gif_attribution=0 first_scan_length=0 direct_path=/v/t62.7161- 24/30929855_900794001448437_6063578982978291830_n.enc?ccb=11- 4&oh=01_AdRfp303BHMBSTwJqYwrgk6HLMPHN1_svp6SrS4VYIW6SA&oe=65CCA01A&_nc_sid=5e03e0 thumbnail_height_width_ratio=1.8113208 is_animated_sticker=0 file_hash=v8Cm3PKteTBu2/EWnMEdbD4L29L6ZkbC8uqkhJQvvGk= file_path=Media/.Statuses/04b3e7bb1b734499ab10594de751ae5d.mp4 file_size=1749869 partial_media_hash=null face_x=0 face_y=0 height=640 trim_to=0 media_key_timestamp=1705321768000 message_url=https://mmg.whatsapp.net/v/t62.7161- 24/30929855_900794001448437_6063578982978291830_n.enc?ccb=11- 4&oh=01_AdRfp303BHMBSTwJqYwrgk6HLMPHN1_svp6SrS4VYIW6SA&oe=65CCA01A&_nc_sid=5e03e0&m ms3=true media_caption=null trim_from=0 mime_type=video/mp4 partial_media_enc_hash=null width=352 original_file_hash=null has_streaming_sidecar=1 autotransfer_retry_enabled=1 media_upload_handle=null message_row_id=1611 multicast_id=null enc_file_hash=ne+MGq/7+p1ivz24MCU659zvbqkqSQcm0+WmTdsjULs= mute_video=0 page_count=0 first_scan_sidecar=null suspicious_content=0 file_length=1749869 media_name=null media_duration=11 chat_row_id=227 media_key=[B@5c85b16
01-16 07:14:17.906 19067 19137 E SQLiteDatabase: android.database.sqlite.SQLiteConstraintException: UNIQUE constraint failed: message_media.message_row_id (code 1555 SQLITE_CONSTRAINT_PRIMARYKEY)
01-16 07:14:17.906 19067 19137 E SQLiteDatabase: at android.database.sqlite.SQLiteConnection.nativeExecuteForLastInsertedRowId(Native Method)
01-16 07:14:17.906 19067 19137 E SQLiteDatabase: at android.database.sqlite.SQLiteConnection.executeForLastInsertedRowId(SQLiteConnecti on.java:946)
01-16 07:14:17.906 19067 19137 E SQLiteDatabase: at android.database.sqlite.SQLiteSession.executeForLastInsertedRowId(SQLiteSession.jav a:790)
01-16 07:14:17.906 19067 19137 E SQLiteDatabase: at android.database.sqlite.SQLiteStatement.executeInsert(SQLiteStatement.java:89)
01-16 07:14:17.906 19067 19137 E SQLiteDatabase: at android.database.sqlite.SQLiteDatabase.insertWithOnConflict(SQLiteDatabase.java:170 2)
01-16 07:14:17.906 19067 19137 E SQLiteDatabase: at android.database.sqlite.SQLiteDatabase.insert(SQLiteDatabase.java:1571)
01-16 07:14:17.906 19067 19137 E SQLiteDatabase: at X.2tm.A08(Unknown Source:6)
01-16 07:14:17.906 19067 19137 E SQLiteDatabase: at X.35Y.A07(Unknown Source:212)
01-16 07:14:17.906 19067 19137 E SQLiteDatabase: at X.3QF.A14(Unknown Source:470)
01-16 07:14:17.906 19067 19137 E SQLiteDatabase: at X.3gU.run(Unknown Source:982)
01-16 07:14:17.906 19067 19137 E SQLiteDatabase: at android.os.Handler.handleCallback(Handler.java:938)
01-16 07:14:17.906 19067 19137 E SQLiteDatabase: at android.os.Handler.dispatchMessage(Handler.java:99)
01-16 07:14:17.906 19067 19137 E SQLiteDatabase: at X.0zq.dispatchMessage(Unknown Source:4)
01-16 07:14:17.906 19067 19137 E SQLiteDatabase: at android.os.Looper.loopOnce(Looper.java:233)
01-16 07:14:17.906 19067 19137 E SQLiteDatabase: at android.os.Looper.loop(Looper.java:344)
01-16 07:14:17.906 19067 19137 E SQLiteDatabase: at android.os.HandlerThread.run(HandlerThread.java:67)
01-16 07:14:18.445 19067 19137 E SQLiteDatabase: Error inserting transferred=0 media_job_uuid=a5fc3bd8-0af0-4554-8a61-57874e912a2d transcoded=0 gif_attribution=0 first_scan_length=0 direct_path=/v/t62.7161- 24/30696682_391009630121569_3665518721650788360_n.enc?ccb=11- 4&oh=01_AdQwavBymh98sI7q3X8ZUkXpnitYMbZ2fSB0eZC2DVR9Eg&oe=65CCCBBC&_nc_sid=5e03e0 thumbnail_height_width_ratio=1.3333334 is_animated_sticker=0 file_hash=SL9v2UmgkgYLnU/XUtXrQHI2h7Nks28rD3dKr00b5vY= file_path=null file_size=0 partial_media_hash=null face_x=0 face_y=0 height=640 trim_to=0 media_key_timestamp=1705331380000 message_url=https://mmg.whatsapp.net/v/t62.7161- 24/30696682_391009630121569_3665518721650788360_n.enc?ccb=11- 4&oh=01_AdQwavBymh98sI7q3X8ZUkXpnitYMbZ2fSB0eZC2DVR9Eg&oe=65CCCBBC&_nc_sid=5e03e0&m ms3=true media_caption=null trim_from=0 mime_type=video/mp4 partial_media_enc_hash=null width=480 original_file_hash=null has_streaming_sidecar=1 autotransfer_retry_enabled=1 media_upload_handle=null message_row_id=1714 multicast_id=null enc_file_hash=JfFvbDcjPd2vSTJrQkI+w6xZA8mFqdExlC+mZlOWqhY= mute_video=0 page_count=0 first_scan_sidecar=null suspicious_content=0 file_length=912858 media_name=null media_duration=14 chat_row_id=227 media_key=[B@81714dd
01-16 07:14:18.445 19067 19137 E SQLiteDatabase: android.database.sqlite.SQLiteConstraintException: UNIQUE constraint failed: message_media.message_row_id (code 1555 SQLITE_CONSTRAINT_PRIMARYKEY)
01-16 07:14:18.445 19067 19137 E SQLiteDatabase: at android.database.sqlite.SQLiteConnection.nativeExecuteForLastInsertedRowId(Native Method)
01-16 07:14:18.445 19067 19137 E SQLiteDatabase: at android.database.sqlite.SQLiteConnection.executeForLastInsertedRowId(SQLiteConnecti on.java:946)
01-16 07:14:18.445 19067 19137 E SQLiteDatabase: at android.database.sqlite.SQLiteSession.executeForLastInsertedRowId(SQLiteSession.jav a:790)
