The document contains log entries from an Android application. It reports errors loading classes, libraries and assets. There are also warnings about failed lock verifications slowing down method execution. The application is trying to access restricted properties and is having permissions granted for file system access.
We take content rights seriously. If you suspect this is your content, claim it here.
Available Formats
Download as TXT, PDF, TXT or read online on Scribd
0 ratings0% found this document useful (0 votes)
198 views3,552 pages
Logcat
The document contains log entries from an Android application. It reports errors loading classes, libraries and assets. There are also warnings about failed lock verifications slowing down method execution. The application is trying to access restricted properties and is having permissions granted for file system access.
We take content rights seriously. If you suspect this is your content, claim it here.
Available Formats
Download as TXT, PDF, TXT or read online on Scribd
You are on page 1/ 3552
--------- beginning of main
01-15 19:00:10.142 30043 30043 E com.mbwhatsapp: Unknown bits set in runtime_flags:
0x40000000
01-15 19:00:10.150 30043 30043 E com.mbwhatsapp: Not starting debugger since process cannot load the jdwp agent.
01-15 19:00:10.252 30043 30043 W libc : Access denied finding property "ro.odm.prev.product.name"
01-15 19:00:10.252 30043 30043 W libc : Access denied finding property "ro.vendor.oplus.gundam"
01-15 19:00:10.316 30043 30043 W System.err: java.lang.ClassNotFoundException: mbmodsd.mbmodsw.ui.views.btn.BtnBK
01-15 19:00:10.316 30043 30043 W System.err: at java.lang.Runtime.nativeLoad(Native Method)
01-15 19:00:10.316 30043 30043 W System.err: at java.lang.Runtime.nativeLoad(Runtime.java:1126)
01-15 19:00:10.316 30043 30043 W System.err: at java.lang.Runtime.loadLibrary0(Runtime.java:1080)
01-15 19:00:10.316 30043 30043 W System.err: at java.lang.Runtime.loadLibrary0(Runtime.java:1003)
01-15 19:00:10.316 30043 30043 W System.err: at java.lang.System.loadLibrary(System.java:1661)
01-15 19:00:10.316 30043 30043 W System.err: at arm.EpicVm.<clinit>(Unknown Source:2)
01-15 19:00:10.316 30043 30043 W System.err: at java.lang.Class.newInstance(Native Method)
01-15 19:00:10.316 30043 30043 W System.err: at android.app.AppComponentFactory.instantiateApplication(AppComponentFactory.java:76)
01-15 19:00:10.316 30043 30043 W System.err: at androidx.core.app.CoreComponentFactory.instantiateApplication(Unknown Source:0)
01-15 19:00:10.316 30043 30043 W System.err: at android.app.Instrumentation.newApplication(Instrumentation.java:1191)
01-15 19:00:10.316 30043 30043 W System.err: at android.app.LoadedApk.makeApplication(LoadedApk.java:1404)
01-15 19:00:10.316 30043 30043 W System.err: at android.app.ActivityThread.handleBindApplication(ActivityThread.java:7031)
01-15 19:00:10.316 30043 30043 W System.err: at android.app.ActivityThread.access$1800(ActivityThread.java:258)
01-15 19:00:10.316 30043 30043 W System.err: at android.app.ActivityThread$H.handleMessage(ActivityThread.java:2207)
01-15 19:00:10.316 30043 30043 W System.err: at android.os.Handler.dispatchMessage(Handler.java:106)
01-15 19:00:10.316 30043 30043 W System.err: at android.os.Looper.loopOnce(Looper.java:233)
01-15 19:00:10.316 30043 30043 W System.err: at android.os.Looper.loop(Looper.java:344)
01-15 19:00:10.316 30043 30043 W System.err: at android.app.ActivityThread.main(ActivityThread.java:8205)
01-15 19:00:10.316 30043 30043 W System.err: at java.lang.reflect.Method.invoke(Native Method)
01-15 19:00:10.316 30043 30043 W System.err: at com.android.internal.os.RuntimeInit$MethodAndArgsCaller.run(RuntimeInit.java:589)
01-15 19:00:10.316 30043 30043 W System.err: at com.android.internal.os.ZygoteInit.main(ZygoteInit.java:1071)
01-15 19:00:10.444 30043 30043 E CustomActivityOnCrash: IMPORTANT WARNING! You already have an UncaughtExceptionHandler, are you sure this is correct? If you use a custom UncaughtExceptionHandler, you must initialize it AFTER CustomActivityOnCrash! Installing anyway, but your original handler will not be called.
01-15 19:00:11.016 30043 30070 W LibraryVersion: Failed to get app version for libraryName: firebase-iid
01-15 19:00:11.157 30095 30095 E com.mbwhatsapp: Unknown bits set in runtime_flags: 0x40000000
01-15 19:00:11.163 30095 30095 E com.mbwhatsapp: Not starting debugger since process cannot load the jdwp agent.
01-15 19:00:11.199 30095 30095 W libc : Access denied finding property "ro.odm.prev.product.name"
01-15 19:00:11.199 30095 30095 W libc : Access denied finding property "ro.vendor.oplus.gundam"
01-15 19:00:11.249 30095 30095 W System.err: java.lang.ClassNotFoundException: mbmodsd.mbmodsw.ui.views.btn.BtnBK
01-15 19:00:11.250 30095 30095 W System.err: at java.lang.Runtime.nativeLoad(Native Method)
01-15 19:00:11.250 30095 30095 W System.err: at java.lang.Runtime.nativeLoad(Runtime.java:1126)
01-15 19:00:11.250 30095 30095 W System.err: at java.lang.Runtime.loadLibrary0(Runtime.java:1080)
01-15 19:00:11.250 30095 30095 W System.err: at java.lang.Runtime.loadLibrary0(Runtime.java:1003)
01-15 19:00:11.250 30095 30095 W System.err: at java.lang.System.loadLibrary(System.java:1661)
01-15 19:00:11.250 30095 30095 W System.err: at arm.EpicVm.<clinit>(Unknown Source:2)
01-15 19:00:11.250 30095 30095 W System.err: at java.lang.Class.newInstance(Native Method)
01-15 19:00:11.250 30095 30095 W System.err: at android.app.AppComponentFactory.instantiateApplication(AppComponentFactory.java:76)
01-15 19:00:11.250 30095 30095 W System.err: at androidx.core.app.CoreComponentFactory.instantiateApplication(Unknown Source:0)
01-15 19:00:11.250 30095 30095 W System.err: at android.app.Instrumentation.newApplication(Instrumentation.java:1191)
01-15 19:00:11.250 30095 30095 W System.err: at android.app.LoadedApk.makeApplication(LoadedApk.java:1404)
01-15 19:00:11.250 30095 30095 W System.err: at android.app.ActivityThread.handleBindApplication(ActivityThread.java:7031)
01-15 19:00:11.250 30095 30095 W System.err: at android.app.ActivityThread.access$1800(ActivityThread.java:258)
01-15 19:00:11.250 30095 30095 W System.err: at android.app.ActivityThread$H.handleMessage(ActivityThread.java:2207)
01-15 19:00:11.250 30095 30095 W System.err: at android.os.Handler.dispatchMessage(Handler.java:106)
01-15 19:00:11.250 30095 30095 W System.err: at android.os.Looper.loopOnce(Looper.java:233)
01-15 19:00:11.250 30095 30095 W System.err: at android.os.Looper.loop(Looper.java:344)
01-15 19:00:11.250 30095 30095 W System.err: at android.app.ActivityThread.main(ActivityThread.java:8205)
01-15 19:00:11.250 30095 30095 W System.err: at java.lang.reflect.Method.invoke(Native Method)
01-15 19:00:11.250 30095 30095 W System.err: at com.android.internal.os.RuntimeInit$MethodAndArgsCaller.run(RuntimeInit.java:589)
01-15 19:00:11.250 30095 30095 W System.err: at com.android.internal.os.ZygoteInit.main(ZygoteInit.java:1071)
01-15 19:00:11.285 30095 30095 E CustomActivityOnCrash: IMPORTANT WARNING! You already have an UncaughtExceptionHandler, are you sure this is correct? If you use a custom UncaughtExceptionHandler, you must initialize it AFTER CustomActivityOnCrash! Installing anyway, but your original handler will not be called.
01-15 19:00:11.314 30095 30123 W LibraryVersion: Failed to get app version for libraryName: firebase-iid
01-15 19:00:11.415 30095 30095 W com.mbwhatsapp: Accessing hidden method Lcom/android/org/conscrypt/OpenSSLSocketImpl;->setUseSessionTickets(Z)V (max- target-q,core-platform-api, reflection, denied)
01-15 19:00:11.416 30095 30095 W com.mbwhatsapp: Accessing hidden method Lcom/android/org/conscrypt/AbstractConscryptSocket;->setUseSessionTickets(Z)V (max- target-q, reflection, denied)
01-15 19:00:12.185 30095 30095 W com.mbwhatsapp: type=1400 audit(0.0:7671): avc: granted { execute } for path="/data/data/com.mbwhatsapp/files/decompressed/libs.spk.zst/libc++_shared.so" dev="sdc51" ino=4269251 scontext=u:r:untrusted_app:s0:c36,c256,c512,c768 tcontext=u:object_r:app_data_file:s0:c36,c256,c512,c768 tclass=file app=com.mbwhatsapp
01-15 19:00:12.185 30095 30095 W com.mbwhatsapp: type=1400 audit(0.0:7672): avc: granted { execute } for path="/data/data/com.mbwhatsapp/files/decompressed/libs.spk.zst/libvlc.so" dev="sdc51" ino=4268776 scontext=u:r:untrusted_app:s0:c36,c256,c512,c768 tcontext=u:object_r:app_data_file:s0:c36,c256,c512,c768 tclass=file app=com.mbwhatsapp
01-15 19:00:12.189 30095 30095 W com.mbwhatsapp: type=1400 audit(0.0:7673): avc: granted { execute } for path="/data/data/com.mbwhatsapp/files/decompressed/libs.spk.zst/libwhatsapp.so" dev="sdc51" ino=4268840 scontext=u:r:untrusted_app:s0:c36,c256,c512,c768 tcontext=u:object_r:app_data_file:s0:c36,c256,c512,c768 tclass=file app=com.mbwhatsapp
01-15 19:00:12.217 30095 30095 W com.mbwhatsapp: type=1400 audit(0.0:7674): avc: granted { execute } for path="/data/data/com.mbwhatsapp/files/decompressed/libs.spk.zst/libcurve25519.so" dev="sdc51" ino=4269243 scontext=u:r:untrusted_app:s0:c36,c256,c512,c768 tcontext=u:object_r:app_data_file:s0:c36,c256,c512,c768 tclass=file app=com.mbwhatsapp
01-15 19:00:12.225 30095 30095 W com.mbwhatsapp: type=1400 audit(0.0:7675): avc: granted { execute } for path="/data/data/com.mbwhatsapp/files/decompressed/libs.spk.zst/libwhatsapp.so" dev="sdc51" ino=4268840 scontext=u:r:untrusted_app:s0:c36,c256,c512,c768 tcontext=u:object_r:app_data_file:s0:c36,c256,c512,c768 tclass=file app=com.mbwhatsapp
01-15 19:00:12.225 30095 30095 W com.mbwhatsapp: type=1400 audit(0.0:7676): avc: granted { execute } for path="/data/data/com.mbwhatsapp/files/decompressed/libs.spk.zst/libwhatsapp.so" dev="sdc51" ino=4268840 scontext=u:r:untrusted_app:s0:c36,c256,c512,c768 tcontext=u:object_r:app_data_file:s0:c36,c256,c512,c768 tclass=file app=com.mbwhatsapp
01-15 19:00:12.225 30095 30095 W com.mbwhatsapp: type=1400 audit(0.0:7677): avc: granted { execute } for path="/data/data/com.mbwhatsapp/files/decompressed/libs.spk.zst/libwhatsapp.so" dev="sdc51" ino=4268840 scontext=u:r:untrusted_app:s0:c36,c256,c512,c768 tcontext=u:object_r:app_data_file:s0:c36,c256,c512,c768 tclass=file app=com.mbwhatsapp
01-15 19:00:12.295 30095 30095 W com.mbwhatsapp: Method void X.0eU.A0h(X.0tK, boolean) failed lock verification and will run slower.
01-15 19:00:12.295 30095 30095 W com.mbwhatsapp: Common causes for lock verification issues are non-optimized dex code
01-15 19:00:12.295 30095 30095 W com.mbwhatsapp: and incorrect proguard optimizations.
01-15 19:00:12.438 30095 30129 E Parcel : Reading a NULL string not supported here.
01-15 19:00:12.468 30095 30227 E QT : [QT]file does not exist
01-15 19:00:12.514 30095 30214 W com.mbwhatsapp: Method void X.2rL.A03(java.lang.Integer) failed lock verification and will run slower. --------- beginning of system
01-15 19:00:13.054 30095 30095 E OplusCustomizeRestrictionManager: sInstance is null, start a new sInstance
01-15 19:00:13.156 30095 30095 E com.mbwhatsapp: Invalid ID 0x00000000.
01-15 19:00:13.157 30095 30095 W System.err: android.content.res.Resources$NotFoundException: String resource ID #0x0
01-15 19:00:13.157 30095 30095 W System.err: at android.content.res.Resources.getText(Resources.java:463)
01-15 19:00:13.157 30095 30095 W System.err: at android.content.res.Resources.getString(Resources.java:556)
01-15 19:00:13.157 30095 30095 W System.err: at X.35t.A0E(Unknown Source:46)
01-15 19:00:13.157 30095 30095 W System.err: at com.mbwhatsapp.yo.yo.getString(Native Method)
01-15 19:00:13.158 30095 30095 W System.err: at com.mbwhatsapp.yo.yo.getString(Native Method)
01-15 19:00:13.158 30095 30095 W System.err: at com.mbwhatsapp.youbasha.task.utils.requestAllFilesAccess14(Native Method)
01-15 19:00:13.158 30095 30095 W System.err: at com.mbwhatsapp.yo.dep.showStoragePermissionRequest(Native Method)
01-15 19:00:13.158 30095 30095 W System.err: at com.mbwhatsapp.registration.EULA.onCreate(Unknown Source:248)
01-15 19:00:13.158 30095 30095 W System.err: at android.app.Activity.performCreate(Activity.java:8130)
01-15 19:00:13.158 30095 30095 W System.err: at android.app.Activity.performCreate(Activity.java:8110)
01-15 19:00:13.158 30095 30095 W System.err: at android.app.Instrumentation.callActivityOnCreate(Instrumentation.java:1343)
01-15 19:00:13.158 30095 30095 W System.err: at android.app.ActivityThread.performLaunchActivity(ActivityThread.java:3782)
01-15 19:00:13.158 30095 30095 W System.err: at android.app.ActivityThread.handleLaunchActivity(ActivityThread.java:3975)
01-15 19:00:13.158 30095 30095 W System.err: at android.app.servertransaction.LaunchActivityItem.execute(LaunchActivityItem.java:10 3)
01-15 19:00:13.159 30095 30095 W System.err: at android.app.servertransaction.TransactionExecutor.executeCallbacks(TransactionExecu tor.java:135)
01-15 19:00:13.159 30095 30095 W System.err: at android.app.servertransaction.TransactionExecutor.execute(TransactionExecutor.java: 95)
01-15 19:00:13.159 30095 30095 W System.err: at android.app.ActivityThread$H.handleMessage(ActivityThread.java:2377)
01-15 19:00:13.159 30095 30095 W System.err: at android.os.Handler.dispatchMessage(Handler.java:106)
01-15 19:00:13.159 30095 30095 W System.err: at android.os.Looper.loopOnce(Looper.java:233)
01-15 19:00:13.159 30095 30095 W System.err: at android.os.Looper.loop(Looper.java:344)
01-15 19:00:13.159 30095 30095 W System.err: at android.app.ActivityThread.main(ActivityThread.java:8205)
01-15 19:00:13.159 30095 30095 W System.err: at java.lang.reflect.Method.invoke(Native Method)
01-15 19:00:13.159 30095 30095 W System.err: at com.android.internal.os.RuntimeInit$MethodAndArgsCaller.run(RuntimeInit.java:589)
01-15 19:00:13.160 30095 30095 W System.err: at com.android.internal.os.ZygoteInit.main(ZygoteInit.java:1071)
01-15 19:00:13.288 30095 30095 W Activity: Can request only one set of permissions at a time
01-15 19:00:13.444 30095 30095 E ArmVmp : Match on catch block at 0x0a in for 0x71d898704d
01-15 19:00:13.459 30095 30225 E ExtensionsLoader: dlopen failed: library "libhwuiextimpl.so" not found
01-15 19:00:13.459 30095 30095 E com.mbwhatsapp: ofbOpen failed with error=No such file or directory
01-15 19:00:13.459 30095 30095 E com.mbwhatsapp: sysOpen failed with error=No such file or directory
01-15 19:00:13.628 30095 30287 E ion : ioctl c0044901 failed with code -1: Invalid argument
01-15 19:00:13.713 30095 30225 E OpenGLRenderer: fbcNotifyFrameComplete error: undefined symbol: fbcNotifyFrameComplete
01-15 19:00:13.714 30095 30225 E OpenGLRenderer: fbcNotifyNoRender error: undefined symbol: fbcNotifyNoRender
01-15 19:00:14.148 30095 30109 W com.mbwhatsapp: Cleared Reference was only reachable from finalizer (only reported once)
01-15 19:00:14.351 30095 30225 E BLASTBufferQueue: BLASTBufferItemConsumer::onDisconnect()
01-15 19:00:14.367 30095 30225 E BLASTBufferQueue: BLASTBufferItemConsumer::onDisconnect()
01-15 19:00:14.630 30095 30095 E com.mbwhatsapp: Invalid ID 0x00000000.
01-15 19:00:14.631 30095 30095 E com.mbwhatsapp: Invalid ID 0x00000000.
01-15 19:00:14.631 30095 30095 E com.mbwhatsapp: Invalid ID 0x00000000.
01-15 19:00:14.632 30095 30095 E com.mbwhatsapp: Invalid ID 0x00000000.
01-15 19:00:14.633 30095 30095 E com.mbwhatsapp: Invalid ID 0x00000000.
01-15 19:00:14.633 30095 30095 E com.mbwhatsapp: Invalid ID 0x00000000.
01-15 19:00:14.634 30095 30095 E com.mbwhatsapp: Invalid ID 0x00000000.
01-15 19:00:14.634 30095 30095 E com.mbwhatsapp: Invalid ID 0x00000000.
01-15 19:00:16.775 30095 30322 W OplusExSystemServiceHelper: checkOplusExSystemService intent getComponent is null
01-15 19:00:16.778 30095 30225 E BLASTBufferQueue: BLASTBufferItemConsumer::onDisconnect()
01-15 19:00:18.426 30095 30225 E BLASTBufferQueue: BLASTBufferItemConsumer::onDisconnect()
01-15 19:00:20.336 30095 30508 E ShortcutInfoCompatSaver: Failed to load saved values from file /data/user/0/com.mbwhatsapp/files/ShortcutInfoCompatSaver_share_targets/ targets.xml. Old state removed, new added
01-15 19:00:20.336 30095 30508 E ShortcutInfoCompatSaver: java.io.FileNotFoundException: /data/user/0/com.mbwhatsapp/files/ShortcutInfoCompatSaver_share_targets/ targets.xml: open failed: ENOENT (No such file or directory)
01-15 19:00:20.336 30095 30508 E ShortcutInfoCompatSaver: at libcore.io.IoBridge.open(IoBridge.java:574)
01-15 19:00:20.336 30095 30508 E ShortcutInfoCompatSaver: at java.io.FileInputStream.<init>(FileInputStream.java:160)
01-15 19:00:20.336 30095 30508 E ShortcutInfoCompatSaver: at X.0nz.run(Unknown Source:82)
01-15 19:00:20.336 30095 30508 E ShortcutInfoCompatSaver: at java.util.concurrent.Executors$RunnableAdapter.call(Executors.java:487)
01-15 19:00:20.336 30095 30508 E ShortcutInfoCompatSaver: at java.util.concurrent.FutureTask.run(FutureTask.java:264)
01-15 19:00:20.336 30095 30508 E ShortcutInfoCompatSaver: at java.util.concurrent.ThreadPoolExecutor.runWorker(ThreadPoolExecutor.java:1145)
01-15 19:00:20.336 30095 30508 E ShortcutInfoCompatSaver: at java.util.concurrent.ThreadPoolExecutor$Worker.run(ThreadPoolExecutor.java:644)
01-15 19:00:20.336 30095 30508 E ShortcutInfoCompatSaver: at java.lang.Thread.run(Thread.java:1012)
01-15 19:00:20.336 30095 30508 E ShortcutInfoCompatSaver: Caused by: android.system.ErrnoException: open failed: ENOENT (No such file or directory)
01-15 19:00:20.336 30095 30508 E ShortcutInfoCompatSaver: at libcore.io.Linux.open(Native Method)
01-15 19:00:20.336 30095 30508 E ShortcutInfoCompatSaver: at libcore.io.ForwardingOs.open(ForwardingOs.java:563)
01-15 19:00:20.336 30095 30508 E ShortcutInfoCompatSaver: at libcore.io.BlockGuardOs.open(BlockGuardOs.java:274)
01-15 19:00:20.336 30095 30508 E ShortcutInfoCompatSaver: at libcore.io.ForwardingOs.open(ForwardingOs.java:563)
01-15 19:00:20.336 30095 30508 E ShortcutInfoCompatSaver: at android.app.ActivityThread$AndroidOs.open(ActivityThread.java:8089)
01-15 19:00:20.336 30095 30508 E ShortcutInfoCompatSaver: at libcore.io.IoBridge.open(IoBridge.java:560)
01-15 19:00:20.336 30095 30508 E ShortcutInfoCompatSaver: ... 7 more
01-15 19:00:20.389 30095 30225 E FrameEvents: updateAcquireFence: Did not find frame.
01-15 19:00:20.400 30095 30225 E FrameEvents: updateAcquireFence: Did not find frame.
01-15 19:00:20.427 30095 30225 E FrameEvents: updateAcquireFence: Did not find frame.
01-15 19:00:20.527 30095 30510 E Parcel : Reading a NULL string not supported here.
01-15 19:00:20.591 30095 30510 E Parcel : Reading a NULL string not supported here.
01-15 19:00:23.440 30095 30225 E BLASTBufferQueue: BLASTBufferItemConsumer::onDisconnect()
01-15 19:00:40.863 30095 30225 E BLASTBufferQueue: BLASTBufferItemConsumer::onDisconnect()
01-15 19:01:37.062 30095 30221 E PlayCore: UID: [10036] PID: [30095] StandardIntegrity : Phonesky is not installed.
01-15 19:01:37.074 30095 30142 W ziparchive: Unable to open '/apex/com.android.extservices/javalib/android.ext.adservices.dm': No such file or directory
01-15 19:01:37.074 30095 30142 W ziparchive: Unable to open '/apex/com.android.extservices/javalib/android.ext.adservices.dm': No such file or directory
01-15 19:01:42.431 30095 30225 E BLASTBufferQueue: BLASTBufferItemConsumer::onDisconnect()
01-15 19:01:43.452 30095 30129 E Parcel : Reading a NULL string not supported here.
01-15 19:01:45.135 30095 30225 E BLASTBufferQueue: BLASTBufferItemConsumer::onDisconnect()
01-15 19:01:45.419 30095 30095 W IInputConnectionWrapper: requestCursorAnchorInfo on inactive InputConnection
01-15 19:01:45.596 30095 30225 E BLASTBufferQueue: BLASTBufferItemConsumer::onDisconnect()
01-15 19:01:46.316 30095 30510 E Parcel : Reading a NULL string not supported here.
01-15 19:01:49.165 30095 30225 E BLASTBufferQueue: [ViewRootImpl[com.mbwhatsapp/com.mbwhatsapp.registration.VerifyPhoneNumber]#10] (f:0,a:2) setNextTransaction
01-15 19:01:49.166 30095 30225 E BLASTBufferQueue: BLASTBufferItemConsumer::onDisconnect()
01-15 19:01:49.404 30095 30225 E BLASTBufferQueue: BLASTBufferItemConsumer::onDisconnect()
01-15 19:02:14.470 30095 30225 E BLASTBufferQueue: BLASTBufferItemConsumer::onDisconnect()
01-15 19:02:32.456 30095 30225 E BLASTBufferQueue: BLASTBufferItemConsumer::onDisconnect()
01-15 19:02:34.018 30095 30225 E BLASTBufferQueue: BLASTBufferItemConsumer::onDisconnect()
01-15 19:02:34.274 30095 30095 W IInputConnectionWrapper: requestCursorAnchorInfo on inactive InputConnection
01-15 19:02:34.378 30095 30225 E BLASTBufferQueue: BLASTBufferItemConsumer::onDisconnect()
01-15 19:03:34.256 30095 30095 W IInputConnectionWrapper: requestCursorAnchorInfo on inactive InputConnection
01-15 19:03:36.475 30095 30225 E BLASTBufferQueue: BLASTBufferItemConsumer::onDisconnect()
01-15 19:03:40.642 30095 30225 E BLASTBufferQueue: BLASTBufferItemConsumer::onDisconnect()
01-15 19:03:52.713 30095 30225 E BLASTBufferQueue: [ViewRootImpl[PopupWindow:4f32c2e]#17](f:0,a:1) setNextTransaction
01-15 19:03:56.675 30095 30225 E BLASTBufferQueue: BLASTBufferItemConsumer::onDisconnect()
01-15 19:04:03.463 30095 30225 E BLASTBufferQueue: BLASTBufferItemConsumer::onDisconnect()
01-15 19:04:03.603 30095 30095 W IInputConnectionWrapper: getSurroundingText on inactive InputConnection
01-15 19:04:03.643 30095 30095 W IInputConnectionWrapper: requestCursorAnchorInfo on inactive InputConnection
01-15 19:04:03.648 30095 30095 W IInputConnectionWrapper: requestCursorAnchorInfo on inactive InputConnection
01-15 19:04:03.679 30095 30095 W IInputConnectionWrapper: requestCursorAnchorInfo on inactive InputConnection
01-15 19:04:05.000 30095 30225 E BLASTBufferQueue: BLASTBufferItemConsumer::onDisconnect()
01-15 19:04:13.144 30095 30225 E BLASTBufferQueue: [ViewRootImpl[PopupWindow:5da60]#20](f:0,a:1) setNextTransaction
01-15 19:04:17.106 30095 30225 E BLASTBufferQueue: BLASTBufferItemConsumer::onDisconnect()
01-15 19:04:48.602 30095 30225 E BLASTBufferQueue: BLASTBufferItemConsumer::onDisconnect()
01-15 19:04:50.079 30095 30095 W IInputConnectionWrapper: requestCursorAnchorInfo on inactive InputConnection
01-15 19:04:50.263 30095 30225 E BLASTBufferQueue: BLASTBufferItemConsumer::onDisconnect()
01-15 19:04:50.281 30095 30225 E BLASTBufferQueue: BLASTBufferItemConsumer::onDisconnect()
01-15 19:04:52.716 30095 30225 E BLASTBufferQueue: BLASTBufferItemConsumer::onDisconnect()
01-15 19:04:52.731 30095 30225 E BLASTBufferQueue: [ViewRootImpl[com.mbwhatsapp/com.mbwhatsapp.registration.RegisterName]#25](f:0,a:2) setNextTransaction
01-15 19:04:52.965 30095 30225 E BLASTBufferQueue: BLASTBufferItemConsumer::onDisconnect()
01-15 19:04:53.389 30095 30225 E BLASTBufferQueue: BLASTBufferItemConsumer::onDisconnect()
01-15 19:04:59.535 30095 30225 E BLASTBufferQueue: BLASTBufferItemConsumer::onDisconnect()
01-15 19:05:00.191 30095 30225 E BLASTBufferQueue: BLASTBufferItemConsumer::onDisconnect()
01-15 19:05:08.761 30095 30095 W IInputConnectionWrapper: requestCursorAnchorInfo on inactive InputConnection
01-15 19:05:09.955 30095 30111 W System : A resource failed to call end.
01-15 19:05:28.317 30095 30129 E Parcel : Reading a NULL string not supported here.
01-15 19:05:33.190 30095 30095 W com.mbwhatsapp: Method void com.mbwhatsapp.HomeActivity.A6e() failed lock verification and will run slower.
01-15 19:05:33.555 30095 30095 E ArmVmp : Match on catch block at 0x0a in for 0x71d8987031
01-15 19:05:33.580 30095 30095 E ArmVmp : Match on catch block at 0x0a in for 0x71d898704d
01-15 19:05:33.699 30095 3274 W MediaCodec-JNI: try to release MediaCodec from JMediaCodec::~JMediaCodec()...
01-15 19:05:33.700 30095 3274 W MediaCodec-JNI: done releasing MediaCodec from JMediaCodec::~JMediaCodec().
01-15 19:05:33.701 30095 3274 E Parcel : Reading a NULL string not supported here.
01-15 19:05:33.702 30095 3274 W libc : Access denied finding property "vendor.oplus.media.vpp.stutter"
01-15 19:05:33.790 30095 3324 W ColorUtils: expected specified color aspects (0:0:0:0)
01-15 19:05:33.808 30095 3274 E Parcel : Reading a NULL string not supported here.
01-15 19:05:33.812 30095 3274 W libc : Access denied finding property "vendor.oplus.media.vpp.stutter"
01-15 19:05:33.862 30095 3354 W ColorUtils: expected specified color aspects (2:0:0:0)
01-15 19:05:33.878 30095 3274 E Parcel : Reading a NULL string not supported here.
01-15 19:05:33.880 30095 3274 W libc : Access denied finding property "vendor.oplus.media.vpp.stutter"
01-15 19:05:33.901 30095 3312 W com.mbwhatsapp: Accessing hidden method Lcom/android/org/conscrypt/ConscryptEngineSocket;->setUseSessionTickets(Z)V (max- target-q,core-platform-api, reflection, denied)
01-15 19:05:33.901 30095 3312 W com.mbwhatsapp: Accessing hidden method Lcom/android/org/conscrypt/OpenSSLSocketImpl;->setUseSessionTickets(Z)V (max- target-q,core-platform-api, reflection, denied)
01-15 19:05:33.901 30095 3312 W com.mbwhatsapp: Accessing hidden method Lcom/android/org/conscrypt/AbstractConscryptSocket;->setUseSessionTickets(Z)V (max- target-q, reflection, denied)
01-15 19:05:33.901 30095 3312 W com.mbwhatsapp: Accessing hidden method Lcom/android/org/conscrypt/ConscryptEngineSocket;->setHostname(Ljava/lang/String;)V (max-target-q,core-platform-api, reflection, denied)
01-15 19:05:33.901 30095 3312 W com.mbwhatsapp: Accessing hidden method Lcom/android/org/conscrypt/OpenSSLSocketImpl;->setHostname(Ljava/lang/String;)V (max-target-q,core-platform-api, reflection, denied)
01-15 19:05:33.901 30095 3312 W com.mbwhatsapp: Accessing hidden method Lcom/android/org/conscrypt/AbstractConscryptSocket;->setHostname(Ljava/lang/ String;)V (max-target-q, reflection, denied)
01-15 19:05:33.901 30095 3312 W com.mbwhatsapp: Accessing hidden method Lcom/android/org/conscrypt/OpenSSLSocketImpl;->setAlpnProtocols([B)V (max-target- q,core-platform-api, reflection, denied)
01-15 19:05:33.901 30095 3312 W com.mbwhatsapp: Accessing hidden method Lcom/android/org/conscrypt/AbstractConscryptSocket;->setAlpnProtocols([B)V (max- target-q, reflection, denied)
01-15 19:05:33.905 30095 3365 W ColorUtils: expected specified color aspects (2:0:0:0)
01-15 19:05:33.923 30095 3274 W AudioCapabilities: Unsupported mime audio/x-adpcm- dvi-ima
01-15 19:05:33.923 30095 3274 W AudioCapabilities: Unsupported mime audio/x-adpcm- dvi-ima
01-15 19:05:33.923 30095 3274 W AudioCapabilities: Unsupported mime audio/x-adpcm- ms
01-15 19:05:33.923 30095 3274 W AudioCapabilities: Unsupported mime audio/x-adpcm- ms
01-15 19:05:33.923 30095 3274 W AudioCapabilities: Unsupported mime audio/alac
01-15 19:05:33.923 30095 3274 W AudioCapabilities: Unsupported mime audio/alac
01-15 19:05:33.923 30095 3274 W AudioCapabilities: Unsupported mime audio/ape
01-15 19:05:33.923 30095 3274 W AudioCapabilities: Unsupported mime audio/ape
01-15 19:05:33.923 30095 3274 W AudioCapabilities: Unsupported mime audio/x-ms-wma
01-15 19:05:33.924 30095 3274 W AudioCapabilities: Unsupported mime audio/x-ms-wma
01-15 19:05:33.926 30095 3274 W AudioCapabilities: Unsupported mime audio/ffmpeg
01-15 19:05:33.926 30095 3274 W VideoCapabilities: Unsupported mime video/ffmpeg
01-15 19:05:33.928 30095 3274 W VideoCapabilities: Unsupported mime image/vnd.android.heic
01-15 19:05:33.928 30095 3274 W VideoCapabilities: Unsupported mime image/vnd.android.heic
01-15 19:05:33.928 30095 3274 W VideoCapabilities: Unsupported mime image/vnd.android.heic
01-15 19:05:33.928 30095 3274 W VideoCapabilities: Unsupported mime image/vnd.android.heic
01-15 19:05:33.930 30095 3274 W VideoCapabilities: Unsupported mime video/x-ms-wmv
01-15 19:05:33.930 30095 3274 W VideoCapabilities: Unsupported mime video/x-ms-wmv
01-15 19:05:34.060 30095 3312 W com.mbwhatsapp: Accessing hidden method Lcom/android/org/conscrypt/OpenSSLSocketImpl;->getAlpnSelectedProtocol()[B (max- target-q,core-platform-api, reflection, denied)
01-15 19:05:34.060 30095 3312 W com.mbwhatsapp: Accessing hidden method Lcom/android/org/conscrypt/AbstractConscryptSocket;->getAlpnSelectedProtocol()[B (max-target-q, reflection, denied)
01-15 19:05:34.076 30095 30095 E RecyclerView: No adapter attached; skipping layout
01-15 19:05:34.134 30095 30095 E ArmVmp : Match on catch block at 0x0a in for 0x71d8987035
01-15 19:05:34.178 30095 30225 E BLASTBufferQueue: BLASTBufferItemConsumer::onDisconnect()
01-15 19:05:34.373 30095 3498 W LOTTIE : Animation contains merge paths. Merge paths are only supported on KitKat+ and must be manually enabled by calling enableMergePathsForKitKatAndAbove().
01-15 19:05:34.628 30095 30095 W LOTTIE : Animation contains merge paths but they are disabled.
01-15 19:05:34.642 30095 30225 E BLASTBufferQueue: BLASTBufferItemConsumer::onDisconnect()
01-15 19:05:34.657 30095 30225 E BLASTBufferQueue: BLASTBufferItemConsumer::onDisconnect()
01-15 19:05:39.658 30095 30225 E BLASTBufferQueue: BLASTBufferItemConsumer::onDisconnect()
01-15 19:05:39.678 30095 30095 W InputEventReceiver: Attempted to finish an input event but the input event receiver has already been disposed.
01-15 19:05:39.680 30095 30095 W ViewRootImpl[PopupWindow:cc27582]: Dropping event due to root view being removed: MotionEvent { action=ACTION_MOVE, actionButton=0, id[0]=0, x[0]=255.0, y[0]=470.0, toolType[0]=TOOL_TYPE_FINGER, buttonState=0, classification=NONE, metaState=0, flags=0x800, edgeFlags=0x0, pointerCount=1, historySize=0, eventTime=40054053, downTime=40054046, deviceId=-1, source=0x1002, displayId=0, eventId=701735837 }
01-15 19:05:39.680 30095 30095 W InputEventReceiver: Attempted to finish an input event but the input event receiver has already been disposed.
01-15 19:05:42.737 30095 30095 E ArmVmp : Match on catch block at 0x0a in for 0x71d8987049
01-15 19:05:43.720 30095 30225 E BLASTBufferQueue: BLASTBufferItemConsumer::onDisconnect()
01-15 19:05:46.729 30095 3498 W LOTTIE : Unknown shape type rd
01-15 19:05:46.730 30095 3764 W LOTTIE : Unknown shape type rd
01-15 19:05:46.796 30095 30095 E ArmVmp : Match on catch block at 0x0a in for 0x71d8987035
01-15 19:05:46.801 30095 30095 E ArmVmp : Match on catch block at 0x0a in for 0x71d8987035
01-15 19:05:46.834 30095 30095 E ArmVmp : Match on catch block at 0x0a in for 0x71d8987071
01-15 19:05:47.112 30095 30095 E ArmVmp : Match on catch block at 0xc3 in for 0x71d8987021
01-15 19:05:47.113 30095 30095 E ArmVmp : Match on catch block at 0xc3 in for 0x71d8987021
01-15 19:05:47.184 30095 30095 E ArmVmp : Match on catch block at 0xc3 in for 0x71d8987025
01-15 19:05:47.186 30095 30095 E ArmVmp : Match on catch block at 0xc3 in for 0x71d8987025
01-15 19:05:47.316 30095 30095 E ArmVmp : Match on catch block at 0xc3 in for 0x71d8987025
01-15 19:05:47.319 30095 30095 E ArmVmp : Match on catch block at 0xc3 in for 0x71d8987025
01-15 19:05:47.373 30095 30095 E ArmVmp : Match on catch block at 0xc3 in for 0x71d8987025
01-15 19:05:47.377 30095 30095 E ArmVmp : Match on catch block at 0xc3 in for 0x71d8987025
01-15 19:05:47.417 30095 30095 E ArmVmp : Match on catch block at 0xc3 in for 0x71d8987025
01-15 19:05:47.419 30095 30095 E ArmVmp : Match on catch block at 0xc3 in for 0x71d8987025
01-15 19:05:47.457 30095 30095 E ArmVmp : Match on catch block at 0x0a in for 0x71d898707d
01-15 19:05:47.490 30095 30225 E BLASTBufferQueue: BLASTBufferItemConsumer::onDisconnect()
01-15 19:05:47.558 30095 30095 E ArmVmp : Match on catch block at 0xc3 in for 0x71d8987025
01-15 19:05:47.560 30095 30095 E ArmVmp : Match on catch block at 0xc3 in for 0x71d8987025
01-15 19:05:47.611 30095 30095 E ArmVmp : Match on catch block at 0xc3 in for 0x71d8987025
01-15 19:05:47.613 30095 30095 E ArmVmp : Match on catch block at 0xc3 in for 0x71d8987025
01-15 19:05:47.660 30095 30095 E ArmVmp : Match on catch block at 0xc3 in for 0x71d8987025
01-15 19:05:47.663 30095 30095 E ArmVmp : Match on catch block at 0xc3 in for 0x71d8987025
01-15 19:05:47.709 30095 30095 E ArmVmp : Match on catch block at 0xc3 in for 0x71d8987025
01-15 19:05:47.712 30095 30095 E ArmVmp : Match on catch block at 0xc3 in for 0x71d8987025
01-15 19:05:47.756 30095 30095 E ArmVmp : Match on catch block at 0xc3 in for 0x71d8987025
01-15 19:05:47.759 30095 30095 E ArmVmp : Match on catch block at 0xc3 in for 0x71d8987025
01-15 19:05:47.811 30095 30095 E ArmVmp : Match on catch block at 0xc3 in for 0x71d8987025
01-15 19:05:47.814 30095 30095 E ArmVmp : Match on catch block at 0xc3 in for 0x71d8987025
01-15 19:05:47.856 30095 30095 E ArmVmp : Match on catch block at 0xc3 in for 0x71d8987025
01-15 19:05:47.859 30095 30095 E ArmVmp : Match on catch block at 0xc3 in for 0x71d8987025
01-15 19:05:47.899 30095 30095 E ArmVmp : Match on catch block at 0xc3 in for 0x71d8987025
01-15 19:05:47.901 30095 30095 E ArmVmp : Match on catch block at 0xc3 in for 0x71d8987025
01-15 19:05:47.940 30095 30095 E ArmVmp : Match on catch block at 0xc3 in for 0x71d8987025
01-15 19:05:47.943 30095 30095 E ArmVmp : Match on catch block at 0xc3 in for 0x71d8987025
01-15 19:05:47.994 30095 30095 E ArmVmp : Match on catch block at 0xc3 in for 0x71d8987025
01-15 19:05:47.998 30095 30095 E ArmVmp : Match on catch block at 0xc3 in for 0x71d8987025
01-15 19:05:48.044 30095 30095 E ArmVmp : Match on catch block at 0xc3 in for 0x71d8987025
01-15 19:05:48.046 30095 30095 E ArmVmp : Match on catch block at 0xc3 in for 0x71d8987025
01-15 19:05:48.090 30095 30095 E ArmVmp : Match on catch block at 0xc3 in for 0x71d8987025
01-15 19:05:48.095 30095 30095 E ArmVmp : Match on catch block at 0xc3 in for 0x71d8987025
01-15 19:05:48.144 30095 30095 E ArmVmp : Match on catch block at 0xc3 in for 0x71d8987025
01-15 19:05:48.147 30095 30095 E ArmVmp : Match on catch block at 0xc3 in for 0x71d8987025
01-15 19:05:48.190 30095 30095 E ArmVmp : Match on catch block at 0xc3 in for 0x71d8987025
01-15 19:05:48.193 30095 30095 E ArmVmp : Match on catch block at 0xc3 in for 0x71d8987025
01-15 19:05:48.284 30095 30095 E ArmVmp : Match on catch block at 0xc3 in for 0x71d8987025
01-15 19:05:48.287 30095 30095 E ArmVmp : Match on catch block at 0xc3 in for 0x71d8987025
01-15 19:05:48.374 30095 30225 E BLASTBufferQueue: BLASTBufferItemConsumer::onDisconnect()
01-15 19:05:48.724 30095 30095 E ArmVmp : Match on catch block at 0xc3 in for 0x71d8987025
01-15 19:05:48.728 30095 30095 E ArmVmp : Match on catch block at 0xc3 in for 0x71d8987025
01-15 19:05:49.149 30095 30225 E BLASTBufferQueue: BLASTBufferItemConsumer::onDisconnect()
01-15 19:05:49.209 30095 30095 E ArmVmp : Match on catch block at 0xc3 in for 0x71d8987025
01-15 19:05:49.214 30095 30095 E ArmVmp : Match on catch block at 0xc3 in for 0x71d8987025
01-15 19:05:49.220 30095 30095 E ArmVmp : Match on catch block at 0xc3 in for 0x71d8987025
01-15 19:05:49.222 30095 30095 E ArmVmp : Match on catch block at 0xc3 in for 0x71d8987025
01-15 19:05:49.227 30095 30095 E ArmVmp : Match on catch block at 0xc3 in for 0x71d8987025
01-15 19:05:49.231 30095 30095 E ArmVmp : Match on catch block at 0xc3 in for 0x71d8987025
01-15 19:05:49.240 30095 30095 E ArmVmp : Match on catch block at 0xc3 in for 0x71d8987025
01-15 19:05:49.243 30095 30095 E ArmVmp : Match on catch block at 0xc3 in for 0x71d8987025
01-15 19:05:49.257 30095 30095 E ArmVmp : Match on catch block at 0xc3 in for 0x71d8987025
01-15 19:05:49.259 30095 30095 E ArmVmp : Match on catch block at 0xc3 in for 0x71d8987025
01-15 19:05:49.696 30095 30095 E ArmVmp : Match on catch block at 0xc3 in for 0x71d8987025
01-15 19:05:49.699 30095 30095 E ArmVmp : Match on catch block at 0xc3 in for 0x71d8987025
01-15 19:05:50.202 30095 30095 E ArmVmp : Match on catch block at 0xc3 in for 0x71d8987025
01-15 19:05:50.204 30095 30095 E ArmVmp : Match on catch block at 0xc3 in for 0x71d8987025
01-15 19:05:50.592 30095 30095 E ArmVmp : Match on catch block at 0xc3 in for 0x71d8987025
01-15 19:05:50.594 30095 30095 E ArmVmp : Match on catch block at 0xc3 in for 0x71d8987025
01-15 19:05:50.610 30095 30095 E ArmVmp : Match on catch block at 0xc3 in for 0x71d8987025
01-15 19:05:50.613 30095 30095 E ArmVmp : Match on catch block at 0xc3 in for 0x71d8987025
01-15 19:05:50.689 30095 30095 E ArmVmp : Match on catch block at 0xc3 in for 0x71d8987025
01-15 19:05:50.693 30095 30095 E ArmVmp : Match on catch block at 0xc3 in for 0x71d8987025
01-15 19:05:51.194 30095 30095 E ArmVmp : Match on catch block at 0xc3 in for 0x71d8987025
01-15 19:05:51.198 30095 30095 E ArmVmp : Match on catch block at 0xc3 in for 0x71d8987025
01-15 19:05:51.698 30095 30095 E ArmVmp : Match on catch block at 0xc3 in for 0x71d8987025
01-15 19:05:51.701 30095 30095 E ArmVmp : Match on catch block at 0xc3 in for 0x71d8987025
01-15 19:05:52.202 30095 30095 E ArmVmp : Match on catch block at 0xc3 in for 0x71d8987025
01-15 19:05:52.205 30095 30095 E ArmVmp : Match on catch block at 0xc3 in for 0x71d8987025
01-15 19:05:52.219 30095 30095 E ArmVmp : Match on catch block at 0xc3 in for 0x71d8987025
01-15 19:05:52.221 30095 30095 E ArmVmp : Match on catch block at 0xc3 in for 0x71d8987025
01-15 19:05:52.707 30095 30095 E ArmVmp : Match on catch block at 0xc3 in for 0x71d8987025
01-15 19:05:52.713 30095 30095 E ArmVmp : Match on catch block at 0xc3 in for 0x71d8987025
01-15 19:05:52.969 30095 30095 E ArmVmp : Match on catch block at 0xc3 in for 0x71d8987025
01-15 19:05:52.972 30095 30095 E ArmVmp : Match on catch block at 0xc3 in for 0x71d8987025
01-15 19:05:52.979 30095 30095 E ArmVmp : Match on catch block at 0xc3 in for 0x71d8987025
01-15 19:05:52.982 30095 30095 E ArmVmp : Match on catch block at 0xc3 in for 0x71d8987025
01-15 19:05:52.996 30095 30095 E ArmVmp : Match on catch block at 0xc3 in for 0x71d8987025
01-15 19:05:53.000 30095 30095 E ArmVmp : Match on catch block at 0xc3 in for 0x71d8987025
01-15 19:05:53.019 30095 30095 E ArmVmp : Match on catch block at 0xc3 in for 0x71d8987025
01-15 19:05:53.021 30095 30095 E ArmVmp : Match on catch block at 0xc3 in for 0x71d8987025
01-15 19:05:53.138 30095 30095 E ArmVmp : Match on catch block at 0xc3 in for 0x71d8987025
01-15 19:05:53.142 30095 30095 E ArmVmp : Match on catch block at 0xc3 in for 0x71d8987025
01-15 19:05:53.191 30095 30095 E ArmVmp : Match on catch block at 0xc3 in for 0x71d8987025
01-15 19:05:53.194 30095 30095 E ArmVmp : Match on catch block at 0xc3 in for 0x71d8987025
01-15 19:05:53.219 30095 30095 E ArmVmp : Match on catch block at 0xc3 in for 0x71d8987025
01-15 19:05:53.223 30095 30095 E ArmVmp : Match on catch block at 0xc3 in for 0x71d8987025
01-15 19:05:53.251 30095 30095 E ArmVmp : Match on catch block at 0xc3 in for 0x71d8987025
01-15 19:05:53.254 30095 30095 E ArmVmp : Match on catch block at 0xc3 in for 0x71d8987025
01-15 19:05:53.375 30095 30225 E BLASTBufferQueue: BLASTBufferItemConsumer::onDisconnect()
01-15 19:05:53.381 30095 30095 E ArmVmp : Match on catch block at 0xc3 in for 0x71d8987025
01-15 19:05:53.385 30095 30095 E ArmVmp : Match on catch block at 0xc3 in for 0x71d8987025
01-15 19:05:56.912 30095 30225 E BLASTBufferQueue: BLASTBufferItemConsumer::onDisconnect()
01-15 19:06:09.166 30095 30225 E BLASTBufferQueue: BLASTBufferItemConsumer::onDisconnect()
01-15 19:06:13.655 30095 30095 W TabLayout: MODE_SCROLLABLE + GRAVITY_FILL is not supported, GRAVITY_START will be used instead
01-15 19:06:13.691 30095 30095 E Parcel : Reading a NULL string not supported here.
01-15 19:06:13.692 30095 30095 E Parcel : Reading a NULL string not supported here.
01-15 19:06:13.692 30095 30095 E Parcel : Reading a NULL string not supported here.
01-15 19:06:13.692 30095 30095 E Parcel : Reading a NULL string not supported here.
01-15 19:06:13.692 30095 30095 E Parcel : Reading a NULL string not supported here.
01-15 19:06:13.692 30095 30095 E Parcel : Reading a NULL string not supported here.
01-15 19:06:13.692 30095 30095 E Parcel : Reading a NULL string not supported here.
01-15 19:06:13.692 30095 30095 E Parcel : Reading a NULL string not supported here.
01-15 19:06:13.693 30095 30095 E Parcel : Reading a NULL string not supported here.
01-15 19:06:13.693 30095 30095 E Parcel : Reading a NULL string not supported here.
01-15 19:06:13.693 30095 30095 E Parcel : Reading a NULL string not supported here.
01-15 19:06:13.693 30095 30095 E Parcel : Reading a NULL string not supported here.
01-15 19:06:13.693 30095 30095 E Parcel : Reading a NULL string not supported here.
01-15 19:06:13.693 30095 30095 E Parcel : Reading a NULL string not supported here.
01-15 19:06:13.693 30095 30095 E Parcel : Reading a NULL string not supported here.
01-15 19:06:13.694 30095 30095 E Parcel : Reading a NULL string not supported here.
01-15 19:06:13.694 30095 30095 E Parcel : Reading a NULL string not supported here.
01-15 19:06:13.694 30095 30095 E Parcel : Reading a NULL string not supported here.
01-15 19:06:13.694 30095 30095 E Parcel : Reading a NULL string not supported here.
01-15 19:06:13.694 30095 30095 E Parcel : Reading a NULL string not supported here.
01-15 19:06:13.694 30095 30095 E Parcel : Reading a NULL string not supported here.
01-15 19:06:13.694 30095 30095 E Parcel : Reading a NULL string not supported here.
01-15 19:06:13.694 30095 30095 E Parcel : Reading a NULL string not supported here.
01-15 19:06:13.694 30095 30095 E Parcel : Reading a NULL string not supported here.
01-15 19:06:13.695 30095 30095 E Parcel : Reading a NULL string not supported here.
01-15 19:06:13.695 30095 30095 E Parcel : Reading a NULL string not supported here.
01-15 19:06:13.695 30095 30095 E Parcel : Reading a NULL string not supported here.
01-15 19:06:13.695 30095 30095 E Parcel : Reading a NULL string not supported here.
01-15 19:06:13.695 30095 30095 E Parcel : Reading a NULL string not supported here.
01-15 19:06:13.695 30095 30095 E Parcel : Reading a NULL string not supported here.
01-15 19:06:13.696 30095 30095 E Parcel : Reading a NULL string not supported here.
01-15 19:06:13.696 30095 30095 E Parcel : Reading a NULL string not supported here.
01-15 19:06:13.696 30095 30095 E Parcel : Reading a NULL string not supported here.
01-15 19:06:13.696 30095 30095 E Parcel : Reading a NULL string not supported here.
01-15 19:06:13.707 30095 30095 E Parcel : Reading a NULL string not supported here.
01-15 19:06:13.707 30095 30095 E Parcel : Reading a NULL string not supported here.
01-15 19:06:13.707 30095 30095 E Parcel : Reading a NULL string not supported here.
01-15 19:06:13.708 30095 30095 E Parcel : Reading a NULL string not supported here.
01-15 19:06:13.708 30095 30095 E Parcel : Reading a NULL string not supported here.
01-15 19:06:13.708 30095 30095 E Parcel : Reading a NULL string not supported here.
01-15 19:06:13.708 30095 30095 E Parcel : Reading a NULL string not supported here.
01-15 19:06:13.708 30095 30095 E Parcel : Reading a NULL string not supported here.
01-15 19:06:13.708 30095 30095 E Parcel : Reading a NULL string not supported here.
01-15 19:06:13.708 30095 30095 E Parcel : Reading a NULL string not supported here.
01-15 19:06:13.709 30095 30095 E Parcel : Reading a NULL string not supported here.
01-15 19:06:13.709 30095 30095 E Parcel : Reading a NULL string not supported here.
01-15 19:06:13.709 30095 30095 E Parcel : Reading a NULL string not supported here.
01-15 19:06:13.709 30095 30095 E Parcel : Reading a NULL string not supported here.
01-15 19:06:13.709 30095 30095 E Parcel : Reading a NULL string not supported here.
01-15 19:06:13.709 30095 30095 E Parcel : Reading a NULL string not supported here.
01-15 19:06:13.710 30095 30095 E Parcel : Reading a NULL string not supported here.
01-15 19:06:13.710 30095 30095 E Parcel : Reading a NULL string not supported here.
01-15 19:06:13.710 30095 30095 E Parcel : Reading a NULL string not supported here.
01-15 19:06:13.710 30095 30095 E Parcel : Reading a NULL string not supported here.
01-15 19:06:13.710 30095 30095 E Parcel : Reading a NULL string not supported here.
01-15 19:06:13.710 30095 30095 E Parcel : Reading a NULL string not supported here.
01-15 19:06:13.710 30095 30095 E Parcel : Reading a NULL string not supported here.
01-15 19:06:13.710 30095 30095 E Parcel : Reading a NULL string not supported here.
01-15 19:06:13.711 30095 30095 E Parcel : Reading a NULL string not supported here.
01-15 19:06:13.711 30095 30095 E Parcel : Reading a NULL string not supported here.
01-15 19:06:13.711 30095 30095 E Parcel : Reading a NULL string not supported here.
01-15 19:06:13.711 30095 30095 E Parcel : Reading a NULL string not supported here.
01-15 19:06:13.711 30095 30095 E Parcel : Reading a NULL string not supported here.
01-15 19:06:13.711 30095 30095 E Parcel : Reading a NULL string not supported here.
01-15 19:06:13.712 30095 30095 E Parcel : Reading a NULL string not supported here.
01-15 19:06:13.712 30095 30095 E Parcel : Reading a NULL string not supported here.
01-15 19:06:13.712 30095 30095 E Parcel : Reading a NULL string not supported here.
01-15 19:06:13.712 30095 30095 E Parcel : Reading a NULL string not supported here.
01-15 19:06:13.712 30095 30095 E Parcel : Reading a NULL string not supported here.
01-15 19:06:13.719 30095 30095 W BottomSheetBehavior: BottomSheetBehavior now supports multiple callbacks. `setBottomSheetCallback()` removes all existing callbacks, including ones set internally by library authors, which may result in unintended behavior. This may change in the future. Please use `addBottomSheetCallback()` and `removeBottomSheetCallback()` instead to set your own callbacks.
01-15 19:06:13.722 30095 30095 E Parcel : Reading a NULL string not supported here.
01-15 19:06:13.786 30095 30225 E BLASTBufferQueue: BLASTBufferItemConsumer::onDisconnect()
01-15 19:06:13.794 30095 30322 E CameraManagerGlobal: Camera 6 is not available. Ignore physical camera status change
01-15 19:06:13.798 30095 30322 E CameraManagerGlobal: Camera 7 is not available. Ignore physical camera status change
01-15 19:06:13.804 30095 30322 E CameraManagerGlobal: Camera 8 is not available. Ignore physical camera status change
01-15 19:06:13.884 30095 30095 W View : requestLayout() improperly called by com.mbwhatsapp.WaImageView{38674a8 VF.D..CL. ......ID 0,0-192,192 #7f0b1814 app:id/shutter} during layout: running second layout pass
01-15 19:06:13.885 30095 30095 W View : requestLayout() improperly called by com.mbwhatsapp.CircularProgressBar{b01e4cb V.ED..... ......ID 0,0-192,192 #7f0b14fc app:id/recording_progress} during layout: running second layout pass
01-15 19:06:13.885 30095 30095 W View : requestLayout() improperly called by com.mbwhatsapp.WaImageView{9bb0bc1 VF.D..C.. ......ID 0,0-144,144 #7f0b1976 app:id/switch_camera_btn} during layout: running second layout pass
01-15 19:06:13.885 30095 30095 W View : requestLayout() improperly called by com.mbwhatsapp.WaImageView{a7eff66 VFED..C.. ......ID 0,0-144,144 #7f0b0b0d app:id/gallery_btn} during layout: running second layout pass
01-15 19:06:13.885 30095 30095 W View : requestLayout() improperly called by com.mbwhatsapp.WaImageView{8c802a7 VFED..C.. ......ID 0,0-144,144 #7f0b057f app:id/close_camera_btn} during layout: running second layout pass
01-15 19:06:13.885 30095 30095 W View : requestLayout() improperly called by X.4Ki{9ebabf2 V.ED..... ......ID 0,6-1080,150} during layout: running second layout pass
01-15 19:06:13.951 30095 30095 W View : requestLayout() improperly called by com.mbwhatsapp.WaImageView{38674a8 VF.D..CL. ......ID 444,1666-636,1858 #7f0b1814 app:id/shutter} during layout: running second layout pass
01-15 19:06:13.951 30095 30095 W View : requestLayout() improperly called by com.mbwhatsapp.CircularProgressBar{b01e4cb V.ED..... ......ID 444,1666-636,1858 #7f0b14fc app:id/recording_progress} during layout: running second layout pass
01-15 19:06:13.951 30095 30095 W View : requestLayout() improperly called by com.mbwhatsapp.WaImageView{9bb0bc1 VF.D..C.. ......ID 912,1690-1056,1834 #7f0b1976 app:id/switch_camera_btn} during layout: running second layout pass
01-15 19:06:13.951 30095 30095 W View : requestLayout() improperly called by com.mbwhatsapp.WaImageView{a7eff66 VFED..C.. ......ID 24,1690-168,1834 #7f0b0b0d app:id/gallery_btn} during layout: running second layout pass
01-15 19:06:13.951 30095 30095 W View : requestLayout() improperly called by com.mbwhatsapp.WaImageView{8c802a7 VFED..C.. ......I. 24,24-168,168 #7f0b057f app:id/close_camera_btn} during layout: running second layout pass
01-15 19:06:14.069 30095 30095 W pool-11-thread-: type=1400 audit(0.0:7721): avc: granted { execute } for path="/data/data/com.mbwhatsapp/files/decompressed/libs.spk.zst/libgifimage.so" dev="sdc51" ino=4269248 scontext=u:r:untrusted_app:s0:c36,c256,c512,c768 tcontext=u:object_r:app_data_file:s0:c36,c256,c512,c768 tclass=file app=com.mbwhatsapp
01-15 19:06:14.174 30095 30225 E BLASTBufferQueue: BLASTBufferItemConsumer::onDisconnect()
01-15 19:06:16.187 30095 30095 E Parcel : Reading a NULL string not supported here.
01-15 19:06:16.190 30095 30095 E Parcel : Reading a NULL string not supported here.
01-15 19:06:16.474 30095 4039 W CameraMetadataJV: Expect face scores and rectangles to be non-null
01-15 19:06:16.482 30095 30115 E CameraManagerGlobal: Camera 6 is not available. Ignore physical camera status change
01-15 19:06:16.482 30095 30115 E CameraManagerGlobal: Camera 7 is not available. Ignore physical camera status change
01-15 19:06:16.483 30095 30115 E CameraManagerGlobal: Camera 8 is not available. Ignore physical camera status change
01-15 19:06:16.830 30095 30225 E BLASTBufferQueue: BLASTBufferItemConsumer::onDisconnect()
01-15 19:06:16.877 30095 30111 W System : A resource failed to call close.
01-15 19:06:17.663 30095 30225 E BLASTBufferQueue: BLASTBufferItemConsumer::onDisconnect()
01-15 19:06:24.075 30095 4065 E ActivityThread: Failed to find provider info for com.oplus.statistics.provider
01-15 19:06:24.076 30095 4065 E OplusStatistics--: IllegalArgumentException:java.lang.IllegalArgumentException: Unknown URL content://com.oplus.statistics.provider/track_event --------- beginning of main
01-15 19:07:18.402 5269 5269 E com.mbwhatsapp: Unknown bits set in runtime_flags: 0x40000000
01-15 19:07:18.407 5269 5269 E com.mbwhatsapp: Not starting debugger since process cannot load the jdwp agent.
01-15 19:07:18.443 5269 5269 W libc : Access denied finding property "ro.odm.prev.product.name"
