01-16 06:13:57.749 10434 10513 E SQLiteDatabase: at android.database.sqlite.SQLiteDatabase.insert(SQLiteDatabase.java:1571)
01-16 06:13:57.749 10434 10513 E SQLiteDatabase: at X.2tm.A08(Unknown Source:6)
01-16 06:13:57.749 10434 10513 E SQLiteDatabase: at X.35Y.A07(Unknown Source:212)
01-16 06:13:57.749 10434 10513 E SQLiteDatabase: at X.3QF.A14(Unknown Source:470)
01-16 06:13:57.749 10434 10513 E SQLiteDatabase: at X.3gU.run(Unknown Source:982)
01-16 06:13:57.749 10434 10513 E SQLiteDatabase: at android.os.Handler.handleCallback(Handler.java:938)
01-16 06:13:57.749 10434 10513 E SQLiteDatabase: at android.os.Handler.dispatchMessage(Handler.java:99)
01-16 06:13:57.749 10434 10513 E SQLiteDatabase: at X.0zq.dispatchMessage(Unknown Source:4)
01-16 06:13:57.749 10434 10513 E SQLiteDatabase: at android.os.Looper.loopOnce(Looper.java:233)
01-16 06:13:57.749 10434 10513 E SQLiteDatabase: at android.os.Looper.loop(Looper.java:344)
01-16 06:13:57.749 10434 10513 E SQLiteDatabase: at android.os.HandlerThread.run(HandlerThread.java:67)
01-16 06:13:58.238 10434 10513 E SQLiteDatabase: Error inserting transferred=0 media_job_uuid=09669306-c05e-4e05-bd17-1175cbbc2a44 transcoded=0 gif_attribution=0 first_scan_length=0 direct_path=/v/t62.7161- 24/20122767_658067079876086_6171991952743922894_n.enc?ccb=11-4&oh=01_AdTxkVlmrdnAR- 2UTtmre-9eOXeyq_falIIV6DiaYkBldA&oe=65CC93CF&_nc_sid=5e03e0 thumbnail_height_width_ratio=1.7777778 is_animated_sticker=0 file_hash=lUsCh5Ctbo6RbdkuWvqgxFJNjduWmD8A7Yn/g1YhvcM= file_path=null file_size=0 partial_media_hash=null face_x=0 face_y=0 height=656 trim_to=0 media_key_timestamp=1705317304000 message_url=https://mmg.whatsapp.net/v/t62.7161- 24/20122767_658067079876086_6171991952743922894_n.enc?ccb=11-4&oh=01_AdTxkVlmrdnAR- 2UTtmre-9eOXeyq_falIIV6DiaYkBldA&oe=65CC93CF&_nc_sid=5e03e0&mms3=true media_caption=null trim_from=0 mime_type=video/mp4 partial_media_enc_hash=null width=368 original_file_hash=null has_streaming_sidecar=1 autotransfer_retry_enabled=1 media_upload_handle=null message_row_id=1568 multicast_id=null enc_file_hash=gDZPW9bVjdSq9ZCx20xp1HwblcQ0ml0SWvM/eKzZ2yY= mute_video=0 page_count=0 first_scan_sidecar=null suspicious_content=0 file_length=1056683 media_name=null media_duration=19 chat_row_id=227 media_key=[B@1a201c
01-16 06:13:58.238 10434 10513 E SQLiteDatabase: android.database.sqlite.SQLiteConstraintException: UNIQUE constraint failed: message_media.message_row_id (code 1555 SQLITE_CONSTRAINT_PRIMARYKEY)
01-16 06:13:58.238 10434 10513 E SQLiteDatabase: at android.database.sqlite.SQLiteConnection.nativeExecuteForLastInsertedRowId(Native Method)
01-16 06:13:58.238 10434 10513 E SQLiteDatabase: at android.database.sqlite.SQLiteConnection.executeForLastInsertedRowId(SQLiteConnecti on.java:946)
01-16 06:13:58.238 10434 10513 E SQLiteDatabase: at android.database.sqlite.SQLiteSession.executeForLastInsertedRowId(SQLiteSession.jav a:790)
01-16 06:13:58.238 10434 10513 E SQLiteDatabase: at android.database.sqlite.SQLiteStatement.executeInsert(SQLiteStatement.java:89)
01-16 06:13:58.238 10434 10513 E SQLiteDatabase: at android.database.sqlite.SQLiteDatabase.insertWithOnConflict(SQLiteDatabase.java:170 2)
01-16 06:13:58.238 10434 10513 E SQLiteDatabase: at android.database.sqlite.SQLiteDatabase.insert(SQLiteDatabase.java:1571)
01-16 06:13:58.238 10434 10513 E SQLiteDatabase: at X.2tm.A08(Unknown Source:6)
01-16 06:13:58.238 10434 10513 E SQLiteDatabase: at X.35Y.A07(Unknown Source:212)
01-16 06:13:58.238 10434 10513 E SQLiteDatabase: at X.3QF.A14(Unknown Source:470)
01-16 06:13:58.238 10434 10513 E SQLiteDatabase: at X.3gU.run(Unknown Source:982)
01-16 06:13:58.238 10434 10513 E SQLiteDatabase: at android.os.Handler.handleCallback(Handler.java:938)
01-16 06:13:58.238 10434 10513 E SQLiteDatabase: at android.os.Handler.dispatchMessage(Handler.java:99)
01-16 06:13:58.238 10434 10513 E SQLiteDatabase: at X.0zq.dispatchMessage(Unknown Source:4)
01-16 06:13:58.238 10434 10513 E SQLiteDatabase: at android.os.Looper.loopOnce(Looper.java:233)
01-16 06:13:58.238 10434 10513 E SQLiteDatabase: at android.os.Looper.loop(Looper.java:344)
01-16 06:13:58.238 10434 10513 E SQLiteDatabase: at android.os.HandlerThread.run(HandlerThread.java:67)
01-16 06:14:03.145 10434 17375 W Codec2Client: query -- param skipped: index = 1342179345.
01-16 06:14:03.145 10434 17375 W Codec2Client: query -- param skipped: index = 2415921170.
01-16 06:14:03.145 10434 17375 W Codec2Client: query -- param skipped: index = 1610614798.
01-16 06:14:03.148 10434 17385 W Codec2Client: query -- param skipped: index = 1342179345.
01-16 06:14:03.148 10434 17385 W Codec2Client: query -- param skipped: index = 2415921170.
01-16 06:14:03.148 10434 17385 W Codec2Client: query -- param skipped: index = 1610614798.
01-16 06:14:03.158 10434 10434 W BottomSheetBehavior: BottomSheetBehavior now supports multiple callbacks. `setBottomSheetCallback()` removes all existing callbacks, including ones set internally by library authors, which may result in unintended behavior. This may change in the future. Please use `addBottomSheetCallback()` and `removeBottomSheetCallback()` instead to set your own callbacks.
01-16 06:14:03.158 10434 10434 W BottomSheetBehavior: BottomSheetBehavior now supports multiple callbacks. `setBottomSheetCallback()` removes all existing callbacks, including ones set internally by library authors, which may result in unintended behavior. This may change in the future. Please use `addBottomSheetCallback()` and `removeBottomSheetCallback()` instead to set your own callbacks.
01-16 06:14:03.190 10434 10434 W BottomSheetBehavior: BottomSheetBehavior now supports multiple callbacks. `setBottomSheetCallback()` removes all existing callbacks, including ones set internally by library authors, which may result in unintended behavior. This may change in the future. Please use `addBottomSheetCallback()` and `removeBottomSheetCallback()` instead to set your own callbacks.
01-16 06:14:03.190 10434 10434 W BottomSheetBehavior: BottomSheetBehavior now supports multiple callbacks. `setBottomSheetCallback()` removes all existing callbacks, including ones set internally by library authors, which may result in unintended behavior. This may change in the future. Please use `addBottomSheetCallback()` and `removeBottomSheetCallback()` instead to set your own callbacks.
01-16 06:14:03.201 10434 10434 E RecyclerView: No adapter attached; skipping layout
01-16 06:14:03.894 10434 17340 E Parcel : Reading a NULL string not supported here.
01-16 06:14:03.895 10434 17340 W libc : Access denied finding property "vendor.oplus.media.vpp.stutter"
01-16 06:14:03.913 10434 17493 W ColorUtils: expected specified color aspects (2:0:0:0)
01-16 06:14:03.921 10434 17493 W Codec2Client: query -- param skipped: index = 1107298332.
01-16 06:14:03.921 10434 17493 W CCodec : This behavior is subject to change. It is recommended that app developers double check whether the requested max input size is in reasonable range.
01-16 06:14:03.923 10434 17493 W Codec2Client: query -- param skipped: index = 1342179345.
01-16 06:14:03.923 10434 17493 W Codec2Client: query -- param skipped: index = 2415921170.
01-16 06:14:03.923 10434 17493 W Codec2Client: query -- param skipped: index = 1610614798.
01-16 06:14:03.944 10434 17340 W libc : Access denied finding property "vendor.oplus.media.vpp.stutter"
01-16 06:14:03.959 10434 17503 W Codec2Client: query -- param skipped: index = 1107298332.
01-16 06:14:03.960 10434 17503 W CCodec : This behavior is subject to change. It is recommended that app developers double check whether the requested max input size is in reasonable range.
01-16 06:14:03.962 10434 17503 W Codec2Client: query -- param skipped: index = 1342179345.
01-16 06:14:03.962 10434 17503 W Codec2Client: query -- param skipped: index = 2415921170.
01-16 06:14:03.962 10434 17503 W Codec2Client: query -- param skipped: index = 1610614798.
01-16 06:14:03.976 10434 17492 W MediaCodec: mapFormat: no mediaType information
01-16 06:14:04.471 10434 10513 E SQLiteDatabase: Error inserting transferred=1 media_job_uuid=09669306-c05e-4e05-bd17-1175cbbc2a44 transcoded=0 gif_attribution=0 first_scan_length=0 direct_path=/v/t62.7161- 24/20122767_658067079876086_6171991952743922894_n.enc?ccb=11-4&oh=01_AdTxkVlmrdnAR- 2UTtmre-9eOXeyq_falIIV6DiaYkBldA&oe=65CC93CF&_nc_sid=5e03e0 thumbnail_height_width_ratio=1.7777778 is_animated_sticker=0 file_hash=lUsCh5Ctbo6RbdkuWvqgxFJNjduWmD8A7Yn/g1YhvcM= file_path=Media/.Statuses/6fd10480de034055a1e52a12bb785f05.mp4 file_size=1056683 partial_media_hash=null face_x=0 face_y=0 height=656 trim_to=0 media_key_timestamp=1705317304000 message_url=https://mmg.whatsapp.net/v/t62.7161- 24/20122767_658067079876086_6171991952743922894_n.enc?ccb=11-4&oh=01_AdTxkVlmrdnAR- 2UTtmre-9eOXeyq_falIIV6DiaYkBldA&oe=65CC93CF&_nc_sid=5e03e0&mms3=true media_caption=null trim_from=0 mime_type=video/mp4 partial_media_enc_hash=null width=368 original_file_hash=null has_streaming_sidecar=1 autotransfer_retry_enabled=1 media_upload_handle=null message_row_id=1568 multicast_id=null enc_file_hash=gDZPW9bVjdSq9ZCx20xp1HwblcQ0ml0SWvM/eKzZ2yY= mute_video=0 page_count=0 first_scan_sidecar=null suspicious_content=0 file_length=1056683 media_name=null media_duration=19 chat_row_id=227 media_key=[B@1a201c
01-16 06:14:04.471 10434 10513 E SQLiteDatabase: android.database.sqlite.SQLiteConstraintException: UNIQUE constraint failed: message_media.message_row_id (code 1555 SQLITE_CONSTRAINT_PRIMARYKEY)
01-16 06:14:04.471 10434 10513 E SQLiteDatabase: at android.database.sqlite.SQLiteConnection.nativeExecuteForLastInsertedRowId(Native Method)
01-16 06:14:04.471 10434 10513 E SQLiteDatabase: at android.database.sqlite.SQLiteConnection.executeForLastInsertedRowId(SQLiteConnecti on.java:946)
01-16 06:14:04.471 10434 10513 E SQLiteDatabase: at android.database.sqlite.SQLiteSession.executeForLastInsertedRowId(SQLiteSession.jav a:790)
01-16 06:14:04.471 10434 10513 E SQLiteDatabase: at android.database.sqlite.SQLiteStatement.executeInsert(SQLiteStatement.java:89)
01-16 06:14:04.471 10434 10513 E SQLiteDatabase: at android.database.sqlite.SQLiteDatabase.insertWithOnConflict(SQLiteDatabase.java:170 2)
01-16 06:14:04.471 10434 10513 E SQLiteDatabase: at android.database.sqlite.SQLiteDatabase.insert(SQLiteDatabase.java:1571)
01-16 06:14:04.471 10434 10513 E SQLiteDatabase: at X.2tm.A08(Unknown Source:6)
01-16 06:14:04.471 10434 10513 E SQLiteDatabase: at X.35Y.A07(Unknown Source:212)
01-16 06:14:04.471 10434 10513 E SQLiteDatabase: at X.3QF.A14(Unknown Source:470)
01-16 06:14:04.471 10434 10513 E SQLiteDatabase: at X.3gU.run(Unknown Source:982)
01-16 06:14:04.471 10434 10513 E SQLiteDatabase: at android.os.Handler.handleCallback(Handler.java:938)
01-16 06:14:04.471 10434 10513 E SQLiteDatabase: at android.os.Handler.dispatchMessage(Handler.java:99)
01-16 06:14:04.471 10434 10513 E SQLiteDatabase: at X.0zq.dispatchMessage(Unknown Source:4)
01-16 06:14:04.471 10434 10513 E SQLiteDatabase: at android.os.Looper.loopOnce(Looper.java:233)
01-16 06:14:04.471 10434 10513 E SQLiteDatabase: at android.os.Looper.loop(Looper.java:344)
01-16 06:14:04.471 10434 10513 E SQLiteDatabase: at android.os.HandlerThread.run(HandlerThread.java:67)
01-16 06:14:04.751 10434 10513 E SQLiteDatabase: Error inserting transferred=0 media_job_uuid=e8ff1955-00e1-493c-abb7-469d0f953573 transcoded=0 gif_attribution=0 first_scan_length=0 direct_path=/v/t62.7161- 24/28987958_754323549881678_8317375960036727510_n.enc?ccb=11- 4&oh=01_AdTwApP2t9hrdSwqe-_XhMcm986wLxrJIfXAsYMfuOUbgA&oe=65CC9729&_nc_sid=5e03e0 thumbnail_height_width_ratio=1.7755102 is_animated_sticker=0 file_hash=wQ6trwaKUAuTvU5AnYZCq59N03O1VwCHYn1DvQI0OJw= file_path=null file_size=0 partial_media_hash=null face_x=0 face_y=0 height=848 trim_to=0 media_key_timestamp=1705317031000 message_url=https://mmg.whatsapp.net/v/t62.7161- 24/28987958_754323549881678_8317375960036727510_n.enc?ccb=11- 4&oh=01_AdTwApP2t9hrdSwqe- _XhMcm986wLxrJIfXAsYMfuOUbgA&oe=65CC9729&_nc_sid=5e03e0&mms3=true media_caption=null trim_from=0 mime_type=video/mp4 partial_media_enc_hash=null width=480 original_file_hash=null has_streaming_sidecar=1 autotransfer_retry_enabled=1 media_upload_handle=null message_row_id=1567 multicast_id=null enc_file_hash=hc2kO1dZ2UZVXzFr7RzSldv1d4OEIWZTa9fb+/1T/rs= mute_video=0 page_count=0 first_scan_sidecar=null suspicious_content=0 file_length=5199423 media_name=null media_duration=28 chat_row_id=227 media_key=[B@cb2a724
01-16 06:14:04.751 10434 10513 E SQLiteDatabase: android.database.sqlite.SQLiteConstraintException: UNIQUE constraint failed: message_media.message_row_id (code 1555 SQLITE_CONSTRAINT_PRIMARYKEY)
01-16 06:14:04.751 10434 10513 E SQLiteDatabase: at android.database.sqlite.SQLiteConnection.nativeExecuteForLastInsertedRowId(Native Method)
01-16 06:14:04.751 10434 10513 E SQLiteDatabase: at android.database.sqlite.SQLiteConnection.executeForLastInsertedRowId(SQLiteConnecti on.java:946)
01-16 06:14:04.751 10434 10513 E SQLiteDatabase: at android.database.sqlite.SQLiteSession.executeForLastInsertedRowId(SQLiteSession.jav a:790)
01-16 06:14:04.751 10434 10513 E SQLiteDatabase: at android.database.sqlite.SQLiteStatement.executeInsert(SQLiteStatement.java:89)
01-16 06:14:04.751 10434 10513 E SQLiteDatabase: at android.database.sqlite.SQLiteDatabase.insertWithOnConflict(SQLiteDatabase.java:170 2)
01-16 06:14:04.751 10434 10513 E SQLiteDatabase: at android.database.sqlite.SQLiteDatabase.insert(SQLiteDatabase.java:1571)
01-16 06:14:04.751 10434 10513 E SQLiteDatabase: at X.2tm.A08(Unknown Source:6)
01-16 06:14:04.751 10434 10513 E SQLiteDatabase: at X.35Y.A07(Unknown Source:212)
01-16 06:14:04.751 10434 10513 E SQLiteDatabase: at X.3QF.A14(Unknown Source:470)
01-16 06:14:04.751 10434 10513 E SQLiteDatabase: at X.3gU.run(Unknown Source:982)
01-16 06:14:04.751 10434 10513 E SQLiteDatabase: at android.os.Handler.handleCallback(Handler.java:938)
01-16 06:14:04.751 10434 10513 E SQLiteDatabase: at android.os.Handler.dispatchMessage(Handler.java:99)
01-16 06:14:04.751 10434 10513 E SQLiteDatabase: at X.0zq.dispatchMessage(Unknown Source:4)
01-16 06:14:04.751 10434 10513 E SQLiteDatabase: at android.os.Looper.loopOnce(Looper.java:233)
01-16 06:14:04.751 10434 10513 E SQLiteDatabase: at android.os.Looper.loop(Looper.java:344)
01-16 06:14:04.751 10434 10513 E SQLiteDatabase: at android.os.HandlerThread.run(HandlerThread.java:67)
01-16 06:14:07.957 10434 17492 W Codec2Client: query -- param skipped: index = 1342179345.
01-16 06:14:07.957 10434 17492 W Codec2Client: query -- param skipped: index = 2415921170.
01-16 06:14:07.957 10434 17492 W Codec2Client: query -- param skipped: index = 1610614798.
01-16 06:14:07.960 10434 17503 W Codec2Client: query -- param skipped: index = 1342179345.
01-16 06:14:07.960 10434 17503 W Codec2Client: query -- param skipped: index = 2415921170.
01-16 06:14:07.960 10434 17503 W Codec2Client: query -- param skipped: index = 1610614798.
01-16 06:14:08.714 10434 17340 E Parcel : Reading a NULL string not supported here.
01-16 06:14:08.715 10434 17340 W libc : Access denied finding property "vendor.oplus.media.vpp.stutter"
01-16 06:14:08.738 10434 17534 W ColorUtils: expected specified color aspects (2:0:0:0)
01-16 06:14:08.746 10434 17534 W Codec2Client: query -- param skipped: index = 1107298332.
01-16 06:14:08.747 10434 17534 W CCodec : This behavior is subject to change. It is recommended that app developers double check whether the requested max input size is in reasonable range.
01-16 06:14:08.750 10434 17534 W Codec2Client: query -- param skipped: index = 1342179345.
01-16 06:14:08.750 10434 17534 W Codec2Client: query -- param skipped: index = 2415921170.
01-16 06:14:08.750 10434 17534 W Codec2Client: query -- param skipped: index = 1610614798.
01-16 06:14:08.784 10434 17340 W libc : Access denied finding property "vendor.oplus.media.vpp.stutter"
01-16 06:14:08.802 10434 17546 W Codec2Client: query -- param skipped: index = 1107298332.
01-16 06:14:08.802 10434 17546 W CCodec : This behavior is subject to change. It is recommended that app developers double check whether the requested max input size is in reasonable range.
01-16 06:14:08.804 10434 17546 W Codec2Client: query -- param skipped: index = 1342179345.
01-16 06:14:08.804 10434 17546 W Codec2Client: query -- param skipped: index = 2415921170.
01-16 06:14:08.804 10434 17546 W Codec2Client: query -- param skipped: index = 1610614798.
01-16 06:14:08.816 10434 17533 W MediaCodec: mapFormat: no mediaType information
01-16 06:14:11.741 10434 14487 E BLASTBufferQueue: BLASTBufferItemConsumer::onDisconnect()
01-16 06:14:11.784 10434 17533 W Codec2Client: query -- param skipped: index = 1342179345.
01-16 06:14:11.784 10434 17533 W Codec2Client: query -- param skipped: index = 2415921170.
01-16 06:14:11.784 10434 17533 W Codec2Client: query -- param skipped: index = 1610614798.
01-16 06:14:11.786 10434 17546 W Codec2Client: query -- param skipped: index = 1342179345.
01-16 06:14:11.786 10434 17546 W Codec2Client: query -- param skipped: index = 2415921170.
01-16 06:14:11.786 10434 17546 W Codec2Client: query -- param skipped: index = 1610614798.
01-16 06:14:12.104 10434 10513 E SQLiteDatabase: Error inserting transferred=1 media_job_uuid=e8ff1955-00e1-493c-abb7-469d0f953573 transcoded=0 gif_attribution=0 first_scan_length=0 direct_path=/v/t62.7161- 24/28987958_754323549881678_8317375960036727510_n.enc?ccb=11- 4&oh=01_AdTwApP2t9hrdSwqe-_XhMcm986wLxrJIfXAsYMfuOUbgA&oe=65CC9729&_nc_sid=5e03e0 thumbnail_height_width_ratio=1.7755102 is_animated_sticker=0 file_hash=wQ6trwaKUAuTvU5AnYZCq59N03O1VwCHYn1DvQI0OJw= file_path=Media/.Statuses/c873d81cb129425e9fa8fd4447122b96.mp4 file_size=5199423 partial_media_hash=null face_x=0 face_y=0 height=848 trim_to=0 media_key_timestamp=1705317031000 message_url=https://mmg.whatsapp.net/v/t62.7161- 24/28987958_754323549881678_8317375960036727510_n.enc?ccb=11- 4&oh=01_AdTwApP2t9hrdSwqe- _XhMcm986wLxrJIfXAsYMfuOUbgA&oe=65CC9729&_nc_sid=5e03e0&mms3=true media_caption=null trim_from=0 mime_type=video/mp4 partial_media_enc_hash=null width=480 original_file_hash=null has_streaming_sidecar=1 autotransfer_retry_enabled=1 media_upload_handle=null message_row_id=1567 multicast_id=null enc_file_hash=hc2kO1dZ2UZVXzFr7RzSldv1d4OEIWZTa9fb+/1T/rs= mute_video=0 page_count=0 first_scan_sidecar=null suspicious_content=0 file_length=5199423 media_name=null media_duration=28 chat_row_id=227 media_key=[B@cb2a724
01-16 06:14:12.104 10434 10513 E SQLiteDatabase: android.database.sqlite.SQLiteConstraintException: UNIQUE constraint failed: message_media.message_row_id (code 1555 SQLITE_CONSTRAINT_PRIMARYKEY)
01-16 06:14:12.104 10434 10513 E SQLiteDatabase: at android.database.sqlite.SQLiteConnection.nativeExecuteForLastInsertedRowId(Native Method)
01-16 06:14:12.104 10434 10513 E SQLiteDatabase: at android.database.sqlite.SQLiteConnection.executeForLastInsertedRowId(SQLiteConnecti on.java:946)
01-16 06:14:12.104 10434 10513 E SQLiteDatabase: at android.database.sqlite.SQLiteSession.executeForLastInsertedRowId(SQLiteSession.jav a:790)
01-16 06:14:12.104 10434 10513 E SQLiteDatabase: at android.database.sqlite.SQLiteStatement.executeInsert(SQLiteStatement.java:89)
01-16 06:14:12.104 10434 10513 E SQLiteDatabase: at android.database.sqlite.SQLiteDatabase.insertWithOnConflict(SQLiteDatabase.java:170 2)
01-16 06:14:12.104 10434 10513 E SQLiteDatabase: at android.database.sqlite.SQLiteDatabase.insert(SQLiteDatabase.java:1571)
01-16 06:14:12.104 10434 10513 E SQLiteDatabase: at X.2tm.A08(Unknown Source:6)
01-16 06:14:12.104 10434 10513 E SQLiteDatabase: at X.35Y.A07(Unknown Source:212)
01-16 06:14:12.104 10434 10513 E SQLiteDatabase: at X.3QF.A14(Unknown Source:470)
01-16 06:14:12.104 10434 10513 E SQLiteDatabase: at X.3gU.run(Unknown Source:982)
01-16 06:14:12.104 10434 10513 E SQLiteDatabase: at android.os.Handler.handleCallback(Handler.java:938)
01-16 06:14:12.104 10434 10513 E SQLiteDatabase: at android.os.Handler.dispatchMessage(Handler.java:99)
01-16 06:14:12.104 10434 10513 E SQLiteDatabase: at X.0zq.dispatchMessage(Unknown Source:4)
01-16 06:14:12.104 10434 10513 E SQLiteDatabase: at android.os.Looper.loopOnce(Looper.java:233)
01-16 06:14:12.104 10434 10513 E SQLiteDatabase: at android.os.Looper.loop(Looper.java:344)
01-16 06:14:12.104 10434 10513 E SQLiteDatabase: at android.os.HandlerThread.run(HandlerThread.java:67)
01-16 06:14:13.511 10434 10434 W BottomSheetBehavior: BottomSheetBehavior now supports multiple callbacks. `setBottomSheetCallback()` removes all existing callbacks, including ones set internally by library authors, which may result in unintended behavior. This may change in the future. Please use `addBottomSheetCallback()` and `removeBottomSheetCallback()` instead to set your own callbacks.
01-16 06:14:13.511 10434 10434 W BottomSheetBehavior: BottomSheetBehavior now supports multiple callbacks. `setBottomSheetCallback()` removes all existing callbacks, including ones set internally by library authors, which may result in unintended behavior. This may change in the future. Please use `addBottomSheetCallback()` and `removeBottomSheetCallback()` instead to set your own callbacks.
01-16 06:14:13.543 10434 10434 W BottomSheetBehavior: BottomSheetBehavior now supports multiple callbacks. `setBottomSheetCallback()` removes all existing callbacks, including ones set internally by library authors, which may result in unintended behavior. This may change in the future. Please use `addBottomSheetCallback()` and `removeBottomSheetCallback()` instead to set your own callbacks.
01-16 06:14:13.543 10434 10434 W BottomSheetBehavior: BottomSheetBehavior now supports multiple callbacks. `setBottomSheetCallback()` removes all existing callbacks, including ones set internally by library authors, which may result in unintended behavior. This may change in the future. Please use `addBottomSheetCallback()` and `removeBottomSheetCallback()` instead to set your own callbacks.
01-16 06:14:13.545 10434 17572 E Parcel : Reading a NULL string not supported here.
01-16 06:14:13.547 10434 17572 W libc : Access denied finding property "vendor.oplus.media.vpp.stutter"
01-16 06:14:13.556 10434 10434 E RecyclerView: No adapter attached; skipping layout
01-16 06:14:13.557 10434 10434 E RecyclerView: No adapter attached; skipping layout
01-16 06:14:13.570 10434 17575 W ColorUtils: expected specified color aspects (2:0:0:0)
01-16 06:14:13.589 10434 17575 W Codec2Client: query -- param skipped: index = 1107298332.
01-16 06:14:13.589 10434 17575 W CCodec : This behavior is subject to change. It is recommended that app developers double check whether the requested max input size is in reasonable range.
01-16 06:14:13.592 10434 17575 W Codec2Client: query -- param skipped: index = 1342179345.
01-16 06:14:13.592 10434 17575 W Codec2Client: query -- param skipped: index = 2415921170.
01-16 06:14:13.592 10434 17575 W Codec2Client: query -- param skipped: index = 1610614798.
01-16 06:14:13.618 10434 17572 W libc : Access denied finding property "vendor.oplus.media.vpp.stutter"
01-16 06:14:13.642 10434 17595 W Codec2Client: query -- param skipped: index = 1107298332.
01-16 06:14:13.642 10434 17595 W CCodec : This behavior is subject to change. It is recommended that app developers double check whether the requested max input size is in reasonable range.
01-16 06:14:13.644 10434 17595 W Codec2Client: query -- param skipped: index = 1342179345.
01-16 06:14:13.644 10434 17595 W Codec2Client: query -- param skipped: index = 2415921170.
01-16 06:14:13.644 10434 17595 W Codec2Client: query -- param skipped: index = 1610614798.
01-16 06:14:13.722 10434 14806 W Codec2-OutputBufferQueue: receiving stale buffer: generation 10684457 , diff 1 : slot 15
01-16 06:14:13.725 10434 14806 W Codec2-OutputBufferQueue: receiving stale buffer: generation 10684457 , diff 1 : slot 16
01-16 06:14:13.734 10434 17574 W MediaCodec: mapFormat: no mediaType information
01-16 06:14:14.362 10434 17574 W Codec2-OutputBufferQueue: outputBuffer -- buffers from old generation to 10684457 , diff: 1 , slot: 15
01-16 06:14:14.393 10434 17574 W Codec2-OutputBufferQueue: outputBuffer -- buffers from old generation to 10684457 , diff: 1 , slot: 16
01-16 06:14:14.708 10434 10513 E SQLiteDatabase: Error inserting transferred=1 media_job_uuid=1f1e114e-6fc4-4205-91d0-bc03b10bff48 transcoded=0 gif_attribution=0 first_scan_length=0 direct_path=/v/t62.7161- 24/33412774_1580488859423015_1345213713407957669_n.enc?ccb=11- 4&oh=01_AdQ8YxaRrXUKIsS_vSe4C2NWm60tT_Yl-uRhOZbwlLdIQg&oe=65CC75A7&_nc_sid=5e03e0 thumbnail_height_width_ratio=1.8113208 is_animated_sticker=0 file_hash=mAAWTmAeV1ujIr58WmXe3qlbT8Wdtpg+GnqgmOlZz7o= file_path=Media/.Statuses/ea2424f0f0cc44828be8471a4b8ef621.mp4 file_size=2282453 partial_media_hash=null face_x=0 face_y=0 height=656 trim_to=0 media_key_timestamp=1705319336000 message_url=https://mmg.whatsapp.net/v/t62.7161- 24/33412774_1580488859423015_1345213713407957669_n.enc?ccb=11- 4&oh=01_AdQ8YxaRrXUKIsS_vSe4C2NWm60tT_Yl- uRhOZbwlLdIQg&oe=65CC75A7&_nc_sid=5e03e0&mms3=true media_caption=null trim_from=0 mime_type=video/mp4 partial_media_enc_hash=null width=368 original_file_hash=null has_streaming_sidecar=1 autotransfer_retry_enabled=1 media_upload_handle=null message_row_id=1588 multicast_id=null enc_file_hash=/5arMjQwSJ7EClpeWhO63jqVGZ7yQczSNKuGDelCFc8= mute_video=0 page_count=0 first_scan_sidecar=null suspicious_content=0 file_length=2282453 media_name=null media_duration=20 chat_row_id=227 media_key=[B@fba581b
01-16 06:14:14.708 10434 10513 E SQLiteDatabase: android.database.sqlite.SQLiteConstraintException: UNIQUE constraint failed: message_media.message_row_id (code 1555 SQLITE_CONSTRAINT_PRIMARYKEY)
01-16 06:14:14.708 10434 10513 E SQLiteDatabase: at android.database.sqlite.SQLiteConnection.nativeExecuteForLastInsertedRowId(Native Method)
01-16 06:14:14.708 10434 10513 E SQLiteDatabase: at android.database.sqlite.SQLiteConnection.executeForLastInsertedRowId(SQLiteConnecti on.java:946)
01-16 06:14:14.708 10434 10513 E SQLiteDatabase: at android.database.sqlite.SQLiteSession.executeForLastInsertedRowId(SQLiteSession.jav a:790)
01-16 06:14:14.708 10434 10513 E SQLiteDatabase: at android.database.sqlite.SQLiteStatement.executeInsert(SQLiteStatement.java:89)
01-16 06:14:14.708 10434 10513 E SQLiteDatabase: at android.database.sqlite.SQLiteDatabase.insertWithOnConflict(SQLiteDatabase.java:170 2)
01-16 06:14:14.708 10434 10513 E SQLiteDatabase: at android.database.sqlite.SQLiteDatabase.insert(SQLiteDatabase.java:1571)
01-16 06:14:14.708 10434 10513 E SQLiteDatabase: at X.2tm.A08(Unknown Source:6)
01-16 06:14:14.708 10434 10513 E SQLiteDatabase: at X.35Y.A07(Unknown Source:212)
01-16 06:14:14.708 10434 10513 E SQLiteDatabase: at X.3QF.A14(Unknown Source:470)
01-16 06:14:14.708 10434 10513 E SQLiteDatabase: at X.3gU.run(Unknown Source:982)
01-16 06:14:14.708 10434 10513 E SQLiteDatabase: at android.os.Handler.handleCallback(Handler.java:938)
01-16 06:14:14.708 10434 10513 E SQLiteDatabase: at android.os.Handler.dispatchMessage(Handler.java:99)
01-16 06:14:14.708 10434 10513 E SQLiteDatabase: at X.0zq.dispatchMessage(Unknown Source:4)
01-16 06:14:14.708 10434 10513 E SQLiteDatabase: at android.os.Looper.loopOnce(Looper.java:233)
01-16 06:14:14.708 10434 10513 E SQLiteDatabase: at android.os.Looper.loop(Looper.java:344)
01-16 06:14:14.708 10434 10513 E SQLiteDatabase: at android.os.HandlerThread.run(HandlerThread.java:67)
01-16 06:14:17.224 10434 17574 W Codec2Client: query -- param skipped: index = 1342179345.
01-16 06:14:17.224 10434 17574 W Codec2Client: query -- param skipped: index = 2415921170.
01-16 06:14:17.224 10434 17574 W Codec2Client: query -- param skipped: index = 1610614798.
01-16 06:14:17.226 10434 17595 W Codec2Client: query -- param skipped: index = 1342179345.
01-16 06:14:17.226 10434 17595 W Codec2Client: query -- param skipped: index = 2415921170.
01-16 06:14:17.226 10434 17595 W Codec2Client: query -- param skipped: index = 1610614798.
01-16 06:14:17.250 10434 14487 E BLASTBufferQueue: BLASTBufferItemConsumer::onDisconnect()
01-16 06:14:17.971 10434 14487 E BLASTBufferQueue: BLASTBufferItemConsumer::onDisconnect()
01-16 06:14:30.718 10434 10568 W PermissionInjector: applyBatch in invalid type: 2
01-16 06:14:42.584 10434 10568 W PermissionInjector: applyBatch in invalid type: 2
01-16 06:15:53.044 10434 10568 W PermissionInjector: applyBatch in invalid type: 2
01-16 06:20:33.719 10434 14761 E Parcel : Reading a NULL string not supported here.
01-16 06:20:35.824 10434 10568 W PermissionInjector: applyBatch in invalid type: 2
01-16 06:20:59.931 10434 10568 W PermissionInjector: applyBatch in invalid type: 2
01-16 06:21:04.570 10434 10434 E ArmVmp : Match on catch block at 0x0a in for 0x71d8987035
01-16 06:21:04.573 10434 10434 E ArmVmp : Match on catch block at 0x0a in for 0x71d8987035
01-16 06:21:04.716 10434 10434 E ArmVmp : Match on catch block at 0xc3 in for 0x71d8987021
01-16 06:21:04.719 10434 10434 E ArmVmp : Match on catch block at 0xc3 in for 0x71d8987021
01-16 06:21:04.721 10434 10434 E ArmVmp : Match on catch block at 0xc3 in for 0x71d8987021
01-16 06:21:04.778 10434 10434 E ArmVmp : Match on catch block at 0xc3 in for 0x71d8987025
01-16 06:21:04.780 10434 10434 E ArmVmp : Match on catch block at 0xc3 in for 0x71d8987025
01-16 06:21:04.782 10434 10434 E ArmVmp : Match on catch block at 0xc3 in for 0x71d8987025
01-16 06:21:04.792 10434 10434 E ArmVmp : Match on catch block at 0xc3 in for 0x71d8987025
01-16 06:21:04.797 10434 10434 E ArmVmp : Match on catch block at 0xc3 in for 0x71d8987025
01-16 06:21:04.801 10434 10434 E ArmVmp : Match on catch block at 0xc3 in for 0x71d8987025
01-16 06:21:04.808 10434 10434 E ArmVmp : Match on catch block at 0xc3 in for 0x71d8987025
01-16 06:21:04.810 10434 10434 E ArmVmp : Match on catch block at 0xc3 in for 0x71d8987025
01-16 06:21:04.812 10434 10434 E ArmVmp : Match on catch block at 0xc3 in for 0x71d8987025
01-16 06:21:04.847 10434 10434 E ArmVmp : Match on catch block at 0xc3 in for 0x71d8987025
01-16 06:21:04.850 10434 10434 E ArmVmp : Match on catch block at 0xc3 in for 0x71d8987025
01-16 06:21:04.852 10434 10434 E ArmVmp : Match on catch block at 0xc3 in for 0x71d8987025
01-16 06:21:04.866 10434 10434 E ArmVmp : Match on catch block at 0xc3 in for 0x71d8987025
01-16 06:21:04.871 10434 10434 E ArmVmp : Match on catch block at 0xc3 in for 0x71d8987025
01-16 06:21:04.874 10434 10434 E ArmVmp : Match on catch block at 0xc3 in for 0x71d8987025
01-16 06:21:04.883 10434 10434 E ArmVmp : Match on catch block at 0xc3 in for 0x71d8987025
01-16 06:21:04.886 10434 10434 E ArmVmp : Match on catch block at 0xc3 in for 0x71d8987025
01-16 06:21:04.889 10434 10434 E ArmVmp : Match on catch block at 0xc3 in for 0x71d8987025
01-16 06:21:04.899 10434 10434 E ArmVmp : Match on catch block at 0xc3 in for 0x71d8987025
01-16 06:21:04.902 10434 10434 E ArmVmp : Match on catch block at 0xc3 in for 0x71d8987025
01-16 06:21:04.904 10434 10434 E ArmVmp : Match on catch block at 0xc3 in for 0x71d8987025
01-16 06:21:04.915 10434 10434 E ArmVmp : Match on catch block at 0xc3 in for 0x71d8987025
01-16 06:21:04.917 10434 10434 E ArmVmp : Match on catch block at 0xc3 in for 0x71d8987025
01-16 06:21:04.920 10434 10434 E ArmVmp : Match on catch block at 0xc3 in for 0x71d8987025
01-16 06:21:05.339 10434 10434 E ArmVmp : Match on catch block at 0xc3 in for 0x71d8987025
01-16 06:21:05.346 10434 10434 E ArmVmp : Match on catch block at 0xc3 in for 0x71d8987025
01-16 06:21:05.353 10434 10434 E ArmVmp : Match on catch block at 0xc3 in for 0x71d8987025
01-16 06:21:05.508 10434 10434 E ArmVmp : Match on catch block at 0xc3 in for 0x71d8987025
01-16 06:21:05.511 10434 10434 E ArmVmp : Match on catch block at 0xc3 in for 0x71d8987025
01-16 06:21:05.513 10434 10434 E ArmVmp : Match on catch block at 0xc3 in for 0x71d8987025
01-16 06:21:05.598 10434 10434 E ArmVmp : Match on catch block at 0xc3 in for 0x71d8987025
01-16 06:21:05.601 10434 10434 E ArmVmp : Match on catch block at 0xc3 in for 0x71d8987025
01-16 06:21:05.603 10434 10434 E ArmVmp : Match on catch block at 0xc3 in for 0x71d8987025
01-16 06:21:05.617 10434 10434 E ArmVmp : Match on catch block at 0xc3 in for 0x71d8987025
01-16 06:21:05.620 10434 10434 E ArmVmp : Match on catch block at 0xc3 in for 0x71d8987025
01-16 06:21:05.622 10434 10434 E ArmVmp : Match on catch block at 0xc3 in for 0x71d8987025
01-16 06:21:05.843 10434 10434 E ArmVmp : Match on catch block at 0xc3 in for 0x71d8987025
01-16 06:21:05.845 10434 10434 E ArmVmp : Match on catch block at 0xc3 in for 0x71d8987025
01-16 06:21:05.847 10434 10434 E ArmVmp : Match on catch block at 0xc3 in for 0x71d8987025
01-16 06:21:06.350 10434 10434 E ArmVmp : Match on catch block at 0xc3 in for 0x71d8987025
01-16 06:21:06.355 10434 10434 E ArmVmp : Match on catch block at 0xc3 in for 0x71d8987025
01-16 06:21:06.360 10434 10434 E ArmVmp : Match on catch block at 0xc3 in for 0x71d8987025
01-16 06:21:06.406 10434 10434 E ArmVmp : Match on catch block at 0xc3 in for 0x71d8987025
01-16 06:21:06.410 10434 10434 E ArmVmp : Match on catch block at 0xc3 in for 0x71d8987025
01-16 06:21:06.413 10434 10434 E ArmVmp : Match on catch block at 0xc3 in for 0x71d8987025
01-16 06:21:06.432 10434 10434 E ArmVmp : Match on catch block at 0xc3 in for 0x71d8987025
01-16 06:21:06.437 10434 10434 E ArmVmp : Match on catch block at 0xc3 in for 0x71d8987025
01-16 06:21:06.439 10434 10434 E ArmVmp : Match on catch block at 0xc3 in for 0x71d8987025
01-16 06:21:06.449 10434 10434 E ArmVmp : Match on catch block at 0xc3 in for 0x71d8987025
01-16 06:21:06.453 10434 10434 E ArmVmp : Match on catch block at 0xc3 in for 0x71d8987025
01-16 06:21:06.458 10434 10434 E ArmVmp : Match on catch block at 0xc3 in for 0x71d8987025
01-16 06:21:06.466 10434 10434 E ArmVmp : Match on catch block at 0xc3 in for 0x71d8987025
01-16 06:21:06.470 10434 10434 E ArmVmp : Match on catch block at 0xc3 in for 0x71d8987025
01-16 06:21:06.474 10434 10434 E ArmVmp : Match on catch block at 0xc3 in for 0x71d8987025
01-16 06:21:06.481 10434 10434 E ArmVmp : Match on catch block at 0xc3 in for 0x71d8987025
01-16 06:21:06.485 10434 10434 E ArmVmp : Match on catch block at 0xc3 in for 0x71d8987025
01-16 06:21:06.491 10434 10434 E ArmVmp : Match on catch block at 0xc3 in for 0x71d8987025
01-16 06:21:06.511 10434 10434 E ArmVmp : Match on catch block at 0xc3 in for 0x71d8987025
01-16 06:21:06.514 10434 10434 E ArmVmp : Match on catch block at 0xc3 in for 0x71d8987025
01-16 06:21:06.518 10434 10434 E ArmVmp : Match on catch block at 0xc3 in for 0x71d8987025
01-16 06:21:06.530 10434 10434 E ArmVmp : Match on catch block at 0xc3 in for 0x71d8987025
01-16 06:21:06.534 10434 10434 E ArmVmp : Match on catch block at 0xc3 in for 0x71d8987025
01-16 06:21:06.538 10434 10434 E ArmVmp : Match on catch block at 0xc3 in for 0x71d8987025
01-16 06:21:06.546 10434 10434 E ArmVmp : Match on catch block at 0xc3 in for 0x71d8987025
01-16 06:21:06.550 10434 10434 E ArmVmp : Match on catch block at 0xc3 in for 0x71d8987025
01-16 06:21:06.553 10434 10434 E ArmVmp : Match on catch block at 0xc3 in for 0x71d8987025
01-16 06:21:06.559 10434 10434 E ArmVmp : Match on catch block at 0xc3 in for 0x71d8987025
01-16 06:21:06.562 10434 10434 E ArmVmp : Match on catch block at 0xc3 in for 0x71d8987025
01-16 06:21:06.566 10434 10434 E ArmVmp : Match on catch block at 0xc3 in for 0x71d8987025
01-16 06:21:06.577 10434 10434 E ArmVmp : Match on catch block at 0xc3 in for 0x71d8987025
01-16 06:21:06.582 10434 10434 E ArmVmp : Match on catch block at 0xc3 in for 0x71d8987025
01-16 06:21:06.585 10434 10434 E ArmVmp : Match on catch block at 0xc3 in for 0x71d8987025
01-16 06:21:06.593 10434 10434 E ArmVmp : Match on catch block at 0xc3 in for 0x71d8987025
01-16 06:21:06.597 10434 10434 E ArmVmp : Match on catch block at 0xc3 in for 0x71d8987025
01-16 06:21:06.601 10434 10434 E ArmVmp : Match on catch block at 0xc3 in for 0x71d8987025
01-16 06:21:06.673 10434 10434 E ArmVmp : Match on catch block at 0xc3 in for 0x71d8987025
01-16 06:21:06.676 10434 10434 E ArmVmp : Match on catch block at 0xc3 in for 0x71d8987025
01-16 06:21:06.680 10434 10434 E ArmVmp : Match on catch block at 0xc3 in for 0x71d8987025
01-16 06:21:06.820 10434 10434 E ArmVmp : Match on catch block at 0xc3 in for 0x71d8987025
01-16 06:21:06.824 10434 10434 E ArmVmp : Match on catch block at 0xc3 in for 0x71d8987025
01-16 06:21:06.827 10434 10434 E ArmVmp : Match on catch block at 0xc3 in for 0x71d8987025
01-16 06:21:07.164 10434 10434 E ArmVmp : Match on catch block at 0xc3 in for 0x71d8987025
01-16 06:21:07.167 10434 10434 E ArmVmp : Match on catch block at 0xc3 in for 0x71d8987025
01-16 06:21:07.169 10434 10434 E ArmVmp : Match on catch block at 0xc3 in for 0x71d8987025
01-16 06:21:07.374 10434 10434 E ArmVmp : Match on catch block at 0xc3 in for 0x71d8987025
01-16 06:21:07.377 10434 10434 E ArmVmp : Match on catch block at 0xc3 in for 0x71d8987025
01-16 06:21:07.380 10434 10434 E ArmVmp : Match on catch block at 0xc3 in for 0x71d8987025
01-16 06:21:07.536 10434 10434 E ArmVmp : Match on catch block at 0xc3 in for 0x71d8987025
01-16 06:21:07.538 10434 10434 E ArmVmp : Match on catch block at 0xc3 in for 0x71d8987025
01-16 06:21:07.541 10434 10434 E ArmVmp : Match on catch block at 0xc3 in for 0x71d8987025
01-16 06:21:07.683 10434 10434 E ArmVmp : Match on catch block at 0xc3 in for 0x71d8987025
01-16 06:21:07.686 10434 10434 E ArmVmp : Match on catch block at 0xc3 in for 0x71d8987025
01-16 06:21:07.689 10434 10434 E ArmVmp : Match on catch block at 0xc3 in for 0x71d8987025
01-16 06:21:07.946 10434 10434 E ArmVmp : Match on catch block at 0xc3 in for 0x71d8987025
01-16 06:21:07.949 10434 10434 E ArmVmp : Match on catch block at 0xc3 in for 0x71d8987025
01-16 06:21:07.953 10434 10434 E ArmVmp : Match on catch block at 0xc3 in for 0x71d8987025
01-16 06:21:08.171 10434 10434 E ArmVmp : Match on catch block at 0xc3 in for 0x71d8987025
01-16 06:21:08.173 10434 10434 E ArmVmp : Match on catch block at 0xc3 in for 0x71d8987025
01-16 06:21:08.175 10434 10434 E ArmVmp : Match on catch block at 0xc3 in for 0x71d8987025
01-16 06:21:08.676 10434 10434 E ArmVmp : Match on catch block at 0xc3 in for 0x71d8987025
01-16 06:21:08.679 10434 10434 E ArmVmp : Match on catch block at 0xc3 in for 0x71d8987025
01-16 06:21:08.683 10434 10434 E ArmVmp : Match on catch block at 0xc3 in for 0x71d8987025
01-16 06:21:08.705 10434 10434 E ArmVmp : Match on catch block at 0xc3 in for 0x71d8987025
01-16 06:21:08.708 10434 10434 E ArmVmp : Match on catch block at 0xc3 in for 0x71d8987025
01-16 06:21:08.711 10434 10434 E ArmVmp : Match on catch block at 0xc3 in for 0x71d8987025
01-16 06:21:08.735 10434 10434 E ArmVmp : Match on catch block at 0xc3 in for 0x71d8987025
01-16 06:21:08.739 10434 10434 E ArmVmp : Match on catch block at 0xc3 in for 0x71d8987025
01-16 06:21:08.802 10434 10434 E ArmVmp : Match on catch block at 0xc3 in for 0x71d8987025
01-16 06:21:08.806 10434 10434 E ArmVmp : Match on catch block at 0xc3 in for 0x71d8987025
01-16 06:21:08.836 10434 10434 E ArmVmp : Match on catch block at 0xc3 in for 0x71d8987025
01-16 06:21:08.838 10434 10434 E ArmVmp : Match on catch block at 0xc3 in for 0x71d8987025
01-16 06:21:08.862 10434 10434 E ArmVmp : Match on catch block at 0xc3 in for 0x71d8987025
01-16 06:21:08.866 10434 10434 E ArmVmp : Match on catch block at 0xc3 in for 0x71d8987025
01-16 06:21:08.872 10434 10434 E ArmVmp : Match on catch block at 0xc3 in for 0x71d8987025
01-16 06:21:08.874 10434 10434 E ArmVmp : Match on catch block at 0xc3 in for 0x71d8987025
01-16 06:21:08.888 10434 10434 E ArmVmp : Match on catch block at 0xc3 in for 0x71d8987025
01-16 06:21:08.891 10434 10434 E ArmVmp : Match on catch block at 0xc3 in for 0x71d8987025
01-16 06:21:09.144 10434 10434 E ArmVmp : Match on catch block at 0xc3 in for 0x71d8987025
01-16 06:21:09.148 10434 10434 E ArmVmp : Match on catch block at 0xc3 in for 0x71d8987025
01-16 06:21:09.164 10434 10434 E ArmVmp : Match on catch block at 0xc3 in for 0x71d8987025
01-16 06:21:09.166 10434 10434 E ArmVmp : Match on catch block at 0xc3 in for 0x71d8987025
01-16 06:21:09.183 10434 10434 E ArmVmp : Match on catch block at 0xc3 in for 0x71d8987025
01-16 06:21:09.186 10434 10434 E ArmVmp : Match on catch block at 0xc3 in for 0x71d8987025
01-16 06:21:09.198 10434 21215 W MediaPlayer: Use of stream types is deprecated for operations other than volume control
01-16 06:21:09.198 10434 21215 W MediaPlayer: See the documentation of setAudioStreamType() for what to use instead with android.media.AudioAttributes to qualify your playback use case
01-16 06:21:09.201 10434 10434 E ArmVmp : Match on catch block at 0xc3 in for 0x71d8987025
01-16 06:21:09.204 10434 10434 E ArmVmp : Match on catch block at 0xc3 in for 0x71d8987025
01-16 06:21:09.454 10434 10434 E ArmVmp : Match on catch block at 0xc3 in for 0x71d8987025
01-16 06:21:09.457 10434 10434 E ArmVmp : Match on catch block at 0xc3 in for 0x71d8987025
01-16 06:21:09.467 10434 10434 E ArmVmp : Match on catch block at 0xc3 in for 0x71d8987025
01-16 06:21:09.469 10434 10434 E ArmVmp : Match on catch block at 0xc3 in for 0x71d8987025
01-16 06:21:09.520 10434 10434 E ArmVmp : Match on catch block at 0xc3 in for 0x71d8987025
01-16 06:21:09.524 10434 10434 E ArmVmp : Match on catch block at 0xc3 in for 0x71d8987025
01-16 06:21:09.672 10434 14487 E BLASTBufferQueue: BLASTBufferItemConsumer::onDisconnect()
01-16 06:21:09.683 10434 10434 E ArmVmp : Match on catch block at 0xc3 in for 0x71d8987025
01-16 06:21:09.686 10434 10434 E ArmVmp : Match on catch block at 0xc3 in for 0x71d8987025
01-16 06:21:12.049 10434 10568 W PermissionInjector: applyBatch in invalid type: 2
01-16 06:21:13.079 10434 10434 W View : requestLayout() improperly called by androidx.appcompat.widget.ActionMenuView{2868c8f V.E...... ......ID 975,375- 1131,375} during layout: running second layout pass
01-16 06:21:13.096 10434 10434 W View : requestLayout() improperly called by DecorView@8b8a6c[HomeActivity] during second layout pass: posting in next frame
01-16 06:21:13.357 10434 10434 W View : requestLayout() improperly called by androidx.appcompat.view.menu.ActionMenuItemView{1e4c758 VFED..C.. ......ID 291,0- 435,0 #7f0b0f8a app:id/menuitem_search} during layout: running second layout pass
01-16 06:21:13.357 10434 10434 W View : requestLayout() improperly called by androidx.appcompat.widget.ActionMenuView{2868c8f V.E...... ......ID 420,375- 1131,375} during layout: running second layout pass
01-16 06:21:13.389 10434 10434 W View : requestLayout() improperly called by DecorView@8b8a6c[HomeActivity] during second layout pass: posting in next frame
01-16 06:21:14.375 10434 10434 E ArmVmp : Match on catch block at 0x0a in for 0x71d8987035
01-16 06:21:14.378 10434 10434 E ArmVmp : Match on catch block at 0x0a in for 0x71d8987035
01-16 06:21:14.496 10434 10434 E ArmVmp : Match on catch block at 0xc3 in for 0x71d8987021
01-16 06:21:14.498 10434 10434 E ArmVmp : Match on catch block at 0xc3 in for 0x71d8987021
01-16 06:21:14.547 10434 10434 E ArmVmp : Match on catch block at 0xc3 in for 0x71d8987025
01-16 06:21:14.549 10434 10434 E ArmVmp : Match on catch block at 0xc3 in for 0x71d8987025
01-16 06:21:14.569 10434 10434 E ArmVmp : Match on catch block at 0xc3 in for 0x71d8987025
01-16 06:21:14.571 10434 10434 E ArmVmp : Match on catch block at 0xc3 in for 0x71d8987025
01-16 06:21:14.603 10434 10434 E ArmVmp : Match on catch block at 0xc3 in for 0x71d8987025
01-16 06:21:14.606 10434 10434 E ArmVmp : Match on catch block at 0xc3 in for 0x71d8987025
01-16 06:21:14.624 10434 10434 E ArmVmp : Match on catch block at 0xc3 in for 0x71d8987025
01-16 06:21:14.626 10434 10434 E ArmVmp : Match on catch block at 0xc3 in for 0x71d8987025
01-16 06:21:14.634 10434 10434 E ArmVmp : Match on catch block at 0xc3 in for 0x71d8987025
01-16 06:21:14.636 10434 10434 E ArmVmp : Match on catch block at 0xc3 in for 0x71d8987025
01-16 06:21:14.649 10434 10434 E ArmVmp : Match on catch block at 0xc3 in for 0x71d8987025
01-16 06:21:14.652 10434 10434 E ArmVmp : Match on catch block at 0xc3 in for 0x71d8987025
01-16 06:21:14.665 10434 10434 E ArmVmp : Match on catch block at 0xc3 in for 0x71d8987025
01-16 06:21:14.667 10434 10434 E ArmVmp : Match on catch block at 0xc3 in for 0x71d8987025
01-16 06:21:14.750 10434 14487 E BLASTBufferQueue: BLASTBufferItemConsumer::onDisconnect()
01-16 06:21:15.090 10434 10434 E ArmVmp : Match on catch block at 0xc3 in for 0x71d8987025
01-16 06:21:15.095 10434 10434 E ArmVmp : Match on catch block at 0xc3 in for 0x71d8987025
01-16 06:21:15.157 10434 10434 E ArmVmp : Match on catch block at 0xc3 in for 0x71d8987025
01-16 06:21:15.163 10434 10434 E ArmVmp : Match on catch block at 0xc3 in for 0x71d8987025
01-16 06:21:15.624 10434 10434 E ArmVmp : Match on catch block at 0xc3 in for 0x71d8987025
01-16 06:21:15.628 10434 10434 E ArmVmp : Match on catch block at 0xc3 in for 0x71d8987025
01-16 06:21:15.661 10434 10434 E ArmVmp : Match on catch block at 0xc3 in for 0x71d8987025
01-16 06:21:15.663 10434 10434 E ArmVmp : Match on catch block at 0xc3 in for 0x71d8987025
01-16 06:21:15.708 10434 10434 E ArmVmp : Match on catch block at 0xc3 in for 0x71d8987025
01-16 06:21:15.711 10434 10434 E ArmVmp : Match on catch block at 0xc3 in for 0x71d8987025
01-16 06:21:15.725 10434 10434 E ArmVmp : Match on catch block at 0xc3 in for 0x71d8987025
01-16 06:21:15.728 10434 10434 E ArmVmp : Match on catch block at 0xc3 in for 0x71d8987025
01-16 06:21:15.747 10434 10434 E ArmVmp : Match on catch block at 0xc3 in for 0x71d8987025
01-16 06:21:15.750 10434 10434 E ArmVmp : Match on catch block at 0xc3 in for 0x71d8987025
01-16 06:21:15.755 10434 10434 E ArmVmp : Match on catch block at 0xc3 in for 0x71d8987025
01-16 06:21:15.758 10434 10434 E ArmVmp : Match on catch block at 0xc3 in for 0x71d8987025
01-16 06:21:15.788 10434 10434 E ArmVmp : Match on catch block at 0xc3 in for 0x71d8987025
01-16 06:21:15.791 10434 10434 E ArmVmp : Match on catch block at 0xc3 in for 0x71d8987025
01-16 06:21:15.799 10434 10434 E ArmVmp : Match on catch block at 0xc3 in for 0x71d8987025
01-16 06:21:15.802 10434 10434 E ArmVmp : Match on catch block at 0xc3 in for 0x71d8987025
01-16 06:21:15.821 10434 10434 E ArmVmp : Match on catch block at 0xc3 in for 0x71d8987025
01-16 06:21:15.824 10434 10434 E ArmVmp : Match on catch block at 0xc3 in for 0x71d8987025
01-16 06:21:15.831 10434 10434 E ArmVmp : Match on catch block at 0xc3 in for 0x71d8987025
01-16 06:21:15.834 10434 10434 E ArmVmp : Match on catch block at 0xc3 in for 0x71d8987025
01-16 06:21:15.986 10434 10434 E ArmVmp : Match on catch block at 0xc3 in for 0x71d8987025
01-16 06:21:15.989 10434 10434 E ArmVmp : Match on catch block at 0xc3 in for 0x71d8987025
01-16 06:21:16.085 10434 10434 E ArmVmp : Match on catch block at 0xc3 in for 0x71d8987025
01-16 06:21:16.088 10434 10434 E ArmVmp : Match on catch block at 0xc3 in for 0x71d8987025
01-16 06:21:16.100 10434 10434 E ArmVmp : Match on catch block at 0xc3 in for 0x71d8987025
01-16 06:21:16.103 10434 10434 E ArmVmp : Match on catch block at 0xc3 in for 0x71d8987025
01-16 06:21:16.116 10434 10434 E ArmVmp : Match on catch block at 0xc3 in for 0x71d8987025
01-16 06:21:16.120 10434 10434 E ArmVmp : Match on catch block at 0xc3 in for 0x71d8987025
01-16 06:21:16.147 10434 10434 E ArmVmp : Match on catch block at 0xc3 in for 0x71d8987025
01-16 06:21:16.150 10434 10434 E ArmVmp : Match on catch block at 0xc3 in for 0x71d8987025
01-16 06:21:16.170 10434 10434 E ArmVmp : Match on catch block at 0xc3 in for 0x71d8987025
01-16 06:21:16.174 10434 10434 E ArmVmp : Match on catch block at 0xc3 in for 0x71d8987025
01-16 06:21:16.184 10434 10434 E ArmVmp : Match on catch block at 0xc3 in for 0x71d8987025
01-16 06:21:16.188 10434 10434 E ArmVmp : Match on catch block at 0xc3 in for 0x71d8987025
01-16 06:21:16.197 10434 10434 E ArmVmp : Match on catch block at 0xc3 in for 0x71d8987025
01-16 06:21:16.202 10434 10434 E ArmVmp : Match on catch block at 0xc3 in for 0x71d8987025
01-16 06:21:16.214 10434 10434 E ArmVmp : Match on catch block at 0xc3 in for 0x71d8987025
01-16 06:21:16.218 10434 10434 E ArmVmp : Match on catch block at 0xc3 in for 0x71d8987025
01-16 06:21:16.230 10434 10434 E ArmVmp : Match on catch block at 0xc3 in for 0x71d8987025
01-16 06:21:16.233 10434 10434 E ArmVmp : Match on catch block at 0xc3 in for 0x71d8987025
01-16 06:21:16.246 10434 10434 E ArmVmp : Match on catch block at 0xc3 in for 0x71d8987025
01-16 06:21:16.250 10434 10434 E ArmVmp : Match on catch block at 0xc3 in for 0x71d8987025
01-16 06:21:16.262 10434 10434 E ArmVmp : Match on catch block at 0xc3 in for 0x71d8987025
01-16 06:21:16.265 10434 10434 E ArmVmp : Match on catch block at 0xc3 in for 0x71d8987025
01-16 06:21:16.668 10434 10434 E ArmVmp : Match on catch block at 0xc3 in for 0x71d8987025
01-16 06:21:16.672 10434 10434 E ArmVmp : Match on catch block at 0xc3 in for 0x71d8987025
01-16 06:21:16.896 10434 10434 E ArmVmp : Match on catch block at 0xc3 in for 0x71d8987025
01-16 06:21:16.900 10434 10434 E ArmVmp : Match on catch block at 0xc3 in for 0x71d8987025
01-16 06:21:16.913 10434 10434 E ArmVmp : Match on catch block at 0xc3 in for 0x71d8987025
01-16 06:21:16.917 10434 10434 E ArmVmp : Match on catch block at 0xc3 in for 0x71d8987025
01-16 06:21:16.929 10434 10434 E ArmVmp : Match on catch block at 0xc3 in for 0x71d8987025
01-16 06:21:16.933 10434 10434 E ArmVmp : Match on catch block at 0xc3 in for 0x71d8987025
01-16 06:21:16.938 10434 10434 E ArmVmp : Match on catch block at 0xc3 in for 0x71d8987025
01-16 06:21:16.942 10434 10434 E ArmVmp : Match on catch block at 0xc3 in for 0x71d8987025
01-16 06:21:16.952 10434 10434 E ArmVmp : Match on catch block at 0xc3 in for 0x71d8987025
