01-16 10:18:18.714 4835 4835 W System.err: at android.os.Looper.loopOnce(Looper.java:233)
01-16 10:18:18.714 4835 4835 W System.err: at android.os.Looper.loop(Looper.java:344)
01-16 10:18:18.714 4835 4835 W System.err: at android.app.ActivityThread.main(ActivityThread.java:8205)
01-16 10:18:18.714 4835 4835 W System.err: at java.lang.reflect.Method.invoke(Native Method)
01-16 10:18:18.714 4835 4835 W System.err: at com.android.internal.os.RuntimeInit$MethodAndArgsCaller.run(RuntimeInit.java:589)
01-16 10:18:18.714 4835 4835 W System.err: at com.android.internal.os.ZygoteInit.main(ZygoteInit.java:1071)
01-16 10:19:26.671 4835 4835 E CustomActivityOnCrash: IMPORTANT WARNING! You already have an UncaughtExceptionHandler, are you sure this is correct? If you use a custom UncaughtExceptionHandler, you must initialize it AFTER CustomActivityOnCrash! Installing anyway, but your original handler will not be called.
01-16 10:19:27.251 4835 4835 W com.mbwhatsapp: Verification of android.database.Cursor com.mbwhatsapp.instrumentation.api.InstrumentationProvider.query(android.net.Uri, java.lang.String[], java.lang.String, java.lang.String[], java.lang.String) took 492.693ms (748.94 bytecodes/s) (14416B approximate peak alloc)
01-16 10:23:21.553 4835 4835 W com.mbwhatsapp: Verification of java.lang.Object X.3hd.A2J() took 501.388ms (19146.82 bytecodes/s) (180560B approximate peak alloc)
01-16 10:26:28.553 4835 4835 W com.mbwhatsapp: Verification of X.3Gf X.39d.AJN() took 383.789ms (78.17 bytecodes/s) (1840B approximate peak alloc)
01-16 10:26:58.982 4835 4835 W com.mbwhatsapp: Accessing hidden method Lcom/android/org/conscrypt/OpenSSLSocketImpl;->setUseSessionTickets(Z)V (max- target-q,core-platform-api, reflection, denied)
01-16 10:26:58.982 4835 4835 W com.mbwhatsapp: Accessing hidden method Lcom/android/org/conscrypt/AbstractConscryptSocket;->setUseSessionTickets(Z)V (max- target-q, reflection, denied)
01-16 10:26:59.172 4835 4835 W com.mbwhatsapp: type=1400 audit(0.0:15723): avc: granted { execute } for path="/data/data/com.mbwhatsapp/files/decompressed/libs.spk.zst/libc++_shared.so" dev="sdc51" ino=4269251 scontext=u:r:untrusted_app:s0:c36,c256,c512,c768 tcontext=u:object_r:app_data_file:s0:c36,c256,c512,c768 tclass=file app=com.mbwhatsapp
01-16 10:26:59.176 4835 4835 W com.mbwhatsapp: type=1400 audit(0.0:15724): avc: granted { execute } for path="/data/data/com.mbwhatsapp/files/decompressed/libs.spk.zst/libvlc.so" dev="sdc51" ino=4268776 scontext=u:r:untrusted_app:s0:c36,c256,c512,c768 tcontext=u:object_r:app_data_file:s0:c36,c256,c512,c768 tclass=file app=com.mbwhatsapp
01-16 10:26:59.192 4835 4835 W com.mbwhatsapp: type=1400 audit(0.0:15725): avc: granted { execute } for path="/data/data/com.mbwhatsapp/files/decompressed/libs.spk.zst/libwhatsapp.so" dev="sdc51" ino=4268840 scontext=u:r:untrusted_app:s0:c36,c256,c512,c768 tcontext=u:object_r:app_data_file:s0:c36,c256,c512,c768 tclass=file app=com.mbwhatsapp
01-16 10:26:59.268 4835 4835 W com.mbwhatsapp: type=1400 audit(0.0:15726): avc: granted { execute } for path="/data/data/com.mbwhatsapp/files/decompressed/libs.spk.zst/libcurve25519.so" dev="sdc51" ino=4269243 scontext=u:r:untrusted_app:s0:c36,c256,c512,c768 tcontext=u:object_r:app_data_file:s0:c36,c256,c512,c768 tclass=file app=com.mbwhatsapp
01-16 10:26:59.308 4835 4835 W com.mbwhatsapp: type=1400 audit(0.0:15727): avc: granted { execute } for path="/data/data/com.mbwhatsapp/files/decompressed/libs.spk.zst/libwhatsapp.so" dev="sdc51" ino=4268840 scontext=u:r:untrusted_app:s0:c36,c256,c512,c768 tcontext=u:object_r:app_data_file:s0:c36,c256,c512,c768 tclass=file app=com.mbwhatsapp
01-16 10:26:59.308 4835 4835 W com.mbwhatsapp: type=1400 audit(0.0:15728): avc: granted { execute } for path="/data/data/com.mbwhatsapp/files/decompressed/libs.spk.zst/libwhatsapp.so" dev="sdc51" ino=4268840 scontext=u:r:untrusted_app:s0:c36,c256,c512,c768 tcontext=u:object_r:app_data_file:s0:c36,c256,c512,c768 tclass=file app=com.mbwhatsapp
01-16 10:26:59.308 4835 4835 W com.mbwhatsapp: type=1400 audit(0.0:15729): avc: granted { execute } for path="/data/data/com.mbwhatsapp/files/decompressed/libs.spk.zst/libwhatsapp.so" dev="sdc51" ino=4268840 scontext=u:r:untrusted_app:s0:c36,c256,c512,c768 tcontext=u:object_r:app_data_file:s0:c36,c256,c512,c768 tclass=file app=com.mbwhatsapp
01-16 10:26:59.887 4835 4835 E ANR_LOG : >>> msg's executing time is too long
01-16 10:26:59.887 4835 4835 E ANR_LOG : Blocked msg = { when=-6s993ms what=110 target=android.app.ActivityThread$H obj=AppBindData{appInfo=ApplicationInfo{9d6626d com.mbwhatsapp}} } , cost = 6987 ms
01-16 10:26:59.887 4835 4835 E ANR_LOG : >>>Current msg List is:
01-16 10:26:59.888 4835 4835 E ANR_LOG : Current msg <1> = { when=-6s989ms what=113 target=android.app.ActivityThread$H obj=ReceiverData{intent=Intent { act=com.facebook.GET_PHONE_ID flg=0x80010 pkg=com.mbwhatsapp cmp=com.mbwhatsapp/.phoneid.PhoneIdRequestReceiver } packageName=com.mbwhatsapp resultCode=1 resultData=null resultExtras=Bundle[mParcelledData.dataSize=108]} }
01-16 10:26:59.888 4835 4835 E ANR_LOG : Current msg <2> = { when=-4s451ms what=164 target=android.app.ActivityThread$H obj=com.mbwhatsapp }
01-16 10:26:59.888 4835 4835 E ANR_LOG : Current msg <3> = { when=-1s270ms what=0 target=android.app.ActivityThread$H callback=android.app.LoadedApk$ReceiverDispatcher$Args$$ExternalSyntheticLambda0 }
01-16 10:26:59.888 4835 4835 E ANR_LOG : >>>CURRENT MSG DUMP OVER<<<
01-16 10:26:59.892 4835 4981 W com.mbwhatsapp: Method void X.2rL.A03(java.lang.Integer) failed lock verification and will run slower.
01-16 10:26:59.892 4835 4981 W com.mbwhatsapp: Common causes for lock verification issues are non-optimized dex code
01-16 10:26:59.892 4835 4981 W com.mbwhatsapp: and incorrect proguard optimizations.
01-16 10:27:45.932 4835 4835 W com.mbwhatsapp: Verification of boolean X.3QF.A14(X.373, int) took 469.490ms (2266.29 bytecodes/s) (39352B approximate peak alloc)
01-16 10:29:25.531 4835 4835 W com.mbwhatsapp: Verification of boolean X.2tg.A08(java.io.InputStream, java.lang.Object, java.util.Map) took 478.672ms (584.95 bytecodes/s) (10000B approximate peak alloc)
01-16 10:30:00.232 4835 4932 W com.mbwhatsapp: Verification of void X.5ur.run() took 2.157s (601.63 bytecodes/s) (40616B approximate peak alloc)
01-16 10:30:00.236 4835 4835 W com.mbwhatsapp: Verification of void X.3e8.run() took 2.162s (1364.14 bytecodes/s) (85464B approximate peak alloc)
01-16 10:54:29.789 4835 4981 W com.mbwhatsapp: Verification of void X.3dv.run() took 17.314s (76.82 bytecodes/s) (39864B approximate peak alloc)
01-16 10:54:29.791 4835 5013 W com.mbwhatsapp: Verification of boolean X.3HM.B8a(android.os.Message, int) took 17.308s (71.53 bytecodes/s) (29192B approximate peak alloc) --------- beginning of main
01-16 16:57:11.918 9727 9727 E com.mbwhatsapp: Unknown bits set in runtime_flags: 0x40000000
01-16 16:57:11.924 9727 9727 E com.mbwhatsapp: Not starting debugger since process cannot load the jdwp agent.
01-16 16:57:12.025 9727 9727 W libc : Access denied finding property "ro.odm.prev.product.name"
01-16 16:57:12.026 9727 9727 W libc : Access denied finding property "ro.vendor.oplus.gundam"
01-16 16:57:12.091 9727 9727 W ziparchive: Unable to open '/data/app/~~1KyAB7Z2guJXkWsASbTcKA==/com.mbwhatsapp-0x8m7VBDKT0GQnQrKQNNHw==/ base.dm': No such file or directory
01-16 16:57:12.092 9727 9727 W ziparchive: Unable to open '/data/app/~~1KyAB7Z2guJXkWsASbTcKA==/com.mbwhatsapp-0x8m7VBDKT0GQnQrKQNNHw==/ base.dm': No such file or directory
01-16 16:57:13.545 9727 9727 W System.err: java.lang.ClassNotFoundException: mbmodsd.mbmodsw.ui.views.btn.BtnBK
01-16 16:57:13.549 9727 9727 W System.err: at java.lang.Runtime.nativeLoad(Native Method)
01-16 16:57:13.549 9727 9727 W System.err: at java.lang.Runtime.nativeLoad(Runtime.java:1126)
01-16 16:57:13.549 9727 9727 W System.err: at java.lang.Runtime.loadLibrary0(Runtime.java:1080)
01-16 16:57:13.550 9727 9727 W System.err: at java.lang.Runtime.loadLibrary0(Runtime.java:1003)
01-16 16:57:13.550 9727 9727 W System.err: at java.lang.System.loadLibrary(System.java:1661)
01-16 16:57:13.550 9727 9727 W System.err: at arm.EpicVm.<clinit>(Unknown Source:2)
01-16 16:57:13.550 9727 9727 W System.err: at java.lang.Class.newInstance(Native Method)
01-16 16:57:13.550 9727 9727 W System.err: at android.app.AppComponentFactory.instantiateApplication(AppComponentFactory.java:76)
01-16 16:57:13.550 9727 9727 W System.err: at androidx.core.app.CoreComponentFactory.instantiateApplication(Unknown Source:0)
01-16 16:57:13.550 9727 9727 W System.err: at android.app.Instrumentation.newApplication(Instrumentation.java:1191)
01-16 16:57:13.550 9727 9727 W System.err: at android.app.LoadedApk.makeApplication(LoadedApk.java:1404)
01-16 16:57:13.550 9727 9727 W System.err: at android.app.ActivityThread.handleBindApplication(ActivityThread.java:7031)
01-16 16:57:13.550 9727 9727 W System.err: at android.app.ActivityThread.access$1800(ActivityThread.java:258)
01-16 16:57:13.551 9727 9727 W System.err: at android.app.ActivityThread$H.handleMessage(ActivityThread.java:2207)
01-16 16:57:13.551 9727 9727 W System.err: at android.os.Handler.dispatchMessage(Handler.java:106)
01-16 16:57:13.551 9727 9727 W System.err: at android.os.Looper.loopOnce(Looper.java:233)
01-16 16:57:13.551 9727 9727 W System.err: at android.os.Looper.loop(Looper.java:344)
01-16 16:57:13.551 9727 9727 W System.err: at android.app.ActivityThread.main(ActivityThread.java:8205)
01-16 16:57:13.551 9727 9727 W System.err: at java.lang.reflect.Method.invoke(Native Method)
01-16 16:57:13.551 9727 9727 W System.err: at com.android.internal.os.RuntimeInit$MethodAndArgsCaller.run(RuntimeInit.java:589)
01-16 16:57:13.551 9727 9727 W System.err: at com.android.internal.os.ZygoteInit.main(ZygoteInit.java:1071)
01-16 16:57:13.854 9727 9727 E CustomActivityOnCrash: IMPORTANT WARNING! You already have an UncaughtExceptionHandler, are you sure this is correct? If you use a custom UncaughtExceptionHandler, you must initialize it AFTER CustomActivityOnCrash! Installing anyway, but your original handler will not be called.
01-16 16:57:16.266 9727 9727 W com.mbwhatsapp: Accessing hidden method Lcom/android/org/conscrypt/OpenSSLSocketImpl;->setUseSessionTickets(Z)V (max- target-q,core-platform-api, reflection, denied)
01-16 16:57:16.266 9727 9727 W com.mbwhatsapp: Accessing hidden method Lcom/android/org/conscrypt/AbstractConscryptSocket;->setUseSessionTickets(Z)V (max- target-q, reflection, denied)
01-16 16:57:16.494 9727 9727 W com.mbwhatsapp: type=1400 audit(0.0:15839): avc: granted { execute } for path="/data/data/com.mbwhatsapp/files/decompressed/libs.spk.zst/libc++_shared.so" dev="sdc51" ino=4269251 scontext=u:r:untrusted_app:s0:c36,c256,c512,c768 tcontext=u:object_r:app_data_file:s0:c36,c256,c512,c768 tclass=file app=com.mbwhatsapp
01-16 16:57:16.506 9727 9727 W com.mbwhatsapp: type=1400 audit(0.0:15840): avc: granted { execute } for path="/data/data/com.mbwhatsapp/files/decompressed/libs.spk.zst/libvlc.so" dev="sdc51" ino=4268776 scontext=u:r:untrusted_app:s0:c36,c256,c512,c768 tcontext=u:object_r:app_data_file:s0:c36,c256,c512,c768 tclass=file app=com.mbwhatsapp
01-16 16:57:16.702 9727 9727 W com.mbwhatsapp: type=1400 audit(0.0:15843): avc: granted { execute } for path="/data/data/com.mbwhatsapp/files/decompressed/libs.spk.zst/libwhatsapp.so" dev="sdc51" ino=4268840 scontext=u:r:untrusted_app:s0:c36,c256,c512,c768 tcontext=u:object_r:app_data_file:s0:c36,c256,c512,c768 tclass=file app=com.mbwhatsapp
01-16 16:57:16.702 9727 9727 W com.mbwhatsapp: type=1400 audit(0.0:15844): avc: granted { execute } for path="/data/data/com.mbwhatsapp/files/decompressed/libs.spk.zst/libwhatsapp.so" dev="sdc51" ino=4268840 scontext=u:r:untrusted_app:s0:c36,c256,c512,c768 tcontext=u:object_r:app_data_file:s0:c36,c256,c512,c768 tclass=file app=com.mbwhatsapp
01-16 16:57:16.702 9727 9727 W com.mbwhatsapp: type=1400 audit(0.0:15845): avc: granted { execute } for path="/data/data/com.mbwhatsapp/files/decompressed/libs.spk.zst/libwhatsapp.so" dev="sdc51" ino=4268840 scontext=u:r:untrusted_app:s0:c36,c256,c512,c768 tcontext=u:object_r:app_data_file:s0:c36,c256,c512,c768 tclass=file app=com.mbwhatsapp
01-16 16:57:17.387 9727 9727 E ANR_LOG : >>> msg's executing time is too long
01-16 16:57:17.388 9727 9727 E ANR_LOG : Blocked msg = { when=-5s429ms what=110 target=android.app.ActivityThread$H obj=AppBindData{appInfo=ApplicationInfo{9d6626d com.mbwhatsapp}} } , cost = 5425 ms
01-16 16:57:17.388 9727 9727 E ANR_LOG : >>>Current msg List is:
01-16 16:57:17.388 9727 9727 E ANR_LOG : Current msg <1> = { when=-5s428ms what=0 target=android.app.ActivityThread$H callback=com.android.internal.util.function.pooled.PooledLambdaImpl }
01-16 16:57:17.388 9727 9727 E ANR_LOG : Current msg <2> = { when=-5s428ms what=113 target=android.app.ActivityThread$H obj=ReceiverData{intent=Intent { act=com.facebook.GET_PHONE_ID flg=0x80010 pkg=com.mbwhatsapp cmp=com.mbwhatsapp/.phoneid.PhoneIdRequestReceiver } packageName=com.mbwhatsapp resultCode=1 resultData=null resultExtras=Bundle[mParcelledData.dataSize=108]} }
01-16 16:57:17.389 9727 9727 E ANR_LOG : Current msg <3> = { when=-3s546ms what=164 target=android.app.ActivityThread$H obj=com.mbwhatsapp }
01-16 16:57:17.389 9727 9727 E ANR_LOG : Current msg <4> = { when=-1s534ms what=0 target=android.app.ActivityThread$H callback=android.app.LoadedApk$ReceiverDispatcher$Args$$ExternalSyntheticLambda0 }
01-16 16:57:17.389 9727 9727 E ANR_LOG : >>>CURRENT MSG DUMP OVER<<<
01-16 16:57:17.494 9727 9958 W com.mbwhatsapp: Method void X.2rL.A03(java.lang.Integer) failed lock verification and will run slower.
01-16 16:57:17.494 9727 9958 W com.mbwhatsapp: Common causes for lock verification issues are non-optimized dex code
01-16 16:57:17.494 9727 9958 W com.mbwhatsapp: and incorrect proguard optimizations.
01-16 16:57:18.963 9727 9963 W com.mbwhatsapp: Verification of java.lang.Object X.837.A03(java.lang.Object) took 145.726ms (72931.35 bytecodes/s) (295960B approximate peak alloc) --------- beginning of main
01-16 17:59:58.592 14872 14872 E com.mbwhatsapp: Unknown bits set in runtime_flags: 0x40000000
01-16 17:59:58.601 14872 14872 E com.mbwhatsapp: Not starting debugger since process cannot load the jdwp agent.
01-16 17:59:58.682 14872 14872 W libc : Access denied finding property "ro.odm.prev.product.name"
01-16 17:59:58.683 14872 14872 W libc : Access denied finding property "ro.vendor.oplus.gundam"
01-16 17:59:58.700 14872 14872 W ziparchive: Unable to open '/data/app/~~1KyAB7Z2guJXkWsASbTcKA==/com.mbwhatsapp-0x8m7VBDKT0GQnQrKQNNHw==/ base.dm': No such file or directory
01-16 17:59:58.701 14872 14872 W ziparchive: Unable to open '/data/app/~~1KyAB7Z2guJXkWsASbTcKA==/com.mbwhatsapp-0x8m7VBDKT0GQnQrKQNNHw==/ base.dm': No such file or directory
01-16 17:59:59.939 14872 14872 W System.err: java.lang.ClassNotFoundException: mbmodsd.mbmodsw.ui.views.btn.BtnBK
01-16 17:59:59.939 14872 14872 W System.err: at java.lang.Runtime.nativeLoad(Native Method)
01-16 17:59:59.939 14872 14872 W System.err: at java.lang.Runtime.nativeLoad(Runtime.java:1126)
01-16 17:59:59.939 14872 14872 W System.err: at java.lang.Runtime.loadLibrary0(Runtime.java:1080)
01-16 17:59:59.939 14872 14872 W System.err: at java.lang.Runtime.loadLibrary0(Runtime.java:1003)
01-16 17:59:59.939 14872 14872 W System.err: at java.lang.System.loadLibrary(System.java:1661)
01-16 17:59:59.940 14872 14872 W System.err: at arm.EpicVm.<clinit>(Unknown Source:2)
01-16 17:59:59.940 14872 14872 W System.err: at java.lang.Class.newInstance(Native Method)
01-16 17:59:59.940 14872 14872 W System.err: at android.app.AppComponentFactory.instantiateApplication(AppComponentFactory.java:76)
01-16 17:59:59.940 14872 14872 W System.err: at androidx.core.app.CoreComponentFactory.instantiateApplication(Unknown Source:0)
01-16 17:59:59.940 14872 14872 W System.err: at android.app.Instrumentation.newApplication(Instrumentation.java:1191)
01-16 17:59:59.940 14872 14872 W System.err: at android.app.LoadedApk.makeApplication(LoadedApk.java:1404)
01-16 17:59:59.940 14872 14872 W System.err: at android.app.ActivityThread.handleBindApplication(ActivityThread.java:7031)
01-16 17:59:59.940 14872 14872 W System.err: at android.app.ActivityThread.access$1800(ActivityThread.java:258)
01-16 17:59:59.940 14872 14872 W System.err: at android.app.ActivityThread$H.handleMessage(ActivityThread.java:2207)
01-16 17:59:59.940 14872 14872 W System.err: at android.os.Handler.dispatchMessage(Handler.java:106)
01-16 17:59:59.940 14872 14872 W System.err: at android.os.Looper.loopOnce(Looper.java:233)
01-16 17:59:59.940 14872 14872 W System.err: at android.os.Looper.loop(Looper.java:344)
01-16 17:59:59.940 14872 14872 W System.err: at android.app.ActivityThread.main(ActivityThread.java:8205)
01-16 17:59:59.941 14872 14872 W System.err: at java.lang.reflect.Method.invoke(Native Method)
01-16 17:59:59.941 14872 14872 W System.err: at com.android.internal.os.RuntimeInit$MethodAndArgsCaller.run(RuntimeInit.java:589)
01-16 17:59:59.941 14872 14872 W System.err: at com.android.internal.os.ZygoteInit.main(ZygoteInit.java:1071)
01-16 18:00:00.209 14872 14872 E CustomActivityOnCrash: IMPORTANT WARNING! You already have an UncaughtExceptionHandler, are you sure this is correct? If you use a custom UncaughtExceptionHandler, you must initialize it AFTER CustomActivityOnCrash! Installing anyway, but your original handler will not be called.
01-16 18:00:03.259 14872 14872 W com.mbwhatsapp: Accessing hidden method Lcom/android/org/conscrypt/OpenSSLSocketImpl;->setUseSessionTickets(Z)V (max- target-q,core-platform-api, reflection, denied)
01-16 18:00:03.260 14872 14872 W com.mbwhatsapp: Accessing hidden method Lcom/android/org/conscrypt/AbstractConscryptSocket;->setUseSessionTickets(Z)V (max- target-q, reflection, denied)
01-16 18:00:03.443 14872 14872 W com.mbwhatsapp: type=1400 audit(0.0:15901): avc: granted { execute } for path="/data/data/com.mbwhatsapp/files/decompressed/libs.spk.zst/libc++_shared.so" dev="sdc51" ino=4269251 scontext=u:r:untrusted_app:s0:c36,c256,c512,c768 tcontext=u:object_r:app_data_file:s0:c36,c256,c512,c768 tclass=file app=com.mbwhatsapp
01-16 18:00:03.463 14872 14872 W com.mbwhatsapp: type=1400 audit(0.0:15902): avc: granted { execute } for path="/data/data/com.mbwhatsapp/files/decompressed/libs.spk.zst/libvlc.so" dev="sdc51" ino=4268776 scontext=u:r:untrusted_app:s0:c36,c256,c512,c768 tcontext=u:object_r:app_data_file:s0:c36,c256,c512,c768 tclass=file app=com.mbwhatsapp
01-16 18:00:03.479 14872 14872 W com.mbwhatsapp: type=1400 audit(0.0:15903): avc: granted { execute } for path="/data/data/com.mbwhatsapp/files/decompressed/libs.spk.zst/libwhatsapp.so" dev="sdc51" ino=4268840 scontext=u:r:untrusted_app:s0:c36,c256,c512,c768 tcontext=u:object_r:app_data_file:s0:c36,c256,c512,c768 tclass=file app=com.mbwhatsapp
01-16 18:00:03.679 14872 14872 W com.mbwhatsapp: type=1400 audit(0.0:15904): avc: granted { execute } for path="/data/data/com.mbwhatsapp/files/decompressed/libs.spk.zst/libcurve25519.so" dev="sdc51" ino=4269243 scontext=u:r:untrusted_app:s0:c36,c256,c512,c768 tcontext=u:object_r:app_data_file:s0:c36,c256,c512,c768 tclass=file app=com.mbwhatsapp
01-16 18:00:04.405 14872 14872 E ANR_LOG : >>> msg's executing time is too long
01-16 18:00:04.405 14872 14872 E ANR_LOG : Blocked msg = { when=-5s743ms what=110 target=android.app.ActivityThread$H obj=AppBindData{appInfo=ApplicationInfo{12b8a84 com.mbwhatsapp}} } , cost = 5740 ms
01-16 18:00:04.405 14872 14872 E ANR_LOG : >>>Current msg List is:
01-16 18:00:04.405 14872 14872 E ANR_LOG : Current msg <1> = { when=-5s740ms what=113 target=android.app.ActivityThread$H obj=ReceiverData{intent=Intent { act=com.google.android.c2dm.intent.RECEIVE flg=0x1080010 pkg=com.mbwhatsapp cmp=com.mbwhatsapp/com.google.firebase.iid.FirebaseInstanceIdReceiver (has extras) } packageName=com.mbwhatsapp resultCode=0 resultData=null resultExtras=null} }
01-16 18:00:04.405 14872 14872 E ANR_LOG : Current msg <2> = { when=-4s211ms what=164 target=android.app.ActivityThread$H obj=com.mbwhatsapp }
01-16 18:00:04.405 14872 14872 E ANR_LOG : Current msg <3> = { when=-1s665ms what=0 target=android.app.ActivityThread$H callback=android.app.LoadedApk$ReceiverDispatcher$Args$$ExternalSyntheticLambda0 }
01-16 18:00:04.405 14872 14872 E ANR_LOG : >>>CURRENT MSG DUMP OVER<<<
01-16 18:00:04.484 14872 14891 W OplusExSystemServiceHelper: checkOplusExSystemService intent getComponent is null
01-16 18:00:04.494 14872 15065 W com.mbwhatsapp: Method void X.2rL.A03(java.lang.Integer) failed lock verification and will run slower.
01-16 18:00:04.494 14872 15065 W com.mbwhatsapp: Common causes for lock verification issues are non-optimized dex code
01-16 18:00:04.494 14872 15065 W com.mbwhatsapp: and incorrect proguard optimizations.
01-16 18:00:05.545 14872 15075 E Parcel : Reading a NULL string not supported here.
01-16 18:00:06.080 14872 15065 W com.mbwhatsapp: Verification of java.lang.Object X.837.A03(java.lang.Object) took 171.485ms (61976.16 bytecodes/s) (295960B approximate peak alloc)
01-16 18:00:07.029 14872 15065 W com.mbwhatsapp: Verification of java.lang.String X.7Wr.toString() took 143.002ms (146.85 bytecodes/s) (1760B approximate peak alloc)
01-16 18:00:08.046 14872 15074 W com.mbwhatsapp: Verification of void X.3eB.run() took 177.078ms (15258.80 bytecodes/s) (75240B approximate peak alloc)
01-16 18:00:08.084 14872 15147 W com.mbwhatsapp: Verification of void X.3fp.run() took 222.070ms (26680.78 bytecodes/s) (170680B approximate peak alloc)
01-16 18:00:08.519 14872 15337 W com.mbwhatsapp: Verification of void X.3Ka.B8U(byte[]) took 110.459ms (49375.75 bytecodes/s) (131088B approximate peak alloc)
01-16 18:00:08.677 14872 15195 W WM-SystemJobScheduler: Unable to schedule work ID 64cec998-fdbb-48eb-a69d-0a516302a443
01-16 18:00:08.761 14872 15337 W com.mbwhatsapp: Verification of void X.5FI.<init>(java.lang.Object, int) took 109.175ms (5477.43 bytecodes/s) (15696B approximate peak alloc)
01-16 18:00:08.882 14872 15334 W com.mbwhatsapp: Verification of void X.1sV.<init>(X.1rt, X.1rq, java.lang.Long, java.lang.Long) took 225.888ms (287.75 bytecodes/s) (2824B approximate peak alloc) --------- beginning of system
01-16 18:00:09.211 14872 14872 E OplusCustomizeRestrictionManager: sInstance is null, start a new sInstance
01-16 18:00:09.326 14872 15347 W com.mbwhatsapp: Verification of void X.3gL.run() took 104.258ms (16497.53 bytecodes/s) (51440B approximate peak alloc)
01-16 18:00:09.384 14872 15337 W com.mbwhatsapp: Verification of java.lang.Object X.5FI.invoke(java.lang.Object) took 580.402ms (8897.27 bytecodes/s) (130288B approximate peak alloc)
01-16 18:00:09.436 14872 15065 W com.mbwhatsapp: Verification of void X.3eR.run() took 921.338ms (4968.86 bytecodes/s) (130048B approximate peak alloc)
01-16 18:00:09.492 14872 14885 W com.mbwhatsapp: Suspending all threads took: 40.522ms
01-16 18:00:09.545 14872 15055 W com.mbwhatsapp: Verification of void X.3eS.run() took 174.857ms (38877.40 bytecodes/s) (180664B approximate peak alloc)
01-16 18:00:09.815 14872 15065 W com.mbwhatsapp: Verification of void X.4Ag.A0A(java.lang.Object) took 136.841ms (2908.48 bytecodes/s) (11448B approximate peak alloc)
01-16 18:00:09.887 14872 15055 W com.mbwhatsapp: Verification of void X.3g3.run() took 100.619ms (66607.70 bytecodes/s) (193032B approximate peak alloc)
01-16 18:00:10.584 14872 15337 W com.mbwhatsapp: Verification of void X.2im.A01() took 372.064ms (3488.65 bytecodes/s) (62760B approximate peak alloc)
01-16 18:00:11.034 14872 15065 W com.mbwhatsapp: Verification of void X.3PC.Ax4(X.2Pt, X.2tH) took 180.137ms (233.16 bytecodes/s) (1968B approximate peak alloc)
01-16 18:00:11.449 14872 15065 W com.mbwhatsapp: Verification of int X.389.A0B(X.0u8, int, int) took 235.689ms (11235.13 bytecodes/s) (64792B approximate peak alloc)
01-16 18:00:11.721 14872 15337 W com.mbwhatsapp: Verification of java.lang.Object X.3tT.invoke(java.lang.Object) took 103.004ms (427.17 bytecodes/s) (1904B approximate peak alloc)
01-16 18:00:12.295 14872 15337 W com.mbwhatsapp: Verification of void X.3Rb.Arg(X.2qc, X.373) took 178.261ms (2142.93 bytecodes/s) (8056B approximate peak alloc)
01-16 18:00:12.426 14872 15337 W com.mbwhatsapp: Verification of X.373 X.3SA.BYe(X.2sL) took 115.526ms (12031.84 bytecodes/s) (40440B approximate peak alloc)
01-16 18:00:12.605 14872 15065 W com.mbwhatsapp: Verification of X.2zO X.389.A0F(X.2Wf, java.util.List, int) took 1.154s (5044.01 bytecodes/s) (156472B approximate peak alloc)
01-16 18:00:13.271 14872 15337 W com.mbwhatsapp: Verification of void com.google.gson.Gson.<clinit>() took 252.798ms (83.07 bytecodes/s) (1760B approximate peak alloc)
01-16 18:00:14.972 14872 14885 W com.mbwhatsapp: Suspending all threads took: 26.820ms
01-16 18:00:18.847 14872 14885 W com.mbwhatsapp: Suspending all threads took: 16.615ms
01-16 18:00:18.859 14872 15335 W com.mbwhatsapp: Verification of android.content.Intent X.8fY.A03(android.content.Context) took 158.322ms (50.53 bytecodes/s) (1496B approximate peak alloc)
01-16 18:00:19.817 14872 14872 E ANR_LOG : >>> msg's executing time is too long
01-16 18:00:19.817 14872 14872 E ANR_LOG : Blocked msg = { when=-4s452ms what=0 target=android.os.Handler callback=X.3f7 } , cost = 3224 ms
01-16 18:00:19.817 14872 14872 E ANR_LOG : >>>Current msg List is:
01-16 18:00:19.817 14872 14872 E ANR_LOG : Current msg <1> = { when=-4s356ms what=0 target=android.os.Handler callback=X.3eB }
01-16 18:00:19.817 14872 14872 E ANR_LOG : Current msg <2> = { when=-4s297ms what=0 target=android.os.Handler callback=X.3g9 }
01-16 18:00:19.817 14872 14872 E ANR_LOG : Current msg <3> = { when=-4s259ms what=0 target=android.os.Handler callback=mbmodsd.mbmodsw.ui.views.toast.MBON$2$2 }
01-16 18:00:19.817 14872 14872 E ANR_LOG : Current msg <4> = { when=-4s236ms what=0 target=android.os.Handler callback=X.3eP }
01-16 18:00:19.817 14872 14872 E ANR_LOG : Current msg <5> = { when=-4s226ms what=0 target=android.os.Handler callback=X.3f7 }
01-16 18:00:19.817 14872 14872 E ANR_LOG : Current msg <6> = { when=-4s221ms what=0 target=android.os.Handler callback=X.3g9 }
01-16 18:00:19.817 14872 14872 E ANR_LOG : Current msg <7> = { when=-4s176ms what=0 target=android.os.Handler callback=mbmodsd.mbmodsw.ui.views.toast.MBON$2 }
01-16 18:00:19.817 14872 14872 E ANR_LOG : Current msg <8> = { when=-4s152ms what=0 target=android.os.Handler callback=X.3gL }
01-16 18:00:19.817 14872 14872 E ANR_LOG : Current msg <9> = { when=-4s59ms what=0 target=android.os.Handler callback=X.3eB }
01-16 18:00:19.817 14872 14872 E ANR_LOG : Current msg <10> = { when=-4s58ms what=0 target=android.os.Handler callback=X.3g9 }
01-16 18:00:19.817 14872 14872 E ANR_LOG : >>>CURRENT MSG DUMP OVER<<<
01-16 18:00:21.392 14872 15337 W com.mbwhatsapp: Verification of void X.3e4.run() took 153.108ms (31219.79 bytecodes/s) (125152B approximate peak alloc)
01-16 18:00:23.589 14872 14872 W com.mbwhatsapp: Verification of void X.5uq.run() took 515.237ms (8268.03 bytecodes/s) (114320B approximate peak alloc)
01-16 18:00:23.955 14872 14885 W com.mbwhatsapp: Suspending all threads took: 8.465ms --------- beginning of main
01-16 18:00:32.205 17704 17704 E com.mbwhatsapp: Unknown bits set in runtime_flags: 0x40000000
01-16 18:00:32.211 17704 17704 E com.mbwhatsapp: Not starting debugger since process cannot load the jdwp agent.
01-16 18:00:32.259 17704 17704 W libc : Access denied finding property "ro.odm.prev.product.name"
01-16 18:00:32.260 17704 17704 W libc : Access denied finding property "ro.vendor.oplus.gundam"
01-16 18:00:32.270 17704 17704 W ziparchive: Unable to open '/data/app/~~1KyAB7Z2guJXkWsASbTcKA==/com.mbwhatsapp-0x8m7VBDKT0GQnQrKQNNHw==/ base.dm': No such file or directory
01-16 18:00:32.271 17704 17704 W ziparchive: Unable to open '/data/app/~~1KyAB7Z2guJXkWsASbTcKA==/com.mbwhatsapp-0x8m7VBDKT0GQnQrKQNNHw==/ base.dm': No such file or directory
01-16 18:00:33.307 17704 17704 W System.err: java.lang.ClassNotFoundException: mbmodsd.mbmodsw.ui.views.btn.BtnBK
01-16 18:00:33.308 17704 17704 W System.err: at java.lang.Runtime.nativeLoad(Native Method)
01-16 18:00:33.308 17704 17704 W System.err: at java.lang.Runtime.nativeLoad(Runtime.java:1126)
01-16 18:00:33.308 17704 17704 W System.err: at java.lang.Runtime.loadLibrary0(Runtime.java:1080)
01-16 18:00:33.308 17704 17704 W System.err: at java.lang.Runtime.loadLibrary0(Runtime.java:1003)
01-16 18:00:33.308 17704 17704 W System.err: at java.lang.System.loadLibrary(System.java:1661)
01-16 18:00:33.308 17704 17704 W System.err: at arm.EpicVm.<clinit>(Unknown Source:2)
01-16 18:00:33.308 17704 17704 W System.err: at java.lang.Class.newInstance(Native Method)
01-16 18:00:33.308 17704 17704 W System.err: at android.app.AppComponentFactory.instantiateApplication(AppComponentFactory.java:76)
01-16 18:00:33.308 17704 17704 W System.err: at androidx.core.app.CoreComponentFactory.instantiateApplication(Unknown Source:0)
01-16 18:00:33.308 17704 17704 W System.err: at android.app.Instrumentation.newApplication(Instrumentation.java:1191)
01-16 18:00:33.308 17704 17704 W System.err: at android.app.LoadedApk.makeApplication(LoadedApk.java:1404)
01-16 18:00:33.309 17704 17704 W System.err: at android.app.ActivityThread.handleBindApplication(ActivityThread.java:7031)
01-16 18:00:33.309 17704 17704 W System.err: at android.app.ActivityThread.access$1800(ActivityThread.java:258)
01-16 18:00:33.309 17704 17704 W System.err: at android.app.ActivityThread$H.handleMessage(ActivityThread.java:2207)
01-16 18:00:33.309 17704 17704 W System.err: at android.os.Handler.dispatchMessage(Handler.java:106)
01-16 18:00:33.309 17704 17704 W System.err: at android.os.Looper.loopOnce(Looper.java:233)
01-16 18:00:33.309 17704 17704 W System.err: at android.os.Looper.loop(Looper.java:344)
01-16 18:00:33.309 17704 17704 W System.err: at android.app.ActivityThread.main(ActivityThread.java:8205)
01-16 18:00:33.309 17704 17704 W System.err: at java.lang.reflect.Method.invoke(Native Method)
01-16 18:00:33.309 17704 17704 W System.err: at com.android.internal.os.RuntimeInit$MethodAndArgsCaller.run(RuntimeInit.java:589)
01-16 18:00:33.309 17704 17704 W System.err: at com.android.internal.os.ZygoteInit.main(ZygoteInit.java:1071)
01-16 18:00:33.474 17704 17704 E CustomActivityOnCrash: IMPORTANT WARNING! You already have an UncaughtExceptionHandler, are you sure this is correct? If you use a custom UncaughtExceptionHandler, you must initialize it AFTER CustomActivityOnCrash! Installing anyway, but your original handler will not be called.
01-16 18:00:35.016 17704 17704 W com.mbwhatsapp: Accessing hidden method Lcom/android/org/conscrypt/OpenSSLSocketImpl;->setUseSessionTickets(Z)V (max- target-q,core-platform-api, reflection, denied)
01-16 18:00:35.017 17704 17704 W com.mbwhatsapp: Accessing hidden method Lcom/android/org/conscrypt/AbstractConscryptSocket;->setUseSessionTickets(Z)V (max- target-q, reflection, denied)
01-16 18:00:35.199 17704 17704 W com.mbwhatsapp: type=1400 audit(0.0:15969): avc: granted { execute } for path="/data/data/com.mbwhatsapp/files/decompressed/libs.spk.zst/libc++_shared.so" dev="sdc51" ino=4269251 scontext=u:r:untrusted_app:s0:c36,c256,c512,c768 tcontext=u:object_r:app_data_file:s0:c36,c256,c512,c768 tclass=file app=com.mbwhatsapp
01-16 18:00:35.203 17704 17704 W com.mbwhatsapp: type=1400 audit(0.0:15970): avc: granted { execute } for path="/data/data/com.mbwhatsapp/files/decompressed/libs.spk.zst/libvlc.so" dev="sdc51" ino=4268776 scontext=u:r:untrusted_app:s0:c36,c256,c512,c768 tcontext=u:object_r:app_data_file:s0:c36,c256,c512,c768 tclass=file app=com.mbwhatsapp
01-16 18:00:35.219 17704 17704 W com.mbwhatsapp: type=1400 audit(0.0:15971): avc: granted { execute } for path="/data/data/com.mbwhatsapp/files/decompressed/libs.spk.zst/libwhatsapp.so" dev="sdc51" ino=4268840 scontext=u:r:untrusted_app:s0:c36,c256,c512,c768 tcontext=u:object_r:app_data_file:s0:c36,c256,c512,c768 tclass=file app=com.mbwhatsapp
01-16 18:00:35.283 17704 17704 W com.mbwhatsapp: type=1400 audit(0.0:15972): avc: granted { execute } for path="/data/data/com.mbwhatsapp/files/decompressed/libs.spk.zst/libcurve25519.so" dev="sdc51" ino=4269243 scontext=u:r:untrusted_app:s0:c36,c256,c512,c768 tcontext=u:object_r:app_data_file:s0:c36,c256,c512,c768 tclass=file app=com.mbwhatsapp
01-16 18:00:35.812 17704 17704 E ANR_LOG : >>> msg's executing time is too long
01-16 18:00:35.812 17704 17704 E ANR_LOG : Blocked msg = { when=-3s574ms what=110 target=android.app.ActivityThread$H obj=AppBindData{appInfo=ApplicationInfo{12b8a84 com.mbwhatsapp}} } , cost = 3567 ms
01-16 18:00:35.812 17704 17704 E ANR_LOG : >>>Current msg List is:
01-16 18:00:35.813 17704 17704 E ANR_LOG : Current msg <1> = { when=-3s570ms what=113 target=android.app.ActivityThread$H obj=ReceiverData{intent=Intent { act=com.facebook.GET_PHONE_ID flg=0x80010 pkg=com.mbwhatsapp cmp=com.mbwhatsapp/.phoneid.PhoneIdRequestReceiver } packageName=com.mbwhatsapp resultCode=1 resultData=null resultExtras=Bundle[mParcelledData.dataSize=108]} }
01-16 18:00:35.813 17704 17704 E ANR_LOG : Current msg <2> = { when=-2s339ms what=164 target=android.app.ActivityThread$H obj=com.mbwhatsapp }
01-16 18:00:35.813 17704 17704 E ANR_LOG : Current msg <3> = { when=-1s146ms what=0 target=android.app.ActivityThread$H callback=android.app.LoadedApk$ReceiverDispatcher$Args$$ExternalSyntheticLambda0 }
01-16 18:00:35.813 17704 17704 E ANR_LOG : >>>CURRENT MSG DUMP OVER<<<
01-16 18:00:35.862 17704 17914 W com.mbwhatsapp: Method void X.2rL.A03(java.lang.Integer) failed lock verification and will run slower.
01-16 18:00:35.862 17704 17914 W com.mbwhatsapp: Common causes for lock verification issues are non-optimized dex code
01-16 18:00:35.862 17704 17914 W com.mbwhatsapp: and incorrect proguard optimizations.
01-16 18:00:37.221 17704 17919 W com.mbwhatsapp: Verification of java.lang.Object X.837.A03(java.lang.Object) took 169.590ms (62668.68 bytecodes/s) (295960B approximate peak alloc)
01-16 18:00:42.879 17704 18187 W com.mbwhatsapp: Verification of void org.whispersystems.jobqueue.Job.A01() took 159.744ms (9696.73 bytecodes/s) (46592B approximate peak alloc)
01-16 18:00:46.516 17704 18126 W PermissionInjector: applyBatch in invalid type: 2 --------- beginning of main
01-16 18:00:54.762 18761 18761 E com.mbwhatsapp: Unknown bits set in runtime_flags: 0x40000000
01-16 18:00:54.773 18761 18761 E com.mbwhatsapp: Not starting debugger since process cannot load the jdwp agent.
01-16 18:00:54.848 18761 18761 W libc : Access denied finding property "ro.odm.prev.product.name"
01-16 18:00:54.849 18761 18761 W libc : Access denied finding property "ro.vendor.oplus.gundam"
01-16 18:00:54.867 18761 18761 W ziparchive: Unable to open '/data/app/~~1KyAB7Z2guJXkWsASbTcKA==/com.mbwhatsapp-0x8m7VBDKT0GQnQrKQNNHw==/ base.dm': No such file or directory
01-16 18:00:54.867 18761 18761 W ziparchive: Unable to open '/data/app/~~1KyAB7Z2guJXkWsASbTcKA==/com.mbwhatsapp-0x8m7VBDKT0GQnQrKQNNHw==/ base.dm': No such file or directory
01-16 18:00:55.855 18761 18761 W System.err: java.lang.ClassNotFoundException: mbmodsd.mbmodsw.ui.views.btn.BtnBK
01-16 18:00:55.855 18761 18761 W System.err: at java.lang.Runtime.nativeLoad(Native Method)
01-16 18:00:55.855 18761 18761 W System.err: at java.lang.Runtime.nativeLoad(Runtime.java:1126)
01-16 18:00:55.855 18761 18761 W System.err: at java.lang.Runtime.loadLibrary0(Runtime.java:1080)
01-16 18:00:55.855 18761 18761 W System.err: at java.lang.Runtime.loadLibrary0(Runtime.java:1003)
01-16 18:00:55.855 18761 18761 W System.err: at java.lang.System.loadLibrary(System.java:1661)
01-16 18:00:55.855 18761 18761 W System.err: at arm.EpicVm.<clinit>(Unknown Source:2)
01-16 18:00:55.855 18761 18761 W System.err: at java.lang.Class.newInstance(Native Method)
01-16 18:00:55.855 18761 18761 W System.err: at android.app.AppComponentFactory.instantiateApplication(AppComponentFactory.java:76)
01-16 18:00:55.855 18761 18761 W System.err: at androidx.core.app.CoreComponentFactory.instantiateApplication(Unknown Source:0)
01-16 18:00:55.855 18761 18761 W System.err: at android.app.Instrumentation.newApplication(Instrumentation.java:1191)
01-16 18:00:55.855 18761 18761 W System.err: at android.app.LoadedApk.makeApplication(LoadedApk.java:1404)
01-16 18:00:55.855 18761 18761 W System.err: at android.app.ActivityThread.handleBindApplication(ActivityThread.java:7031)
01-16 18:00:55.855 18761 18761 W System.err: at android.app.ActivityThread.access$1800(ActivityThread.java:258)
01-16 18:00:55.855 18761 18761 W System.err: at android.app.ActivityThread$H.handleMessage(ActivityThread.java:2207)
01-16 18:00:55.855 18761 18761 W System.err: at android.os.Handler.dispatchMessage(Handler.java:106)
01-16 18:00:55.855 18761 18761 W System.err: at android.os.Looper.loopOnce(Looper.java:233)
01-16 18:00:55.855 18761 18761 W System.err: at android.os.Looper.loop(Looper.java:344)
01-16 18:00:55.855 18761 18761 W System.err: at android.app.ActivityThread.main(ActivityThread.java:8205)
01-16 18:00:55.855 18761 18761 W System.err: at java.lang.reflect.Method.invoke(Native Method)
01-16 18:00:55.855 18761 18761 W System.err: at com.android.internal.os.RuntimeInit$MethodAndArgsCaller.run(RuntimeInit.java:589)
01-16 18:00:55.856 18761 18761 W System.err: at com.android.internal.os.ZygoteInit.main(ZygoteInit.java:1071)
01-16 18:00:56.024 18761 18761 E CustomActivityOnCrash: IMPORTANT WARNING! You already have an UncaughtExceptionHandler, are you sure this is correct? If you use a custom UncaughtExceptionHandler, you must initialize it AFTER CustomActivityOnCrash! Installing anyway, but your original handler will not be called.
01-16 18:00:57.761 18761 18761 W com.mbwhatsapp: Accessing hidden method Lcom/android/org/conscrypt/OpenSSLSocketImpl;->setUseSessionTickets(Z)V (max- target-q,core-platform-api, reflection, denied)
01-16 18:00:57.761 18761 18761 W com.mbwhatsapp: Accessing hidden method Lcom/android/org/conscrypt/AbstractConscryptSocket;->setUseSessionTickets(Z)V (max- target-q, reflection, denied)
01-16 18:00:57.919 18761 18761 W com.mbwhatsapp: type=1400 audit(0.0:16030): avc: granted { execute } for path="/data/data/com.mbwhatsapp/files/decompressed/libs.spk.zst/libc++_shared.so" dev="sdc51" ino=4269251 scontext=u:r:untrusted_app:s0:c36,c256,c512,c768 tcontext=u:object_r:app_data_file:s0:c36,c256,c512,c768 tclass=file app=com.mbwhatsapp
01-16 18:00:57.927 18761 18761 W com.mbwhatsapp: type=1400 audit(0.0:16031): avc: granted { execute } for path="/data/data/com.mbwhatsapp/files/decompressed/libs.spk.zst/libvlc.so" dev="sdc51" ino=4268776 scontext=u:r:untrusted_app:s0:c36,c256,c512,c768 tcontext=u:object_r:app_data_file:s0:c36,c256,c512,c768 tclass=file app=com.mbwhatsapp
01-16 18:00:57.943 18761 18761 W com.mbwhatsapp: type=1400 audit(0.0:16032): avc: granted { execute } for path="/data/data/com.mbwhatsapp/files/decompressed/libs.spk.zst/libwhatsapp.so" dev="sdc51" ino=4268840 scontext=u:r:untrusted_app:s0:c36,c256,c512,c768 tcontext=u:object_r:app_data_file:s0:c36,c256,c512,c768 tclass=file app=com.mbwhatsapp
01-16 18:00:58.027 18761 18761 W com.mbwhatsapp: type=1400 audit(0.0:16033): avc: granted { execute } for path="/data/data/com.mbwhatsapp/files/decompressed/libs.spk.zst/libcurve25519.so" dev="sdc51" ino=4269243 scontext=u:r:untrusted_app:s0:c36,c256,c512,c768 tcontext=u:object_r:app_data_file:s0:c36,c256,c512,c768 tclass=file app=com.mbwhatsapp
01-16 18:00:58.107 18761 18761 W com.mbwhatsapp: type=1400 audit(0.0:16034): avc: granted { execute } for path="/data/data/com.mbwhatsapp/files/decompressed/libs.spk.zst/libwhatsapp.so" dev="sdc51" ino=4268840 scontext=u:r:untrusted_app:s0:c36,c256,c512,c768 tcontext=u:object_r:app_data_file:s0:c36,c256,c512,c768 tclass=file app=com.mbwhatsapp
01-16 18:00:58.107 18761 18761 W com.mbwhatsapp: type=1400 audit(0.0:16035): avc: granted { execute } for path="/data/data/com.mbwhatsapp/files/decompressed/libs.spk.zst/libwhatsapp.so" dev="sdc51" ino=4268840 scontext=u:r:untrusted_app:s0:c36,c256,c512,c768 tcontext=u:object_r:app_data_file:s0:c36,c256,c512,c768 tclass=file app=com.mbwhatsapp
01-16 18:00:58.798 18761 18761 E ANR_LOG : >>> msg's executing time is too long
01-16 18:00:58.798 18761 18761 E ANR_LOG : Blocked msg = { when=-3s984ms what=110 target=android.app.ActivityThread$H obj=AppBindData{appInfo=ApplicationInfo{c307897 com.mbwhatsapp}} } , cost = 3976 ms
01-16 18:00:58.798 18761 18761 E ANR_LOG : >>>Current msg List is:
01-16 18:00:58.798 18761 18761 E ANR_LOG : Current msg <1> = { when=-3s981ms what=114 target=android.app.ActivityThread$H obj=CreateServiceData{token=android.os.BinderProxy@12b8a84 className=com.mbwhatsapp.AlarmService packageName=com.mbwhatsapp intent=null} }
01-16 18:00:58.798 18761 18761 E ANR_LOG : Current msg <2> = { when=-3s981ms what=121 target=android.app.ActivityThread$H obj=BindServiceData{token=android.os.BinderProxy@12b8a84 intent=Intent { cmp=com.mbwhatsapp/.AlarmService (has extras) }} }
01-16 18:00:58.798 18761 18761 E ANR_LOG : Current msg <3> = { when=-2s775ms what=164 target=android.app.ActivityThread$H obj=com.mbwhatsapp }
01-16 18:00:58.798 18761 18761 E ANR_LOG : Current msg <4> = { when=-1s426ms what=0 target=android.app.ActivityThread$H callback=android.app.LoadedApk$ReceiverDispatcher$Args$$ExternalSyntheticLambda0 }
01-16 18:00:58.798 18761 18761 E ANR_LOG : >>>CURRENT MSG DUMP OVER<<<
01-16 18:00:59.055 18761 18874 W com.mbwhatsapp: Method void X.2rL.A03(java.lang.Integer) failed lock verification and will run slower.
01-16 18:00:59.055 18761 18874 W com.mbwhatsapp: Common causes for lock verification issues are non-optimized dex code
01-16 18:00:59.055 18761 18874 W com.mbwhatsapp: and incorrect proguard optimizations.
01-16 18:00:59.550 18761 18807 W com.mbwhatsapp: Verification of X.2zO X.389.A0F(X.2Wf, java.util.List, int) took 426.208ms (13667.03 bytecodes/s) (156472B approximate peak alloc)
01-16 18:01:00.449 18761 18807 W com.mbwhatsapp: Verification of void X.5uD.run() took 443.251ms (4119.56 bytecodes/s) (51136B approximate peak alloc)
01-16 18:01:00.919 18761 18807 W com.mbwhatsapp: Verification of void X.32v.A0C(X.2tC, X.5gj, java.lang.String, java.util.List, java.util.List, boolean, boolean) took 140.751ms (17534.50 bytecodes/s) (110736B approximate peak alloc)
01-16 18:01:01.019 18761 18905 W com.mbwhatsapp: Verification of boolean X.2rZ.A03() took 100.330ms (498.35 bytecodes/s) (2272B approximate peak alloc)
01-16 18:01:01.703 18761 18807 W com.mbwhatsapp: Verification of void X.80h.run() took 156.784ms (19963.76 bytecodes/s) (94072B approximate peak alloc)
01-16 18:01:01.928 18761 18905 W com.mbwhatsapp: Verification of java.lang.Object X.837.A03(java.lang.Object) took 747.599ms (14216.17 bytecodes/s) (295960B approximate peak alloc)
01-16 18:01:03.230 18761 18905 W com.mbwhatsapp: Verification of void X.3gJ.run() took 132.819ms (48592.36 bytecodes/s) (156096B approximate peak alloc)
01-16 18:01:05.423 18761 18761 W com.mbwhatsapp: Verification of void X.3g3.run() took 102.690ms (65263.85 bytecodes/s) (193032B approximate peak alloc)
01-16 18:04:34.740 18761 18973 W WM-SystemJobScheduler: Unable to schedule work ID 77aa9c1e-d3bc-45da-a8f3-d71efdeeb140
01-16 18:05:25.651 18761 18970 W WM-SystemJobScheduler: Unable to schedule work ID d72027f9-9208-4942-8323-0642f8e6c87e
01-16 18:06:16.529 18761 18974 W WM-SystemJobScheduler: Unable to schedule work ID 7d4ef65d-6361-4320-b1c9-a5d02c5cb729
01-16 18:06:23.451 18761 26627 W com.mbwhatsapp: Verification of X.38H X.4Dn.BcN(X.2e5) took 125.433ms (37278.84 bytecodes/s) (152136B approximate peak alloc)
01-16 18:06:28.357 18761 18865 E SQLiteDatabase: Error inserting transferred=1 media_job_uuid=62a746f2-1fe4-47c2-8b40-f76cc84fced1 transcoded=0 gif_attribution=0 first_scan_length=3824 direct_path=/o1/v/t62.7118-24/f1/m232/up-oil-image-449e5d0c- ba9d-486e-820b-a72d4ea9ef19?ccb=9- 4&oh=01_AdQMNvujBemrpoesgeq3R52adX_HYSeg8RTa7IFntMpnNg&oe=65CD7C46&_nc_sid=000000 thumbnail_height_width_ratio=2.2325583 is_animated_sticker=0 file_hash=rzcudMD1w0Pzg0ZtdW2MgmmyPcXrzdMhyGxNouWOmkM= file_path=Media/.Statuses/da6502d8bc8c46828159b9601eb461a6.jpg file_size=23820 partial_media_hash=jFekqtIWFWoNb7GsvVlcFFP6Mo3Wn8jVxYYMMBkChMY= face_x=0 face_y=0 height=1080 trim_to=0 media_key_timestamp=1705375847000 message_url=https://mmg.whatsapp.net/o1/v/t62.7118-24/f1/m232/up-oil-image- 449e5d0c-ba9d-486e-820b-a72d4ea9ef19?ccb=9- 4&oh=01_AdQMNvujBemrpoesgeq3R52adX_HYSeg8RTa7IFntMpnNg&oe=65CD7C46&_nc_sid=000000&m ms3=true media_caption=null trim_from=0 mime_type=image/jpeg partial_media_enc_hash=null width=486 original_file_hash=null has_streaming_sidecar=1 autotransfer_retry_enabled=1 media_upload_handle=null message_row_id=1877 multicast_id=null enc_file_hash=267a6My2gMWPmVEt6fBjE56XKXPVDSovKhHrejmDMgE= mute_video=0 page_count=0 first_scan_sidecar=[B@e067ca6 suspicious_content=0 file_length=23820 media_name=null media_duration=0 chat_row_id=227 media_key=[B@121d6e7
01-16 18:06:28.357 18761 18865 E SQLiteDatabase: android.database.sqlite.SQLiteConstraintException: UNIQUE constraint failed: message_media.message_row_id (code 1555 SQLITE_CONSTRAINT_PRIMARYKEY)
01-16 18:06:28.357 18761 18865 E SQLiteDatabase: at android.database.sqlite.SQLiteConnection.nativeExecuteForLastInsertedRowId(Native Method)
01-16 18:06:28.357 18761 18865 E SQLiteDatabase: at android.database.sqlite.SQLiteConnection.executeForLastInsertedRowId(SQLiteConnecti on.java:946)
01-16 18:06:28.357 18761 18865 E SQLiteDatabase: at android.database.sqlite.SQLiteSession.executeForLastInsertedRowId(SQLiteSession.jav a:790)
01-16 18:06:28.357 18761 18865 E SQLiteDatabase: at android.database.sqlite.SQLiteStatement.executeInsert(SQLiteStatement.java:89)
01-16 18:06:28.357 18761 18865 E SQLiteDatabase: at android.database.sqlite.SQLiteDatabase.insertWithOnConflict(SQLiteDatabase.java:170 2)
01-16 18:06:28.357 18761 18865 E SQLiteDatabase: at android.database.sqlite.SQLiteDatabase.insert(SQLiteDatabase.java:1571)
01-16 18:06:28.357 18761 18865 E SQLiteDatabase: at X.2tm.A08(Unknown Source:6)
01-16 18:06:28.357 18761 18865 E SQLiteDatabase: at X.35Y.A07(Unknown Source:212)
01-16 18:06:28.357 18761 18865 E SQLiteDatabase: at X.3QF.A14(Unknown Source:470)
01-16 18:06:28.357 18761 18865 E SQLiteDatabase: at X.3gU.run(Unknown Source:982)
01-16 18:06:28.357 18761 18865 E SQLiteDatabase: at android.os.Handler.handleCallback(Handler.java:938)
01-16 18:06:28.357 18761 18865 E SQLiteDatabase: at android.os.Handler.dispatchMessage(Handler.java:99)
01-16 18:06:28.357 18761 18865 E SQLiteDatabase: at X.0zq.dispatchMessage(Unknown Source:4)
01-16 18:06:28.357 18761 18865 E SQLiteDatabase: at android.os.Looper.loopOnce(Looper.java:233)
01-16 18:06:28.357 18761 18865 E SQLiteDatabase: at android.os.Looper.loop(Looper.java:344)
01-16 18:06:28.357 18761 18865 E SQLiteDatabase: at android.os.HandlerThread.run(HandlerThread.java:67)
01-16 18:08:00.689 18761 18865 E SQLiteDatabase: Error inserting transferred=1 media_job_uuid=e60fd58d-675b-4aba-b116-08138bc6561b transcoded=0 gif_attribution=0 first_scan_length=7271 direct_path=/v/t62.7118- 24/21315251_753096459573072_5795679372764231749_n.enc?ccb=11- 4&oh=01_AdRFBqpDkyJSGR2hLJw56z8fQHqNEYGaxkRZucawMW047A&oe=65CD5DCF&_nc_sid=5e03e0&_ nc_hot=1705377065 thumbnail_height_width_ratio=1.3137255 is_animated_sticker=0 file_hash=A2015OatObdWEpDygILIOkS4INT37tOpe5hGE1i7D4A= file_path=Media/.Statuses/dab2f3690b0941ba8acacabeee9b35f5.jpg file_size=65957 partial_media_hash=null face_x=380 face_y=384 height=1080 trim_to=0 media_key_timestamp=1705377006000 message_url=https://mmg.whatsapp.net/v/t62.7118- 24/21315251_753096459573072_5795679372764231749_n.enc?ccb=11- 4&oh=01_AdRFBqpDkyJSGR2hLJw56z8fQHqNEYGaxkRZucawMW047A&oe=65CD5DCF&_nc_sid=5e03e0&m ms3=true media_caption=null trim_from=0 mime_type=image/jpeg partial_media_enc_hash=null width=810 original_file_hash=null has_streaming_sidecar=1 autotransfer_retry_enabled=1 media_upload_handle=null message_row_id=1887 multicast_id=null enc_file_hash=ZcolpqD+mbS+T0WvOLH1nnKzDxIrKeQAuZLUrB11fek= mute_video=0 page_count=0 first_scan_sidecar=[B@b2600d6 suspicious_content=0 file_length=65957 media_name=null media_duration=0 chat_row_id=227 media_key=[B@ef3bf57
01-16 18:08:00.689 18761 18865 E SQLiteDatabase: android.database.sqlite.SQLiteConstraintException: UNIQUE constraint failed: message_media.message_row_id (code 1555 SQLITE_CONSTRAINT_PRIMARYKEY)
01-16 18:08:00.689 18761 18865 E SQLiteDatabase: at android.database.sqlite.SQLiteConnection.nativeExecuteForLastInsertedRowId(Native Method)
01-16 18:08:00.689 18761 18865 E SQLiteDatabase: at android.database.sqlite.SQLiteConnection.executeForLastInsertedRowId(SQLiteConnecti on.java:946)
01-16 18:08:00.689 18761 18865 E SQLiteDatabase: at android.database.sqlite.SQLiteSession.executeForLastInsertedRowId(SQLiteSession.jav a:790)
01-16 18:08:00.689 18761 18865 E SQLiteDatabase: at android.database.sqlite.SQLiteStatement.executeInsert(SQLiteStatement.java:89)
01-16 18:08:00.689 18761 18865 E SQLiteDatabase: at android.database.sqlite.SQLiteDatabase.insertWithOnConflict(SQLiteDatabase.java:170 2)
01-16 18:08:00.689 18761 18865 E SQLiteDatabase: at android.database.sqlite.SQLiteDatabase.insert(SQLiteDatabase.java:1571)
01-16 18:08:00.689 18761 18865 E SQLiteDatabase: at X.2tm.A08(Unknown Source:6)
01-16 18:08:00.689 18761 18865 E SQLiteDatabase: at X.35Y.A07(Unknown Source:212)
01-16 18:08:00.689 18761 18865 E SQLiteDatabase: at X.3QF.A14(Unknown Source:470)
01-16 18:08:00.689 18761 18865 E SQLiteDatabase: at X.3gU.run(Unknown Source:982)
01-16 18:08:00.689 18761 18865 E SQLiteDatabase: at android.os.Handler.handleCallback(Handler.java:938)
01-16 18:08:00.689 18761 18865 E SQLiteDatabase: at android.os.Handler.dispatchMessage(Handler.java:99)
