01-16 06:12:47.248 10434 10513 E SQLiteDatabase: Error inserting transferred=0 media_job_uuid=f4087fe6-442a-4919-9706-2b24ee94c8cf transcoded=0 gif_attribution=0 first_scan_length=0 direct_path=/v/t62.7161- 24/13752162_891994089385641_1890527737914855778_n.enc?ccb=11-4&oh=01_AdSQ5d4BY- Piq1bl67W7V1sAUBKM3WEvW3FbrzxrsFgtKA&oe=65CC7D65&_nc_sid=5e03e0 thumbnail_height_width_ratio=1.7777778 is_animated_sticker=0 file_hash=AB+F1P3jdfN7z22IeiEc/6GPBqygUK68eGgZUjmjoD0= file_path=null file_size=0 partial_media_hash=null face_x=0 face_y=0 height=1280 trim_to=0 media_key_timestamp=1705321812000 message_url=https://mmg.whatsapp.net/v/t62.7161- 24/13752162_891994089385641_1890527737914855778_n.enc?ccb=11-4&oh=01_AdSQ5d4BY- Piq1bl67W7V1sAUBKM3WEvW3FbrzxrsFgtKA&oe=65CC7D65&_nc_sid=5e03e0&mms3=true media_caption=null trim_from=0 mime_type=video/mp4 partial_media_enc_hash=null width=720 original_file_hash=null has_streaming_sidecar=1 autotransfer_retry_enabled=1 media_upload_handle=null message_row_id=1613 multicast_id=null enc_file_hash=xpkDaKVdUhI8FBZ8opAXhi5dWTPFncCRoNSn2mGMb/8= mute_video=0 page_count=0 first_scan_sidecar=null suspicious_content=0 file_length=2658837 media_name=null media_duration=26 chat_row_id=227 media_key=[B@1f085b4
01-16 06:12:47.248 10434 10513 E SQLiteDatabase: android.database.sqlite.SQLiteConstraintException: UNIQUE constraint failed: message_media.message_row_id (code 1555 SQLITE_CONSTRAINT_PRIMARYKEY)
01-16 06:12:47.248 10434 10513 E SQLiteDatabase: at android.database.sqlite.SQLiteConnection.nativeExecuteForLastInsertedRowId(Native Method)
01-16 06:12:47.248 10434 10513 E SQLiteDatabase: at android.database.sqlite.SQLiteConnection.executeForLastInsertedRowId(SQLiteConnecti on.java:946)
01-16 06:12:47.248 10434 10513 E SQLiteDatabase: at android.database.sqlite.SQLiteSession.executeForLastInsertedRowId(SQLiteSession.jav a:790)
01-16 06:12:47.248 10434 10513 E SQLiteDatabase: at android.database.sqlite.SQLiteStatement.executeInsert(SQLiteStatement.java:89)
01-16 06:12:47.248 10434 10513 E SQLiteDatabase: at android.database.sqlite.SQLiteDatabase.insertWithOnConflict(SQLiteDatabase.java:170 2)
01-16 06:12:47.248 10434 10513 E SQLiteDatabase: at android.database.sqlite.SQLiteDatabase.insert(SQLiteDatabase.java:1571)
01-16 06:12:47.248 10434 10513 E SQLiteDatabase: at X.2tm.A08(Unknown Source:6)
01-16 06:12:47.248 10434 10513 E SQLiteDatabase: at X.35Y.A07(Unknown Source:212)
01-16 06:12:47.248 10434 10513 E SQLiteDatabase: at X.3QF.A14(Unknown Source:470)
01-16 06:12:47.248 10434 10513 E SQLiteDatabase: at X.3gU.run(Unknown Source:982)
01-16 06:12:47.248 10434 10513 E SQLiteDatabase: at android.os.Handler.handleCallback(Handler.java:938)
01-16 06:12:47.248 10434 10513 E SQLiteDatabase: at android.os.Handler.dispatchMessage(Handler.java:99)
01-16 06:12:47.248 10434 10513 E SQLiteDatabase: at X.0zq.dispatchMessage(Unknown Source:4)
01-16 06:12:47.248 10434 10513 E SQLiteDatabase: at android.os.Looper.loopOnce(Looper.java:233)
01-16 06:12:47.248 10434 10513 E SQLiteDatabase: at android.os.Looper.loop(Looper.java:344)
01-16 06:12:47.248 10434 10513 E SQLiteDatabase: at android.os.HandlerThread.run(HandlerThread.java:67)
01-16 06:12:48.322 10434 10513 E SQLiteDatabase: Error inserting transferred=0 media_job_uuid=a328f00e-da2b-4342-86d6-2c36873af299 transcoded=0 gif_attribution=0 first_scan_length=0 direct_path=/v/t62.7161- 24/30694300_685533746783590_6131802464988427423_n.enc?ccb=11-4&oh=01_AdRbMg6G3- hV_HECJ7YRR3e4vEC-pAQtIoycgXIdofAhrA&oe=65CCAE3B&_nc_sid=5e03e0 thumbnail_height_width_ratio=1.7755102 is_animated_sticker=0 file_hash=Ojt2VjhwNcelmBqJcO00YriegsrHEqNSLw7bqgNp0WE= file_path=null file_size=0 partial_media_hash=null face_x=0 face_y=0 height=848 trim_to=0 media_key_timestamp=1705333392000 message_url=https://mmg.whatsapp.net/v/t62.7161- 24/30694300_685533746783590_6131802464988427423_n.enc?ccb=11-4&oh=01_AdRbMg6G3- hV_HECJ7YRR3e4vEC-pAQtIoycgXIdofAhrA&oe=65CCAE3B&_nc_sid=5e03e0&mms3=true media_caption=null trim_from=0 mime_type=video/mp4 partial_media_enc_hash=null width=480 original_file_hash=null has_streaming_sidecar=1 autotransfer_retry_enabled=1 media_upload_handle=null message_row_id=1719 multicast_id=null enc_file_hash=xVRtmKVRkNQb2cayuWfwQ3q/n3rs4LwNPNxj/jv/iDI= mute_video=0 page_count=0 first_scan_sidecar=null suspicious_content=0 file_length=1233988 media_name=null media_duration=6 chat_row_id=227 media_key=[B@6fa6bd
01-16 06:12:48.322 10434 10513 E SQLiteDatabase: android.database.sqlite.SQLiteConstraintException: UNIQUE constraint failed: message_media.message_row_id (code 1555 SQLITE_CONSTRAINT_PRIMARYKEY)
01-16 06:12:48.322 10434 10513 E SQLiteDatabase: at android.database.sqlite.SQLiteConnection.nativeExecuteForLastInsertedRowId(Native Method)
01-16 06:12:48.322 10434 10513 E SQLiteDatabase: at android.database.sqlite.SQLiteConnection.executeForLastInsertedRowId(SQLiteConnecti on.java:946)
01-16 06:12:48.322 10434 10513 E SQLiteDatabase: at android.database.sqlite.SQLiteSession.executeForLastInsertedRowId(SQLiteSession.jav a:790)
01-16 06:12:48.322 10434 10513 E SQLiteDatabase: at android.database.sqlite.SQLiteStatement.executeInsert(SQLiteStatement.java:89)
01-16 06:12:48.322 10434 10513 E SQLiteDatabase: at android.database.sqlite.SQLiteDatabase.insertWithOnConflict(SQLiteDatabase.java:170 2)
01-16 06:12:48.322 10434 10513 E SQLiteDatabase: at android.database.sqlite.SQLiteDatabase.insert(SQLiteDatabase.java:1571)
01-16 06:12:48.322 10434 10513 E SQLiteDatabase: at X.2tm.A08(Unknown Source:6)
01-16 06:12:48.322 10434 10513 E SQLiteDatabase: at X.35Y.A07(Unknown Source:212)
01-16 06:12:48.322 10434 10513 E SQLiteDatabase: at X.3QF.A14(Unknown Source:470)
01-16 06:12:48.322 10434 10513 E SQLiteDatabase: at X.3gU.run(Unknown Source:982)
01-16 06:12:48.322 10434 10513 E SQLiteDatabase: at android.os.Handler.handleCallback(Handler.java:938)
01-16 06:12:48.322 10434 10513 E SQLiteDatabase: at android.os.Handler.dispatchMessage(Handler.java:99)
01-16 06:12:48.322 10434 10513 E SQLiteDatabase: at X.0zq.dispatchMessage(Unknown Source:4)
01-16 06:12:48.322 10434 10513 E SQLiteDatabase: at android.os.Looper.loopOnce(Looper.java:233)
01-16 06:12:48.322 10434 10513 E SQLiteDatabase: at android.os.Looper.loop(Looper.java:344)
01-16 06:12:48.322 10434 10513 E SQLiteDatabase: at android.os.HandlerThread.run(HandlerThread.java:67)
01-16 06:12:53.031 10434 15639 W Codec2Client: query -- param skipped: index = 1342179345.
01-16 06:12:53.031 10434 15639 W Codec2Client: query -- param skipped: index = 2415921170.
01-16 06:12:53.031 10434 15639 W Codec2Client: query -- param skipped: index = 1610614798.
01-16 06:12:53.033 10434 15650 W Codec2Client: query -- param skipped: index = 1342179345.
01-16 06:12:53.033 10434 15650 W Codec2Client: query -- param skipped: index = 2415921170.
01-16 06:12:53.033 10434 15650 W Codec2Client: query -- param skipped: index = 1610614798.
01-16 06:12:53.041 10434 10434 E RecyclerView: No adapter attached; skipping layout
01-16 06:12:55.899 10434 14487 E BLASTBufferQueue: BLASTBufferItemConsumer::onDisconnect()
01-16 06:13:04.730 10434 10434 W BottomSheetBehavior: BottomSheetBehavior now supports multiple callbacks. `setBottomSheetCallback()` removes all existing callbacks, including ones set internally by library authors, which may result in unintended behavior. This may change in the future. Please use `addBottomSheetCallback()` and `removeBottomSheetCallback()` instead to set your own callbacks.
01-16 06:13:04.730 10434 10434 W BottomSheetBehavior: BottomSheetBehavior now supports multiple callbacks. `setBottomSheetCallback()` removes all existing callbacks, including ones set internally by library authors, which may result in unintended behavior. This may change in the future. Please use `addBottomSheetCallback()` and `removeBottomSheetCallback()` instead to set your own callbacks.
01-16 06:13:04.745 10434 10434 W BottomSheetBehavior: BottomSheetBehavior now supports multiple callbacks. `setBottomSheetCallback()` removes all existing callbacks, including ones set internally by library authors, which may result in unintended behavior. This may change in the future. Please use `addBottomSheetCallback()` and `removeBottomSheetCallback()` instead to set your own callbacks.
01-16 06:13:04.745 10434 10434 W BottomSheetBehavior: BottomSheetBehavior now supports multiple callbacks. `setBottomSheetCallback()` removes all existing callbacks, including ones set internally by library authors, which may result in unintended behavior. This may change in the future. Please use `addBottomSheetCallback()` and `removeBottomSheetCallback()` instead to set your own callbacks.
01-16 06:13:04.780 10434 10434 W BottomSheetBehavior: BottomSheetBehavior now supports multiple callbacks. `setBottomSheetCallback()` removes all existing callbacks, including ones set internally by library authors, which may result in unintended behavior. This may change in the future. Please use `addBottomSheetCallback()` and `removeBottomSheetCallback()` instead to set your own callbacks.
01-16 06:13:04.780 10434 10434 W BottomSheetBehavior: BottomSheetBehavior now supports multiple callbacks. `setBottomSheetCallback()` removes all existing callbacks, including ones set internally by library authors, which may result in unintended behavior. This may change in the future. Please use `addBottomSheetCallback()` and `removeBottomSheetCallback()` instead to set your own callbacks.
01-16 06:13:04.791 10434 10434 E RecyclerView: No adapter attached; skipping layout
01-16 06:13:04.793 10434 10434 E RecyclerView: No adapter attached; skipping layout
01-16 06:13:04.793 10434 10434 E RecyclerView: No adapter attached; skipping layout
01-16 06:13:05.866 10434 10513 E SQLiteDatabase: Error inserting transferred=0 media_job_uuid=08624a65-4b45-491c-8b86-fd627968d729 transcoded=0 gif_attribution=0 first_scan_length=0 direct_path=/v/t62.7161- 24/29298928_910670053611846_1700964648587452531_n.enc?ccb=11-4&oh=01_AdRpUU- Q7m7qSfh8LvdffBaQ3pGEE2mofRFsZNHADoiUZQ&oe=65CCB44A&_nc_sid=5e03e0 thumbnail_height_width_ratio=1.7777778 is_animated_sticker=0 file_hash=+pTiDbiKAXH77I1/rVZFtLeJtk6Jg/SM6nR3mZyHml8= file_path=null file_size=0 partial_media_hash=null face_x=0 face_y=0 height=640 trim_to=0 media_key_timestamp=1705325423000 message_url=https://mmg.whatsapp.net/v/t62.7161- 24/29298928_910670053611846_1700964648587452531_n.enc?ccb=11-4&oh=01_AdRpUU- Q7m7qSfh8LvdffBaQ3pGEE2mofRFsZNHADoiUZQ&oe=65CCB44A&_nc_sid=5e03e0&mms3=true media_caption=null trim_from=0 mime_type=video/mp4 partial_media_enc_hash=null width=360 original_file_hash=null has_streaming_sidecar=1 autotransfer_retry_enabled=1 media_upload_handle=null message_row_id=1654 multicast_id=null enc_file_hash=rkonXXcSLkLQlrORWKcnl59FQmj1KlAk9l9q5WeW4kg= mute_video=0 page_count=0 first_scan_sidecar=null suspicious_content=0 file_length=2255268 media_name=null media_duration=18 chat_row_id=227 media_key=[B@1cf2133
01-16 06:13:05.866 10434 10513 E SQLiteDatabase: android.database.sqlite.SQLiteConstraintException: UNIQUE constraint failed: message_media.message_row_id (code 1555 SQLITE_CONSTRAINT_PRIMARYKEY)
01-16 06:13:05.866 10434 10513 E SQLiteDatabase: at android.database.sqlite.SQLiteConnection.nativeExecuteForLastInsertedRowId(Native Method)
01-16 06:13:05.866 10434 10513 E SQLiteDatabase: at android.database.sqlite.SQLiteConnection.executeForLastInsertedRowId(SQLiteConnecti on.java:946)
01-16 06:13:05.866 10434 10513 E SQLiteDatabase: at android.database.sqlite.SQLiteSession.executeForLastInsertedRowId(SQLiteSession.jav a:790)
01-16 06:13:05.866 10434 10513 E SQLiteDatabase: at android.database.sqlite.SQLiteStatement.executeInsert(SQLiteStatement.java:89)
01-16 06:13:05.866 10434 10513 E SQLiteDatabase: at android.database.sqlite.SQLiteDatabase.insertWithOnConflict(SQLiteDatabase.java:170 2)
01-16 06:13:05.866 10434 10513 E SQLiteDatabase: at android.database.sqlite.SQLiteDatabase.insert(SQLiteDatabase.java:1571)
01-16 06:13:05.866 10434 10513 E SQLiteDatabase: at X.2tm.A08(Unknown Source:6)
01-16 06:13:05.866 10434 10513 E SQLiteDatabase: at X.35Y.A07(Unknown Source:212)
01-16 06:13:05.866 10434 10513 E SQLiteDatabase: at X.3QF.A14(Unknown Source:470)
01-16 06:13:05.866 10434 10513 E SQLiteDatabase: at X.3gU.run(Unknown Source:982)
01-16 06:13:05.866 10434 10513 E SQLiteDatabase: at android.os.Handler.handleCallback(Handler.java:938)
01-16 06:13:05.866 10434 10513 E SQLiteDatabase: at android.os.Handler.dispatchMessage(Handler.java:99)
01-16 06:13:05.866 10434 10513 E SQLiteDatabase: at X.0zq.dispatchMessage(Unknown Source:4)
01-16 06:13:05.866 10434 10513 E SQLiteDatabase: at android.os.Looper.loopOnce(Looper.java:233)
01-16 06:13:05.866 10434 10513 E SQLiteDatabase: at android.os.Looper.loop(Looper.java:344)
01-16 06:13:05.866 10434 10513 E SQLiteDatabase: at android.os.HandlerThread.run(HandlerThread.java:67)
01-16 06:13:06.168 10434 14792 E MediaMetadataRetrieverJNI: getFrameAtTime: videoFrame is a NULL pointer
01-16 06:13:06.373 10434 14792 E MediaMetadataRetrieverJNI: getFrameAtTime: videoFrame is a NULL pointer
01-16 06:13:06.374 10434 14792 E MediaMetadataRetrieverJNI: getEmbeddedPicture: Call to getEmbeddedPicture failed.
01-16 06:13:06.554 10434 10434 W View : requestLayout() improperly called by androidx.appcompat.view.menu.ActionMenuItemView{1274082 VFED..C.. ......ID 0,12- 144,156 #7f0b0721 app:id/create_new_group_icon} during layout: running second layout pass
01-16 06:13:06.554 10434 10434 W View : requestLayout() improperly called by androidx.appcompat.widget.ActionMenuView{9ea4393 V.E...... ......ID 936,0-1080,168} during layout: running second layout pass
01-16 06:13:06.582 10434 10434 W View : requestLayout() improperly called by androidx.appcompat.view.menu.ActionMenuItemView{1274082 VFED..C.. ......ID 0,12- 144,156 #7f0b0721 app:id/create_new_group_icon} during layout: running second layout pass
01-16 06:13:06.582 10434 10434 W View : requestLayout() improperly called by androidx.appcompat.view.menu.ActionMenuItemView{f45cb85 VFED..C.. ......ID 144,12- 288,156 #7f0b0f8a app:id/menuitem_search} during layout: running second layout pass
01-16 06:13:06.582 10434 10434 W View : requestLayout() improperly called by androidx.appcompat.widget.ActionMenuView{9ea4393 V.E...... ......ID 792,0-1080,168} during layout: running second layout pass
01-16 06:13:06.654 10434 14487 E BLASTBufferQueue: BLASTBufferItemConsumer::onDisconnect()
01-16 06:13:06.966 10434 14487 E BLASTBufferQueue: BLASTBufferItemConsumer::onDisconnect()
01-16 06:13:06.979 10434 14487 E BLASTBufferQueue: BLASTBufferItemConsumer::onDisconnect()
01-16 06:13:07.577 10434 14487 E BLASTBufferQueue: BLASTBufferItemConsumer::onDisconnect()
01-16 06:13:07.784 10434 14487 E BLASTBufferQueue: BLASTBufferItemConsumer::onDisconnect()
01-16 06:13:11.947 10434 10434 W BottomSheetBehavior: BottomSheetBehavior now supports multiple callbacks. `setBottomSheetCallback()` removes all existing callbacks, including ones set internally by library authors, which may result in unintended behavior. This may change in the future. Please use `addBottomSheetCallback()` and `removeBottomSheetCallback()` instead to set your own callbacks.
01-16 06:13:11.947 10434 10434 W BottomSheetBehavior: BottomSheetBehavior now supports multiple callbacks. `setBottomSheetCallback()` removes all existing callbacks, including ones set internally by library authors, which may result in unintended behavior. This may change in the future. Please use `addBottomSheetCallback()` and `removeBottomSheetCallback()` instead to set your own callbacks.
01-16 06:13:11.982 10434 10434 W BottomSheetBehavior: BottomSheetBehavior now supports multiple callbacks. `setBottomSheetCallback()` removes all existing callbacks, including ones set internally by library authors, which may result in unintended behavior. This may change in the future. Please use `addBottomSheetCallback()` and `removeBottomSheetCallback()` instead to set your own callbacks.
01-16 06:13:11.982 10434 10434 W BottomSheetBehavior: BottomSheetBehavior now supports multiple callbacks. `setBottomSheetCallback()` removes all existing callbacks, including ones set internally by library authors, which may result in unintended behavior. This may change in the future. Please use `addBottomSheetCallback()` and `removeBottomSheetCallback()` instead to set your own callbacks.
01-16 06:13:11.995 10434 10434 W BottomSheetBehavior: BottomSheetBehavior now supports multiple callbacks. `setBottomSheetCallback()` removes all existing callbacks, including ones set internally by library authors, which may result in unintended behavior. This may change in the future. Please use `addBottomSheetCallback()` and `removeBottomSheetCallback()` instead to set your own callbacks.
01-16 06:13:11.995 10434 10434 W BottomSheetBehavior: BottomSheetBehavior now supports multiple callbacks. `setBottomSheetCallback()` removes all existing callbacks, including ones set internally by library authors, which may result in unintended behavior. This may change in the future. Please use `addBottomSheetCallback()` and `removeBottomSheetCallback()` instead to set your own callbacks.
01-16 06:13:12.013 10434 10434 W BottomSheetBehavior: BottomSheetBehavior now supports multiple callbacks. `setBottomSheetCallback()` removes all existing callbacks, including ones set internally by library authors, which may result in unintended behavior. This may change in the future. Please use `addBottomSheetCallback()` and `removeBottomSheetCallback()` instead to set your own callbacks.
01-16 06:13:12.013 10434 10434 W BottomSheetBehavior: BottomSheetBehavior now supports multiple callbacks. `setBottomSheetCallback()` removes all existing callbacks, including ones set internally by library authors, which may result in unintended behavior. This may change in the future. Please use `addBottomSheetCallback()` and `removeBottomSheetCallback()` instead to set your own callbacks.
01-16 06:13:12.053 10434 10434 E RecyclerView: No adapter attached; skipping layout
01-16 06:13:12.054 10434 10434 E RecyclerView: No adapter attached; skipping layout
01-16 06:13:12.055 10434 10434 E RecyclerView: No adapter attached; skipping layout
01-16 06:13:12.163 10434 10568 W PermissionInjector: applyBatch in invalid type: 2
01-16 06:13:12.446 10434 15883 E Parcel : Reading a NULL string not supported here.
01-16 06:13:12.447 10434 15883 W libc : Access denied finding property "vendor.oplus.media.vpp.stutter"
01-16 06:13:12.472 10434 15887 W ColorUtils: expected specified color aspects (2:0:0:0)
01-16 06:13:12.481 10434 15887 W Codec2Client: query -- param skipped: index = 1107298332.
01-16 06:13:12.481 10434 15887 W CCodec : This behavior is subject to change. It is recommended that app developers double check whether the requested max input size is in reasonable range.
01-16 06:13:12.484 10434 15887 W Codec2Client: query -- param skipped: index = 1342179345.
01-16 06:13:12.484 10434 15887 W Codec2Client: query -- param skipped: index = 2415921170.
01-16 06:13:12.484 10434 15887 W Codec2Client: query -- param skipped: index = 1610614798.
01-16 06:13:12.505 10434 15883 W libc : Access denied finding property "vendor.oplus.media.vpp.stutter"
01-16 06:13:12.522 10434 15896 W Codec2Client: query -- param skipped: index = 1107298332.
01-16 06:13:12.522 10434 15896 W CCodec : This behavior is subject to change. It is recommended that app developers double check whether the requested max input size is in reasonable range.
01-16 06:13:12.524 10434 15896 W Codec2Client: query -- param skipped: index = 1342179345.
01-16 06:13:12.524 10434 15896 W Codec2Client: query -- param skipped: index = 2415921170.
01-16 06:13:12.524 10434 15896 W Codec2Client: query -- param skipped: index = 1610614798.
01-16 06:13:12.554 10434 15886 W MediaCodec: mapFormat: no mediaType information
01-16 06:13:14.768 10434 10513 E SQLiteDatabase: Error inserting transferred=1 media_job_uuid=21a0628a-c34d-4cf4-b50f-6991a8a4a172 transcoded=0 gif_attribution=0 first_scan_length=0 direct_path=/v/t62.7161- 24/25556185_1107577410239389_5773221210730841530_n.enc?ccb=11- 4&oh=01_AdRbWV487NizK-Eoq59lL7Yo17upVC8gRNeJ1uPHdc6uZA&oe=65CC93E8&_nc_sid=5e03e0 thumbnail_height_width_ratio=1.7777778 is_animated_sticker=0 file_hash=U6QD7KdlnTO81uULRRxQXzEaYZGy8Vg94M4wpSIKZ9c= file_path=Media/.Statuses/32dea2560c8646fabb36d5fade0b7f7e.mp4 file_size=2370015 partial_media_hash=null face_x=0 face_y=0 height=1280 trim_to=0 media_key_timestamp=1705320860000 message_url=https://mmg.whatsapp.net/v/t62.7161- 24/25556185_1107577410239389_5773221210730841530_n.enc?ccb=11- 4&oh=01_AdRbWV487NizK- Eoq59lL7Yo17upVC8gRNeJ1uPHdc6uZA&oe=65CC93E8&_nc_sid=5e03e0&mms3=true media_caption=null trim_from=0 mime_type=video/mp4 partial_media_enc_hash=null width=720 original_file_hash=null has_streaming_sidecar=1 autotransfer_retry_enabled=1 media_upload_handle=null message_row_id=1616 multicast_id=null enc_file_hash=dRDfRM93XKXyeYKvx3k2EdhYLpW5kNw8o289T9pfdx4= mute_video=0 page_count=0 first_scan_sidecar=null suspicious_content=0 file_length=2370015 media_name=null media_duration=14 chat_row_id=227 media_key=[B@9992ee7
01-16 06:13:14.768 10434 10513 E SQLiteDatabase: android.database.sqlite.SQLiteConstraintException: UNIQUE constraint failed: message_media.message_row_id (code 1555 SQLITE_CONSTRAINT_PRIMARYKEY)
01-16 06:13:14.768 10434 10513 E SQLiteDatabase: at android.database.sqlite.SQLiteConnection.nativeExecuteForLastInsertedRowId(Native Method)
01-16 06:13:14.768 10434 10513 E SQLiteDatabase: at android.database.sqlite.SQLiteConnection.executeForLastInsertedRowId(SQLiteConnecti on.java:946)
01-16 06:13:14.768 10434 10513 E SQLiteDatabase: at android.database.sqlite.SQLiteSession.executeForLastInsertedRowId(SQLiteSession.jav a:790)
01-16 06:13:14.768 10434 10513 E SQLiteDatabase: at android.database.sqlite.SQLiteStatement.executeInsert(SQLiteStatement.java:89)
01-16 06:13:14.768 10434 10513 E SQLiteDatabase: at android.database.sqlite.SQLiteDatabase.insertWithOnConflict(SQLiteDatabase.java:170 2)
01-16 06:13:14.768 10434 10513 E SQLiteDatabase: at android.database.sqlite.SQLiteDatabase.insert(SQLiteDatabase.java:1571)
01-16 06:13:14.768 10434 10513 E SQLiteDatabase: at X.2tm.A08(Unknown Source:6)
01-16 06:13:14.768 10434 10513 E SQLiteDatabase: at X.35Y.A07(Unknown Source:212)
01-16 06:13:14.768 10434 10513 E SQLiteDatabase: at X.3QF.A14(Unknown Source:470)
01-16 06:13:14.768 10434 10513 E SQLiteDatabase: at X.3gU.run(Unknown Source:982)
01-16 06:13:14.768 10434 10513 E SQLiteDatabase: at android.os.Handler.handleCallback(Handler.java:938)
01-16 06:13:14.768 10434 10513 E SQLiteDatabase: at android.os.Handler.dispatchMessage(Handler.java:99)
01-16 06:13:14.768 10434 10513 E SQLiteDatabase: at X.0zq.dispatchMessage(Unknown Source:4)
01-16 06:13:14.768 10434 10513 E SQLiteDatabase: at android.os.Looper.loopOnce(Looper.java:233)
01-16 06:13:14.768 10434 10513 E SQLiteDatabase: at android.os.Looper.loop(Looper.java:344)
01-16 06:13:14.768 10434 10513 E SQLiteDatabase: at android.os.HandlerThread.run(HandlerThread.java:67)
01-16 06:13:15.049 10434 10434 W View : requestLayout() improperly called by androidx.appcompat.view.menu.ActionMenuItemView{2306905 VFED..C.. ......ID 0,12- 144,156 #7f0b0721 app:id/create_new_group_icon} during layout: running second layout pass
01-16 06:13:15.049 10434 10434 W View : requestLayout() improperly called by androidx.appcompat.widget.ActionMenuView{d7a6d5a V.E...... ......ID 936,0-1080,168} during layout: running second layout pass
01-16 06:13:15.181 10434 10434 W View : requestLayout() improperly called by androidx.appcompat.view.menu.ActionMenuItemView{2306905 VFED..C.. ......ID 0,12- 144,156 #7f0b0721 app:id/create_new_group_icon} during layout: running second layout pass
01-16 06:13:15.181 10434 10434 W View : requestLayout() improperly called by androidx.appcompat.view.menu.ActionMenuItemView{ca0ceb9 VFED..C.. ......ID 144,12- 288,156 #7f0b0f8a app:id/menuitem_search} during layout: running second layout pass
01-16 06:13:15.181 10434 10434 W View : requestLayout() improperly called by androidx.appcompat.widget.ActionMenuView{d7a6d5a V.E...... ......ID 792,0-1080,168} during layout: running second layout pass
01-16 06:13:15.255 10434 14487 E BLASTBufferQueue: BLASTBufferItemConsumer::onDisconnect()
01-16 06:13:15.264 10434 14487 E BLASTBufferQueue: BLASTBufferItemConsumer::onDisconnect()
01-16 06:13:15.505 10434 10513 E SQLiteDatabase: Error inserting transferred=0 media_job_uuid=c43609b9-3360-48c6-b671-11d34366f44f transcoded=0 gif_attribution=0 first_scan_length=0 direct_path=/v/t62.7161- 24/30565958_317192004005708_6719251787866080569_n.enc?ccb=11- 4&oh=01_AdTX29gN9oiaTnmyka4VFnPgQsK1s0o0k-10IKiAOY00kA&oe=65CCA071&_nc_sid=5e03e0 thumbnail_height_width_ratio=1.7777778 is_animated_sticker=0 file_hash=hOydU706qNBd0YfrcZTrLIMpo8vSlzTpYp/nrBWxhsI= file_path=null file_size=0 partial_media_hash=null face_x=0 face_y=0 height=656 trim_to=0 media_key_timestamp=1705321478000 message_url=https://mmg.whatsapp.net/v/t62.7161- 24/30565958_317192004005708_6719251787866080569_n.enc?ccb=11- 4&oh=01_AdTX29gN9oiaTnmyka4VFnPgQsK1s0o0k- 10IKiAOY00kA&oe=65CCA071&_nc_sid=5e03e0&mms3=true media_caption=null trim_from=0 mime_type=video/mp4 partial_media_enc_hash=null width=368 original_file_hash=null has_streaming_sidecar=1 autotransfer_retry_enabled=1 media_upload_handle=null message_row_id=1602 multicast_id=null enc_file_hash=Gdu9krpAbfWQ86BzqAPcao619ufT0VuIeDIxQl7MV7c= mute_video=0 page_count=0 first_scan_sidecar=null suspicious_content=0 file_length=1013001 media_name=null media_duration=10 chat_row_id=227 media_key=[B@5a79e50
01-16 06:13:15.505 10434 10513 E SQLiteDatabase: android.database.sqlite.SQLiteConstraintException: UNIQUE constraint failed: message_media.message_row_id (code 1555 SQLITE_CONSTRAINT_PRIMARYKEY)
01-16 06:13:15.505 10434 10513 E SQLiteDatabase: at android.database.sqlite.SQLiteConnection.nativeExecuteForLastInsertedRowId(Native Method)
01-16 06:13:15.505 10434 10513 E SQLiteDatabase: at android.database.sqlite.SQLiteConnection.executeForLastInsertedRowId(SQLiteConnecti on.java:946)
01-16 06:13:15.505 10434 10513 E SQLiteDatabase: at android.database.sqlite.SQLiteSession.executeForLastInsertedRowId(SQLiteSession.jav a:790)
01-16 06:13:15.505 10434 10513 E SQLiteDatabase: at android.database.sqlite.SQLiteStatement.executeInsert(SQLiteStatement.java:89)
01-16 06:13:15.505 10434 10513 E SQLiteDatabase: at android.database.sqlite.SQLiteDatabase.insertWithOnConflict(SQLiteDatabase.java:170 2)
01-16 06:13:15.505 10434 10513 E SQLiteDatabase: at android.database.sqlite.SQLiteDatabase.insert(SQLiteDatabase.java:1571)
01-16 06:13:15.505 10434 10513 E SQLiteDatabase: at X.2tm.A08(Unknown Source:6)
01-16 06:13:15.505 10434 10513 E SQLiteDatabase: at X.35Y.A07(Unknown Source:212)
01-16 06:13:15.505 10434 10513 E SQLiteDatabase: at X.3QF.A14(Unknown Source:470)
01-16 06:13:15.505 10434 10513 E SQLiteDatabase: at X.3gU.run(Unknown Source:982)
01-16 06:13:15.505 10434 10513 E SQLiteDatabase: at android.os.Handler.handleCallback(Handler.java:938)
01-16 06:13:15.505 10434 10513 E SQLiteDatabase: at android.os.Handler.dispatchMessage(Handler.java:99)
01-16 06:13:15.505 10434 10513 E SQLiteDatabase: at X.0zq.dispatchMessage(Unknown Source:4)
01-16 06:13:15.505 10434 10513 E SQLiteDatabase: at android.os.Looper.loopOnce(Looper.java:233)
01-16 06:13:15.505 10434 10513 E SQLiteDatabase: at android.os.Looper.loop(Looper.java:344)
01-16 06:13:15.505 10434 10513 E SQLiteDatabase: at android.os.HandlerThread.run(HandlerThread.java:67)
01-16 06:13:15.873 10434 16029 W LOTTIE : Unknown shape type rd
01-16 06:13:15.873 10434 16028 W LOTTIE : Unknown shape type rd
01-16 06:13:15.954 10434 10434 E ArmVmp : Match on catch block at 0x0a in for 0x71d8987035
01-16 06:13:15.959 10434 10434 E ArmVmp : Match on catch block at 0x0a in for 0x71d8987035
01-16 06:13:16.039 10434 10434 E ArmVmp : Match on catch block at 0xc3 in for 0x71d8987021
01-16 06:13:16.042 10434 10434 E ArmVmp : Match on catch block at 0xc3 in for 0x71d8987021
01-16 06:13:16.160 10434 10434 E ArmVmp : Match on catch block at 0xc3 in for 0x71d8987025
01-16 06:13:16.162 10434 10434 E ArmVmp : Match on catch block at 0xc3 in for 0x71d8987025
01-16 06:13:16.204 10434 10434 E ArmVmp : Match on catch block at 0xc3 in for 0x71d8987025
01-16 06:13:16.206 10434 10434 E ArmVmp : Match on catch block at 0xc3 in for 0x71d8987025
01-16 06:13:16.217 10434 10434 E ArmVmp : Match on catch block at 0xc3 in for 0x71d8987025
01-16 06:13:16.220 10434 10434 E ArmVmp : Match on catch block at 0xc3 in for 0x71d8987025
01-16 06:13:16.231 10434 10434 E ArmVmp : Match on catch block at 0xc3 in for 0x71d8987025
01-16 06:13:16.233 10434 10434 E ArmVmp : Match on catch block at 0xc3 in for 0x71d8987025
01-16 06:13:16.247 10434 10434 E ArmVmp : Match on catch block at 0xc3 in for 0x71d8987025
01-16 06:13:16.249 10434 10434 E ArmVmp : Match on catch block at 0xc3 in for 0x71d8987025
01-16 06:13:16.263 10434 10434 E ArmVmp : Match on catch block at 0xc3 in for 0x71d8987025
01-16 06:13:16.267 10434 10434 E ArmVmp : Match on catch block at 0xc3 in for 0x71d8987025
01-16 06:13:16.313 10434 14487 E BLASTBufferQueue: BLASTBufferItemConsumer::onDisconnect()
01-16 06:13:16.326 10434 14487 E BLASTBufferQueue: BLASTBufferItemConsumer::onDisconnect()
01-16 06:13:16.561 10434 10434 E ArmVmp : Match on catch block at 0xc3 in for 0x71d8987025
01-16 06:13:16.566 10434 10434 E ArmVmp : Match on catch block at 0xc3 in for 0x71d8987025
01-16 06:13:16.687 10434 10434 E ArmVmp : Match on catch block at 0xc3 in for 0x71d8987025
01-16 06:13:16.690 10434 10434 E ArmVmp : Match on catch block at 0xc3 in for 0x71d8987025
01-16 06:13:16.741 10434 10434 E ArmVmp : Match on catch block at 0xc3 in for 0x71d8987025
01-16 06:13:16.743 10434 10434 E ArmVmp : Match on catch block at 0xc3 in for 0x71d8987025
01-16 06:13:16.865 10434 10434 E ArmVmp : Match on catch block at 0xc3 in for 0x71d8987025
01-16 06:13:16.868 10434 10434 E ArmVmp : Match on catch block at 0xc3 in for 0x71d8987025
01-16 06:13:17.096 10434 10434 E ArmVmp : Match on catch block at 0xc3 in for 0x71d8987025
01-16 06:13:17.098 10434 10434 E ArmVmp : Match on catch block at 0xc3 in for 0x71d8987025
01-16 06:13:17.109 10434 10434 E ArmVmp : Match on catch block at 0xc3 in for 0x71d8987025
01-16 06:13:17.111 10434 10434 E ArmVmp : Match on catch block at 0xc3 in for 0x71d8987025
01-16 06:13:17.190 10434 10434 E ArmVmp : Match on catch block at 0xc3 in for 0x71d8987025
01-16 06:13:17.192 10434 10434 E ArmVmp : Match on catch block at 0xc3 in for 0x71d8987025
01-16 06:13:17.695 10434 10434 E ArmVmp : Match on catch block at 0xc3 in for 0x71d8987025
01-16 06:13:17.700 10434 10434 E ArmVmp : Match on catch block at 0xc3 in for 0x71d8987025
01-16 06:13:17.916 10434 10434 E ArmVmp : Match on catch block at 0xc3 in for 0x71d8987025
01-16 06:13:17.919 10434 10434 E ArmVmp : Match on catch block at 0xc3 in for 0x71d8987025
01-16 06:13:17.934 10434 10434 E ArmVmp : Match on catch block at 0xc3 in for 0x71d8987025
01-16 06:13:17.936 10434 10434 E ArmVmp : Match on catch block at 0xc3 in for 0x71d8987025
01-16 06:13:17.941 10434 10434 E ArmVmp : Match on catch block at 0xc3 in for 0x71d8987025
01-16 06:13:17.943 10434 10434 E ArmVmp : Match on catch block at 0xc3 in for 0x71d8987025
01-16 06:13:17.956 10434 10434 E ArmVmp : Match on catch block at 0xc3 in for 0x71d8987025
01-16 06:13:17.958 10434 10434 E ArmVmp : Match on catch block at 0xc3 in for 0x71d8987025
01-16 06:13:17.973 10434 10434 E ArmVmp : Match on catch block at 0xc3 in for 0x71d8987025
01-16 06:13:17.977 10434 10434 E ArmVmp : Match on catch block at 0xc3 in for 0x71d8987025
01-16 06:13:17.989 10434 10434 E ArmVmp : Match on catch block at 0xc3 in for 0x71d8987025
01-16 06:13:17.991 10434 10434 E ArmVmp : Match on catch block at 0xc3 in for 0x71d8987025
01-16 06:13:18.005 10434 10434 E ArmVmp : Match on catch block at 0xc3 in for 0x71d8987025
01-16 06:13:18.008 10434 10434 E ArmVmp : Match on catch block at 0xc3 in for 0x71d8987025
01-16 06:13:18.021 10434 10434 E ArmVmp : Match on catch block at 0xc3 in for 0x71d8987025
01-16 06:13:18.023 10434 10434 E ArmVmp : Match on catch block at 0xc3 in for 0x71d8987025
01-16 06:13:18.039 10434 10434 E ArmVmp : Match on catch block at 0xc3 in for 0x71d8987025
01-16 06:13:18.042 10434 10434 E ArmVmp : Match on catch block at 0xc3 in for 0x71d8987025
01-16 06:13:18.054 10434 10434 E ArmVmp : Match on catch block at 0xc3 in for 0x71d8987025
01-16 06:13:18.056 10434 10434 E ArmVmp : Match on catch block at 0xc3 in for 0x71d8987025
01-16 06:13:18.070 10434 10434 E ArmVmp : Match on catch block at 0xc3 in for 0x71d8987025
01-16 06:13:18.072 10434 10434 E ArmVmp : Match on catch block at 0xc3 in for 0x71d8987025
01-16 06:13:18.087 10434 10434 E ArmVmp : Match on catch block at 0xc3 in for 0x71d8987025
01-16 06:13:18.090 10434 10434 E ArmVmp : Match on catch block at 0xc3 in for 0x71d8987025
01-16 06:13:18.103 10434 10434 E ArmVmp : Match on catch block at 0xc3 in for 0x71d8987025
01-16 06:13:18.106 10434 10434 E ArmVmp : Match on catch block at 0xc3 in for 0x71d8987025
01-16 06:13:18.282 10434 10434 E ArmVmp : Match on catch block at 0xc3 in for 0x71d8987025
01-16 06:13:18.285 10434 10434 E ArmVmp : Match on catch block at 0xc3 in for 0x71d8987025
01-16 06:13:18.308 10434 10434 E ArmVmp : Match on catch block at 0xc3 in for 0x71d8987025
01-16 06:13:18.310 10434 10434 E ArmVmp : Match on catch block at 0xc3 in for 0x71d8987025
01-16 06:13:18.377 10434 10434 E ArmVmp : Match on catch block at 0xc3 in for 0x71d8987025
01-16 06:13:18.379 10434 10434 E ArmVmp : Match on catch block at 0xc3 in for 0x71d8987025
01-16 06:13:18.429 10434 10434 E ArmVmp : Match on catch block at 0xc3 in for 0x71d8987025
01-16 06:13:18.432 10434 10434 E ArmVmp : Match on catch block at 0xc3 in for 0x71d8987025
01-16 06:13:18.446 10434 10434 E ArmVmp : Match on catch block at 0xc3 in for 0x71d8987025
01-16 06:13:18.449 10434 10434 E ArmVmp : Match on catch block at 0xc3 in for 0x71d8987025
01-16 06:13:18.482 10434 10434 E ArmVmp : Match on catch block at 0xc3 in for 0x71d8987025
01-16 06:13:18.485 10434 10434 E ArmVmp : Match on catch block at 0xc3 in for 0x71d8987025
01-16 06:13:18.498 10434 10434 E ArmVmp : Match on catch block at 0xc3 in for 0x71d8987025
01-16 06:13:18.501 10434 10434 E ArmVmp : Match on catch block at 0xc3 in for 0x71d8987025
01-16 06:13:18.509 10434 10434 E ArmVmp : Match on catch block at 0xc3 in for 0x71d8987025
01-16 06:13:18.512 10434 10434 E ArmVmp : Match on catch block at 0xc3 in for 0x71d8987025
01-16 06:13:18.803 10434 10434 E ArmVmp : Match on catch block at 0xc3 in for 0x71d8987025
01-16 06:13:18.806 10434 10434 E ArmVmp : Match on catch block at 0xc3 in for 0x71d8987025
01-16 06:13:18.871 10434 10434 E ArmVmp : Match on catch block at 0xc3 in for 0x71d8987025
01-16 06:13:18.873 10434 10434 E ArmVmp : Match on catch block at 0xc3 in for 0x71d8987025
01-16 06:13:18.884 10434 14499 W MediaPlayer: Use of stream types is deprecated for operations other than volume control
01-16 06:13:18.884 10434 14499 W MediaPlayer: See the documentation of setAudioStreamType() for what to use instead with android.media.AudioAttributes to qualify your playback use case
01-16 06:13:19.023 10434 10434 E ArmVmp : Match on catch block at 0xc3 in for 0x71d8987025
01-16 06:13:19.025 10434 10434 E ArmVmp : Match on catch block at 0xc3 in for 0x71d8987025
01-16 06:13:19.039 10434 10434 E ArmVmp : Match on catch block at 0xc3 in for 0x71d8987025
01-16 06:13:19.041 10434 10434 E ArmVmp : Match on catch block at 0xc3 in for 0x71d8987025
01-16 06:13:19.046 10434 10434 E ArmVmp : Match on catch block at 0xc3 in for 0x71d8987025
01-16 06:13:19.048 10434 10434 E ArmVmp : Match on catch block at 0xc3 in for 0x71d8987025
01-16 06:13:19.063 10434 10434 E ArmVmp : Match on catch block at 0xc3 in for 0x71d8987025
01-16 06:13:19.066 10434 10434 E ArmVmp : Match on catch block at 0xc3 in for 0x71d8987025
01-16 06:13:19.079 10434 10434 E ArmVmp : Match on catch block at 0xc3 in for 0x71d8987025
01-16 06:13:19.081 10434 10434 E ArmVmp : Match on catch block at 0xc3 in for 0x71d8987025
01-16 06:13:19.095 10434 10434 E ArmVmp : Match on catch block at 0xc3 in for 0x71d8987025
01-16 06:13:19.098 10434 10434 E ArmVmp : Match on catch block at 0xc3 in for 0x71d8987025
01-16 06:13:19.148 10434 10434 E ArmVmp : Match on catch block at 0xc3 in for 0x71d8987025
01-16 06:13:19.151 10434 10434 E ArmVmp : Match on catch block at 0xc3 in for 0x71d8987025
01-16 06:13:19.161 10434 10434 E ArmVmp : Match on catch block at 0xc3 in for 0x71d8987025
01-16 06:13:19.163 10434 10434 E ArmVmp : Match on catch block at 0xc3 in for 0x71d8987025
01-16 06:13:19.179 10434 10434 E ArmVmp : Match on catch block at 0xc3 in for 0x71d8987025
01-16 06:13:19.183 10434 10434 E ArmVmp : Match on catch block at 0xc3 in for 0x71d8987025
01-16 06:13:19.194 10434 10434 E ArmVmp : Match on catch block at 0xc3 in for 0x71d8987025
01-16 06:13:19.197 10434 10434 E ArmVmp : Match on catch block at 0xc3 in for 0x71d8987025
01-16 06:13:19.209 10434 10434 E ArmVmp : Match on catch block at 0xc3 in for 0x71d8987025
01-16 06:13:19.211 10434 10434 E ArmVmp : Match on catch block at 0xc3 in for 0x71d8987025
01-16 06:13:19.535 10434 10434 E ArmVmp : Match on catch block at 0xc3 in for 0x71d8987025
01-16 06:13:19.539 10434 10434 E ArmVmp : Match on catch block at 0xc3 in for 0x71d8987025
01-16 06:13:20.040 10434 10434 E ArmVmp : Match on catch block at 0xc3 in for 0x71d8987025
01-16 06:13:20.043 10434 10434 E ArmVmp : Match on catch block at 0xc3 in for 0x71d8987025
01-16 06:13:20.332 10434 10434 E ArmVmp : Match on catch block at 0xc3 in for 0x71d8987025
01-16 06:13:20.336 10434 10434 E ArmVmp : Match on catch block at 0xc3 in for 0x71d8987025
01-16 06:13:20.837 10434 10434 E ArmVmp : Match on catch block at 0xc3 in for 0x71d8987025
01-16 06:13:20.840 10434 10434 E ArmVmp : Match on catch block at 0xc3 in for 0x71d8987025
01-16 06:13:21.114 10434 10434 E ArmVmp : Match on catch block at 0xc3 in for 0x71d8987025
01-16 06:13:21.118 10434 10434 E ArmVmp : Match on catch block at 0xc3 in for 0x71d8987025
01-16 06:13:21.440 10434 10434 E ArmVmp : Match on catch block at 0xc3 in for 0x71d8987025
01-16 06:13:21.448 10434 10434 E ArmVmp : Match on catch block at 0xc3 in for 0x71d8987025
01-16 06:13:21.813 10434 10434 E ArmVmp : Match on catch block at 0xc3 in for 0x71d8987025
01-16 06:13:21.821 10434 10434 E ArmVmp : Match on catch block at 0xc3 in for 0x71d8987025
01-16 06:13:21.945 10434 10434 E ArmVmp : Match on catch block at 0xc3 in for 0x71d8987025
01-16 06:13:21.948 10434 10434 E ArmVmp : Match on catch block at 0xc3 in for 0x71d8987025
01-16 06:13:22.431 10434 10434 E ArmVmp : Match on catch block at 0xc3 in for 0x71d8987025
01-16 06:13:22.434 10434 10434 E ArmVmp : Match on catch block at 0xc3 in for 0x71d8987025
01-16 06:13:22.464 10434 10434 E ArmVmp : Match on catch block at 0xc3 in for 0x71d8987025
01-16 06:13:22.467 10434 10434 E ArmVmp : Match on catch block at 0xc3 in for 0x71d8987025
01-16 06:13:22.709 10434 10434 E ArmVmp : Match on catch block at 0xc3 in for 0x71d8987025
01-16 06:13:22.714 10434 10434 E ArmVmp : Match on catch block at 0xc3 in for 0x71d8987025
01-16 06:13:23.212 10434 10434 E ArmVmp : Match on catch block at 0xc3 in for 0x71d8987025
01-16 06:13:23.215 10434 10434 E ArmVmp : Match on catch block at 0xc3 in for 0x71d8987025
01-16 06:13:23.468 10434 10434 E ArmVmp : Match on catch block at 0xc3 in for 0x71d8987025
01-16 06:13:23.471 10434 10434 E ArmVmp : Match on catch block at 0xc3 in for 0x71d8987025
01-16 06:13:23.978 10434 10434 E ArmVmp : Match on catch block at 0xc3 in for 0x71d8987025
01-16 06:13:23.981 10434 10434 E ArmVmp : Match on catch block at 0xc3 in for 0x71d8987025
01-16 06:13:24.094 10434 10434 E ArmVmp : Match on catch block at 0xc3 in for 0x71d8987025
01-16 06:13:24.098 10434 10434 E ArmVmp : Match on catch block at 0xc3 in for 0x71d8987025
01-16 06:13:24.368 10434 10434 E ArmVmp : Match on catch block at 0xc3 in for 0x71d8987025
01-16 06:13:24.370 10434 10434 E ArmVmp : Match on catch block at 0xc3 in for 0x71d8987025
01-16 06:13:24.386 10434 10434 E ArmVmp : Match on catch block at 0xc3 in for 0x71d8987025
01-16 06:13:24.390 10434 10434 E ArmVmp : Match on catch block at 0xc3 in for 0x71d8987025
01-16 06:13:24.402 10434 10434 E ArmVmp : Match on catch block at 0xc3 in for 0x71d8987025
01-16 06:13:24.407 10434 10434 E ArmVmp : Match on catch block at 0xc3 in for 0x71d8987025
01-16 06:13:24.418 10434 10434 E ArmVmp : Match on catch block at 0xc3 in for 0x71d8987025
01-16 06:13:24.422 10434 10434 E ArmVmp : Match on catch block at 0xc3 in for 0x71d8987025
01-16 06:13:24.435 10434 10434 E ArmVmp : Match on catch block at 0xc3 in for 0x71d8987025
01-16 06:13:24.439 10434 10434 E ArmVmp : Match on catch block at 0xc3 in for 0x71d8987025
01-16 06:13:24.564 10434 10434 E ArmVmp : Match on catch block at 0xc3 in for 0x71d8987025
01-16 06:13:24.569 10434 10434 E ArmVmp : Match on catch block at 0xc3 in for 0x71d8987025
01-16 06:13:24.581 10434 10434 E ArmVmp : Match on catch block at 0xc3 in for 0x71d8987025
01-16 06:13:24.586 10434 10434 E ArmVmp : Match on catch block at 0xc3 in for 0x71d8987025
01-16 06:13:24.598 10434 10434 E ArmVmp : Match on catch block at 0xc3 in for 0x71d8987025
01-16 06:13:24.601 10434 10434 E ArmVmp : Match on catch block at 0xc3 in for 0x71d8987025
01-16 06:13:24.613 10434 10434 E ArmVmp : Match on catch block at 0xc3 in for 0x71d8987025
01-16 06:13:24.615 10434 10434 E ArmVmp : Match on catch block at 0xc3 in for 0x71d8987025
01-16 06:13:24.629 10434 10434 E ArmVmp : Match on catch block at 0xc3 in for 0x71d8987025
01-16 06:13:24.633 10434 10434 E ArmVmp : Match on catch block at 0xc3 in for 0x71d8987025
01-16 06:13:24.906 10434 10434 E ArmVmp : Match on catch block at 0xc3 in for 0x71d8987025
01-16 06:13:24.910 10434 10434 E ArmVmp : Match on catch block at 0xc3 in for 0x71d8987025
01-16 06:13:24.921 10434 10434 E ArmVmp : Match on catch block at 0xc3 in for 0x71d8987025
01-16 06:13:24.926 10434 10434 E ArmVmp : Match on catch block at 0xc3 in for 0x71d8987025
01-16 06:13:25.005 10434 10434 E ArmVmp : Match on catch block at 0xc3 in for 0x71d8987025
01-16 06:13:25.009 10434 10434 E ArmVmp : Match on catch block at 0xc3 in for 0x71d8987025
01-16 06:13:25.215 10434 10434 E ArmVmp : Match on catch block at 0xc3 in for 0x71d8987025
01-16 06:13:25.220 10434 10434 E ArmVmp : Match on catch block at 0xc3 in for 0x71d8987025
01-16 06:13:25.377 10434 10434 E ArmVmp : Match on catch block at 0xc3 in for 0x71d8987025
01-16 06:13:25.383 10434 10434 E ArmVmp : Match on catch block at 0xc3 in for 0x71d8987025
01-16 06:13:25.881 10434 10434 E ArmVmp : Match on catch block at 0xc3 in for 0x71d8987025
01-16 06:13:25.884 10434 10434 E ArmVmp : Match on catch block at 0xc3 in for 0x71d8987025
01-16 06:13:26.381 10434 10434 E ArmVmp : Match on catch block at 0xc3 in for 0x71d8987025
01-16 06:13:26.383 10434 10434 E ArmVmp : Match on catch block at 0xc3 in for 0x71d8987025
01-16 06:13:26.405 10434 10434 E ArmVmp : Match on catch block at 0xc3 in for 0x71d8987025
01-16 06:13:26.409 10434 10434 E ArmVmp : Match on catch block at 0xc3 in for 0x71d8987025
01-16 06:13:26.909 10434 10434 E ArmVmp : Match on catch block at 0xc3 in for 0x71d8987025
01-16 06:13:26.911 10434 10434 E ArmVmp : Match on catch block at 0xc3 in for 0x71d8987025
01-16 06:13:27.394 10434 10434 E ArmVmp : Match on catch block at 0xc3 in for 0x71d8987025
01-16 06:13:27.397 10434 10434 E ArmVmp : Match on catch block at 0xc3 in for 0x71d8987025
01-16 06:13:27.900 10434 10434 E ArmVmp : Match on catch block at 0xc3 in for 0x71d8987025
01-16 06:13:27.903 10434 10434 E ArmVmp : Match on catch block at 0xc3 in for 0x71d8987025
01-16 06:13:27.932 10434 10434 E ArmVmp : Match on catch block at 0xc3 in for 0x71d8987025
01-16 06:13:27.936 10434 10434 E ArmVmp : Match on catch block at 0xc3 in for 0x71d8987025
01-16 06:13:27.978 10434 10434 E ArmVmp : Match on catch block at 0xc3 in for 0x71d8987025
01-16 06:13:27.982 10434 10434 E ArmVmp : Match on catch block at 0xc3 in for 0x71d8987025
01-16 06:13:27.993 10434 10434 E ArmVmp : Match on catch block at 0xc3 in for 0x71d8987025
01-16 06:13:27.996 10434 10434 E ArmVmp : Match on catch block at 0xc3 in for 0x71d8987025
01-16 06:13:28.011 10434 10434 E ArmVmp : Match on catch block at 0xc3 in for 0x71d8987025
01-16 06:13:28.016 10434 10434 E ArmVmp : Match on catch block at 0xc3 in for 0x71d8987025
01-16 06:13:28.041 10434 10434 E ArmVmp : Match on catch block at 0xc3 in for 0x71d8987025
01-16 06:13:28.046 10434 10434 E ArmVmp : Match on catch block at 0xc3 in for 0x71d8987025
01-16 06:13:28.060 10434 10434 E ArmVmp : Match on catch block at 0xc3 in for 0x71d8987025
01-16 06:13:28.064 10434 10434 E ArmVmp : Match on catch block at 0xc3 in for 0x71d8987025
01-16 06:13:28.072 10434 10434 E ArmVmp : Match on catch block at 0xc3 in for 0x71d8987025
01-16 06:13:28.075 10434 10434 E ArmVmp : Match on catch block at 0xc3 in for 0x71d8987025
01-16 06:13:28.081 10434 10434 E ArmVmp : Match on catch block at 0xc3 in for 0x71d8987025
01-16 06:13:28.084 10434 10434 E ArmVmp : Match on catch block at 0xc3 in for 0x71d8987025
01-16 06:13:28.094 10434 10434 E ArmVmp : Match on catch block at 0xc3 in for 0x71d8987025
01-16 06:13:28.098 10434 10434 E ArmVmp : Match on catch block at 0xc3 in for 0x71d8987025
01-16 06:13:28.111 10434 10434 E ArmVmp : Match on catch block at 0xc3 in for 0x71d8987025
01-16 06:13:28.117 10434 10434 E ArmVmp : Match on catch block at 0xc3 in for 0x71d8987025
01-16 06:13:28.393 10434 10434 E ArmVmp : Match on catch block at 0xc3 in for 0x71d8987025
01-16 06:13:28.396 10434 10434 E ArmVmp : Match on catch block at 0xc3 in for 0x71d8987025
01-16 06:13:28.405 10434 10434 E ArmVmp : Match on catch block at 0xc3 in for 0x71d8987025
01-16 06:13:28.409 10434 10434 E ArmVmp : Match on catch block at 0xc3 in for 0x71d8987025
01-16 06:13:28.423 10434 10434 E ArmVmp : Match on catch block at 0xc3 in for 0x71d8987025
01-16 06:13:28.427 10434 10434 E ArmVmp : Match on catch block at 0xc3 in for 0x71d8987025
01-16 06:13:28.483 10434 10434 E ArmVmp : Match on catch block at 0xc3 in for 0x71d8987025
01-16 06:13:28.485 10434 10434 E ArmVmp : Match on catch block at 0xc3 in for 0x71d8987025
01-16 06:13:28.490 10434 14499 W MediaPlayer: Use of stream types is deprecated for operations other than volume control
01-16 06:13:28.491 10434 14499 W MediaPlayer: See the documentation of setAudioStreamType() for what to use instead with android.media.AudioAttributes to qualify your playback use case
01-16 06:13:28.809 10434 10434 E ArmVmp : Match on catch block at 0xc3 in for 0x71d8987025
01-16 06:13:28.811 10434 10434 E ArmVmp : Match on catch block at 0xc3 in for 0x71d8987025
01-16 06:13:28.827 10434 10434 E ArmVmp : Match on catch block at 0xc3 in for 0x71d8987025
01-16 06:13:28.830 10434 10434 E ArmVmp : Match on catch block at 0xc3 in for 0x71d8987025
01-16 06:13:28.852 10434 10434 E ArmVmp : Match on catch block at 0xc3 in for 0x71d8987025
01-16 06:13:28.855 10434 10434 E ArmVmp : Match on catch block at 0xc3 in for 0x71d8987025
01-16 06:13:28.862 10434 10434 E ArmVmp : Match on catch block at 0xc3 in for 0x71d8987025
01-16 06:13:28.866 10434 10434 E ArmVmp : Match on catch block at 0xc3 in for 0x71d8987025
01-16 06:13:29.032 10434 14487 E BLASTBufferQueue: BLASTBufferItemConsumer::onDisconnect()
01-16 06:13:29.493 10434 15886 W Codec2Client: query -- param skipped: index = 1342179345.
01-16 06:13:29.493 10434 15886 W Codec2Client: query -- param skipped: index = 2415921170.
01-16 06:13:29.493 10434 15886 W Codec2Client: query -- param skipped: index = 1610614798.
01-16 06:13:29.494 10434 10434 E RecyclerView: No adapter attached; skipping layout
01-16 06:13:29.496 10434 15896 W Codec2Client: query -- param skipped: index = 1342179345.
01-16 06:13:29.496 10434 15896 W Codec2Client: query -- param skipped: index = 2415921170.
01-16 06:13:29.496 10434 15896 W Codec2Client: query -- param skipped: index = 1610614798.
01-16 06:13:31.365 10434 14487 E BLASTBufferQueue: BLASTBufferItemConsumer::onDisconnect()
01-16 06:13:32.644 10434 10434 W BottomSheetBehavior: BottomSheetBehavior now supports multiple callbacks. `setBottomSheetCallback()` removes all existing callbacks, including ones set internally by library authors, which may result in unintended behavior. This may change in the future. Please use `addBottomSheetCallback()` and `removeBottomSheetCallback()` instead to set your own callbacks.
01-16 06:13:32.644 10434 10434 W BottomSheetBehavior: BottomSheetBehavior now supports multiple callbacks. `setBottomSheetCallback()` removes all existing callbacks, including ones set internally by library authors, which may result in unintended behavior. This may change in the future. Please use `addBottomSheetCallback()` and `removeBottomSheetCallback()` instead to set your own callbacks.
01-16 06:13:32.672 10434 10434 W BottomSheetBehavior: BottomSheetBehavior now supports multiple callbacks. `setBottomSheetCallback()` removes all existing callbacks, including ones set internally by library authors, which may result in unintended behavior. This may change in the future. Please use `addBottomSheetCallback()` and `removeBottomSheetCallback()` instead to set your own callbacks.
