01-24 09:53:27.543 31969 31969 E ArmVmp : Match on catch block at 0xc3 in for 0xa9
01-24 09:53:27.641 31969 31969 E ArmVmp : Match on catch block at 0xc3 in for 0xa5
01-24 09:53:27.648 31969 31969 E ArmVmp : Match on catch block at 0xc3 in for 0xa9
01-24 09:53:27.656 31969 31969 E ArmVmp : Match on catch block at 0xc3 in for 0xa1
01-24 09:53:27.665 31969 31969 E ArmVmp : Match on catch block at 0xc3 in for 0xa5
01-24 09:53:27.673 31969 31969 E ArmVmp : Match on catch block at 0xc3 in for 0xa9
01-24 09:53:27.681 31969 31969 E ArmVmp : Match on catch block at 0xc3 in for 0xa1
01-24 09:53:27.690 31969 31969 E ArmVmp : Match on catch block at 0xc3 in for 0xa5
01-24 09:53:27.698 31969 31969 E ArmVmp : Match on catch block at 0xc3 in for 0xa9
01-24 09:53:27.707 31969 31969 E ArmVmp : Match on catch block at 0xc3 in for 0xa1
01-24 09:53:27.715 31969 31969 E ArmVmp : Match on catch block at 0xc3 in for 0xa5
01-24 09:53:27.723 31969 31969 E ArmVmp : Match on catch block at 0xc3 in for 0xa9
01-24 09:53:27.731 31969 31969 E ArmVmp : Match on catch block at 0xc3 in for 0xa1
01-24 09:53:27.740 31969 31969 E ArmVmp : Match on catch block at 0xc3 in for 0xa9
01-24 09:53:27.747 31969 31969 E ArmVmp : Match on catch block at 0xc3 in for 0xa1
01-24 09:53:27.840 31969 31969 E ArmVmp : Match on catch block at 0xc3 in for 0xa1
01-24 09:53:27.847 31969 31969 E ArmVmp : Match on catch block at 0xc3 in for 0xa5
01-24 09:53:27.857 31969 31969 E ArmVmp : Match on catch block at 0xc3 in for 0xa5
01-24 09:53:27.865 31969 31969 E ArmVmp : Match on catch block at 0xc3 in for 0xa9
01-24 09:53:27.882 31969 31969 E ArmVmp : Match on catch block at 0xc3 in for 0xa5
01-24 09:53:27.889 31969 31969 E ArmVmp : Match on catch block at 0xc3 in for 0xa9
01-24 09:53:27.898 31969 31969 E ArmVmp : Match on catch block at 0xc3 in for 0xa9
01-24 09:53:27.904 31969 31969 E ArmVmp : Match on catch block at 0xc3 in for 0xa1
01-24 09:53:27.915 31969 31969 E ArmVmp : Match on catch block at 0xc3 in for 0xa1
01-24 09:53:27.923 31969 31969 E ArmVmp : Match on catch block at 0xc3 in for 0xa5
01-24 09:53:27.930 31969 31969 E ArmVmp : Match on catch block at 0xc3 in for 0xa5
01-24 09:53:27.937 31969 31969 E ArmVmp : Match on catch block at 0xc3 in for 0xa9
01-24 09:53:27.948 31969 31969 E ArmVmp : Match on catch block at 0xc3 in for 0xa9
01-24 09:53:27.955 31969 31969 E ArmVmp : Match on catch block at 0xc3 in for 0xa1
01-24 09:53:27.963 31969 31969 E ArmVmp : Match on catch block at 0xc3 in for 0xa1
01-24 09:53:27.969 31969 31969 E ArmVmp : Match on catch block at 0xc3 in for 0xa5
01-24 09:53:27.980 31969 31969 E ArmVmp : Match on catch block at 0xc3 in for 0xa5
01-24 09:53:27.986 31969 31969 E ArmVmp : Match on catch block at 0xc3 in for 0xa9
01-24 09:53:27.997 31969 31969 E ArmVmp : Match on catch block at 0xc3 in for 0xa9
01-24 09:53:28.004 31969 31969 E ArmVmp : Match on catch block at 0xc3 in for 0xa1
01-24 09:53:28.014 31969 31969 E ArmVmp : Match on catch block at 0xc3 in for 0xa1
01-24 09:53:28.021 31969 31969 E ArmVmp : Match on catch block at 0xc3 in for 0xa5
01-24 09:53:28.033 31969 31969 E ArmVmp : Match on catch block at 0xc3 in for 0xa5
01-24 09:53:28.040 31969 31969 E ArmVmp : Match on catch block at 0xc3 in for 0xa9
01-24 09:53:28.051 31969 31969 E ArmVmp : Match on catch block at 0xc3 in for 0xa9
01-24 09:53:28.058 31969 31969 E ArmVmp : Match on catch block at 0xc3 in for 0xa1
01-24 09:53:28.070 31969 31969 E ArmVmp : Match on catch block at 0xc3 in for 0xa1
01-24 09:53:28.077 31969 31969 E ArmVmp : Match on catch block at 0xc3 in for 0xa5
01-24 09:53:28.085 31969 31969 E ArmVmp : Match on catch block at 0xc3 in for 0xa1
01-24 09:53:28.091 31969 31969 E ArmVmp : Match on catch block at 0xc3 in for 0xa5
01-24 09:53:28.101 31969 31969 E ArmVmp : Match on catch block at 0xc3 in for 0xa1
01-24 09:53:28.107 31969 31969 E ArmVmp : Match on catch block at 0xc3 in for 0xa5
01-24 09:53:28.117 31969 31969 E ArmVmp : Match on catch block at 0xc3 in for 0xa1
01-24 09:53:28.123 31969 31969 E ArmVmp : Match on catch block at 0xc3 in for 0xa5
01-24 09:53:28.133 31969 31969 E ArmVmp : Match on catch block at 0xc3 in for 0xa1
01-24 09:53:28.139 31969 31969 E ArmVmp : Match on catch block at 0xc3 in for 0xa5
01-24 09:53:28.149 31969 31969 E ArmVmp : Match on catch block at 0xc3 in for 0xa1
01-24 09:53:28.155 31969 31969 E ArmVmp : Match on catch block at 0xc3 in for 0xa5
01-24 09:53:28.165 31969 31969 E ArmVmp : Match on catch block at 0xc3 in for 0xa1
01-24 09:53:28.171 31969 31969 E ArmVmp : Match on catch block at 0xc3 in for 0xa5
01-24 09:53:28.180 31969 31969 E ArmVmp : Match on catch block at 0xc3 in for 0xa1
01-24 09:53:28.186 31969 31969 E ArmVmp : Match on catch block at 0xc3 in for 0xa5
01-24 09:53:28.196 31969 31969 E ArmVmp : Match on catch block at 0xc3 in for 0xa1
01-24 09:53:28.202 31969 31969 E ArmVmp : Match on catch block at 0xc3 in for 0xa5
01-24 09:53:28.212 31969 31969 E ArmVmp : Match on catch block at 0xc3 in for 0xa9
01-24 09:53:28.219 31969 31969 E ArmVmp : Match on catch block at 0xc3 in for 0xa1
01-24 09:53:28.229 31969 31969 E ArmVmp : Match on catch block at 0xc3 in for 0xa9
01-24 09:53:28.235 31969 31969 E ArmVmp : Match on catch block at 0xc3 in for 0xa1
01-24 09:53:28.247 31969 31969 E ArmVmp : Match on catch block at 0xc3 in for 0xa9
01-24 09:53:28.253 31969 31969 E ArmVmp : Match on catch block at 0xc3 in for 0xa1
01-24 09:53:28.265 31969 31969 E ArmVmp : Match on catch block at 0xc3 in for 0xa9
01-24 09:53:28.271 31969 31969 E ArmVmp : Match on catch block at 0xc3 in for 0xa1
01-24 09:53:28.280 31969 31969 E ArmVmp : Match on catch block at 0xc3 in for 0xa9
01-24 09:53:28.286 31969 31969 E ArmVmp : Match on catch block at 0xc3 in for 0xa1
01-24 09:53:28.313 31969 31969 E ArmVmp : Match on catch block at 0xc3 in for 0xa5
01-24 09:53:28.319 31969 31969 E ArmVmp : Match on catch block at 0xc3 in for 0xa9
01-24 09:53:28.345 31969 31969 E ArmVmp : Match on catch block at 0xc3 in for 0xa1
01-24 09:53:28.351 31969 31969 E ArmVmp : Match on catch block at 0xc3 in for 0xa5
01-24 09:53:28.379 31969 31969 E ArmVmp : Match on catch block at 0xc3 in for 0xa1
01-24 09:53:28.385 31969 31969 E ArmVmp : Match on catch block at 0xc3 in for 0xa5
01-24 09:53:28.396 31969 31969 E ArmVmp : Match on catch block at 0xc3 in for 0xa1
01-24 09:53:28.402 31969 31969 E ArmVmp : Match on catch block at 0xc3 in for 0xa5
01-24 09:53:28.413 31969 31969 E ArmVmp : Match on catch block at 0xc3 in for 0xa9
01-24 09:53:28.419 31969 31969 E ArmVmp : Match on catch block at 0xc3 in for 0xa1
01-24 09:53:28.431 31969 31969 E ArmVmp : Match on catch block at 0xc3 in for 0xa5
01-24 09:53:28.439 31969 31969 E ArmVmp : Match on catch block at 0xc3 in for 0xa9
01-24 09:53:28.448 31969 31969 E ArmVmp : Match on catch block at 0xc3 in for 0xa1
01-24 09:53:28.455 31969 31969 E ArmVmp : Match on catch block at 0xc3 in for 0xa5
01-24 09:53:28.481 31969 31969 E ArmVmp : Match on catch block at 0xc3 in for 0xa9
01-24 09:53:28.486 31969 31969 E ArmVmp : Match on catch block at 0xc3 in for 0xa1
01-24 09:53:28.496 31969 31969 E ArmVmp : Match on catch block at 0xc3 in for 0xa9
01-24 09:53:28.503 31969 31969 E ArmVmp : Match on catch block at 0xc3 in for 0xa1
01-24 09:53:28.514 31969 31969 E ArmVmp : Match on catch block at 0xc3 in for 0xa5
01-24 09:53:28.520 31969 31969 E ArmVmp : Match on catch block at 0xc3 in for 0xa9
01-24 09:53:28.547 31969 31969 E ArmVmp : Match on catch block at 0xc3 in for 0xa1
01-24 09:53:28.554 31969 31969 E ArmVmp : Match on catch block at 0xc3 in for 0xa5
01-24 09:53:28.582 31969 31969 E ArmVmp : Match on catch block at 0xc3 in for 0xa9
01-24 09:53:28.588 31969 31969 E ArmVmp : Match on catch block at 0xc3 in for 0xa1
01-24 09:53:28.632 31969 31969 E ArmVmp : Match on catch block at 0xc3 in for 0xa1
01-24 09:53:28.639 31969 31969 E ArmVmp : Match on catch block at 0xc3 in for 0xa5
01-24 09:53:28.698 31969 31969 E ArmVmp : Match on catch block at 0xc3 in for 0xa1
01-24 09:53:28.705 31969 31969 E ArmVmp : Match on catch block at 0xc3 in for 0xa5
01-24 09:53:28.733 31969 31969 E ArmVmp : Match on catch block at 0xc3 in for 0xa1
01-24 09:53:28.740 31969 31969 E ArmVmp : Match on catch block at 0xc3 in for 0xa5
01-24 09:53:28.852 31969 31969 E ArmVmp : Match on catch block at 0xc3 in for 0xa1
01-24 09:53:28.859 31969 31969 E ArmVmp : Match on catch block at 0xc3 in for 0xa5
01-24 09:53:29.203 31969 31969 E ArmVmp : Match on catch block at 0xc3 in for 0xa9
01-24 09:53:29.211 31969 31969 E ArmVmp : Match on catch block at 0xc3 in for 0xa1
01-24 09:53:29.424 31969 31969 E ArmVmp : Match on catch block at 0xc3 in for 0xa5
01-24 09:53:29.431 31969 31969 E ArmVmp : Match on catch block at 0xc3 in for 0xa9
01-24 09:53:29.506 31969 31969 E ArmVmp : Match on catch block at 0xc3 in for 0xa9
01-24 09:53:29.513 31969 31969 E ArmVmp : Match on catch block at 0xc3 in for 0xa1
01-24 09:53:29.522 31969 31969 E ArmVmp : Match on catch block at 0xc3 in for 0xa5
01-24 09:53:29.530 31969 31969 E ArmVmp : Match on catch block at 0xc3 in for 0xa9
01-24 09:53:29.540 31969 31969 E ArmVmp : Match on catch block at 0xc3 in for 0xa1
01-24 09:53:29.547 31969 31969 E ArmVmp : Match on catch block at 0xc3 in for 0xa5
01-24 09:53:29.557 31969 31969 E ArmVmp : Match on catch block at 0xc3 in for 0xa9
01-24 09:53:29.565 31969 31969 E ArmVmp : Match on catch block at 0xc3 in for 0xa1
01-24 09:53:29.573 31969 31969 E ArmVmp : Match on catch block at 0xc3 in for 0xa5
01-24 09:53:29.580 31969 31969 E ArmVmp : Match on catch block at 0xc3 in for 0xa9
01-24 09:53:29.590 31969 31969 E ArmVmp : Match on catch block at 0xc3 in for 0xa1
01-24 09:53:29.598 31969 31969 E ArmVmp : Match on catch block at 0xc3 in for 0xa5
01-24 09:53:29.607 31969 31969 E ArmVmp : Match on catch block at 0xc3 in for 0xa1
01-24 09:53:29.614 31969 31969 E ArmVmp : Match on catch block at 0xc3 in for 0xa5
01-24 09:53:29.707 31969 31969 E ArmVmp : Match on catch block at 0xc3 in for 0xa5
01-24 09:53:29.713 31969 31969 E ArmVmp : Match on catch block at 0xc3 in for 0xa9
01-24 09:53:30.212 31969 31969 E ArmVmp : Match on catch block at 0xc3 in for 0xa9
01-24 09:53:30.219 31969 31969 E ArmVmp : Match on catch block at 0xc3 in for 0xa1
01-24 09:53:30.716 31969 31969 E ArmVmp : Match on catch block at 0xc3 in for 0xa1
01-24 09:53:30.722 31969 31969 E ArmVmp : Match on catch block at 0xc3 in for 0xa5
01-24 09:53:31.204 31969 31969 E ArmVmp : Match on catch block at 0xc3 in for 0xa5
01-24 09:53:31.210 31969 31969 E ArmVmp : Match on catch block at 0xc3 in for 0xa9
01-24 09:53:31.709 31969 31969 E ArmVmp : Match on catch block at 0xc3 in for 0xa9
01-24 09:53:31.715 31969 31969 E ArmVmp : Match on catch block at 0xc3 in for 0xa1
01-24 09:53:32.213 31969 31969 E ArmVmp : Match on catch block at 0xc3 in for 0xa1
01-24 09:53:32.219 31969 31969 E ArmVmp : Match on catch block at 0xc3 in for 0xa5
01-24 09:53:32.718 31969 31969 E ArmVmp : Match on catch block at 0xc3 in for 0xa5
01-24 09:53:32.724 31969 31969 E ArmVmp : Match on catch block at 0xc3 in for 0xa9
01-24 09:53:33.222 31969 31969 E ArmVmp : Match on catch block at 0xc3 in for 0xa9
01-24 09:53:33.229 31969 31969 E ArmVmp : Match on catch block at 0xc3 in for 0xa1
01-24 09:53:33.710 31969 31969 E ArmVmp : Match on catch block at 0xc3 in for 0xa1
01-24 09:53:33.716 31969 31969 E ArmVmp : Match on catch block at 0xc3 in for 0xa5
01-24 09:53:34.215 31969 31969 E ArmVmp : Match on catch block at 0xc3 in for 0xa5
01-24 09:53:34.221 31969 31969 E ArmVmp : Match on catch block at 0xc3 in for 0xa9
01-24 09:53:34.719 31969 31969 E ArmVmp : Match on catch block at 0xc3 in for 0xa9
01-24 09:53:34.725 31969 31969 E ArmVmp : Match on catch block at 0xc3 in for 0xa1
01-24 09:53:35.224 31969 31969 E ArmVmp : Match on catch block at 0xc3 in for 0xa1
01-24 09:53:35.230 31969 31969 E ArmVmp : Match on catch block at 0xc3 in for 0xa5
01-24 09:53:35.718 31969 31969 E ArmVmp : Match on catch block at 0xc3 in for 0xa1
01-24 09:53:35.724 31969 31969 E ArmVmp : Match on catch block at 0xc3 in for 0xa5
01-24 09:53:35.818 31969 31969 E ArmVmp : Match on catch block at 0xc3 in for 0xa5
01-24 09:53:35.825 31969 31969 E ArmVmp : Match on catch block at 0xc3 in for 0xa9
01-24 09:53:35.837 31969 31969 E ArmVmp : Match on catch block at 0xc3 in for 0xa9
01-24 09:53:35.842 31969 31969 E ArmVmp : Match on catch block at 0xc3 in for 0xa1
01-24 09:53:35.851 31969 31969 E ArmVmp : Match on catch block at 0xc3 in for 0xa9
01-24 09:53:35.856 31969 31969 E ArmVmp : Match on catch block at 0xc3 in for 0xa1
01-24 09:53:35.865 31969 31969 E ArmVmp : Match on catch block at 0xc3 in for 0xa5
01-24 09:53:35.871 31969 31969 E ArmVmp : Match on catch block at 0xc3 in for 0xa9
01-24 09:53:35.882 31969 31969 E ArmVmp : Match on catch block at 0xc3 in for 0xa1
01-24 09:53:35.889 31969 31969 E ArmVmp : Match on catch block at 0xc3 in for 0xa5
01-24 09:53:35.898 31969 31969 E ArmVmp : Match on catch block at 0xc3 in for 0xa1
01-24 09:53:35.904 31969 31969 E ArmVmp : Match on catch block at 0xc3 in for 0xa5
01-24 09:53:35.915 31969 31969 E ArmVmp : Match on catch block at 0xc3 in for 0xa9
01-24 09:53:35.923 31969 31969 E ArmVmp : Match on catch block at 0xc3 in for 0xa1
01-24 09:53:35.932 31969 31969 E ArmVmp : Match on catch block at 0xc3 in for 0xa5
01-24 09:53:35.939 31969 31969 E ArmVmp : Match on catch block at 0xc3 in for 0xa9
01-24 09:53:35.949 31969 31969 E ArmVmp : Match on catch block at 0xc3 in for 0xa1
01-24 09:53:35.955 31969 31969 E ArmVmp : Match on catch block at 0xc3 in for 0xa5
01-24 09:53:35.965 31969 31969 E ArmVmp : Match on catch block at 0xc3 in for 0xa9
01-24 09:53:35.972 31969 31969 E ArmVmp : Match on catch block at 0xc3 in for 0xa1
01-24 09:53:35.982 31969 31969 E ArmVmp : Match on catch block at 0xc3 in for 0xa5
01-24 09:53:35.989 31969 31969 E ArmVmp : Match on catch block at 0xc3 in for 0xa9
01-24 09:53:35.999 31969 31969 E ArmVmp : Match on catch block at 0xc3 in for 0xa1
01-24 09:53:36.006 31969 31969 E ArmVmp : Match on catch block at 0xc3 in for 0xa5
01-24 09:53:36.015 31969 31969 E ArmVmp : Match on catch block at 0xc3 in for 0xa1
01-24 09:53:36.022 31969 31969 E ArmVmp : Match on catch block at 0xc3 in for 0xa5
01-24 09:53:36.032 31969 31969 E ArmVmp : Match on catch block at 0xc3 in for 0xa1
01-24 09:53:36.039 31969 31969 E ArmVmp : Match on catch block at 0xc3 in for 0xa5
01-24 09:53:36.066 31969 31969 E ArmVmp : Match on catch block at 0xc3 in for 0xa1
01-24 09:53:36.071 31969 31969 E ArmVmp : Match on catch block at 0xc3 in for 0xa5
01-24 09:53:36.083 31969 31969 E ArmVmp : Match on catch block at 0xc3 in for 0xa1
01-24 09:53:36.089 31969 31969 E ArmVmp : Match on catch block at 0xc3 in for 0xa5
01-24 09:53:36.134 31969 31969 E ArmVmp : Match on catch block at 0xc3 in for 0xa1
01-24 09:53:36.141 31969 31969 E ArmVmp : Match on catch block at 0xc3 in for 0xa5
01-24 09:53:36.152 31969 31969 E ArmVmp : Match on catch block at 0xc3 in for 0xa1
01-24 09:53:36.160 31969 31969 E ArmVmp : Match on catch block at 0xc3 in for 0xa5
01-24 09:53:36.167 31969 31969 E ArmVmp : Match on catch block at 0xc3 in for 0xa9
01-24 09:53:36.173 31969 31969 E ArmVmp : Match on catch block at 0xc3 in for 0xa1
01-24 09:53:36.183 31969 31969 E ArmVmp : Match on catch block at 0xc3 in for 0xa5
01-24 09:53:36.190 31969 31969 E ArmVmp : Match on catch block at 0xc3 in for 0xa9
01-24 09:53:36.200 31969 31969 E ArmVmp : Match on catch block at 0xc3 in for 0xa1
01-24 09:53:36.207 31969 31969 E ArmVmp : Match on catch block at 0xc3 in for 0xa5
01-24 09:53:36.217 31969 31969 E ArmVmp : Match on catch block at 0xc3 in for 0xa9
01-24 09:53:36.223 31969 31969 E ArmVmp : Match on catch block at 0xc3 in for 0xa1
01-24 09:53:36.233 31969 31969 E ArmVmp : Match on catch block at 0xc3 in for 0xa5
01-24 09:53:36.240 31969 31969 E ArmVmp : Match on catch block at 0xc3 in for 0xa9
01-24 09:53:36.250 31969 31969 E ArmVmp : Match on catch block at 0xc3 in for 0xa5
01-24 09:53:36.257 31969 31969 E ArmVmp : Match on catch block at 0xc3 in for 0xa9
01-24 09:53:36.721 31969 31969 E ArmVmp : Match on catch block at 0xc3 in for 0xa9
01-24 09:53:36.727 31969 31969 E ArmVmp : Match on catch block at 0xc3 in for 0xa1
01-24 09:53:36.877 31969 31969 E ArmVmp : Match on catch block at 0xc3 in for 0xa9
01-24 09:53:36.885 31969 31969 E ArmVmp : Match on catch block at 0xc3 in for 0xa1
01-24 09:53:36.957 31969 31969 E ArmVmp : Match on catch block at 0xc3 in for 0xa1
01-24 09:53:36.963 31969 31969 E ArmVmp : Match on catch block at 0xc3 in for 0xa5
01-24 09:53:37.226 31969 31969 E ArmVmp : Match on catch block at 0xc3 in for 0xa5
01-24 09:53:37.232 31969 31969 E ArmVmp : Match on catch block at 0xc3 in for 0xa9
01-24 09:53:37.589 31969 31969 E ArmVmp : Match on catch block at 0xc3 in for 0xa9
01-24 09:53:37.595 31969 31969 E ArmVmp : Match on catch block at 0xc3 in for 0xa1
01-24 09:53:37.612 31969 32072 E libc : Access denied finding property
"ro.vendor.hwui.texture_cache_size"
01-24 09:53:37.608 31969 31969 W RenderThread: type=1400 audit(0.0:186120): avc:
denied { read } for name="u:object_r:vendor_hwui_prop:s0" dev="tmpfs" ino=14181
scontext=u:r:untrusted_app:s0:c140,c257,c512,c768
tcontext=u:object_r:vendor_hwui_prop:s0 tclass=file permissive=0
01-24 09:53:37.622 31969 32072 E libc : Access denied finding property
"ro.vendor.hwui.texture_cache_size"
01-24 09:53:37.616 31969 31969 W RenderThread: type=1400 audit(0.0:186121): avc:
denied { read } for name="u:object_r:vendor_hwui_prop:s0" dev="tmpfs" ino=14181
scontext=u:r:untrusted_app:s0:c140,c257,c512,c768
tcontext=u:object_r:vendor_hwui_prop:s0 tclass=file permissive=0
01-24 09:53:37.632 31969 31969 W ActivityThread: handleWindowVisibility: no
activity for token android.os.BinderProxy@d8fb6cc
01-24 09:53:37.697 31969 32072 E libc : Access denied finding property
"ro.vendor.hwui.texture_cache_size"
01-24 09:53:37.692 31969 31969 W RenderThread: type=1400 audit(0.0:186122): avc:
denied { read } for name="u:object_r:vendor_hwui_prop:s0" dev="tmpfs" ino=14181
scontext=u:r:untrusted_app:s0:c140,c257,c512,c768
tcontext=u:object_r:vendor_hwui_prop:s0 tclass=file permissive=0
01-24 09:53:37.706 31969 32072 E libc : Access denied finding property
"ro.vendor.hwui.texture_cache_size"
01-24 09:53:37.913 31969 31969 E ArmVmp : Match on catch block at 0xc3 in for 0xa1
01-24 09:53:37.918 31969 31969 E ArmVmp : Match on catch block at 0xc3 in for 0xa5
01-24 09:53:38.017 31969 31969 E ArmVmp : Match on catch block at 0xc3 in for 0xa5
01-24 09:53:38.023 31969 31969 E ArmVmp : Match on catch block at 0xc3 in for 0xa9
01-24 09:53:43.531 31969 32072 E libc : Access denied finding property
"ro.vendor.hwui.texture_cache_size"
01-24 09:53:43.528 31969 31969 W RenderThread: type=1400 audit(0.0:186127): avc:
denied { read } for name="u:object_r:vendor_hwui_prop:s0" dev="tmpfs" ino=14181
scontext=u:r:untrusted_app:s0:c140,c257,c512,c768
tcontext=u:object_r:vendor_hwui_prop:s0 tclass=file permissive=0
01-24 09:53:43.554 31969 32072 E libc : Access denied finding property
"ro.vendor.hwui.texture_cache_size"
01-24 09:53:43.548 31969 31969 W RenderThread: type=1400 audit(0.0:186128): avc:
denied { read } for name="u:object_r:vendor_hwui_prop:s0" dev="tmpfs" ino=14181
scontext=u:r:untrusted_app:s0:c140,c257,c512,c768
tcontext=u:object_r:vendor_hwui_prop:s0 tclass=file permissive=0
01-24 09:53:43.564 31969 31969 W ActivityThread: handleWindowVisibility: no
activity for token android.os.BinderProxy@77af56c
01-24 09:53:43.737 31969 32072 E libc : Access denied finding property
"ro.vendor.hwui.texture_cache_size"
01-24 09:53:43.732 31969 31969 W RenderThread: type=1400 audit(0.0:186129): avc:
denied { read } for name="u:object_r:vendor_hwui_prop:s0" dev="tmpfs" ino=14181
scontext=u:r:untrusted_app:s0:c140,c257,c512,c768
tcontext=u:object_r:vendor_hwui_prop:s0 tclass=file permissive=0
01-24 09:53:43.743 31969 32072 E libc : Access denied finding property
"ro.vendor.hwui.texture_cache_size"
01-24 09:53:43.740 31969 31969 W RenderThread: type=1400 audit(0.0:186130): avc:
denied { read } for name="u:object_r:vendor_hwui_prop:s0" dev="tmpfs" ino=14181
scontext=u:r:untrusted_app:s0:c140,c257,c512,c768
tcontext=u:object_r:vendor_hwui_prop:s0 tclass=file permissive=0
01-24 09:53:52.521 31969 31969 E ArmVmp : Match on catch block at 0xc3 in for 0xa5
01-24 09:53:52.530 31969 31969 E ArmVmp : Match on catch block at 0xc3 in for 0xa9
01-24 09:54:38.491 31969 31969 E ArmVmp : Match on catch block at 0x0a in for 0xc5
01-24 09:54:38.499 31969 31969 E ArmVmp : Match on catch block at 0x0a in for 0xc5
01-24 09:54:38.503 31969 32183 E ArmVmp : Match on catch block at 0x48 in for 0x81
01-24 09:54:38.504 31969 32183 W System.err: java.net.UnknownHostException: Unable
to resolve host "translate.googleapis.com": No address associated with hostname
01-24 09:54:38.504 31969 32183 W System.err:
01-24 09:54:38.504 31969 32183 W System.err: at
java.net.Inet6AddressImpl.lookupHostByName(Inet6AddressImpl.java:157)
01-24 09:54:38.505 31969 32183 W System.err:
01-24 09:54:38.505 31969 32183 W System.err: at
java.net.Inet6AddressImpl.lookupAllHostAddr(Inet6AddressImpl.java:105)
01-24 09:54:38.505 31969 32183 W System.err:
01-24 09:54:38.505 31969 32183 W System.err: at
java.net.InetAddress.getAllByName(InetAddress.java:1154)
01-24 09:54:38.505 31969 32183 W System.err:
01-24 09:54:38.506 31969 32183 W System.err: at
com.android.okhttp.Dns$1.lookup(Dns.java:39)
01-24 09:54:38.506 31969 32183 W System.err:
01-24 09:54:38.506 31969 32183 W System.err: at
com.android.okhttp.internal.http.RouteSelector.resetNextInetSocketAddress(RouteSele
ctor.java:175)
01-24 09:54:38.506 31969 32183 W System.err:
01-24 09:54:38.506 31969 32183 W System.err: at
com.android.okhttp.internal.http.RouteSelector.nextProxy(RouteSelector.java:141)
01-24 09:54:38.507 31969 32183 W System.err:
01-24 09:54:38.507 31969 32183 W System.err: at
com.android.okhttp.internal.http.RouteSelector.next(RouteSelector.java:83)
01-24 09:54:38.507 31969 32183 W System.err:
01-24 09:54:38.507 31969 32183 W System.err: at
com.android.okhttp.internal.http.StreamAllocation.findConnection(StreamAllocation.j
ava:174)
01-24 09:54:38.508 31969 32183 W System.err:
01-24 09:54:38.508 31969 32183 W System.err: at
com.android.okhttp.internal.http.StreamAllocation.findHealthyConnection(StreamAlloc
ation.java:126)
01-24 09:54:38.508 31969 32183 W System.err:
01-24 09:54:38.508 31969 32183 W System.err: at
com.android.okhttp.internal.http.StreamAllocation.newStream(StreamAllocation.java:9
5)
01-24 09:54:38.508 31969 32183 W System.err:
01-24 09:54:38.509 31969 32183 W System.err: at
com.android.okhttp.internal.http.HttpEngine.connect(HttpEngine.java:281)
01-24 09:54:38.509 31969 32183 W System.err:
01-24 09:54:38.509 31969 32183 W System.err: at
com.android.okhttp.internal.http.HttpEngine.sendRequest(HttpEngine.java:224)
01-24 09:54:38.509 31969 32183 W System.err:
01-24 09:54:38.509 31969 32183 W System.err: at
com.android.okhttp.internal.huc.HttpURLConnectionImpl.execute(HttpURLConnectionImpl
.java:461)
01-24 09:54:38.509 31969 32183 W System.err:
01-24 09:54:38.510 31969 32183 W System.err: at
com.android.okhttp.internal.huc.HttpURLConnectionImpl.connect(HttpURLConnectionImpl
.java:127)
01-24 09:54:38.510 31969 32183 W System.err:
01-24 09:54:38.510 31969 32183 W System.err: at
com.android.okhttp.internal.huc.DelegatingHttpsURLConnection.connect(DelegatingHttp
sURLConnection.java:89)
01-24 09:54:38.510 31969 32183 W System.err:
01-24 09:54:38.510 31969 32183 W System.err: at
com.android.okhttp.internal.huc.HttpsURLConnectionImpl.connect(HttpsURLConnectionIm
pl.java:26)
01-24 09:54:38.511 31969 32183 W System.err:
01-24 09:54:38.511 31969 32183 W System.err: at
mbmodsd.mbmodsw.home.MBTranslator.translate(Native Method)
01-24 09:54:38.511 31969 32183 W System.err:
01-24 09:54:38.511 31969 32183 W System.err: at
mbmodsd.mbmodsw.home.MBTranslator$Async.doInBackground(Native Method)
01-24 09:54:38.511 31969 32183 W System.err:
01-24 09:54:38.511 31969 32183 W System.err: at
mbmodsd.mbmodsw.home.MBTranslator$Async.doInBackground(Native Method)
01-24 09:54:38.511 31969 32183 W System.err:
01-24 09:54:38.512 31969 32183 W System.err: at
android.os.AsyncTask$2.call(AsyncTask.java:333)
01-24 09:54:38.512 31969 32183 W System.err:
01-24 09:54:38.512 31969 32183 W System.err: at
java.util.concurrent.FutureTask.run(FutureTask.java:266)
01-24 09:54:38.512 31969 32183 W System.err:
01-24 09:54:38.512 31969 32183 W System.err: at
android.os.AsyncTask$SerialExecutor$1.run(AsyncTask.java:245)
01-24 09:54:38.512 31969 32183 W System.err:
01-24 09:54:38.513 31969 32183 W System.err: at
java.util.concurrent.ThreadPoolExecutor.runWorker(ThreadPoolExecutor.java:1167)
01-24 09:54:38.513 31969 32183 W System.err:
01-24 09:54:38.513 31969 32183 W System.err: at
java.util.concurrent.ThreadPoolExecutor$Worker.run(ThreadPoolExecutor.java:641)
01-24 09:54:38.513 31969 32183 W System.err:
01-24 09:54:38.513 31969 32183 W System.err: at
java.lang.Thread.run(Thread.java:764)
01-24 09:54:38.513 31969 32183 W System.err:
01-24 09:54:38.514 31969 32183 W System.err: Caused by:
android.system.GaiException: android_getaddrinfo failed: EAI_NODATA (No address
associated with hostname)
01-24 09:54:38.514 31969 32183 W System.err:
01-24 09:54:38.514 31969 32183 W System.err: at
libcore.io.Linux.android_getaddrinfo(Native Method)
01-24 09:54:38.514 31969 32183 W System.err:
01-24 09:54:38.514 31969 32183 W System.err: at
libcore.io.BlockGuardOs.android_getaddrinfo(BlockGuardOs.java:172)
01-24 09:54:38.514 31969 32183 W System.err:
01-24 09:54:38.515 31969 32183 W System.err: at
java.net.Inet6AddressImpl.lookupHostByName(Inet6AddressImpl.java:137)
01-24 09:54:38.515 31969 32183 W System.err:
01-24 09:54:38.515 31969 32183 W System.err: ... 24 more
01-24 09:54:38.515 31969 32183 W System.err:
01-24 09:54:38.516 31969 32183 E ArmVmp : Match on catch block at 0x48 in for 0x95
01-24 09:54:38.517 31969 32183 W System.err: java.net.UnknownHostException: Unable
to resolve host "translate.googleapis.com": No address associated with hostname
01-24 09:54:38.517 31969 32183 W System.err:
01-24 09:54:38.518 31969 32183 W System.err: at
java.net.Inet6AddressImpl.lookupHostByName(Inet6AddressImpl.java:126)
01-24 09:54:38.518 31969 32183 W System.err:
01-24 09:54:38.518 31969 32183 W System.err: at
java.net.Inet6AddressImpl.lookupAllHostAddr(Inet6AddressImpl.java:105)
01-24 09:54:38.518 31969 32183 W System.err:
01-24 09:54:38.518 31969 32183 W System.err: at
java.net.InetAddress.getAllByName(InetAddress.java:1154)
01-24 09:54:38.519 31969 32183 W System.err:
01-24 09:54:38.519 31969 32183 W System.err: at
com.android.okhttp.Dns$1.lookup(Dns.java:39)
01-24 09:54:38.519 31969 32183 W System.err:
01-24 09:54:38.519 31969 32183 W System.err: at
com.android.okhttp.internal.http.RouteSelector.resetNextInetSocketAddress(RouteSele
ctor.java:175)
01-24 09:54:38.519 31969 32183 W System.err:
01-24 09:54:38.519 31969 32183 W System.err: at
com.android.okhttp.internal.http.RouteSelector.nextProxy(RouteSelector.java:141)
01-24 09:54:38.519 31969 32183 W System.err:
01-24 09:54:38.519 31969 32183 W System.err: at
com.android.okhttp.internal.http.RouteSelector.next(RouteSelector.java:83)
01-24 09:54:38.519 31969 32183 W System.err:
01-24 09:54:38.519 31969 32183 W System.err: at
com.android.okhttp.internal.http.StreamAllocation.findConnection(StreamAllocation.j
ava:174)
01-24 09:54:38.520 31969 32183 W System.err:
01-24 09:54:38.520 31969 32183 W System.err: at
com.android.okhttp.internal.http.StreamAllocation.findHealthyConnection(StreamAlloc
ation.java:126)
01-24 09:54:38.520 31969 32183 W System.err:
01-24 09:54:38.520 31969 32183 W System.err: at
com.android.okhttp.internal.http.StreamAllocation.newStream(StreamAllocation.java:9
5)
01-24 09:54:38.520 31969 32183 W System.err:
01-24 09:54:38.520 31969 32183 W System.err: at
com.android.okhttp.internal.http.HttpEngine.connect(HttpEngine.java:281)
01-24 09:54:38.520 31969 32183 W System.err:
01-24 09:54:38.520 31969 32183 W System.err: at
com.android.okhttp.internal.http.HttpEngine.sendRequest(HttpEngine.java:224)
01-24 09:54:38.520 31969 32183 W System.err:
01-24 09:54:38.521 31969 32183 W System.err: at
com.android.okhttp.internal.huc.HttpURLConnectionImpl.execute(HttpURLConnectionImpl
.java:461)
01-24 09:54:38.521 31969 32183 W System.err:
01-24 09:54:38.521 31969 32183 W System.err: at
com.android.okhttp.internal.huc.HttpURLConnectionImpl.connect(HttpURLConnectionImpl
.java:127)
01-24 09:54:38.521 31969 32183 W System.err:
01-24 09:54:38.521 31969 32183 W System.err: at
com.android.okhttp.internal.huc.DelegatingHttpsURLConnection.connect(DelegatingHttp
sURLConnection.java:89)
01-24 09:54:38.521 31969 32183 W System.err:
01-24 09:54:38.521 31969 32183 W System.err: at
com.android.okhttp.internal.huc.HttpsURLConnectionImpl.connect(HttpsURLConnectionIm
pl.java:26)
01-24 09:54:38.521 31969 32183 W System.err:
01-24 09:54:38.521 31969 32183 W System.err: at
mbmodsd.mbmodsw.home.MBTranslator.translate(Native Method)
01-24 09:54:38.521 31969 32183 W System.err:
01-24 09:54:38.522 31969 32183 W System.err: at
mbmodsd.mbmodsw.home.MBTranslator$Async.doInBackground(Native Method)
01-24 09:54:38.522 31969 32183 W System.err:
01-24 09:54:38.522 31969 32183 W System.err: at
mbmodsd.mbmodsw.home.MBTranslator$Async.doInBackground(Native Method)
01-24 09:54:38.522 31969 32183 W System.err:
01-24 09:54:38.522 31969 32183 W System.err: at
android.os.AsyncTask$2.call(AsyncTask.java:333)
01-24 09:54:38.522 31969 32183 W System.err:
01-24 09:54:38.522 31969 32183 W System.err: at
java.util.concurrent.FutureTask.run(FutureTask.java:266)
01-24 09:54:38.522 31969 32183 W System.err:
01-24 09:54:38.523 31969 32183 W System.err: at
android.os.AsyncTask$SerialExecutor$1.run(AsyncTask.java:245)
01-24 09:54:38.523 31969 32183 W System.err:
01-24 09:54:38.523 31969 32183 W System.err: at
java.util.concurrent.ThreadPoolExecutor.runWorker(ThreadPoolExecutor.java:1167)
01-24 09:54:38.523 31969 32183 W System.err:
01-24 09:54:38.523 31969 32183 W System.err: at
java.util.concurrent.ThreadPoolExecutor$Worker.run(ThreadPoolExecutor.java:641)
01-24 09:54:38.523 31969 32183 W System.err:
01-24 09:54:38.523 31969 32183 W System.err: at
java.lang.Thread.run(Thread.java:764)
01-24 09:54:38.523 31969 32183 W System.err:
01-24 09:54:38.569 31969 31969 W StaticLayout: maxLineHeight should not be -1.
maxLines:1 lineCount:1
01-24 09:54:38.577 31969 31969 W StaticLayout: maxLineHeight should not be -1.
maxLines:1 lineCount:1
01-24 09:54:38.659 31969 31969 E ArmVmp : Match on catch block at 0xc3 in for 0xa5
01-24 09:54:38.668 31969 31969 E ArmVmp : Match on catch block at 0xc3 in for 0xa9
01-24 09:54:38.866 31969 31969 E ArmVmp : Match on catch block at 0xc3 in for 0xa5
01-24 09:54:38.873 31969 31969 E ArmVmp : Match on catch block at 0xc3 in for 0xa9
01-24 09:54:38.999 31969 31969 E ArmVmp : Match on catch block at 0xc3 in for 0xa5
01-24 09:54:39.010 31969 31969 E ArmVmp : Match on catch block at 0xc3 in for 0xa9
01-24 09:54:39.284 31969 31969 E ArmVmp : Match on catch block at 0xc3 in for 0xa9
01-24 09:54:39.292 31969 31969 E ArmVmp : Match on catch block at 0xc3 in for 0xa1
01-24 09:54:39.334 31969 31969 E ArmVmp : Match on catch block at 0xc3 in for 0xa1
01-24 09:54:39.341 31969 31969 E ArmVmp : Match on catch block at 0xc3 in for 0xa5
01-24 09:54:39.363 31969 31969 E ArmVmp : Match on catch block at 0xc3 in for 0xa1
01-24 09:54:39.370 31969 31969 E ArmVmp : Match on catch block at 0xc3 in for 0xa5
01-24 09:54:39.385 31969 31969 E ArmVmp : Match on catch block at 0xc3 in for 0xa5
01-24 09:54:39.394 31969 31969 E ArmVmp : Match on catch block at 0xc3 in for 0xa9
01-24 09:54:39.402 31969 31969 E ArmVmp : Match on catch block at 0xc3 in for 0xa9
01-24 09:54:39.409 31969 31969 E ArmVmp : Match on catch block at 0xc3 in for 0xa1
01-24 09:54:39.418 31969 31969 E ArmVmp : Match on catch block at 0xc3 in for 0xa1
01-24 09:54:39.424 31969 31969 E ArmVmp : Match on catch block at 0xc3 in for 0xa5
01-24 09:54:39.435 31969 31969 E ArmVmp : Match on catch block at 0xc3 in for 0xa5
01-24 09:54:39.443 31969 31969 E ArmVmp : Match on catch block at 0xc3 in for 0xa9
01-24 09:54:39.452 31969 31969 E ArmVmp : Match on catch block at 0xc3 in for 0xa9
01-24 09:54:39.459 31969 31969 E ArmVmp : Match on catch block at 0xc3 in for 0xa1
01-24 09:54:39.468 31969 31969 E ArmVmp : Match on catch block at 0xc3 in for 0xa1
01-24 09:54:39.475 31969 31969 E ArmVmp : Match on catch block at 0xc3 in for 0xa5
01-24 09:54:39.485 31969 31969 E ArmVmp : Match on catch block at 0xc3 in for 0xa5
01-24 09:54:39.491 31969 31969 E ArmVmp : Match on catch block at 0xc3 in for 0xa9
01-24 09:54:39.502 31969 31969 E ArmVmp : Match on catch block at 0xc3 in for 0xa9
01-24 09:54:39.508 31969 31969 E ArmVmp : Match on catch block at 0xc3 in for 0xa1
01-24 09:54:39.519 31969 31969 E ArmVmp : Match on catch block at 0xc3 in for 0xa1
01-24 09:54:39.524 31969 31969 E ArmVmp : Match on catch block at 0xc3 in for 0xa5
01-24 09:54:39.536 31969 31969 E ArmVmp : Match on catch block at 0xc3 in for 0xa5
01-24 09:54:39.541 31969 31969 E ArmVmp : Match on catch block at 0xc3 in for 0xa9
01-24 09:54:39.553 31969 31969 E ArmVmp : Match on catch block at 0xc3 in for 0xa9
01-24 09:54:39.559 31969 31969 E ArmVmp : Match on catch block at 0xc3 in for 0xa1
01-24 09:54:39.569 31969 31969 E ArmVmp : Match on catch block at 0xc3 in for 0xa1
01-24 09:54:39.575 31969 31969 E ArmVmp : Match on catch block at 0xc3 in for 0xa5
01-24 09:54:39.586 31969 31969 E ArmVmp : Match on catch block at 0xc3 in for 0xa5
01-24 09:54:39.592 31969 31969 E ArmVmp : Match on catch block at 0xc3 in for 0xa9
01-24 09:54:39.604 31969 31969 E ArmVmp : Match on catch block at 0xc3 in for 0xa9
01-24 09:54:39.611 31969 31969 E ArmVmp : Match on catch block at 0xc3 in for 0xa1
01-24 09:54:39.621 31969 31969 E ArmVmp : Match on catch block at 0xc3 in for 0xa1
01-24 09:54:39.629 31969 31969 E ArmVmp : Match on catch block at 0xc3 in for 0xa5
01-24 09:54:39.638 31969 31969 E ArmVmp : Match on catch block at 0xc3 in for 0xa5
01-24 09:54:39.644 31969 31969 E ArmVmp : Match on catch block at 0xc3 in for 0xa9
01-24 09:54:39.789 31969 31969 E ArmVmp : Match on catch block at 0xc3 in for 0xa9
01-24 09:54:39.796 31969 31969 E ArmVmp : Match on catch block at 0xc3 in for 0xa1
01-24 09:54:40.293 31969 31969 E ArmVmp : Match on catch block at 0xc3 in for 0xa1
01-24 09:54:40.300 31969 31969 E ArmVmp : Match on catch block at 0xc3 in for 0xa5
01-24 09:54:40.402 31969 31969 E ArmVmp : Match on catch block at 0xc3 in for 0xa5
01-24 09:54:40.411 31969 31969 E ArmVmp : Match on catch block at 0xc3 in for 0xa9
01-24 09:54:40.435 31969 31969 E ArmVmp : Match on catch block at 0xc3 in for 0xa9
01-24 09:54:40.443 31969 31969 E ArmVmp : Match on catch block at 0xc3 in for 0xa1
01-24 09:54:40.464 31969 31969 E ArmVmp : Match on catch block at 0xc3 in for 0xa1
01-24 09:54:40.473 31969 31969 E ArmVmp : Match on catch block at 0xc3 in for 0xa5
01-24 09:54:40.494 31969 31969 E ArmVmp : Match on catch block at 0xc3 in for 0xa5
01-24 09:54:40.501 31969 31969 E ArmVmp : Match on catch block at 0xc3 in for 0xa9
01-24 09:54:40.522 31969 31969 E ArmVmp : Match on catch block at 0xc3 in for 0xa9
01-24 09:54:40.529 31969 31969 E ArmVmp : Match on catch block at 0xc3 in for 0xa1
01-24 09:54:40.550 31969 31969 E ArmVmp : Match on catch block at 0xc3 in for 0xa1
01-24 09:54:40.557 31969 31969 E ArmVmp : Match on catch block at 0xc3 in for 0xa5
01-24 09:54:40.579 31969 31969 E ArmVmp : Match on catch block at 0xc3 in for 0xa5
01-24 09:54:40.586 31969 31969 E ArmVmp : Match on catch block at 0xc3 in for 0xa9
01-24 09:54:40.607 31969 31969 E ArmVmp : Match on catch block at 0xc3 in for 0xa9
01-24 09:54:40.614 31969 31969 E ArmVmp : Match on catch block at 0xc3 in for 0xa1
01-24 09:54:40.634 31969 31969 E ArmVmp : Match on catch block at 0xc3 in for 0xa1
01-24 09:54:40.641 31969 31969 E ArmVmp : Match on catch block at 0xc3 in for 0xa5
01-24 09:54:40.662 31969 31969 E ArmVmp : Match on catch block at 0xc3 in for 0xa5
01-24 09:54:40.669 31969 31969 E ArmVmp : Match on catch block at 0xc3 in for 0xa9
01-24 09:54:40.782 31969 31969 E ArmVmp : Match on catch block at 0xc3 in for 0xa9
01-24 09:54:40.788 31969 31969 E ArmVmp : Match on catch block at 0xc3 in for 0xa1
01-24 09:54:41.286 31969 31969 E ArmVmp : Match on catch block at 0xc3 in for 0xa1
01-24 09:54:41.292 31969 31969 E ArmVmp : Match on catch block at 0xc3 in for 0xa5
01-24 09:54:41.791 31969 31969 E ArmVmp : Match on catch block at 0xc3 in for 0xa1
01-24 09:54:41.798 31969 31969 E ArmVmp : Match on catch block at 0xc3 in for 0xa5
01-24 09:54:42.296 31969 31969 E ArmVmp : Match on catch block at 0xc3 in for 0xa1
01-24 09:54:42.303 31969 31969 E ArmVmp : Match on catch block at 0xc3 in for 0xa5
01-24 09:54:42.801 31969 31969 E ArmVmp : Match on catch block at 0xc3 in for 0xa5
01-24 09:54:42.807 31969 31969 E ArmVmp : Match on catch block at 0xc3 in for 0xa9
01-24 09:54:43.289 31969 31969 E ArmVmp : Match on catch block at 0xc3 in for 0xa9
01-24 09:54:43.295 31969 31969 E ArmVmp : Match on catch block at 0xc3 in for 0xa1
01-24 09:54:43.792 31969 31969 E ArmVmp : Match on catch block at 0xc3 in for 0xa1
01-24 09:54:43.799 31969 31969 E ArmVmp : Match on catch block at 0xc3 in for 0xa5
01-24 09:54:44.297 31969 31969 E ArmVmp : Match on catch block at 0xc3 in for 0xa5
01-24 09:54:44.304 31969 31969 E ArmVmp : Match on catch block at 0xc3 in for 0xa9
01-24 09:54:44.801 31969 31969 E ArmVmp : Match on catch block at 0xc3 in for 0xa9
01-24 09:54:44.808 31969 31969 E ArmVmp : Match on catch block at 0xc3 in for 0xa1
01-24 09:54:45.306 31969 31969 E ArmVmp : Match on catch block at 0xc3 in for 0xa1
01-24 09:54:45.312 31969 31969 E ArmVmp : Match on catch block at 0xc3 in for 0xa5
01-24 09:54:45.793 31969 31969 E ArmVmp : Match on catch block at 0xc3 in for 0xa5
01-24 09:54:45.800 31969 31969 E ArmVmp : Match on catch block at 0xc3 in for 0xa9
01-24 09:54:46.298 31969 31969 E ArmVmp : Match on catch block at 0xc3 in for 0xa9
01-24 09:54:46.304 31969 31969 E ArmVmp : Match on catch block at 0xc3 in for 0xa1
01-24 09:54:46.803 31969 31969 E ArmVmp : Match on catch block at 0xc3 in for 0xa1
01-24 09:54:46.809 31969 31969 E ArmVmp : Match on catch block at 0xc3 in for 0xa5
01-24 09:54:47.307 31969 31969 E ArmVmp : Match on catch block at 0xc3 in for 0xa5
01-24 09:54:47.314 31969 31969 E ArmVmp : Match on catch block at 0xc3 in for 0xa9
01-24 09:54:47.812 31969 31969 E ArmVmp : Match on catch block at 0xc3 in for 0xa9
01-24 09:54:47.819 31969 31969 E ArmVmp : Match on catch block at 0xc3 in for 0xa1
01-24 09:54:48.317 31969 31969 E ArmVmp : Match on catch block at 0xc3 in for 0xa1
01-24 09:54:48.323 31969 31969 E ArmVmp : Match on catch block at 0xc3 in for 0xa5
01-24 09:54:48.805 31969 31969 E ArmVmp : Match on catch block at 0xc3 in for 0xa5
01-24 09:54:48.811 31969 31969 E ArmVmp : Match on catch block at 0xc3 in for 0xa9
01-24 09:54:49.310 31969 31969 E ArmVmp : Match on catch block at 0xc3 in for 0xa9
01-24 09:54:49.316 31969 31969 E ArmVmp : Match on catch block at 0xc3 in for 0xa1
01-24 09:54:49.814 31969 31969 E ArmVmp : Match on catch block at 0xc3 in for 0xa1
01-24 09:54:49.820 31969 31969 E ArmVmp : Match on catch block at 0xc3 in for 0xa5
01-24 09:54:50.319 31969 31969 E ArmVmp : Match on catch block at 0xc3 in for 0xa5
01-24 09:54:50.325 31969 31969 E ArmVmp : Match on catch block at 0xc3 in for 0xa9
01-24 09:54:50.824 31969 31969 E ArmVmp : Match on catch block at 0xc3 in for 0xa9
01-24 09:54:50.830 31969 31969 E ArmVmp : Match on catch block at 0xc3 in for 0xa1
01-24 09:54:51.311 31969 31969 E ArmVmp : Match on catch block at 0xc3 in for 0xa1
01-24 09:54:51.318 31969 31969 E ArmVmp : Match on catch block at 0xc3 in for 0xa5
01-24 09:54:51.817 31969 31969 E ArmVmp : Match on catch block at 0xc3 in for 0xa5
01-24 09:54:51.824 31969 31969 E ArmVmp : Match on catch block at 0xc3 in for 0xa9
01-24 09:54:52.321 31969 31969 E ArmVmp : Match on catch block at 0xc3 in for 0xa9
01-24 09:54:52.327 31969 31969 E ArmVmp : Match on catch block at 0xc3 in for 0xa1
01-24 09:54:52.825 31969 31969 E ArmVmp : Match on catch block at 0xc3 in for 0xa1
01-24 09:54:52.831 31969 31969 E ArmVmp : Match on catch block at 0xc3 in for 0xa5
01-24 09:54:53.313 31969 31969 E ArmVmp : Match on catch block at 0xc3 in for 0xa5
01-24 09:54:53.319 31969 31969 E ArmVmp : Match on catch block at 0xc3 in for 0xa9
01-24 09:54:53.818 31969 31969 E ArmVmp : Match on catch block at 0xc3 in for 0xa9
01-24 09:54:53.824 31969 31969 E ArmVmp : Match on catch block at 0xc3 in for 0xa1
01-24 09:54:54.322 31969 31969 E ArmVmp : Match on catch block at 0xc3 in for 0xa1
01-24 09:54:54.328 31969 31969 E ArmVmp : Match on catch block at 0xc3 in for 0xa5
01-24 09:54:54.827 31969 31969 E ArmVmp : Match on catch block at 0xc3 in for 0xa5
01-24 09:54:54.834 31969 31969 E ArmVmp : Match on catch block at 0xc3 in for 0xa9
01-24 09:54:55.332 31969 31969 E ArmVmp : Match on catch block at 0xc3 in for 0xa9
01-24 09:54:55.338 31969 31969 E ArmVmp : Match on catch block at 0xc3 in for 0xa1
01-24 09:54:55.819 31969 31969 E ArmVmp : Match on catch block at 0xc3 in for 0xa1
01-24 09:54:55.826 31969 31969 E ArmVmp : Match on catch block at 0xc3 in for 0xa5
01-24 09:54:56.324 31969 31969 E ArmVmp : Match on catch block at 0xc3 in for 0xa5
01-24 09:54:56.331 31969 31969 E ArmVmp : Match on catch block at 0xc3 in for 0xa9
01-24 09:54:56.829 31969 31969 E ArmVmp : Match on catch block at 0xc3 in for 0xa9
01-24 09:54:56.836 31969 31969 E ArmVmp : Match on catch block at 0xc3 in for 0xa1
01-24 09:54:57.334 31969 31969 E ArmVmp : Match on catch block at 0xc3 in for 0xa1
01-24 09:54:57.340 31969 31969 E ArmVmp : Match on catch block at 0xc3 in for 0xa5
01-24 09:54:57.838 31969 31969 E ArmVmp : Match on catch block at 0xc3 in for 0xa5
01-24 09:54:57.845 31969 31969 E ArmVmp : Match on catch block at 0xc3 in for 0xa9
01-24 09:54:58.326 31969 31969 E ArmVmp : Match on catch block at 0xc3 in for 0xa9
01-24 09:54:58.332 31969 31969 E ArmVmp : Match on catch block at 0xc3 in for 0xa1
01-24 09:54:58.831 31969 31969 E ArmVmp : Match on catch block at 0xc3 in for 0xa1
01-24 09:54:58.838 31969 31969 E ArmVmp : Match on catch block at 0xc3 in for 0xa5
01-24 09:54:59.335 31969 31969 E ArmVmp : Match on catch block at 0xc3 in for 0xa5
01-24 09:54:59.342 31969 31969 E ArmVmp : Match on catch block at 0xc3 in for 0xa9
01-24 09:54:59.840 31969 31969 E ArmVmp : Match on catch block at 0xc3 in for 0xa9
01-24 09:54:59.846 31969 31969 E ArmVmp : Match on catch block at 0xc3 in for 0xa1
01-24 09:55:00.345 31969 31969 E ArmVmp : Match on catch block at 0xc3 in for 0xa1
01-24 09:55:00.352 31969 31969 E ArmVmp : Match on catch block at 0xc3 in for 0xa5
01-24 09:55:00.832 31969 31969 E ArmVmp : Match on catch block at 0xc3 in for 0xa5
01-24 09:55:00.839 31969 31969 E ArmVmp : Match on catch block at 0xc3 in for 0xa9
01-24 09:55:01.337 31969 31969 E ArmVmp : Match on catch block at 0xc3 in for 0xa9
01-24 09:55:01.344 31969 31969 E ArmVmp : Match on catch block at 0xc3 in for 0xa1
01-24 09:55:01.842 31969 31969 E ArmVmp : Match on catch block at 0xc3 in for 0xa1
01-24 09:55:01.848 31969 31969 E ArmVmp : Match on catch block at 0xc3 in for 0xa5
01-24 09:55:02.347 31969 31969 E ArmVmp : Match on catch block at 0xc3 in for 0xa5
01-24 09:55:02.353 31969 31969 E ArmVmp : Match on catch block at 0xc3 in for 0xa9
01-24 09:55:02.851 31969 31969 E ArmVmp : Match on catch block at 0xc3 in for 0xa9
01-24 09:55:02.858 31969 31969 E ArmVmp : Match on catch block at 0xc3 in for 0xa1
01-24 09:55:03.339 31969 31969 E ArmVmp : Match on catch block at 0xc3 in for 0xa1
01-24 09:55:03.346 31969 31969 E ArmVmp : Match on catch block at 0xc3 in for 0xa5
01-24 09:55:03.844 31969 31969 E ArmVmp : Match on catch block at 0xc3 in for 0xa5
01-24 09:55:03.850 31969 31969 E ArmVmp : Match on catch block at 0xc3 in for 0xa9
01-24 09:55:04.349 31969 31969 E ArmVmp : Match on catch block at 0xc3 in for 0xa9
01-24 09:55:04.355 31969 31969 E ArmVmp : Match on catch block at 0xc3 in for 0xa1
01-24 09:55:04.853 31969 31969 E ArmVmp : Match on catch block at 0xc3 in for 0xa1
01-24 09:55:04.860 31969 31969 E ArmVmp : Match on catch block at 0xc3 in for 0xa5
01-24 09:55:05.358 31969 31969 E ArmVmp : Match on catch block at 0xc3 in for 0xa5
01-24 09:55:05.365 31969 31969 E ArmVmp : Match on catch block at 0xc3 in for 0xa9
01-24 09:55:05.845 31969 31969 E ArmVmp : Match on catch block at 0xc3 in for 0xa9
01-24 09:55:05.852 31969 31969 E ArmVmp : Match on catch block at 0xc3 in for 0xa1
01-24 09:55:06.350 31969 31969 E ArmVmp : Match on catch block at 0xc3 in for 0xa1
01-24 09:55:06.357 31969 31969 E ArmVmp : Match on catch block at 0xc3 in for 0xa5
01-24 09:55:06.855 31969 31969 E ArmVmp : Match on catch block at 0xc3 in for 0xa5
01-24 09:55:06.862 31969 31969 E ArmVmp : Match on catch block at 0xc3 in for 0xa9
01-24 09:55:07.359 31969 31969 E ArmVmp : Match on catch block at 0xc3 in for 0xa9
01-24 09:55:07.366 31969 31969 E ArmVmp : Match on catch block at 0xc3 in for 0xa1
01-24 09:55:07.864 31969 31969 E ArmVmp : Match on catch block at 0xc3 in for 0xa1
01-24 09:55:07.870 31969 31969 E ArmVmp : Match on catch block at 0xc3 in for 0xa5
01-24 09:55:08.352 31969 31969 E ArmVmp : Match on catch block at 0xc3 in for 0xa5
01-24 09:55:08.359 31969 31969 E ArmVmp : Match on catch block at 0xc3 in for 0xa9
01-24 09:55:08.857 31969 31969 E ArmVmp : Match on catch block at 0xc3 in for 0xa9
01-24 09:55:08.863 31969 31969 E ArmVmp : Match on catch block at 0xc3 in for 0xa1
01-24 09:55:09.361 31969 31969 E ArmVmp : Match on catch block at 0xc3 in for 0xa1
01-24 09:55:09.368 31969 31969 E ArmVmp : Match on catch block at 0xc3 in for 0xa5
01-24 09:55:09.866 31969 31969 E ArmVmp : Match on catch block at 0xc3 in for 0xa5
01-24 09:55:09.873 31969 31969 E ArmVmp : Match on catch block at 0xc3 in for 0xa9
01-24 09:55:10.371 31969 31969 E ArmVmp : Match on catch block at 0xc3 in for 0xa9
01-24 09:55:10.377 31969 31969 E ArmVmp : Match on catch block at 0xc3 in for 0xa1
01-24 09:55:10.859 31969 31969 E ArmVmp : Match on catch block at 0xc3 in for 0xa1
01-24 09:55:10.865 31969 31969 E ArmVmp : Match on catch block at 0xc3 in for 0xa5
01-24 09:55:11.363 31969 31969 E ArmVmp : Match on catch block at 0xc3 in for 0xa5
01-24 09:55:11.369 31969 31969 E ArmVmp : Match on catch block at 0xc3 in for 0xa9
01-24 09:55:11.868 31969 31969 E ArmVmp : Match on catch block at 0xc3 in for 0xa9
01-24 09:55:11.874 31969 31969 E ArmVmp : Match on catch block at 0xc3 in for 0xa1
01-24 09:55:12.372 31969 31969 E ArmVmp : Match on catch block at 0xc3 in for 0xa1
01-24 09:55:12.379 31969 31969 E ArmVmp : Match on catch block at 0xc3 in for 0xa5
01-24 09:55:12.877 31969 31969 E ArmVmp : Match on catch block at 0xc3 in for 0xa5
01-24 09:55:12.883 31969 31969 E ArmVmp : Match on catch block at 0xc3 in for 0xa9
01-24 09:55:13.365 31969 31969 E ArmVmp : Match on catch block at 0xc3 in for 0xa9
01-24 09:55:13.371 31969 31969 E ArmVmp : Match on catch block at 0xc3 in for 0xa1
01-24 09:55:13.871 31969 31969 E ArmVmp : Match on catch block at 0xc3 in for 0xa1
01-24 09:55:13.877 31969 31969 E ArmVmp : Match on catch block at 0xc3 in for 0xa5
01-24 09:55:14.374 31969 31969 E ArmVmp : Match on catch block at 0xc3 in for 0xa5
01-24 09:55:14.381 31969 31969 E ArmVmp : Match on catch block at 0xc3 in for 0xa9
01-24 09:55:14.879 31969 31969 E ArmVmp : Match on catch block at 0xc3 in for 0xa9
01-24 09:55:14.885 31969 31969 E ArmVmp : Match on catch block at 0xc3 in for 0xa1
01-24 09:55:15.384 31969 31969 E ArmVmp : Match on catch block at 0xc3 in for 0xa1
01-24 09:55:15.390 31969 31969 E ArmVmp : Match on catch block at 0xc3 in for 0xa5
01-24 09:55:15.871 31969 31969 E ArmVmp : Match on catch block at 0xc3 in for 0xa5
01-24 09:55:15.878 31969 31969 E ArmVmp : Match on catch block at 0xc3 in for 0xa9
01-24 09:55:16.376 31969 31969 E ArmVmp : Match on catch block at 0xc3 in for 0xa9
01-24 09:55:16.383 31969 31969 E ArmVmp : Match on catch block at 0xc3 in for 0xa1
01-24 09:55:16.881 31969 31969 E ArmVmp : Match on catch block at 0xc3 in for 0xa1
01-24 09:55:16.887 31969 31969 E ArmVmp : Match on catch block at 0xc3 in for 0xa5
01-24 09:55:17.385 31969 31969 E ArmVmp : Match on catch block at 0xc3 in for 0xa5
01-24 09:55:17.392 31969 31969 E ArmVmp : Match on catch block at 0xc3 in for 0xa9
01-24 09:55:17.890 31969 31969 E ArmVmp : Match on catch block at 0xc3 in for 0xa9
01-24 09:55:17.897 31969 31969 E ArmVmp : Match on catch block at 0xc3 in for 0xa1
01-24 09:55:18.378 31969 31969 E ArmVmp : Match on catch block at 0xc3 in for 0xa1
01-24 09:55:18.384 31969 31969 E ArmVmp : Match on catch block at 0xc3 in for 0xa5
01-24 09:55:18.882 31969 31969 E ArmVmp : Match on catch block at 0xc3 in for 0xa5
01-24 09:55:18.889 31969 31969 E ArmVmp : Match on catch block at 0xc3 in for 0xa9
01-24 09:55:19.387 31969 31969 E ArmVmp : Match on catch block at 0xc3 in for 0xa9
01-24 09:55:19.393 31969 31969 E ArmVmp : Match on catch block at 0xc3 in for 0xa1
01-24 09:55:19.892 31969 31969 E ArmVmp : Match on catch block at 0xc3 in for 0xa1
01-24 09:55:19.899 31969 31969 E ArmVmp : Match on catch block at 0xc3 in for 0xa5
01-24 09:55:20.396 31969 31969 E ArmVmp : Match on catch block at 0xc3 in for 0xa5
01-24 09:55:20.403 31969 31969 E ArmVmp : Match on catch block at 0xc3 in for 0xa9
01-24 09:55:20.901 31969 31969 E ArmVmp : Match on catch block at 0xc3 in for 0xa9
01-24 09:55:20.908 31969 31969 E ArmVmp : Match on catch block at 0xc3 in for 0xa1
01-24 09:55:21.389 31969 31969 E ArmVmp : Match on catch block at 0xc3 in for 0xa1
01-24 09:55:21.396 31969 31969 E ArmVmp : Match on catch block at 0xc3 in for 0xa5
01-24 09:55:21.894 31969 31969 E ArmVmp : Match on catch block at 0xc3 in for 0xa5
01-24 09:55:21.900 31969 31969 E ArmVmp : Match on catch block at 0xc3 in for 0xa9
