scontext=u:r:untrusted_app:s0:c140,c257,c512,c768
tcontext=u:object_r:vendor_hwui_prop:s0 tclass=file permissive=0
01-23 18:54:22.239 17056 17056 W com.mbwhatsapp: type=1400 audit(0.0:179118): avc:
denied { read } for name="u:object_r:vendor_hwui_prop:s0" dev="tmpfs" ino=14181
scontext=u:r:untrusted_app:s0:c140,c257,c512,c768
tcontext=u:object_r:vendor_hwui_prop:s0 tclass=file permissive=0
01-23 18:54:22.245 17056 17056 E libc : Access denied finding property
"ro.vendor.hwui.texture_cache_size"
01-23 18:54:37.694 17056 17056 W ActivityThread: handleWindowVisibility: no
activity for token android.os.BinderProxy@4c2102d
01-23 18:54:38.411 17056 17056 W com.mbwhatsapp: Class X.0eU failed lock
verification and will run slower.
01-23 18:54:38.497 17056 17056 W CheckTime: App running slow: Executing instantiate
activity took 673ms
01-23 18:54:38.620 17056 17056 W com.mbwhatsapp: Accessing hidden method
Landroid/content/res/Resources$Theme;->rebase()V (dark greylist, reflection)
01-23 18:54:39.146 17056 17056 W ActivityThread: handleWindowVisibility: no
activity for token android.os.BinderProxy@5269896
01-23 18:54:39.317 17056 17056 W com.mbwhatsapp: Class com.mbwhatsapp.HomeActivity
failed lock verification and will run slower.
01-23 18:54:39.561 17056 17056 E ArmVmp : Match on catch block at 0xb0 in for 0xe1
01-23 18:54:39.848 17056 17056 E ArmVmp : Match on catch block at 0xb0 in for 0xe9
01-23 18:54:40.461 17056 17056 E ArmVmp : Match on catch block at 0x0a in for 0xc9
01-23 18:54:40.576 17056 17056 E ArmVmp : Match on catch block at 0x0a in for
0x139
01-23 18:54:41.468 17056 17056 W CheckTime: App running slow: Executing activity
onCreate took 2137ms
01-23 18:54:41.617 17056 21294 E libc : Access denied finding property
"ro.vendor.hwui.texture_cache_size"
01-23 18:54:41.611 17056 17056 W RenderThread: type=1400 audit(0.0:179123): avc:
denied { read } for name="u:object_r:vendor_hwui_prop:s0" dev="tmpfs" ino=14181
scontext=u:r:untrusted_app:s0:c140,c257,c512,c768
tcontext=u:object_r:vendor_hwui_prop:s0 tclass=file permissive=0
01-23 18:54:41.673 17056 17056 W CheckTime: App running slow: Executing
com.mbwhatsapp.yo.WidgetProvider scheduleReceive took 1276ms
--------- beginning of system
01-23 18:54:41.673 17056 17056 W ActivityThread: Main thread can not be idle for a
long time.
01-23 18:54:41.807 17056 21834 W LibraryVersion: Failed to get app version for
libraryName: firebase-iid
01-23 18:54:41.824 17056 17056 E ArmVmp : Match on catch block at 0x0a in for 0xd1
01-23 18:54:41.899 17056 17056 W RenderThread: type=1400 audit(0.0:179124): avc:
denied { read } for name="u:object_r:vendor_hwui_prop:s0" dev="tmpfs" ino=14181
scontext=u:r:untrusted_app:s0:c140,c257,c512,c768
tcontext=u:object_r:vendor_hwui_prop:s0 tclass=file permissive=0
01-23 18:54:41.903 17056 21294 E libc : Access denied finding property
"ro.vendor.hwui.texture_cache_size"
01-23 18:54:44.140 17056 17056 W StaticLayout: maxLineHeight should not be -1.
maxLines:1 lineCount:1
01-23 18:54:44.145 17056 17056 W StaticLayout: maxLineHeight should not be -1.
maxLines:1 lineCount:1
01-23 18:54:44.146 17056 17056 W StaticLayout: maxLineHeight should not be -1.
maxLines:1 lineCount:1
01-23 18:54:44.196 17056 17056 W StaticLayout: maxLineHeight should not be -1.
maxLines:1 lineCount:1
01-23 18:54:44.260 17056 17056 W StaticLayout: maxLineHeight should not be -1.
maxLines:1 lineCount:1
01-23 18:54:44.262 17056 17056 W StaticLayout: maxLineHeight should not be -1.
maxLines:1 lineCount:1
01-23 18:54:44.443 17056 17056 E ArmVmp : Match on catch block at 0xb0 in for 0xf5
01-23 18:54:44.829 17056 17056 E ArmVmp : Match on catch block at 0xb0 in for 0xf1
01-23 18:54:44.961 17056 17056 E ArmVmp : Match on catch block at 0xb0 in for 0xf1
01-23 18:54:45.091 17056 17056 E ArmVmp : Match on catch block at 0xb0 in for 0xf1
01-23 18:54:45.226 17056 17056 E ArmVmp : Match on catch block at 0xb0 in for 0xf1
01-23 18:54:45.337 17056 17056 E ArmVmp : Match on catch block at 0xb0 in for 0xf5
01-23 18:54:45.451 17056 17056 E ArmVmp : Match on catch block at 0xb0 in for 0xf1
01-23 18:54:45.558 17056 17056 E ArmVmp : Match on catch block at 0xb0 in for 0xf9
01-23 18:54:46.638 17056 21952 W LOTTIE : Animation contains merge paths. Merge
paths are only supported on KitKat+ and must be manually enabled by calling
enableMergePathsForKitKatAndAbove().
01-23 18:54:46.926 17056 17056 E ArmVmp : Match on catch block at 0xb0 in for
0x129
01-23 18:54:46.948 17056 17056 E ArmVmp : Match on catch block at 0xb0 in for
0x129
01-23 18:54:47.726 17056 17056 W LOTTIE : Animation contains merge paths but they
are disabled.
01-23 18:54:48.263 17056 17056 W ActivityThread: handleWindowVisibility: no
activity for token android.os.BinderProxy@824af0c
01-23 18:54:49.878 17056 17056 W CheckTime: App running slow: Executing activity
onCreate took 1423ms
01-23 18:54:53.969 17056 17056 W com.mbwhatsapp: Accessing hidden method
Landroid/view/View;->setTransitionVisibility(I)V (dark greylist, linking)
01-23 18:54:54.037 17056 17056 W StaticLayout: maxLineHeight should not be -1.
maxLines:1 lineCount:1
01-23 18:54:54.040 17056 17056 W StaticLayout: maxLineHeight should not be -1.
maxLines:1 lineCount:1
01-23 18:55:04.763 17056 17056 W StaticLayout: maxLineHeight should not be -1.
maxLines:1 lineCount:1
01-23 18:55:04.778 17056 17056 W StaticLayout: maxLineHeight should not be -1.
maxLines:1 lineCount:1
--------- beginning of main
01-23 18:55:43.961 24019 24019 E com.mbwhatsapp: Not starting debugger since
process cannot load the jdwp agent.
01-23 18:55:44.516 24019 24019 W CheckTime: App running slow: Executing application
classloader create took 509ms
01-23 18:55:46.098 24019 24019 W System.err: java.lang.ClassNotFoundException:
mbmodsd.mbmodsw.ui.views.btn.BtnBK
01-23 18:55:46.098 24019 24019 W System.err: at
java.lang.VMClassLoader.findLoadedClass(Native Method)
01-23 18:55:46.098 24019 24019 W System.err: at
java.lang.ClassLoader.findLoadedClass(ClassLoader.java:738)
01-23 18:55:46.098 24019 24019 W System.err: at
java.lang.ClassLoader.loadClass(ClassLoader.java:363)
01-23 18:55:46.098 24019 24019 W System.err: at
java.lang.ClassLoader.loadClass(ClassLoader.java:312)
01-23 18:55:46.098 24019 24019 W System.err: at
java.lang.Runtime.nativeLoad(Native Method)
01-23 18:55:46.098 24019 24019 W System.err: at
java.lang.Runtime.loadLibrary0(Runtime.java:1014)
01-23 18:55:46.098 24019 24019 W System.err: at
java.lang.System.loadLibrary(System.java:1669)
01-23 18:55:46.098 24019 24019 W System.err: at arm.EpicVm.<clinit>(Unknown
Source:2)
01-23 18:55:46.098 24019 24019 W System.err: at
java.lang.Class.newInstance(Native Method)
01-23 18:55:46.098 24019 24019 W System.err: at
android.app.AppComponentFactory.instantiateApplication(AppComponentFactory.java:50)
01-23 18:55:46.098 24019 24019 W System.err: at
androidx.core.app.CoreComponentFactory.instantiateApplication(Unknown Source:0)
01-23 18:55:46.098 24019 24019 W System.err: at
android.app.Instrumentation.newApplication(Instrumentation.java:1121)
01-23 18:55:46.098 24019 24019 W System.err: at
android.app.LoadedApk.makeApplication(LoadedApk.java:1067)
01-23 18:55:46.098 24019 24019 W System.err: at
android.app.ActivityThread.handleBindApplication(ActivityThread.java:6123)
01-23 18:55:46.098 24019 24019 W System.err: at
android.app.ActivityThread.access$1900(ActivityThread.java:213)
01-23 18:55:46.098 24019 24019 W System.err: at
android.app.ActivityThread$H.handleMessage(ActivityThread.java:1734)
01-23 18:55:46.099 24019 24019 W System.err: at
android.os.Handler.dispatchMessage(Handler.java:106)
01-23 18:55:46.099 24019 24019 W System.err: at
android.os.Looper.loop(Looper.java:192)
01-23 18:55:46.099 24019 24019 W System.err: at
android.app.ActivityThread.main(ActivityThread.java:7163)
01-23 18:55:46.099 24019 24019 W System.err: at
java.lang.reflect.Method.invoke(Native Method)
01-23 18:55:46.099 24019 24019 W System.err: at
com.android.internal.os.RuntimeInit$MethodAndArgsCaller.run(RuntimeInit.java:504)
01-23 18:55:46.099 24019 24019 W System.err: at
com.android.internal.os.ZygoteInit.main(ZygoteInit.java:858)
01-23 18:55:46.099 24019 24019 W System.err: Caused by:
java.lang.NoClassDefFoundError: Failed resolution of:
Lcom/mbwhatsapp/components/Button;
01-23 18:55:46.099 24019 24019 W System.err: ... 18 more
01-23 18:55:46.099 24019 24019 W System.err: Caused by:
java.lang.ClassNotFoundException: Didn't find class
"com.mbwhatsapp.components.Button" on path: DexPathList[[zip file
"/system/framework/org.apache.http.legacy.boot.jar", zip file
"/data/app/com.mbwhatsapp-iwXp1m3_h-OFZifbnag0fg==/base.apk"],nativeLibraryDirector
ies=[/data/app/com.mbwhatsapp-iwXp1m3_h-OFZifbnag0fg==/lib/arm64,
/data/app/com.mbwhatsapp-iwXp1m3_h-OFZifbnag0fg==/base.apk!/lib/arm64-v8a,
/system/lib64]]
01-23 18:55:46.099 24019 24019 W System.err: at
dalvik.system.BaseDexClassLoader.findClass(BaseDexClassLoader.java:134)
01-23 18:55:46.099 24019 24019 W System.err: at
java.lang.ClassLoader.loadClass(ClassLoader.java:379)
01-23 18:55:46.099 24019 24019 W System.err: at
java.lang.ClassLoader.loadClass(ClassLoader.java:312)
01-23 18:55:46.099 24019 24019 W System.err: ... 18 more
01-23 18:55:46.510 24019 24019 W CheckTime: App running slow: Executing
handleBindApplication : makeApplication took 1279ms
01-23 18:55:46.540 24019 24019 E CustomActivityOnCrash: IMPORTANT WARNING! You
already have an UncaughtExceptionHandler, are you sure this is correct? If you use
a custom UncaughtExceptionHandler, you must initialize it AFTER
CustomActivityOnCrash! Installing anyway, but your original handler will not be
called.
01-23 18:55:46.916 24019 24019 W CheckTime: App running slow: Executing
handleBindApplication : installContentProviders took 405ms
01-23 18:55:47.859 24019 24113 W LibraryVersion: Failed to get app version for
libraryName: firebase-iid
01-23 18:55:48.930 24019 24019 W linker : Warning:
"/data/data/com.mbwhatsapp/files/decompressed/libs.spk.zst/libc++_shared.so" unused
DT entry: unknown processor-specific (type 0x70000001 arg 0x0) (ignoring)
01-23 18:55:49.547 24019 24019 W CheckTime: App running slow: Executing
handleBindApplication : callApplicationOnCreate took 2630ms
01-23 18:55:49.706 24019 24221 W com.mbwhatsapp: Class X.2rL failed lock
verification and will run slower.
01-23 18:55:49.706 24019 24221 W com.mbwhatsapp: Common causes for lock
verification issues are non-optimized dex code
01-23 18:55:49.706 24019 24221 W com.mbwhatsapp: and incorrect proguard
optimizations.
--------- beginning of main
01-23 18:57:31.885 25408 25408 E com.mbwhatsapp: Not starting debugger since
process cannot load the jdwp agent.
01-23 18:57:32.542 25408 25408 W System.err: java.lang.ClassNotFoundException:
mbmodsd.mbmodsw.ui.views.btn.BtnBK
01-23 18:57:32.542 25408 25408 W System.err: at
java.lang.VMClassLoader.findLoadedClass(Native Method)
01-23 18:57:32.542 25408 25408 W System.err: at
java.lang.ClassLoader.findLoadedClass(ClassLoader.java:738)
01-23 18:57:32.542 25408 25408 W System.err: at
java.lang.ClassLoader.loadClass(ClassLoader.java:363)
01-23 18:57:32.542 25408 25408 W System.err: at
java.lang.ClassLoader.loadClass(ClassLoader.java:312)
01-23 18:57:32.542 25408 25408 W System.err: at
java.lang.Runtime.nativeLoad(Native Method)
01-23 18:57:32.542 25408 25408 W System.err: at
java.lang.Runtime.loadLibrary0(Runtime.java:1014)
01-23 18:57:32.543 25408 25408 W System.err: at
java.lang.System.loadLibrary(System.java:1669)
01-23 18:57:32.543 25408 25408 W System.err: at arm.EpicVm.<clinit>(Unknown
Source:2)
01-23 18:57:32.543 25408 25408 W System.err: at
java.lang.Class.newInstance(Native Method)
01-23 18:57:32.543 25408 25408 W System.err: at
android.app.AppComponentFactory.instantiateApplication(AppComponentFactory.java:50)
01-23 18:57:32.543 25408 25408 W System.err: at
androidx.core.app.CoreComponentFactory.instantiateApplication(Unknown Source:0)
01-23 18:57:32.543 25408 25408 W System.err: at
android.app.Instrumentation.newApplication(Instrumentation.java:1121)
01-23 18:57:32.543 25408 25408 W System.err: at
android.app.LoadedApk.makeApplication(LoadedApk.java:1067)
01-23 18:57:32.543 25408 25408 W System.err: at
android.app.ActivityThread.handleBindApplication(ActivityThread.java:6123)
01-23 18:57:32.543 25408 25408 W System.err: at
android.app.ActivityThread.access$1900(ActivityThread.java:213)
01-23 18:57:32.543 25408 25408 W System.err: at
android.app.ActivityThread$H.handleMessage(ActivityThread.java:1734)
01-23 18:57:32.543 25408 25408 W System.err: at
android.os.Handler.dispatchMessage(Handler.java:106)
01-23 18:57:32.543 25408 25408 W System.err: at
android.os.Looper.loop(Looper.java:192)
01-23 18:57:32.543 25408 25408 W System.err: at
android.app.ActivityThread.main(ActivityThread.java:7163)
01-23 18:57:32.543 25408 25408 W System.err: at
java.lang.reflect.Method.invoke(Native Method)
01-23 18:57:32.543 25408 25408 W System.err: at
com.android.internal.os.RuntimeInit$MethodAndArgsCaller.run(RuntimeInit.java:504)
01-23 18:57:32.543 25408 25408 W System.err: at
com.android.internal.os.ZygoteInit.main(ZygoteInit.java:858)
01-23 18:57:32.543 25408 25408 W System.err: Caused by:
java.lang.NoClassDefFoundError: Failed resolution of:
Lcom/mbwhatsapp/components/Button;
01-23 18:57:32.543 25408 25408 W System.err: ... 18 more
01-23 18:57:32.544 25408 25408 W System.err: Caused by:
java.lang.ClassNotFoundException: Didn't find class
"com.mbwhatsapp.components.Button" on path: DexPathList[[zip file
"/system/framework/org.apache.http.legacy.boot.jar", zip file
"/data/app/com.mbwhatsapp-iwXp1m3_h-OFZifbnag0fg==/base.apk"],nativeLibraryDirector
ies=[/data/app/com.mbwhatsapp-iwXp1m3_h-OFZifbnag0fg==/lib/arm64,
/data/app/com.mbwhatsapp-iwXp1m3_h-OFZifbnag0fg==/base.apk!/lib/arm64-v8a,
/system/lib64]]
01-23 18:57:32.544 25408 25408 W System.err: at
dalvik.system.BaseDexClassLoader.findClass(BaseDexClassLoader.java:134)
01-23 18:57:32.544 25408 25408 W System.err: at
java.lang.ClassLoader.loadClass(ClassLoader.java:379)
01-23 18:57:32.544 25408 25408 W System.err: at
java.lang.ClassLoader.loadClass(ClassLoader.java:312)
01-23 18:57:32.544 25408 25408 W System.err: ... 18 more
01-23 18:57:32.700 25408 25408 W CheckTime: App running slow: Executing
handleBindApplication : makeApplication took 496ms
01-23 18:57:32.706 25408 25408 E CustomActivityOnCrash: IMPORTANT WARNING! You
already have an UncaughtExceptionHandler, are you sure this is correct? If you use
a custom UncaughtExceptionHandler, you must initialize it AFTER
CustomActivityOnCrash! Installing anyway, but your original handler will not be
called.
01-23 18:57:33.529 25408 25408 W linker : Warning:
"/data/data/com.mbwhatsapp/files/decompressed/libs.spk.zst/libc++_shared.so" unused
DT entry: unknown processor-specific (type 0x70000001 arg 0x0) (ignoring)
01-23 18:57:33.954 25408 25408 W CheckTime: App running slow: Executing
handleBindApplication : callApplicationOnCreate took 1125ms
01-23 18:57:33.959 25408 25529 W com.mbwhatsapp: Class X.2rL failed lock
verification and will run slower.
01-23 18:57:33.959 25408 25529 W com.mbwhatsapp: Common causes for lock
verification issues are non-optimized dex code
01-23 18:57:33.959 25408 25529 W com.mbwhatsapp: and incorrect proguard
optimizations.
01-23 19:14:43.354 25408 26611 E libc : Access denied finding property
"ro.vendor.hwui.renderer"
01-23 19:14:43.347 25408 25408 W Notifications: type=1400 audit(0.0:179465): avc:
denied { read } for name="u:object_r:vendor_hwui_prop:s0" dev="tmpfs" ino=14181
scontext=u:r:untrusted_app:s0:c140,c257,c512,c768
tcontext=u:object_r:vendor_hwui_prop:s0 tclass=file permissive=0
01-23 19:14:47.226 25408 25526 E SQLiteDatabase: Error inserting media_duration=0
file_path=Media/.Statuses/56877f69580b4af8be78ce2884c2db64.jpg transferred=1
thumbnail_height_width_ratio=0.84375 face_y=0 face_x=0 trim_from=0
media_caption=null transcoded=0 message_url=https://mmg.whatsapp.net/o1/v/t62.7118-
24/f1/m234/up-oil-image-32e33f5d-74ef-4459-b450-217ea4f446bc?ccb=9-
4&oh=01_AdR_yCekeHJb2Fw3mpFCgLojwfDMVFGwO0YpEx9p5fjeJQ&oe=65D7ED00&_nc_sid=000000&m
ms3=true first_scan_sidecar=[B@2d3bb28 direct_path=/o1/v/t62.7118-24/f1/m234/up-
oil-image-32e33f5d-74ef-4459-b450-217ea4f446bc?ccb=9-
4&oh=01_AdR_yCekeHJb2Fw3mpFCgLojwfDMVFGwO0YpEx9p5fjeJQ&oe=65D7ED00&_nc_sid=000000
original_file_hash=null is_animated_sticker=0 media_name=null
has_streaming_sidecar=1 partial_media_enc_hash=null media_key=[B@1d1041
multicast_id=null page_count=0 height=908
partial_media_hash=BiiGic5HZUeHqfciRAtw8Q4ZPKuKzCd+Vw+aPgP3QPg= gif_attribution=0
mute_video=0 autotransfer_retry_enabled=1 first_scan_length=5420 trim_to=0
media_key_timestamp=1706058021000 file_size=44098 chat_row_id=14
media_job_uuid=538cc6af-032c-4703-a454-8367e61adbdf message_row_id=16415
enc_file_hash=CmPFL6aHFjXdez6v/cKYAcFp1GWh1+X0bzxLtWLnuz0=
file_hash=qRQM2+Nt5Vr1mdFxhDjSrS8NW7rMIzLy+1Q8MNLP/g0= mime_type=image/jpeg
media_upload_handle=null suspicious_content=0 width=1080 file_length=44098
01-23 19:14:47.226 25408 25526 E SQLiteDatabase:
android.database.sqlite.SQLiteConstraintException: UNIQUE constraint failed:
message_media.message_row_id (code 1555 SQLITE_CONSTRAINT_PRIMARYKEY)
01-23 19:14:47.226 25408 25526 E SQLiteDatabase: at
android.database.sqlite.SQLiteConnection.nativeExecuteForLastInsertedRowId(Native
Method)
01-23 19:14:47.226 25408 25526 E SQLiteDatabase: at
android.database.sqlite.SQLiteConnection.executeForLastInsertedRowId(SQLiteConnecti
on.java:824)
01-23 19:14:47.226 25408 25526 E SQLiteDatabase: at
android.database.sqlite.SQLiteSession.executeForLastInsertedRowId(SQLiteSession.jav
a:788)
01-23 19:14:47.226 25408 25526 E SQLiteDatabase: at
android.database.sqlite.SQLiteStatement.executeInsert(SQLiteStatement.java:86)
01-23 19:14:47.226 25408 25526 E SQLiteDatabase: at
android.database.sqlite.SQLiteDatabase.insertWithOnConflict(SQLiteDatabase.java:156
4)
01-23 19:14:47.226 25408 25526 E SQLiteDatabase: at
android.database.sqlite.SQLiteDatabase.insert(SQLiteDatabase.java:1433)
01-23 19:14:47.226 25408 25526 E SQLiteDatabase: at X.2tm.A08(Unknown
Source:6)
01-23 19:14:47.226 25408 25526 E SQLiteDatabase: at X.35Y.A07(Unknown
Source:212)
01-23 19:14:47.226 25408 25526 E SQLiteDatabase: at X.3QF.A14(Unknown
Source:470)
01-23 19:14:47.226 25408 25526 E SQLiteDatabase: at X.3gU.run(Unknown
Source:982)
01-23 19:14:47.226 25408 25526 E SQLiteDatabase: at
android.os.Handler.handleCallback(Handler.java:873)
01-23 19:14:47.226 25408 25526 E SQLiteDatabase: at
android.os.Handler.dispatchMessage(Handler.java:99)
01-23 19:14:47.226 25408 25526 E SQLiteDatabase: at
X.0zq.dispatchMessage(Unknown Source:4)
01-23 19:14:47.226 25408 25526 E SQLiteDatabase: at
android.os.Looper.loop(Looper.java:192)
01-23 19:14:47.226 25408 25526 E SQLiteDatabase: at
android.os.HandlerThread.run(HandlerThread.java:65)
--------- beginning of system
01-23 21:30:12.485 25408 25408 W ActivityThread: Main thread can not be idle for a
long time.
--------- beginning of main
01-23 21:30:40.643 25408 25408 E ArmVmp : Match on catch block at 0xc3 in for 0xa1
01-23 21:30:40.648 25408 25408 E ArmVmp : Match on catch block at 0xc3 in for 0xa5
01-23 21:30:40.661 25408 25408 E ArmVmp : Match on catch block at 0xc3 in for 0xa5
01-23 21:30:40.667 25408 25408 E ArmVmp : Match on catch block at 0xc3 in for 0xa9
01-23 21:30:40.671 25408 25408 E ArmVmp : Match on catch block at 0xc3 in for 0xa9
01-23 21:30:40.755 25408 25408 E ArmVmp : Match on catch block at 0xc3 in for 0xa1
01-23 21:30:40.760 25408 25408 E ArmVmp : Match on catch block at 0xc3 in for 0xa5
01-23 21:30:40.764 25408 25408 E ArmVmp : Match on catch block at 0xc3 in for 0xa5
01-23 21:30:41.260 25408 25408 E ArmVmp : Match on catch block at 0xc3 in for 0xa9
01-23 21:30:41.264 25408 25408 E ArmVmp : Match on catch block at 0xc3 in for 0xa1
01-23 21:30:41.268 25408 25408 E ArmVmp : Match on catch block at 0xc3 in for 0xa1
01-23 21:30:41.461 25408 25408 E ArmVmp : Match on catch block at 0xc3 in for 0xa5
01-23 21:30:41.466 25408 25408 E ArmVmp : Match on catch block at 0xc3 in for 0xa9
01-23 21:30:41.470 25408 25408 E ArmVmp : Match on catch block at 0xc3 in for 0xa9
01-23 21:30:41.478 25408 25408 E ArmVmp : Match on catch block at 0xc3 in for 0xa1
01-23 21:30:41.484 25408 25408 E ArmVmp : Match on catch block at 0xc3 in for 0xa5
01-23 21:30:41.488 25408 25408 E ArmVmp : Match on catch block at 0xc3 in for 0xa5
01-23 21:30:41.495 25408 25408 E ArmVmp : Match on catch block at 0xc3 in for 0xa9
01-23 21:30:41.500 25408 25408 E ArmVmp : Match on catch block at 0xc3 in for 0xa1
01-23 21:30:41.504 25408 25408 E ArmVmp : Match on catch block at 0xc3 in for 0xa1
01-23 21:30:41.511 25408 25408 E ArmVmp : Match on catch block at 0xc3 in for 0xa5
01-23 21:30:41.517 25408 25408 E ArmVmp : Match on catch block at 0xc3 in for 0xa9
01-23 21:30:41.520 25408 25408 E ArmVmp : Match on catch block at 0xc3 in for 0xa9
01-23 21:30:41.528 25408 25408 E ArmVmp : Match on catch block at 0xc3 in for 0xa1
01-23 21:30:41.534 25408 25408 E ArmVmp : Match on catch block at 0xc3 in for 0xa5
01-23 21:30:41.537 25408 25408 E ArmVmp : Match on catch block at 0xc3 in for 0xa5
01-23 21:30:41.545 25408 25408 E ArmVmp : Match on catch block at 0xc3 in for 0xa9
01-23 21:30:41.552 25408 25408 E ArmVmp : Match on catch block at 0xc3 in for 0xa1
01-23 21:30:41.555 25408 25408 E ArmVmp : Match on catch block at 0xc3 in for 0xa1
01-23 21:30:41.562 25408 25408 E ArmVmp : Match on catch block at 0xc3 in for 0xa5
01-23 21:30:41.567 25408 25408 E ArmVmp : Match on catch block at 0xc3 in for 0xa9
01-23 21:30:41.570 25408 25408 E ArmVmp : Match on catch block at 0xc3 in for 0xa9
01-23 21:30:41.579 25408 25408 E ArmVmp : Match on catch block at 0xc3 in for 0xa1
01-23 21:30:41.584 25408 25408 E ArmVmp : Match on catch block at 0xc3 in for 0xa5
01-23 21:30:41.588 25408 25408 E ArmVmp : Match on catch block at 0xc3 in for 0xa5
01-23 21:30:41.596 25408 25408 E ArmVmp : Match on catch block at 0xc3 in for 0xa9
01-23 21:30:41.601 25408 25408 E ArmVmp : Match on catch block at 0xc3 in for 0xa1
01-23 21:30:41.605 25408 25408 E ArmVmp : Match on catch block at 0xc3 in for 0xa1
01-23 21:30:41.612 25408 25408 E ArmVmp : Match on catch block at 0xc3 in for 0xa5
01-23 21:30:41.618 25408 25408 E ArmVmp : Match on catch block at 0xc3 in for 0xa9
01-23 21:30:41.621 25408 25408 E ArmVmp : Match on catch block at 0xc3 in for 0xa9
01-23 21:30:41.629 25408 25408 E ArmVmp : Match on catch block at 0xc3 in for 0xa1
01-23 21:30:41.635 25408 25408 E ArmVmp : Match on catch block at 0xc3 in for 0xa5
01-23 21:30:41.638 25408 25408 E ArmVmp : Match on catch block at 0xc3 in for 0xa5
01-23 21:30:41.646 25408 25408 E ArmVmp : Match on catch block at 0xc3 in for 0xa9
01-23 21:30:41.651 25408 25408 E ArmVmp : Match on catch block at 0xc3 in for 0xa1
01-23 21:30:41.655 25408 25408 E ArmVmp : Match on catch block at 0xc3 in for 0xa1
01-23 21:30:41.663 25408 25408 E ArmVmp : Match on catch block at 0xc3 in for 0xa5
01-23 21:30:41.668 25408 25408 E ArmVmp : Match on catch block at 0xc3 in for 0xa9
01-23 21:30:41.672 25408 25408 E ArmVmp : Match on catch block at 0xc3 in for 0xa9
01-23 21:30:41.682 25408 25408 E ArmVmp : Match on catch block at 0xc3 in for 0xa1
01-23 21:30:41.688 25408 25408 E ArmVmp : Match on catch block at 0xc3 in for 0xa5
01-23 21:30:41.691 25408 25408 E ArmVmp : Match on catch block at 0xc3 in for 0xa5
01-23 21:30:41.698 25408 25408 E ArmVmp : Match on catch block at 0xc3 in for 0xa9
01-23 21:30:41.704 25408 25408 E ArmVmp : Match on catch block at 0xc3 in for 0xa1
01-23 21:30:41.707 25408 25408 E ArmVmp : Match on catch block at 0xc3 in for 0xa1
01-23 21:30:41.714 25408 25408 E ArmVmp : Match on catch block at 0xc3 in for 0xa5
01-23 21:30:41.719 25408 25408 E ArmVmp : Match on catch block at 0xc3 in for 0xa9
01-23 21:30:41.723 25408 25408 E ArmVmp : Match on catch block at 0xc3 in for 0xa9
01-23 21:30:41.764 25408 25408 E ArmVmp : Match on catch block at 0xc3 in for 0xa1
01-23 21:30:41.769 25408 25408 E ArmVmp : Match on catch block at 0xc3 in for 0xa5
01-23 21:30:41.773 25408 25408 E ArmVmp : Match on catch block at 0xc3 in for 0xa5
01-23 21:30:42.269 25408 25408 E ArmVmp : Match on catch block at 0xc3 in for 0xa9
01-23 21:30:42.274 25408 25408 E ArmVmp : Match on catch block at 0xc3 in for 0xa1
01-23 21:30:42.456 25408 25408 E ArmVmp : Match on catch block at 0xc3 in for 0xa1
01-23 21:30:42.462 25408 25408 E ArmVmp : Match on catch block at 0xc3 in for 0xa5
01-23 21:30:42.474 25408 25408 E ArmVmp : Match on catch block at 0xc3 in for 0xa5
01-23 21:30:42.480 25408 25408 E ArmVmp : Match on catch block at 0xc3 in for 0xa9
01-23 21:30:42.492 25408 25408 E ArmVmp : Match on catch block at 0xc3 in for 0xa9
01-23 21:30:42.498 25408 25408 E ArmVmp : Match on catch block at 0xc3 in for 0xa1
01-23 21:30:42.510 25408 25408 E ArmVmp : Match on catch block at 0xc3 in for 0xa1
01-23 21:30:42.516 25408 25408 E ArmVmp : Match on catch block at 0xc3 in for 0xa5
01-23 21:30:42.529 25408 25408 E ArmVmp : Match on catch block at 0xc3 in for 0xa5
01-23 21:30:42.534 25408 25408 E ArmVmp : Match on catch block at 0xc3 in for 0xa9
01-23 21:30:42.546 25408 25408 E ArmVmp : Match on catch block at 0xc3 in for 0xa9
01-23 21:30:42.552 25408 25408 E ArmVmp : Match on catch block at 0xc3 in for 0xa1
01-23 21:30:42.564 25408 25408 E ArmVmp : Match on catch block at 0xc3 in for 0xa1
01-23 21:30:42.570 25408 25408 E ArmVmp : Match on catch block at 0xc3 in for 0xa5
01-23 21:30:42.583 25408 25408 E ArmVmp : Match on catch block at 0xc3 in for 0xa5
01-23 21:30:42.588 25408 25408 E ArmVmp : Match on catch block at 0xc3 in for 0xa9
01-23 21:30:42.600 25408 25408 E ArmVmp : Match on catch block at 0xc3 in for 0xa9
01-23 21:30:42.605 25408 25408 E ArmVmp : Match on catch block at 0xc3 in for 0xa1
01-23 21:30:42.615 25408 25408 E ArmVmp : Match on catch block at 0xc3 in for 0xa1
01-23 21:30:42.620 25408 25408 E ArmVmp : Match on catch block at 0xc3 in for 0xa5
01-23 21:30:42.631 25408 25408 E ArmVmp : Match on catch block at 0xc3 in for 0xa5
01-23 21:30:42.636 25408 25408 E ArmVmp : Match on catch block at 0xc3 in for 0xa9
01-23 21:30:42.648 25408 25408 E ArmVmp : Match on catch block at 0xc3 in for 0xa9
01-23 21:30:42.653 25408 25408 E ArmVmp : Match on catch block at 0xc3 in for 0xa1
01-23 21:30:42.664 25408 25408 E ArmVmp : Match on catch block at 0xc3 in for 0xa1
01-23 21:30:42.668 25408 25408 E ArmVmp : Match on catch block at 0xc3 in for 0xa5
01-23 21:30:42.673 25408 25408 E ArmVmp : Match on catch block at 0xc3 in for 0xa5
01-23 21:30:42.694 25408 25408 E ArmVmp : Match on catch block at 0xc3 in for 0xa9
01-23 21:30:42.698 25408 25408 E ArmVmp : Match on catch block at 0xc3 in for 0xa1
01-23 21:30:42.709 25408 25408 E ArmVmp : Match on catch block at 0xc3 in for 0xa1
01-23 21:30:42.714 25408 25408 E ArmVmp : Match on catch block at 0xc3 in for 0xa5
01-23 21:30:42.727 25408 25408 E ArmVmp : Match on catch block at 0xc3 in for 0xa5
01-23 21:30:42.732 25408 25408 E ArmVmp : Match on catch block at 0xc3 in for 0xa9
01-23 21:30:42.735 25408 25408 E ArmVmp : Match on catch block at 0xc3 in for 0xa9
01-23 21:30:42.742 25408 25408 E ArmVmp : Match on catch block at 0xc3 in for 0xa5
01-23 21:30:42.747 25408 25408 E ArmVmp : Match on catch block at 0xc3 in for 0xa9
01-23 21:30:42.750 25408 25408 E ArmVmp : Match on catch block at 0xc3 in for 0xa9
01-23 21:30:42.757 25408 25408 E ArmVmp : Match on catch block at 0xc3 in for 0xa5
01-23 21:30:42.761 25408 25408 E ArmVmp : Match on catch block at 0xc3 in for 0xa9
01-23 21:30:42.765 25408 25408 E ArmVmp : Match on catch block at 0xc3 in for 0xa9
01-23 21:30:42.773 25408 25408 E ArmVmp : Match on catch block at 0xc3 in for 0xa5
01-23 21:30:42.779 25408 25408 E ArmVmp : Match on catch block at 0xc3 in for 0xa9
01-23 21:30:42.786 25408 25408 E ArmVmp : Match on catch block at 0xc3 in for 0xa9
01-23 21:30:42.795 25408 25408 E ArmVmp : Match on catch block at 0xc3 in for 0xa5
01-23 21:30:42.800 25408 25408 E ArmVmp : Match on catch block at 0xc3 in for 0xa9
01-23 21:30:42.804 25408 25408 E ArmVmp : Match on catch block at 0xc3 in for 0xa9
01-23 21:30:42.812 25408 25408 E ArmVmp : Match on catch block at 0xc3 in for 0xa5
01-23 21:30:42.816 25408 25408 E ArmVmp : Match on catch block at 0xc3 in for 0xa9
01-23 21:30:42.827 25408 25408 E ArmVmp : Match on catch block at 0xc3 in for 0xa9
01-23 21:30:42.831 25408 25408 E ArmVmp : Match on catch block at 0xc3 in for 0xa1
01-23 21:30:43.249 25408 25408 E ArmVmp : Match on catch block at 0xc3 in for 0xa1
01-23 21:30:43.253 25408 25408 E ArmVmp : Match on catch block at 0xc3 in for 0xa5
01-23 21:30:43.267 25408 25408 E ArmVmp : Match on catch block at 0xc3 in for 0xa5
01-23 21:30:43.273 25408 25408 E ArmVmp : Match on catch block at 0xc3 in for 0xa9
01-23 21:30:43.285 25408 25408 E ArmVmp : Match on catch block at 0xc3 in for 0xa9
01-23 21:30:43.291 25408 25408 E ArmVmp : Match on catch block at 0xc3 in for 0xa1
01-23 21:30:43.303 25408 25408 E ArmVmp : Match on catch block at 0xc3 in for 0xa1
01-23 21:30:43.308 25408 25408 E ArmVmp : Match on catch block at 0xc3 in for 0xa5
01-23 21:30:43.320 25408 25408 E ArmVmp : Match on catch block at 0xc3 in for 0xa5
01-23 21:30:43.325 25408 25408 E ArmVmp : Match on catch block at 0xc3 in for 0xa9
01-23 21:30:43.337 25408 25408 E ArmVmp : Match on catch block at 0xc3 in for 0xa9
01-23 21:30:43.342 25408 25408 E ArmVmp : Match on catch block at 0xc3 in for 0xa1
01-23 21:30:43.353 25408 25408 E ArmVmp : Match on catch block at 0xc3 in for 0xa1
01-23 21:30:43.357 25408 25408 E ArmVmp : Match on catch block at 0xc3 in for 0xa5
01-23 21:30:43.360 25408 25408 E ArmVmp : Match on catch block at 0xc3 in for 0xa5
01-23 21:30:43.369 25408 25408 E ArmVmp : Match on catch block at 0xc3 in for 0xa9
01-23 21:30:43.374 25408 25408 E ArmVmp : Match on catch block at 0xc3 in for 0xa1
01-23 21:30:43.377 25408 25408 E ArmVmp : Match on catch block at 0xc3 in for 0xa1
01-23 21:30:43.385 25408 25408 E ArmVmp : Match on catch block at 0xc3 in for 0xa9
01-23 21:30:43.389 25408 25408 E ArmVmp : Match on catch block at 0xc3 in for 0xa1
01-23 21:30:43.393 25408 25408 E ArmVmp : Match on catch block at 0xc3 in for 0xa1
01-23 21:30:43.400 25408 25408 E ArmVmp : Match on catch block at 0xc3 in for 0xa9
01-23 21:30:43.405 25408 25408 E ArmVmp : Match on catch block at 0xc3 in for 0xa1
01-23 21:30:43.408 25408 25408 E ArmVmp : Match on catch block at 0xc3 in for 0xa1
01-23 21:30:43.415 25408 25408 E ArmVmp : Match on catch block at 0xc3 in for 0xa9
01-23 21:30:43.420 25408 25408 E ArmVmp : Match on catch block at 0xc3 in for 0xa1
01-23 21:30:43.423 25408 25408 E ArmVmp : Match on catch block at 0xc3 in for 0xa1
01-23 21:30:43.430 25408 25408 E ArmVmp : Match on catch block at 0xc3 in for 0xa9
01-23 21:30:43.435 25408 25408 E ArmVmp : Match on catch block at 0xc3 in for 0xa1
01-23 21:30:43.439 25408 25408 E ArmVmp : Match on catch block at 0xc3 in for 0xa1
01-23 21:30:43.446 25408 25408 E ArmVmp : Match on catch block at 0xc3 in for 0xa9
01-23 21:30:43.451 25408 25408 E ArmVmp : Match on catch block at 0xc3 in for 0xa1
01-23 21:30:43.463 25408 25408 E ArmVmp : Match on catch block at 0xc3 in for 0xa1
01-23 21:30:43.468 25408 25408 E ArmVmp : Match on catch block at 0xc3 in for 0xa5
01-23 21:30:43.471 25408 25408 E ArmVmp : Match on catch block at 0xc3 in for 0xa5
01-23 21:30:43.783 25408 25408 E ArmVmp : Match on catch block at 0xc3 in for 0xa9
01-23 21:30:43.788 25408 25408 E ArmVmp : Match on catch block at 0xc3 in for 0xa1
01-23 21:30:43.792 25408 25408 E ArmVmp : Match on catch block at 0xc3 in for 0xa1
01-23 21:30:43.922 25408 25408 E ArmVmp : Match on catch block at 0xc3 in for 0xa5
01-23 21:30:43.927 25408 25408 E ArmVmp : Match on catch block at 0xc3 in for 0xa9
01-23 21:30:43.931 25408 25408 E ArmVmp : Match on catch block at 0xc3 in for 0xa9
01-23 21:30:43.940 25408 25408 E ArmVmp : Match on catch block at 0xc3 in for 0xa1
01-23 21:30:43.946 25408 25408 E ArmVmp : Match on catch block at 0xc3 in for 0xa5
01-23 21:30:43.951 25408 25408 E ArmVmp : Match on catch block at 0xc3 in for 0xa5
01-23 21:30:44.018 25408 25408 E ArmVmp : Match on catch block at 0xc3 in for 0xa9
01-23 21:30:44.023 25408 25408 E ArmVmp : Match on catch block at 0xc3 in for 0xa1
01-23 21:30:44.026 25408 25408 E ArmVmp : Match on catch block at 0xc3 in for 0xa1
01-23 21:30:44.159 25408 25408 E ArmVmp : Match on catch block at 0xc3 in for 0xa9
01-23 21:30:44.164 25408 25408 E ArmVmp : Match on catch block at 0xc3 in for 0xa1
01-23 21:30:44.167 25408 25408 E ArmVmp : Match on catch block at 0xc3 in for 0xa1
01-23 21:30:44.337 25408 25408 W StaticLayout: maxLineHeight should not be -1.
maxLines:1 lineCount:1
01-23 21:30:44.345 25408 25408 W StaticLayout: maxLineHeight should not be -1.
maxLines:1 lineCount:1
01-23 21:30:44.352 25408 25408 E ArmVmp : Match on catch block at 0xc3 in for 0xa9
01-23 21:30:44.359 25408 25408 E ArmVmp : Match on catch block at 0xc3 in for 0xa1
01-23 21:30:44.362 25408 25408 E ArmVmp : Match on catch block at 0xc3 in for 0xa1
01-23 21:30:44.372 25408 25408 E ArmVmp : Match on catch block at 0xc3 in for 0xa5
01-23 21:30:44.378 25408 25408 E ArmVmp : Match on catch block at 0xc3 in for 0xa9
01-23 21:30:44.382 25408 25408 E ArmVmp : Match on catch block at 0xc3 in for 0xa9
01-23 21:30:44.417 25408 25408 E ArmVmp : Match on catch block at 0xc3 in for 0xa1
01-23 21:30:44.423 25408 25408 E ArmVmp : Match on catch block at 0xc3 in for 0xa5
01-23 21:30:44.426 25408 25408 E ArmVmp : Match on catch block at 0xc3 in for 0xa5
01-23 21:30:45.341 25408 25408 W ActivityThread: handleWindowVisibility: no
activity for token android.os.BinderProxy@5f10dd3
01-23 21:30:45.606 25408 25408 E ArmVmp : Match on catch block at 0xb0 in for 0xe5
01-23 21:30:45.613 25408 25408 E ArmVmp : Match on catch block at 0xb0 in for 0xe9
01-23 21:30:45.661 25408 25408 E ArmVmp : Match on catch block at 0x0a in for 0xc9
01-23 21:30:45.667 25408 25408 E ArmVmp : Match on catch block at 0x0a in for 0xc5
01-23 21:30:45.711 25408 25408 W RenderThread: type=1400 audit(0.0:181134): avc:
denied { read } for name="u:object_r:vendor_hwui_prop:s0" dev="tmpfs" ino=14181
scontext=u:r:untrusted_app:s0:c140,c257,c512,c768
tcontext=u:object_r:vendor_hwui_prop:s0 tclass=file permissive=0
01-23 21:30:45.715 25408 1552 E libc : Access denied finding property
"ro.vendor.hwui.texture_cache_size"
01-23 21:30:46.115 25408 25408 E ArmVmp : Match on catch block at 0xc3 in for 0xb5
01-23 21:30:46.121 25408 25408 E ArmVmp : Match on catch block at 0xc3 in for 0xb5
01-23 21:30:46.131 25408 25408 W RenderThread: type=1400 audit(0.0:181135): avc:
denied { read } for name="u:object_r:vendor_hwui_prop:s0" dev="tmpfs" ino=14181
scontext=u:r:untrusted_app:s0:c140,c257,c512,c768
tcontext=u:object_r:vendor_hwui_prop:s0 tclass=file permissive=0
01-23 21:30:46.136 25408 1552 E libc : Access denied finding property
"ro.vendor.hwui.texture_cache_size"
01-23 21:30:46.182 25408 25408 E ArmVmp : Match on catch block at 0xc3 in for 0xa5
01-23 21:30:46.188 25408 25408 E ArmVmp : Match on catch block at 0xc3 in for 0xa9
01-23 21:30:46.338 25408 25408 E ArmVmp : Match on catch block at 0xc3 in for 0xa5
01-23 21:30:46.348 25408 25408 E ArmVmp : Match on catch block at 0xc3 in for 0xa9
01-23 21:30:46.425 25408 25408 E ArmVmp : Match on catch block at 0xc3 in for 0xa1
01-23 21:30:46.432 25408 25408 E ArmVmp : Match on catch block at 0xc3 in for 0xa5
01-23 21:30:46.467 25408 25408 E ArmVmp : Match on catch block at 0xc3 in for 0xa5
01-23 21:30:46.475 25408 25408 E ArmVmp : Match on catch block at 0xc3 in for 0xa9
01-23 21:30:46.516 25408 25408 E ArmVmp : Match on catch block at 0xc3 in for 0xa9
01-23 21:30:46.521 25408 25408 E ArmVmp : Match on catch block at 0xc3 in for 0xa1
01-23 21:30:46.531 25408 25408 E ArmVmp : Match on catch block at 0xc3 in for 0xa9
01-23 21:30:46.539 25408 25408 E ArmVmp : Match on catch block at 0xc3 in for 0xa1
01-23 21:30:46.548 25408 25408 E ArmVmp : Match on catch block at 0xc3 in for 0xa9
01-23 21:30:46.555 25408 25408 E ArmVmp : Match on catch block at 0xc3 in for 0xa1
01-23 21:30:46.565 25408 25408 E ArmVmp : Match on catch block at 0xc3 in for 0xa9
01-23 21:30:46.571 25408 25408 E ArmVmp : Match on catch block at 0xc3 in for 0xa1
01-23 21:30:46.582 25408 25408 E ArmVmp : Match on catch block at 0xc3 in for 0xa9
01-23 21:30:46.588 25408 25408 E ArmVmp : Match on catch block at 0xc3 in for 0xa1
01-23 21:30:46.599 25408 25408 E ArmVmp : Match on catch block at 0xc3 in for 0xa9
01-23 21:30:46.605 25408 25408 E ArmVmp : Match on catch block at 0xc3 in for 0xa1
01-23 21:30:46.616 25408 25408 E ArmVmp : Match on catch block at 0xc3 in for 0xa9
01-23 21:30:46.622 25408 25408 E ArmVmp : Match on catch block at 0xc3 in for 0xa1
01-23 21:30:46.633 25408 25408 E ArmVmp : Match on catch block at 0xc3 in for 0xa9
01-23 21:30:46.639 25408 25408 E ArmVmp : Match on catch block at 0xc3 in for 0xa1
01-23 21:30:46.650 25408 25408 E ArmVmp : Match on catch block at 0xc3 in for 0xa9
01-23 21:30:46.657 25408 25408 E ArmVmp : Match on catch block at 0xc3 in for 0xa1
01-23 21:30:46.668 25408 25408 E ArmVmp : Match on catch block at 0xc3 in for 0xa9
01-23 21:30:46.675 25408 25408 E ArmVmp : Match on catch block at 0xc3 in for 0xa1
01-23 21:30:46.685 25408 25408 E ArmVmp : Match on catch block at 0xc3 in for 0xa9
01-23 21:30:46.692 25408 25408 E ArmVmp : Match on catch block at 0xc3 in for 0xa1
01-23 21:30:46.702 25408 25408 E ArmVmp : Match on catch block at 0xc3 in for 0xa9
01-23 21:30:46.709 25408 25408 E ArmVmp : Match on catch block at 0xc3 in for 0xa1
01-23 21:30:46.718 25408 25408 E ArmVmp : Match on catch block at 0xc3 in for 0xa9
01-23 21:30:46.724 25408 25408 E ArmVmp : Match on catch block at 0xc3 in for 0xa1
01-23 21:30:46.735 25408 25408 E ArmVmp : Match on catch block at 0xc3 in for 0xa9
01-23 21:30:46.742 25408 25408 E ArmVmp : Match on catch block at 0xc3 in for 0xa1
01-23 21:30:46.752 25408 25408 E ArmVmp : Match on catch block at 0xc3 in for 0xa9
01-23 21:30:46.758 25408 25408 E ArmVmp : Match on catch block at 0xc3 in for 0xa1
01-23 21:30:46.769 25408 25408 E ArmVmp : Match on catch block at 0xc3 in for 0xa9
01-23 21:30:46.775 25408 25408 E ArmVmp : Match on catch block at 0xc3 in for 0xa1
01-23 21:30:46.784 25408 25408 E ArmVmp : Match on catch block at 0xc3 in for 0xa1
01-23 21:30:46.790 25408 25408 E ArmVmp : Match on catch block at 0xc3 in for 0xa5
01-23 21:30:46.800 25408 25408 E ArmVmp : Match on catch block at 0xc3 in for 0xa5
01-23 21:30:46.806 25408 25408 E ArmVmp : Match on catch block at 0xc3 in for 0xa9
01-23 21:30:46.816 25408 25408 E ArmVmp : Match on catch block at 0xc3 in for 0xa9
01-23 21:30:46.822 25408 25408 E ArmVmp : Match on catch block at 0xc3 in for 0xa1
01-23 21:30:46.831 25408 25408 E ArmVmp : Match on catch block at 0xc3 in for 0xa9
01-23 21:30:46.837 25408 25408 E ArmVmp : Match on catch block at 0xc3 in for 0xa1
01-23 21:30:46.844 25408 25408 E ArmVmp : Match on catch block at 0xc3 in for 0xa1
01-23 21:30:46.849 25408 25408 E ArmVmp : Match on catch block at 0xc3 in for 0xa5
01-23 21:30:46.861 25408 25408 E ArmVmp : Match on catch block at 0xc3 in for 0xa1
01-23 21:30:46.867 25408 25408 E ArmVmp : Match on catch block at 0xc3 in for 0xa5
01-23 21:30:46.895 25408 25408 E ArmVmp : Match on catch block at 0xc3 in for 0xa1
01-23 21:30:46.901 25408 25408 E ArmVmp : Match on catch block at 0xc3 in for 0xa5
01-23 21:30:46.911 25408 25408 E ArmVmp : Match on catch block at 0xc3 in for 0xa9
01-23 21:30:46.918 25408 25408 E ArmVmp : Match on catch block at 0xc3 in for 0xa1
01-23 21:30:46.929 25408 25408 E ArmVmp : Match on catch block at 0xc3 in for 0xa5
01-23 21:30:46.936 25408 25408 E ArmVmp : Match on catch block at 0xc3 in for 0xa9
01-23 21:30:46.945 25408 25408 E ArmVmp : Match on catch block at 0xc3 in for 0xa1
01-23 21:30:46.952 25408 25408 E ArmVmp : Match on catch block at 0xc3 in for 0xa5
01-23 21:30:46.962 25408 25408 E ArmVmp : Match on catch block at 0xc3 in for 0xa9
01-23 21:30:46.968 25408 25408 E ArmVmp : Match on catch block at 0xc3 in for 0xa1
01-23 21:30:46.978 25408 25408 E ArmVmp : Match on catch block at 0xc3 in for 0xa5
01-23 21:30:46.985 25408 25408 E ArmVmp : Match on catch block at 0xc3 in for 0xa9
01-23 21:30:46.996 25408 25408 E ArmVmp : Match on catch block at 0xc3 in for 0xa5
01-23 21:30:47.002 25408 25408 E ArmVmp : Match on catch block at 0xc3 in for 0xa9
01-23 21:30:47.271 25408 25408 E ArmVmp : Match on catch block at 0xc3 in for 0xa1
01-23 21:30:47.276 25408 25408 E ArmVmp : Match on catch block at 0xc3 in for 0xa5
01-23 21:30:47.284 25408 25408 E ArmVmp : Match on catch block at 0xc3 in for 0xa5
01-23 21:30:47.290 25408 25408 E ArmVmp : Match on catch block at 0xc3 in for 0xa9
01-23 21:30:47.298 25408 25408 E ArmVmp : Match on catch block at 0xc3 in for 0xa9
01-23 21:30:47.305 25408 25408 E ArmVmp : Match on catch block at 0xc3 in for 0xa1
01-23 21:30:47.365 25408 25408 E ArmVmp : Match on catch block at 0xc3 in for 0xa1
01-23 21:30:47.371 25408 25408 E ArmVmp : Match on catch block at 0xc3 in for 0xa5
01-23 21:30:47.464 25408 25408 E ArmVmp : Match on catch block at 0xc3 in for 0xa9
01-23 21:30:47.470 25408 25408 E ArmVmp : Match on catch block at 0xc3 in for 0xa1
01-23 21:30:47.715 25408 25408 E ArmVmp : Match on catch block at 0xc3 in for 0xa5
01-23 21:30:47.720 25408 25408 E ArmVmp : Match on catch block at 0xc3 in for 0xa9
01-23 21:30:48.351 25408 25408 W ActivityThread: handleWindowVisibility: no
activity for token android.os.BinderProxy@1687496
01-23 21:30:48.596 25408 25408 E ArmVmp : Match on catch block at 0xb0 in for 0xe1
01-23 21:30:48.603 25408 25408 E ArmVmp : Match on catch block at 0xb0 in for 0xe5
01-23 21:30:48.649 25408 25408 E ArmVmp : Match on catch block at 0x0a in for 0xc1
01-23 21:30:48.655 25408 25408 E ArmVmp : Match on catch block at 0x0a in for 0xc9
01-23 21:30:48.695 25408 25408 W RenderThread: type=1400 audit(0.0:181136): avc:
denied { read } for name="u:object_r:vendor_hwui_prop:s0" dev="tmpfs" ino=14181
scontext=u:r:untrusted_app:s0:c140,c257,c512,c768
tcontext=u:object_r:vendor_hwui_prop:s0 tclass=file permissive=0
01-23 21:30:48.700 25408 1552 E libc : Access denied finding property
"ro.vendor.hwui.texture_cache_size"
01-23 21:30:48.900 25408 25408 E ArmVmp : Match on catch block at 0xc3 in for 0xb1
01-23 21:30:48.904 25408 25408 E ArmVmp : Match on catch block at 0xc3 in for 0xb1
01-23 21:30:48.915 25408 25408 W RenderThread: type=1400 audit(0.0:181137): avc:
denied { read } for name="u:object_r:vendor_hwui_prop:s0" dev="tmpfs" ino=14181
scontext=u:r:untrusted_app:s0:c140,c257,c512,c768
tcontext=u:object_r:vendor_hwui_prop:s0 tclass=file permissive=0
01-23 21:30:48.922 25408 1552 E libc : Access denied finding property
"ro.vendor.hwui.texture_cache_size"
01-23 21:30:48.959 25408 25408 E ArmVmp : Match on catch block at 0xc3 in for 0xa9
01-23 21:30:48.964 25408 25408 E ArmVmp : Match on catch block at 0xc3 in for 0xa1
01-23 21:30:49.059 25408 25408 E ArmVmp : Match on catch block at 0xc3 in for 0xa9
01-23 21:30:49.064 25408 25408 E ArmVmp : Match on catch block at 0xc3 in for 0xa1
01-23 21:30:49.092 25408 25408 E ArmVmp : Match on catch block at 0xc3 in for 0xa9
01-23 21:30:49.096 25408 25408 E ArmVmp : Match on catch block at 0xc3 in for 0xa1
01-23 21:30:49.119 25408 25408 E ArmVmp : Match on catch block at 0xc3 in for 0xa1
01-23 21:30:49.124 25408 25408 E ArmVmp : Match on catch block at 0xc3 in for 0xa5
01-23 21:30:49.156 25408 25408 E ArmVmp : Match on catch block at 0xc3 in for 0xa5
01-23 21:30:49.161 25408 25408 E ArmVmp : Match on catch block at 0xc3 in for 0xa9
01-23 21:30:49.183 25408 25408 E ArmVmp : Match on catch block at 0xc3 in for 0xa9
01-23 21:30:49.188 25408 25408 E ArmVmp : Match on catch block at 0xc3 in for 0xa1
01-23 21:30:49.518 25408 25408 E ArmVmp : Match on catch block at 0xc3 in for 0xa1
01-23 21:30:49.523 25408 25408 E ArmVmp : Match on catch block at 0xc3 in for 0xa5
01-23 21:30:49.535 25408 25408 E ArmVmp : Match on catch block at 0xc3 in for 0xa5
01-23 21:30:49.540 25408 25408 E ArmVmp : Match on catch block at 0xc3 in for 0xa9
01-23 21:30:49.552 25408 25408 E ArmVmp : Match on catch block at 0xc3 in for 0xa9
01-23 21:30:49.557 25408 25408 E ArmVmp : Match on catch block at 0xc3 in for 0xa1
01-23 21:30:49.569 25408 25408 E ArmVmp : Match on catch block at 0xc3 in for 0xa1
01-23 21:30:49.574 25408 25408 E ArmVmp : Match on catch block at 0xc3 in for 0xa5
01-23 21:30:49.587 25408 25408 E ArmVmp : Match on catch block at 0xc3 in for 0xa5
01-23 21:30:49.592 25408 25408 E ArmVmp : Match on catch block at 0xc3 in for 0xa9
01-23 21:30:49.604 25408 25408 E ArmVmp : Match on catch block at 0xc3 in for 0xa9
01-23 21:30:49.609 25408 25408 E ArmVmp : Match on catch block at 0xc3 in for 0xa1
01-23 21:30:49.620 25408 25408 E ArmVmp : Match on catch block at 0xc3 in for 0xa1
01-23 21:30:49.625 25408 25408 E ArmVmp : Match on catch block at 0xc3 in for 0xa5
01-23 21:30:49.638 25408 25408 E ArmVmp : Match on catch block at 0xc3 in for 0xa5
01-23 21:30:49.643 25408 25408 E ArmVmp : Match on catch block at 0xc3 in for 0xa9
01-23 21:30:49.655 25408 25408 E ArmVmp : Match on catch block at 0xc3 in for 0xa9
01-23 21:30:49.660 25408 25408 E ArmVmp : Match on catch block at 0xc3 in for 0xa1
01-23 21:30:49.672 25408 25408 E ArmVmp : Match on catch block at 0xc3 in for 0xa1
01-23 21:30:49.677 25408 25408 E ArmVmp : Match on catch block at 0xc3 in for 0xa5
01-23 21:30:49.689 25408 25408 E ArmVmp : Match on catch block at 0xc3 in for 0xa5
01-23 21:30:49.694 25408 25408 E ArmVmp : Match on catch block at 0xc3 in for 0xa9
01-23 21:30:49.711 25408 25408 E ArmVmp : Match on catch block at 0xc3 in for 0xa5
01-23 21:30:49.716 25408 25408 E ArmVmp : Match on catch block at 0xc3 in for 0xa9
01-23 21:30:49.727 25408 25408 E ArmVmp : Match on catch block at 0xc3 in for 0xa5
01-23 21:30:49.732 25408 25408 E ArmVmp : Match on catch block at 0xc3 in for 0xa9
01-23 21:30:49.738 25408 25408 E ArmVmp : Match on catch block at 0xc3 in for 0xa9
01-23 21:30:49.743 25408 25408 E ArmVmp : Match on catch block at 0xc3 in for 0xa1
01-23 21:30:49.759 25408 25408 E ArmVmp : Match on catch block at 0xc3 in for 0xa5
01-23 21:30:49.764 25408 25408 E ArmVmp : Match on catch block at 0xc3 in for 0xa9
01-23 21:30:49.776 25408 25408 E ArmVmp : Match on catch block at 0xc3 in for 0xa1
01-23 21:30:49.781 25408 25408 E ArmVmp : Match on catch block at 0xc3 in for 0xa5
01-23 21:30:49.789 25408 25408 E ArmVmp : Match on catch block at 0xc3 in for 0xa1
01-23 21:30:49.794 25408 25408 E ArmVmp : Match on catch block at 0xc3 in for 0xa5
01-23 21:30:49.807 25408 25408 E ArmVmp : Match on catch block at 0xc3 in for 0xa9
01-23 21:30:49.811 25408 25408 E ArmVmp : Match on catch block at 0xc3 in for 0xa1
01-23 21:30:49.823 25408 25408 E ArmVmp : Match on catch block at 0xc3 in for 0xa9
01-23 21:30:49.828 25408 25408 E ArmVmp : Match on catch block at 0xc3 in for 0xa1
01-23 21:30:49.840 25408 25408 E ArmVmp : Match on catch block at 0xc3 in for 0xa5
01-23 21:30:49.846 25408 25408 E ArmVmp : Match on catch block at 0xc3 in for 0xa9
01-23 21:30:49.857 25408 25408 E ArmVmp : Match on catch block at 0xc3 in for 0xa5
01-23 21:30:49.861 25408 25408 E ArmVmp : Match on catch block at 0xc3 in for 0xa9
01-23 21:30:49.874 25408 25408 E ArmVmp : Match on catch block at 0xc3 in for 0xa1
01-23 21:30:49.879 25408 25408 E ArmVmp : Match on catch block at 0xc3 in for 0xa5
01-23 21:30:49.891 25408 25408 E ArmVmp : Match on catch block at 0xc3 in for 0xa9
01-23 21:30:49.896 25408 25408 E ArmVmp : Match on catch block at 0xc3 in for 0xa1
01-23 21:30:49.909 25408 25408 E ArmVmp : Match on catch block at 0xc3 in for 0xa9
01-23 21:30:49.914 25408 25408 E ArmVmp : Match on catch block at 0xc3 in for 0xa1
01-23 21:30:49.927 25408 25408 E ArmVmp : Match on catch block at 0xc3 in for 0xa5
01-23 21:30:49.932 25408 25408 E ArmVmp : Match on catch block at 0xc3 in for 0xa9
01-23 21:30:49.943 25408 25408 E ArmVmp : Match on catch block at 0xc3 in for 0xa5
01-23 21:30:49.949 25408 25408 E ArmVmp : Match on catch block at 0xc3 in for 0xa9
01-23 21:30:49.959 25408 25408 E ArmVmp : Match on catch block at 0xc3 in for 0xa1
01-23 21:30:49.965 25408 25408 E ArmVmp : Match on catch block at 0xc3 in for 0xa5
01-23 21:30:49.974 25408 25408 E ArmVmp : Match on catch block at 0xc3 in for 0xa1
01-23 21:30:49.980 25408 25408 E ArmVmp : Match on catch block at 0xc3 in for 0xa5
01-23 21:30:49.992 25408 25408 E ArmVmp : Match on catch block at 0xc3 in for 0xa1
01-23 21:30:49.997 25408 25408 E ArmVmp : Match on catch block at 0xc3 in for 0xa5
01-23 21:30:50.009 25408 25408 E ArmVmp : Match on catch block at 0xc3 in for 0xa9
01-23 21:30:50.014 25408 25408 E ArmVmp : Match on catch block at 0xc3 in for 0xa1
01-23 21:30:50.025 25408 25408 E ArmVmp : Match on catch block at 0xc3 in for 0xa9
01-23 21:30:50.031 25408 25408 E ArmVmp : Match on catch block at 0xc3 in for 0xa1
01-23 21:30:50.042 25408 25408 E ArmVmp : Match on catch block at 0xc3 in for 0xa1
01-23 21:30:50.048 25408 25408 E ArmVmp : Match on catch block at 0xc3 in for 0xa5
01-23 21:30:50.059 25408 25408 E ArmVmp : Match on catch block at 0xc3 in for 0xa9
01-23 21:30:50.064 25408 25408 E ArmVmp : Match on catch block at 0xc3 in for 0xa1
01-23 21:30:50.075 25408 25408 E ArmVmp : Match on catch block at 0xc3 in for 0xa5
01-23 21:30:50.080 25408 25408 E ArmVmp : Match on catch block at 0xc3 in for 0xa9
01-23 21:30:50.092 25408 25408 E ArmVmp : Match on catch block at 0xc3 in for 0xa1
01-23 21:30:50.097 25408 25408 E ArmVmp : Match on catch block at 0xc3 in for 0xa5
01-23 21:30:50.109 25408 25408 E ArmVmp : Match on catch block at 0xc3 in for 0xa9
01-23 21:30:50.114 25408 25408 E ArmVmp : Match on catch block at 0xc3 in for 0xa1
01-23 21:30:50.125 25408 25408 E ArmVmp : Match on catch block at 0xc3 in for 0xa5
01-23 21:30:50.131 25408 25408 E ArmVmp : Match on catch block at 0xc3 in for 0xa9
