01-24 09:52:26.355 3111 31759 W System.err: at
com.android.okhttp.internal.http.HttpEngine.sendRequest(HttpEngine.java:224)
01-24 09:52:26.355 3111 31759 W System.err:
01-24 09:52:26.355 3111 31759 W System.err: at
com.android.okhttp.internal.huc.HttpURLConnectionImpl.execute(HttpURLConnectionImpl
.java:461)
01-24 09:52:26.355 3111 31759 W System.err:
01-24 09:52:26.356 3111 31759 W System.err: at
com.android.okhttp.internal.huc.HttpURLConnectionImpl.connect(HttpURLConnectionImpl
.java:127)
01-24 09:52:26.356 3111 31759 W System.err:
01-24 09:52:26.356 3111 31759 W System.err: at
com.android.okhttp.internal.huc.DelegatingHttpsURLConnection.connect(DelegatingHttp
sURLConnection.java:89)
01-24 09:52:26.356 3111 31759 W System.err:
01-24 09:52:26.356 3111 31759 W System.err: at
com.android.okhttp.internal.huc.HttpsURLConnectionImpl.connect(HttpsURLConnectionIm
pl.java:26)
01-24 09:52:26.356 3111 31759 W System.err:
01-24 09:52:26.356 3111 31759 W System.err: at
mbmodsd.mbmodsw.home.MBTranslator.translate(Native Method)
01-24 09:52:26.356 3111 31759 W System.err:
01-24 09:52:26.357 3111 31759 W System.err: at
mbmodsd.mbmodsw.home.MBTranslator$Async.doInBackground(Native Method)
01-24 09:52:26.357 3111 31759 W System.err:
01-24 09:52:26.357 3111 31759 W System.err: at
mbmodsd.mbmodsw.home.MBTranslator$Async.doInBackground(Native Method)
01-24 09:52:26.357 3111 31759 W System.err:
01-24 09:52:26.357 3111 31759 W System.err: at
android.os.AsyncTask$2.call(AsyncTask.java:333)
01-24 09:52:26.357 3111 31759 W System.err:
01-24 09:52:26.357 3111 31759 W System.err: at
java.util.concurrent.FutureTask.run(FutureTask.java:266)
01-24 09:52:26.357 3111 31759 W System.err:
01-24 09:52:26.358 3111 31759 W System.err: at
android.os.AsyncTask$SerialExecutor$1.run(AsyncTask.java:245)
01-24 09:52:26.358 3111 31759 W System.err:
01-24 09:52:26.358 3111 31759 W System.err: at
java.util.concurrent.ThreadPoolExecutor.runWorker(ThreadPoolExecutor.java:1167)
01-24 09:52:26.358 3111 31759 W System.err:
01-24 09:52:26.358 3111 31759 W System.err: at
java.util.concurrent.ThreadPoolExecutor$Worker.run(ThreadPoolExecutor.java:641)
01-24 09:52:26.358 3111 31759 W System.err:
01-24 09:52:26.358 3111 31759 W System.err: at
java.lang.Thread.run(Thread.java:764)
01-24 09:52:26.358 3111 31759 W System.err:
01-24 09:52:26.359 3111 31759 W System.err: Caused by:
android.system.GaiException: android_getaddrinfo failed: EAI_NODATA (No address
associated with hostname)
01-24 09:52:26.359 3111 31759 W System.err:
01-24 09:52:26.359 3111 31759 W System.err: at
libcore.io.Linux.android_getaddrinfo(Native Method)
01-24 09:52:26.359 3111 31759 W System.err:
01-24 09:52:26.360 3111 31759 W System.err: at
libcore.io.BlockGuardOs.android_getaddrinfo(BlockGuardOs.java:172)
01-24 09:52:26.360 3111 31759 W System.err:
01-24 09:52:26.360 3111 31759 W System.err: at
java.net.Inet6AddressImpl.lookupHostByName(Inet6AddressImpl.java:137)
01-24 09:52:26.360 3111 31759 W System.err:
01-24 09:52:26.360 3111 31759 W System.err: ... 24 more
01-24 09:52:26.360 3111 31759 W System.err:
01-24 09:52:26.361 3111 31759 E ArmVmp : Match on catch block at 0x48 in for 0x99
01-24 09:52:26.362 3111 31759 W System.err: java.net.UnknownHostException: Unable
to resolve host "translate.googleapis.com": No address associated with hostname
01-24 09:52:26.362 3111 31759 W System.err:
01-24 09:52:26.362 3111 31759 W System.err: at
java.net.Inet6AddressImpl.lookupHostByName(Inet6AddressImpl.java:126)
01-24 09:52:26.363 3111 31759 W System.err:
01-24 09:52:26.363 3111 31759 W System.err: at
java.net.Inet6AddressImpl.lookupAllHostAddr(Inet6AddressImpl.java:105)
01-24 09:52:26.363 3111 31759 W System.err:
01-24 09:52:26.363 3111 31759 W System.err: at
java.net.InetAddress.getAllByName(InetAddress.java:1154)
01-24 09:52:26.363 3111 31759 W System.err:
01-24 09:52:26.363 3111 31759 W System.err: at
com.android.okhttp.Dns$1.lookup(Dns.java:39)
01-24 09:52:26.364 3111 31759 W System.err:
01-24 09:52:26.364 3111 31759 W System.err: at
com.android.okhttp.internal.http.RouteSelector.resetNextInetSocketAddress(RouteSele
ctor.java:175)
01-24 09:52:26.364 3111 31759 W System.err:
01-24 09:52:26.364 3111 31759 W System.err: at
com.android.okhttp.internal.http.RouteSelector.nextProxy(RouteSelector.java:141)
01-24 09:52:26.364 3111 31759 W System.err:
01-24 09:52:26.364 3111 31759 W System.err: at
com.android.okhttp.internal.http.RouteSelector.next(RouteSelector.java:83)
01-24 09:52:26.364 3111 31759 W System.err:
01-24 09:52:26.365 3111 31759 W System.err: at
com.android.okhttp.internal.http.StreamAllocation.findConnection(StreamAllocation.j
ava:174)
01-24 09:52:26.365 3111 31759 W System.err:
01-24 09:52:26.365 3111 31759 W System.err: at
com.android.okhttp.internal.http.StreamAllocation.findHealthyConnection(StreamAlloc
ation.java:126)
01-24 09:52:26.365 3111 31759 W System.err:
01-24 09:52:26.365 3111 31759 W System.err: at
com.android.okhttp.internal.http.StreamAllocation.newStream(StreamAllocation.java:9
5)
01-24 09:52:26.365 3111 31759 W System.err:
01-24 09:52:26.366 3111 31759 W System.err: at
com.android.okhttp.internal.http.HttpEngine.connect(HttpEngine.java:281)
01-24 09:52:26.366 3111 31759 W System.err:
01-24 09:52:26.366 3111 31759 W System.err: at
com.android.okhttp.internal.http.HttpEngine.sendRequest(HttpEngine.java:224)
01-24 09:52:26.366 3111 31759 W System.err:
01-24 09:52:26.366 3111 31759 W System.err: at
com.android.okhttp.internal.huc.HttpURLConnectionImpl.execute(HttpURLConnectionImpl
.java:461)
01-24 09:52:26.366 3111 31759 W System.err:
01-24 09:52:26.366 3111 31759 W System.err: at
com.android.okhttp.internal.huc.HttpURLConnectionImpl.connect(HttpURLConnectionImpl
.java:127)
01-24 09:52:26.366 3111 31759 W System.err:
01-24 09:52:26.367 3111 31759 W System.err: at
com.android.okhttp.internal.huc.DelegatingHttpsURLConnection.connect(DelegatingHttp
sURLConnection.java:89)
01-24 09:52:26.367 3111 31759 W System.err:
01-24 09:52:26.367 3111 31759 W System.err: at
com.android.okhttp.internal.huc.HttpsURLConnectionImpl.connect(HttpsURLConnectionIm
pl.java:26)
01-24 09:52:26.367 3111 31759 W System.err:
01-24 09:52:26.368 3111 31759 W System.err: at
mbmodsd.mbmodsw.home.MBTranslator.translate(Native Method)
01-24 09:52:26.368 3111 31759 W System.err:
01-24 09:52:26.368 3111 31759 W System.err: at
mbmodsd.mbmodsw.home.MBTranslator$Async.doInBackground(Native Method)
01-24 09:52:26.368 3111 31759 W System.err:
01-24 09:52:26.368 3111 31759 W System.err: at
mbmodsd.mbmodsw.home.MBTranslator$Async.doInBackground(Native Method)
01-24 09:52:26.368 3111 31759 W System.err:
01-24 09:52:26.368 3111 31759 W System.err: at
android.os.AsyncTask$2.call(AsyncTask.java:333)
01-24 09:52:26.368 3111 31759 W System.err:
01-24 09:52:26.368 3111 31759 W System.err: at
java.util.concurrent.FutureTask.run(FutureTask.java:266)
01-24 09:52:26.368 3111 31759 W System.err:
01-24 09:52:26.369 3111 31759 W System.err: at
android.os.AsyncTask$SerialExecutor$1.run(AsyncTask.java:245)
01-24 09:52:26.369 3111 31759 W System.err:
01-24 09:52:26.369 3111 31759 W System.err: at
java.util.concurrent.ThreadPoolExecutor.runWorker(ThreadPoolExecutor.java:1167)
01-24 09:52:26.369 3111 31759 W System.err:
01-24 09:52:26.369 3111 31759 W System.err: at
java.util.concurrent.ThreadPoolExecutor$Worker.run(ThreadPoolExecutor.java:641)
01-24 09:52:26.369 3111 31759 W System.err:
01-24 09:52:26.369 3111 31759 W System.err: at
java.lang.Thread.run(Thread.java:764)
01-24 09:52:26.369 3111 31759 W System.err:
01-24 09:52:26.392 3111 3111 W RenderThread: type=1400 audit(0.0:186070): avc:
denied { read } for name="u:object_r:vendor_hwui_prop:s0" dev="tmpfs" ino=14181
scontext=u:r:untrusted_app:s0:c140,c257,c512,c768
tcontext=u:object_r:vendor_hwui_prop:s0 tclass=file permissive=0
01-24 09:52:26.398 3111 8835 E libc : Access denied finding property
"ro.vendor.hwui.texture_cache_size"
01-24 09:52:26.855 3111 3111 E ArmVmp : Match on catch block at 0xc3 in for 0xb5
01-24 09:52:26.863 3111 3111 E ArmVmp : Match on catch block at 0xc3 in for 0xb5
01-24 09:52:26.876 3111 3111 W RenderThread: type=1400 audit(0.0:186071): avc:
denied { read } for name="u:object_r:vendor_hwui_prop:s0" dev="tmpfs" ino=14181
scontext=u:r:untrusted_app:s0:c140,c257,c512,c768
tcontext=u:object_r:vendor_hwui_prop:s0 tclass=file permissive=0
01-24 09:52:26.881 3111 8835 E libc : Access denied finding property
"ro.vendor.hwui.texture_cache_size"
01-24 09:52:26.935 3111 3111 E ArmVmp : Match on catch block at 0xc3 in for 0xa9
01-24 09:52:26.941 3111 3111 E ArmVmp : Match on catch block at 0xc3 in for 0xa1
01-24 09:52:27.078 3111 3111 E ArmVmp : Match on catch block at 0xc3 in for 0xa9
01-24 09:52:27.088 3111 3111 E ArmVmp : Match on catch block at 0xc3 in for 0xa1
01-24 09:52:27.126 3111 3111 E ArmVmp : Match on catch block at 0xc3 in for 0xa9
01-24 09:52:27.133 3111 3111 E ArmVmp : Match on catch block at 0xc3 in for 0xa1
01-24 09:52:27.144 3111 3111 E ArmVmp : Match on catch block at 0xc3 in for 0xa1
01-24 09:52:27.150 3111 3111 E ArmVmp : Match on catch block at 0xc3 in for 0xa5
01-24 09:52:27.188 3111 3111 E ArmVmp : Match on catch block at 0xc3 in for 0xa5
01-24 09:52:27.194 3111 3111 E ArmVmp : Match on catch block at 0xc3 in for 0xa9
01-24 09:52:27.212 3111 3111 E ArmVmp : Match on catch block at 0xc3 in for 0xa9
01-24 09:52:27.218 3111 3111 E ArmVmp : Match on catch block at 0xc3 in for 0xa1
01-24 09:52:27.229 3111 3111 E ArmVmp : Match on catch block at 0xc3 in for 0xa1
01-24 09:52:27.236 3111 3111 E ArmVmp : Match on catch block at 0xc3 in for 0xa5
01-24 09:52:27.246 3111 3111 E ArmVmp : Match on catch block at 0xc3 in for 0xa5
01-24 09:52:27.252 3111 3111 E ArmVmp : Match on catch block at 0xc3 in for 0xa9
01-24 09:52:27.262 3111 3111 E ArmVmp : Match on catch block at 0xc3 in for 0xa9
01-24 09:52:27.268 3111 3111 E ArmVmp : Match on catch block at 0xc3 in for 0xa1
01-24 09:52:27.279 3111 3111 E ArmVmp : Match on catch block at 0xc3 in for 0xa1
01-24 09:52:27.285 3111 3111 E ArmVmp : Match on catch block at 0xc3 in for 0xa5
01-24 09:52:27.296 3111 3111 E ArmVmp : Match on catch block at 0xc3 in for 0xa5
01-24 09:52:27.302 3111 3111 E ArmVmp : Match on catch block at 0xc3 in for 0xa9
01-24 09:52:27.313 3111 3111 E ArmVmp : Match on catch block at 0xc3 in for 0xa9
01-24 09:52:27.318 3111 3111 E ArmVmp : Match on catch block at 0xc3 in for 0xa1
01-24 09:52:27.330 3111 3111 E ArmVmp : Match on catch block at 0xc3 in for 0xa1
01-24 09:52:27.336 3111 3111 E ArmVmp : Match on catch block at 0xc3 in for 0xa5
01-24 09:52:27.346 3111 3111 E ArmVmp : Match on catch block at 0xc3 in for 0xa5
01-24 09:52:27.354 3111 3111 E ArmVmp : Match on catch block at 0xc3 in for 0xa9
01-24 09:52:27.365 3111 3111 E ArmVmp : Match on catch block at 0xc3 in for 0xa9
01-24 09:52:27.372 3111 3111 E ArmVmp : Match on catch block at 0xc3 in for 0xa1
01-24 09:52:27.381 3111 3111 E ArmVmp : Match on catch block at 0xc3 in for 0xa1
01-24 09:52:27.387 3111 3111 E ArmVmp : Match on catch block at 0xc3 in for 0xa5
01-24 09:52:27.398 3111 3111 E ArmVmp : Match on catch block at 0xc3 in for 0xa5
01-24 09:52:27.405 3111 3111 E ArmVmp : Match on catch block at 0xc3 in for 0xa9
01-24 09:52:27.415 3111 3111 E ArmVmp : Match on catch block at 0xc3 in for 0xa9
01-24 09:52:27.421 3111 3111 E ArmVmp : Match on catch block at 0xc3 in for 0xa1
01-24 09:52:27.431 3111 3111 E ArmVmp : Match on catch block at 0xc3 in for 0xa1
01-24 09:52:27.438 3111 3111 E ArmVmp : Match on catch block at 0xc3 in for 0xa5
01-24 09:52:27.449 3111 3111 E ArmVmp : Match on catch block at 0xc3 in for 0xa5
01-24 09:52:27.456 3111 3111 E ArmVmp : Match on catch block at 0xc3 in for 0xa9
01-24 09:52:27.503 3111 3111 E ArmVmp : Match on catch block at 0xc3 in for 0xa5
01-24 09:52:27.510 3111 3111 E ArmVmp : Match on catch block at 0xc3 in for 0xa9
01-24 09:52:27.522 3111 3111 E ArmVmp : Match on catch block at 0xc3 in for 0xa5
01-24 09:52:27.530 3111 3111 E ArmVmp : Match on catch block at 0xc3 in for 0xa9
01-24 09:52:27.544 3111 3111 E ArmVmp : Match on catch block at 0xc3 in for 0xa9
01-24 09:52:27.554 3111 3111 E ArmVmp : Match on catch block at 0xc3 in for 0xa1
01-24 09:52:27.563 3111 3111 E ArmVmp : Match on catch block at 0xc3 in for 0xa1
01-24 09:52:27.574 3111 3111 E ArmVmp : Match on catch block at 0xc3 in for 0xa5
01-24 09:52:27.586 3111 3111 E ArmVmp : Match on catch block at 0xc3 in for 0xa5
01-24 09:52:27.592 3111 3111 E ArmVmp : Match on catch block at 0xc3 in for 0xa9
01-24 09:52:27.673 3111 3111 E ArmVmp : Match on catch block at 0xc3 in for 0xa1
01-24 09:52:27.679 3111 3111 E ArmVmp : Match on catch block at 0xc3 in for 0xa5
01-24 09:52:27.704 3111 3111 E ArmVmp : Match on catch block at 0xc3 in for 0xa5
01-24 09:52:27.710 3111 3111 E ArmVmp : Match on catch block at 0xc3 in for 0xa9
01-24 09:52:27.728 3111 3111 E ArmVmp : Match on catch block at 0xc3 in for 0xa9
01-24 09:52:27.734 3111 3111 E ArmVmp : Match on catch block at 0xc3 in for 0xa1
01-24 09:52:27.745 3111 3111 E ArmVmp : Match on catch block at 0xc3 in for 0xa9
01-24 09:52:27.751 3111 3111 E ArmVmp : Match on catch block at 0xc3 in for 0xa1
01-24 09:52:27.764 3111 3111 E ArmVmp : Match on catch block at 0xc3 in for 0xa9
01-24 09:52:27.772 3111 3111 E ArmVmp : Match on catch block at 0xc3 in for 0xa1
01-24 09:52:27.781 3111 3111 E ArmVmp : Match on catch block at 0xc3 in for 0xa9
01-24 09:52:27.788 3111 3111 E ArmVmp : Match on catch block at 0xc3 in for 0xa1
01-24 09:52:27.799 3111 3111 E ArmVmp : Match on catch block at 0xc3 in for 0xa5
01-24 09:52:27.805 3111 3111 E ArmVmp : Match on catch block at 0xc3 in for 0xa9
01-24 09:52:27.818 3111 3111 E ArmVmp : Match on catch block at 0xc3 in for 0xa9
01-24 09:52:27.824 3111 3111 E ArmVmp : Match on catch block at 0xc3 in for 0xa1
01-24 09:52:27.835 3111 3111 E ArmVmp : Match on catch block at 0xc3 in for 0xa1
01-24 09:52:27.840 3111 3111 E ArmVmp : Match on catch block at 0xc3 in for 0xa5
01-24 09:52:27.851 3111 3111 E ArmVmp : Match on catch block at 0xc3 in for 0xa5
01-24 09:52:27.857 3111 3111 E ArmVmp : Match on catch block at 0xc3 in for 0xa9
01-24 09:52:28.037 3111 3111 E ArmVmp : Match on catch block at 0xc3 in for 0xa9
01-24 09:52:28.043 3111 3111 E ArmVmp : Match on catch block at 0xc3 in for 0xa1
01-24 09:52:28.121 3111 3111 E ArmVmp : Match on catch block at 0xc3 in for 0xa1
01-24 09:52:28.127 3111 3111 E ArmVmp : Match on catch block at 0xc3 in for 0xa5
01-24 09:52:28.138 3111 3111 E ArmVmp : Match on catch block at 0xc3 in for 0xa5
01-24 09:52:28.145 3111 3111 E ArmVmp : Match on catch block at 0xc3 in for 0xa9
01-24 09:52:28.154 3111 3111 E ArmVmp : Match on catch block at 0xc3 in for 0xa9
01-24 09:52:28.161 3111 3111 E ArmVmp : Match on catch block at 0xc3 in for 0xa1
01-24 09:52:28.173 3111 3111 E ArmVmp : Match on catch block at 0xc3 in for 0xa1
01-24 09:52:28.180 3111 3111 E ArmVmp : Match on catch block at 0xc3 in for 0xa5
01-24 09:52:28.189 3111 3111 E ArmVmp : Match on catch block at 0xc3 in for 0xa5
01-24 09:52:28.195 3111 3111 E ArmVmp : Match on catch block at 0xc3 in for 0xa9
01-24 09:52:28.205 3111 3111 E ArmVmp : Match on catch block at 0xc3 in for 0xa9
01-24 09:52:28.212 3111 3111 E ArmVmp : Match on catch block at 0xc3 in for 0xa1
01-24 09:52:28.222 3111 3111 E ArmVmp : Match on catch block at 0xc3 in for 0xa1
01-24 09:52:28.228 3111 3111 E ArmVmp : Match on catch block at 0xc3 in for 0xa5
01-24 09:52:28.240 3111 3111 E ArmVmp : Match on catch block at 0xc3 in for 0xa5
01-24 09:52:28.246 3111 3111 E ArmVmp : Match on catch block at 0xc3 in for 0xa9
01-24 09:52:28.256 3111 3111 E ArmVmp : Match on catch block at 0xc3 in for 0xa9
01-24 09:52:28.263 3111 3111 E ArmVmp : Match on catch block at 0xc3 in for 0xa1
01-24 09:52:28.273 3111 3111 E ArmVmp : Match on catch block at 0xc3 in for 0xa1
01-24 09:52:28.279 3111 3111 E ArmVmp : Match on catch block at 0xc3 in for 0xa5
01-24 09:52:28.289 3111 3111 E ArmVmp : Match on catch block at 0xc3 in for 0xa5
01-24 09:52:28.296 3111 3111 E ArmVmp : Match on catch block at 0xc3 in for 0xa9
01-24 09:52:28.306 3111 3111 E ArmVmp : Match on catch block at 0xc3 in for 0xa9
01-24 09:52:28.313 3111 3111 E ArmVmp : Match on catch block at 0xc3 in for 0xa1
01-24 09:52:28.324 3111 3111 E ArmVmp : Match on catch block at 0xc3 in for 0xa1
01-24 09:52:28.331 3111 3111 E ArmVmp : Match on catch block at 0xc3 in for 0xa5
01-24 09:52:28.340 3111 3111 E ArmVmp : Match on catch block at 0xc3 in for 0xa5
01-24 09:52:28.347 3111 3111 E ArmVmp : Match on catch block at 0xc3 in for 0xa9
01-24 09:52:28.358 3111 3111 E ArmVmp : Match on catch block at 0xc3 in for 0xa9
01-24 09:52:28.365 3111 3111 E ArmVmp : Match on catch block at 0xc3 in for 0xa1
01-24 09:52:28.373 3111 3111 E ArmVmp : Match on catch block at 0xc3 in for 0xa1
01-24 09:52:28.379 3111 3111 E ArmVmp : Match on catch block at 0xc3 in for 0xa5
01-24 09:52:28.542 3111 3111 E ArmVmp : Match on catch block at 0xc3 in for 0xa5
01-24 09:52:28.547 3111 3111 E ArmVmp : Match on catch block at 0xc3 in for 0xa9
01-24 09:52:28.815 3111 3111 E ArmVmp : Match on catch block at 0xc3 in for 0xa5
01-24 09:52:28.820 3111 3111 E ArmVmp : Match on catch block at 0xc3 in for 0xa9
01-24 09:52:28.828 3111 3111 E ArmVmp : Match on catch block at 0xc3 in for 0xa9
01-24 09:52:28.835 3111 3111 E ArmVmp : Match on catch block at 0xc3 in for 0xa1
01-24 09:52:28.844 3111 3111 E ArmVmp : Match on catch block at 0xc3 in for 0xa1
01-24 09:52:28.850 3111 3111 E ArmVmp : Match on catch block at 0xc3 in for 0xa5
01-24 09:52:28.862 3111 3111 E ArmVmp : Match on catch block at 0xc3 in for 0xa5
01-24 09:52:28.868 3111 3111 E ArmVmp : Match on catch block at 0xc3 in for 0xa9
01-24 09:52:28.878 3111 3111 E ArmVmp : Match on catch block at 0xc3 in for 0xa9
01-24 09:52:28.883 3111 3111 E ArmVmp : Match on catch block at 0xc3 in for 0xa1
01-24 09:52:28.895 3111 3111 E ArmVmp : Match on catch block at 0xc3 in for 0xa1
01-24 09:52:28.901 3111 3111 E ArmVmp : Match on catch block at 0xc3 in for 0xa5
01-24 09:52:28.911 3111 3111 E ArmVmp : Match on catch block at 0xc3 in for 0xa5
01-24 09:52:28.917 3111 3111 E ArmVmp : Match on catch block at 0xc3 in for 0xa9
01-24 09:52:28.930 3111 3111 E ArmVmp : Match on catch block at 0xc3 in for 0xa1
01-24 09:52:28.936 3111 3111 E ArmVmp : Match on catch block at 0xc3 in for 0xa5
01-24 09:52:28.945 3111 3111 E ArmVmp : Match on catch block at 0xc3 in for 0xa5
01-24 09:52:28.951 3111 3111 E ArmVmp : Match on catch block at 0xc3 in for 0xa9
01-24 09:52:28.964 3111 3111 E ArmVmp : Match on catch block at 0xc3 in for 0xa1
01-24 09:52:28.970 3111 3111 E ArmVmp : Match on catch block at 0xc3 in for 0xa5
01-24 09:52:28.979 3111 3111 E ArmVmp : Match on catch block at 0xc3 in for 0xa5
01-24 09:52:28.985 3111 3111 E ArmVmp : Match on catch block at 0xc3 in for 0xa9
01-24 09:52:28.998 3111 3111 E ArmVmp : Match on catch block at 0xc3 in for 0xa5
01-24 09:52:29.004 3111 3111 E ArmVmp : Match on catch block at 0xc3 in for 0xa9
01-24 09:52:29.016 3111 3111 E ArmVmp : Match on catch block at 0xc3 in for 0xa1
01-24 09:52:29.022 3111 3111 E ArmVmp : Match on catch block at 0xc3 in for 0xa5
01-24 09:52:29.068 3111 3111 E ArmVmp : Match on catch block at 0xc3 in for 0xa1
01-24 09:52:29.073 3111 3111 E ArmVmp : Match on catch block at 0xc3 in for 0xa5
01-24 09:52:29.088 3111 3111 W RenderThread: type=1400 audit(0.0:186077): avc:
denied { read } for name="u:object_r:vendor_hwui_prop:s0" dev="tmpfs" ino=14181
scontext=u:r:untrusted_app:s0:c140,c257,c512,c768
tcontext=u:object_r:vendor_hwui_prop:s0 tclass=file permissive=0
01-24 09:52:29.095 3111 8835 E libc : Access denied finding property
"ro.vendor.hwui.texture_cache_size"
01-24 09:52:29.104 3111 3111 W RenderThread: type=1400 audit(0.0:186078): avc:
denied { read } for name="u:object_r:vendor_hwui_prop:s0" dev="tmpfs" ino=14181
scontext=u:r:untrusted_app:s0:c140,c257,c512,c768
tcontext=u:object_r:vendor_hwui_prop:s0 tclass=file permissive=0
01-24 09:52:29.107 3111 8835 E libc : Access denied finding property
"ro.vendor.hwui.texture_cache_size"
01-24 09:52:29.129 3111 3111 W ActivityThread: handleWindowVisibility: no
activity for token android.os.BinderProxy@8fdd4f7
01-24 09:52:29.204 3111 3111 W RenderThread: type=1400 audit(0.0:186079): avc:
denied { read } for name="u:object_r:vendor_hwui_prop:s0" dev="tmpfs" ino=14181
scontext=u:r:untrusted_app:s0:c140,c257,c512,c768
tcontext=u:object_r:vendor_hwui_prop:s0 tclass=file permissive=0
01-24 09:52:29.207 3111 8835 E libc : Access denied finding property
"ro.vendor.hwui.texture_cache_size"
01-24 09:52:29.212 3111 3111 W RenderThread: type=1400 audit(0.0:186080): avc:
denied { read } for name="u:object_r:vendor_hwui_prop:s0" dev="tmpfs" ino=14181
scontext=u:r:untrusted_app:s0:c140,c257,c512,c768
tcontext=u:object_r:vendor_hwui_prop:s0 tclass=file permissive=0
01-24 09:52:29.218 3111 8835 E libc : Access denied finding property
"ro.vendor.hwui.texture_cache_size"
01-24 09:52:29.436 3111 3111 E ArmVmp : Match on catch block at 0xc3 in for 0xa1
01-24 09:52:29.441 3111 3111 E ArmVmp : Match on catch block at 0xc3 in for 0xa5
01-24 09:52:29.618 3111 3111 E ArmVmp : Match on catch block at 0xc3 in for 0xa9
01-24 09:52:29.624 3111 3111 E ArmVmp : Match on catch block at 0xc3 in for 0xa1
01-24 09:52:31.408 3111 3111 W StaticLayout: maxLineHeight should not be -1.
maxLines:1 lineCount:1
01-24 09:52:31.417 3111 3111 W StaticLayout: maxLineHeight should not be -1.
maxLines:1 lineCount:1
01-24 09:52:31.426 3111 3111 E ArmVmp : Match on catch block at 0xc3 in for 0xa5
01-24 09:52:31.432 3111 3111 E ArmVmp : Match on catch block at 0xc3 in for 0xa9
01-24 09:52:31.443 3111 3111 E ArmVmp : Match on catch block at 0xc3 in for 0xa9
01-24 09:52:31.449 3111 3111 E ArmVmp : Match on catch block at 0xc3 in for 0xa1
01-24 09:52:33.016 3111 3111 E ArmVmp : Match on catch block at 0xc3 in for 0xa1
01-24 09:52:33.023 3111 3111 E ArmVmp : Match on catch block at 0xc3 in for 0xa5
01-24 09:52:33.033 3111 3111 E ArmVmp : Match on catch block at 0xc3 in for 0xa5
01-24 09:52:33.039 3111 3111 E ArmVmp : Match on catch block at 0xc3 in for 0xa9
01-24 09:52:33.051 3111 3111 E ArmVmp : Match on catch block at 0xc3 in for 0xa9
01-24 09:52:33.058 3111 3111 E ArmVmp : Match on catch block at 0xc3 in for 0xa1
01-24 09:52:33.069 3111 3111 E ArmVmp : Match on catch block at 0xc3 in for 0xa1
01-24 09:52:33.076 3111 3111 E ArmVmp : Match on catch block at 0xc3 in for 0xa5
01-24 09:52:33.084 3111 3111 E ArmVmp : Match on catch block at 0xc3 in for 0xa5
01-24 09:52:33.091 3111 3111 E ArmVmp : Match on catch block at 0xc3 in for 0xa9
01-24 09:52:33.104 3111 3111 E ArmVmp : Match on catch block at 0xc3 in for 0xa9
01-24 09:52:33.112 3111 3111 E ArmVmp : Match on catch block at 0xc3 in for 0xa1
01-24 09:52:33.121 3111 3111 E ArmVmp : Match on catch block at 0xc3 in for 0xa1
01-24 09:52:33.127 3111 3111 E ArmVmp : Match on catch block at 0xc3 in for 0xa5
01-24 09:52:33.138 3111 3111 E ArmVmp : Match on catch block at 0xc3 in for 0xa5
01-24 09:52:33.145 3111 3111 E ArmVmp : Match on catch block at 0xc3 in for 0xa9
01-24 09:52:33.154 3111 3111 E ArmVmp : Match on catch block at 0xc3 in for 0xa9
01-24 09:52:33.160 3111 3111 E ArmVmp : Match on catch block at 0xc3 in for 0xa1
01-24 09:52:33.169 3111 3111 E ArmVmp : Match on catch block at 0xc3 in for 0xa1
01-24 09:52:33.175 3111 3111 E ArmVmp : Match on catch block at 0xc3 in for 0xa5
01-24 09:52:33.186 3111 3111 E ArmVmp : Match on catch block at 0xc3 in for 0xa5
01-24 09:52:33.192 3111 3111 E ArmVmp : Match on catch block at 0xc3 in for 0xa9
01-24 09:52:33.202 3111 3111 E ArmVmp : Match on catch block at 0xc3 in for 0xa9
01-24 09:52:33.207 3111 3111 E ArmVmp : Match on catch block at 0xc3 in for 0xa1
01-24 09:52:33.219 3111 3111 E ArmVmp : Match on catch block at 0xc3 in for 0xa1
01-24 09:52:33.224 3111 3111 E ArmVmp : Match on catch block at 0xc3 in for 0xa5
01-24 09:52:33.236 3111 3111 E ArmVmp : Match on catch block at 0xc3 in for 0xa5
01-24 09:52:33.241 3111 3111 E ArmVmp : Match on catch block at 0xc3 in for 0xa9
01-24 09:52:33.253 3111 3111 E ArmVmp : Match on catch block at 0xc3 in for 0xa9
01-24 09:52:33.259 3111 3111 E ArmVmp : Match on catch block at 0xc3 in for 0xa1
01-24 09:52:33.280 3111 3111 E ArmVmp : Match on catch block at 0xc3 in for 0xa1
01-24 09:52:33.287 3111 3111 E ArmVmp : Match on catch block at 0xc3 in for 0xa5
01-24 09:52:34.332 3111 3111 W RenderThread: type=1400 audit(0.0:186084): avc:
denied { read } for name="u:object_r:vendor_hwui_prop:s0" dev="tmpfs" ino=14181
scontext=u:r:untrusted_app:s0:c140,c257,c512,c768
tcontext=u:object_r:vendor_hwui_prop:s0 tclass=file permissive=0
01-24 09:52:34.339 3111 8835 E libc : Access denied finding property
"ro.vendor.hwui.texture_cache_size"
01-24 09:52:34.360 3111 3111 W RenderThread: type=1400 audit(0.0:186085): avc:
denied { read } for name="u:object_r:vendor_hwui_prop:s0" dev="tmpfs" ino=14181
scontext=u:r:untrusted_app:s0:c140,c257,c512,c768
tcontext=u:object_r:vendor_hwui_prop:s0 tclass=file permissive=0
01-24 09:52:34.365 3111 8835 E libc : Access denied finding property
"ro.vendor.hwui.texture_cache_size"
01-24 09:52:34.374 3111 3111 W ActivityThread: handleWindowVisibility: no
activity for token android.os.BinderProxy@51dd3ff
01-24 09:52:34.512 3111 3111 W RenderThread: type=1400 audit(0.0:186086): avc:
denied { read } for name="u:object_r:vendor_hwui_prop:s0" dev="tmpfs" ino=14181
scontext=u:r:untrusted_app:s0:c140,c257,c512,c768
tcontext=u:object_r:vendor_hwui_prop:s0 tclass=file permissive=0
01-24 09:52:34.516 3111 3111 W RenderThread: type=1400 audit(0.0:186087): avc:
denied { read } for name="u:object_r:vendor_hwui_prop:s0" dev="tmpfs" ino=14181
scontext=u:r:untrusted_app:s0:c140,c257,c512,c768
tcontext=u:object_r:vendor_hwui_prop:s0 tclass=file permissive=0
01-24 09:52:34.516 3111 8835 E libc : Access denied finding property
"ro.vendor.hwui.texture_cache_size"
01-24 09:52:34.523 3111 8835 E libc : Access denied finding property
"ro.vendor.hwui.texture_cache_size"
01-24 09:52:37.700 3111 3111 W RenderThread: type=1400 audit(0.0:186091): avc:
denied { read } for name="u:object_r:vendor_hwui_prop:s0" dev="tmpfs" ino=14181
scontext=u:r:untrusted_app:s0:c140,c257,c512,c768
tcontext=u:object_r:vendor_hwui_prop:s0 tclass=file permissive=0
01-24 09:52:37.705 3111 8835 E libc : Access denied finding property
"ro.vendor.hwui.texture_cache_size"
01-24 09:52:37.740 3111 3111 W RenderThread: type=1400 audit(0.0:186092): avc:
denied { read } for name="u:object_r:vendor_hwui_prop:s0" dev="tmpfs" ino=14181
scontext=u:r:untrusted_app:s0:c140,c257,c512,c768
tcontext=u:object_r:vendor_hwui_prop:s0 tclass=file permissive=0
01-24 09:52:37.746 3111 8835 E libc : Access denied finding property
"ro.vendor.hwui.texture_cache_size"
01-24 09:52:39.123 3111 3111 E ArmVmp : Match on catch block at 0xc3 in for 0xa1
01-24 09:52:39.130 3111 3111 E ArmVmp : Match on catch block at 0xc3 in for 0xa5
01-24 09:52:39.140 3111 3111 E ArmVmp : Match on catch block at 0xc3 in for 0xa5
01-24 09:52:39.145 3111 3111 E ArmVmp : Match on catch block at 0xc3 in for 0xa9
01-24 09:52:39.325 3111 3111 E ArmVmp : Match on catch block at 0xc3 in for 0xa9
01-24 09:52:39.331 3111 3111 E ArmVmp : Match on catch block at 0xc3 in for 0xa1
01-24 09:52:39.355 3111 3111 E ArmVmp : Match on catch block at 0xc3 in for 0xa9
01-24 09:52:39.360 3111 3111 E ArmVmp : Match on catch block at 0xc3 in for 0xa1
01-24 09:52:39.386 3111 3111 E ArmVmp : Match on catch block at 0xc3 in for 0xa1
01-24 09:52:39.392 3111 3111 E ArmVmp : Match on catch block at 0xc3 in for 0xa5
01-24 09:52:39.471 3111 3111 W StaticLayout: maxLineHeight should not be -1.
maxLines:1 lineCount:1
01-24 09:52:39.480 3111 3111 W StaticLayout: maxLineHeight should not be -1.
maxLines:1 lineCount:1
01-24 09:52:39.494 3111 3111 E ArmVmp : Match on catch block at 0xc3 in for 0xa9
01-24 09:52:39.499 3111 3111 E ArmVmp : Match on catch block at 0xc3 in for 0xa1
01-24 09:52:39.544 3111 3111 W StaticLayout: maxLineHeight should not be -1.
maxLines:1 lineCount:1
01-24 09:52:39.551 3111 3111 W StaticLayout: maxLineHeight should not be -1.
maxLines:1 lineCount:1
01-24 09:52:39.558 3111 3111 E ArmVmp : Match on catch block at 0xc3 in for 0xa9
01-24 09:52:39.563 3111 3111 E ArmVmp : Match on catch block at 0xc3 in for 0xa1
01-24 09:52:39.573 3111 3111 E ArmVmp : Match on catch block at 0xc3 in for 0xa1
01-24 09:52:39.579 3111 3111 E ArmVmp : Match on catch block at 0xc3 in for 0xa5
01-24 09:52:39.681 3111 3111 E ArmVmp : Match on catch block at 0xc3 in for 0xa5
01-24 09:52:39.686 3111 3111 E ArmVmp : Match on catch block at 0xc3 in for 0xa9
01-24 09:52:39.698 3111 3111 E ArmVmp : Match on catch block at 0xc3 in for 0xa9
01-24 09:52:39.704 3111 3111 E ArmVmp : Match on catch block at 0xc3 in for 0xa1
01-24 09:52:39.719 3111 3111 E ArmVmp : Match on catch block at 0xc3 in for 0xa9
01-24 09:52:39.726 3111 3111 E ArmVmp : Match on catch block at 0xc3 in for 0xa1
01-24 09:52:39.735 3111 3111 E ArmVmp : Match on catch block at 0xc3 in for 0xa1
01-24 09:52:39.741 3111 3111 E ArmVmp : Match on catch block at 0xc3 in for 0xa5
01-24 09:52:39.750 3111 3111 E ArmVmp : Match on catch block at 0xc3 in for 0xa1
01-24 09:52:39.756 3111 3111 E ArmVmp : Match on catch block at 0xc3 in for 0xa5
01-24 09:52:39.765 3111 3111 E ArmVmp : Match on catch block at 0xc3 in for 0xa1
01-24 09:52:39.770 3111 3111 E ArmVmp : Match on catch block at 0xc3 in for 0xa5
01-24 09:52:39.780 3111 3111 E ArmVmp : Match on catch block at 0xc3 in for 0xa1
01-24 09:52:39.786 3111 3111 E ArmVmp : Match on catch block at 0xc3 in for 0xa5
01-24 09:52:39.797 3111 3111 E ArmVmp : Match on catch block at 0xc3 in for 0xa1
01-24 09:52:39.804 3111 3111 E ArmVmp : Match on catch block at 0xc3 in for 0xa5
01-24 09:52:39.813 3111 3111 E ArmVmp : Match on catch block at 0xc3 in for 0xa1
01-24 09:52:39.819 3111 3111 E ArmVmp : Match on catch block at 0xc3 in for 0xa5
01-24 09:52:39.830 3111 3111 E ArmVmp : Match on catch block at 0xc3 in for 0xa1
01-24 09:52:39.836 3111 3111 E ArmVmp : Match on catch block at 0xc3 in for 0xa5
01-24 09:52:39.847 3111 3111 E ArmVmp : Match on catch block at 0xc3 in for 0xa1
01-24 09:52:39.852 3111 3111 E ArmVmp : Match on catch block at 0xc3 in for 0xa5
01-24 09:52:39.864 3111 3111 E ArmVmp : Match on catch block at 0xc3 in for 0xa1
01-24 09:52:39.869 3111 3111 E ArmVmp : Match on catch block at 0xc3 in for 0xa5
01-24 09:52:39.880 3111 3111 E ArmVmp : Match on catch block at 0xc3 in for 0xa1
01-24 09:52:39.886 3111 3111 E ArmVmp : Match on catch block at 0xc3 in for 0xa5
01-24 09:52:39.898 3111 3111 E ArmVmp : Match on catch block at 0xc3 in for 0xa9
01-24 09:52:39.904 3111 3111 E ArmVmp : Match on catch block at 0xc3 in for 0xa1
01-24 09:52:39.915 3111 3111 E ArmVmp : Match on catch block at 0xc3 in for 0xa5
01-24 09:52:39.920 3111 3111 E ArmVmp : Match on catch block at 0xc3 in for 0xa9
01-24 09:52:39.930 3111 3111 E ArmVmp : Match on catch block at 0xc3 in for 0xa9
01-24 09:52:39.936 3111 3111 E ArmVmp : Match on catch block at 0xc3 in for 0xa1
01-24 09:52:39.948 3111 3111 E ArmVmp : Match on catch block at 0xc3 in for 0xa9
01-24 09:52:39.953 3111 3111 E ArmVmp : Match on catch block at 0xc3 in for 0xa1
01-24 09:52:39.965 3111 3111 E ArmVmp : Match on catch block at 0xc3 in for 0xa5
01-24 09:52:39.970 3111 3111 E ArmVmp : Match on catch block at 0xc3 in for 0xa9
01-24 09:52:39.982 3111 3111 E ArmVmp : Match on catch block at 0xc3 in for 0xa1
01-24 09:52:39.988 3111 3111 E ArmVmp : Match on catch block at 0xc3 in for 0xa5
01-24 09:52:39.998 3111 3111 E ArmVmp : Match on catch block at 0xc3 in for 0xa1
01-24 09:52:40.004 3111 3111 E ArmVmp : Match on catch block at 0xc3 in for 0xa5
01-24 09:52:40.016 3111 3111 E ArmVmp : Match on catch block at 0xc3 in for 0xa9
01-24 09:52:40.021 3111 3111 E ArmVmp : Match on catch block at 0xc3 in for 0xa1
01-24 09:52:40.032 3111 3111 E ArmVmp : Match on catch block at 0xc3 in for 0xa9
01-24 09:52:40.039 3111 3111 E ArmVmp : Match on catch block at 0xc3 in for 0xa1
01-24 09:52:40.049 3111 3111 E ArmVmp : Match on catch block at 0xc3 in for 0xa5
01-24 09:52:40.055 3111 3111 E ArmVmp : Match on catch block at 0xc3 in for 0xa9
01-24 09:52:40.067 3111 3111 E ArmVmp : Match on catch block at 0xc3 in for 0xa1
01-24 09:52:40.072 3111 3111 E ArmVmp : Match on catch block at 0xc3 in for 0xa5
01-24 09:52:40.083 3111 3111 E ArmVmp : Match on catch block at 0xc3 in for 0xa9
01-24 09:52:40.089 3111 3111 E ArmVmp : Match on catch block at 0xc3 in for 0xa1
01-24 09:52:40.099 3111 3111 E ArmVmp : Match on catch block at 0xc3 in for 0xa9
01-24 09:52:40.106 3111 3111 E ArmVmp : Match on catch block at 0xc3 in for 0xa1
01-24 09:52:40.116 3111 3111 E ArmVmp : Match on catch block at 0xc3 in for 0xa9
01-24 09:52:40.122 3111 3111 E ArmVmp : Match on catch block at 0xc3 in for 0xa1
01-24 09:52:40.133 3111 3111 E ArmVmp : Match on catch block at 0xc3 in for 0xa9
01-24 09:52:40.139 3111 3111 E ArmVmp : Match on catch block at 0xc3 in for 0xa1
01-24 09:52:40.150 3111 3111 E ArmVmp : Match on catch block at 0xc3 in for 0xa5
01-24 09:52:40.157 3111 3111 E ArmVmp : Match on catch block at 0xc3 in for 0xa9
01-24 09:52:40.168 3111 3111 E ArmVmp : Match on catch block at 0xc3 in for 0xa5
01-24 09:52:40.173 3111 3111 E ArmVmp : Match on catch block at 0xc3 in for 0xa9
01-24 09:52:40.184 3111 3111 E ArmVmp : Match on catch block at 0xc3 in for 0xa5
01-24 09:52:40.189 3111 3111 E ArmVmp : Match on catch block at 0xc3 in for 0xa9
01-24 09:52:40.201 3111 3111 E ArmVmp : Match on catch block at 0xc3 in for 0xa1
01-24 09:52:40.207 3111 3111 E ArmVmp : Match on catch block at 0xc3 in for 0xa5
01-24 09:52:40.217 3111 3111 E ArmVmp : Match on catch block at 0xc3 in for 0xa1
01-24 09:52:40.222 3111 3111 E ArmVmp : Match on catch block at 0xc3 in for 0xa5
01-24 09:52:40.234 3111 3111 E ArmVmp : Match on catch block at 0xc3 in for 0xa1
01-24 09:52:40.240 3111 3111 E ArmVmp : Match on catch block at 0xc3 in for 0xa5
01-24 09:52:40.252 3111 3111 E ArmVmp : Match on catch block at 0xc3 in for 0xa1
01-24 09:52:40.259 3111 3111 E ArmVmp : Match on catch block at 0xc3 in for 0xa5
01-24 09:52:40.267 3111 3111 E ArmVmp : Match on catch block at 0xc3 in for 0xa9
01-24 09:52:40.273 3111 3111 E ArmVmp : Match on catch block at 0xc3 in for 0xa1
01-24 09:52:40.284 3111 3111 E ArmVmp : Match on catch block at 0xc3 in for 0xa5
01-24 09:52:40.289 3111 3111 E ArmVmp : Match on catch block at 0xc3 in for 0xa9
01-24 09:52:40.300 3111 3111 E ArmVmp : Match on catch block at 0xc3 in for 0xa1
01-24 09:52:40.306 3111 3111 E ArmVmp : Match on catch block at 0xc3 in for 0xa5
01-24 09:52:40.318 3111 3111 E ArmVmp : Match on catch block at 0xc3 in for 0xa9
01-24 09:52:40.324 3111 3111 E ArmVmp : Match on catch block at 0xc3 in for 0xa1
01-24 09:52:40.334 3111 3111 E ArmVmp : Match on catch block at 0xc3 in for 0xa5
01-24 09:52:40.341 3111 3111 E ArmVmp : Match on catch block at 0xc3 in for 0xa9
01-24 09:52:40.350 3111 3111 E ArmVmp : Match on catch block at 0xc3 in for 0xa5
01-24 09:52:40.357 3111 3111 E ArmVmp : Match on catch block at 0xc3 in for 0xa9
01-24 09:52:40.367 3111 3111 E ArmVmp : Match on catch block at 0xc3 in for 0xa9
01-24 09:52:40.374 3111 3111 E ArmVmp : Match on catch block at 0xc3 in for 0xa1
01-24 09:52:40.384 3111 3111 E ArmVmp : Match on catch block at 0xc3 in for 0xa1
01-24 09:52:40.391 3111 3111 E ArmVmp : Match on catch block at 0xc3 in for 0xa5
01-24 09:52:40.401 3111 3111 E ArmVmp : Match on catch block at 0xc3 in for 0xa5
01-24 09:52:40.408 3111 3111 E ArmVmp : Match on catch block at 0xc3 in for 0xa9
01-24 09:52:40.451 3111 3111 E ArmVmp : Match on catch block at 0xc3 in for 0xa9
01-24 09:52:40.457 3111 3111 E ArmVmp : Match on catch block at 0xc3 in for 0xa1
01-24 09:52:40.957 3111 3111 E ArmVmp : Match on catch block at 0xc3 in for 0xa1
01-24 09:52:40.963 3111 3111 E ArmVmp : Match on catch block at 0xc3 in for 0xa5
01-24 09:52:41.263 3111 3111 E ArmVmp : Match on catch block at 0xc3 in for 0xa1
01-24 09:52:41.269 3111 3111 E ArmVmp : Match on catch block at 0xc3 in for 0xa5
01-24 09:52:41.278 3111 3111 E ArmVmp : Match on catch block at 0xc3 in for 0xa5
01-24 09:52:41.286 3111 3111 E ArmVmp : Match on catch block at 0xc3 in for 0xa9
01-24 09:52:41.294 3111 3111 E ArmVmp : Match on catch block at 0xc3 in for 0xa9
01-24 09:52:41.301 3111 3111 E ArmVmp : Match on catch block at 0xc3 in for 0xa1
01-24 09:52:41.310 3111 3111 E ArmVmp : Match on catch block at 0xc3 in for 0xa1
01-24 09:52:41.317 3111 3111 E ArmVmp : Match on catch block at 0xc3 in for 0xa5
01-24 09:52:41.327 3111 3111 E ArmVmp : Match on catch block at 0xc3 in for 0xa5
01-24 09:52:41.335 3111 3111 E ArmVmp : Match on catch block at 0xc3 in for 0xa9
01-24 09:52:41.343 3111 3111 E ArmVmp : Match on catch block at 0xc3 in for 0xa9
01-24 09:52:41.351 3111 3111 E ArmVmp : Match on catch block at 0xc3 in for 0xa1
01-24 09:52:41.361 3111 3111 E ArmVmp : Match on catch block at 0xc3 in for 0xa1
01-24 09:52:41.369 3111 3111 E ArmVmp : Match on catch block at 0xc3 in for 0xa5
01-24 09:52:41.377 3111 3111 E ArmVmp : Match on catch block at 0xc3 in for 0xa5
01-24 09:52:41.385 3111 3111 E ArmVmp : Match on catch block at 0xc3 in for 0xa9
01-24 09:52:41.394 3111 3111 E ArmVmp : Match on catch block at 0xc3 in for 0xa9
01-24 09:52:41.403 3111 3111 E ArmVmp : Match on catch block at 0xc3 in for 0xa1
01-24 09:52:41.410 3111 3111 E ArmVmp : Match on catch block at 0xc3 in for 0xa1
01-24 09:52:41.417 3111 3111 E ArmVmp : Match on catch block at 0xc3 in for 0xa5
01-24 09:52:41.427 3111 3111 E ArmVmp : Match on catch block at 0xc3 in for 0xa5
01-24 09:52:41.435 3111 3111 E ArmVmp : Match on catch block at 0xc3 in for 0xa9
01-24 09:52:41.444 3111 3111 E ArmVmp : Match on catch block at 0xc3 in for 0xa9
01-24 09:52:41.452 3111 3111 E ArmVmp : Match on catch block at 0xc3 in for 0xa1
01-24 09:52:41.461 3111 3111 E ArmVmp : Match on catch block at 0xc3 in for 0xa1
01-24 09:52:41.470 3111 3111 E ArmVmp : Match on catch block at 0xc3 in for 0xa5
01-24 09:52:41.478 3111 3111 E ArmVmp : Match on catch block at 0xc3 in for 0xa5
01-24 09:52:41.484 3111 3111 E ArmVmp : Match on catch block at 0xc3 in for 0xa9
01-24 09:52:41.965 3111 3111 E ArmVmp : Match on catch block at 0xc3 in for 0xa9
01-24 09:52:41.971 3111 3111 E ArmVmp : Match on catch block at 0xc3 in for 0xa1
01-24 09:52:42.470 3111 3111 E ArmVmp : Match on catch block at 0xc3 in for 0xa9
01-24 09:52:42.476 3111 3111 E ArmVmp : Match on catch block at 0xc3 in for 0xa1
01-24 09:52:42.975 3111 3111 E ArmVmp : Match on catch block at 0xc3 in for 0xa1
01-24 09:52:42.981 3111 3111 E ArmVmp : Match on catch block at 0xc3 in for 0xa5
01-24 09:52:43.480 3111 3111 E ArmVmp : Match on catch block at 0xc3 in for 0xa5
01-24 09:52:43.486 3111 3111 E ArmVmp : Match on catch block at 0xc3 in for 0xa9
01-24 09:52:43.968 3111 3111 E ArmVmp : Match on catch block at 0xc3 in for 0xa9
01-24 09:52:43.974 3111 3111 E ArmVmp : Match on catch block at 0xc3 in for 0xa1
01-24 09:52:44.472 3111 3111 E ArmVmp : Match on catch block at 0xc3 in for 0xa1
01-24 09:52:44.478 3111 3111 E ArmVmp : Match on catch block at 0xc3 in for 0xa5
01-24 09:52:44.977 3111 3111 E ArmVmp : Match on catch block at 0xc3 in for 0xa5
01-24 09:52:44.983 3111 3111 E ArmVmp : Match on catch block at 0xc3 in for 0xa9
01-24 09:52:45.482 3111 3111 E ArmVmp : Match on catch block at 0xc3 in for 0xa9
01-24 09:52:45.488 3111 3111 E ArmVmp : Match on catch block at 0xc3 in for 0xa1
01-24 09:52:45.986 3111 3111 E ArmVmp : Match on catch block at 0xc3 in for 0xa1
01-24 09:52:45.993 3111 3111 E ArmVmp : Match on catch block at 0xc3 in for 0xa5
01-24 09:52:46.492 3111 3111 E ArmVmp : Match on catch block at 0xc3 in for 0xa5
01-24 09:52:46.498 3111 3111 E ArmVmp : Match on catch block at 0xc3 in for 0xa9
01-24 09:52:46.979 3111 3111 E ArmVmp : Match on catch block at 0xc3 in for 0xa9
01-24 09:52:46.985 3111 3111 E ArmVmp : Match on catch block at 0xc3 in for 0xa1
01-24 09:52:47.483 3111 3111 E ArmVmp : Match on catch block at 0xc3 in for 0xa1
01-24 09:52:47.490 3111 3111 E ArmVmp : Match on catch block at 0xc3 in for 0xa5
01-24 09:52:47.988 3111 3111 E ArmVmp : Match on catch block at 0xc3 in for 0xa5
01-24 09:52:47.994 3111 3111 E ArmVmp : Match on catch block at 0xc3 in for 0xa9
01-24 09:52:48.493 3111 3111 E ArmVmp : Match on catch block at 0xc3 in for 0xa9
01-24 09:52:48.499 3111 3111 E ArmVmp : Match on catch block at 0xc3 in for 0xa1
01-24 09:52:48.934 3111 3111 E ArmVmp : Match on catch block at 0xc3 in for 0xa5
01-24 09:52:48.940 3111 3111 E ArmVmp : Match on catch block at 0xc3 in for 0xa9
01-24 09:52:48.949 3111 3111 E ArmVmp : Match on catch block at 0xc3 in for 0xa5
01-24 09:52:48.957 3111 3111 E ArmVmp : Match on catch block at 0xc3 in for 0xa9
01-24 09:52:48.967 3111 3111 E ArmVmp : Match on catch block at 0xc3 in for 0xa5
01-24 09:52:48.974 3111 3111 E ArmVmp : Match on catch block at 0xc3 in for 0xa9
01-24 09:52:48.984 3111 3111 E ArmVmp : Match on catch block at 0xc3 in for 0xa5
01-24 09:52:48.989 3111 3111 E ArmVmp : Match on catch block at 0xc3 in for 0xa9
01-24 09:52:49.000 3111 3111 E ArmVmp : Match on catch block at 0xc3 in for 0xa1
01-24 09:52:49.005 3111 3111 E ArmVmp : Match on catch block at 0xc3 in for 0xa5
01-24 09:52:49.017 3111 3111 E ArmVmp : Match on catch block at 0xc3 in for 0xa1
01-24 09:52:49.023 3111 3111 E ArmVmp : Match on catch block at 0xc3 in for 0xa5
01-24 09:52:49.033 3111 3111 E ArmVmp : Match on catch block at 0xc3 in for 0xa1
01-24 09:52:49.039 3111 3111 E ArmVmp : Match on catch block at 0xc3 in for 0xa5
01-24 09:52:49.052 3111 3111 E ArmVmp : Match on catch block at 0xc3 in for 0xa1
01-24 09:52:49.057 3111 3111 E ArmVmp : Match on catch block at 0xc3 in for 0xa5
01-24 09:52:49.065 3111 3111 E ArmVmp : Match on catch block at 0xc3 in for 0xa9
01-24 09:52:49.071 3111 3111 E ArmVmp : Match on catch block at 0xc3 in for 0xa1
01-24 09:52:49.082 3111 3111 E ArmVmp : Match on catch block at 0xc3 in for 0xa5
01-24 09:52:49.088 3111 3111 E ArmVmp : Match on catch block at 0xc3 in for 0xa9
01-24 09:52:49.099 3111 3111 E ArmVmp : Match on catch block at 0xc3 in for 0xa1
01-24 09:52:49.105 3111 3111 E ArmVmp : Match on catch block at 0xc3 in for 0xa5
01-24 09:52:49.115 3111 3111 E ArmVmp : Match on catch block at 0xc3 in for 0xa9
01-24 09:52:49.121 3111 3111 E ArmVmp : Match on catch block at 0xc3 in for 0xa1
01-24 09:52:49.132 3111 3111 E ArmVmp : Match on catch block at 0xc3 in for 0xa5
01-24 09:52:49.139 3111 3111 E ArmVmp : Match on catch block at 0xc3 in for 0xa9
01-24 09:52:49.150 3111 3111 E ArmVmp : Match on catch block at 0xc3 in for 0xa5
01-24 09:52:49.156 3111 3111 E ArmVmp : Match on catch block at 0xc3 in for 0xa9
01-24 09:52:49.476 3111 3111 E ArmVmp : Match on catch block at 0xc3 in for 0xa1
01-24 09:52:49.482 3111 3111 E ArmVmp : Match on catch block at 0xc3 in for 0xa5
01-24 09:52:49.492 3111 3111 E ArmVmp : Match on catch block at 0xc3 in for 0xa5
01-24 09:52:49.500 3111 3111 E ArmVmp : Match on catch block at 0xc3 in for 0xa9
01-24 09:52:49.570 3111 3111 E ArmVmp : Match on catch block at 0xc3 in for 0xa9
01-24 09:52:49.576 3111 3111 E ArmVmp : Match on catch block at 0xc3 in for 0xa1
01-24 09:52:49.710 3111 3111 E ArmVmp : Match on catch block at 0xc3 in for 0xa1
01-24 09:52:49.716 3111 3111 E ArmVmp : Match on catch block at 0xc3 in for 0xa5
01-24 09:52:50.066 3111 3111 E ArmVmp : Match on catch block at 0xc3 in for 0xa9
01-24 09:52:50.073 3111 3111 E ArmVmp : Match on catch block at 0xc3 in for 0xa1
01-24 09:52:52.868 31969 31969 E com.mbwhatsapp: Not starting debugger since
process cannot load the jdwp agent.
01-24 09:52:53.057 31969 31969 W System.err: java.lang.ClassNotFoundException:
mbmodsd.mbmodsw.ui.views.btn.BtnBK
01-24 09:52:53.057 31969 31969 W System.err: at
java.lang.VMClassLoader.findLoadedClass(Native Method)
01-24 09:52:53.057 31969 31969 W System.err: at
java.lang.ClassLoader.findLoadedClass(ClassLoader.java:738)
01-24 09:52:53.057 31969 31969 W System.err: at
java.lang.ClassLoader.loadClass(ClassLoader.java:363)
01-24 09:52:53.057 31969 31969 W System.err: at
java.lang.ClassLoader.loadClass(ClassLoader.java:312)
01-24 09:52:53.057 31969 31969 W System.err: at
java.lang.Runtime.nativeLoad(Native Method)
01-24 09:52:53.057 31969 31969 W System.err: at
java.lang.Runtime.loadLibrary0(Runtime.java:1014)
01-24 09:52:53.057 31969 31969 W System.err: at
java.lang.System.loadLibrary(System.java:1669)
01-24 09:52:53.057 31969 31969 W System.err: at arm.EpicVm.<clinit>(Unknown
Source:2)
01-24 09:52:53.057 31969 31969 W System.err: at
java.lang.Class.newInstance(Native Method)
01-24 09:52:53.057 31969 31969 W System.err: at
android.app.AppComponentFactory.instantiateApplication(AppComponentFactory.java:50)
01-24 09:52:53.057 31969 31969 W System.err: at
androidx.core.app.CoreComponentFactory.instantiateApplication(Unknown Source:0)
01-24 09:52:53.057 31969 31969 W System.err: at
android.app.Instrumentation.newApplication(Instrumentation.java:1121)
01-24 09:52:53.057 31969 31969 W System.err: at
android.app.LoadedApk.makeApplication(LoadedApk.java:1067)
01-24 09:52:53.057 31969 31969 W System.err: at
android.app.ActivityThread.handleBindApplication(ActivityThread.java:6123)
01-24 09:52:53.057 31969 31969 W System.err: at
android.app.ActivityThread.access$1900(ActivityThread.java:213)
01-24 09:52:53.058 31969 31969 W System.err: at
android.app.ActivityThread$H.handleMessage(ActivityThread.java:1734)
01-24 09:52:53.058 31969 31969 W System.err: at
android.os.Handler.dispatchMessage(Handler.java:106)
01-24 09:52:53.058 31969 31969 W System.err: at
android.os.Looper.loop(Looper.java:192)
01-24 09:52:53.058 31969 31969 W System.err: at
android.app.ActivityThread.main(ActivityThread.java:7163)
01-24 09:52:53.058 31969 31969 W System.err: at
java.lang.reflect.Method.invoke(Native Method)
01-24 09:52:53.058 31969 31969 W System.err: at
com.android.internal.os.RuntimeInit$MethodAndArgsCaller.run(RuntimeInit.java:504)
01-24 09:52:53.058 31969 31969 W System.err: at
com.android.internal.os.ZygoteInit.main(ZygoteInit.java:858)
01-24 09:52:53.058 31969 31969 W System.err: Caused by:
java.lang.NoClassDefFoundError: Failed resolution of:
Lcom/mbwhatsapp/components/Button;
01-24 09:52:53.058 31969 31969 W System.err: ... 18 more
01-24 09:52:53.058 31969 31969 W System.err: Caused by:
java.lang.ClassNotFoundException: Didn't find class
"com.mbwhatsapp.components.Button" on path: DexPathList[[zip file
"/system/framework/org.apache.http.legacy.boot.jar", zip file
"/data/app/com.mbwhatsapp-iwXp1m3_h-OFZifbnag0fg==/base.apk"],nativeLibraryDirector
ies=[/data/app/com.mbwhatsapp-iwXp1m3_h-OFZifbnag0fg==/lib/arm64,
/data/app/com.mbwhatsapp-iwXp1m3_h-OFZifbnag0fg==/base.apk!/lib/arm64-v8a,
/system/lib64]]
01-24 09:52:53.058 31969 31969 W System.err: at
dalvik.system.BaseDexClassLoader.findClass(BaseDexClassLoader.java:134)
01-24 09:52:53.058 31969 31969 W System.err: at
java.lang.ClassLoader.loadClass(ClassLoader.java:379)
01-24 09:52:53.058 31969 31969 W System.err: at
java.lang.ClassLoader.loadClass(ClassLoader.java:312)
01-24 09:52:53.058 31969 31969 W System.err: ... 18 more
01-24 09:52:53.247 31969 31969 W CheckTime: App running slow: Executing
handleBindApplication : makeApplication took 306ms
01-24 09:52:53.248 31969 31969 E CustomActivityOnCrash: IMPORTANT WARNING! You
already have an UncaughtExceptionHandler, are you sure this is correct? If you use
a custom UncaughtExceptionHandler, you must initialize it AFTER
CustomActivityOnCrash! Installing anyway, but your original handler will not be
called.
01-24 09:52:54.044 31969 31969 W linker : Warning:
"/data/data/com.mbwhatsapp/files/decompressed/libs.spk.zst/libc++_shared.so" unused
DT entry: unknown processor-specific (type 0x70000001 arg 0x0) (ignoring)
01-24 09:52:54.700 31969 31969 W CheckTime: App running slow: Executing
handleBindApplication : callApplicationOnCreate took 1391ms
01-24 09:52:54.866 31969 32029 W com.mbwhatsapp: Class X.2rL failed lock
verification and will run slower.
01-24 09:52:54.866 31969 32029 W com.mbwhatsapp: Common causes for lock
verification issues are non-optimized dex code
01-24 09:52:54.866 31969 32029 W com.mbwhatsapp: and incorrect proguard
optimizations.
01-24 09:52:55.006 31969 31969 W ActivityThread: handleWindowVisibility: no
activity for token android.os.BinderProxy@75f1059
01-24 09:52:55.045 31969 31969 W com.mbwhatsapp: Class X.0eU failed lock
verification and will run slower.
01-24 09:52:55.065 31969 31969 W com.mbwhatsapp: Accessing hidden method
Landroid/content/res/Resources$Theme;->rebase()V (dark greylist, reflection)
01-24 09:52:55.269 31969 31969 W ActivityThread: handleWindowVisibility: no
activity for token android.os.BinderProxy@d2cd72f
01-24 09:52:55.360 31969 31969 W com.mbwhatsapp: Class com.mbwhatsapp.HomeActivity
failed lock verification and will run slower.
01-24 09:52:55.482 31969 31969 E ArmVmp : Match on catch block at 0xb0 in for 0xe1
01-24 09:52:55.613 31969 31969 E ArmVmp : Match on catch block at 0xb0 in for 0xe5
01-24 09:52:56.045 31969 31969 E ArmVmp : Match on catch block at 0x0a in for 0xc5
01-24 09:52:56.087 31969 31969 E ArmVmp : Match on catch block at 0x0a in for
0x131
01-24 09:52:56.138 31969 32068 E ArmVmp : No matching catch block at 0x07
01-24 09:52:56.139 31969 32068 E ArmVmp : Match on catch block at 0x02 in for 0x25
01-24 09:52:56.139 31969 32068 W System.err: java.net.UnknownHostException: Unable
to resolve host "pastebin.com": No address associated with hostname
01-24 09:52:56.139 31969 32068 W System.err:
01-24 09:52:56.140 31969 32068 W System.err: at
java.net.Inet6AddressImpl.lookupHostByName(Inet6AddressImpl.java:157)
01-24 09:52:56.140 31969 32068 W System.err:
01-24 09:52:56.141 31969 32068 W System.err: at
java.net.Inet6AddressImpl.lookupAllHostAddr(Inet6AddressImpl.java:105)
01-24 09:52:56.141 31969 32068 W System.err:
01-24 09:52:56.141 31969 32068 W System.err: at
