total size 169478669 is larger than data size 853
01-24 13:06:41.875 812 812 W ResourceType: Bad XML block: header size 18254 or
total size 169478669 is larger than data size 650
01-24 13:06:41.885 812 2841 E libc : Access denied finding property
"ro.vendor.hwui.texture_cache_size"
01-24 13:06:41.881 812 812 W RenderThread: type=1400 audit(0.0:187370): avc:
denied { read } for name="u:object_r:vendor_hwui_prop:s0" dev="tmpfs" ino=14181
scontext=u:r:untrusted_app:s0:c140,c257,c512,c768
tcontext=u:object_r:vendor_hwui_prop:s0 tclass=file permissive=0
01-24 13:06:41.954 812 812 W View : requestLayout() improperly called by
android.widget.Space{f0c251d I.ED..... ......I. 24,72-32,80 #7f0b00ba
app:id/action_tile_spacing} during layout: running second layout pass
01-24 13:06:41.954 812 812 W View : requestLayout() improperly called by
android.widget.Space{ce8d392 I.ED..... ......I. 24,72-32,80 #7f0b00ba
app:id/action_tile_spacing} during layout: running second layout pass
01-24 13:06:41.954 812 812 W View : requestLayout() improperly called by
android.widget.Space{484c163 I.ED..... ......I. 24,72-32,80 #7f0b00ba
app:id/action_tile_spacing} during layout: running second layout pass
01-24 13:06:41.954 812 812 W View : requestLayout() improperly called by
android.widget.Space{504b160 I.ED..... ......I. 24,72-32,80 #7f0b00ba
app:id/action_tile_spacing} during layout: running second layout pass
01-24 13:06:41.962 812 812 E ArmVmp : Match on catch block at 0xc3 in for 0xa5
01-24 13:06:41.965 812 812 E ArmVmp : Match on catch block at 0xc3 in for 0xa9
01-24 13:06:41.985 812 812 W RenderThread: type=1400 audit(0.0:187371): avc:
denied { read } for name="u:object_r:vendor_hwui_prop:s0" dev="tmpfs" ino=14181
scontext=u:r:untrusted_app:s0:c140,c257,c512,c768
tcontext=u:object_r:vendor_hwui_prop:s0 tclass=file permissive=0
01-24 13:06:41.991 812 2841 E libc : Access denied finding property
"ro.vendor.hwui.texture_cache_size"
01-24 13:06:42.093 812 812 E ArmVmp : Match on catch block at 0xc3 in for 0xa1
01-24 13:06:42.098 812 812 E ArmVmp : Match on catch block at 0xc3 in for 0xa5
01-24 13:06:42.244 812 812 E ArmVmp : Match on catch block at 0xc3 in for 0xa1
01-24 13:06:42.249 812 812 E ArmVmp : Match on catch block at 0xc3 in for 0xa5
01-24 13:06:46.138 812 812 W ResourceType: Bad XML block: header size 18254 or
total size 169478669 is larger than data size 650
01-24 13:06:51.909 812 812 E ArmVmp : Match on catch block at 0x0a in for 0xc9
01-24 13:06:51.916 812 812 E ArmVmp : Match on catch block at 0x0a in for 0xc5
01-24 13:06:52.022 812 812 E ArmVmp : Match on catch block at 0xc3 in for 0xa9
01-24 13:06:52.026 812 812 E ArmVmp : Match on catch block at 0xc3 in for 0xa1
01-24 13:06:52.051 812 812 E ArmVmp : Match on catch block at 0xc3 in for 0xa1
01-24 13:06:52.056 812 812 E ArmVmp : Match on catch block at 0xc3 in for 0xa5
01-24 13:06:52.109 812 812 E ArmVmp : Match on catch block at 0xc3 in for 0xa1
01-24 13:06:52.113 812 812 E ArmVmp : Match on catch block at 0xc3 in for 0xa5
01-24 13:06:52.123 812 812 E ArmVmp : Match on catch block at 0xc3 in for 0xa1
01-24 13:06:52.128 812 812 E ArmVmp : Match on catch block at 0xc3 in for 0xa5
01-24 13:06:52.140 812 812 E ArmVmp : Match on catch block at 0xc3 in for 0xa1
01-24 13:06:52.144 812 812 E ArmVmp : Match on catch block at 0xc3 in for 0xa5
01-24 13:06:52.157 812 812 E ArmVmp : Match on catch block at 0xc3 in for 0xa1
01-24 13:06:52.162 812 812 E ArmVmp : Match on catch block at 0xc3 in for 0xa5
01-24 13:06:52.174 812 812 E ArmVmp : Match on catch block at 0xc3 in for 0xa1
01-24 13:06:52.178 812 812 E ArmVmp : Match on catch block at 0xc3 in for 0xa5
01-24 13:06:52.190 812 812 E ArmVmp : Match on catch block at 0xc3 in for 0xa1
01-24 13:06:52.194 812 812 E ArmVmp : Match on catch block at 0xc3 in for 0xa5
01-24 13:06:52.207 812 812 E ArmVmp : Match on catch block at 0xc3 in for 0xa1
01-24 13:06:52.213 812 812 E ArmVmp : Match on catch block at 0xc3 in for 0xa5
01-24 13:06:52.231 812 812 E ArmVmp : Match on catch block at 0xc3 in for 0xa1
01-24 13:06:52.236 812 812 E ArmVmp : Match on catch block at 0xc3 in for 0xa5
01-24 13:06:52.243 812 812 E ArmVmp : Match on catch block at 0xc3 in for 0xa1
01-24 13:06:52.247 812 812 E ArmVmp : Match on catch block at 0xc3 in for 0xa5
01-24 13:06:52.258 812 812 E ArmVmp : Match on catch block at 0xc3 in for 0xa1
01-24 13:06:52.262 812 812 E ArmVmp : Match on catch block at 0xc3 in for 0xa5
01-24 13:06:52.274 812 812 E ArmVmp : Match on catch block at 0xc3 in for 0xa1
01-24 13:06:52.279 812 812 E ArmVmp : Match on catch block at 0xc3 in for 0xa5
01-24 13:06:52.291 812 812 E ArmVmp : Match on catch block at 0xc3 in for 0xa1
01-24 13:06:52.296 812 812 E ArmVmp : Match on catch block at 0xc3 in for 0xa5
01-24 13:06:52.308 812 812 E ArmVmp : Match on catch block at 0xc3 in for 0xa1
01-24 13:06:52.313 812 812 E ArmVmp : Match on catch block at 0xc3 in for 0xa5
01-24 13:06:52.325 812 812 E ArmVmp : Match on catch block at 0xc3 in for 0xa1
01-24 13:06:52.329 812 812 E ArmVmp : Match on catch block at 0xc3 in for 0xa5
01-24 13:06:52.342 812 812 E ArmVmp : Match on catch block at 0xc3 in for 0xa1
01-24 13:06:52.346 812 812 E ArmVmp : Match on catch block at 0xc3 in for 0xa5
01-24 13:06:52.359 812 812 E ArmVmp : Match on catch block at 0xc3 in for 0xa1
01-24 13:06:52.363 812 812 E ArmVmp : Match on catch block at 0xc3 in for 0xa5
01-24 13:06:52.598 812 812 E ArmVmp : Match on catch block at 0xc3 in for 0xa5
01-24 13:06:52.603 812 812 E ArmVmp : Match on catch block at 0xc3 in for 0xa9
01-24 13:06:52.613 812 812 E ArmVmp : Match on catch block at 0xc3 in for 0xa9
01-24 13:06:52.618 812 812 E ArmVmp : Match on catch block at 0xc3 in for 0xa1
01-24 13:06:52.631 812 812 E ArmVmp : Match on catch block at 0xc3 in for 0xa1
01-24 13:06:52.636 812 812 E ArmVmp : Match on catch block at 0xc3 in for 0xa5
01-24 13:06:52.664 812 812 E ArmVmp : Match on catch block at 0xc3 in for 0xa9
01-24 13:06:52.669 812 812 E ArmVmp : Match on catch block at 0xc3 in for 0xa1
01-24 13:06:52.678 812 812 E ArmVmp : Match on catch block at 0xc3 in for 0xa1
01-24 13:06:52.684 812 812 E ArmVmp : Match on catch block at 0xc3 in for 0xa5
01-24 13:06:52.696 812 812 E ArmVmp : Match on catch block at 0xc3 in for 0xa5
01-24 13:06:52.701 812 812 E ArmVmp : Match on catch block at 0xc3 in for 0xa9
01-24 13:06:52.713 812 812 E ArmVmp : Match on catch block at 0xc3 in for 0xa9
01-24 13:06:52.718 812 812 E ArmVmp : Match on catch block at 0xc3 in for 0xa1
01-24 13:06:52.729 812 812 E ArmVmp : Match on catch block at 0xc3 in for 0xa1
01-24 13:06:52.734 812 812 E ArmVmp : Match on catch block at 0xc3 in for 0xa5
01-24 13:06:52.746 812 812 E ArmVmp : Match on catch block at 0xc3 in for 0xa5
01-24 13:06:52.751 812 812 E ArmVmp : Match on catch block at 0xc3 in for 0xa9
01-24 13:06:52.763 812 812 E ArmVmp : Match on catch block at 0xc3 in for 0xa1
01-24 13:06:52.767 812 812 E ArmVmp : Match on catch block at 0xc3 in for 0xa5
01-24 13:06:52.779 812 812 E ArmVmp : Match on catch block at 0xc3 in for 0xa1
01-24 13:06:52.784 812 812 E ArmVmp : Match on catch block at 0xc3 in for 0xa5
01-24 13:06:52.796 812 812 E ArmVmp : Match on catch block at 0xc3 in for 0xa1
01-24 13:06:52.800 812 812 E ArmVmp : Match on catch block at 0xc3 in for 0xa5
01-24 13:06:52.813 812 812 E ArmVmp : Match on catch block at 0xc3 in for 0xa1
01-24 13:06:52.817 812 812 E ArmVmp : Match on catch block at 0xc3 in for 0xa5
01-24 13:06:52.830 812 812 E ArmVmp : Match on catch block at 0xc3 in for 0xa1
01-24 13:06:52.834 812 812 E ArmVmp : Match on catch block at 0xc3 in for 0xa5
01-24 13:06:52.847 812 812 E ArmVmp : Match on catch block at 0xc3 in for 0xa1
01-24 13:06:52.851 812 812 E ArmVmp : Match on catch block at 0xc3 in for 0xa5
01-24 13:06:52.863 812 812 E ArmVmp : Match on catch block at 0xc3 in for 0xa1
01-24 13:06:52.868 812 812 E ArmVmp : Match on catch block at 0xc3 in for 0xa5
01-24 13:06:52.881 812 812 E ArmVmp : Match on catch block at 0xc3 in for 0xa1
01-24 13:06:52.886 812 812 E ArmVmp : Match on catch block at 0xc3 in for 0xa5
01-24 13:06:52.898 812 812 E ArmVmp : Match on catch block at 0xc3 in for 0xa1
01-24 13:06:52.902 812 812 E ArmVmp : Match on catch block at 0xc3 in for 0xa5
01-24 13:06:52.914 812 812 E ArmVmp : Match on catch block at 0xc3 in for 0xa1
01-24 13:06:52.918 812 812 E ArmVmp : Match on catch block at 0xc3 in for 0xa5
01-24 13:06:52.931 812 812 E ArmVmp : Match on catch block at 0xc3 in for 0xa1
01-24 13:06:52.935 812 812 E ArmVmp : Match on catch block at 0xc3 in for 0xa5
01-24 13:06:52.947 812 812 E ArmVmp : Match on catch block at 0xc3 in for 0xa1
01-24 13:06:52.952 812 812 E ArmVmp : Match on catch block at 0xc3 in for 0xa5
01-24 13:06:52.964 812 812 E ArmVmp : Match on catch block at 0xc3 in for 0xa1
01-24 13:06:52.969 812 812 E ArmVmp : Match on catch block at 0xc3 in for 0xa5
01-24 13:06:52.981 812 812 E ArmVmp : Match on catch block at 0xc3 in for 0xa1
01-24 13:06:52.986 812 812 E ArmVmp : Match on catch block at 0xc3 in for 0xa5
01-24 13:06:52.998 812 812 E ArmVmp : Match on catch block at 0xc3 in for 0xa1
01-24 13:06:53.003 812 812 E ArmVmp : Match on catch block at 0xc3 in for 0xa5
01-24 13:06:53.016 812 812 E ArmVmp : Match on catch block at 0xc3 in for 0xa1
01-24 13:06:53.021 812 812 E ArmVmp : Match on catch block at 0xc3 in for 0xa5
01-24 13:06:53.032 812 812 E ArmVmp : Match on catch block at 0xc3 in for 0xa1
01-24 13:06:53.038 812 812 E ArmVmp : Match on catch block at 0xc3 in for 0xa5
01-24 13:06:53.049 812 812 E ArmVmp : Match on catch block at 0xc3 in for 0xa1
01-24 13:06:53.054 812 812 E ArmVmp : Match on catch block at 0xc3 in for 0xa5
01-24 13:06:53.066 812 812 E ArmVmp : Match on catch block at 0xc3 in for 0xa1
01-24 13:06:53.072 812 812 E ArmVmp : Match on catch block at 0xc3 in for 0xa5
01-24 13:06:53.654 812 812 E ArmVmp : Match on catch block at 0xc3 in for 0xa1
01-24 13:06:53.658 812 812 E ArmVmp : Match on catch block at 0xc3 in for 0xa5
01-24 13:06:53.671 812 812 E ArmVmp : Match on catch block at 0xc3 in for 0xa1
01-24 13:06:53.676 812 812 E ArmVmp : Match on catch block at 0xc3 in for 0xa5
01-24 13:06:53.687 812 812 E ArmVmp : Match on catch block at 0xc3 in for 0xa1
01-24 13:06:53.692 812 812 E ArmVmp : Match on catch block at 0xc3 in for 0xa5
01-24 13:06:53.705 812 812 E ArmVmp : Match on catch block at 0xc3 in for 0xa1
01-24 13:06:53.710 812 812 E ArmVmp : Match on catch block at 0xc3 in for 0xa5
01-24 13:06:53.723 812 812 E ArmVmp : Match on catch block at 0xc3 in for 0xa1
01-24 13:06:53.729 812 812 E ArmVmp : Match on catch block at 0xc3 in for 0xa5
01-24 13:06:53.739 812 812 E ArmVmp : Match on catch block at 0xc3 in for 0xa1
01-24 13:06:53.745 812 812 E ArmVmp : Match on catch block at 0xc3 in for 0xa5
01-24 13:06:53.755 812 812 E ArmVmp : Match on catch block at 0xc3 in for 0xa1
01-24 13:06:53.761 812 812 E ArmVmp : Match on catch block at 0xc3 in for 0xa5
01-24 13:06:53.772 812 812 E ArmVmp : Match on catch block at 0xc3 in for 0xa1
01-24 13:06:53.780 812 812 E ArmVmp : Match on catch block at 0xc3 in for 0xa5
01-24 13:06:53.789 812 812 E ArmVmp : Match on catch block at 0xc3 in for 0xa1
01-24 13:06:53.794 812 812 E ArmVmp : Match on catch block at 0xc3 in for 0xa5
01-24 13:06:53.806 812 812 E ArmVmp : Match on catch block at 0xc3 in for 0xa1
01-24 13:06:53.812 812 812 E ArmVmp : Match on catch block at 0xc3 in for 0xa5
01-24 13:06:53.826 812 812 E ArmVmp : Match on catch block at 0xc3 in for 0xa1
01-24 13:06:53.833 812 812 E ArmVmp : Match on catch block at 0xc3 in for 0xa5
01-24 13:06:53.843 812 812 E ArmVmp : Match on catch block at 0xc3 in for 0xa1
01-24 13:06:53.849 812 812 E ArmVmp : Match on catch block at 0xc3 in for 0xa5
01-24 13:06:53.857 812 812 E ArmVmp : Match on catch block at 0xc3 in for 0xa1
01-24 13:06:53.864 812 812 E ArmVmp : Match on catch block at 0xc3 in for 0xa5
01-24 13:06:53.892 812 812 E ArmVmp : Match on catch block at 0xc3 in for 0xa5
01-24 13:06:53.898 812 812 E ArmVmp : Match on catch block at 0xc3 in for 0xa9
01-24 13:06:53.907 812 812 E ArmVmp : Match on catch block at 0xc3 in for 0xa5
01-24 13:06:53.914 812 812 E ArmVmp : Match on catch block at 0xc3 in for 0xa9
01-24 13:06:54.397 812 812 E ArmVmp : Match on catch block at 0xc3 in for 0xa1
01-24 13:06:54.402 812 812 E ArmVmp : Match on catch block at 0xc3 in for 0xa5
01-24 13:06:54.464 812 812 E ArmVmp : Match on catch block at 0xc3 in for 0xa5
01-24 13:06:54.470 812 812 E ArmVmp : Match on catch block at 0xc3 in for 0xa9
01-24 13:06:54.479 812 812 E ArmVmp : Match on catch block at 0xc3 in for 0xa1
01-24 13:06:54.485 812 812 E ArmVmp : Match on catch block at 0xc3 in for 0xa5
01-24 13:06:54.496 812 812 E ArmVmp : Match on catch block at 0xc3 in for 0xa9
01-24 13:06:54.502 812 812 E ArmVmp : Match on catch block at 0xc3 in for 0xa1
01-24 13:06:54.513 812 812 E ArmVmp : Match on catch block at 0xc3 in for 0xa5
01-24 13:06:54.519 812 812 E ArmVmp : Match on catch block at 0xc3 in for 0xa9
01-24 13:06:54.531 812 812 E ArmVmp : Match on catch block at 0xc3 in for 0xa9
01-24 13:06:54.536 812 812 E ArmVmp : Match on catch block at 0xc3 in for 0xa1
01-24 13:06:54.547 812 812 E ArmVmp : Match on catch block at 0xc3 in for 0xa5
01-24 13:06:54.553 812 812 E ArmVmp : Match on catch block at 0xc3 in for 0xa9
01-24 13:06:54.563 812 812 E ArmVmp : Match on catch block at 0xc3 in for 0xa5
01-24 13:06:54.568 812 812 E ArmVmp : Match on catch block at 0xc3 in for 0xa9
01-24 13:06:54.580 812 812 E ArmVmp : Match on catch block at 0xc3 in for 0xa9
01-24 13:06:54.585 812 812 E ArmVmp : Match on catch block at 0xc3 in for 0xa1
01-24 13:06:54.598 812 812 E ArmVmp : Match on catch block at 0xc3 in for 0xa1
01-24 13:06:54.602 812 812 E ArmVmp : Match on catch block at 0xc3 in for 0xa5
01-24 13:06:54.613 812 812 E ArmVmp : Match on catch block at 0xc3 in for 0xa5
01-24 13:06:54.620 812 812 E ArmVmp : Match on catch block at 0xc3 in for 0xa9
01-24 13:06:54.631 812 812 E ArmVmp : Match on catch block at 0xc3 in for 0xa9
01-24 13:06:54.636 812 812 E ArmVmp : Match on catch block at 0xc3 in for 0xa1
01-24 13:06:54.647 812 812 E ArmVmp : Match on catch block at 0xc3 in for 0xa1
01-24 13:06:54.653 812 812 E ArmVmp : Match on catch block at 0xc3 in for 0xa5
01-24 13:06:54.664 812 812 E ArmVmp : Match on catch block at 0xc3 in for 0xa9
01-24 13:06:54.671 812 812 E ArmVmp : Match on catch block at 0xc3 in for 0xa1
01-24 13:06:54.890 812 812 E ArmVmp : Match on catch block at 0xc3 in for 0xa1
01-24 13:06:54.895 812 812 E ArmVmp : Match on catch block at 0xc3 in for 0xa5
01-24 13:06:54.904 812 812 E ArmVmp : Match on catch block at 0xc3 in for 0xa1
01-24 13:06:54.910 812 812 E ArmVmp : Match on catch block at 0xc3 in for 0xa5
01-24 13:06:55.019 812 812 E ArmVmp : Match on catch block at 0xc3 in for 0xa9
01-24 13:06:55.025 812 812 E ArmVmp : Match on catch block at 0xc3 in for 0xa1
01-24 13:06:55.065 812 812 W ActivityThread: handleWindowVisibility: no
activity for token android.os.BinderProxy@d65c9e9
01-24 13:06:55.143 812 812 W com.mbwhatsapp: Class com.mbwhatsapp.HomeActivity
failed lock verification and will run slower.
01-24 13:06:55.240 812 812 E ArmVmp : Match on catch block at 0xb0 in for 0xe5
01-24 13:06:55.362 812 812 E ArmVmp : Match on catch block at 0xb0 in for 0xe9
01-24 13:06:55.783 812 812 E ArmVmp : Match on catch block at 0x0a in for 0xc9
01-24 13:06:55.821 812 812 E ArmVmp : Match on catch block at 0x0a in for
0x135
01-24 13:06:56.029 812 812 W CheckTime: App running slow: Executing activity
onCreate took 869ms
01-24 13:06:56.045 812 812 W RenderThread: type=1400 audit(0.0:187374): avc:
denied { read } for name="u:object_r:vendor_hwui_prop:s0" dev="tmpfs" ino=14181
scontext=u:r:untrusted_app:s0:c140,c257,c512,c768
tcontext=u:object_r:vendor_hwui_prop:s0 tclass=file permissive=0
01-24 13:06:56.052 812 2841 E libc : Access denied finding property
"ro.vendor.hwui.texture_cache_size"
01-24 13:06:56.061 812 812 E ArmVmp : Match on catch block at 0xc3 in for 0xa5
01-24 13:06:56.066 812 812 E ArmVmp : Match on catch block at 0xc3 in for 0xa9
01-24 13:06:56.395 812 812 W StaticLayout: maxLineHeight should not be -1.
maxLines:1 lineCount:1
01-24 13:06:56.399 812 812 W StaticLayout: maxLineHeight should not be -1.
maxLines:1 lineCount:1
01-24 13:06:56.400 812 812 W StaticLayout: maxLineHeight should not be -1.
maxLines:1 lineCount:1
01-24 13:06:56.442 812 812 W StaticLayout: maxLineHeight should not be -1.
maxLines:1 lineCount:1
01-24 13:06:56.442 812 9411 W LOTTIE : Animation contains merge paths. Merge
paths are only supported on KitKat+ and must be manually enabled by calling
enableMergePathsForKitKatAndAbove().
01-24 13:06:56.443 812 812 W StaticLayout: maxLineHeight should not be -1.
maxLines:1 lineCount:1
01-24 13:06:56.444 812 812 W StaticLayout: maxLineHeight should not be -1.
maxLines:1 lineCount:1
01-24 13:06:56.541 812 812 W StaticLayout: maxLineHeight should not be -1.
maxLines:1 lineCount:1
01-24 13:06:56.543 812 812 W StaticLayout: maxLineHeight should not be -1.
maxLines:1 lineCount:1
01-24 13:06:56.565 812 812 E ArmVmp : Match on catch block at 0xb0 in for
0x121
01-24 13:06:56.589 812 812 E ArmVmp : Match on catch block at 0xb0 in for
0x121
01-24 13:06:56.627 812 812 E ArmVmp : Match on catch block at 0xb0 in for 0xf9
01-24 13:06:56.719 812 812 E ArmVmp : Match on catch block at 0xb0 in for 0xf1
01-24 13:06:56.806 812 812 E ArmVmp : Match on catch block at 0xb0 in for 0xf1
01-24 13:06:56.894 812 812 E ArmVmp : Match on catch block at 0xb0 in for 0xf5
01-24 13:06:57.231 812 812 E ArmVmp : Match on catch block at 0xb0 in for 0xf5
01-24 13:06:57.295 812 812 W StaticLayout: maxLineHeight should not be -1.
maxLines:1 lineCount:1
01-24 13:06:57.333 812 812 W CheckTime: App running slow: Executing
com.mbwhatsapp.yo.WidgetProvider scheduleReceive took 1600ms
--------- beginning of system
01-24 13:06:57.333 812 812 W ActivityThread: Main thread can not be idle for a
long time.
01-24 13:06:57.349 812 812 W RenderThread: type=1400 audit(0.0:187375): avc:
denied { read } for name="u:object_r:vendor_hwui_prop:s0" dev="tmpfs" ino=14181
scontext=u:r:untrusted_app:s0:c140,c257,c512,c768
tcontext=u:object_r:vendor_hwui_prop:s0 tclass=file permissive=0
01-24 13:06:57.354 812 2841 E libc : Access denied finding property
"ro.vendor.hwui.texture_cache_size"
01-24 13:06:57.528 812 812 E ArmVmp : Match on catch block at 0xc3 in for 0xa9
01-24 13:06:57.532 812 812 E ArmVmp : Match on catch block at 0xc3 in for 0xa1
01-24 13:06:57.562 812 812 E ArmVmp : Match on catch block at 0x0a in for 0xd1
01-24 13:06:57.590 812 812 W LOTTIE : Animation contains merge paths but they
are disabled.
01-24 13:06:57.640 812 812 E ArmVmp : Match on catch block at 0xc3 in for 0xa5
01-24 13:06:57.645 812 812 E ArmVmp : Match on catch block at 0xc3 in for 0xa9
01-24 13:06:57.709 812 812 E ArmVmp : Match on catch block at 0xc3 in for 0xa5
01-24 13:06:57.714 812 812 E ArmVmp : Match on catch block at 0xc3 in for 0xa9
01-24 13:06:57.959 812 812 E ArmVmp : Match on catch block at 0xc3 in for 0xa9
01-24 13:06:57.964 812 812 E ArmVmp : Match on catch block at 0xc3 in for 0xa1
01-24 13:06:58.092 812 812 E ArmVmp : Match on catch block at 0xc3 in for 0xa5
01-24 13:06:58.098 812 812 E ArmVmp : Match on catch block at 0xc3 in for 0xa9
01-24 13:06:58.190 812 812 W ActivityThread: handleWindowVisibility: no
activity for token android.os.BinderProxy@975e3af
01-24 13:07:00.989 812 812 W ActivityThread: handleWindowVisibility: no
activity for token android.os.BinderProxy@9b797ff
01-24 13:07:01.264 812 812 E ArmVmp : Match on catch block at 0xb0 in for 0xe9
01-24 13:07:01.273 812 812 E ArmVmp : Match on catch block at 0xb0 in for 0xe1
01-24 13:07:01.339 812 812 E ArmVmp : Match on catch block at 0x0a in for 0xc5
01-24 13:07:01.345 812 812 E ArmVmp : Match on catch block at 0x0a in for 0xc1
01-24 13:07:01.393 812 812 W RenderThread: type=1400 audit(0.0:187376): avc:
denied { read } for name="u:object_r:vendor_hwui_prop:s0" dev="tmpfs" ino=14181
scontext=u:r:untrusted_app:s0:c140,c257,c512,c768
tcontext=u:object_r:vendor_hwui_prop:s0 tclass=file permissive=0
01-24 13:07:01.400 812 2841 E libc : Access denied finding property
"ro.vendor.hwui.texture_cache_size"
01-24 13:07:01.795 812 812 E ArmVmp : Match on catch block at 0xc3 in for 0xb9
01-24 13:07:01.806 812 812 E ArmVmp : Match on catch block at 0xc3 in for 0xb9
01-24 13:07:01.813 812 812 W RenderThread: type=1400 audit(0.0:187377): avc:
denied { read } for name="u:object_r:vendor_hwui_prop:s0" dev="tmpfs" ino=14181
scontext=u:r:untrusted_app:s0:c140,c257,c512,c768
tcontext=u:object_r:vendor_hwui_prop:s0 tclass=file permissive=0
01-24 13:07:01.818 812 2841 E libc : Access denied finding property
"ro.vendor.hwui.texture_cache_size"
01-24 13:07:01.847 812 812 E ArmVmp : Match on catch block at 0xc3 in for 0xa1
01-24 13:07:01.852 812 812 E ArmVmp : Match on catch block at 0xc3 in for 0xa5
01-24 13:07:01.855 812 812 E ArmVmp : Match on catch block at 0xc3 in for 0xa5
01-24 13:07:01.980 812 812 E ArmVmp : Match on catch block at 0xc3 in for 0xa5
01-24 13:07:01.986 812 812 E ArmVmp : Match on catch block at 0xc3 in for 0xa9
01-24 13:07:01.990 812 812 E ArmVmp : Match on catch block at 0xc3 in for 0xa9
01-24 13:07:02.010 812 812 E ArmVmp : Match on catch block at 0xc3 in for 0xa1
01-24 13:07:02.020 812 812 E ArmVmp : Match on catch block at 0xc3 in for 0xa5
01-24 13:07:02.024 812 812 E ArmVmp : Match on catch block at 0xc3 in for 0xa5
01-24 13:07:02.044 812 812 E ArmVmp : Match on catch block at 0xc3 in for 0xa9
01-24 13:07:02.050 812 812 E ArmVmp : Match on catch block at 0xc3 in for 0xa1
01-24 13:07:02.054 812 812 E ArmVmp : Match on catch block at 0xc3 in for 0xa1
01-24 13:07:02.112 812 812 E ArmVmp : Match on catch block at 0xc3 in for 0xa5
01-24 13:07:02.118 812 812 E ArmVmp : Match on catch block at 0xc3 in for 0xa9
01-24 13:07:02.121 812 812 E ArmVmp : Match on catch block at 0xc3 in for 0xa9
01-24 13:07:02.216 812 812 E ArmVmp : Match on catch block at 0xc3 in for 0xa1
01-24 13:07:02.221 812 812 E ArmVmp : Match on catch block at 0xc3 in for 0xa5
01-24 13:07:02.225 812 812 E ArmVmp : Match on catch block at 0xc3 in for 0xa5
01-24 13:07:02.233 812 812 E ArmVmp : Match on catch block at 0xc3 in for 0xa9
01-24 13:07:02.238 812 812 E ArmVmp : Match on catch block at 0xc3 in for 0xa1
01-24 13:07:02.241 812 812 E ArmVmp : Match on catch block at 0xc3 in for 0xa1
01-24 13:07:02.250 812 812 E ArmVmp : Match on catch block at 0xc3 in for 0xa9
01-24 13:07:02.254 812 812 E ArmVmp : Match on catch block at 0xc3 in for 0xa1
01-24 13:07:02.271 812 812 E ArmVmp : Match on catch block at 0xc3 in for 0xa1
01-24 13:07:02.276 812 812 E ArmVmp : Match on catch block at 0xc3 in for 0xa5
01-24 13:07:02.279 812 812 E ArmVmp : Match on catch block at 0xc3 in for 0xa5
01-24 13:07:02.291 812 812 E ArmVmp : Match on catch block at 0xc3 in for 0xa1
01-24 13:07:02.296 812 812 E ArmVmp : Match on catch block at 0xc3 in for 0xa5
01-24 13:07:02.299 812 812 E ArmVmp : Match on catch block at 0xc3 in for 0xa5
01-24 13:07:02.317 812 812 E ArmVmp : Match on catch block at 0xc3 in for 0xa9
01-24 13:07:02.322 812 812 E ArmVmp : Match on catch block at 0xc3 in for 0xa1
01-24 13:07:02.325 812 812 E ArmVmp : Match on catch block at 0xc3 in for 0xa1
01-24 13:07:02.334 812 812 E ArmVmp : Match on catch block at 0xc3 in for 0xa5
01-24 13:07:02.339 812 812 E ArmVmp : Match on catch block at 0xc3 in for 0xa9
01-24 13:07:02.342 812 812 E ArmVmp : Match on catch block at 0xc3 in for 0xa9
01-24 13:07:02.350 812 812 E ArmVmp : Match on catch block at 0xc3 in for 0xa1
01-24 13:07:02.356 812 812 E ArmVmp : Match on catch block at 0xc3 in for 0xa5
01-24 13:07:02.359 812 812 E ArmVmp : Match on catch block at 0xc3 in for 0xa5
01-24 13:07:02.367 812 812 E ArmVmp : Match on catch block at 0xc3 in for 0xa9
01-24 13:07:02.373 812 812 E ArmVmp : Match on catch block at 0xc3 in for 0xa1
01-24 13:07:02.376 812 812 E ArmVmp : Match on catch block at 0xc3 in for 0xa1
01-24 13:07:02.384 812 812 E ArmVmp : Match on catch block at 0xc3 in for 0xa5
01-24 13:07:02.389 812 812 E ArmVmp : Match on catch block at 0xc3 in for 0xa9
01-24 13:07:02.392 812 812 E ArmVmp : Match on catch block at 0xc3 in for 0xa9
01-24 13:07:02.401 812 812 E ArmVmp : Match on catch block at 0xc3 in for 0xa1
01-24 13:07:02.406 812 812 E ArmVmp : Match on catch block at 0xc3 in for 0xa5
01-24 13:07:02.409 812 812 E ArmVmp : Match on catch block at 0xc3 in for 0xa5
01-24 13:07:02.418 812 812 E ArmVmp : Match on catch block at 0xc3 in for 0xa9
01-24 13:07:02.423 812 812 E ArmVmp : Match on catch block at 0xc3 in for 0xa1
01-24 13:07:02.426 812 812 E ArmVmp : Match on catch block at 0xc3 in for 0xa1
01-24 13:07:02.435 812 812 E ArmVmp : Match on catch block at 0xc3 in for 0xa5
01-24 13:07:02.440 812 812 E ArmVmp : Match on catch block at 0xc3 in for 0xa9
01-24 13:07:02.443 812 812 E ArmVmp : Match on catch block at 0xc3 in for 0xa9
01-24 13:07:02.451 812 812 E ArmVmp : Match on catch block at 0xc3 in for 0xa1
01-24 13:07:02.456 812 812 E ArmVmp : Match on catch block at 0xc3 in for 0xa5
01-24 13:07:02.460 812 812 E ArmVmp : Match on catch block at 0xc3 in for 0xa5
01-24 13:07:02.468 812 812 E ArmVmp : Match on catch block at 0xc3 in for 0xa9
01-24 13:07:02.473 812 812 E ArmVmp : Match on catch block at 0xc3 in for 0xa1
01-24 13:07:02.476 812 812 E ArmVmp : Match on catch block at 0xc3 in for 0xa1
01-24 13:07:02.485 812 812 E ArmVmp : Match on catch block at 0xc3 in for 0xa5
01-24 13:07:02.490 812 812 E ArmVmp : Match on catch block at 0xc3 in for 0xa9
01-24 13:07:02.493 812 812 E ArmVmp : Match on catch block at 0xc3 in for 0xa9
01-24 13:07:02.502 812 812 E ArmVmp : Match on catch block at 0xc3 in for 0xa1
01-24 13:07:02.508 812 812 E ArmVmp : Match on catch block at 0xc3 in for 0xa5
01-24 13:07:02.512 812 812 E ArmVmp : Match on catch block at 0xc3 in for 0xa5
01-24 13:07:02.520 812 812 E ArmVmp : Match on catch block at 0xc3 in for 0xa9
01-24 13:07:02.525 812 812 E ArmVmp : Match on catch block at 0xc3 in for 0xa1
01-24 13:07:02.529 812 812 E ArmVmp : Match on catch block at 0xc3 in for 0xa1
01-24 13:07:02.727 812 812 E ArmVmp : Match on catch block at 0xc3 in for 0xa1
01-24 13:07:02.733 812 812 E ArmVmp : Match on catch block at 0xc3 in for 0xa5
01-24 13:07:02.736 812 812 E ArmVmp : Match on catch block at 0xc3 in for 0xa5
01-24 13:07:02.746 812 812 E ArmVmp : Match on catch block at 0xc3 in for 0xa9
01-24 13:07:02.751 812 812 E ArmVmp : Match on catch block at 0xc3 in for 0xa1
01-24 13:07:02.755 812 812 E ArmVmp : Match on catch block at 0xc3 in for 0xa1
01-24 13:07:02.907 812 812 E ArmVmp : Match on catch block at 0xc3 in for 0xa1
01-24 13:07:02.913 812 812 E ArmVmp : Match on catch block at 0xc3 in for 0xa5
01-24 13:07:02.936 812 812 E ArmVmp : Match on catch block at 0xc3 in for 0xa5
01-24 13:07:02.944 812 812 E ArmVmp : Match on catch block at 0xc3 in for 0xa9
01-24 13:07:02.947 812 812 E ArmVmp : Match on catch block at 0xc3 in for 0xa9
01-24 13:07:02.973 812 812 E ArmVmp : Match on catch block at 0xc3 in for 0xa1
01-24 13:07:02.978 812 812 E ArmVmp : Match on catch block at 0xc3 in for 0xa5
01-24 13:07:02.982 812 812 E ArmVmp : Match on catch block at 0xc3 in for 0xa5
01-24 13:07:03.433 812 812 E ArmVmp : Match on catch block at 0xc3 in for 0xa1
01-24 13:07:03.438 812 812 E ArmVmp : Match on catch block at 0xc3 in for 0xa5
01-24 13:07:03.464 812 812 E ArmVmp : Match on catch block at 0xc3 in for 0xa5
01-24 13:07:03.470 812 812 E ArmVmp : Match on catch block at 0xc3 in for 0xa9
01-24 13:07:03.474 812 812 E ArmVmp : Match on catch block at 0xc3 in for 0xa9
01-24 13:07:03.495 812 812 E ArmVmp : Match on catch block at 0xc3 in for 0xa1
01-24 13:07:03.500 812 812 E ArmVmp : Match on catch block at 0xc3 in for 0xa5
01-24 13:07:03.504 812 812 E ArmVmp : Match on catch block at 0xc3 in for 0xa5
01-24 13:07:03.511 812 812 E ArmVmp : Match on catch block at 0xc3 in for 0xa9
01-24 13:07:03.516 812 812 E ArmVmp : Match on catch block at 0xc3 in for 0xa1
01-24 13:07:03.520 812 812 E ArmVmp : Match on catch block at 0xc3 in for 0xa1
01-24 13:07:03.529 812 812 E ArmVmp : Match on catch block at 0xc3 in for 0xa5
01-24 13:07:03.534 812 812 E ArmVmp : Match on catch block at 0xc3 in for 0xa9
01-24 13:07:03.538 812 812 E ArmVmp : Match on catch block at 0xc3 in for 0xa9
01-24 13:07:03.552 812 812 E ArmVmp : Match on catch block at 0xc3 in for 0xa1
01-24 13:07:03.557 812 812 E ArmVmp : Match on catch block at 0xc3 in for 0xa5
01-24 13:07:03.561 812 812 E ArmVmp : Match on catch block at 0xc3 in for 0xa5
01-24 13:07:03.579 812 812 E ArmVmp : Match on catch block at 0xc3 in for 0xa9
01-24 13:07:03.584 812 812 E ArmVmp : Match on catch block at 0xc3 in for 0xa1
01-24 13:07:03.588 812 812 E ArmVmp : Match on catch block at 0xc3 in for 0xa1
01-24 13:07:03.596 812 812 E ArmVmp : Match on catch block at 0xc3 in for 0xa5
01-24 13:07:03.601 812 812 E ArmVmp : Match on catch block at 0xc3 in for 0xa9
01-24 13:07:03.604 812 812 E ArmVmp : Match on catch block at 0xc3 in for 0xa9
01-24 13:07:03.613 812 812 E ArmVmp : Match on catch block at 0xc3 in for 0xa1
01-24 13:07:03.619 812 812 E ArmVmp : Match on catch block at 0xc3 in for 0xa5
01-24 13:07:03.622 812 812 E ArmVmp : Match on catch block at 0xc3 in for 0xa5
01-24 13:07:03.636 812 812 E ArmVmp : Match on catch block at 0xc3 in for 0xa9
01-24 13:07:03.641 812 812 E ArmVmp : Match on catch block at 0xc3 in for 0xa1
01-24 13:07:03.644 812 812 E ArmVmp : Match on catch block at 0xc3 in for 0xa1
01-24 13:07:03.797 812 812 E ArmVmp : Match on catch block at 0xc3 in for 0xa5
01-24 13:07:03.802 812 812 E ArmVmp : Match on catch block at 0xc3 in for 0xa9
01-24 13:07:03.806 812 812 E ArmVmp : Match on catch block at 0xc3 in for 0xa9
01-24 13:07:04.201 812 812 E ArmVmp : Match on catch block at 0xc3 in for 0xa1
01-24 13:07:04.206 812 812 E ArmVmp : Match on catch block at 0xc3 in for 0xa5
01-24 13:07:04.211 812 812 E ArmVmp : Match on catch block at 0xc3 in for 0xa5
01-24 13:07:04.420 812 812 E ArmVmp : Match on catch block at 0xc3 in for 0xa5
01-24 13:07:04.426 812 812 E ArmVmp : Match on catch block at 0xc3 in for 0xa9
01-24 13:07:04.430 812 812 E ArmVmp : Match on catch block at 0xc3 in for 0xa9
01-24 13:07:04.471 812 812 E ArmVmp : Match on catch block at 0xc3 in for 0xa1
01-24 13:07:04.477 812 812 E ArmVmp : Match on catch block at 0xc3 in for 0xa5
01-24 13:07:04.481 812 812 E ArmVmp : Match on catch block at 0xc3 in for 0xa5
01-24 13:07:04.489 812 812 E ArmVmp : Match on catch block at 0xc3 in for 0xa9
01-24 13:07:04.495 812 812 E ArmVmp : Match on catch block at 0xc3 in for 0xa1
01-24 13:07:04.499 812 812 E ArmVmp : Match on catch block at 0xc3 in for 0xa1
01-24 13:07:04.508 812 812 E ArmVmp : Match on catch block at 0xc3 in for 0xa5
01-24 13:07:04.515 812 812 E ArmVmp : Match on catch block at 0xc3 in for 0xa9
01-24 13:07:04.520 812 812 E ArmVmp : Match on catch block at 0xc3 in for 0xa9
01-24 13:07:04.528 812 812 E ArmVmp : Match on catch block at 0xc3 in for 0xa1
01-24 13:07:04.534 812 812 E ArmVmp : Match on catch block at 0xc3 in for 0xa5
01-24 13:07:04.539 812 812 E ArmVmp : Match on catch block at 0xc3 in for 0xa5
01-24 13:07:04.546 812 812 E ArmVmp : Match on catch block at 0xc3 in for 0xa9
01-24 13:07:04.552 812 812 E ArmVmp : Match on catch block at 0xc3 in for 0xa1
01-24 13:07:04.556 812 812 E ArmVmp : Match on catch block at 0xc3 in for 0xa1
01-24 13:07:04.563 812 812 E ArmVmp : Match on catch block at 0xc3 in for 0xa5
01-24 13:07:04.568 812 812 E ArmVmp : Match on catch block at 0xc3 in for 0xa9
01-24 13:07:04.574 812 812 E ArmVmp : Match on catch block at 0xc3 in for 0xa9
01-24 13:07:04.581 812 812 E ArmVmp : Match on catch block at 0xc3 in for 0xa1
01-24 13:07:04.586 812 812 E ArmVmp : Match on catch block at 0xc3 in for 0xa5
01-24 13:07:04.590 812 812 E ArmVmp : Match on catch block at 0xc3 in for 0xa5
01-24 13:07:04.605 812 812 E ArmVmp : Match on catch block at 0xc3 in for 0xa9
01-24 13:07:04.611 812 812 E ArmVmp : Match on catch block at 0xc3 in for 0xa1
01-24 13:07:04.615 812 812 E ArmVmp : Match on catch block at 0xc3 in for 0xa1
01-24 13:07:04.627 812 812 E ArmVmp : Match on catch block at 0xc3 in for 0xa5
01-24 13:07:04.634 812 812 E ArmVmp : Match on catch block at 0xc3 in for 0xa9
01-24 13:07:04.638 812 812 E ArmVmp : Match on catch block at 0xc3 in for 0xa9
01-24 13:07:04.646 812 812 E ArmVmp : Match on catch block at 0xc3 in for 0xa1
01-24 13:07:04.652 812 812 E ArmVmp : Match on catch block at 0xc3 in for 0xa5
01-24 13:07:04.656 812 812 E ArmVmp : Match on catch block at 0xc3 in for 0xa5
01-24 13:07:04.663 812 812 E ArmVmp : Match on catch block at 0xc3 in for 0xa9
01-24 13:07:04.669 812 812 E ArmVmp : Match on catch block at 0xc3 in for 0xa1
01-24 13:07:04.672 812 812 E ArmVmp : Match on catch block at 0xc3 in for 0xa1
01-24 13:07:04.680 812 812 E ArmVmp : Match on catch block at 0xc3 in for 0xa5
01-24 13:07:04.685 812 812 E ArmVmp : Match on catch block at 0xc3 in for 0xa9
01-24 13:07:04.688 812 812 E ArmVmp : Match on catch block at 0xc3 in for 0xa9
01-24 13:07:04.696 812 812 E ArmVmp : Match on catch block at 0xc3 in for 0xa1
01-24 13:07:04.701 812 812 E ArmVmp : Match on catch block at 0xc3 in for 0xa5
01-24 13:07:04.705 812 812 E ArmVmp : Match on catch block at 0xc3 in for 0xa5
01-24 13:07:04.712 812 812 E ArmVmp : Match on catch block at 0xc3 in for 0xa9
01-24 13:07:04.717 812 812 E ArmVmp : Match on catch block at 0xc3 in for 0xa1
01-24 13:07:04.720 812 812 E ArmVmp : Match on catch block at 0xc3 in for 0xa1
01-24 13:07:05.143 812 812 E ArmVmp : Match on catch block at 0xc3 in for 0xa5
01-24 13:07:05.148 812 812 E ArmVmp : Match on catch block at 0xc3 in for 0xa9
01-24 13:07:05.151 812 812 E ArmVmp : Match on catch block at 0xc3 in for 0xa9
01-24 13:07:05.311 812 812 E ArmVmp : Match on catch block at 0xc3 in for 0xa1
01-24 13:07:05.317 812 812 E ArmVmp : Match on catch block at 0xc3 in for 0xa5
01-24 13:07:05.321 812 812 E ArmVmp : Match on catch block at 0xc3 in for 0xa5
01-24 13:07:05.530 812 812 E ArmVmp : Match on catch block at 0xc3 in for 0xa9
01-24 13:07:05.535 812 812 E ArmVmp : Match on catch block at 0xc3 in for 0xa1
01-24 13:07:05.540 812 812 E ArmVmp : Match on catch block at 0xc3 in for 0xa1
01-24 13:07:05.715 812 812 E ArmVmp : Match on catch block at 0xc3 in for 0xa5
01-24 13:07:05.720 812 812 E ArmVmp : Match on catch block at 0xc3 in for 0xa9
01-24 13:07:05.725 812 812 E ArmVmp : Match on catch block at 0xc3 in for 0xa9
01-24 13:07:06.001 812 812 E ArmVmp : Match on catch block at 0xc3 in for 0xa1
01-24 13:07:06.007 812 812 E ArmVmp : Match on catch block at 0xc3 in for 0xa5
01-24 13:07:06.012 812 812 E ArmVmp : Match on catch block at 0xc3 in for 0xa5
01-24 13:07:06.473 812 812 E ArmVmp : Match on catch block at 0xc3 in for 0xa9
01-24 13:07:06.479 812 812 E ArmVmp : Match on catch block at 0xc3 in for 0xa1
01-24 13:07:06.485 812 812 E ArmVmp : Match on catch block at 0xc3 in for 0xa1
01-24 13:07:06.978 812 812 E ArmVmp : Match on catch block at 0xc3 in for 0xa5
01-24 13:07:06.984 812 812 E ArmVmp : Match on catch block at 0xc3 in for 0xa9
01-24 13:07:06.991 812 812 E ArmVmp : Match on catch block at 0xc3 in for 0xa9
01-24 13:07:07.061 812 812 E ArmVmp : Match on catch block at 0xc3 in for 0xa1
01-24 13:07:07.067 812 812 E ArmVmp : Match on catch block at 0xc3 in for 0xa5
01-24 13:07:07.073 812 812 E ArmVmp : Match on catch block at 0xc3 in for 0xa5
01-24 13:07:07.329 812 2840 W System.err:
java.util.concurrent.ExecutionException: java.io.IOException: disconnected
01-24 13:07:07.329 812 2840 W System.err:
01-24 13:07:07.330 812 2840 W System.err: at X.3hG.get(Unknown Source:16)
01-24 13:07:07.330 812 2840 W System.err:
01-24 13:07:07.330 812 2840 W System.err: at
com.mbwhatsapp.jobqueue.job.SendReadReceiptJob.A06(Unknown Source:136)
01-24 13:07:07.330 812 2840 W System.err:
01-24 13:07:07.330 812 2840 W System.err: at X.3e7.run(Unknown Source:1006)
01-24 13:07:07.330 812 2840 W System.err:
01-24 13:07:07.330 812 2840 W System.err: at
java.util.concurrent.ThreadPoolExecutor.runWorker(ThreadPoolExecutor.java:1167)
01-24 13:07:07.331 812 2840 W System.err:
01-24 13:07:07.333 812 2840 W System.err: at
java.util.concurrent.ThreadPoolExecutor$Worker.run(ThreadPoolExecutor.java:641)
01-24 13:07:07.333 812 2840 W System.err:
01-24 13:07:07.333 812 2840 W System.err: at X.3e7.run(Unknown Source:1130)
01-24 13:07:07.333 812 2840 W System.err:
01-24 13:07:07.334 812 2840 W System.err: at
java.lang.Thread.run(Thread.java:764)
01-24 13:07:07.334 812 2840 W System.err:
01-24 13:07:07.334 812 2840 W System.err: Caused by: java.io.IOException:
disconnected
01-24 13:07:07.334 812 2840 W System.err:
01-24 13:07:07.334 812 2840 W System.err: at X.002.A0F(Unknown Source:2)
01-24 13:07:07.334 812 2840 W System.err:
01-24 13:07:07.334 812 2840 W System.err: at X.103.handleMessage(Unknown
Source:399)
01-24 13:07:07.334 812 2840 W System.err:
01-24 13:07:07.339 812 2840 W System.err: at
android.os.Handler.dispatchMessage(Handler.java:106)
01-24 13:07:07.339 812 2840 W System.err:
01-24 13:07:07.340 812 2840 W System.err: at
android.os.Looper.loop(Looper.java:192)
01-24 13:07:07.340 812 2840 W System.err:
01-24 13:07:07.340 812 2840 W System.err: at
android.os.HandlerThread.run(HandlerThread.java:65)
01-24 13:07:07.340 812 2840 W System.err:
01-24 13:07:07.357 812 812 E ArmVmp : Match on catch block at 0xc3 in for 0xa5
01-24 13:07:07.363 812 812 E ArmVmp : Match on catch block at 0xc3 in for 0xa9
01-24 13:07:07.367 812 812 E ArmVmp : Match on catch block at 0xc3 in for 0xa9
01-24 13:07:07.414 812 812 E ArmVmp : Match on catch block at 0xc3 in for 0xa1
01-24 13:07:07.420 812 812 E ArmVmp : Match on catch block at 0xc3 in for 0xa5
01-24 13:07:07.425 812 812 E ArmVmp : Match on catch block at 0xc3 in for 0xa5
01-24 13:07:07.515 812 812 E ArmVmp : Match on catch block at 0xc3 in for 0xa9
01-24 13:07:07.525 812 812 E ArmVmp : Match on catch block at 0xc3 in for 0xa1
01-24 13:07:07.530 812 812 E ArmVmp : Match on catch block at 0xc3 in for 0xa1
01-24 13:07:07.552 812 812 E ArmVmp : Match on catch block at 0xc3 in for 0xa5
01-24 13:07:07.558 812 812 E ArmVmp : Match on catch block at 0xc3 in for 0xa9
01-24 13:07:07.563 812 812 E ArmVmp : Match on catch block at 0xc3 in for 0xa9
01-24 13:07:07.582 812 812 E ArmVmp : Match on catch block at 0xc3 in for 0xa1
01-24 13:07:07.592 812 812 E ArmVmp : Match on catch block at 0xc3 in for 0xa5
01-24 13:07:07.596 812 812 E ArmVmp : Match on catch block at 0xc3 in for 0xa5
01-24 13:07:07.607 812 812 E ArmVmp : Match on catch block at 0xc3 in for 0xa9
01-24 13:07:07.614 812 812 E ArmVmp : Match on catch block at 0xc3 in for 0xa1
01-24 13:07:07.620 812 812 E ArmVmp : Match on catch block at 0xc3 in for 0xa1
01-24 13:07:07.628 812 812 E ArmVmp : Match on catch block at 0xc3 in for 0xa5
01-24 13:07:07.637 812 812 E ArmVmp : Match on catch block at 0xc3 in for 0xa9
01-24 13:07:07.641 812 812 E ArmVmp : Match on catch block at 0xc3 in for 0xa9
01-24 13:07:07.648 812 812 E ArmVmp : Match on catch block at 0xc3 in for 0xa1
01-24 13:07:07.654 812 812 E ArmVmp : Match on catch block at 0xc3 in for 0xa5
01-24 13:07:07.658 812 812 E ArmVmp : Match on catch block at 0xc3 in for 0xa5
01-24 13:07:07.666 812 812 E ArmVmp : Match on catch block at 0xc3 in for 0xa9
01-24 13:07:07.672 812 812 E ArmVmp : Match on catch block at 0xc3 in for 0xa1
01-24 13:07:07.683 812 812 E ArmVmp : Match on catch block at 0xc3 in for 0xa1
01-24 13:07:07.690 812 812 E ArmVmp : Match on catch block at 0xc3 in for 0xa5
01-24 13:07:07.695 812 812 E ArmVmp : Match on catch block at 0xc3 in for 0xa9
01-24 13:07:07.699 812 812 E ArmVmp : Match on catch block at 0xc3 in for 0xa9
01-24 13:07:07.706 812 812 E ArmVmp : Match on catch block at 0xc3 in for 0xa1
01-24 13:07:07.711 812 812 E ArmVmp : Match on catch block at 0xc3 in for 0xa5
01-24 13:07:07.716 812 812 E ArmVmp : Match on catch block at 0xc3 in for 0xa5
01-24 13:07:07.724 812 812 E ArmVmp : Match on catch block at 0xc3 in for 0xa9
01-24 13:07:07.729 812 812 E ArmVmp : Match on catch block at 0xc3 in for 0xa1
01-24 13:07:07.733 812 812 E ArmVmp : Match on catch block at 0xc3 in for 0xa1
01-24 13:07:07.741 812 812 E ArmVmp : Match on catch block at 0xc3 in for 0xa5
01-24 13:07:07.746 812 812 E ArmVmp : Match on catch block at 0xc3 in for 0xa9
01-24 13:07:07.752 812 812 E ArmVmp : Match on catch block at 0xc3 in for 0xa9
01-24 13:07:07.759 812 812 E ArmVmp : Match on catch block at 0xc3 in for 0xa1
01-24 13:07:07.764 812 812 E ArmVmp : Match on catch block at 0xc3 in for 0xa5
01-24 13:07:07.769 812 812 E ArmVmp : Match on catch block at 0xc3 in for 0xa5
01-24 13:07:07.776 812 812 E ArmVmp : Match on catch block at 0xc3 in for 0xa9
01-24 13:07:07.781 812 812 E ArmVmp : Match on catch block at 0xc3 in for 0xa1
01-24 13:07:07.786 812 812 E ArmVmp : Match on catch block at 0xc3 in for 0xa1
01-24 13:07:07.794 812 812 E ArmVmp : Match on catch block at 0xc3 in for 0xa5
01-24 13:07:07.800 812 812 E ArmVmp : Match on catch block at 0xc3 in for 0xa9
01-24 13:07:07.806 812 812 E ArmVmp : Match on catch block at 0xc3 in for 0xa9
01-24 13:07:07.814 812 812 E ArmVmp : Match on catch block at 0xc3 in for 0xa1
01-24 13:07:07.822 812 812 E ArmVmp : Match on catch block at 0xc3 in for 0xa5
01-24 13:07:07.827 812 812 E ArmVmp : Match on catch block at 0xc3 in for 0xa5
01-24 13:07:07.837 812 812 E ArmVmp : Match on catch block at 0xc3 in for 0xa9
01-24 13:07:07.842 812 812 E ArmVmp : Match on catch block at 0xc3 in for 0xa1
01-24 13:07:07.847 812 812 E ArmVmp : Match on catch block at 0xc3 in for 0xa1
01-24 13:07:07.857 812 812 E ArmVmp : Match on catch block at 0xc3 in for 0xa5
01-24 13:07:07.863 812 812 E ArmVmp : Match on catch block at 0xc3 in for 0xa9
01-24 13:07:07.867 812 812 E ArmVmp : Match on catch block at 0xc3 in for 0xa9
01-24 13:07:07.875 812 812 E ArmVmp : Match on catch block at 0xc3 in for 0xa1
01-24 13:07:07.888 812 812 E ArmVmp : Match on catch block at 0xc3 in for 0xa5
01-24 13:07:07.893 812 812 E ArmVmp : Match on catch block at 0xc3 in for 0xa5
01-24 13:07:07.900 812 812 E ArmVmp : Match on catch block at 0xc3 in for 0xa9
01-24 13:07:07.907 812 812 E ArmVmp : Match on catch block at 0xc3 in for 0xa1
01-24 13:07:07.916 812 812 E ArmVmp : Match on catch block at 0xc3 in for 0xa1
01-24 13:07:07.923 812 812 E ArmVmp : Match on catch block at 0xc3 in for 0xa5
01-24 13:07:07.929 812 812 E ArmVmp : Match on catch block at 0xc3 in for 0xa9
01-24 13:07:07.937 812 812 E ArmVmp : Match on catch block at 0xc3 in for 0xa9
01-24 13:07:07.952 812 812 E ArmVmp : Match on catch block at 0xc3 in for 0xa1
01-24 13:07:07.958 812 812 E ArmVmp : Match on catch block at 0xc3 in for 0xa5
01-24 13:07:08.053 812 812 E ArmVmp : Match on catch block at 0xc3 in for 0xa5
01-24 13:07:08.059 812 812 E ArmVmp : Match on catch block at 0xc3 in for 0xa9
01-24 13:07:08.063 812 812 E ArmVmp : Match on catch block at 0xc3 in for 0xa9
01-24 13:07:08.222 812 812 E ArmVmp : Match on catch block at 0xc3 in for 0xa1
01-24 13:07:08.228 812 812 E ArmVmp : Match on catch block at 0xc3 in for 0xa5
01-24 13:07:08.233 812 812 E ArmVmp : Match on catch block at 0xc3 in for 0xa5
01-24 13:07:08.390 812 812 E ArmVmp : Match on catch block at 0xc3 in for 0xa9
01-24 13:07:08.395 812 812 E ArmVmp : Match on catch block at 0xc3 in for 0xa1
01-24 13:07:08.401 812 812 E ArmVmp : Match on catch block at 0xc3 in for 0xa1
01-24 13:07:08.844 812 812 E ArmVmp : Match on catch block at 0xc3 in for 0xa5
01-24 13:07:08.851 812 812 E ArmVmp : Match on catch block at 0xc3 in for 0xa9
01-24 13:07:08.856 812 812 E ArmVmp : Match on catch block at 0xc3 in for 0xa9
01-24 13:07:09.046 812 812 E ArmVmp : Match on catch block at 0xc3 in for 0xa1
01-24 13:07:09.053 812 812 E ArmVmp : Match on catch block at 0xc3 in for 0xa5
01-24 13:07:09.057 812 812 E ArmVmp : Match on catch block at 0xc3 in for 0xa5
01-24 13:07:09.265 812 812 E ArmVmp : Match on catch block at 0xc3 in for 0xa9
01-24 13:07:09.271 812 812 E ArmVmp : Match on catch block at 0xc3 in for 0xa1
01-24 13:07:09.276 812 812 E ArmVmp : Match on catch block at 0xc3 in for 0xa1
01-24 13:07:09.399 812 812 E ArmVmp : Match on catch block at 0xc3 in for 0xa5
01-24 13:07:09.404 812 812 E ArmVmp : Match on catch block at 0xc3 in for 0xa9
01-24 13:07:09.408 812 812 E ArmVmp : Match on catch block at 0xc3 in for 0xa9
01-24 13:07:09.534 812 812 E ArmVmp : Match on catch block at 0xc3 in for 0xa1
01-24 13:07:09.539 812 812 E ArmVmp : Match on catch block at 0xc3 in for 0xa5
01-24 13:07:09.543 812 812 E ArmVmp : Match on catch block at 0xc3 in for 0xa5
01-24 13:07:09.736 812 812 E ArmVmp : Match on catch block at 0xc3 in for 0xa9
01-24 13:07:09.741 812 812 E ArmVmp : Match on catch block at 0xc3 in for 0xa1
01-24 13:07:09.745 812 812 E ArmVmp : Match on catch block at 0xc3 in for 0xa1
01-24 13:07:09.754 812 812 E ArmVmp : Match on catch block at 0xc3 in for 0xa5
01-24 13:07:09.760 812 812 E ArmVmp : Match on catch block at 0xc3 in for 0xa9
01-24 13:07:09.764 812 812 E ArmVmp : Match on catch block at 0xc3 in for 0xa9
01-24 13:07:09.773 812 812 E ArmVmp : Match on catch block at 0xc3 in for 0xa1
01-24 13:07:09.777 812 812 E ArmVmp : Match on catch block at 0xc3 in for 0xa5
01-24 13:07:09.781 812 812 E ArmVmp : Match on catch block at 0xc3 in for 0xa5
01-24 13:07:09.790 812 812 E ArmVmp : Match on catch block at 0xc3 in for 0xa9
01-24 13:07:09.795 812 812 E ArmVmp : Match on catch block at 0xc3 in for 0xa1
01-24 13:07:09.800 812 812 E ArmVmp : Match on catch block at 0xc3 in for 0xa1
01-24 13:07:09.809 812 812 E ArmVmp : Match on catch block at 0xc3 in for 0xa5
01-24 13:07:09.816 812 812 E ArmVmp : Match on catch block at 0xc3 in for 0xa9
01-24 13:07:09.819 812 812 E ArmVmp : Match on catch block at 0xc3 in for 0xa9
01-24 13:07:09.827 812 812 E ArmVmp : Match on catch block at 0xc3 in for 0xa1
01-24 13:07:09.832 812 812 E ArmVmp : Match on catch block at 0xc3 in for 0xa5
01-24 13:07:09.837 812 812 E ArmVmp : Match on catch block at 0xc3 in for 0xa5
01-24 13:07:09.845 812 812 E ArmVmp : Match on catch block at 0xc3 in for 0xa9
01-24 13:07:09.850 812 812 E ArmVmp : Match on catch block at 0xc3 in for 0xa1
01-24 13:07:09.855 812 812 E ArmVmp : Match on catch block at 0xc3 in for 0xa1
01-24 13:07:09.863 812 812 E ArmVmp : Match on catch block at 0xc3 in for 0xa5
01-24 13:07:09.869 812 812 E ArmVmp : Match on catch block at 0xc3 in for 0xa9
01-24 13:07:09.873 812 812 E ArmVmp : Match on catch block at 0xc3 in for 0xa9
01-24 13:07:09.881 812 812 E ArmVmp : Match on catch block at 0xc3 in for 0xa1
01-24 13:07:09.887 812 812 E ArmVmp : Match on catch block at 0xc3 in for 0xa5
01-24 13:07:09.891 812 812 E ArmVmp : Match on catch block at 0xc3 in for 0xa5
01-24 13:07:09.898 812 812 E ArmVmp : Match on catch block at 0xc3 in for 0xa9
01-24 13:07:09.904 812 812 E ArmVmp : Match on catch block at 0xc3 in for 0xa1
01-24 13:07:09.908 812 812 E ArmVmp : Match on catch block at 0xc3 in for 0xa1
01-24 13:07:09.916 812 812 E ArmVmp : Match on catch block at 0xc3 in for 0xa5
01-24 13:07:09.921 812 812 E ArmVmp : Match on catch block at 0xc3 in for 0xa9
01-24 13:07:09.925 812 812 E ArmVmp : Match on catch block at 0xc3 in for 0xa9
01-24 13:07:09.933 812 812 E ArmVmp : Match on catch block at 0xc3 in for 0xa1
01-24 13:07:09.939 812 812 E ArmVmp : Match on catch block at 0xc3 in for 0xa5
01-24 13:07:09.943 812 812 E ArmVmp : Match on catch block at 0xc3 in for 0xa5
01-24 13:07:09.951 812 812 E ArmVmp : Match on catch block at 0xc3 in for 0xa9
01-24 13:07:09.958 812 812 E ArmVmp : Match on catch block at 0xc3 in for 0xa1
01-24 13:07:09.962 812 812 E ArmVmp : Match on catch block at 0xc3 in for 0xa1
01-24 13:07:09.969 812 812 E ArmVmp : Match on catch block at 0xc3 in for 0xa5
01-24 13:07:09.975 812 812 E ArmVmp : Match on catch block at 0xc3 in for 0xa9
01-24 13:07:09.979 812 812 E ArmVmp : Match on catch block at 0xc3 in for 0xa9
01-24 13:07:09.985 812 812 E ArmVmp : Match on catch block at 0xc3 in for 0xa1
01-24 13:07:09.991 812 812 E ArmVmp : Match on catch block at 0xc3 in for 0xa5
01-24 13:07:09.994 812 812 E ArmVmp : Match on catch block at 0xc3 in for 0xa5
01-24 13:07:10.001 812 812 E ArmVmp : Match on catch block at 0xc3 in for 0xa9
01-24 13:07:10.006 812 812 E ArmVmp : Match on catch block at 0xc3 in for 0xa1
01-24 13:07:10.010 812 812 E ArmVmp : Match on catch block at 0xc3 in for 0xa1
01-24 13:07:10.017 812 812 E ArmVmp : Match on catch block at 0xc3 in for 0xa5
01-24 13:07:10.022 812 812 E ArmVmp : Match on catch block at 0xc3 in for 0xa9
01-24 13:07:10.025 812 812 E ArmVmp : Match on catch block at 0xc3 in for 0xa9
01-24 13:07:10.032 812 812 E ArmVmp : Match on catch block at 0xc3 in for 0xa1
01-24 13:07:10.037 812 812 E ArmVmp : Match on catch block at 0xc3 in for 0xa5
01-24 13:07:10.041 812 812 E ArmVmp : Match on catch block at 0xc3 in for 0xa5
01-24 13:07:10.048 812 812 E ArmVmp : Match on catch block at 0xc3 in for 0xa9
01-24 13:07:10.053 812 812 E ArmVmp : Match on catch block at 0xc3 in for 0xa1
01-24 13:07:10.057 812 812 E ArmVmp : Match on catch block at 0xc3 in for 0xa1
01-24 13:07:10.065 812 812 E ArmVmp : Match on catch block at 0xc3 in for 0xa5
01-24 13:07:10.070 812 812 E ArmVmp : Match on catch block at 0xc3 in for 0xa9
01-24 13:07:10.074 812 812 E ArmVmp : Match on catch block at 0xc3 in for 0xa9
01-24 13:07:10.081 812 812 E ArmVmp : Match on catch block at 0xc3 in for 0xa1
01-24 13:07:10.086 812 812 E ArmVmp : Match on catch block at 0xc3 in for 0xa5
01-24 13:07:10.090 812 812 E ArmVmp : Match on catch block at 0xc3 in for 0xa5
01-24 13:07:10.097 812 812 E ArmVmp : Match on catch block at 0xc3 in for 0xa9
01-24 13:07:10.102 812 812 E ArmVmp : Match on catch block at 0xc3 in for 0xa1
01-24 13:07:10.116 812 812 E ArmVmp : Match on catch block at 0xc3 in for 0xa1
01-24 13:07:10.121 812 812 E ArmVmp : Match on catch block at 0xc3 in for 0xa5
01-24 13:07:10.125 812 812 E ArmVmp : Match on catch block at 0xc3 in for 0xa5
