java.net.InetAddress.getAllByName(InetAddress.java:1154)
01-24 09:52:56.141 31969 32068 W System.err:
01-24 09:52:56.141 31969 32068 W System.err: at
com.android.okhttp.Dns$1.lookup(Dns.java:39)
01-24 09:52:56.141 31969 32068 W System.err:
01-24 09:52:56.142 31969 32068 W System.err: at
com.android.okhttp.internal.http.RouteSelector.resetNextInetSocketAddress(RouteSele
ctor.java:175)
01-24 09:52:56.142 31969 32068 W System.err:
01-24 09:52:56.142 31969 32068 W System.err: at
com.android.okhttp.internal.http.RouteSelector.nextProxy(RouteSelector.java:141)
01-24 09:52:56.142 31969 32068 W System.err:
01-24 09:52:56.142 31969 32068 W System.err: at
com.android.okhttp.internal.http.RouteSelector.next(RouteSelector.java:83)
01-24 09:52:56.142 31969 32068 W System.err:
01-24 09:52:56.143 31969 32068 W System.err: at
com.android.okhttp.internal.http.StreamAllocation.findConnection(StreamAllocation.j
ava:174)
01-24 09:52:56.143 31969 32068 W System.err:
01-24 09:52:56.143 31969 32068 W System.err: at
com.android.okhttp.internal.http.StreamAllocation.findHealthyConnection(StreamAlloc
ation.java:126)
01-24 09:52:56.143 31969 32068 W System.err:
01-24 09:52:56.143 31969 32068 W System.err: at
com.android.okhttp.internal.http.StreamAllocation.newStream(StreamAllocation.java:9
5)
01-24 09:52:56.144 31969 32068 W System.err:
01-24 09:52:56.144 31969 32068 W System.err: at
com.android.okhttp.internal.http.HttpEngine.connect(HttpEngine.java:281)
01-24 09:52:56.144 31969 32068 W System.err:
01-24 09:52:56.144 31969 32068 W System.err: at
com.android.okhttp.internal.http.HttpEngine.sendRequest(HttpEngine.java:224)
01-24 09:52:56.144 31969 32068 W System.err:
01-24 09:52:56.144 31969 32068 W System.err: at
com.android.okhttp.internal.huc.HttpURLConnectionImpl.execute(HttpURLConnectionImpl
.java:461)
01-24 09:52:56.145 31969 32068 W System.err:
01-24 09:52:56.145 31969 32068 W System.err: at
com.android.okhttp.internal.huc.HttpURLConnectionImpl.getResponse(HttpURLConnection
Impl.java:407)
01-24 09:52:56.145 31969 32068 W System.err:
01-24 09:52:56.145 31969 32068 W System.err: at
com.android.okhttp.internal.huc.HttpURLConnectionImpl.getInputStream(HttpURLConnect
ionImpl.java:244)
01-24 09:52:56.145 31969 32068 W System.err:
01-24 09:52:56.145 31969 32068 W System.err: at
com.android.okhttp.internal.huc.DelegatingHttpsURLConnection.getInputStream(Delegat
ingHttpsURLConnection.java:210)
01-24 09:52:56.145 31969 32068 W System.err:
01-24 09:52:56.146 31969 32068 W System.err: at
com.android.okhttp.internal.huc.HttpsURLConnectionImpl.getInputStream(HttpsURLConne
ctionImpl.java:26)
01-24 09:52:56.146 31969 32068 W System.err:
01-24 09:52:56.146 31969 32068 W System.err: at
java.net.URL.openStream(URL.java:1072)
01-24 09:52:56.146 31969 32068 W System.err:
01-24 09:52:56.146 31969 32068 W System.err: at
mbmodsd.mbmodsw.mbdialog.MBDialogMan.loadJsonFromUrl(Native Method)
01-24 09:52:56.146 31969 32068 W System.err:
01-24 09:52:56.146 31969 32068 W System.err: at
mbmodsd.mbmodsw.mbdialog.MBDialogMan.access$000(Native Method)
01-24 09:52:56.147 31969 32068 W System.err:
01-24 09:52:56.147 31969 32068 W System.err: at
mbmodsd.mbmodsw.mbdialog.MBDialogMan$FetchJsonTask.doInBackground(Native Method)
01-24 09:52:56.147 31969 32068 W System.err:
01-24 09:52:56.148 31969 32068 W System.err: at
mbmodsd.mbmodsw.mbdialog.MBDialogMan$FetchJsonTask.doInBackground(Native Method)
01-24 09:52:56.148 31969 32068 W System.err:
01-24 09:52:56.148 31969 32068 W System.err: at
android.os.AsyncTask$2.call(AsyncTask.java:333)
01-24 09:52:56.148 31969 32068 W System.err:
01-24 09:52:56.148 31969 32068 W System.err: at
java.util.concurrent.FutureTask.run(FutureTask.java:266)
01-24 09:52:56.148 31969 32068 W System.err:
01-24 09:52:56.148 31969 32068 W System.err: at
android.os.AsyncTask$SerialExecutor$1.run(AsyncTask.java:245)
01-24 09:52:56.149 31969 32068 W System.err:
01-24 09:52:56.149 31969 32068 W System.err: at
java.util.concurrent.ThreadPoolExecutor.runWorker(ThreadPoolExecutor.java:1167)
01-24 09:52:56.149 31969 32068 W System.err:
01-24 09:52:56.149 31969 32068 W System.err: at
java.util.concurrent.ThreadPoolExecutor$Worker.run(ThreadPoolExecutor.java:641)
01-24 09:52:56.149 31969 32068 W System.err:
01-24 09:52:56.149 31969 32068 W System.err: at
java.lang.Thread.run(Thread.java:764)
01-24 09:52:56.150 31969 32068 W System.err:
01-24 09:52:56.150 31969 32068 W System.err: Caused by:
android.system.GaiException: android_getaddrinfo failed: EAI_NODATA (No address
associated with hostname)
01-24 09:52:56.150 31969 32068 W System.err:
01-24 09:52:56.150 31969 32068 W System.err: at
libcore.io.Linux.android_getaddrinfo(Native Method)
01-24 09:52:56.150 31969 32068 W System.err:
01-24 09:52:56.151 31969 32068 W System.err: at
libcore.io.BlockGuardOs.android_getaddrinfo(BlockGuardOs.java:172)
01-24 09:52:56.151 31969 32068 W System.err:
01-24 09:52:56.151 31969 32068 W System.err: at
java.net.Inet6AddressImpl.lookupHostByName(Inet6AddressImpl.java:137)
01-24 09:52:56.151 31969 32068 W System.err:
01-24 09:52:56.151 31969 32068 W System.err: ... 27 more
01-24 09:52:56.151 31969 32068 W System.err:
01-24 09:52:56.294 31969 31969 W CheckTime: App running slow: Executing activity
onCreate took 927ms
01-24 09:52:56.328 31969 31969 E libc : Access denied finding property
"ro.vendor.hwui.renderer"
01-24 09:52:56.324 31969 31969 W com.mbwhatsapp: type=1400 audit(0.0:186093): avc:
denied { read } for name="u:object_r:vendor_hwui_prop:s0" dev="tmpfs" ino=14181
scontext=u:r:untrusted_app:s0:c140,c257,c512,c768
tcontext=u:object_r:vendor_hwui_prop:s0 tclass=file permissive=0
01-24 09:52:56.328 31969 31969 W com.mbwhatsapp: type=1400 audit(0.0:186094): avc:
denied { read } for name="u:object_r:vendor_hwui_prop:s0" dev="tmpfs" ino=14181
scontext=u:r:untrusted_app:s0:c140,c257,c512,c768
tcontext=u:object_r:vendor_hwui_prop:s0 tclass=file permissive=0
01-24 09:52:56.335 31969 31969 E libc : Access denied finding property
"ro.vendor.hwui.texture_cache_size"
01-24 09:52:56.874 31969 31969 W StaticLayout: maxLineHeight should not be -1.
maxLines:1 lineCount:1
01-24 09:52:56.919 31969 31969 W StaticLayout: maxLineHeight should not be -1.
maxLines:1 lineCount:1
01-24 09:52:56.971 31969 31969 E ArmVmp : Match on catch block at 0xb0 in for 0xf9
01-24 09:52:57.184 31969 31969 E ArmVmp : Match on catch block at 0xb0 in for 0xf5
01-24 09:52:57.540 31969 31969 E ArmVmp : Match on catch block at 0xb0 in for 0xf5
01-24 09:52:57.610 31969 31969 W StaticLayout: maxLineHeight should not be -1.
maxLines:1 lineCount:1
01-24 09:52:57.640 31969 31969 E ArmVmp : Match on catch block at 0xb0 in for 0xf5
01-24 09:52:57.724 31969 31969 E ArmVmp : Match on catch block at 0xb0 in for 0xf5
01-24 09:52:57.818 31969 31969 E ArmVmp : Match on catch block at 0x0a in for 0xd1
01-24 09:52:58.204 31969 32129 W LOTTIE : Animation contains merge paths. Merge
paths are only supported on KitKat+ and must be manually enabled by calling
enableMergePathsForKitKatAndAbove().
01-24 09:52:58.219 31969 31969 W StaticLayout: maxLineHeight should not be -1.
maxLines:1 lineCount:1
01-24 09:52:58.224 31969 31969 W StaticLayout: maxLineHeight should not be -1.
maxLines:1 lineCount:1
01-24 09:52:58.239 31969 31969 E ArmVmp : Match on catch block at 0xb0 in for
0x121
01-24 09:52:58.261 31969 31969 E ArmVmp : Match on catch block at 0xb0 in for
0x121
01-24 09:52:58.347 31969 31969 W StaticLayout: maxLineHeight should not be -1.
maxLines:1 lineCount:1
01-24 09:52:58.834 31969 31969 W LOTTIE : Animation contains merge paths but they
are disabled.
01-24 09:52:58.846 31969 31969 W ActivityThread: handleWindowVisibility: no
activity for token android.os.BinderProxy@21e3c5b
01-24 09:53:10.008 31969 31969 W ActivityThread: handleWindowVisibility: no
activity for token android.os.BinderProxy@e0aab67
01-24 09:53:10.232 31969 31969 W com.mbwhatsapp: Verification of void
X.5pH.A1Z(android.os.Bundle) took 119.750ms
01-24 09:53:10.416 31969 32143 E linker : library "" ("/system/lib64/vndk-sp-28")
needed or dlopened by "/system/lib64/vndk-sp-28/libRS_internal.so" is not
accessible for the namespace: [name="rs", ld_library_paths="",
default_library_paths="/system/lib64/vndk-sp-28:/vendor/lib64",
permitted_paths="/odm/lib64:/vendor/lib64:/data"]
01-24 09:53:10.416 31969 32143 E RenderScript: Failed loading RS driver: dlopen
failed: library "" needed or dlopened by
"/system/lib64/vndk-sp-28/libRS_internal.so" is not accessible for the namespace
"rs"
01-24 09:53:10.416 31969 32143 E RenderScript: Failed to load runtime , loading
default
01-24 09:53:10.728 31969 31969 E ArmVmp : Match on catch block at 0xb0 in for 0xe9
01-24 09:53:10.736 31969 31969 E ArmVmp : Match on catch block at 0xb0 in for 0xe1
01-24 09:53:10.822 31969 31969 E ArmVmp : Match on catch block at 0x0a in for 0xc1
01-24 09:53:10.834 31969 31969 E ArmVmp : Match on catch block at 0x0a in for 0xc5
01-24 09:53:10.844 31969 32155 E ArmVmp : Match on catch block at 0x48 in for 0x81
01-24 09:53:10.845 31969 32155 W System.err: java.net.UnknownHostException: Unable
to resolve host "translate.googleapis.com": No address associated with hostname
01-24 09:53:10.845 31969 32155 W System.err:
01-24 09:53:10.846 31969 32155 W System.err: at
java.net.Inet6AddressImpl.lookupHostByName(Inet6AddressImpl.java:157)
01-24 09:53:10.847 31969 32155 W System.err:
01-24 09:53:10.847 31969 32155 W System.err: at
java.net.Inet6AddressImpl.lookupAllHostAddr(Inet6AddressImpl.java:105)
01-24 09:53:10.847 31969 32155 W System.err:
01-24 09:53:10.848 31969 32155 W System.err: at
java.net.InetAddress.getAllByName(InetAddress.java:1154)
01-24 09:53:10.848 31969 32155 W System.err:
01-24 09:53:10.848 31969 32155 W System.err: at
com.android.okhttp.Dns$1.lookup(Dns.java:39)
01-24 09:53:10.848 31969 32155 W System.err:
01-24 09:53:10.849 31969 32155 W System.err: at
com.android.okhttp.internal.http.RouteSelector.resetNextInetSocketAddress(RouteSele
ctor.java:175)
01-24 09:53:10.849 31969 32155 W System.err:
01-24 09:53:10.849 31969 32155 W System.err: at
com.android.okhttp.internal.http.RouteSelector.nextProxy(RouteSelector.java:141)
01-24 09:53:10.849 31969 32155 W System.err:
01-24 09:53:10.850 31969 32155 W System.err: at
com.android.okhttp.internal.http.RouteSelector.next(RouteSelector.java:83)
01-24 09:53:10.850 31969 32155 W System.err:
01-24 09:53:10.850 31969 32155 W System.err: at
com.android.okhttp.internal.http.StreamAllocation.findConnection(StreamAllocation.j
ava:174)
01-24 09:53:10.850 31969 32155 W System.err:
01-24 09:53:10.851 31969 32155 W System.err: at
com.android.okhttp.internal.http.StreamAllocation.findHealthyConnection(StreamAlloc
ation.java:126)
01-24 09:53:10.851 31969 32155 W System.err:
01-24 09:53:10.851 31969 32155 W System.err: at
com.android.okhttp.internal.http.StreamAllocation.newStream(StreamAllocation.java:9
5)
01-24 09:53:10.852 31969 32155 W System.err:
01-24 09:53:10.852 31969 32155 W System.err: at
com.android.okhttp.internal.http.HttpEngine.connect(HttpEngine.java:281)
01-24 09:53:10.852 31969 32155 W System.err:
01-24 09:53:10.853 31969 32155 W System.err: at
com.android.okhttp.internal.http.HttpEngine.sendRequest(HttpEngine.java:224)
01-24 09:53:10.853 31969 32155 W System.err:
01-24 09:53:10.853 31969 32155 W System.err: at
com.android.okhttp.internal.huc.HttpURLConnectionImpl.execute(HttpURLConnectionImpl
.java:461)
01-24 09:53:10.853 31969 32155 W System.err:
01-24 09:53:10.854 31969 32155 W System.err: at
com.android.okhttp.internal.huc.HttpURLConnectionImpl.connect(HttpURLConnectionImpl
.java:127)
01-24 09:53:10.854 31969 32155 W System.err:
01-24 09:53:10.854 31969 32155 W System.err: at
com.android.okhttp.internal.huc.DelegatingHttpsURLConnection.connect(DelegatingHttp
sURLConnection.java:89)
01-24 09:53:10.855 31969 32155 W System.err:
01-24 09:53:10.855 31969 32155 W System.err: at
com.android.okhttp.internal.huc.HttpsURLConnectionImpl.connect(HttpsURLConnectionIm
pl.java:26)
01-24 09:53:10.856 31969 32155 W System.err:
01-24 09:53:10.856 31969 32155 W System.err: at
mbmodsd.mbmodsw.home.MBTranslator.translate(Native Method)
01-24 09:53:10.856 31969 32155 W System.err:
01-24 09:53:10.856 31969 32155 W System.err: at
mbmodsd.mbmodsw.home.MBTranslator$Async.doInBackground(Native Method)
01-24 09:53:10.857 31969 32155 W System.err:
01-24 09:53:10.857 31969 32155 W System.err: at
mbmodsd.mbmodsw.home.MBTranslator$Async.doInBackground(Native Method)
01-24 09:53:10.857 31969 32155 W System.err:
01-24 09:53:10.857 31969 32155 W System.err: at
android.os.AsyncTask$2.call(AsyncTask.java:333)
01-24 09:53:10.857 31969 32155 W System.err:
01-24 09:53:10.858 31969 32155 W System.err: at
java.util.concurrent.FutureTask.run(FutureTask.java:266)
01-24 09:53:10.858 31969 32155 W System.err:
01-24 09:53:10.858 31969 32155 W System.err: at
android.os.AsyncTask$SerialExecutor$1.run(AsyncTask.java:245)
01-24 09:53:10.858 31969 32155 W System.err:
01-24 09:53:10.859 31969 32155 W System.err: at
java.util.concurrent.ThreadPoolExecutor.runWorker(ThreadPoolExecutor.java:1167)
01-24 09:53:10.859 31969 32155 W System.err:
01-24 09:53:10.859 31969 32155 W System.err: at
java.util.concurrent.ThreadPoolExecutor$Worker.run(ThreadPoolExecutor.java:641)
01-24 09:53:10.859 31969 32155 W System.err:
01-24 09:53:10.860 31969 32155 W System.err: at
java.lang.Thread.run(Thread.java:764)
01-24 09:53:10.860 31969 32155 W System.err:
01-24 09:53:10.860 31969 32155 W System.err: Caused by:
android.system.GaiException: android_getaddrinfo failed: EAI_NODATA (No address
associated with hostname)
01-24 09:53:10.860 31969 32155 W System.err:
01-24 09:53:10.861 31969 32155 W System.err: at
libcore.io.Linux.android_getaddrinfo(Native Method)
01-24 09:53:10.861 31969 32155 W System.err:
01-24 09:53:10.861 31969 32155 W System.err: at
libcore.io.BlockGuardOs.android_getaddrinfo(BlockGuardOs.java:172)
01-24 09:53:10.861 31969 32155 W System.err:
01-24 09:53:10.861 31969 32155 W System.err: at
java.net.Inet6AddressImpl.lookupHostByName(Inet6AddressImpl.java:137)
01-24 09:53:10.862 31969 32155 W System.err:
01-24 09:53:10.862 31969 32155 W System.err: ... 24 more
01-24 09:53:10.862 31969 32155 W System.err:
01-24 09:53:10.864 31969 32155 E ArmVmp : Match on catch block at 0x48 in for 0x91
01-24 09:53:10.865 31969 32155 W System.err: java.net.UnknownHostException: Unable
to resolve host "translate.googleapis.com": No address associated with hostname
01-24 09:53:10.865 31969 32155 W System.err:
01-24 09:53:10.865 31969 32155 W System.err: at
java.net.Inet6AddressImpl.lookupHostByName(Inet6AddressImpl.java:126)
01-24 09:53:10.866 31969 32155 W System.err:
01-24 09:53:10.866 31969 32155 W System.err: at
java.net.Inet6AddressImpl.lookupAllHostAddr(Inet6AddressImpl.java:105)
01-24 09:53:10.866 31969 32155 W System.err:
01-24 09:53:10.866 31969 32155 W System.err: at
java.net.InetAddress.getAllByName(InetAddress.java:1154)
01-24 09:53:10.866 31969 32155 W System.err:
01-24 09:53:10.867 31969 32155 W System.err: at
com.android.okhttp.Dns$1.lookup(Dns.java:39)
01-24 09:53:10.867 31969 32155 W System.err:
01-24 09:53:10.868 31969 32155 W System.err: at
com.android.okhttp.internal.http.RouteSelector.resetNextInetSocketAddress(RouteSele
ctor.java:175)
01-24 09:53:10.868 31969 32155 W System.err:
01-24 09:53:10.868 31969 32155 W System.err: at
com.android.okhttp.internal.http.RouteSelector.nextProxy(RouteSelector.java:141)
01-24 09:53:10.868 31969 32155 W System.err:
01-24 09:53:10.868 31969 32155 W System.err: at
com.android.okhttp.internal.http.RouteSelector.next(RouteSelector.java:83)
01-24 09:53:10.868 31969 32155 W System.err:
01-24 09:53:10.868 31969 32155 W System.err: at
com.android.okhttp.internal.http.StreamAllocation.findConnection(StreamAllocation.j
ava:174)
01-24 09:53:10.868 31969 32155 W System.err:
01-24 09:53:10.869 31969 32155 W System.err: at
com.android.okhttp.internal.http.StreamAllocation.findHealthyConnection(StreamAlloc
ation.java:126)
01-24 09:53:10.869 31969 32155 W System.err:
01-24 09:53:10.869 31969 32155 W System.err: at
com.android.okhttp.internal.http.StreamAllocation.newStream(StreamAllocation.java:9
5)
01-24 09:53:10.869 31969 32155 W System.err:
01-24 09:53:10.870 31969 32155 W System.err: at
com.android.okhttp.internal.http.HttpEngine.connect(HttpEngine.java:281)
01-24 09:53:10.870 31969 32155 W System.err:
01-24 09:53:10.870 31969 32155 W System.err: at
com.android.okhttp.internal.http.HttpEngine.sendRequest(HttpEngine.java:224)
01-24 09:53:10.870 31969 32155 W System.err:
01-24 09:53:10.870 31969 32155 W System.err: at
com.android.okhttp.internal.huc.HttpURLConnectionImpl.execute(HttpURLConnectionImpl
.java:461)
01-24 09:53:10.870 31969 32155 W System.err:
01-24 09:53:10.871 31969 32155 W System.err: at
com.android.okhttp.internal.huc.HttpURLConnectionImpl.connect(HttpURLConnectionImpl
.java:127)
01-24 09:53:10.871 31969 32155 W System.err:
01-24 09:53:10.871 31969 32155 W System.err: at
com.android.okhttp.internal.huc.DelegatingHttpsURLConnection.connect(DelegatingHttp
sURLConnection.java:89)
01-24 09:53:10.871 31969 32155 W System.err:
01-24 09:53:10.871 31969 32155 W System.err: at
com.android.okhttp.internal.huc.HttpsURLConnectionImpl.connect(HttpsURLConnectionIm
pl.java:26)
01-24 09:53:10.872 31969 32155 W System.err:
01-24 09:53:10.872 31969 32155 W System.err: at
mbmodsd.mbmodsw.home.MBTranslator.translate(Native Method)
01-24 09:53:10.872 31969 32155 W System.err:
01-24 09:53:10.872 31969 32155 W System.err: at
mbmodsd.mbmodsw.home.MBTranslator$Async.doInBackground(Native Method)
01-24 09:53:10.872 31969 32155 W System.err:
01-24 09:53:10.872 31969 32155 W System.err: at
mbmodsd.mbmodsw.home.MBTranslator$Async.doInBackground(Native Method)
01-24 09:53:10.872 31969 32155 W System.err:
01-24 09:53:10.872 31969 32155 W System.err: at
android.os.AsyncTask$2.call(AsyncTask.java:333)
01-24 09:53:10.872 31969 32155 W System.err:
01-24 09:53:10.873 31969 32155 W System.err: at
java.util.concurrent.FutureTask.run(FutureTask.java:266)
01-24 09:53:10.873 31969 32155 W System.err:
01-24 09:53:10.873 31969 32155 W System.err: at
android.os.AsyncTask$SerialExecutor$1.run(AsyncTask.java:245)
01-24 09:53:10.873 31969 32155 W System.err:
01-24 09:53:10.873 31969 32155 W System.err: at
java.util.concurrent.ThreadPoolExecutor.runWorker(ThreadPoolExecutor.java:1167)
01-24 09:53:10.873 31969 32155 W System.err:
01-24 09:53:10.874 31969 32155 W System.err: at
java.util.concurrent.ThreadPoolExecutor$Worker.run(ThreadPoolExecutor.java:641)
01-24 09:53:10.874 31969 32155 W System.err:
01-24 09:53:10.874 31969 32155 W System.err: at
java.lang.Thread.run(Thread.java:764)
01-24 09:53:10.874 31969 32155 W System.err:
01-24 09:53:10.916 31969 31969 W RenderThread: type=1400 audit(0.0:186097): avc:
denied { read } for name="u:object_r:vendor_hwui_prop:s0" dev="tmpfs" ino=14181
scontext=u:r:untrusted_app:s0:c140,c257,c512,c768
tcontext=u:object_r:vendor_hwui_prop:s0 tclass=file permissive=0
01-24 09:53:10.921 31969 32072 E libc : Access denied finding property
"ro.vendor.hwui.texture_cache_size"
01-24 09:53:11.636 31969 31969 E ArmVmp : Match on catch block at 0xc3 in for 0xb1
01-24 09:53:11.647 31969 31969 E ArmVmp : Match on catch block at 0xc3 in for 0xb9
01-24 09:53:11.660 31969 31969 W RenderThread: type=1400 audit(0.0:186100): avc:
denied { read } for name="u:object_r:vendor_hwui_prop:s0" dev="tmpfs" ino=14181
scontext=u:r:untrusted_app:s0:c140,c257,c512,c768
tcontext=u:object_r:vendor_hwui_prop:s0 tclass=file permissive=0
01-24 09:53:11.667 31969 32072 E libc : Access denied finding property
"ro.vendor.hwui.texture_cache_size"
01-24 09:53:11.740 31969 31969 E ArmVmp : Match on catch block at 0xc3 in for 0xa9
01-24 09:53:11.747 31969 31969 E ArmVmp : Match on catch block at 0xc3 in for 0xa5
01-24 09:53:11.885 31969 31969 E ArmVmp : Match on catch block at 0xc3 in for 0xa9
01-24 09:53:11.892 31969 31969 E ArmVmp : Match on catch block at 0xc3 in for 0xa1
01-24 09:53:11.955 31969 31969 E ArmVmp : Match on catch block at 0xc3 in for 0xa9
01-24 09:53:11.962 31969 31969 E ArmVmp : Match on catch block at 0xc3 in for 0xa1
01-24 09:53:11.995 31969 31969 E ArmVmp : Match on catch block at 0xc3 in for 0xa1
01-24 09:53:12.001 31969 31969 E ArmVmp : Match on catch block at 0xc3 in for 0xa5
01-24 09:53:12.042 31969 31969 E ArmVmp : Match on catch block at 0xc3 in for 0xa5
01-24 09:53:12.049 31969 31969 E ArmVmp : Match on catch block at 0xc3 in for 0xa9
01-24 09:53:12.061 31969 31969 E ArmVmp : Match on catch block at 0xc3 in for 0xa9
01-24 09:53:12.068 31969 31969 E ArmVmp : Match on catch block at 0xc3 in for 0xa1
01-24 09:53:12.077 31969 31969 E ArmVmp : Match on catch block at 0xc3 in for 0xa1
01-24 09:53:12.085 31969 31969 E ArmVmp : Match on catch block at 0xc3 in for 0xa5
01-24 09:53:12.094 31969 31969 E ArmVmp : Match on catch block at 0xc3 in for 0xa5
01-24 09:53:12.100 31969 31969 E ArmVmp : Match on catch block at 0xc3 in for 0xa9
01-24 09:53:12.111 31969 31969 E ArmVmp : Match on catch block at 0xc3 in for 0xa9
01-24 09:53:12.117 31969 31969 E ArmVmp : Match on catch block at 0xc3 in for 0xa1
01-24 09:53:12.128 31969 31969 E ArmVmp : Match on catch block at 0xc3 in for 0xa1
01-24 09:53:12.134 31969 31969 E ArmVmp : Match on catch block at 0xc3 in for 0xa5
01-24 09:53:12.144 31969 31969 E ArmVmp : Match on catch block at 0xc3 in for 0xa5
01-24 09:53:12.150 31969 31969 E ArmVmp : Match on catch block at 0xc3 in for 0xa9
01-24 09:53:12.161 31969 31969 E ArmVmp : Match on catch block at 0xc3 in for 0xa9
01-24 09:53:12.167 31969 31969 E ArmVmp : Match on catch block at 0xc3 in for 0xa1
01-24 09:53:12.178 31969 31969 E ArmVmp : Match on catch block at 0xc3 in for 0xa1
01-24 09:53:12.184 31969 31969 E ArmVmp : Match on catch block at 0xc3 in for 0xa5
01-24 09:53:12.195 31969 31969 E ArmVmp : Match on catch block at 0xc3 in for 0xa5
01-24 09:53:12.202 31969 31969 E ArmVmp : Match on catch block at 0xc3 in for 0xa9
01-24 09:53:12.212 31969 31969 E ArmVmp : Match on catch block at 0xc3 in for 0xa9
01-24 09:53:12.219 31969 31969 E ArmVmp : Match on catch block at 0xc3 in for 0xa1
01-24 09:53:12.229 31969 31969 E ArmVmp : Match on catch block at 0xc3 in for 0xa1
01-24 09:53:12.236 31969 31969 E ArmVmp : Match on catch block at 0xc3 in for 0xa5
01-24 09:53:12.246 31969 31969 E ArmVmp : Match on catch block at 0xc3 in for 0xa5
01-24 09:53:12.253 31969 31969 E ArmVmp : Match on catch block at 0xc3 in for 0xa9
01-24 09:53:12.363 31969 31969 E ArmVmp : Match on catch block at 0xc3 in for 0xa9
01-24 09:53:12.370 31969 31969 E ArmVmp : Match on catch block at 0xc3 in for 0xa1
01-24 09:53:12.850 31969 31969 E ArmVmp : Match on catch block at 0xc3 in for 0xa1
01-24 09:53:12.857 31969 31969 E ArmVmp : Match on catch block at 0xc3 in for 0xa5
01-24 09:53:13.029 31969 31969 E ArmVmp : Match on catch block at 0xc3 in for 0xa9
01-24 09:53:13.036 31969 31969 E ArmVmp : Match on catch block at 0xc3 in for 0xa1
01-24 09:53:13.479 31969 31969 E ArmVmp : Match on catch block at 0xc3 in for 0xa9
01-24 09:53:13.487 31969 31969 E ArmVmp : Match on catch block at 0xc3 in for 0xa1
01-24 09:53:13.497 31969 31969 E ArmVmp : Match on catch block at 0xc3 in for 0xa9
01-24 09:53:13.505 31969 31969 E ArmVmp : Match on catch block at 0xc3 in for 0xa1
01-24 09:53:13.514 31969 31969 E ArmVmp : Match on catch block at 0xc3 in for 0xa9
01-24 09:53:13.521 31969 31969 E ArmVmp : Match on catch block at 0xc3 in for 0xa1
01-24 09:53:13.531 31969 31969 E ArmVmp : Match on catch block at 0xc3 in for 0xa9
01-24 09:53:13.538 31969 31969 E ArmVmp : Match on catch block at 0xc3 in for 0xa1
01-24 09:53:13.548 31969 31969 E ArmVmp : Match on catch block at 0xc3 in for 0xa9
01-24 09:53:13.554 31969 31969 E ArmVmp : Match on catch block at 0xc3 in for 0xa1
01-24 09:53:13.566 31969 31969 E ArmVmp : Match on catch block at 0xc3 in for 0xa9
01-24 09:53:13.573 31969 31969 E ArmVmp : Match on catch block at 0xc3 in for 0xa1
01-24 09:53:13.583 31969 31969 E ArmVmp : Match on catch block at 0xc3 in for 0xa9
01-24 09:53:13.590 31969 31969 E ArmVmp : Match on catch block at 0xc3 in for 0xa1
01-24 09:53:13.599 31969 31969 E ArmVmp : Match on catch block at 0xc3 in for 0xa9
01-24 09:53:13.605 31969 31969 E ArmVmp : Match on catch block at 0xc3 in for 0xa1
01-24 09:53:13.615 31969 31969 E ArmVmp : Match on catch block at 0xc3 in for 0xa9
01-24 09:53:13.621 31969 31969 E ArmVmp : Match on catch block at 0xc3 in for 0xa1
01-24 09:53:13.631 31969 31969 E ArmVmp : Match on catch block at 0xc3 in for 0xa9
01-24 09:53:13.637 31969 31969 E ArmVmp : Match on catch block at 0xc3 in for 0xa1
01-24 09:53:13.647 31969 31969 E ArmVmp : Match on catch block at 0xc3 in for 0xa9
01-24 09:53:13.654 31969 31969 E ArmVmp : Match on catch block at 0xc3 in for 0xa1
01-24 09:53:13.663 31969 31969 E ArmVmp : Match on catch block at 0xc3 in for 0xa9
01-24 09:53:13.669 31969 31969 E ArmVmp : Match on catch block at 0xc3 in for 0xa1
01-24 09:53:13.678 31969 31969 E ArmVmp : Match on catch block at 0xc3 in for 0xa9
01-24 09:53:13.686 31969 31969 E ArmVmp : Match on catch block at 0xc3 in for 0xa1
01-24 09:53:13.696 31969 31969 E ArmVmp : Match on catch block at 0xc3 in for 0xa9
01-24 09:53:13.702 31969 31969 E ArmVmp : Match on catch block at 0xc3 in for 0xa1
01-24 09:53:13.713 31969 31969 E ArmVmp : Match on catch block at 0xc3 in for 0xa1
01-24 09:53:13.719 31969 31969 E ArmVmp : Match on catch block at 0xc3 in for 0xa5
01-24 09:53:13.726 31969 31969 E ArmVmp : Match on catch block at 0xc3 in for 0xa9
01-24 09:53:13.733 31969 31969 E ArmVmp : Match on catch block at 0xc3 in for 0xa1
01-24 09:53:13.743 31969 31969 E ArmVmp : Match on catch block at 0xc3 in for 0xa5
01-24 09:53:13.749 31969 31969 E ArmVmp : Match on catch block at 0xc3 in for 0xa9
01-24 09:53:13.760 31969 31969 E ArmVmp : Match on catch block at 0xc3 in for 0xa1
01-24 09:53:13.767 31969 31969 E ArmVmp : Match on catch block at 0xc3 in for 0xa5
01-24 09:53:13.777 31969 31969 E ArmVmp : Match on catch block at 0xc3 in for 0xa9
01-24 09:53:13.783 31969 31969 E ArmVmp : Match on catch block at 0xc3 in for 0xa1
01-24 09:53:13.794 31969 31969 E ArmVmp : Match on catch block at 0xc3 in for 0xa5
01-24 09:53:13.800 31969 31969 E ArmVmp : Match on catch block at 0xc3 in for 0xa9
01-24 09:53:13.810 31969 31969 E ArmVmp : Match on catch block at 0xc3 in for 0xa5
01-24 09:53:13.817 31969 31969 E ArmVmp : Match on catch block at 0xc3 in for 0xa9
01-24 09:53:13.827 31969 31969 E ArmVmp : Match on catch block at 0xc3 in for 0xa9
01-24 09:53:13.833 31969 31969 E ArmVmp : Match on catch block at 0xc3 in for 0xa1
01-24 09:53:14.045 31969 31969 E ArmVmp : Match on catch block at 0xc3 in for 0xa9
01-24 09:53:14.051 31969 31969 E ArmVmp : Match on catch block at 0xc3 in for 0xa1
01-24 09:53:14.551 31969 31969 E ArmVmp : Match on catch block at 0xc3 in for 0xa1
01-24 09:53:14.558 31969 31969 E ArmVmp : Match on catch block at 0xc3 in for 0xa5
01-24 09:53:15.043 31969 31969 E ArmVmp : Match on catch block at 0xc3 in for 0xa5
01-24 09:53:15.050 31969 31969 E ArmVmp : Match on catch block at 0xc3 in for 0xa9
01-24 09:53:15.061 31969 31969 E ArmVmp : Match on catch block at 0xc3 in for 0xa9
01-24 09:53:15.069 31969 31969 E ArmVmp : Match on catch block at 0xc3 in for 0xa1
01-24 09:53:15.080 31969 31969 E ArmVmp : Match on catch block at 0xc3 in for 0xa1
01-24 09:53:15.088 31969 31969 E ArmVmp : Match on catch block at 0xc3 in for 0xa5
01-24 09:53:15.150 31969 31969 E ArmVmp : Match on catch block at 0xc3 in for 0xa1
01-24 09:53:15.156 31969 31969 E ArmVmp : Match on catch block at 0xc3 in for 0xa5
01-24 09:53:15.213 31969 31969 E ArmVmp : Match on catch block at 0xc3 in for 0xa9
01-24 09:53:15.218 31969 31969 E ArmVmp : Match on catch block at 0xc3 in for 0xa1
01-24 09:53:15.229 31969 31969 E ArmVmp : Match on catch block at 0xc3 in for 0xa1
01-24 09:53:15.235 31969 31969 E ArmVmp : Match on catch block at 0xc3 in for 0xa5
01-24 09:53:15.245 31969 31969 E ArmVmp : Match on catch block at 0xc3 in for 0xa5
01-24 09:53:15.251 31969 31969 E ArmVmp : Match on catch block at 0xc3 in for 0xa9
01-24 09:53:15.280 31969 31969 E ArmVmp : Match on catch block at 0xc3 in for 0xa9
01-24 09:53:15.285 31969 31969 E ArmVmp : Match on catch block at 0xc3 in for 0xa1
01-24 09:53:15.294 31969 31969 E ArmVmp : Match on catch block at 0xc3 in for 0xa1
01-24 09:53:15.300 31969 31969 E ArmVmp : Match on catch block at 0xc3 in for 0xa5
01-24 09:53:15.309 31969 31969 E ArmVmp : Match on catch block at 0xc3 in for 0xa5
01-24 09:53:15.315 31969 31969 E ArmVmp : Match on catch block at 0xc3 in for 0xa9
01-24 09:53:15.326 31969 31969 E ArmVmp : Match on catch block at 0xc3 in for 0xa5
01-24 09:53:15.332 31969 31969 E ArmVmp : Match on catch block at 0xc3 in for 0xa9
01-24 09:53:15.345 31969 31969 E ArmVmp : Match on catch block at 0xc3 in for 0xa9
01-24 09:53:15.350 31969 31969 E ArmVmp : Match on catch block at 0xc3 in for 0xa1
01-24 09:53:15.360 31969 31969 E ArmVmp : Match on catch block at 0xc3 in for 0xa1
01-24 09:53:15.365 31969 31969 E ArmVmp : Match on catch block at 0xc3 in for 0xa5
01-24 09:53:15.375 31969 31969 E ArmVmp : Match on catch block at 0xc3 in for 0xa5
01-24 09:53:15.381 31969 31969 E ArmVmp : Match on catch block at 0xc3 in for 0xa9
01-24 09:53:15.395 31969 31969 E ArmVmp : Match on catch block at 0xc3 in for 0xa9
01-24 09:53:15.402 31969 31969 E ArmVmp : Match on catch block at 0xc3 in for 0xa1
01-24 09:53:15.443 31969 31969 E ArmVmp : Match on catch block at 0xc3 in for 0xa9
01-24 09:53:15.448 31969 31969 E ArmVmp : Match on catch block at 0xc3 in for 0xa1
01-24 09:53:15.477 31969 31969 E ArmVmp : Match on catch block at 0xc3 in for 0xa9
01-24 09:53:15.484 31969 31969 E ArmVmp : Match on catch block at 0xc3 in for 0xa1
01-24 09:53:15.495 31969 31969 E ArmVmp : Match on catch block at 0xc3 in for 0xa1
01-24 09:53:15.501 31969 31969 E ArmVmp : Match on catch block at 0xc3 in for 0xa5
01-24 09:53:15.514 31969 31969 E ArmVmp : Match on catch block at 0xc3 in for 0xa1
01-24 09:53:15.520 31969 31969 E ArmVmp : Match on catch block at 0xc3 in for 0xa5
01-24 09:53:15.535 31969 31969 E ArmVmp : Match on catch block at 0xc3 in for 0xa5
01-24 09:53:15.541 31969 31969 E ArmVmp : Match on catch block at 0xc3 in for 0xa9
01-24 09:53:15.551 31969 31969 E ArmVmp : Match on catch block at 0xc3 in for 0xa9
01-24 09:53:15.556 31969 31969 E ArmVmp : Match on catch block at 0xc3 in for 0xa1
01-24 09:53:15.571 31969 31969 E ArmVmp : Match on catch block at 0xc3 in for 0xa1
01-24 09:53:15.578 31969 31969 E ArmVmp : Match on catch block at 0xc3 in for 0xa5
01-24 09:53:15.588 31969 31969 E ArmVmp : Match on catch block at 0xc3 in for 0xa5
01-24 09:53:15.593 31969 31969 E ArmVmp : Match on catch block at 0xc3 in for 0xa9
01-24 09:53:15.604 31969 31969 E ArmVmp : Match on catch block at 0xc3 in for 0xa9
01-24 09:53:15.610 31969 31969 E ArmVmp : Match on catch block at 0xc3 in for 0xa1
01-24 09:53:15.625 31969 31969 E ArmVmp : Match on catch block at 0xc3 in for 0xa1
01-24 09:53:15.633 31969 31969 E ArmVmp : Match on catch block at 0xc3 in for 0xa5
01-24 09:53:15.642 31969 31969 E ArmVmp : Match on catch block at 0xc3 in for 0xa5
01-24 09:53:15.648 31969 31969 E ArmVmp : Match on catch block at 0xc3 in for 0xa9
01-24 09:53:15.658 31969 31969 E ArmVmp : Match on catch block at 0xc3 in for 0xa5
01-24 09:53:15.666 31969 31969 E ArmVmp : Match on catch block at 0xc3 in for 0xa9
01-24 09:53:15.676 31969 31969 E ArmVmp : Match on catch block at 0xc3 in for 0xa5
01-24 09:53:15.683 31969 31969 E ArmVmp : Match on catch block at 0xc3 in for 0xa9
01-24 09:53:15.690 31969 31969 E ArmVmp : Match on catch block at 0xc3 in for 0xa1
01-24 09:53:15.697 31969 31969 E ArmVmp : Match on catch block at 0xc3 in for 0xa5
01-24 09:53:15.706 31969 31969 E ArmVmp : Match on catch block at 0xc3 in for 0xa9
01-24 09:53:15.711 31969 31969 E ArmVmp : Match on catch block at 0xc3 in for 0xa1
01-24 09:53:15.722 31969 31969 E ArmVmp : Match on catch block at 0xc3 in for 0xa5
01-24 09:53:15.727 31969 31969 E ArmVmp : Match on catch block at 0xc3 in for 0xa9
01-24 09:53:15.736 31969 31969 E ArmVmp : Match on catch block at 0xc3 in for 0xa1
01-24 09:53:15.743 31969 31969 E ArmVmp : Match on catch block at 0xc3 in for 0xa5
01-24 09:53:15.751 31969 31969 E ArmVmp : Match on catch block at 0xc3 in for 0xa9
01-24 09:53:15.757 31969 31969 E ArmVmp : Match on catch block at 0xc3 in for 0xa1
01-24 09:53:15.765 31969 31969 E ArmVmp : Match on catch block at 0xc3 in for 0xa9
01-24 09:53:15.773 31969 31969 E ArmVmp : Match on catch block at 0xc3 in for 0xa1
01-24 09:53:15.904 31969 31969 W StaticLayout: maxLineHeight should not be -1.
maxLines:1 lineCount:1
01-24 09:53:15.910 31969 31969 W StaticLayout: maxLineHeight should not be -1.
maxLines:1 lineCount:1
01-24 09:53:15.918 31969 31969 E ArmVmp : Match on catch block at 0xc3 in for 0xa1
01-24 09:53:15.924 31969 31969 E ArmVmp : Match on catch block at 0xc3 in for 0xa5
01-24 09:53:15.935 31969 31969 E ArmVmp : Match on catch block at 0xc3 in for 0xa5
01-24 09:53:15.941 31969 31969 E ArmVmp : Match on catch block at 0xc3 in for 0xa9
01-24 09:53:16.064 31969 31969 E ArmVmp : Match on catch block at 0xc3 in for 0xa9
01-24 09:53:16.070 31969 31969 E ArmVmp : Match on catch block at 0xc3 in for 0xa1
01-24 09:53:16.568 31969 31969 E ArmVmp : Match on catch block at 0xc3 in for 0xa1
01-24 09:53:16.574 31969 31969 E ArmVmp : Match on catch block at 0xc3 in for 0xa5
01-24 09:53:16.690 31969 31969 E ArmVmp : Match on catch block at 0xc3 in for 0xa1
01-24 09:53:16.697 31969 31969 E ArmVmp : Match on catch block at 0xc3 in for 0xa5
01-24 09:53:16.706 31969 31969 E ArmVmp : Match on catch block at 0xc3 in for 0xa5
01-24 09:53:16.714 31969 31969 E ArmVmp : Match on catch block at 0xc3 in for 0xa9
01-24 09:53:16.722 31969 31969 E ArmVmp : Match on catch block at 0xc3 in for 0xa9
01-24 09:53:16.730 31969 31969 E ArmVmp : Match on catch block at 0xc3 in for 0xa1
01-24 09:53:16.738 31969 31969 E ArmVmp : Match on catch block at 0xc3 in for 0xa1
01-24 09:53:16.745 31969 31969 E ArmVmp : Match on catch block at 0xc3 in for 0xa5
01-24 09:53:16.754 31969 31969 E ArmVmp : Match on catch block at 0xc3 in for 0xa5
01-24 09:53:16.761 31969 31969 E ArmVmp : Match on catch block at 0xc3 in for 0xa9
01-24 09:53:16.770 31969 31969 E ArmVmp : Match on catch block at 0xc3 in for 0xa9
01-24 09:53:16.778 31969 31969 E ArmVmp : Match on catch block at 0xc3 in for 0xa1
01-24 09:53:16.787 31969 31969 E ArmVmp : Match on catch block at 0xc3 in for 0xa1
01-24 09:53:16.796 31969 31969 E ArmVmp : Match on catch block at 0xc3 in for 0xa5
01-24 09:53:16.804 31969 31969 E ArmVmp : Match on catch block at 0xc3 in for 0xa5
01-24 09:53:16.812 31969 31969 E ArmVmp : Match on catch block at 0xc3 in for 0xa9
01-24 09:53:16.821 31969 31969 E ArmVmp : Match on catch block at 0xc3 in for 0xa9
01-24 09:53:16.829 31969 31969 E ArmVmp : Match on catch block at 0xc3 in for 0xa1
01-24 09:53:16.837 31969 31969 E ArmVmp : Match on catch block at 0xc3 in for 0xa1
01-24 09:53:16.845 31969 31969 E ArmVmp : Match on catch block at 0xc3 in for 0xa5
01-24 09:53:16.855 31969 31969 E ArmVmp : Match on catch block at 0xc3 in for 0xa5
01-24 09:53:16.863 31969 31969 E ArmVmp : Match on catch block at 0xc3 in for 0xa9
01-24 09:53:16.872 31969 31969 E ArmVmp : Match on catch block at 0xc3 in for 0xa9
01-24 09:53:16.880 31969 31969 E ArmVmp : Match on catch block at 0xc3 in for 0xa1
01-24 09:53:16.888 31969 31969 E ArmVmp : Match on catch block at 0xc3 in for 0xa1
01-24 09:53:16.896 31969 31969 E ArmVmp : Match on catch block at 0xc3 in for 0xa5
01-24 09:53:16.905 31969 31969 E ArmVmp : Match on catch block at 0xc3 in for 0xa5
01-24 09:53:16.914 31969 31969 E ArmVmp : Match on catch block at 0xc3 in for 0xa9
01-24 09:53:17.056 31969 31969 E ArmVmp : Match on catch block at 0xc3 in for 0xa9
01-24 09:53:17.063 31969 31969 E ArmVmp : Match on catch block at 0xc3 in for 0xa1
01-24 09:53:17.511 31969 31969 E ArmVmp : Match on catch block at 0xc3 in for 0xa1
01-24 09:53:17.517 31969 31969 E ArmVmp : Match on catch block at 0xc3 in for 0xa5
01-24 09:53:17.527 31969 31969 E ArmVmp : Match on catch block at 0xc3 in for 0xa5
01-24 09:53:17.536 31969 31969 E ArmVmp : Match on catch block at 0xc3 in for 0xa9
01-24 09:53:17.544 31969 31969 E ArmVmp : Match on catch block at 0xc3 in for 0xa9
01-24 09:53:17.552 31969 31969 E ArmVmp : Match on catch block at 0xc3 in for 0xa1
01-24 09:53:17.561 31969 31969 E ArmVmp : Match on catch block at 0xc3 in for 0xa1
01-24 09:53:17.569 31969 31969 E ArmVmp : Match on catch block at 0xc3 in for 0xa5
01-24 09:53:17.578 31969 31969 E ArmVmp : Match on catch block at 0xc3 in for 0xa5
01-24 09:53:17.585 31969 31969 E ArmVmp : Match on catch block at 0xc3 in for 0xa9
01-24 09:53:17.595 31969 31969 E ArmVmp : Match on catch block at 0xc3 in for 0xa9
01-24 09:53:17.602 31969 31969 E ArmVmp : Match on catch block at 0xc3 in for 0xa1
01-24 09:53:17.612 31969 31969 E ArmVmp : Match on catch block at 0xc3 in for 0xa1
01-24 09:53:17.620 31969 31969 E ArmVmp : Match on catch block at 0xc3 in for 0xa5
01-24 09:53:17.629 31969 31969 E ArmVmp : Match on catch block at 0xc3 in for 0xa5
01-24 09:53:17.637 31969 31969 E ArmVmp : Match on catch block at 0xc3 in for 0xa9
01-24 09:53:17.645 31969 31969 E ArmVmp : Match on catch block at 0xc3 in for 0xa9
01-24 09:53:17.653 31969 31969 E ArmVmp : Match on catch block at 0xc3 in for 0xa1
01-24 09:53:17.662 31969 31969 E ArmVmp : Match on catch block at 0xc3 in for 0xa1
01-24 09:53:17.670 31969 31969 E ArmVmp : Match on catch block at 0xc3 in for 0xa5
01-24 09:53:17.679 31969 31969 E ArmVmp : Match on catch block at 0xc3 in for 0xa5
01-24 09:53:17.687 31969 31969 E ArmVmp : Match on catch block at 0xc3 in for 0xa9
01-24 09:53:17.695 31969 31969 E ArmVmp : Match on catch block at 0xc3 in for 0xa9
01-24 09:53:17.703 31969 31969 E ArmVmp : Match on catch block at 0xc3 in for 0xa1
01-24 09:53:17.712 31969 31969 E ArmVmp : Match on catch block at 0xc3 in for 0xa1
01-24 09:53:17.720 31969 31969 E ArmVmp : Match on catch block at 0xc3 in for 0xa5
01-24 09:53:17.729 31969 31969 E ArmVmp : Match on catch block at 0xc3 in for 0xa5
01-24 09:53:17.737 31969 31969 E ArmVmp : Match on catch block at 0xc3 in for 0xa9
01-24 09:53:17.746 31969 31969 E ArmVmp : Match on catch block at 0xc3 in for 0xa9
01-24 09:53:17.755 31969 31969 E ArmVmp : Match on catch block at 0xc3 in for 0xa1
01-24 09:53:17.763 31969 31969 E ArmVmp : Match on catch block at 0xc3 in for 0xa1
01-24 09:53:17.770 31969 31969 E ArmVmp : Match on catch block at 0xc3 in for 0xa5
01-24 09:53:18.066 31969 31969 E ArmVmp : Match on catch block at 0xc3 in for 0xa5
01-24 09:53:18.072 31969 31969 E ArmVmp : Match on catch block at 0xc3 in for 0xa9
01-24 09:53:18.570 31969 31969 E ArmVmp : Match on catch block at 0xc3 in for 0xa9
01-24 09:53:18.577 31969 31969 E ArmVmp : Match on catch block at 0xc3 in for 0xa1
01-24 09:53:19.075 31969 31969 E ArmVmp : Match on catch block at 0xc3 in for 0xa1
01-24 09:53:19.081 31969 31969 E ArmVmp : Match on catch block at 0xc3 in for 0xa5
01-24 09:53:19.580 31969 31969 E ArmVmp : Match on catch block at 0xc3 in for 0xa5
01-24 09:53:19.586 31969 31969 E ArmVmp : Match on catch block at 0xc3 in for 0xa9
01-24 09:53:19.850 31969 31969 E ArmVmp : Match on catch block at 0xc3 in for 0xa5
01-24 09:53:19.857 31969 31969 E ArmVmp : Match on catch block at 0xc3 in for 0xa9
01-24 09:53:19.917 31969 31969 E ArmVmp : Match on catch block at 0xc3 in for 0xa9
01-24 09:53:19.923 31969 31969 E ArmVmp : Match on catch block at 0xc3 in for 0xa1
01-24 09:53:20.084 31969 31969 E ArmVmp : Match on catch block at 0xc3 in for 0xa1
01-24 09:53:20.091 31969 31969 E ArmVmp : Match on catch block at 0xc3 in for 0xa5
01-24 09:53:20.572 31969 31969 E ArmVmp : Match on catch block at 0xc3 in for 0xa5
01-24 09:53:20.579 31969 31969 E ArmVmp : Match on catch block at 0xc3 in for 0xa9
01-24 09:53:21.079 31969 31969 E ArmVmp : Match on catch block at 0xc3 in for 0xa9
01-24 09:53:21.086 31969 31969 E ArmVmp : Match on catch block at 0xc3 in for 0xa1
01-24 09:53:21.178 31969 31969 E ArmVmp : Match on catch block at 0xc3 in for 0xa9
01-24 09:53:21.184 31969 31969 E ArmVmp : Match on catch block at 0xc3 in for 0xa1
01-24 09:53:21.200 31969 31969 W RenderThread: type=1400 audit(0.0:186109): avc:
denied { read } for name="u:object_r:vendor_hwui_prop:s0" dev="tmpfs" ino=14181
scontext=u:r:untrusted_app:s0:c140,c257,c512,c768
tcontext=u:object_r:vendor_hwui_prop:s0 tclass=file permissive=0
01-24 09:53:21.203 31969 32072 E libc : Access denied finding property
"ro.vendor.hwui.texture_cache_size"
01-24 09:53:21.208 31969 31969 W RenderThread: type=1400 audit(0.0:186110): avc:
denied { read } for name="u:object_r:vendor_hwui_prop:s0" dev="tmpfs" ino=14181
scontext=u:r:untrusted_app:s0:c140,c257,c512,c768
tcontext=u:object_r:vendor_hwui_prop:s0 tclass=file permissive=0
01-24 09:53:21.212 31969 32072 E libc : Access denied finding property
"ro.vendor.hwui.texture_cache_size"
01-24 09:53:21.221 31969 31969 W ActivityThread: handleWindowVisibility: no
activity for token android.os.BinderProxy@8ebc841
01-24 09:53:21.306 31969 32072 E libc : Access denied finding property
"ro.vendor.hwui.texture_cache_size"
01-24 09:53:21.363 31969 32072 E libc : Access denied finding property
"ro.vendor.hwui.texture_cache_size"
01-24 09:53:21.523 31969 31969 E ArmVmp : Match on catch block at 0xc3 in for 0xa5
01-24 09:53:21.529 31969 31969 E ArmVmp : Match on catch block at 0xc3 in for 0xa9
01-24 09:53:21.666 31969 31969 E ArmVmp : Match on catch block at 0xc3 in for 0xa1
01-24 09:53:21.672 31969 31969 E ArmVmp : Match on catch block at 0xc3 in for 0xa5
01-24 09:53:25.823 31969 31969 E ArmVmp : Match on catch block at 0xc3 in for 0xa5
01-24 09:53:25.831 31969 31969 E ArmVmp : Match on catch block at 0xc3 in for 0xa9
01-24 09:53:25.840 31969 31969 E ArmVmp : Match on catch block at 0xc3 in for 0xa9
01-24 09:53:25.846 31969 31969 E ArmVmp : Match on catch block at 0xc3 in for 0xa1
01-24 09:53:26.007 31969 31969 E ArmVmp : Match on catch block at 0xc3 in for 0xa1
01-24 09:53:26.014 31969 31969 E ArmVmp : Match on catch block at 0xc3 in for 0xa5
01-24 09:53:26.043 31969 31969 E ArmVmp : Match on catch block at 0xc3 in for 0xa9
01-24 09:53:26.049 31969 31969 E ArmVmp : Match on catch block at 0xc3 in for 0xa1
01-24 09:53:26.076 31969 31969 E ArmVmp : Match on catch block at 0xc3 in for 0xa1
01-24 09:53:26.082 31969 31969 E ArmVmp : Match on catch block at 0xc3 in for 0xa5
01-24 09:53:26.166 31969 31969 W StaticLayout: maxLineHeight should not be -1.
maxLines:1 lineCount:1
01-24 09:53:26.173 31969 31969 W StaticLayout: maxLineHeight should not be -1.
maxLines:1 lineCount:1
01-24 09:53:26.187 31969 31969 E ArmVmp : Match on catch block at 0xc3 in for 0xa9
01-24 09:53:26.194 31969 31969 E ArmVmp : Match on catch block at 0xc3 in for 0xa1
01-24 09:53:26.235 31969 31969 W StaticLayout: maxLineHeight should not be -1.
maxLines:1 lineCount:1
01-24 09:53:26.241 31969 31969 W StaticLayout: maxLineHeight should not be -1.
maxLines:1 lineCount:1
01-24 09:53:26.249 31969 31969 E ArmVmp : Match on catch block at 0xc3 in for 0xa5
01-24 09:53:26.254 31969 31969 E ArmVmp : Match on catch block at 0xc3 in for 0xa9
01-24 09:53:26.265 31969 31969 E ArmVmp : Match on catch block at 0xc3 in for 0xa9
01-24 09:53:26.272 31969 31969 E ArmVmp : Match on catch block at 0xc3 in for 0xa1
01-24 09:53:26.434 31969 31969 E ArmVmp : Match on catch block at 0xc3 in for 0xa1
01-24 09:53:26.440 31969 31969 E ArmVmp : Match on catch block at 0xc3 in for 0xa5
01-24 09:53:26.450 31969 31969 E ArmVmp : Match on catch block at 0xc3 in for 0xa1
01-24 09:53:26.458 31969 31969 E ArmVmp : Match on catch block at 0xc3 in for 0xa5
01-24 09:53:26.467 31969 31969 E ArmVmp : Match on catch block at 0xc3 in for 0xa1
01-24 09:53:26.476 31969 31969 E ArmVmp : Match on catch block at 0xc3 in for 0xa5
01-24 09:53:26.485 31969 31969 E ArmVmp : Match on catch block at 0xc3 in for 0xa1
01-24 09:53:26.495 31969 31969 E ArmVmp : Match on catch block at 0xc3 in for 0xa5
01-24 09:53:26.503 31969 31969 E ArmVmp : Match on catch block at 0xc3 in for 0xa1
01-24 09:53:26.512 31969 31969 E ArmVmp : Match on catch block at 0xc3 in for 0xa5
01-24 09:53:26.520 31969 31969 E ArmVmp : Match on catch block at 0xc3 in for 0xa1
01-24 09:53:26.526 31969 31969 E ArmVmp : Match on catch block at 0xc3 in for 0xa5
01-24 09:53:26.536 31969 31969 E ArmVmp : Match on catch block at 0xc3 in for 0xa1
01-24 09:53:26.542 31969 31969 E ArmVmp : Match on catch block at 0xc3 in for 0xa5
01-24 09:53:26.551 31969 31969 E ArmVmp : Match on catch block at 0xc3 in for 0xa1
01-24 09:53:26.557 31969 31969 E ArmVmp : Match on catch block at 0xc3 in for 0xa5
01-24 09:53:26.567 31969 31969 E ArmVmp : Match on catch block at 0xc3 in for 0xa1
01-24 09:53:26.573 31969 31969 E ArmVmp : Match on catch block at 0xc3 in for 0xa5
01-24 09:53:26.597 31969 31969 E ArmVmp : Match on catch block at 0xc3 in for 0xa5
01-24 09:53:26.603 31969 31969 E ArmVmp : Match on catch block at 0xc3 in for 0xa9
01-24 09:53:26.630 31969 31969 E ArmVmp : Match on catch block at 0xc3 in for 0xa1
01-24 09:53:26.635 31969 31969 E ArmVmp : Match on catch block at 0xc3 in for 0xa5
01-24 09:53:26.663 31969 31969 E ArmVmp : Match on catch block at 0xc3 in for 0xa9
01-24 09:53:26.669 31969 31969 E ArmVmp : Match on catch block at 0xc3 in for 0xa1
01-24 09:53:26.696 31969 31969 E ArmVmp : Match on catch block at 0xc3 in for 0xa1
01-24 09:53:26.701 31969 31969 E ArmVmp : Match on catch block at 0xc3 in for 0xa5
01-24 09:53:26.713 31969 31969 E ArmVmp : Match on catch block at 0xc3 in for 0xa9
01-24 09:53:26.719 31969 31969 E ArmVmp : Match on catch block at 0xc3 in for 0xa1
01-24 09:53:26.729 31969 31969 E ArmVmp : Match on catch block at 0xc3 in for 0xa5
01-24 09:53:26.736 31969 31969 E ArmVmp : Match on catch block at 0xc3 in for 0xa9
01-24 09:53:26.746 31969 31969 E ArmVmp : Match on catch block at 0xc3 in for 0xa1
01-24 09:53:26.753 31969 31969 E ArmVmp : Match on catch block at 0xc3 in for 0xa5
01-24 09:53:26.763 31969 31969 E ArmVmp : Match on catch block at 0xc3 in for 0xa9
01-24 09:53:26.769 31969 31969 E ArmVmp : Match on catch block at 0xc3 in for 0xa1
01-24 09:53:26.780 31969 31969 E ArmVmp : Match on catch block at 0xc3 in for 0xa5
01-24 09:53:26.786 31969 31969 E ArmVmp : Match on catch block at 0xc3 in for 0xa9
01-24 09:53:26.797 31969 31969 E ArmVmp : Match on catch block at 0xc3 in for 0xa5
01-24 09:53:26.803 31969 31969 E ArmVmp : Match on catch block at 0xc3 in for 0xa9
01-24 09:53:27.073 31969 31969 E ArmVmp : Match on catch block at 0xc3 in for 0xa5
01-24 09:53:27.079 31969 31969 E ArmVmp : Match on catch block at 0xc3 in for 0xa9
01-24 09:53:27.107 31969 31969 E ArmVmp : Match on catch block at 0xc3 in for 0xa9
01-24 09:53:27.113 31969 31969 E ArmVmp : Match on catch block at 0xc3 in for 0xa1
01-24 09:53:27.123 31969 31969 E ArmVmp : Match on catch block at 0xc3 in for 0xa9
01-24 09:53:27.131 31969 31969 E ArmVmp : Match on catch block at 0xc3 in for 0xa1
01-24 09:53:27.140 31969 31969 E ArmVmp : Match on catch block at 0xc3 in for 0xa9
01-24 09:53:27.149 31969 31969 E ArmVmp : Match on catch block at 0xc3 in for 0xa1
01-24 09:53:27.158 31969 31969 E ArmVmp : Match on catch block at 0xc3 in for 0xa9
01-24 09:53:27.166 31969 31969 E ArmVmp : Match on catch block at 0xc3 in for 0xa1
01-24 09:53:27.175 31969 31969 E ArmVmp : Match on catch block at 0xc3 in for 0xa9
01-24 09:53:27.184 31969 31969 E ArmVmp : Match on catch block at 0xc3 in for 0xa1
01-24 09:53:27.193 31969 31969 E ArmVmp : Match on catch block at 0xc3 in for 0xa9
01-24 09:53:27.199 31969 31969 E ArmVmp : Match on catch block at 0xc3 in for 0xa1
01-24 09:53:27.208 31969 31969 E ArmVmp : Match on catch block at 0xc3 in for 0xa9
01-24 09:53:27.214 31969 31969 E ArmVmp : Match on catch block at 0xc3 in for 0xa1
01-24 09:53:27.224 31969 31969 E ArmVmp : Match on catch block at 0xc3 in for 0xa9
01-24 09:53:27.231 31969 31969 E ArmVmp : Match on catch block at 0xc3 in for 0xa1
01-24 09:53:27.241 31969 31969 E ArmVmp : Match on catch block at 0xc3 in for 0xa9
01-24 09:53:27.247 31969 31969 E ArmVmp : Match on catch block at 0xc3 in for 0xa1
01-24 09:53:27.270 31969 31969 E ArmVmp : Match on catch block at 0xc3 in for 0xa1
01-24 09:53:27.276 31969 31969 E ArmVmp : Match on catch block at 0xc3 in for 0xa5
01-24 09:53:27.303 31969 31969 E ArmVmp : Match on catch block at 0xc3 in for 0xa9
01-24 09:53:27.308 31969 31969 E ArmVmp : Match on catch block at 0xc3 in for 0xa1
01-24 09:53:27.336 31969 31969 E ArmVmp : Match on catch block at 0xc3 in for 0xa9
01-24 09:53:27.341 31969 31969 E ArmVmp : Match on catch block at 0xc3 in for 0xa1
01-24 09:53:27.354 31969 31969 E ArmVmp : Match on catch block at 0xc3 in for 0xa5
01-24 09:53:27.362 31969 31969 E ArmVmp : Match on catch block at 0xc3 in for 0xa9
01-24 09:53:27.388 31969 31969 E ArmVmp : Match on catch block at 0xc3 in for 0xa1
01-24 09:53:27.393 31969 31969 E ArmVmp : Match on catch block at 0xc3 in for 0xa5
01-24 09:53:27.403 31969 31969 E ArmVmp : Match on catch block at 0xc3 in for 0xa1
01-24 09:53:27.409 31969 31969 E ArmVmp : Match on catch block at 0xc3 in for 0xa5
01-24 09:53:27.420 31969 31969 E ArmVmp : Match on catch block at 0xc3 in for 0xa9
01-24 09:53:27.427 31969 31969 E ArmVmp : Match on catch block at 0xc3 in for 0xa1
01-24 09:53:27.437 31969 31969 E ArmVmp : Match on catch block at 0xc3 in for 0xa5
01-24 09:53:27.444 31969 31969 E ArmVmp : Match on catch block at 0xc3 in for 0xa9
01-24 09:53:27.454 31969 31969 E ArmVmp : Match on catch block at 0xc3 in for 0xa1
01-24 09:53:27.461 31969 31969 E ArmVmp : Match on catch block at 0xc3 in for 0xa5
01-24 09:53:27.488 31969 31969 E ArmVmp : Match on catch block at 0xc3 in for 0xa9
01-24 09:53:27.494 31969 31969 E ArmVmp : Match on catch block at 0xc3 in for 0xa1
01-24 09:53:27.538 31969 31969 E ArmVmp : Match on catch block at 0xc3 in for 0xa5
