01-24 03:05:18.759 17677 17677 W System.err: at android.app.AppComponentFactory.instantiateApplication(AppComponentFactory.java:76)
01-24 03:05:18.759 17677 17677 W System.err: at androidx.core.app.CoreComponentFactory.instantiateApplication(Unknown Source:0)
01-24 03:05:18.760 17677 17677 W System.err: at android.app.Instrumentation.newApplication(Instrumentation.java:1158)
01-24 03:05:18.760 17677 17677 W System.err: at android.app.LoadedApk.makeApplication(LoadedApk.java:1324)
01-24 03:05:18.760 17677 17677 W System.err: at android.app.ActivityThread.handleBindApplication(ActivityThread.java:7543)
01-24 03:05:18.760 17677 17677 W System.err: at android.app.ActivityThread.access$1500(ActivityThread.java:301)
01-24 03:05:18.760 17677 17677 W System.err: at android.app.ActivityThread$H.handleMessage(ActivityThread.java:2177)
01-24 03:05:18.760 17677 17677 W System.err: at android.os.Handler.dispatchMessage(Handler.java:106)
01-24 03:05:18.760 17677 17677 W System.err: at android.os.Looper.loop(Looper.java:246)
01-24 03:05:18.760 17677 17677 W System.err: at android.app.ActivityThread.main(ActivityThread.java:8653)
01-24 03:05:18.760 17677 17677 W System.err: at java.lang.reflect.Method.invoke(Native Method)
01-24 03:05:18.760 17677 17677 W System.err: at com.android.internal.os.RuntimeInit$MethodAndArgsCaller.run(RuntimeInit.java:602)
01-24 03:05:18.760 17677 17677 W System.err: at com.android.internal.os.ZygoteInit.main(ZygoteInit.java:1130)
01-24 03:05:18.860 17677 17677 E CustomActivityOnCrash: IMPORTANT WARNING! You already have an UncaughtExceptionHandler, are you sure this is correct? If you use a custom UncaughtExceptionHandler, you must initialize it AFTER CustomActivityOnCrash! Installing anyway, but your original handler will not be called.
01-24 03:05:19.653 17677 17677 W com.whatsapp: Accessing hidden method Lcom/android/org/conscrypt/OpenSSLSocketImpl;->setUseSessionTickets(Z)V (greylist- max-q,core-platform-api, reflection, denied)
01-24 03:05:19.653 17677 17677 W com.whatsapp: Accessing hidden method Lcom/android/org/conscrypt/AbstractConscryptSocket;->setUseSessionTickets(Z)V (greylist-max-q, reflection, denied)
01-24 03:05:19.833 17677 17677 W linker : Warning: "/data/data/com.whatsapp/files/decompressed/libs.spk.zst/libc++_shared.so" unused DT entry: unknown processor-specific (type 0x70000001 arg 0x0) (ignoring)
01-24 03:05:20.423 17677 18015 W com.whatsapp: Class X.2rL failed lock verification and will run slower.
01-24 03:05:20.423 17677 18015 W com.whatsapp: Common causes for lock verification issues are non-optimized dex code
01-24 03:05:20.423 17677 18015 W com.whatsapp: and incorrect proguard optimizations.
01-24 03:05:22.294 17677 18034 W com.whatsapp: Verification of void X.3e2.run() took 220.671ms (17637.11 bytecodes/s) (101616B approximate peak alloc) --------- beginning of main
01-24 04:05:17.895 24102 24102 E com.whatsapp: Not starting debugger since process cannot load the jdwp agent. --------- beginning of system
01-24 04:05:18.391 24102 24102 W System.err: java.lang.ClassNotFoundException: mbmodsd.mbmodsw.ui.views.btn.BtnBK
01-24 04:05:18.392 24102 24102 W System.err: at java.lang.Runtime.nativeLoad(Native Method)
01-24 04:05:18.392 24102 24102 W System.err: at java.lang.Runtime.nativeLoad(Runtime.java:1131)
01-24 04:05:18.392 24102 24102 W System.err: at java.lang.Runtime.loadLibrary0(Runtime.java:1085)
01-24 04:05:18.392 24102 24102 W System.err: at java.lang.Runtime.loadLibrary0(Runtime.java:1008)
01-24 04:05:18.392 24102 24102 W System.err: at java.lang.System.loadLibrary(System.java:1664)
01-24 04:05:18.392 24102 24102 W System.err: at arm.EpicVm.<clinit>(Unknown Source:2)
01-24 04:05:18.392 24102 24102 W System.err: at java.lang.Class.newInstance(Native Method)
01-24 04:05:18.392 24102 24102 W System.err: at android.app.AppComponentFactory.instantiateApplication(AppComponentFactory.java:76)
01-24 04:05:18.392 24102 24102 W System.err: at androidx.core.app.CoreComponentFactory.instantiateApplication(Unknown Source:0)
01-24 04:05:18.392 24102 24102 W System.err: at android.app.Instrumentation.newApplication(Instrumentation.java:1158)
01-24 04:05:18.393 24102 24102 W System.err: at android.app.LoadedApk.makeApplication(LoadedApk.java:1324)
01-24 04:05:18.393 24102 24102 W System.err: at android.app.ActivityThread.handleBindApplication(ActivityThread.java:7543)
01-24 04:05:18.393 24102 24102 W System.err: at android.app.ActivityThread.access$1500(ActivityThread.java:301)
01-24 04:05:18.393 24102 24102 W System.err: at android.app.ActivityThread$H.handleMessage(ActivityThread.java:2177)
01-24 04:05:18.393 24102 24102 W System.err: at android.os.Handler.dispatchMessage(Handler.java:106)
01-24 04:05:18.393 24102 24102 W System.err: at android.os.Looper.loop(Looper.java:246)
01-24 04:05:18.393 24102 24102 W System.err: at android.app.ActivityThread.main(ActivityThread.java:8653)
01-24 04:05:18.393 24102 24102 W System.err: at java.lang.reflect.Method.invoke(Native Method)
01-24 04:05:18.393 24102 24102 W System.err: at com.android.internal.os.RuntimeInit$MethodAndArgsCaller.run(RuntimeInit.java:602)
01-24 04:05:18.393 24102 24102 W System.err: at com.android.internal.os.ZygoteInit.main(ZygoteInit.java:1130)
01-24 04:05:18.465 24102 24102 E CustomActivityOnCrash: IMPORTANT WARNING! You already have an UncaughtExceptionHandler, are you sure this is correct? If you use a custom UncaughtExceptionHandler, you must initialize it AFTER CustomActivityOnCrash! Installing anyway, but your original handler will not be called.
01-24 04:05:19.309 24102 24102 W com.whatsapp: Accessing hidden method Lcom/android/org/conscrypt/OpenSSLSocketImpl;->setUseSessionTickets(Z)V (greylist- max-q,core-platform-api, reflection, denied)
01-24 04:05:19.310 24102 24102 W com.whatsapp: Accessing hidden method Lcom/android/org/conscrypt/AbstractConscryptSocket;->setUseSessionTickets(Z)V (greylist-max-q, reflection, denied)
01-24 04:05:19.437 24102 24102 W linker : Warning: "/data/data/com.whatsapp/files/decompressed/libs.spk.zst/libc++_shared.so" unused DT entry: unknown processor-specific (type 0x70000001 arg 0x0) (ignoring)
01-24 04:05:19.756 24102 24335 W com.whatsapp: Class X.2rL failed lock verification and will run slower.
01-24 04:05:19.756 24102 24335 W com.whatsapp: Common causes for lock verification issues are non-optimized dex code
01-24 04:05:19.756 24102 24335 W com.whatsapp: and incorrect proguard optimizations. --------- beginning of main
01-24 07:40:24.861 24131 24131 E com.whatsapp: Not starting debugger since process cannot load the jdwp agent. --------- beginning of system
01-24 07:40:25.259 24131 24131 W System.err: java.lang.ClassNotFoundException: mbmodsd.mbmodsw.ui.views.btn.BtnBK
01-24 07:40:25.261 24131 24131 W System.err: at java.lang.Runtime.nativeLoad(Native Method)
01-24 07:40:25.261 24131 24131 W System.err: at java.lang.Runtime.nativeLoad(Runtime.java:1131)
01-24 07:40:25.261 24131 24131 W System.err: at java.lang.Runtime.loadLibrary0(Runtime.java:1085)
01-24 07:40:25.261 24131 24131 W System.err: at java.lang.Runtime.loadLibrary0(Runtime.java:1008)
01-24 07:40:25.261 24131 24131 W System.err: at java.lang.System.loadLibrary(System.java:1664)
01-24 07:40:25.261 24131 24131 W System.err: at arm.EpicVm.<clinit>(Unknown Source:2)
01-24 07:40:25.261 24131 24131 W System.err: at java.lang.Class.newInstance(Native Method)
01-24 07:40:25.261 24131 24131 W System.err: at android.app.AppComponentFactory.instantiateApplication(AppComponentFactory.java:76)
01-24 07:40:25.261 24131 24131 W System.err: at androidx.core.app.CoreComponentFactory.instantiateApplication(Unknown Source:0)
01-24 07:40:25.261 24131 24131 W System.err: at android.app.Instrumentation.newApplication(Instrumentation.java:1158)
01-24 07:40:25.261 24131 24131 W System.err: at android.app.LoadedApk.makeApplication(LoadedApk.java:1324)
01-24 07:40:25.261 24131 24131 W System.err: at android.app.ActivityThread.handleBindApplication(ActivityThread.java:7543)
01-24 07:40:25.261 24131 24131 W System.err: at android.app.ActivityThread.access$1500(ActivityThread.java:301)
01-24 07:40:25.261 24131 24131 W System.err: at android.app.ActivityThread$H.handleMessage(ActivityThread.java:2177)
01-24 07:40:25.261 24131 24131 W System.err: at android.os.Handler.dispatchMessage(Handler.java:106)
01-24 07:40:25.261 24131 24131 W System.err: at android.os.Looper.loop(Looper.java:246)
01-24 07:40:25.261 24131 24131 W System.err: at android.app.ActivityThread.main(ActivityThread.java:8653)
01-24 07:40:25.261 24131 24131 W System.err: at java.lang.reflect.Method.invoke(Native Method)
01-24 07:40:25.261 24131 24131 W System.err: at com.android.internal.os.RuntimeInit$MethodAndArgsCaller.run(RuntimeInit.java:602)
01-24 07:40:25.261 24131 24131 W System.err: at com.android.internal.os.ZygoteInit.main(ZygoteInit.java:1130)
01-24 07:40:25.315 24131 24131 E CustomActivityOnCrash: IMPORTANT WARNING! You already have an UncaughtExceptionHandler, are you sure this is correct? If you use a custom UncaughtExceptionHandler, you must initialize it AFTER CustomActivityOnCrash! Installing anyway, but your original handler will not be called.
01-24 07:40:25.840 24131 24131 W com.whatsapp: Accessing hidden method Lcom/android/org/conscrypt/OpenSSLSocketImpl;->setUseSessionTickets(Z)V (greylist- max-q,core-platform-api, reflection, denied)
01-24 07:40:25.840 24131 24131 W com.whatsapp: Accessing hidden method Lcom/android/org/conscrypt/AbstractConscryptSocket;->setUseSessionTickets(Z)V (greylist-max-q, reflection, denied)
01-24 07:40:25.933 24131 24131 W linker : Warning: "/data/data/com.whatsapp/files/decompressed/libs.spk.zst/libc++_shared.so" unused DT entry: unknown processor-specific (type 0x70000001 arg 0x0) (ignoring)
01-24 07:40:26.240 24131 24183 W com.whatsapp: Class X.2rL failed lock verification and will run slower.
01-24 07:40:26.240 24131 24183 W com.whatsapp: Common causes for lock verification issues are non-optimized dex code
01-24 07:40:26.240 24131 24183 W com.whatsapp: and incorrect proguard optimizations.
01-24 07:40:30.108 24131 24234 E WM-WorkerWrapper: Work [ id=a22c32d9-f7e6-4a15- a365-f67705ce416b, tags={ com.whatsapp.privacy.protocol.xmpp.DisclosureGetStageByIdsWorker, tag.whatsapp.privacy.GetDisclosureStageByIds } ] failed because it threw an exception/error
01-24 07:40:30.108 24131 24234 E WM-WorkerWrapper: java.util.concurrent.ExecutionException: X.0pD: The completer object was garbage collected - this future would otherwise never complete. The tag was: Failure {mOutputData=Data {}}
01-24 07:40:30.108 24131 24234 E WM-WorkerWrapper: at X.0i9.A02(Unknown Source:20)
01-24 07:40:30.108 24131 24234 E WM-WorkerWrapper: at X.0i9.get(Unknown Source:47)
01-24 07:40:30.108 24131 24234 E WM-WorkerWrapper: at X.0lz.run(Unknown Source:4)
01-24 07:40:30.108 24131 24234 E WM-WorkerWrapper: at X.0m4.run(Unknown Source:2)
01-24 07:40:30.108 24131 24234 E WM-WorkerWrapper: at java.util.concurrent.ThreadPoolExecutor.runWorker(ThreadPoolExecutor.java:1167)
01-24 07:40:30.108 24131 24234 E WM-WorkerWrapper: at java.util.concurrent.ThreadPoolExecutor$Worker.run(ThreadPoolExecutor.java:641)
01-24 07:40:30.108 24131 24234 E WM-WorkerWrapper: at java.lang.Thread.run(Thread.java:923)
01-24 07:40:30.108 24131 24234 E WM-WorkerWrapper: Caused by: X.0pD: The completer object was garbage collected - this future would otherwise never complete. The tag was: Failure {mOutputData=Data {}} --------- beginning of main
01-24 07:54:47.732 29045 29045 E com.whatsapp: Not starting debugger since process cannot load the jdwp agent. --------- beginning of system
01-24 07:54:48.249 29045 29045 W System.err: java.lang.ClassNotFoundException: mbmodsd.mbmodsw.ui.views.btn.BtnBK
01-24 07:54:48.253 29045 29045 W System.err: at java.lang.Runtime.nativeLoad(Native Method)
01-24 07:54:48.253 29045 29045 W System.err: at java.lang.Runtime.nativeLoad(Runtime.java:1131)
01-24 07:54:48.253 29045 29045 W System.err: at java.lang.Runtime.loadLibrary0(Runtime.java:1085)
01-24 07:54:48.253 29045 29045 W System.err: at java.lang.Runtime.loadLibrary0(Runtime.java:1008)
01-24 07:54:48.253 29045 29045 W System.err: at java.lang.System.loadLibrary(System.java:1664)
01-24 07:54:48.253 29045 29045 W System.err: at arm.EpicVm.<clinit>(Unknown Source:2)
01-24 07:54:48.253 29045 29045 W System.err: at java.lang.Class.newInstance(Native Method)
01-24 07:54:48.253 29045 29045 W System.err: at android.app.AppComponentFactory.instantiateApplication(AppComponentFactory.java:76)
01-24 07:54:48.253 29045 29045 W System.err: at androidx.core.app.CoreComponentFactory.instantiateApplication(Unknown Source:0)
01-24 07:54:48.253 29045 29045 W System.err: at android.app.Instrumentation.newApplication(Instrumentation.java:1158)
01-24 07:54:48.253 29045 29045 W System.err: at android.app.LoadedApk.makeApplication(LoadedApk.java:1324)
01-24 07:54:48.253 29045 29045 W System.err: at android.app.ActivityThread.handleBindApplication(ActivityThread.java:7543)
01-24 07:54:48.253 29045 29045 W System.err: at android.app.ActivityThread.access$1500(ActivityThread.java:301)
01-24 07:54:48.253 29045 29045 W System.err: at android.app.ActivityThread$H.handleMessage(ActivityThread.java:2177)
01-24 07:54:48.253 29045 29045 W System.err: at android.os.Handler.dispatchMessage(Handler.java:106)
01-24 07:54:48.253 29045 29045 W System.err: at android.os.Looper.loop(Looper.java:246)
01-24 07:54:48.253 29045 29045 W System.err: at android.app.ActivityThread.main(ActivityThread.java:8653)
01-24 07:54:48.253 29045 29045 W System.err: at java.lang.reflect.Method.invoke(Native Method)
01-24 07:54:48.253 29045 29045 W System.err: at com.android.internal.os.RuntimeInit$MethodAndArgsCaller.run(RuntimeInit.java:602)
01-24 07:54:48.253 29045 29045 W System.err: at com.android.internal.os.ZygoteInit.main(ZygoteInit.java:1130)
01-24 07:54:48.322 29045 29045 E CustomActivityOnCrash: IMPORTANT WARNING! You already have an UncaughtExceptionHandler, are you sure this is correct? If you use a custom UncaughtExceptionHandler, you must initialize it AFTER CustomActivityOnCrash! Installing anyway, but your original handler will not be called.
01-24 07:54:48.937 29045 29045 W com.whatsapp: Accessing hidden method Lcom/android/org/conscrypt/OpenSSLSocketImpl;->setUseSessionTickets(Z)V (greylist- max-q,core-platform-api, reflection, denied)
01-24 07:54:48.937 29045 29045 W com.whatsapp: Accessing hidden method Lcom/android/org/conscrypt/AbstractConscryptSocket;->setUseSessionTickets(Z)V (greylist-max-q, reflection, denied)
01-24 07:54:49.068 29045 29045 W linker : Warning: "/data/data/com.whatsapp/files/decompressed/libs.spk.zst/libc++_shared.so" unused DT entry: unknown processor-specific (type 0x70000001 arg 0x0) (ignoring)
01-24 07:54:49.806 29045 29115 W com.whatsapp: Class X.2rL failed lock verification and will run slower.
01-24 07:54:49.806 29045 29115 W com.whatsapp: Common causes for lock verification issues are non-optimized dex code
01-24 07:54:49.806 29045 29115 W com.whatsapp: and incorrect proguard optimizations. --------- beginning of main
01-24 09:46:44.751 14324 14324 E com.whatsapp: Not starting debugger since process cannot load the jdwp agent. --------- beginning of system
01-24 09:46:45.081 14324 14324 W System.err: java.lang.ClassNotFoundException: mbmodsd.mbmodsw.ui.views.btn.BtnBK
01-24 09:46:45.082 14324 14324 W System.err: at java.lang.Runtime.nativeLoad(Native Method)
01-24 09:46:45.082 14324 14324 W System.err: at java.lang.Runtime.nativeLoad(Runtime.java:1131)
01-24 09:46:45.082 14324 14324 W System.err: at java.lang.Runtime.loadLibrary0(Runtime.java:1085)
01-24 09:46:45.083 14324 14324 W System.err: at java.lang.Runtime.loadLibrary0(Runtime.java:1008)
01-24 09:46:45.083 14324 14324 W System.err: at java.lang.System.loadLibrary(System.java:1664)
01-24 09:46:45.083 14324 14324 W System.err: at arm.EpicVm.<clinit>(Unknown Source:2)
01-24 09:46:45.083 14324 14324 W System.err: at java.lang.Class.newInstance(Native Method)
01-24 09:46:45.083 14324 14324 W System.err: at android.app.AppComponentFactory.instantiateApplication(AppComponentFactory.java:76)
01-24 09:46:45.083 14324 14324 W System.err: at androidx.core.app.CoreComponentFactory.instantiateApplication(Unknown Source:0)
01-24 09:46:45.083 14324 14324 W System.err: at android.app.Instrumentation.newApplication(Instrumentation.java:1158)
01-24 09:46:45.083 14324 14324 W System.err: at android.app.LoadedApk.makeApplication(LoadedApk.java:1324)
01-24 09:46:45.083 14324 14324 W System.err: at android.app.ActivityThread.handleBindApplication(ActivityThread.java:7543)
01-24 09:46:45.083 14324 14324 W System.err: at android.app.ActivityThread.access$1500(ActivityThread.java:301)
01-24 09:46:45.083 14324 14324 W System.err: at android.app.ActivityThread$H.handleMessage(ActivityThread.java:2177)
01-24 09:46:45.083 14324 14324 W System.err: at android.os.Handler.dispatchMessage(Handler.java:106)
01-24 09:46:45.083 14324 14324 W System.err: at android.os.Looper.loop(Looper.java:246)
01-24 09:46:45.083 14324 14324 W System.err: at android.app.ActivityThread.main(ActivityThread.java:8653)
01-24 09:46:45.083 14324 14324 W System.err: at java.lang.reflect.Method.invoke(Native Method)
01-24 09:46:45.083 14324 14324 W System.err: at com.android.internal.os.RuntimeInit$MethodAndArgsCaller.run(RuntimeInit.java:602)
01-24 09:46:45.083 14324 14324 W System.err: at com.android.internal.os.ZygoteInit.main(ZygoteInit.java:1130)
01-24 09:46:45.153 14324 14324 E CustomActivityOnCrash: IMPORTANT WARNING! You already have an UncaughtExceptionHandler, are you sure this is correct? If you use a custom UncaughtExceptionHandler, you must initialize it AFTER CustomActivityOnCrash! Installing anyway, but your original handler will not be called.
01-24 09:46:45.726 14324 14324 W com.whatsapp: Accessing hidden method Lcom/android/org/conscrypt/OpenSSLSocketImpl;->setUseSessionTickets(Z)V (greylist- max-q,core-platform-api, reflection, denied)
01-24 09:46:45.726 14324 14324 W com.whatsapp: Accessing hidden method Lcom/android/org/conscrypt/AbstractConscryptSocket;->setUseSessionTickets(Z)V (greylist-max-q, reflection, denied)
01-24 09:46:45.840 14324 14324 W linker : Warning: "/data/data/com.whatsapp/files/decompressed/libs.spk.zst/libc++_shared.so" unused DT entry: unknown processor-specific (type 0x70000001 arg 0x0) (ignoring)
01-24 09:46:46.099 14324 14384 W com.whatsapp: Class X.2rL failed lock verification and will run slower.
01-24 09:46:46.099 14324 14384 W com.whatsapp: Common causes for lock verification issues are non-optimized dex code
01-24 09:46:46.099 14324 14384 W com.whatsapp: and incorrect proguard optimizations.
01-24 09:46:47.579 14324 14384 W com.whatsapp: Long monitor contention with owner WhatsApp Worker #2 (14390) at X.2oG X.2cv.A00(X.2cv, java.lang.Class)(:-1) waiters=0 in X.2oG X.2cv.A00(X.2cv, java.lang.Class) for 331ms --------- beginning of main
01-24 10:00:31.973 843 843 E com.whatsapp: Not starting debugger since process cannot load the jdwp agent. --------- beginning of system
01-24 10:00:32.332 843 843 W System.err: java.lang.ClassNotFoundException: mbmodsd.mbmodsw.ui.views.btn.BtnBK
01-24 10:00:32.334 843 843 W System.err: at java.lang.Runtime.nativeLoad(Native Method)
01-24 10:00:32.335 843 843 W System.err: at java.lang.Runtime.nativeLoad(Runtime.java:1131)
01-24 10:00:32.335 843 843 W System.err: at java.lang.Runtime.loadLibrary0(Runtime.java:1085)
01-24 10:00:32.335 843 843 W System.err: at java.lang.Runtime.loadLibrary0(Runtime.java:1008)
01-24 10:00:32.335 843 843 W System.err: at java.lang.System.loadLibrary(System.java:1664)
01-24 10:00:32.335 843 843 W System.err: at arm.EpicVm.<clinit>(Unknown Source:2)
01-24 10:00:32.335 843 843 W System.err: at java.lang.Class.newInstance(Native Method)
01-24 10:00:32.335 843 843 W System.err: at android.app.AppComponentFactory.instantiateApplication(AppComponentFactory.java:76)
01-24 10:00:32.335 843 843 W System.err: at androidx.core.app.CoreComponentFactory.instantiateApplication(Unknown Source:0)
01-24 10:00:32.335 843 843 W System.err: at android.app.Instrumentation.newApplication(Instrumentation.java:1158)
01-24 10:00:32.335 843 843 W System.err: at android.app.LoadedApk.makeApplication(LoadedApk.java:1324)
01-24 10:00:32.335 843 843 W System.err: at android.app.ActivityThread.handleBindApplication(ActivityThread.java:7543)
01-24 10:00:32.335 843 843 W System.err: at android.app.ActivityThread.access$1500(ActivityThread.java:301)
01-24 10:00:32.335 843 843 W System.err: at android.app.ActivityThread$H.handleMessage(ActivityThread.java:2177)
01-24 10:00:32.335 843 843 W System.err: at android.os.Handler.dispatchMessage(Handler.java:106)
01-24 10:00:32.335 843 843 W System.err: at android.os.Looper.loop(Looper.java:246)
01-24 10:00:32.335 843 843 W System.err: at android.app.ActivityThread.main(ActivityThread.java:8653)
01-24 10:00:32.335 843 843 W System.err: at java.lang.reflect.Method.invoke(Native Method)
01-24 10:00:32.335 843 843 W System.err: at com.android.internal.os.RuntimeInit$MethodAndArgsCaller.run(RuntimeInit.java:602)
01-24 10:00:32.335 843 843 W System.err: at com.android.internal.os.ZygoteInit.main(ZygoteInit.java:1130)
01-24 10:00:32.398 843 843 E CustomActivityOnCrash: IMPORTANT WARNING! You already have an UncaughtExceptionHandler, are you sure this is correct? If you use a custom UncaughtExceptionHandler, you must initialize it AFTER CustomActivityOnCrash! Installing anyway, but your original handler will not be called.
01-24 10:00:33.017 843 843 W com.whatsapp: Accessing hidden method Lcom/android/org/conscrypt/OpenSSLSocketImpl;->setUseSessionTickets(Z)V (greylist- max-q,core-platform-api, reflection, denied)
01-24 10:00:33.017 843 843 W com.whatsapp: Accessing hidden method Lcom/android/org/conscrypt/AbstractConscryptSocket;->setUseSessionTickets(Z)V (greylist-max-q, reflection, denied)
01-24 10:00:33.116 843 843 W linker : Warning: "/data/data/com.whatsapp/files/decompressed/libs.spk.zst/libc++_shared.so" unused DT entry: unknown processor-specific (type 0x70000001 arg 0x0) (ignoring)
01-24 10:00:33.419 843 17072 W com.whatsapp: Class X.2rL failed lock verification and will run slower.
01-24 10:00:33.419 843 17072 W com.whatsapp: Common causes for lock verification issues are non-optimized dex code
01-24 10:00:33.419 843 17072 W com.whatsapp: and incorrect proguard optimizations.
01-24 10:00:35.789 843 17069 E SQLiteDatabase: Error inserting transferred=0 media_job_uuid=84c33ae5-c52a-421c-9882-77418b2b6b33 transcoded=0 gif_attribution=0 first_scan_length=0 direct_path=/v/t62.7119- 24/28501534_330348909959752_3508669665490279271_n.enc?ccb=11- 4&oh=01_AdT8Iuq_AH_wmLbdChLezoHHoGEGc7DPPTlfuo7we8eqWw&oe=65D8912B&_nc_sid=5e03e0 thumbnail_height_width_ratio=1.4159292 is_animated_sticker=0 file_hash=N26GmZVnDfVO2Hn7VrzJMDVJXExmej8OYZxyP89gHBY= file_path=null file_size=0 partial_media_hash=null face_x=0 face_y=0 height=0 trim_to=0 media_key_timestamp=1706108424000 message_url=https://mmg.whatsapp.net/v/t62.7119- 24/28501534_330348909959752_3508669665490279271_n.enc?ccb=11- 4&oh=01_AdT8Iuq_AH_wmLbdChLezoHHoGEGc7DPPTlfuo7we8eqWw&oe=65D8912B&_nc_sid=5e03e0&m ms3=true media_caption=null trim_from=0 mime_type=application/pdf partial_media_enc_hash=null width=0 original_file_hash=null has_streaming_sidecar=0 autotransfer_retry_enabled=1 media_upload_handle=null message_row_id=315 multicast_id=null enc_file_hash=2fUtgWbNTg1+VIDx2QOuXfTvGJLuQk1Sl0A+h+cv/4I= mute_video=0 page_count=12 first_scan_sidecar=null suspicious_content=0 file_length=2900341 media_name=CamScanner 24-01-2024 09.49.pdf media_duration=0 chat_row_id=7 media_key=[B@4fe8903
01-24 10:00:35.789 843 17069 E SQLiteDatabase: android.database.sqlite.SQLiteConstraintException: UNIQUE constraint failed: message_media.message_row_id (code 1555 SQLITE_CONSTRAINT_PRIMARYKEY[1555])
01-24 10:00:35.789 843 17069 E SQLiteDatabase: at android.database.sqlite.SQLiteConnection.nativeExecuteForLastInsertedRowId(Native Method)
01-24 10:00:35.789 843 17069 E SQLiteDatabase: at android.database.sqlite.SQLiteConnection.executeForLastInsertedRowId(SQLiteConnecti on.java:1217)
01-24 10:00:35.789 843 17069 E SQLiteDatabase: at android.database.sqlite.SQLiteSession.executeForLastInsertedRowId(SQLiteSession.jav a:790)
01-24 10:00:35.789 843 17069 E SQLiteDatabase: at android.database.sqlite.SQLiteStatement.executeInsert(SQLiteStatement.java:88)
01-24 10:00:35.789 843 17069 E SQLiteDatabase: at android.database.sqlite.SQLiteDatabase.insertWithOnConflict(SQLiteDatabase.java:221 9)
01-24 10:00:35.789 843 17069 E SQLiteDatabase: at android.database.sqlite.SQLiteDatabase.insert(SQLiteDatabase.java:2088)
01-24 10:00:35.789 843 17069 E SQLiteDatabase: at X.2tm.A08(Unknown Source:6)
01-24 10:00:35.789 843 17069 E SQLiteDatabase: at X.35Y.A07(Unknown Source:212)
01-24 10:00:35.789 843 17069 E SQLiteDatabase: at X.3QF.A14(Unknown Source:470)
01-24 10:00:35.789 843 17069 E SQLiteDatabase: at X.3gU.run(Unknown Source:982)
01-24 10:00:35.789 843 17069 E SQLiteDatabase: at android.os.Handler.handleCallback(Handler.java:938)
01-24 10:00:35.789 843 17069 E SQLiteDatabase: at android.os.Handler.dispatchMessage(Handler.java:99)
01-24 10:00:35.789 843 17069 E SQLiteDatabase: at X.0zq.dispatchMessage(Unknown Source:4)
01-24 10:00:35.789 843 17069 E SQLiteDatabase: at android.os.Looper.loop(Looper.java:246)
01-24 10:00:35.789 843 17069 E SQLiteDatabase: at android.os.HandlerThread.run(HandlerThread.java:67)
01-24 10:00:36.316 843 17069 E SQLiteDatabase: Error inserting transferred=1 media_job_uuid=84c33ae5-c52a-421c-9882-77418b2b6b33 transcoded=0 gif_attribution=0 first_scan_length=0 direct_path=/v/t62.7119- 24/28501534_330348909959752_3508669665490279271_n.enc?ccb=11- 4&oh=01_AdT8Iuq_AH_wmLbdChLezoHHoGEGc7DPPTlfuo7we8eqWw&oe=65D8912B&_nc_sid=5e03e0 thumbnail_height_width_ratio=1.4159292 is_animated_sticker=0 file_hash=N26GmZVnDfVO2Hn7VrzJMDVJXExmej8OYZxyP89gHBY= file_path=Media/WhatsApp Documents/CamScanner 24-01-2024 09.49.pdf file_size=2900341 partial_media_hash=null face_x=0 face_y=0 height=0 trim_to=0 media_key_timestamp=1706108424000 message_url=https://mmg.whatsapp.net/v/t62.7119- 24/28501534_330348909959752_3508669665490279271_n.enc?ccb=11- 4&oh=01_AdT8Iuq_AH_wmLbdChLezoHHoGEGc7DPPTlfuo7we8eqWw&oe=65D8912B&_nc_sid=5e03e0&m ms3=true media_caption=null trim_from=0 mime_type=application/pdf partial_media_enc_hash=null width=0 original_file_hash=null has_streaming_sidecar=0 autotransfer_retry_enabled=1 media_upload_handle=null message_row_id=315 multicast_id=null enc_file_hash=2fUtgWbNTg1+VIDx2QOuXfTvGJLuQk1Sl0A+h+cv/4I= mute_video=0 page_count=12 first_scan_sidecar=null suspicious_content=0 file_length=2900341 media_name=CamScanner 24-01-2024 09.49.pdf media_duration=0 chat_row_id=7 media_key=[B@4fe8903
01-24 10:00:36.316 843 17069 E SQLiteDatabase: android.database.sqlite.SQLiteConstraintException: UNIQUE constraint failed: message_media.message_row_id (code 1555 SQLITE_CONSTRAINT_PRIMARYKEY[1555])
01-24 10:00:36.316 843 17069 E SQLiteDatabase: at android.database.sqlite.SQLiteConnection.nativeExecuteForLastInsertedRowId(Native Method)
01-24 10:00:36.316 843 17069 E SQLiteDatabase: at android.database.sqlite.SQLiteConnection.executeForLastInsertedRowId(SQLiteConnecti on.java:1217)
01-24 10:00:36.316 843 17069 E SQLiteDatabase: at android.database.sqlite.SQLiteSession.executeForLastInsertedRowId(SQLiteSession.jav a:790)
01-24 10:00:36.316 843 17069 E SQLiteDatabase: at android.database.sqlite.SQLiteStatement.executeInsert(SQLiteStatement.java:88)
01-24 10:00:36.316 843 17069 E SQLiteDatabase: at android.database.sqlite.SQLiteDatabase.insertWithOnConflict(SQLiteDatabase.java:221 9)
01-24 10:00:36.316 843 17069 E SQLiteDatabase: at android.database.sqlite.SQLiteDatabase.insert(SQLiteDatabase.java:2088)
01-24 10:00:36.316 843 17069 E SQLiteDatabase: at X.2tm.A08(Unknown Source:6)
01-24 10:00:36.316 843 17069 E SQLiteDatabase: at X.35Y.A07(Unknown Source:212)
01-24 10:00:36.316 843 17069 E SQLiteDatabase: at X.3QF.A14(Unknown Source:470)
01-24 10:00:36.316 843 17069 E SQLiteDatabase: at X.3gU.run(Unknown Source:982)
01-24 10:00:36.316 843 17069 E SQLiteDatabase: at android.os.Handler.handleCallback(Handler.java:938)
01-24 10:00:36.316 843 17069 E SQLiteDatabase: at android.os.Handler.dispatchMessage(Handler.java:99)
01-24 10:00:36.316 843 17069 E SQLiteDatabase: at X.0zq.dispatchMessage(Unknown Source:4)
01-24 10:00:36.316 843 17069 E SQLiteDatabase: at android.os.Looper.loop(Looper.java:246)
01-24 10:00:36.316 843 17069 E SQLiteDatabase: at android.os.HandlerThread.run(HandlerThread.java:67)
01-24 10:01:02.509 843 843 W com.whatsapp: Class X.0eU failed lock verification and will run slower.
01-24 10:01:02.779 843 843 W com.whatsapp: Class com.whatsapp.HomeActivity failed lock verification and will run slower.
01-24 10:01:03.262 843 843 E ArmVmp : Match on catch block at 0x0a in for 0xc5
01-24 10:01:03.300 843 843 E ArmVmp : Match on catch block at 0x0a in for 0x139
01-24 10:01:03.555 843 17905 W com.whatsapp: Accessing hidden method Lcom/android/org/conscrypt/ConscryptEngineSocket;->setUseSessionTickets(Z)V (greylist-max-q,core-platform-api, reflection, denied)
01-24 10:01:03.555 843 17905 W com.whatsapp: Accessing hidden method Lcom/android/org/conscrypt/OpenSSLSocketImpl;->setUseSessionTickets(Z)V (greylist- max-q,core-platform-api, reflection, denied)
01-24 10:01:03.555 843 17905 W com.whatsapp: Accessing hidden method Lcom/android/org/conscrypt/AbstractConscryptSocket;->setUseSessionTickets(Z)V (greylist-max-q, reflection, denied)
01-24 10:01:03.557 843 17905 W com.whatsapp: Accessing hidden method Lcom/android/org/conscrypt/ConscryptEngineSocket;->setHostname(Ljava/lang/String;)V (greylist-max-q,core-platform-api, reflection, denied)
01-24 10:01:03.557 843 17905 W com.whatsapp: Accessing hidden method Lcom/android/org/conscrypt/OpenSSLSocketImpl;->setHostname(Ljava/lang/String;)V (greylist-max-q,core-platform-api, reflection, denied)
01-24 10:01:03.558 843 17905 W com.whatsapp: Accessing hidden method Lcom/android/org/conscrypt/AbstractConscryptSocket;->setHostname(Ljava/lang/ String;)V (greylist-max-q, reflection, denied)
01-24 10:01:03.558 843 17905 W com.whatsapp: Accessing hidden method Lcom/android/org/conscrypt/OpenSSLSocketImpl;->setAlpnProtocols([B)V (greylist-max- q,core-platform-api, reflection, denied)
01-24 10:01:03.558 843 17905 W com.whatsapp: Accessing hidden method Lcom/android/org/conscrypt/AbstractConscryptSocket;->setAlpnProtocols([B)V (greylist-max-q, reflection, denied)
01-24 10:01:03.624 843 17905 W com.whatsapp: Accessing hidden method Lcom/android/org/conscrypt/OpenSSLSocketImpl;->getAlpnSelectedProtocol()[B (greylist-max-q,core-platform-api, reflection, denied)
01-24 10:01:03.624 843 17905 W com.whatsapp: Accessing hidden method Lcom/android/org/conscrypt/AbstractConscryptSocket;->getAlpnSelectedProtocol()[B (greylist-max-q, reflection, denied)
01-24 10:01:04.678 843 843 E RecyclerView: No adapter attached; skipping layout
01-24 10:01:04.746 843 17890 W Gralloc3: mapper 3.x is not supported
01-24 10:01:04.865 843 843 E RecyclerView: No adapter attached; skipping layout
01-24 10:01:04.915 843 843 E ArmVmp : Match on catch block at 0x0a in for 0xd1
01-24 10:01:04.955 843 17890 W libEGL : EGLNativeWindowType 0x6eaabef010 disconnect failed
01-24 10:01:05.092 843 17956 W LOTTIE : Animation contains merge paths. Merge paths are only supported on KitKat+ and must be manually enabled by calling enableMergePathsForKitKatAndAbove().
01-24 10:01:05.390 843 843 W LOTTIE : Animation contains merge paths but they are disabled.
01-24 10:01:05.683 843 843 E ArmVmp : Match on catch block at 0x5b in for 0x81
01-24 10:01:05.713 843 843 E ArmVmp : Match on catch block at 0x5b in for 0x89
01-24 10:01:07.979 843 17986 E linker : library "" ("/apex/com.android.vndk.v30/lib64") needed or dlopened by "/apex/com.android.vndk.v30/lib64/libRS_internal.so" is not accessible for the namespace: [name="rs", ld_library_paths="", default_library_paths="/apex/com.android.vndk.v30/lib64:/vendor/lib64", permitted_paths="/odm/lib64:/vendor/lib64:/system/vendor/lib64:/data"]
01-24 10:01:07.980 843 17986 E RenderScript: Failed loading RS driver: dlopen failed: library "" needed or dlopened by "/apex/com.android.vndk.v30/lib64/libRS_internal.so" is not accessible for the namespace "rs"
01-24 10:01:07.980 843 17986 E RenderScript: Failed to load runtime , loading default
01-24 10:01:08.278 843 843 E ArmVmp : Match on catch block at 0x0a in for 0xc1
01-24 10:01:08.283 843 843 E ArmVmp : Match on catch block at 0x0a in for 0xc1
01-24 10:01:08.686 843 843 E ArmVmp : Match on catch block at 0xc3 in for 0xb9
01-24 10:01:08.709 843 843 E ArmVmp : Match on catch block at 0xc3 in for 0xb5
01-24 10:01:08.712 843 843 E ArmVmp : Match on catch block at 0xc3 in for 0xb5
01-24 10:01:08.791 843 843 E ArmVmp : Match on catch block at 0xc3 in for 0xa5
01-24 10:01:08.794 843 843 E ArmVmp : Match on catch block at 0xc3 in for 0xa1
01-24 10:01:08.797 843 843 E ArmVmp : Match on catch block at 0xc3 in for 0xa1
01-24 10:01:08.855 843 843 E ArmVmp : Match on catch block at 0xc3 in for 0xa5
01-24 10:01:08.858 843 843 E ArmVmp : Match on catch block at 0xc3 in for 0xa9
01-24 10:01:08.860 843 843 E ArmVmp : Match on catch block at 0xc3 in for 0xa9
01-24 10:01:08.939 843 843 E ArmVmp : Match on catch block at 0xc3 in for 0xa5
01-24 10:01:08.942 843 843 E ArmVmp : Match on catch block at 0xc3 in for 0xa9
01-24 10:01:08.944 843 843 E ArmVmp : Match on catch block at 0xc3 in for 0xa9
01-24 10:01:08.956 843 843 E ArmVmp : Match on catch block at 0xc3 in for 0xa1
01-24 10:01:08.960 843 843 E ArmVmp : Match on catch block at 0xc3 in for 0xa5
01-24 10:01:08.962 843 843 E ArmVmp : Match on catch block at 0xc3 in for 0xa5
01-24 10:01:09.009 843 843 E ArmVmp : Match on catch block at 0xc3 in for 0xa1
01-24 10:01:09.013 843 843 E ArmVmp : Match on catch block at 0xc3 in for 0xa5
01-24 10:01:09.016 843 843 E ArmVmp : Match on catch block at 0xc3 in for 0xa5
01-24 10:01:09.040 843 843 E ArmVmp : Match on catch block at 0xc3 in for 0xa9
01-24 10:01:09.045 843 843 E ArmVmp : Match on catch block at 0xc3 in for 0xa1
01-24 10:01:09.049 843 843 E ArmVmp : Match on catch block at 0xc3 in for 0xa1
01-24 10:01:09.055 843 843 E ArmVmp : Match on catch block at 0xc3 in for 0xa5
01-24 10:01:09.059 843 843 E ArmVmp : Match on catch block at 0xc3 in for 0xa9
01-24 10:01:09.061 843 843 E ArmVmp : Match on catch block at 0xc3 in for 0xa9
01-24 10:01:09.067 843 843 E ArmVmp : Match on catch block at 0xc3 in for 0xa1
01-24 10:01:09.073 843 843 E ArmVmp : Match on catch block at 0xc3 in for 0xa5
01-24 10:01:09.075 843 843 E ArmVmp : Match on catch block at 0xc3 in for 0xa5
01-24 10:01:09.080 843 843 E ArmVmp : Match on catch block at 0xc3 in for 0xa9
01-24 10:01:09.088 843 843 E ArmVmp : Match on catch block at 0xc3 in for 0xa1
01-24 10:01:09.090 843 843 E ArmVmp : Match on catch block at 0xc3 in for 0xa1
01-24 10:01:09.097 843 843 E ArmVmp : Match on catch block at 0xc3 in for 0xa5
01-24 10:01:09.101 843 843 E ArmVmp : Match on catch block at 0xc3 in for 0xa9
01-24 10:01:09.103 843 843 E ArmVmp : Match on catch block at 0xc3 in for 0xa9
01-24 10:01:09.113 843 843 E ArmVmp : Match on catch block at 0xc3 in for 0xa1
01-24 10:01:09.117 843 843 E ArmVmp : Match on catch block at 0xc3 in for 0xa5
01-24 10:01:09.120 843 843 E ArmVmp : Match on catch block at 0xc3 in for 0xa5
01-24 10:01:09.130 843 843 E ArmVmp : Match on catch block at 0xc3 in for 0xa9
01-24 10:01:09.133 843 843 E ArmVmp : Match on catch block at 0xc3 in for 0xa1
01-24 10:01:09.136 843 843 E ArmVmp : Match on catch block at 0xc3 in for 0xa1
01-24 10:01:09.146 843 843 E ArmVmp : Match on catch block at 0xc3 in for 0xa5
01-24 10:01:09.150 843 843 E ArmVmp : Match on catch block at 0xc3 in for 0xa9
01-24 10:01:09.153 843 843 E ArmVmp : Match on catch block at 0xc3 in for 0xa9
01-24 10:01:09.162 843 843 E ArmVmp : Match on catch block at 0xc3 in for 0xa1
01-24 10:01:09.166 843 843 E ArmVmp : Match on catch block at 0xc3 in for 0xa5
01-24 10:01:09.169 843 843 E ArmVmp : Match on catch block at 0xc3 in for 0xa5
01-24 10:01:09.179 843 843 E ArmVmp : Match on catch block at 0xc3 in for 0xa9
01-24 10:01:09.182 843 843 E ArmVmp : Match on catch block at 0xc3 in for 0xa1
01-24 10:01:09.184 843 843 E ArmVmp : Match on catch block at 0xc3 in for 0xa1
01-24 10:01:09.196 843 843 E ArmVmp : Match on catch block at 0xc3 in for 0xa9
01-24 10:01:09.199 843 843 E ArmVmp : Match on catch block at 0xc3 in for 0xa1
01-24 10:01:09.201 843 843 E ArmVmp : Match on catch block at 0xc3 in for 0xa1
01-24 10:01:09.212 843 843 E ArmVmp : Match on catch block at 0xc3 in for 0xa1
01-24 10:01:09.217 843 843 E ArmVmp : Match on catch block at 0xc3 in for 0xa5
01-24 10:01:09.221 843 843 E ArmVmp : Match on catch block at 0xc3 in for 0xa5
01-24 10:01:09.236 843 17890 W libEGL : EGLNativeWindowType 0x6eaafc2010 disconnect failed
01-24 10:01:09.265 843 843 E ArmVmp : Match on catch block at 0xc3 in for 0xa1
01-24 10:01:09.268 843 843 E ArmVmp : Match on catch block at 0xc3 in for 0xa5
01-24 10:01:09.270 843 843 E ArmVmp : Match on catch block at 0xc3 in for 0xa5
01-24 10:01:09.293 843 843 E ArmVmp : Match on catch block at 0xc3 in for 0xa9
01-24 10:01:09.296 843 843 E ArmVmp : Match on catch block at 0xc3 in for 0xa1
01-24 10:01:09.299 843 843 E ArmVmp : Match on catch block at 0xc3 in for 0xa1
01-24 10:01:09.303 843 843 E ArmVmp : Match on catch block at 0xc3 in for 0xa5
01-24 10:01:09.306 843 843 E ArmVmp : Match on catch block at 0xc3 in for 0xa9
01-24 10:01:09.308 843 843 E ArmVmp : Match on catch block at 0xc3 in for 0xa9
01-24 10:01:09.313 843 843 E ArmVmp : Match on catch block at 0xc3 in for 0xa1
01-24 10:01:09.318 843 843 E ArmVmp : Match on catch block at 0xc3 in for 0xa5
01-24 10:01:09.324 843 843 E ArmVmp : Match on catch block at 0xc3 in for 0xa5
01-24 10:01:09.330 843 843 E ArmVmp : Match on catch block at 0xc3 in for 0xa9
01-24 10:01:09.334 843 843 E ArmVmp : Match on catch block at 0xc3 in for 0xa1
01-24 10:01:09.336 843 843 E ArmVmp : Match on catch block at 0xc3 in for 0xa1
01-24 10:01:09.346 843 843 E ArmVmp : Match on catch block at 0xc3 in for 0xa5
01-24 10:01:09.349 843 843 E ArmVmp : Match on catch block at 0xc3 in for 0xa9
01-24 10:01:09.351 843 843 E ArmVmp : Match on catch block at 0xc3 in for 0xa9
01-24 10:01:09.363 843 843 E ArmVmp : Match on catch block at 0xc3 in for 0xa1
01-24 10:01:09.366 843 843 E ArmVmp : Match on catch block at 0xc3 in for 0xa5
01-24 10:01:09.367 843 843 E ArmVmp : Match on catch block at 0xc3 in for 0xa5
01-24 10:01:09.380 843 843 E ArmVmp : Match on catch block at 0xc3 in for 0xa9
01-24 10:01:09.383 843 843 E ArmVmp : Match on catch block at 0xc3 in for 0xa1
01-24 10:01:09.384 843 843 E ArmVmp : Match on catch block at 0xc3 in for 0xa1
01-24 10:01:09.396 843 843 E ArmVmp : Match on catch block at 0xc3 in for 0xa5
01-24 10:01:09.400 843 843 E ArmVmp : Match on catch block at 0xc3 in for 0xa9
01-24 10:01:09.402 843 843 E ArmVmp : Match on catch block at 0xc3 in for 0xa9
01-24 10:01:09.413 843 843 E ArmVmp : Match on catch block at 0xc3 in for 0xa1
01-24 10:01:09.416 843 843 E ArmVmp : Match on catch block at 0xc3 in for 0xa5
01-24 10:01:09.419 843 843 E ArmVmp : Match on catch block at 0xc3 in for 0xa5
01-24 10:01:09.430 843 843 E ArmVmp : Match on catch block at 0xc3 in for 0xa9
01-24 10:01:09.433 843 843 E ArmVmp : Match on catch block at 0xc3 in for 0xa1
01-24 10:01:09.435 843 843 E ArmVmp : Match on catch block at 0xc3 in for 0xa1
01-24 10:01:09.449 843 843 E ArmVmp : Match on catch block at 0xc3 in for 0xa1
01-24 10:01:09.452 843 843 E ArmVmp : Match on catch block at 0xc3 in for 0xa5
01-24 10:01:09.454 843 843 E ArmVmp : Match on catch block at 0xc3 in for 0xa5
01-24 10:01:09.463 843 843 E ArmVmp : Match on catch block at 0xc3 in for 0xa9
01-24 10:01:09.466 843 843 E ArmVmp : Match on catch block at 0xc3 in for 0xa1
01-24 10:01:09.468 843 843 E ArmVmp : Match on catch block at 0xc3 in for 0xa1
01-24 10:01:09.480 843 843 E ArmVmp : Match on catch block at 0xc3 in for 0xa5
01-24 10:01:09.484 843 843 E ArmVmp : Match on catch block at 0xc3 in for 0xa9
01-24 10:01:09.486 843 843 E ArmVmp : Match on catch block at 0xc3 in for 0xa9
01-24 10:01:09.498 843 843 E ArmVmp : Match on catch block at 0xc3 in for 0xa1
01-24 10:01:09.501 843 843 E ArmVmp : Match on catch block at 0xc3 in for 0xa5
01-24 10:01:09.504 843 843 E ArmVmp : Match on catch block at 0xc3 in for 0xa5
01-24 10:01:09.516 843 843 E ArmVmp : Match on catch block at 0xc3 in for 0xa9
01-24 10:01:09.519 843 843 E ArmVmp : Match on catch block at 0xc3 in for 0xa1
01-24 10:01:09.521 843 843 E ArmVmp : Match on catch block at 0xc3 in for 0xa1
01-24 10:01:09.530 843 843 E ArmVmp : Match on catch block at 0xc3 in for 0xa5
01-24 10:01:09.533 843 843 E ArmVmp : Match on catch block at 0xc3 in for 0xa9
01-24 10:01:09.535 843 843 E ArmVmp : Match on catch block at 0xc3 in for 0xa9
01-24 10:01:09.547 843 843 E ArmVmp : Match on catch block at 0xc3 in for 0xa1
01-24 10:01:09.552 843 843 E ArmVmp : Match on catch block at 0xc3 in for 0xa5
01-24 10:01:09.554 843 843 E ArmVmp : Match on catch block at 0xc3 in for 0xa5
01-24 10:01:09.568 843 843 E ArmVmp : Match on catch block at 0xc3 in for 0xa5
01-24 10:01:09.570 843 843 E ArmVmp : Match on catch block at 0xc3 in for 0xa9
01-24 10:01:09.575 843 843 E ArmVmp : Match on catch block at 0xc3 in for 0xa9
01-24 10:01:09.581 843 843 E ArmVmp : Match on catch block at 0xc3 in for 0xa1
01-24 10:01:09.585 843 843 E ArmVmp : Match on catch block at 0xc3 in for 0xa5
01-24 10:01:09.587 843 843 E ArmVmp : Match on catch block at 0xc3 in for 0xa5
01-24 10:01:09.596 843 843 E ArmVmp : Match on catch block at 0xc3 in for 0xa9
01-24 10:01:09.599 843 843 E ArmVmp : Match on catch block at 0xc3 in for 0xa1
01-24 10:01:09.601 843 843 E ArmVmp : Match on catch block at 0xc3 in for 0xa1
01-24 10:01:09.613 843 843 E ArmVmp : Match on catch block at 0xc3 in for 0xa5
01-24 10:01:09.617 843 843 E ArmVmp : Match on catch block at 0xc3 in for 0xa9
01-24 10:01:09.620 843 843 E ArmVmp : Match on catch block at 0xc3 in for 0xa9
01-24 10:01:09.630 843 843 E ArmVmp : Match on catch block at 0xc3 in for 0xa1
01-24 10:01:09.635 843 843 E ArmVmp : Match on catch block at 0xc3 in for 0xa5
01-24 10:01:09.637 843 843 E ArmVmp : Match on catch block at 0xc3 in for 0xa5
01-24 10:01:09.656 843 843 E ArmVmp : Match on catch block at 0xc3 in for 0xa9
01-24 10:01:09.659 843 843 E ArmVmp : Match on catch block at 0xc3 in for 0xa1
01-24 10:01:09.661 843 843 E ArmVmp : Match on catch block at 0xc3 in for 0xa1
01-24 10:01:09.666 843 843 E ArmVmp : Match on catch block at 0xc3 in for 0xa5
01-24 10:01:09.669 843 843 E ArmVmp : Match on catch block at 0xc3 in for 0xa9
01-24 10:01:09.671 843 843 E ArmVmp : Match on catch block at 0xc3 in for 0xa9
01-24 10:01:09.686 843 843 E ArmVmp : Match on catch block at 0xc3 in for 0xa1
01-24 10:01:09.688 843 843 E ArmVmp : Match on catch block at 0xc3 in for 0xa5
01-24 10:01:09.690 843 843 E ArmVmp : Match on catch block at 0xc3 in for 0xa5
01-24 10:01:09.717 843 843 E ArmVmp : Match on catch block at 0xc3 in for 0xa9
01-24 10:01:09.720 843 843 E ArmVmp : Match on catch block at 0xc3 in for 0xa1
01-24 10:01:09.722 843 843 E ArmVmp : Match on catch block at 0xc3 in for 0xa1
01-24 10:01:09.819 843 843 E ArmVmp : Match on catch block at 0xc3 in for 0xa9
01-24 10:01:09.822 843 843 E ArmVmp : Match on catch block at 0xc3 in for 0xa1
01-24 10:01:09.824 843 843 E ArmVmp : Match on catch block at 0xc3 in for 0xa1
01-24 10:01:09.860 843 843 E ArmVmp : Match on catch block at 0xc3 in for 0xa5
01-24 10:01:09.865 843 843 E ArmVmp : Match on catch block at 0xc3 in for 0xa9
01-24 10:01:09.868 843 843 E ArmVmp : Match on catch block at 0xc3 in for 0xa9
01-24 10:01:09.884 843 843 E ArmVmp : Match on catch block at 0xc3 in for 0xa1
01-24 10:01:09.888 843 843 E ArmVmp : Match on catch block at 0xc3 in for 0xa5
01-24 10:01:09.890 843 843 E ArmVmp : Match on catch block at 0xc3 in for 0xa5
01-24 10:01:09.918 843 843 E ArmVmp : Match on catch block at 0xc3 in for 0xa9
01-24 10:01:09.921 843 843 E ArmVmp : Match on catch block at 0xc3 in for 0xa1
01-24 10:01:09.923 843 843 E ArmVmp : Match on catch block at 0xc3 in for 0xa1
01-24 10:01:09.937 843 843 E ArmVmp : Match on catch block at 0xc3 in for 0xa1
01-24 10:01:09.940 843 843 E ArmVmp : Match on catch block at 0xc3 in for 0xa5
01-24 10:01:09.942 843 843 E ArmVmp : Match on catch block at 0xc3 in for 0xa5
01-24 10:01:09.956 843 843 E ArmVmp : Match on catch block at 0xc3 in for 0xa9
01-24 10:01:09.959 843 843 E ArmVmp : Match on catch block at 0xc3 in for 0xa1
01-24 10:01:09.962 843 843 E ArmVmp : Match on catch block at 0xc3 in for 0xa1
01-24 10:01:09.978 843 843 E ArmVmp : Match on catch block at 0xc3 in for 0xa5
01-24 10:01:09.981 843 843 E ArmVmp : Match on catch block at 0xc3 in for 0xa9
01-24 10:01:09.985 843 843 E ArmVmp : Match on catch block at 0xc3 in for 0xa9
01-24 10:01:09.989 843 843 E ArmVmp : Match on catch block at 0xc3 in for 0xa1
01-24 10:01:09.992 843 843 E ArmVmp : Match on catch block at 0xc3 in for 0xa5
01-24 10:01:09.994 843 843 E ArmVmp : Match on catch block at 0xc3 in for 0xa5
01-24 10:01:09.999 843 843 E ArmVmp : Match on catch block at 0xc3 in for 0xa9
01-24 10:01:10.002 843 843 E ArmVmp : Match on catch block at 0xc3 in for 0xa1
01-24 10:01:10.004 843 843 E ArmVmp : Match on catch block at 0xc3 in for 0xa1
01-24 10:01:10.013 843 843 E ArmVmp : Match on catch block at 0xc3 in for 0xa5
01-24 10:01:10.016 843 843 E ArmVmp : Match on catch block at 0xc3 in for 0xa9
01-24 10:01:10.017 843 843 E ArmVmp : Match on catch block at 0xc3 in for 0xa9
01-24 10:01:10.030 843 843 E ArmVmp : Match on catch block at 0xc3 in for 0xa1
01-24 10:01:10.032 843 843 E ArmVmp : Match on catch block at 0xc3 in for 0xa5
01-24 10:01:10.034 843 843 E ArmVmp : Match on catch block at 0xc3 in for 0xa5
01-24 10:01:10.047 843 843 E ArmVmp : Match on catch block at 0xc3 in for 0xa9
01-24 10:01:10.051 843 843 E ArmVmp : Match on catch block at 0xc3 in for 0xa1
01-24 10:01:10.053 843 843 E ArmVmp : Match on catch block at 0xc3 in for 0xa1
01-24 10:01:10.063 843 843 E ArmVmp : Match on catch block at 0xc3 in for 0xa5
01-24 10:01:10.067 843 843 E ArmVmp : Match on catch block at 0xc3 in for 0xa9
01-24 10:01:10.069 843 843 E ArmVmp : Match on catch block at 0xc3 in for 0xa9
01-24 10:01:10.080 843 843 E ArmVmp : Match on catch block at 0xc3 in for 0xa1
01-24 10:01:10.084 843 843 E ArmVmp : Match on catch block at 0xc3 in for 0xa5
01-24 10:01:10.086 843 843 E ArmVmp : Match on catch block at 0xc3 in for 0xa5
01-24 10:01:10.096 843 843 E ArmVmp : Match on catch block at 0xc3 in for 0xa9
01-24 10:01:10.101 843 843 E ArmVmp : Match on catch block at 0xc3 in for 0xa1
01-24 10:01:10.103 843 843 E ArmVmp : Match on catch block at 0xc3 in for 0xa1
01-24 10:01:10.113 843 843 E ArmVmp : Match on catch block at 0xc3 in for 0xa5
01-24 10:01:10.116 843 843 E ArmVmp : Match on catch block at 0xc3 in for 0xa9
01-24 10:01:10.119 843 843 E ArmVmp : Match on catch block at 0xc3 in for 0xa9
01-24 10:01:10.129 843 843 E ArmVmp : Match on catch block at 0xc3 in for 0xa1
01-24 10:01:10.133 843 843 E ArmVmp : Match on catch block at 0xc3 in for 0xa5
01-24 10:01:10.135 843 843 E ArmVmp : Match on catch block at 0xc3 in for 0xa5
01-24 10:01:10.153 843 843 E ArmVmp : Match on catch block at 0xc3 in for 0xa1
01-24 10:01:10.161 843 843 E ArmVmp : Match on catch block at 0xc3 in for 0xa5
01-24 10:01:10.166 843 843 E ArmVmp : Match on catch block at 0xc3 in for 0xa5
01-24 10:01:10.184 843 17890 W libEGL : EGLNativeWindowType 0x6e8ad25010 disconnect failed
01-24 10:01:10.192 843 843 E ArmVmp : Match on catch block at 0xc3 in for 0xa9
01-24 10:01:10.195 843 843 E ArmVmp : Match on catch block at 0xc3 in for 0xa1
01-24 10:01:10.198 843 843 E ArmVmp : Match on catch block at 0xc3 in for 0xa1
01-24 10:01:10.750 843 843 E ArmVmp : Match on catch block at 0x0a in for 0xc5
01-24 10:01:10.754 843 843 E ArmVmp : Match on catch block at 0x0a in for 0xc1
01-24 10:01:10.962 843 843 W View : requestLayout() improperly called by X.4rg{d3a9694 V.E....L. ......ID 0,221-720,882} during layout: running second layout pass
01-24 10:01:10.962 843 843 W View : requestLayout() improperly called by android.widget.LinearLayout{64b653d V.E...... ......ID 27,2-495,652 #7f0b0e50 app:id/main_layout} during layout: running second layout pass
01-24 10:01:10.962 843 843 W View : requestLayout() improperly called by com.whatsapp.conversation.conversationrow.ConversationRowImage$RowImageView{120e132 VFED..CL. ......ID 7,7-461,643 #7f0b0c84 app:id/image} during layout: running second layout pass
01-24 10:01:10.968 843 843 E ArmVmp : Match on catch block at 0xc3 in for 0xb1
01-24 10:01:10.973 843 843 E ArmVmp : Match on catch block at 0xc3 in for 0xb1
01-24 10:01:10.976 843 843 E ArmVmp : Match on catch block at 0xc3 in for 0xb1
01-24 10:01:11.040 843 843 E ArmVmp : Match on catch block at 0xc3 in for 0xa9
01-24 10:01:11.043 843 843 E ArmVmp : Match on catch block at 0xc3 in for 0xa1
01-24 10:01:11.045 843 843 E ArmVmp : Match on catch block at 0xc3 in for 0xa1
01-24 10:01:11.071 843 843 W View : requestLayout() improperly called by X.4rg{d3a9694 V.E....L. .......D 0,221-720,882} during second layout pass: posting in next frame
01-24 10:01:11.071 843 843 W View : requestLayout() improperly called by android.widget.LinearLayout{64b653d V.E...... .......D 27,2-495,652 #7f0b0e50 app:id/main_layout} during second layout pass: posting in next frame
01-24 10:01:11.076 843 843 E ArmVmp : Match on catch block at 0xc3 in for 0xa1
01-24 10:01:11.080 843 843 E ArmVmp : Match on catch block at 0xc3 in for 0xa5
01-24 10:01:11.084 843 843 E ArmVmp : Match on catch block at 0xc3 in for 0xa5
