01-24 10:04:12.755 843 843 E ArmVmp : Match on catch block at 0xc3 in for 0xa9
01-24 10:04:12.759 843 843 E ArmVmp : Match on catch block at 0xc3 in for 0xa1
01-24 10:04:12.772 843 843 E ArmVmp : Match on catch block at 0xc3 in for 0xa9
01-24 10:04:12.774 843 843 E ArmVmp : Match on catch block at 0xc3 in for 0xa1
01-24 10:04:12.791 843 17890 W libEGL : EGLNativeWindowType 0x6e5e52b010 disconnect failed
01-24 10:04:12.799 843 843 E ArmVmp : Match on catch block at 0xc3 in for 0xa9
01-24 10:04:12.802 843 843 E ArmVmp : Match on catch block at 0xc3 in for 0xa1
01-24 10:04:12.807 843 843 E ArmVmp : Match on catch block at 0xc3 in for 0xa9
01-24 10:04:12.812 843 843 E ArmVmp : Match on catch block at 0xc3 in for 0xa1
01-24 10:04:12.825 843 843 E ArmVmp : Match on catch block at 0xc3 in for 0xa9
01-24 10:04:12.829 843 843 E ArmVmp : Match on catch block at 0xc3 in for 0xa1
01-24 10:04:12.840 843 843 E ArmVmp : Match on catch block at 0xc3 in for 0xa9
01-24 10:04:12.842 843 843 E ArmVmp : Match on catch block at 0xc3 in for 0xa1
01-24 10:04:13.047 843 17010 E DatabaseUtils: Writing exception to parcel
01-24 10:04:13.047 843 17010 E DatabaseUtils: java.lang.SecurityException: Permission Denial: reading com.whatsapp.contentprovider.MediaProvider uri content://com.whatsapp.provider.media/item/a7f97a01-3428-47ba-9f1f-50b049f7d8ac from pid=19644, uid=1000 requires the provider be exported, or grantUriPermission()
01-24 10:04:13.047 843 17010 E DatabaseUtils: at android.content.ContentProvider.enforceReadPermissionInner(ContentProvider.java:841 )
01-24 10:04:13.047 843 17010 E DatabaseUtils: at android.content.ContentProvider.semEnforceReadPermission(ContentProvider.java:758)
01-24 10:04:13.047 843 17010 E DatabaseUtils: at android.content.ContentProvider$Transport.enforceReadPermission(ContentProvider.jav a:684)
01-24 10:04:13.047 843 17010 E DatabaseUtils: at android.content.ContentProvider$Transport.query(ContentProvider.java:239)
01-24 10:04:13.047 843 17010 E DatabaseUtils: at android.content.ContentProviderNative.onTransact(ContentProviderNative.java:106)
01-24 10:04:13.047 843 17010 E DatabaseUtils: at android.os.Binder.execTransactInternal(Binder.java:1190)
01-24 10:04:13.047 843 17010 E DatabaseUtils: at android.os.Binder.execTransact(Binder.java:1159)
01-24 10:04:13.256 843 843 E ArmVmp : Match on catch block at 0xc3 in for 0xa9
01-24 10:04:13.260 843 843 E ArmVmp : Match on catch block at 0xc3 in for 0xa1
01-24 10:04:13.272 843 843 E ArmVmp : Match on catch block at 0xc3 in for 0xa9
01-24 10:04:13.277 843 843 E ArmVmp : Match on catch block at 0xc3 in for 0xa1
01-24 10:04:13.293 843 17010 E DatabaseUtils: Writing exception to parcel
01-24 10:04:13.293 843 17010 E DatabaseUtils: java.lang.SecurityException: Permission Denial: reading com.whatsapp.contentprovider.MediaProvider uri content://com.whatsapp.provider.media/item/a7f97a01-3428-47ba-9f1f-50b049f7d8ac from pid=19644, uid=1000 requires the provider be exported, or grantUriPermission()
01-24 10:04:13.293 843 17010 E DatabaseUtils: at android.content.ContentProvider.enforceReadPermissionInner(ContentProvider.java:841 )
01-24 10:04:13.293 843 17010 E DatabaseUtils: at android.content.ContentProvider.semEnforceReadPermission(ContentProvider.java:758)
01-24 10:04:13.293 843 17010 E DatabaseUtils: at android.content.ContentProvider$Transport.enforceReadPermission(ContentProvider.jav a:684)
01-24 10:04:13.293 843 17010 E DatabaseUtils: at android.content.ContentProvider$Transport.query(ContentProvider.java:239)
01-24 10:04:13.293 843 17010 E DatabaseUtils: at android.content.ContentProviderNative.onTransact(ContentProviderNative.java:106)
01-24 10:04:13.293 843 17010 E DatabaseUtils: at android.os.Binder.execTransactInternal(Binder.java:1190)
01-24 10:04:13.293 843 17010 E DatabaseUtils: at android.os.Binder.execTransact(Binder.java:1159)
01-24 10:04:13.769 843 17010 E DatabaseUtils: Writing exception to parcel
01-24 10:04:13.769 843 17010 E DatabaseUtils: java.lang.SecurityException: Permission Denial: reading com.whatsapp.contentprovider.MediaProvider uri content://com.whatsapp.provider.media/item/a7f97a01-3428-47ba-9f1f-50b049f7d8ac from pid=19644, uid=1000 requires the provider be exported, or grantUriPermission()
01-24 10:04:13.769 843 17010 E DatabaseUtils: at android.content.ContentProvider.enforceReadPermissionInner(ContentProvider.java:841 )
01-24 10:04:13.769 843 17010 E DatabaseUtils: at android.content.ContentProvider.semEnforceReadPermission(ContentProvider.java:758)
01-24 10:04:13.769 843 17010 E DatabaseUtils: at android.content.ContentProvider$Transport.enforceReadPermission(ContentProvider.jav a:684)
01-24 10:04:13.769 843 17010 E DatabaseUtils: at android.content.ContentProvider$Transport.query(ContentProvider.java:239)
01-24 10:04:13.769 843 17010 E DatabaseUtils: at android.content.ContentProviderNative.onTransact(ContentProviderNative.java:106)
01-24 10:04:13.769 843 17010 E DatabaseUtils: at android.os.Binder.execTransactInternal(Binder.java:1190)
01-24 10:04:13.769 843 17010 E DatabaseUtils: at android.os.Binder.execTransact(Binder.java:1159)
01-24 10:04:13.970 843 843 E ArmVmp : Match on catch block at 0xc3 in for 0xa9
01-24 10:04:13.974 843 843 E ArmVmp : Match on catch block at 0xc3 in for 0xa1
01-24 10:04:13.987 843 843 E ArmVmp : Match on catch block at 0xc3 in for 0xa9
01-24 10:04:13.990 843 843 E ArmVmp : Match on catch block at 0xc3 in for 0xa1
01-24 10:04:14.004 843 843 E ArmVmp : Match on catch block at 0xc3 in for 0xa9
01-24 10:04:14.006 843 843 E ArmVmp : Match on catch block at 0xc3 in for 0xa1
01-24 10:04:14.021 843 843 E ArmVmp : Match on catch block at 0xc3 in for 0xa9
01-24 10:04:14.024 843 843 E ArmVmp : Match on catch block at 0xc3 in for 0xa1
01-24 10:04:14.037 843 843 E ArmVmp : Match on catch block at 0xc3 in for 0xa9
01-24 10:04:14.044 843 843 E ArmVmp : Match on catch block at 0xc3 in for 0xa1
01-24 10:04:14.055 843 843 E ArmVmp : Match on catch block at 0xc3 in for 0xa9
01-24 10:04:14.059 843 843 E ArmVmp : Match on catch block at 0xc3 in for 0xa1
01-24 10:04:14.073 843 843 E ArmVmp : Match on catch block at 0xc3 in for 0xa9
01-24 10:04:14.077 843 843 E ArmVmp : Match on catch block at 0xc3 in for 0xa1
01-24 10:04:14.089 843 843 E ArmVmp : Match on catch block at 0xc3 in for 0xa9
01-24 10:04:14.095 843 843 E ArmVmp : Match on catch block at 0xc3 in for 0xa1
01-24 10:04:14.112 843 843 E ArmVmp : Match on catch block at 0xc3 in for 0xa9
01-24 10:04:14.120 843 843 E ArmVmp : Match on catch block at 0xc3 in for 0xa1
01-24 10:04:14.129 843 843 E ArmVmp : Match on catch block at 0xc3 in for 0xa9
01-24 10:04:14.144 843 843 E ArmVmp : Match on catch block at 0xc3 in for 0xa1
01-24 10:04:14.156 843 843 E ArmVmp : Match on catch block at 0xc3 in for 0xa9
01-24 10:04:14.161 843 843 E ArmVmp : Match on catch block at 0xc3 in for 0xa1
01-24 10:04:14.173 843 843 E ArmVmp : Match on catch block at 0xc3 in for 0xa9
01-24 10:04:14.179 843 843 E ArmVmp : Match on catch block at 0xc3 in for 0xa1
01-24 10:04:14.189 843 843 E ArmVmp : Match on catch block at 0xc3 in for 0xa9
01-24 10:04:14.197 843 843 E ArmVmp : Match on catch block at 0xc3 in for 0xa1
01-24 10:04:14.205 843 843 E ArmVmp : Match on catch block at 0xc3 in for 0xa9
01-24 10:04:14.215 843 843 E ArmVmp : Match on catch block at 0xc3 in for 0xa1
01-24 10:04:14.223 843 843 E ArmVmp : Match on catch block at 0xc3 in for 0xa9
01-24 10:04:14.230 843 843 E ArmVmp : Match on catch block at 0xc3 in for 0xa1
01-24 10:04:16.704 843 843 E ArmVmp : Match on catch block at 0xc3 in for 0xa9
01-24 10:04:16.723 843 843 E ArmVmp : Match on catch block at 0xc3 in for 0xa1
01-24 10:04:16.855 843 17890 W libEGL : EGLNativeWindowType 0x6e98e0a010 disconnect failed
01-24 10:04:16.871 843 843 E ArmVmp : Match on catch block at 0xc3 in for 0xa9
01-24 10:04:16.876 843 843 E ArmVmp : Match on catch block at 0xc3 in for 0xa1
01-24 10:04:25.140 843 17008 W System : A resource failed to call destroy.
01-24 10:04:25.140 843 17008 W System : A resource failed to call destroy.
01-24 10:04:25.140 843 17008 W System : A resource failed to call destroy.
01-24 10:04:25.140 843 17008 W System : A resource failed to call destroy.
01-24 10:04:25.141 843 17008 W System : A resource failed to call destroy.
01-24 10:04:25.141 843 17008 W System : A resource failed to call destroy.
01-24 10:04:25.141 843 17008 W System : A resource failed to call destroy.
01-24 10:04:25.141 843 17008 W System : A resource failed to call destroy.
01-24 10:04:25.142 843 17008 W System : A resource failed to call release.
01-24 10:04:25.142 843 17008 W System : A resource failed to call release.
01-24 10:04:58.199 843 843 E ArmVmp : Match on catch block at 0x0a in for 0xc9
01-24 10:04:58.203 843 843 E ArmVmp : Match on catch block at 0x0a in for 0xc5
01-24 10:04:58.424 843 843 E ArmVmp : Match on catch block at 0xc3 in for 0xa1
01-24 10:04:58.451 843 843 E ArmVmp : Match on catch block at 0xc3 in for 0xa5
01-24 10:04:58.573 843 843 E ArmVmp : Match on catch block at 0xc3 in for 0xa9
01-24 10:04:58.582 843 843 E ArmVmp : Match on catch block at 0xc3 in for 0xa1
01-24 10:04:58.752 843 843 E ArmVmp : Match on catch block at 0xc3 in for 0xa1
01-24 10:04:58.763 843 843 E ArmVmp : Match on catch block at 0xc3 in for 0xa5
01-24 10:04:59.141 843 843 E ArmVmp : Match on catch block at 0xc3 in for 0xa1
01-24 10:04:59.148 843 843 E ArmVmp : Match on catch block at 0xc3 in for 0xa5
01-24 10:04:59.174 843 843 E ArmVmp : Match on catch block at 0xc3 in for 0xa1
01-24 10:04:59.181 843 843 E ArmVmp : Match on catch block at 0xc3 in for 0xa5
01-24 10:04:59.192 843 843 E ArmVmp : Match on catch block at 0xc3 in for 0xa1
01-24 10:04:59.200 843 843 E ArmVmp : Match on catch block at 0xc3 in for 0xa5
01-24 10:04:59.211 843 843 E ArmVmp : Match on catch block at 0xc3 in for 0xa1
01-24 10:04:59.222 843 843 E ArmVmp : Match on catch block at 0xc3 in for 0xa5
01-24 10:04:59.242 843 843 E ArmVmp : Match on catch block at 0xc3 in for 0xa1
01-24 10:04:59.252 843 843 E ArmVmp : Match on catch block at 0xc3 in for 0xa5
01-24 10:04:59.264 843 843 E ArmVmp : Match on catch block at 0xc3 in for 0xa1
01-24 10:04:59.271 843 843 E ArmVmp : Match on catch block at 0xc3 in for 0xa5
01-24 10:04:59.291 843 843 E ArmVmp : Match on catch block at 0xc3 in for 0xa1
01-24 10:04:59.303 843 843 E ArmVmp : Match on catch block at 0xc3 in for 0xa5
01-24 10:04:59.325 843 843 E ArmVmp : Match on catch block at 0xc3 in for 0xa1
01-24 10:04:59.336 843 843 E ArmVmp : Match on catch block at 0xc3 in for 0xa5
01-24 10:04:59.361 843 843 E ArmVmp : Match on catch block at 0xc3 in for 0xa1
01-24 10:04:59.368 843 843 E ArmVmp : Match on catch block at 0xc3 in for 0xa5
01-24 10:04:59.392 843 843 E ArmVmp : Match on catch block at 0xc3 in for 0xa1
01-24 10:04:59.399 843 843 E ArmVmp : Match on catch block at 0xc3 in for 0xa5
01-24 10:04:59.412 843 843 E ArmVmp : Match on catch block at 0xc3 in for 0xa1
01-24 10:04:59.419 843 843 E ArmVmp : Match on catch block at 0xc3 in for 0xa5
01-24 10:04:59.431 843 843 E ArmVmp : Match on catch block at 0xc3 in for 0xa1
01-24 10:04:59.438 843 843 E ArmVmp : Match on catch block at 0xc3 in for 0xa5
01-24 10:04:59.458 843 843 E ArmVmp : Match on catch block at 0xc3 in for 0xa1
01-24 10:04:59.465 843 843 E ArmVmp : Match on catch block at 0xc3 in for 0xa5
01-24 10:04:59.478 843 843 E ArmVmp : Match on catch block at 0xc3 in for 0xa1
01-24 10:04:59.484 843 843 E ArmVmp : Match on catch block at 0xc3 in for 0xa5
01-24 10:04:59.641 843 843 E ArmVmp : Match on catch block at 0xc3 in for 0xa1
01-24 10:04:59.646 843 843 E ArmVmp : Match on catch block at 0xc3 in for 0xa5
01-24 10:05:00.140 843 843 E ArmVmp : Match on catch block at 0xc3 in for 0xa1
01-24 10:05:00.144 843 843 E ArmVmp : Match on catch block at 0xc3 in for 0xa5
01-24 10:05:00.158 843 843 E ArmVmp : Match on catch block at 0xc3 in for 0xa1
01-24 10:05:00.161 843 843 E ArmVmp : Match on catch block at 0xc3 in for 0xa5
01-24 10:05:00.175 843 843 E ArmVmp : Match on catch block at 0xc3 in for 0xa1
01-24 10:05:00.179 843 843 E ArmVmp : Match on catch block at 0xc3 in for 0xa5
01-24 10:05:00.190 843 843 E ArmVmp : Match on catch block at 0xc3 in for 0xa1
01-24 10:05:00.194 843 843 E ArmVmp : Match on catch block at 0xc3 in for 0xa5
01-24 10:05:00.206 843 843 E ArmVmp : Match on catch block at 0xc3 in for 0xa1
01-24 10:05:00.210 843 843 E ArmVmp : Match on catch block at 0xc3 in for 0xa5
01-24 10:05:00.223 843 843 E ArmVmp : Match on catch block at 0xc3 in for 0xa1
01-24 10:05:00.227 843 843 E ArmVmp : Match on catch block at 0xc3 in for 0xa5
01-24 10:05:00.240 843 843 E ArmVmp : Match on catch block at 0xc3 in for 0xa1
01-24 10:05:00.246 843 843 E ArmVmp : Match on catch block at 0xc3 in for 0xa5
01-24 10:05:00.257 843 843 E ArmVmp : Match on catch block at 0xc3 in for 0xa1
01-24 10:05:00.261 843 843 E ArmVmp : Match on catch block at 0xc3 in for 0xa5
01-24 10:05:00.273 843 843 E ArmVmp : Match on catch block at 0xc3 in for 0xa1
01-24 10:05:00.285 843 843 E ArmVmp : Match on catch block at 0xc3 in for 0xa5
01-24 10:05:00.291 843 843 E ArmVmp : Match on catch block at 0xc3 in for 0xa1
01-24 10:05:00.299 843 843 E ArmVmp : Match on catch block at 0xc3 in for 0xa5
01-24 10:05:00.306 843 843 E ArmVmp : Match on catch block at 0xc3 in for 0xa1
01-24 10:05:00.313 843 843 E ArmVmp : Match on catch block at 0xc3 in for 0xa5
01-24 10:05:00.323 843 843 E ArmVmp : Match on catch block at 0xc3 in for 0xa1
01-24 10:05:00.327 843 843 E ArmVmp : Match on catch block at 0xc3 in for 0xa5
01-24 10:05:00.341 843 843 E ArmVmp : Match on catch block at 0xc3 in for 0xa1
01-24 10:05:00.345 843 843 E ArmVmp : Match on catch block at 0xc3 in for 0xa5
01-24 10:05:00.357 843 843 E ArmVmp : Match on catch block at 0xc3 in for 0xa1
01-24 10:05:00.360 843 843 E ArmVmp : Match on catch block at 0xc3 in for 0xa5
01-24 10:05:00.373 843 843 E ArmVmp : Match on catch block at 0xc3 in for 0xa1
01-24 10:05:00.378 843 843 E ArmVmp : Match on catch block at 0xc3 in for 0xa5
01-24 10:05:00.390 843 843 E ArmVmp : Match on catch block at 0xc3 in for 0xa1
01-24 10:05:00.395 843 843 E ArmVmp : Match on catch block at 0xc3 in for 0xa5
01-24 10:05:00.407 843 843 E ArmVmp : Match on catch block at 0xc3 in for 0xa1
01-24 10:05:00.410 843 843 E ArmVmp : Match on catch block at 0xc3 in for 0xa5
01-24 10:05:00.423 843 843 E ArmVmp : Match on catch block at 0xc3 in for 0xa1
01-24 10:05:00.426 843 843 E ArmVmp : Match on catch block at 0xc3 in for 0xa5
01-24 10:05:00.640 843 843 E ArmVmp : Match on catch block at 0xc3 in for 0xa1
01-24 10:05:00.644 843 843 E ArmVmp : Match on catch block at 0xc3 in for 0xa5
01-24 10:05:01.499 843 843 E ArmVmp : Match on catch block at 0xc3 in for 0xa9
01-24 10:05:01.501 843 843 E ArmVmp : Match on catch block at 0xc3 in for 0xa1
01-24 10:05:01.550 843 843 E ArmVmp : Match on catch block at 0xc3 in for 0xa1
01-24 10:05:01.553 843 843 E ArmVmp : Match on catch block at 0xc3 in for 0xa5
01-24 10:05:01.608 843 843 E ArmVmp : Match on catch block at 0xc3 in for 0xa1
01-24 10:05:01.611 843 843 E ArmVmp : Match on catch block at 0xc3 in for 0xa5
01-24 10:05:01.627 843 843 E ArmVmp : Match on catch block at 0xc3 in for 0xa1
01-24 10:05:01.630 843 843 E ArmVmp : Match on catch block at 0xc3 in for 0xa5
01-24 10:05:01.650 843 17890 W libEGL : EGLNativeWindowType 0x6e8ad2c010 disconnect failed
01-24 10:05:01.658 843 843 E ArmVmp : Match on catch block at 0xc3 in for 0xa1
01-24 10:05:01.661 843 843 E ArmVmp : Match on catch block at 0xc3 in for 0xa5
01-24 10:05:01.666 843 843 E ArmVmp : Match on catch block at 0xc3 in for 0xa1
01-24 10:05:01.669 843 843 E ArmVmp : Match on catch block at 0xc3 in for 0xa5
01-24 10:05:01.680 843 843 E ArmVmp : Match on catch block at 0xc3 in for 0xa1
01-24 10:05:01.683 843 843 E ArmVmp : Match on catch block at 0xc3 in for 0xa5
01-24 10:05:01.692 843 843 E ArmVmp : Match on catch block at 0xc3 in for 0xa1
01-24 10:05:01.695 843 843 E ArmVmp : Match on catch block at 0xc3 in for 0xa5
01-24 10:05:01.706 843 843 E ArmVmp : Match on catch block at 0xc3 in for 0xa1
01-24 10:05:01.710 843 843 E ArmVmp : Match on catch block at 0xc3 in for 0xa5
01-24 10:05:01.731 843 843 E ArmVmp : Match on catch block at 0xc3 in for 0xa1
01-24 10:05:01.734 843 843 E ArmVmp : Match on catch block at 0xc3 in for 0xa5
01-24 10:05:01.744 843 843 E ArmVmp : Match on catch block at 0xc3 in for 0xa1
01-24 10:05:01.747 843 843 E ArmVmp : Match on catch block at 0xc3 in for 0xa5
01-24 10:05:01.758 843 843 E ArmVmp : Match on catch block at 0xc3 in for 0xa1
01-24 10:05:01.762 843 843 E ArmVmp : Match on catch block at 0xc3 in for 0xa5
01-24 10:05:01.837 843 843 E ArmVmp : Match on catch block at 0xc3 in for 0xa1
01-24 10:05:01.843 843 843 E ArmVmp : Match on catch block at 0xc3 in for 0xa5
01-24 10:05:01.869 843 843 E ArmVmp : Match on catch block at 0xc3 in for 0xa9
01-24 10:05:01.872 843 843 E ArmVmp : Match on catch block at 0xc3 in for 0xa1
01-24 10:05:01.886 843 843 E ArmVmp : Match on catch block at 0xc3 in for 0xa9
01-24 10:05:01.890 843 843 E ArmVmp : Match on catch block at 0xc3 in for 0xa1
01-24 10:05:01.901 843 843 E ArmVmp : Match on catch block at 0xc3 in for 0xa9
01-24 10:05:01.905 843 843 E ArmVmp : Match on catch block at 0xc3 in for 0xa1
01-24 10:05:01.917 843 843 E ArmVmp : Match on catch block at 0xc3 in for 0xa9
01-24 10:05:01.920 843 843 E ArmVmp : Match on catch block at 0xc3 in for 0xa1
01-24 10:05:01.932 843 843 E ArmVmp : Match on catch block at 0xc3 in for 0xa9
01-24 10:05:01.935 843 843 E ArmVmp : Match on catch block at 0xc3 in for 0xa1
01-24 10:05:01.948 843 843 E ArmVmp : Match on catch block at 0xc3 in for 0xa9
01-24 10:05:01.950 843 843 E ArmVmp : Match on catch block at 0xc3 in for 0xa1
01-24 10:05:01.960 843 843 E ArmVmp : Match on catch block at 0xc3 in for 0xa9
01-24 10:05:01.963 843 843 E ArmVmp : Match on catch block at 0xc3 in for 0xa1
01-24 10:05:01.973 843 843 E ArmVmp : Match on catch block at 0xc3 in for 0xa9
01-24 10:05:01.978 843 843 E ArmVmp : Match on catch block at 0xc3 in for 0xa1
01-24 10:05:01.990 843 843 E ArmVmp : Match on catch block at 0xc3 in for 0xa9
01-24 10:05:01.994 843 843 E ArmVmp : Match on catch block at 0xc3 in for 0xa1
01-24 10:05:02.007 843 843 E ArmVmp : Match on catch block at 0xc3 in for 0xa9
01-24 10:05:02.011 843 843 E ArmVmp : Match on catch block at 0xc3 in for 0xa1
01-24 10:05:02.022 843 843 E ArmVmp : Match on catch block at 0xc3 in for 0xa9
01-24 10:05:02.025 843 843 E ArmVmp : Match on catch block at 0xc3 in for 0xa1
01-24 10:05:02.040 843 843 E ArmVmp : Match on catch block at 0xc3 in for 0xa9
01-24 10:05:02.043 843 843 E ArmVmp : Match on catch block at 0xc3 in for 0xa1
01-24 10:05:02.057 843 843 E ArmVmp : Match on catch block at 0xc3 in for 0xa9
01-24 10:05:02.060 843 843 E ArmVmp : Match on catch block at 0xc3 in for 0xa1
01-24 10:05:02.073 843 843 E ArmVmp : Match on catch block at 0xc3 in for 0xa9
01-24 10:05:02.076 843 843 E ArmVmp : Match on catch block at 0xc3 in for 0xa1
01-24 10:05:02.090 843 843 E ArmVmp : Match on catch block at 0xc3 in for 0xa9
01-24 10:05:02.093 843 843 E ArmVmp : Match on catch block at 0xc3 in for 0xa1
01-24 10:05:02.107 843 843 E ArmVmp : Match on catch block at 0xc3 in for 0xa9
01-24 10:05:02.110 843 843 E ArmVmp : Match on catch block at 0xc3 in for 0xa1
01-24 10:05:02.123 843 843 E ArmVmp : Match on catch block at 0xc3 in for 0xa9
01-24 10:05:02.126 843 843 E ArmVmp : Match on catch block at 0xc3 in for 0xa1
01-24 10:05:02.173 843 843 E ArmVmp : Match on catch block at 0xc3 in for 0xa9
01-24 10:05:02.176 843 843 E ArmVmp : Match on catch block at 0xc3 in for 0xa1
01-24 10:05:02.521 843 843 E ArmVmp : Match on catch block at 0xc3 in for 0xa9
01-24 10:05:02.526 843 843 E ArmVmp : Match on catch block at 0xc3 in for 0xa1
01-24 10:05:03.026 843 843 E ArmVmp : Match on catch block at 0xc3 in for 0xa9
01-24 10:05:03.034 843 843 E ArmVmp : Match on catch block at 0xc3 in for 0xa1
01-24 10:05:03.427 843 843 E ArmVmp : Match on catch block at 0xc3 in for 0xa9
01-24 10:05:03.441 843 843 E ArmVmp : Match on catch block at 0xc3 in for 0xa1
01-24 10:05:03.456 843 843 E ArmVmp : Match on catch block at 0xc3 in for 0xa9
01-24 10:05:03.463 843 843 E ArmVmp : Match on catch block at 0xc3 in for 0xa1
01-24 10:05:03.473 843 843 E ArmVmp : Match on catch block at 0xc3 in for 0xa9
01-24 10:05:03.481 843 843 E ArmVmp : Match on catch block at 0xc3 in for 0xa1
01-24 10:05:03.495 843 17890 W libEGL : EGLNativeWindowType 0x6e8ad2c010 disconnect failed
01-24 10:05:03.514 843 843 W InputEventReceiver: Attempted to finish an input event but the input event receiver has already been disposed.
01-24 10:05:03.518 843 843 E ArmVmp : Match on catch block at 0xc3 in for 0xa9
01-24 10:05:03.523 843 843 E ArmVmp : Match on catch block at 0xc3 in for 0xa1
01-24 10:05:03.531 843 843 E ArmVmp : Match on catch block at 0xc3 in for 0xa1
01-24 10:05:03.535 843 843 E ArmVmp : Match on catch block at 0xc3 in for 0xa5
01-24 10:05:03.551 843 843 E ArmVmp : Match on catch block at 0xc3 in for 0xa1
01-24 10:05:03.554 843 843 E ArmVmp : Match on catch block at 0xc3 in for 0xa5
01-24 10:05:03.748 843 843 E ArmVmp : Match on catch block at 0xc3 in for 0xa1
01-24 10:05:03.751 843 843 E ArmVmp : Match on catch block at 0xc3 in for 0xa5
01-24 10:05:03.823 843 843 E ArmVmp : Match on catch block at 0xc3 in for 0xa1
01-24 10:05:03.826 843 843 E ArmVmp : Match on catch block at 0xc3 in for 0xa5
01-24 10:05:03.847 843 17890 W libEGL : EGLNativeWindowType 0x6f1ee2e010 disconnect failed
01-24 10:05:03.853 843 843 E ArmVmp : Match on catch block at 0xc3 in for 0xa1
01-24 10:05:03.856 843 843 E ArmVmp : Match on catch block at 0xc3 in for 0xa5
01-24 10:05:04.547 843 843 E ArmVmp : Match on catch block at 0xc3 in for 0xa9
01-24 10:05:04.549 843 843 E ArmVmp : Match on catch block at 0xc3 in for 0xa1
01-24 10:05:04.653 843 843 E ArmVmp : Match on catch block at 0xc3 in for 0xa9
01-24 10:05:04.656 843 843 E ArmVmp : Match on catch block at 0xc3 in for 0xa1
01-24 10:05:04.764 843 843 E ArmVmp : Match on catch block at 0xc3 in for 0xa1
01-24 10:05:04.766 843 843 E ArmVmp : Match on catch block at 0xc3 in for 0xa5
01-24 10:05:04.776 843 843 E ArmVmp : Match on catch block at 0xc3 in for 0xa1
01-24 10:05:04.782 843 843 E ArmVmp : Match on catch block at 0xc3 in for 0xa5
01-24 10:05:04.786 843 843 E ArmVmp : Match on catch block at 0xc3 in for 0xa1
01-24 10:05:04.789 843 843 E ArmVmp : Match on catch block at 0xc3 in for 0xa5
01-24 10:05:04.803 843 843 E ArmVmp : Match on catch block at 0xc3 in for 0xa1
01-24 10:05:04.806 843 843 E ArmVmp : Match on catch block at 0xc3 in for 0xa5
01-24 10:05:04.823 843 843 E ArmVmp : Match on catch block at 0xc3 in for 0xa1
01-24 10:05:04.826 843 843 E ArmVmp : Match on catch block at 0xc3 in for 0xa5
01-24 10:05:04.837 843 843 E ArmVmp : Match on catch block at 0xc3 in for 0xa1
01-24 10:05:04.842 843 843 E ArmVmp : Match on catch block at 0xc3 in for 0xa5
01-24 10:05:04.853 843 843 E ArmVmp : Match on catch block at 0xc3 in for 0xa1
01-24 10:05:04.858 843 843 E ArmVmp : Match on catch block at 0xc3 in for 0xa5
01-24 10:05:04.870 843 843 E ArmVmp : Match on catch block at 0xc3 in for 0xa1
01-24 10:05:04.876 843 843 E ArmVmp : Match on catch block at 0xc3 in for 0xa5
01-24 10:05:04.887 843 843 E ArmVmp : Match on catch block at 0xc3 in for 0xa1
01-24 10:05:04.891 843 843 E ArmVmp : Match on catch block at 0xc3 in for 0xa5
01-24 10:05:04.906 843 17890 W libEGL : EGLNativeWindowType 0x6f1ee2e010 disconnect failed
01-24 10:05:04.916 843 843 E ArmVmp : Match on catch block at 0xc3 in for 0xa1
01-24 10:05:04.920 843 843 E ArmVmp : Match on catch block at 0xc3 in for 0xa5
01-24 10:05:04.928 843 843 E ArmVmp : Match on catch block at 0xc3 in for 0xa1
01-24 10:05:04.931 843 843 E ArmVmp : Match on catch block at 0xc3 in for 0xa5
01-24 10:05:04.937 843 843 E ArmVmp : Match on catch block at 0xc3 in for 0xa1
01-24 10:05:04.943 843 843 E ArmVmp : Match on catch block at 0xc3 in for 0xa5
01-24 10:05:04.956 843 843 E ArmVmp : Match on catch block at 0xc3 in for 0xa1
01-24 10:05:04.959 843 843 E ArmVmp : Match on catch block at 0xc3 in for 0xa5
01-24 10:05:05.288 843 17012 E DatabaseUtils: Writing exception to parcel
01-24 10:05:05.288 843 17012 E DatabaseUtils: java.lang.SecurityException: Permission Denial: reading com.whatsapp.contentprovider.MediaProvider uri content://com.whatsapp.provider.media/item/fe0d7b3c-4123-4de6-b6ae-06b49043344d from pid=21290, uid=1000 requires the provider be exported, or grantUriPermission()
01-24 10:05:05.288 843 17012 E DatabaseUtils: at android.content.ContentProvider.enforceReadPermissionInner(ContentProvider.java:841 )
01-24 10:05:05.288 843 17012 E DatabaseUtils: at android.content.ContentProvider.semEnforceReadPermission(ContentProvider.java:758)
01-24 10:05:05.288 843 17012 E DatabaseUtils: at android.content.ContentProvider$Transport.enforceReadPermission(ContentProvider.jav a:684)
01-24 10:05:05.288 843 17012 E DatabaseUtils: at android.content.ContentProvider$Transport.query(ContentProvider.java:239)
01-24 10:05:05.288 843 17012 E DatabaseUtils: at android.content.ContentProviderNative.onTransact(ContentProviderNative.java:106)
01-24 10:05:05.288 843 17012 E DatabaseUtils: at android.os.Binder.execTransactInternal(Binder.java:1190)
01-24 10:05:05.288 843 17012 E DatabaseUtils: at android.os.Binder.execTransact(Binder.java:1159)
01-24 10:05:05.522 843 843 E ArmVmp : Match on catch block at 0xc3 in for 0xa1
01-24 10:05:05.528 843 843 E ArmVmp : Match on catch block at 0xc3 in for 0xa5
01-24 10:05:05.537 843 843 E ArmVmp : Match on catch block at 0xc3 in for 0xa1
01-24 10:05:05.541 843 843 E ArmVmp : Match on catch block at 0xc3 in for 0xa5
01-24 10:05:05.554 843 17012 E DatabaseUtils: Writing exception to parcel
01-24 10:05:05.554 843 17012 E DatabaseUtils: java.lang.SecurityException: Permission Denial: reading com.whatsapp.contentprovider.MediaProvider uri content://com.whatsapp.provider.media/item/fe0d7b3c-4123-4de6-b6ae-06b49043344d from pid=21290, uid=1000 requires the provider be exported, or grantUriPermission()
01-24 10:05:05.554 843 17012 E DatabaseUtils: at android.content.ContentProvider.enforceReadPermissionInner(ContentProvider.java:841 )
01-24 10:05:05.554 843 17012 E DatabaseUtils: at android.content.ContentProvider.semEnforceReadPermission(ContentProvider.java:758)
01-24 10:05:05.554 843 17012 E DatabaseUtils: at android.content.ContentProvider$Transport.enforceReadPermission(ContentProvider.jav a:684)
01-24 10:05:05.554 843 17012 E DatabaseUtils: at android.content.ContentProvider$Transport.query(ContentProvider.java:239)
01-24 10:05:05.554 843 17012 E DatabaseUtils: at android.content.ContentProviderNative.onTransact(ContentProviderNative.java:106)
01-24 10:05:05.554 843 17012 E DatabaseUtils: at android.os.Binder.execTransactInternal(Binder.java:1190)
01-24 10:05:05.554 843 17012 E DatabaseUtils: at android.os.Binder.execTransact(Binder.java:1159)
01-24 10:05:06.119 843 843 E ArmVmp : Match on catch block at 0xc3 in for 0xa1
01-24 10:05:06.124 843 843 E ArmVmp : Match on catch block at 0xc3 in for 0xa5
01-24 10:05:06.136 843 843 E ArmVmp : Match on catch block at 0xc3 in for 0xa1
01-24 10:05:06.140 843 843 E ArmVmp : Match on catch block at 0xc3 in for 0xa5
01-24 10:05:06.152 843 843 E ArmVmp : Match on catch block at 0xc3 in for 0xa1
01-24 10:05:06.155 843 843 E ArmVmp : Match on catch block at 0xc3 in for 0xa5
01-24 10:05:06.169 843 843 E ArmVmp : Match on catch block at 0xc3 in for 0xa1
01-24 10:05:06.172 843 843 E ArmVmp : Match on catch block at 0xc3 in for 0xa5
01-24 10:05:06.186 843 843 E ArmVmp : Match on catch block at 0xc3 in for 0xa1
01-24 10:05:06.189 843 843 E ArmVmp : Match on catch block at 0xc3 in for 0xa5
01-24 10:05:06.203 843 843 E ArmVmp : Match on catch block at 0xc3 in for 0xa1
01-24 10:05:06.208 843 843 E ArmVmp : Match on catch block at 0xc3 in for 0xa5
01-24 10:05:06.220 843 843 E ArmVmp : Match on catch block at 0xc3 in for 0xa1
01-24 10:05:06.231 843 843 E ArmVmp : Match on catch block at 0xc3 in for 0xa5
01-24 10:05:06.246 843 843 E ArmVmp : Match on catch block at 0xc3 in for 0xa1
01-24 10:05:06.250 843 843 E ArmVmp : Match on catch block at 0xc3 in for 0xa5
01-24 10:05:06.253 843 17012 E DatabaseUtils: Writing exception to parcel
01-24 10:05:06.253 843 17012 E DatabaseUtils: java.lang.SecurityException: Permission Denial: reading com.whatsapp.contentprovider.MediaProvider uri content://com.whatsapp.provider.media/item/fe0d7b3c-4123-4de6-b6ae-06b49043344d from pid=21290, uid=1000 requires the provider be exported, or grantUriPermission()
01-24 10:05:06.253 843 17012 E DatabaseUtils: at android.content.ContentProvider.enforceReadPermissionInner(ContentProvider.java:841 )
01-24 10:05:06.253 843 17012 E DatabaseUtils: at android.content.ContentProvider.semEnforceReadPermission(ContentProvider.java:758)
01-24 10:05:06.253 843 17012 E DatabaseUtils: at android.content.ContentProvider$Transport.enforceReadPermission(ContentProvider.jav a:684)
01-24 10:05:06.253 843 17012 E DatabaseUtils: at android.content.ContentProvider$Transport.query(ContentProvider.java:239)
01-24 10:05:06.253 843 17012 E DatabaseUtils: at android.content.ContentProviderNative.onTransact(ContentProviderNative.java:106)
01-24 10:05:06.253 843 17012 E DatabaseUtils: at android.os.Binder.execTransactInternal(Binder.java:1190)
01-24 10:05:06.253 843 17012 E DatabaseUtils: at android.os.Binder.execTransact(Binder.java:1159)
01-24 10:05:06.257 843 843 E ArmVmp : Match on catch block at 0xc3 in for 0xa1
01-24 10:05:06.279 843 843 E ArmVmp : Match on catch block at 0xc3 in for 0xa5
01-24 10:05:06.287 843 843 E ArmVmp : Match on catch block at 0xc3 in for 0xa1
01-24 10:05:06.293 843 843 E ArmVmp : Match on catch block at 0xc3 in for 0xa5
01-24 10:05:06.303 843 843 E ArmVmp : Match on catch block at 0xc3 in for 0xa1
01-24 10:05:06.310 843 843 E ArmVmp : Match on catch block at 0xc3 in for 0xa5
01-24 10:05:06.321 843 843 E ArmVmp : Match on catch block at 0xc3 in for 0xa1
01-24 10:05:06.330 843 843 E ArmVmp : Match on catch block at 0xc3 in for 0xa5
01-24 10:05:06.342 843 843 E ArmVmp : Match on catch block at 0xc3 in for 0xa1
01-24 10:05:06.347 843 843 E ArmVmp : Match on catch block at 0xc3 in for 0xa5
01-24 10:05:06.357 843 843 E ArmVmp : Match on catch block at 0xc3 in for 0xa1
01-24 10:05:06.363 843 843 E ArmVmp : Match on catch block at 0xc3 in for 0xa5
01-24 10:05:06.369 843 843 E ArmVmp : Match on catch block at 0xc3 in for 0xa1
01-24 10:05:06.371 843 843 E ArmVmp : Match on catch block at 0xc3 in for 0xa5
01-24 10:05:08.435 843 843 E ArmVmp : Match on catch block at 0xc3 in for 0xa1
01-24 10:05:08.445 843 843 E ArmVmp : Match on catch block at 0xc3 in for 0xa5
01-24 10:05:08.605 843 17890 W libEGL : EGLNativeWindowType 0x6f176bd010 disconnect failed
01-24 10:05:08.626 843 843 E ArmVmp : Match on catch block at 0xc3 in for 0xa1
01-24 10:05:08.631 843 843 E ArmVmp : Match on catch block at 0xc3 in for 0xa5
01-24 10:05:49.648 843 843 E ArmVmp : Match on catch block at 0x0a in for 0xc5
01-24 10:05:49.652 843 843 E ArmVmp : Match on catch block at 0x0a in for 0xc1
01-24 10:05:49.744 843 843 E ArmVmp : Match on catch block at 0xc3 in for 0xa9
01-24 10:05:49.750 843 843 E ArmVmp : Match on catch block at 0xc3 in for 0xa1
01-24 10:05:49.840 843 843 E ArmVmp : Match on catch block at 0xc3 in for 0xa5
01-24 10:05:49.844 843 843 E ArmVmp : Match on catch block at 0xc3 in for 0xa9
01-24 10:05:49.869 843 843 E ArmVmp : Match on catch block at 0xc3 in for 0xa5
01-24 10:05:49.873 843 843 E ArmVmp : Match on catch block at 0xc3 in for 0xa9
01-24 10:05:49.926 843 843 E ArmVmp : Match on catch block at 0xc3 in for 0xa9
01-24 10:05:49.931 843 843 E ArmVmp : Match on catch block at 0xc3 in for 0xa1
01-24 10:05:49.939 843 843 E ArmVmp : Match on catch block at 0xc3 in for 0xa9
01-24 10:05:49.944 843 843 E ArmVmp : Match on catch block at 0xc3 in for 0xa1
01-24 10:05:49.955 843 843 E ArmVmp : Match on catch block at 0xc3 in for 0xa9
01-24 10:05:49.959 843 843 E ArmVmp : Match on catch block at 0xc3 in for 0xa1
01-24 10:05:49.972 843 843 E ArmVmp : Match on catch block at 0xc3 in for 0xa9
01-24 10:05:49.975 843 843 E ArmVmp : Match on catch block at 0xc3 in for 0xa1
01-24 10:05:50.389 843 843 E ArmVmp : Match on catch block at 0xc3 in for 0xa9
01-24 10:05:50.395 843 843 E ArmVmp : Match on catch block at 0xc3 in for 0xa1
01-24 10:05:50.506 843 843 E ArmVmp : Match on catch block at 0xc3 in for 0xa9
01-24 10:05:50.510 843 843 E ArmVmp : Match on catch block at 0xc3 in for 0xa1
01-24 10:05:50.523 843 843 E ArmVmp : Match on catch block at 0xc3 in for 0xa9
01-24 10:05:50.527 843 843 E ArmVmp : Match on catch block at 0xc3 in for 0xa1
01-24 10:05:50.540 843 843 E ArmVmp : Match on catch block at 0xc3 in for 0xa9
01-24 10:05:50.543 843 843 E ArmVmp : Match on catch block at 0xc3 in for 0xa1
01-24 10:05:50.556 843 843 E ArmVmp : Match on catch block at 0xc3 in for 0xa9
01-24 10:05:50.559 843 843 E ArmVmp : Match on catch block at 0xc3 in for 0xa1
01-24 10:05:50.573 843 843 E ArmVmp : Match on catch block at 0xc3 in for 0xa9
01-24 10:05:50.576 843 843 E ArmVmp : Match on catch block at 0xc3 in for 0xa1
01-24 10:05:50.589 843 843 E ArmVmp : Match on catch block at 0xc3 in for 0xa9
01-24 10:05:50.594 843 843 E ArmVmp : Match on catch block at 0xc3 in for 0xa1
01-24 10:05:50.606 843 843 E ArmVmp : Match on catch block at 0xc3 in for 0xa9
01-24 10:05:50.610 843 843 E ArmVmp : Match on catch block at 0xc3 in for 0xa1
01-24 10:05:50.623 843 843 E ArmVmp : Match on catch block at 0xc3 in for 0xa9
01-24 10:05:50.627 843 843 E ArmVmp : Match on catch block at 0xc3 in for 0xa1
01-24 10:05:50.639 843 843 E ArmVmp : Match on catch block at 0xc3 in for 0xa9
01-24 10:05:50.643 843 843 E ArmVmp : Match on catch block at 0xc3 in for 0xa1
01-24 10:05:50.656 843 843 E ArmVmp : Match on catch block at 0xc3 in for 0xa9
01-24 10:05:50.660 843 843 E ArmVmp : Match on catch block at 0xc3 in for 0xa1
01-24 10:05:50.673 843 843 E ArmVmp : Match on catch block at 0xc3 in for 0xa9
01-24 10:05:50.676 843 843 E ArmVmp : Match on catch block at 0xc3 in for 0xa1
01-24 10:05:50.690 843 843 E ArmVmp : Match on catch block at 0xc3 in for 0xa9
01-24 10:05:50.693 843 843 E ArmVmp : Match on catch block at 0xc3 in for 0xa1
01-24 10:05:50.706 843 843 E ArmVmp : Match on catch block at 0xc3 in for 0xa9
01-24 10:05:50.711 843 843 E ArmVmp : Match on catch block at 0xc3 in for 0xa1
01-24 10:05:50.723 843 843 E ArmVmp : Match on catch block at 0xc3 in for 0xa9
01-24 10:05:50.727 843 843 E ArmVmp : Match on catch block at 0xc3 in for 0xa1
01-24 10:05:50.740 843 843 E ArmVmp : Match on catch block at 0xc3 in for 0xa9
01-24 10:05:50.744 843 843 E ArmVmp : Match on catch block at 0xc3 in for 0xa1
01-24 10:05:50.756 843 843 E ArmVmp : Match on catch block at 0xc3 in for 0xa9
01-24 10:05:50.760 843 843 E ArmVmp : Match on catch block at 0xc3 in for 0xa1
01-24 10:05:50.773 843 843 E ArmVmp : Match on catch block at 0xc3 in for 0xa9
01-24 10:05:50.777 843 843 E ArmVmp : Match on catch block at 0xc3 in for 0xa1
01-24 10:05:50.789 843 843 E ArmVmp : Match on catch block at 0xc3 in for 0xa9
01-24 10:05:50.793 843 843 E ArmVmp : Match on catch block at 0xc3 in for 0xa1
01-24 10:05:50.806 843 843 E ArmVmp : Match on catch block at 0xc3 in for 0xa9
01-24 10:05:50.809 843 843 E ArmVmp : Match on catch block at 0xc3 in for 0xa1
01-24 10:05:50.889 843 843 E ArmVmp : Match on catch block at 0xc3 in for 0xa9
01-24 10:05:50.893 843 843 E ArmVmp : Match on catch block at 0xc3 in for 0xa1
01-24 10:05:51.406 843 843 E ArmVmp : Match on catch block at 0xc3 in for 0xa9
01-24 10:05:51.409 843 843 E ArmVmp : Match on catch block at 0xc3 in for 0xa1
01-24 10:05:51.439 843 843 E ArmVmp : Match on catch block at 0xc3 in for 0xa9
01-24 10:05:51.444 843 843 E ArmVmp : Match on catch block at 0xc3 in for 0xa1
01-24 10:05:51.456 843 843 E ArmVmp : Match on catch block at 0xc3 in for 0xa9
01-24 10:05:51.460 843 843 E ArmVmp : Match on catch block at 0xc3 in for 0xa1
01-24 10:05:51.472 843 843 E ArmVmp : Match on catch block at 0xc3 in for 0xa9
01-24 10:05:51.476 843 843 E ArmVmp : Match on catch block at 0xc3 in for 0xa1
01-24 10:05:51.489 843 843 E ArmVmp : Match on catch block at 0xc3 in for 0xa9
01-24 10:05:51.493 843 843 E ArmVmp : Match on catch block at 0xc3 in for 0xa1
01-24 10:05:51.506 843 843 E ArmVmp : Match on catch block at 0xc3 in for 0xa9
01-24 10:05:51.509 843 843 E ArmVmp : Match on catch block at 0xc3 in for 0xa1
01-24 10:05:51.522 843 843 E ArmVmp : Match on catch block at 0xc3 in for 0xa9
01-24 10:05:51.527 843 843 E ArmVmp : Match on catch block at 0xc3 in for 0xa1
01-24 10:05:51.539 843 843 E ArmVmp : Match on catch block at 0xc3 in for 0xa9
01-24 10:05:51.543 843 843 E ArmVmp : Match on catch block at 0xc3 in for 0xa1
01-24 10:05:51.555 843 843 E ArmVmp : Match on catch block at 0xc3 in for 0xa9
01-24 10:05:51.560 843 843 E ArmVmp : Match on catch block at 0xc3 in for 0xa1
01-24 10:05:51.572 843 843 E ArmVmp : Match on catch block at 0xc3 in for 0xa9
01-24 10:05:51.576 843 843 E ArmVmp : Match on catch block at 0xc3 in for 0xa1
01-24 10:05:51.589 843 843 E ArmVmp : Match on catch block at 0xc3 in for 0xa9
01-24 10:05:51.592 843 843 E ArmVmp : Match on catch block at 0xc3 in for 0xa1
01-24 10:05:51.606 843 843 E ArmVmp : Match on catch block at 0xc3 in for 0xa9
01-24 10:05:51.609 843 843 E ArmVmp : Match on catch block at 0xc3 in for 0xa1
01-24 10:05:51.622 843 843 E ArmVmp : Match on catch block at 0xc3 in for 0xa9
01-24 10:05:51.626 843 843 E ArmVmp : Match on catch block at 0xc3 in for 0xa1
01-24 10:05:51.639 843 843 E ArmVmp : Match on catch block at 0xc3 in for 0xa9
01-24 10:05:51.643 843 843 E ArmVmp : Match on catch block at 0xc3 in for 0xa1
01-24 10:05:51.656 843 843 E ArmVmp : Match on catch block at 0xc3 in for 0xa9
01-24 10:05:51.659 843 843 E ArmVmp : Match on catch block at 0xc3 in for 0xa1
01-24 10:05:51.673 843 843 E ArmVmp : Match on catch block at 0xc3 in for 0xa9
01-24 10:05:51.677 843 843 E ArmVmp : Match on catch block at 0xc3 in for 0xa1
01-24 10:05:51.689 843 843 E ArmVmp : Match on catch block at 0xc3 in for 0xa9
01-24 10:05:51.692 843 843 E ArmVmp : Match on catch block at 0xc3 in for 0xa1
01-24 10:05:51.906 843 843 E ArmVmp : Match on catch block at 0xc3 in for 0xa9
01-24 10:05:51.909 843 843 E ArmVmp : Match on catch block at 0xc3 in for 0xa1
01-24 10:05:52.195 843 843 E ArmVmp : Match on catch block at 0xc3 in for 0xa5
01-24 10:05:52.199 843 843 E ArmVmp : Match on catch block at 0xc3 in for 0xa9
01-24 10:05:52.225 843 843 E ArmVmp : Match on catch block at 0xc3 in for 0xa1
01-24 10:05:52.228 843 843 E ArmVmp : Match on catch block at 0xc3 in for 0xa5
01-24 10:05:52.264 843 843 E ArmVmp : Match on catch block at 0xc3 in for 0xa1
01-24 10:05:52.266 843 843 E ArmVmp : Match on catch block at 0xc3 in for 0xa5
01-24 10:05:52.279 843 843 E ArmVmp : Match on catch block at 0xc3 in for 0xa1
01-24 10:05:52.282 843 843 E ArmVmp : Match on catch block at 0xc3 in for 0xa5
01-24 10:05:52.298 843 17890 W libEGL : EGLNativeWindowType 0x6f1ecca010 disconnect failed
01-24 10:05:52.304 843 843 E ArmVmp : Match on catch block at 0xc3 in for 0xa1
01-24 10:05:52.306 843 843 E ArmVmp : Match on catch block at 0xc3 in for 0xa5
01-24 10:05:52.312 843 843 E ArmVmp : Match on catch block at 0xc3 in for 0xa1
01-24 10:05:52.315 843 843 E ArmVmp : Match on catch block at 0xc3 in for 0xa5
01-24 10:05:52.323 843 843 E ArmVmp : Match on catch block at 0xc3 in for 0xa1
01-24 10:05:52.329 843 843 E ArmVmp : Match on catch block at 0xc3 in for 0xa5
01-24 10:05:52.338 843 843 E ArmVmp : Match on catch block at 0xc3 in for 0xa1
01-24 10:05:52.342 843 843 E ArmVmp : Match on catch block at 0xc3 in for 0xa5
01-24 10:05:52.354 843 843 E ArmVmp : Match on catch block at 0xc3 in for 0xa1
01-24 10:05:52.357 843 843 E ArmVmp : Match on catch block at 0xc3 in for 0xa5
01-24 10:05:52.372 843 843 E ArmVmp : Match on catch block at 0xc3 in for 0xa1
01-24 10:05:52.375 843 843 E ArmVmp : Match on catch block at 0xc3 in for 0xa5
01-24 10:05:52.392 843 843 E ArmVmp : Match on catch block at 0xc3 in for 0xa1
01-24 10:05:52.394 843 843 E ArmVmp : Match on catch block at 0xc3 in for 0xa5
01-24 10:05:52.408 843 843 E ArmVmp : Match on catch block at 0xc3 in for 0xa1
01-24 10:05:52.411 843 843 E ArmVmp : Match on catch block at 0xc3 in for 0xa5
01-24 10:05:52.423 843 843 E ArmVmp : Match on catch block at 0xc3 in for 0xa1
01-24 10:05:52.426 843 843 E ArmVmp : Match on catch block at 0xc3 in for 0xa5
01-24 10:05:52.461 843 843 E ArmVmp : Match on catch block at 0xc3 in for 0xa1
01-24 10:05:52.464 843 843 E ArmVmp : Match on catch block at 0xc3 in for 0xa5
01-24 10:05:52.475 843 843 E ArmVmp : Match on catch block at 0xc3 in for 0xa1
01-24 10:05:52.478 843 843 E ArmVmp : Match on catch block at 0xc3 in for 0xa5
01-24 10:05:52.489 843 843 E ArmVmp : Match on catch block at 0xc3 in for 0xa1
01-24 10:05:52.492 843 843 E ArmVmp : Match on catch block at 0xc3 in for 0xa5
01-24 10:05:52.506 843 843 E ArmVmp : Match on catch block at 0xc3 in for 0xa1
01-24 10:05:52.509 843 843 E ArmVmp : Match on catch block at 0xc3 in for 0xa5
01-24 10:05:52.522 843 843 E ArmVmp : Match on catch block at 0xc3 in for 0xa1
01-24 10:05:52.527 843 843 E ArmVmp : Match on catch block at 0xc3 in for 0xa5
01-24 10:05:52.538 843 843 E ArmVmp : Match on catch block at 0xc3 in for 0xa9
01-24 10:05:52.541 843 843 E ArmVmp : Match on catch block at 0xc3 in for 0xa1
01-24 10:05:52.862 843 843 E ArmVmp : Match on catch block at 0xc3 in for 0xa5
01-24 10:05:52.865 843 843 E ArmVmp : Match on catch block at 0xc3 in for 0xa9
01-24 10:05:52.884 843 843 E ArmVmp : Match on catch block at 0xc3 in for 0xa5
01-24 10:05:52.887 843 843 E ArmVmp : Match on catch block at 0xc3 in for 0xa9
01-24 10:05:52.902 843 843 E ArmVmp : Match on catch block at 0xc3 in for 0xa5
01-24 10:05:52.905 843 843 E ArmVmp : Match on catch block at 0xc3 in for 0xa9
01-24 10:05:52.914 843 843 E ArmVmp : Match on catch block at 0xc3 in for 0xa5
01-24 10:05:52.917 843 843 E ArmVmp : Match on catch block at 0xc3 in for 0xa9
01-24 10:05:52.922 843 843 E ArmVmp : Match on catch block at 0xc3 in for 0xa5
01-24 10:05:52.928 843 843 E ArmVmp : Match on catch block at 0xc3 in for 0xa9
01-24 10:05:52.937 843 843 E ArmVmp : Match on catch block at 0xc3 in for 0xa5
01-24 10:05:52.940 843 843 E ArmVmp : Match on catch block at 0xc3 in for 0xa9
01-24 10:05:52.954 843 843 E ArmVmp : Match on catch block at 0xc3 in for 0xa5
01-24 10:05:52.956 843 843 E ArmVmp : Match on catch block at 0xc3 in for 0xa9
01-24 10:05:52.971 843 843 E ArmVmp : Match on catch block at 0xc3 in for 0xa5
01-24 10:05:52.974 843 843 E ArmVmp : Match on catch block at 0xc3 in for 0xa9
01-24 10:05:52.988 843 843 E ArmVmp : Match on catch block at 0xc3 in for 0xa5
01-24 10:05:52.991 843 843 E ArmVmp : Match on catch block at 0xc3 in for 0xa9
01-24 10:05:53.005 843 843 E ArmVmp : Match on catch block at 0xc3 in for 0xa5
01-24 10:05:53.008 843 843 E ArmVmp : Match on catch block at 0xc3 in for 0xa9
01-24 10:05:53.022 843 843 E ArmVmp : Match on catch block at 0xc3 in for 0xa5
01-24 10:05:53.028 843 843 E ArmVmp : Match on catch block at 0xc3 in for 0xa9
01-24 10:05:53.038 843 843 E ArmVmp : Match on catch block at 0xc3 in for 0xa5
01-24 10:05:53.042 843 843 E ArmVmp : Match on catch block at 0xc3 in for 0xa9
01-24 10:05:53.055 843 843 E ArmVmp : Match on catch block at 0xc3 in for 0xa5
01-24 10:05:53.060 843 843 E ArmVmp : Match on catch block at 0xc3 in for 0xa9
01-24 10:05:53.072 843 843 E ArmVmp : Match on catch block at 0xc3 in for 0xa5
01-24 10:05:53.077 843 843 E ArmVmp : Match on catch block at 0xc3 in for 0xa9
01-24 10:05:53.089 843 843 E ArmVmp : Match on catch block at 0xc3 in for 0xa5
01-24 10:05:53.094 843 843 E ArmVmp : Match on catch block at 0xc3 in for 0xa9
01-24 10:05:53.105 843 843 E ArmVmp : Match on catch block at 0xc3 in for 0xa5
01-24 10:05:53.110 843 843 E ArmVmp : Match on catch block at 0xc3 in for 0xa9
01-24 10:05:53.122 843 843 E ArmVmp : Match on catch block at 0xc3 in for 0xa5
01-24 10:05:53.127 843 843 E ArmVmp : Match on catch block at 0xc3 in for 0xa9
01-24 10:05:53.139 843 843 E ArmVmp : Match on catch block at 0xc3 in for 0xa5
01-24 10:05:53.143 843 843 E ArmVmp : Match on catch block at 0xc3 in for 0xa9
01-24 10:05:53.172 843 843 E ArmVmp : Match on catch block at 0xc3 in for 0xa5
01-24 10:05:53.178 843 843 E ArmVmp : Match on catch block at 0xc3 in for 0xa9
01-24 10:05:53.439 843 843 E ArmVmp : Match on catch block at 0xc3 in for 0xa5
01-24 10:05:53.444 843 843 E ArmVmp : Match on catch block at 0xc3 in for 0xa9
01-24 10:05:53.942 843 843 E ArmVmp : Match on catch block at 0xc3 in for 0xa5
01-24 10:05:53.955 843 843 E ArmVmp : Match on catch block at 0xc3 in for 0xa9
01-24 10:05:54.408 843 17890 W libEGL : EGLNativeWindowType 0x6f1ecca010 disconnect failed
01-24 10:05:54.419 843 843 W InputEventReceiver: Attempted to finish an input event but the input event receiver has already been disposed.
01-24 10:05:54.422 843 843 E ArmVmp : Match on catch block at 0xc3 in for 0xa1
01-24 10:05:54.428 843 843 E ArmVmp : Match on catch block at 0xc3 in for 0xa5
01-24 10:05:54.437 843 843 E ArmVmp : Match on catch block at 0xc3 in for 0xa1
01-24 10:05:54.442 843 843 E ArmVmp : Match on catch block at 0xc3 in for 0xa5
01-24 10:05:54.455 843 843 E ArmVmp : Match on catch block at 0xc3 in for 0xa1
01-24 10:05:54.460 843 843 E ArmVmp : Match on catch block at 0xc3 in for 0xa5
01-24 10:05:54.471 843 843 E ArmVmp : Match on catch block at 0xc3 in for 0xa1
01-24 10:05:54.478 843 843 E ArmVmp : Match on catch block at 0xc3 in for 0xa5
01-24 10:05:54.487 843 843 E ArmVmp : Match on catch block at 0xc3 in for 0xa5
01-24 10:05:54.492 843 843 E ArmVmp : Match on catch block at 0xc3 in for 0xa9
01-24 10:05:54.503 843 843 E ArmVmp : Match on catch block at 0xc3 in for 0xa5
01-24 10:05:54.506 843 843 E ArmVmp : Match on catch block at 0xc3 in for 0xa9
01-24 10:05:54.701 843 843 E ArmVmp : Match on catch block at 0xc3 in for 0xa5
01-24 10:05:54.705 843 843 E ArmVmp : Match on catch block at 0xc3 in for 0xa9
01-24 10:05:54.812 843 843 E ArmVmp : Match on catch block at 0xc3 in for 0xa5
01-24 10:05:54.814 843 843 E ArmVmp : Match on catch block at 0xc3 in for 0xa9
01-24 10:05:54.828 843 843 E ArmVmp : Match on catch block at 0xc3 in for 0xa5
01-24 10:05:54.832 843 843 E ArmVmp : Match on catch block at 0xc3 in for 0xa9
01-24 10:05:54.851 843 17890 W libEGL : EGLNativeWindowType 0x6f1eccc010 disconnect failed
01-24 10:05:55.744 843 843 E ArmVmp : Match on catch block at 0xc3 in for 0xa1
01-24 10:05:55.747 843 843 E ArmVmp : Match on catch block at 0xc3 in for 0xa5
01-24 10:05:55.827 843 843 E ArmVmp : Match on catch block at 0xc3 in for 0xa1
01-24 10:05:55.830 843 843 E ArmVmp : Match on catch block at 0xc3 in for 0xa5
01-24 10:05:55.916 843 843 E ArmVmp : Match on catch block at 0xc3 in for 0xa5
01-24 10:05:55.920 843 843 E ArmVmp : Match on catch block at 0xc3 in for 0xa9
01-24 10:05:55.935 843 843 E ArmVmp : Match on catch block at 0xc3 in for 0xa5
01-24 10:05:55.939 843 843 E ArmVmp : Match on catch block at 0xc3 in for 0xa9
01-24 10:05:55.952 843 843 E ArmVmp : Match on catch block at 0xc3 in for 0xa5
01-24 10:05:55.956 843 843 E ArmVmp : Match on catch block at 0xc3 in for 0xa9
01-24 10:05:55.969 843 843 E ArmVmp : Match on catch block at 0xc3 in for 0xa5
01-24 10:05:55.973 843 843 E ArmVmp : Match on catch block at 0xc3 in for 0xa9
01-24 10:05:55.986 843 843 E ArmVmp : Match on catch block at 0xc3 in for 0xa5
01-24 10:05:55.989 843 843 E ArmVmp : Match on catch block at 0xc3 in for 0xa9
01-24 10:05:56.002 843 843 E ArmVmp : Match on catch block at 0xc3 in for 0xa5
01-24 10:05:56.004 843 843 E ArmVmp : Match on catch block at 0xc3 in for 0xa9
01-24 10:05:56.019 843 843 E ArmVmp : Match on catch block at 0xc3 in for 0xa5
01-24 10:05:56.023 843 843 E ArmVmp : Match on catch block at 0xc3 in for 0xa9
01-24 10:05:56.036 843 843 E ArmVmp : Match on catch block at 0xc3 in for 0xa5
01-24 10:05:56.039 843 843 E ArmVmp : Match on catch block at 0xc3 in for 0xa9
01-24 10:05:56.052 843 843 E ArmVmp : Match on catch block at 0xc3 in for 0xa5
01-24 10:05:56.056 843 843 E ArmVmp : Match on catch block at 0xc3 in for 0xa9
01-24 10:05:56.070 843 17890 W libEGL : EGLNativeWindowType 0x6f1eccc010 disconnect failed
01-24 10:05:56.082 843 843 E ArmVmp : Match on catch block at 0xc3 in for 0xa5
01-24 10:05:56.087 843 843 E ArmVmp : Match on catch block at 0xc3 in for 0xa9
01-24 10:05:56.097 843 843 E ArmVmp : Match on catch block at 0xc3 in for 0xa5
01-24 10:05:56.100 843 843 E ArmVmp : Match on catch block at 0xc3 in for 0xa9
01-24 10:05:56.105 843 843 E ArmVmp : Match on catch block at 0xc3 in for 0xa5
01-24 10:05:56.107 843 843 E ArmVmp : Match on catch block at 0xc3 in for 0xa9
01-24 10:05:56.117 843 17011 E DatabaseUtils: Writing exception to parcel
01-24 10:05:56.117 843 17011 E DatabaseUtils: java.lang.SecurityException: Permission Denial: reading com.whatsapp.contentprovider.MediaProvider uri content://com.whatsapp.provider.media/item/304a8c22-870d-4850-a6b8-7ac400f2bc4e from pid=21290, uid=1000 requires the provider be exported, or grantUriPermission()
01-24 10:05:56.117 843 17011 E DatabaseUtils: at android.content.ContentProvider.enforceReadPermissionInner(ContentProvider.java:841 )
01-24 10:05:56.117 843 17011 E DatabaseUtils: at android.content.ContentProvider.semEnforceReadPermission(ContentProvider.java:758)
01-24 10:05:56.117 843 17011 E DatabaseUtils: at android.content.ContentProvider$Transport.enforceReadPermission(ContentProvider.jav a:684)
01-24 10:05:56.117 843 17011 E DatabaseUtils: at android.content.ContentProvider$Transport.query(ContentProvider.java:239)
01-24 10:05:56.117 843 17011 E DatabaseUtils: at android.content.ContentProviderNative.onTransact(ContentProviderNative.java:106)
