01-25 15:24:23.972 13293 13293 E ArmVmp : Match on catch block at 0xc3 in for 0xa9
01-25 15:24:23.975 13293 13293 E ArmVmp : Match on catch block at 0xc3 in for 0xa1
01-25 15:24:23.976 13293 13293 E ArmVmp : Match on catch block at 0xc3 in for 0xa1
01-25 15:24:23.988 13293 13293 E ArmVmp : Match on catch block at 0xc3 in for 0xa5
01-25 15:24:23.991 13293 13293 E ArmVmp : Match on catch block at 0xc3 in for 0xa9
01-25 15:24:23.993 13293 13293 E ArmVmp : Match on catch block at 0xc3 in for 0xa9
01-25 15:24:24.005 13293 13293 E ArmVmp : Match on catch block at 0xc3 in for 0xa1
01-25 15:24:24.007 13293 13293 E ArmVmp : Match on catch block at 0xc3 in for 0xa5
01-25 15:24:24.009 13293 13293 E ArmVmp : Match on catch block at 0xc3 in for 0xa5
01-25 15:24:24.021 13293 13293 E ArmVmp : Match on catch block at 0xc3 in for 0xa9
01-25 15:24:24.024 13293 13293 E ArmVmp : Match on catch block at 0xc3 in for 0xa1
01-25 15:24:24.026 13293 13293 E ArmVmp : Match on catch block at 0xc3 in for 0xa1
01-25 15:24:24.039 13293 13293 E ArmVmp : Match on catch block at 0xc3 in for 0xa5
01-25 15:24:24.043 13293 13293 E ArmVmp : Match on catch block at 0xc3 in for 0xa9
01-25 15:24:24.046 13293 13293 E ArmVmp : Match on catch block at 0xc3 in for 0xa9
01-25 15:24:24.055 13293 13293 E ArmVmp : Match on catch block at 0xc3 in for 0xa1
01-25 15:24:24.060 13293 13293 E ArmVmp : Match on catch block at 0xc3 in for 0xa5
01-25 15:24:24.064 13293 13293 E ArmVmp : Match on catch block at 0xc3 in for 0xa5
01-25 15:24:24.072 13293 13293 E ArmVmp : Match on catch block at 0xc3 in for 0xa9
01-25 15:24:24.077 13293 13293 E ArmVmp : Match on catch block at 0xc3 in for 0xa1
01-25 15:24:24.080 13293 13293 E ArmVmp : Match on catch block at 0xc3 in for 0xa1
01-25 15:24:24.089 13293 13293 E ArmVmp : Match on catch block at 0xc3 in for 0xa5
01-25 15:24:24.094 13293 13293 E ArmVmp : Match on catch block at 0xc3 in for 0xa9
01-25 15:24:24.097 13293 13293 E ArmVmp : Match on catch block at 0xc3 in for 0xa9
01-25 15:24:24.106 13293 13293 E ArmVmp : Match on catch block at 0xc3 in for 0xa1
01-25 15:24:24.111 13293 13293 E ArmVmp : Match on catch block at 0xc3 in for 0xa5
01-25 15:24:24.115 13293 13293 E ArmVmp : Match on catch block at 0xc3 in for 0xa5
01-25 15:24:24.123 13293 13293 E ArmVmp : Match on catch block at 0xc3 in for 0xa9
01-25 15:24:24.128 13293 13293 E ArmVmp : Match on catch block at 0xc3 in for 0xa1
01-25 15:24:24.131 13293 13293 E ArmVmp : Match on catch block at 0xc3 in for 0xa1
01-25 15:24:24.139 13293 13293 E ArmVmp : Match on catch block at 0xc3 in for 0xa5
01-25 15:24:24.145 13293 13293 E ArmVmp : Match on catch block at 0xc3 in for 0xa9
01-25 15:24:24.148 13293 13293 E ArmVmp : Match on catch block at 0xc3 in for 0xa9
01-25 15:24:24.157 13293 13293 E ArmVmp : Match on catch block at 0xc3 in for 0xa1
01-25 15:24:24.161 13293 13293 E ArmVmp : Match on catch block at 0xc3 in for 0xa5
01-25 15:24:24.164 13293 13293 E ArmVmp : Match on catch block at 0xc3 in for 0xa5
01-25 15:24:24.173 13293 13293 E ArmVmp : Match on catch block at 0xc3 in for 0xa9
01-25 15:24:24.180 13293 13293 E ArmVmp : Match on catch block at 0xc3 in for 0xa1
01-25 15:24:24.183 13293 13293 E ArmVmp : Match on catch block at 0xc3 in for 0xa1
01-25 15:24:24.191 13293 13293 E ArmVmp : Match on catch block at 0xc3 in for 0xa5
01-25 15:24:24.196 13293 13293 E ArmVmp : Match on catch block at 0xc3 in for 0xa9
01-25 15:24:24.199 13293 13293 E ArmVmp : Match on catch block at 0xc3 in for 0xa9
01-25 15:24:24.207 13293 13293 E ArmVmp : Match on catch block at 0xc3 in for 0xa1
01-25 15:24:24.212 13293 13293 E ArmVmp : Match on catch block at 0xc3 in for 0xa5
01-25 15:24:24.215 13293 13293 E ArmVmp : Match on catch block at 0xc3 in for 0xa5
01-25 15:24:24.222 13293 13293 E ArmVmp : Match on catch block at 0xc3 in for 0xa9
01-25 15:24:24.227 13293 13293 E ArmVmp : Match on catch block at 0xc3 in for 0xa1
01-25 15:24:24.230 13293 13293 E ArmVmp : Match on catch block at 0xc3 in for 0xa1
01-25 15:24:24.239 13293 13293 E ArmVmp : Match on catch block at 0xc3 in for 0xa5
01-25 15:24:24.245 13293 13293 E ArmVmp : Match on catch block at 0xc3 in for 0xa9
01-25 15:24:24.248 13293 13293 E ArmVmp : Match on catch block at 0xc3 in for 0xa9
01-25 15:24:24.256 13293 13293 E ArmVmp : Match on catch block at 0xc3 in for 0xa1
01-25 15:24:24.261 13293 13293 E ArmVmp : Match on catch block at 0xc3 in for 0xa5
01-25 15:24:24.264 13293 13293 E ArmVmp : Match on catch block at 0xc3 in for 0xa5
01-25 15:24:24.273 13293 13293 E ArmVmp : Match on catch block at 0xc3 in for 0xa9
01-25 15:24:24.281 13293 13293 E ArmVmp : Match on catch block at 0xc3 in for 0xa1
01-25 15:24:24.284 13293 13293 E ArmVmp : Match on catch block at 0xc3 in for 0xa1
01-25 15:24:24.295 13293 13293 E ArmVmp : Match on catch block at 0xc3 in for 0xa5
01-25 15:24:24.299 13293 13293 E ArmVmp : Match on catch block at 0xc3 in for 0xa9
01-25 15:24:24.302 13293 13293 E ArmVmp : Match on catch block at 0xc3 in for 0xa9
01-25 15:24:24.311 13293 13293 E ArmVmp : Match on catch block at 0xc3 in for 0xa1
01-25 15:24:24.315 13293 13293 E ArmVmp : Match on catch block at 0xc3 in for 0xa5
01-25 15:24:24.318 13293 13293 E ArmVmp : Match on catch block at 0xc3 in for 0xa5
01-25 15:24:24.327 13293 13293 E ArmVmp : Match on catch block at 0xc3 in for 0xa9
01-25 15:24:24.331 13293 13293 E ArmVmp : Match on catch block at 0xc3 in for 0xa1
01-25 15:24:24.334 13293 13293 E ArmVmp : Match on catch block at 0xc3 in for 0xa1
01-25 15:24:24.342 13293 13293 E ArmVmp : Match on catch block at 0xc3 in for 0xa5
01-25 15:24:24.346 13293 13293 E ArmVmp : Match on catch block at 0xc3 in for 0xa9
01-25 15:24:24.349 13293 13293 E ArmVmp : Match on catch block at 0xc3 in for 0xa9
01-25 15:24:24.525 13293 13293 E ArmVmp : Match on catch block at 0xc3 in for 0xa1
01-25 15:24:24.532 13293 13293 E ArmVmp : Match on catch block at 0xc3 in for 0xa5
01-25 15:24:24.535 13293 13293 E ArmVmp : Match on catch block at 0xc3 in for 0xa5
01-25 15:24:24.589 13293 13293 E ArmVmp : Match on catch block at 0xc3 in for 0xa1
01-25 15:24:24.593 13293 13293 E ArmVmp : Match on catch block at 0xc3 in for 0xa5
01-25 15:24:24.596 13293 13293 E ArmVmp : Match on catch block at 0xc3 in for 0xa5
01-25 15:24:24.634 13293 13293 E ArmVmp : Match on catch block at 0xc3 in for 0xa1
01-25 15:24:24.637 13293 13293 E ArmVmp : Match on catch block at 0xc3 in for 0xa5
01-25 15:24:24.639 13293 13293 E ArmVmp : Match on catch block at 0xc3 in for 0xa5
01-25 15:24:24.664 13293 13293 E ArmVmp : Match on catch block at 0xc3 in for 0xa9
01-25 15:24:24.668 13293 13293 E ArmVmp : Match on catch block at 0xc3 in for 0xa1
01-25 15:24:24.714 13293 13293 E ArmVmp : Match on catch block at 0xc3 in for 0xa5
01-25 15:24:24.717 13293 13293 E ArmVmp : Match on catch block at 0xc3 in for 0xa9
01-25 15:24:24.734 13293 13293 E ArmVmp : Match on catch block at 0xc3 in for 0xa9
01-25 15:24:24.737 13293 13293 E ArmVmp : Match on catch block at 0xc3 in for 0xa1
01-25 15:24:24.743 13293 13293 E ArmVmp : Match on catch block at 0xc3 in for 0xa9
01-25 15:24:24.746 13293 13293 E ArmVmp : Match on catch block at 0xc3 in for 0xa1
01-25 15:24:24.757 13293 13293 E ArmVmp : Match on catch block at 0xc3 in for 0xa9
01-25 15:24:24.760 13293 13293 E ArmVmp : Match on catch block at 0xc3 in for 0xa1
01-25 15:24:24.771 13293 13293 E ArmVmp : Match on catch block at 0xc3 in for 0xa9
01-25 15:24:24.775 13293 13293 E ArmVmp : Match on catch block at 0xc3 in for 0xa1
01-25 15:24:24.788 13293 13293 E ArmVmp : Match on catch block at 0xc3 in for 0xa9
01-25 15:24:24.793 13293 13293 E ArmVmp : Match on catch block at 0xc3 in for 0xa1
01-25 15:24:24.805 13293 13293 E ArmVmp : Match on catch block at 0xc3 in for 0xa9
01-25 15:24:24.809 13293 13293 E ArmVmp : Match on catch block at 0xc3 in for 0xa1
01-25 15:24:24.821 13293 13293 E ArmVmp : Match on catch block at 0xc3 in for 0xa9
01-25 15:24:24.824 13293 13293 E ArmVmp : Match on catch block at 0xc3 in for 0xa1
01-25 15:24:24.908 13293 13293 E ArmVmp : Match on catch block at 0xc3 in for 0xa9
01-25 15:24:24.910 13293 13293 E ArmVmp : Match on catch block at 0xc3 in for 0xa1
01-25 15:24:24.921 13293 13293 E ArmVmp : Match on catch block at 0xc3 in for 0xa5
01-25 15:24:24.924 13293 13779 W MediaPlayer: Use of stream types is deprecated for operations other than volume control
01-25 15:24:24.924 13293 13779 W MediaPlayer: See the documentation of setAudioStreamType() for what to use instead with android.media.AudioAttributes to qualify your playback use case
01-25 15:24:24.924 13293 13293 E ArmVmp : Match on catch block at 0xc3 in for 0xa9
01-25 15:24:24.946 13293 13313 W MediaPlayerNative: info/warning (10973, 0)
01-25 15:24:25.139 13293 13293 E ArmVmp : Match on catch block at 0xc3 in for 0xa5
01-25 15:24:25.145 13293 13293 E ArmVmp : Match on catch block at 0xc3 in for 0xa9
01-25 15:24:25.504 13293 13293 E ArmVmp : Match on catch block at 0xc3 in for 0xa1
01-25 15:24:25.510 13293 13293 E ArmVmp : Match on catch block at 0xc3 in for 0xa5
01-25 15:24:25.534 13293 13293 E ArmVmp : Match on catch block at 0xc3 in for 0xa5
01-25 15:24:25.542 13293 13293 E ArmVmp : Match on catch block at 0xc3 in for 0xa9
01-25 15:24:25.554 13293 13293 E ArmVmp : Match on catch block at 0xc3 in for 0xa1
01-25 15:24:25.560 13293 13293 E ArmVmp : Match on catch block at 0xc3 in for 0xa5
01-25 15:24:25.643 13293 13293 E ArmVmp : Match on catch block at 0xc3 in for 0xa1
01-25 15:24:25.655 13293 13293 E ArmVmp : Match on catch block at 0xc3 in for 0xa5
01-25 15:24:26.143 13293 13293 E ArmVmp : Match on catch block at 0xc3 in for 0xa1
01-25 15:24:26.157 13293 13293 E ArmVmp : Match on catch block at 0xc3 in for 0xa5
01-25 15:24:26.643 13293 13293 E ArmVmp : Match on catch block at 0xc3 in for 0xa1
01-25 15:24:26.657 13293 13293 E ArmVmp : Match on catch block at 0xc3 in for 0xa5
01-25 15:24:27.139 13293 13293 E ArmVmp : Match on catch block at 0xc3 in for 0xa1
01-25 15:24:27.146 13293 13293 E ArmVmp : Match on catch block at 0xc3 in for 0xa5
01-25 15:24:27.157 13293 13293 E ArmVmp : Match on catch block at 0xc3 in for 0xa1
01-25 15:24:27.166 13293 13293 E ArmVmp : Match on catch block at 0xc3 in for 0xa5
01-25 15:24:27.184 13293 13293 E ArmVmp : Match on catch block at 0xc3 in for 0xa1
01-25 15:24:27.195 13293 13293 E ArmVmp : Match on catch block at 0xc3 in for 0xa5
01-25 15:24:27.207 13293 13293 E ArmVmp : Match on catch block at 0xc3 in for 0xa1
01-25 15:24:27.214 13293 13293 E ArmVmp : Match on catch block at 0xc3 in for 0xa5
01-25 15:24:27.228 13293 13293 E ArmVmp : Match on catch block at 0xc3 in for 0xa1
01-25 15:24:27.236 13293 13293 E ArmVmp : Match on catch block at 0xc3 in for 0xa5
01-25 15:24:27.258 13293 13293 E ArmVmp : Match on catch block at 0xc3 in for 0xa1
01-25 15:24:27.264 13293 13293 E ArmVmp : Match on catch block at 0xc3 in for 0xa5
01-25 15:24:27.273 13293 13293 E ArmVmp : Match on catch block at 0xc3 in for 0xa1
01-25 15:24:27.280 13293 13293 E ArmVmp : Match on catch block at 0xc3 in for 0xa5
01-25 15:24:27.289 13293 13293 E ArmVmp : Match on catch block at 0xc3 in for 0xa1
01-25 15:24:27.295 13293 13293 E ArmVmp : Match on catch block at 0xc3 in for 0xa5
01-25 15:24:27.304 13293 13293 E ArmVmp : Match on catch block at 0xc3 in for 0xa1
01-25 15:24:27.311 13293 13293 E ArmVmp : Match on catch block at 0xc3 in for 0xa5
01-25 15:24:27.324 13293 13293 E ArmVmp : Match on catch block at 0xc3 in for 0xa1
01-25 15:24:27.328 13293 13293 E ArmVmp : Match on catch block at 0xc3 in for 0xa5
01-25 15:24:27.337 13293 13293 E ArmVmp : Match on catch block at 0xc3 in for 0xa1
01-25 15:24:27.344 13293 13293 E ArmVmp : Match on catch block at 0xc3 in for 0xa5
01-25 15:24:27.359 13293 13293 E ArmVmp : Match on catch block at 0xc3 in for 0xa1
01-25 15:24:27.363 13293 13293 E ArmVmp : Match on catch block at 0xc3 in for 0xa5
01-25 15:24:27.381 13293 13293 E ArmVmp : Match on catch block at 0xc3 in for 0xa5
01-25 15:24:27.384 13293 13293 E ArmVmp : Match on catch block at 0xc3 in for 0xa9
01-25 15:24:27.403 13293 13293 E ArmVmp : Match on catch block at 0xc3 in for 0xa1
01-25 15:24:27.408 13293 13293 E ArmVmp : Match on catch block at 0xc3 in for 0xa5
01-25 15:24:27.420 13293 13293 E ArmVmp : Match on catch block at 0xc3 in for 0xa1
01-25 15:24:27.424 13293 13293 E ArmVmp : Match on catch block at 0xc3 in for 0xa5
01-25 15:24:27.438 13293 13293 E ArmVmp : Match on catch block at 0xc3 in for 0xa1
01-25 15:24:27.442 13293 13293 E ArmVmp : Match on catch block at 0xc3 in for 0xa5
01-25 15:24:27.453 13293 13293 E ArmVmp : Match on catch block at 0xc3 in for 0xa1
01-25 15:24:27.455 13293 13293 E ArmVmp : Match on catch block at 0xc3 in for 0xa5
01-25 15:24:27.469 13293 13293 E ArmVmp : Match on catch block at 0xc3 in for 0xa1
01-25 15:24:27.472 13293 13293 E ArmVmp : Match on catch block at 0xc3 in for 0xa5
01-25 15:24:27.486 13293 13293 E ArmVmp : Match on catch block at 0xc3 in for 0xa1
01-25 15:24:27.491 13293 13293 E ArmVmp : Match on catch block at 0xc3 in for 0xa5
01-25 15:24:27.519 13293 13293 E ArmVmp : Match on catch block at 0xc3 in for 0xa1
01-25 15:24:27.528 13293 13293 E ArmVmp : Match on catch block at 0xc3 in for 0xa5
01-25 15:24:27.546 13293 13293 E ArmVmp : Match on catch block at 0xc3 in for 0xa1
01-25 15:24:27.556 13293 13293 E ArmVmp : Match on catch block at 0xc3 in for 0xa5
01-25 15:24:27.572 13293 13293 E ArmVmp : Match on catch block at 0xc3 in for 0xa1
01-25 15:24:27.583 13293 13293 E ArmVmp : Match on catch block at 0xc3 in for 0xa5
01-25 15:24:27.605 13293 13293 E ArmVmp : Match on catch block at 0xc3 in for 0xa1
01-25 15:24:27.613 13293 13293 E ArmVmp : Match on catch block at 0xc3 in for 0xa5
01-25 15:24:27.787 13293 13293 E ArmVmp : Match on catch block at 0xc3 in for 0xa1
01-25 15:24:27.791 13293 13293 E ArmVmp : Match on catch block at 0xc3 in for 0xa5
01-25 15:24:28.070 13293 13293 E ArmVmp : Match on catch block at 0xc3 in for 0xa1
01-25 15:24:28.074 13293 13293 E ArmVmp : Match on catch block at 0xc3 in for 0xa5
01-25 15:24:28.570 13293 13293 E ArmVmp : Match on catch block at 0xc3 in for 0xa1
01-25 15:24:28.576 13293 13293 E ArmVmp : Match on catch block at 0xc3 in for 0xa5
01-25 15:24:28.638 13293 13293 E ArmVmp : Match on catch block at 0xc3 in for 0xa5
01-25 15:24:28.642 13293 13293 E ArmVmp : Match on catch block at 0xc3 in for 0xa9
01-25 15:24:28.805 13293 13293 E ArmVmp : Match on catch block at 0xc3 in for 0xa1
01-25 15:24:28.809 13293 13293 E ArmVmp : Match on catch block at 0xc3 in for 0xa5
01-25 15:24:28.822 13293 13293 E ArmVmp : Match on catch block at 0xc3 in for 0xa9
01-25 15:24:28.825 13293 13293 E ArmVmp : Match on catch block at 0xc3 in for 0xa1
01-25 15:24:29.319 13293 13293 E ArmVmp : Match on catch block at 0xc3 in for 0xa9
01-25 15:24:29.325 13293 13293 E ArmVmp : Match on catch block at 0xc3 in for 0xa1
01-25 15:24:29.435 13293 13293 E ArmVmp : Match on catch block at 0xc3 in for 0xa9
01-25 15:24:29.440 13293 13293 E ArmVmp : Match on catch block at 0xc3 in for 0xa1
01-25 15:24:29.786 13293 13293 E ArmVmp : Match on catch block at 0xc3 in for 0xa9
01-25 15:24:29.791 13293 13293 E ArmVmp : Match on catch block at 0xc3 in for 0xa1
01-25 15:24:30.167 13293 13293 E ArmVmp : Match on catch block at 0xc3 in for 0xa9
01-25 15:24:30.172 13293 13293 E ArmVmp : Match on catch block at 0xc3 in for 0xa1
01-25 15:24:30.385 13293 13293 E ArmVmp : Match on catch block at 0xc3 in for 0xa9
01-25 15:24:30.390 13293 13293 E ArmVmp : Match on catch block at 0xc3 in for 0xa1
01-25 15:24:30.884 13293 13293 E ArmVmp : Match on catch block at 0xc3 in for 0xa1
01-25 15:24:30.889 13293 13293 E ArmVmp : Match on catch block at 0xc3 in for 0xa5
01-25 15:24:31.150 13293 13293 E ArmVmp : Match on catch block at 0xc3 in for 0xa1
01-25 15:24:31.155 13293 13293 E ArmVmp : Match on catch block at 0xc3 in for 0xa5
01-25 15:24:31.633 13293 13293 E ArmVmp : Match on catch block at 0xc3 in for 0xa1
01-25 15:24:31.637 13293 13293 E ArmVmp : Match on catch block at 0xc3 in for 0xa5
01-25 15:24:31.837 13293 13293 E ArmVmp : Match on catch block at 0xc3 in for 0xa1
01-25 15:24:31.842 13293 13293 E ArmVmp : Match on catch block at 0xc3 in for 0xa5
01-25 15:24:32.356 13293 13293 E ArmVmp : Match on catch block at 0xc3 in for 0xa1
01-25 15:24:32.363 13293 13293 E ArmVmp : Match on catch block at 0xc3 in for 0xa5
01-25 15:24:32.617 13293 13293 E ArmVmp : Match on catch block at 0xc3 in for 0xa1
01-25 15:24:32.621 13293 13293 E ArmVmp : Match on catch block at 0xc3 in for 0xa5
01-25 15:24:32.740 13293 13293 E ArmVmp : Match on catch block at 0xc3 in for 0xa5
01-25 15:24:32.749 13293 13293 E ArmVmp : Match on catch block at 0xc3 in for 0xa9
01-25 15:24:32.890 13293 13293 E ArmVmp : Match on catch block at 0xc3 in for 0xa1
01-25 15:24:32.898 13293 13293 E ArmVmp : Match on catch block at 0xc3 in for 0xa5
01-25 15:24:32.932 13293 13293 E ArmVmp : Match on catch block at 0xc3 in for 0xa9
01-25 15:24:32.939 13293 13293 E ArmVmp : Match on catch block at 0xc3 in for 0xa1
01-25 15:24:33.105 13293 13293 E ArmVmp : Match on catch block at 0xc3 in for 0xa1
01-25 15:24:33.109 13293 13293 E ArmVmp : Match on catch block at 0xc3 in for 0xa5
01-25 15:24:33.131 13293 13779 W MediaPlayer: Use of stream types is deprecated for operations other than volume control
01-25 15:24:33.131 13293 13779 W MediaPlayer: See the documentation of setAudioStreamType() for what to use instead with android.media.AudioAttributes to qualify your playback use case
01-25 15:24:33.139 13293 13293 E ArmVmp : Match on catch block at 0xc3 in for 0xa1
01-25 15:24:33.143 13293 13293 E ArmVmp : Match on catch block at 0xc3 in for 0xa5
01-25 15:24:33.157 13293 13293 E ArmVmp : Match on catch block at 0xc3 in for 0xa1
01-25 15:24:33.161 13293 13293 E ArmVmp : Match on catch block at 0xc3 in for 0xa5
01-25 15:24:33.172 13293 13293 E ArmVmp : Match on catch block at 0xc3 in for 0xa1
01-25 15:24:33.176 13293 13293 E ArmVmp : Match on catch block at 0xc3 in for 0xa5
01-25 15:24:33.180 13293 13696 W MediaPlayerNative: info/warning (10973, 0)
01-25 15:24:33.216 13293 13293 E ArmVmp : Match on catch block at 0xc3 in for 0xa1
01-25 15:24:33.221 13293 13293 E ArmVmp : Match on catch block at 0xc3 in for 0xa5
01-25 15:24:33.616 13293 13697 W libEGL : EGLNativeWindowType 0x7054cb3010 disconnect failed
01-25 15:24:33.655 13293 13697 W libEGL : EGLNativeWindowType 0x7054cb3010 disconnect failed
01-25 15:24:33.706 13293 13697 W libEGL : EGLNativeWindowType 0x7054cb3010 disconnect failed
01-25 15:24:33.710 13293 13293 E ArmVmp : Match on catch block at 0xc3 in for 0xa1
01-25 15:24:33.717 13293 13293 E ArmVmp : Match on catch block at 0xc3 in for 0xa5
01-25 15:24:33.772 13293 13697 W libEGL : EGLNativeWindowType 0x7054cb3010 disconnect failed
01-25 15:24:33.818 13293 13697 W libEGL : EGLNativeWindowType 0x7054cb3010 disconnect failed
01-25 15:24:33.862 13293 13697 W libEGL : EGLNativeWindowType 0x7054cb3010 disconnect failed
01-25 15:24:33.904 13293 13697 W libEGL : EGLNativeWindowType 0x7054cb3010 disconnect failed
01-25 15:24:33.939 13293 13697 W libEGL : EGLNativeWindowType 0x7054cb3010 disconnect failed
01-25 15:24:34.192 13293 13293 E ArmVmp : Match on catch block at 0xc3 in for 0xa9
01-25 15:24:34.206 13293 13293 E ArmVmp : Match on catch block at 0xc3 in for 0xa1
01-25 15:24:34.684 13293 13293 E ArmVmp : Match on catch block at 0xc3 in for 0xa9
01-25 15:24:34.696 13293 13293 E ArmVmp : Match on catch block at 0xc3 in for 0xa1
01-25 15:24:34.732 13293 13293 E ArmVmp : Match on catch block at 0xc3 in for 0xa9
01-25 15:24:34.739 13293 13293 E ArmVmp : Match on catch block at 0xc3 in for 0xa1
01-25 15:24:34.751 13293 13293 E ArmVmp : Match on catch block at 0xc3 in for 0xa9
01-25 15:24:34.767 13293 13293 E ArmVmp : Match on catch block at 0xc3 in for 0xa1
01-25 15:24:34.784 13293 13293 E ArmVmp : Match on catch block at 0xc3 in for 0xa9
01-25 15:24:34.791 13293 13293 E ArmVmp : Match on catch block at 0xc3 in for 0xa1
01-25 15:24:34.802 13293 13293 E ArmVmp : Match on catch block at 0xc3 in for 0xa9
01-25 15:24:34.810 13293 13293 E ArmVmp : Match on catch block at 0xc3 in for 0xa1
01-25 15:24:34.820 13293 13293 E ArmVmp : Match on catch block at 0xc3 in for 0xa9
01-25 15:24:34.828 13293 13293 E ArmVmp : Match on catch block at 0xc3 in for 0xa1
01-25 15:24:34.838 13293 13293 E ArmVmp : Match on catch block at 0xc3 in for 0xa9
01-25 15:24:34.848 13293 13293 E ArmVmp : Match on catch block at 0xc3 in for 0xa1
01-25 15:24:34.868 13293 13697 W libEGL : EGLNativeWindowType 0x7054cb3010 disconnect failed
01-25 15:24:34.877 13293 13293 E ArmVmp : Match on catch block at 0xc3 in for 0xa9
01-25 15:24:34.881 13293 13293 E ArmVmp : Match on catch block at 0xc3 in for 0xa1
01-25 15:24:34.906 13293 13293 E ArmVmp : Match on catch block at 0xc3 in for 0xa9
01-25 15:24:34.909 13293 13293 E ArmVmp : Match on catch block at 0xc3 in for 0xa1
01-25 15:24:34.961 13293 13293 E ArmVmp : Match on catch block at 0xc3 in for 0xa5
01-25 15:24:34.964 13293 13293 E ArmVmp : Match on catch block at 0xc3 in for 0xa9
01-25 15:24:34.981 13293 13293 E ArmVmp : Match on catch block at 0xc3 in for 0xa5
01-25 15:24:34.984 13293 13293 E ArmVmp : Match on catch block at 0xc3 in for 0xa9
01-25 15:24:35.248 13293 13293 E ArmVmp : Match on catch block at 0xc3 in for 0xa5
01-25 15:24:35.254 13293 13293 E ArmVmp : Match on catch block at 0xc3 in for 0xa9
01-25 15:24:35.514 13293 13293 E ArmVmp : Match on catch block at 0xc3 in for 0xa5
01-25 15:24:35.518 13293 13293 E ArmVmp : Match on catch block at 0xc3 in for 0xa9
01-25 15:24:36.016 13293 13293 E ArmVmp : Match on catch block at 0xc3 in for 0xa9
01-25 15:24:36.019 13293 13293 E ArmVmp : Match on catch block at 0xc3 in for 0xa1
01-25 15:24:36.055 13293 13293 E ArmVmp : Match on catch block at 0xc3 in for 0xa1
01-25 15:24:36.058 13293 13293 E ArmVmp : Match on catch block at 0xc3 in for 0xa5
01-25 15:24:36.075 13293 13293 E ArmVmp : Match on catch block at 0xc3 in for 0xa5
01-25 15:24:36.078 13293 13293 E ArmVmp : Match on catch block at 0xc3 in for 0xa9
01-25 15:24:36.107 13293 13293 E ArmVmp : Match on catch block at 0xc3 in for 0xa5
01-25 15:24:36.110 13293 13293 E ArmVmp : Match on catch block at 0xc3 in for 0xa9
01-25 15:24:36.125 13293 13293 E ArmVmp : Match on catch block at 0xc3 in for 0xa5
01-25 15:24:36.127 13293 13293 E ArmVmp : Match on catch block at 0xc3 in for 0xa9
01-25 15:24:36.132 13293 13293 E ArmVmp : Match on catch block at 0xc3 in for 0xa5
01-25 15:24:36.135 13293 13293 E ArmVmp : Match on catch block at 0xc3 in for 0xa9
01-25 15:24:36.147 13293 13293 E ArmVmp : Match on catch block at 0xc3 in for 0xa5
01-25 15:24:36.151 13293 13293 E ArmVmp : Match on catch block at 0xc3 in for 0xa9
01-25 15:24:36.163 13293 13293 E ArmVmp : Match on catch block at 0xc3 in for 0xa5
01-25 15:24:36.169 13293 13293 E ArmVmp : Match on catch block at 0xc3 in for 0xa9
01-25 15:24:36.180 13293 13293 E ArmVmp : Match on catch block at 0xc3 in for 0xa5
01-25 15:24:36.185 13293 13293 E ArmVmp : Match on catch block at 0xc3 in for 0xa9
01-25 15:24:36.197 13293 13293 E ArmVmp : Match on catch block at 0xc3 in for 0xa5
01-25 15:24:36.201 13293 13293 E ArmVmp : Match on catch block at 0xc3 in for 0xa9
01-25 15:24:36.213 13293 13293 E ArmVmp : Match on catch block at 0xc3 in for 0xa5
01-25 15:24:36.216 13293 13293 E ArmVmp : Match on catch block at 0xc3 in for 0xa9
01-25 15:24:36.230 13293 13293 E ArmVmp : Match on catch block at 0xc3 in for 0xa5
01-25 15:24:36.232 13293 13293 E ArmVmp : Match on catch block at 0xc3 in for 0xa9
01-25 15:24:36.333 13293 13293 E ArmVmp : Match on catch block at 0xc3 in for 0xa5
01-25 15:24:36.336 13293 13293 E ArmVmp : Match on catch block at 0xc3 in for 0xa9
01-25 15:24:36.343 13293 13779 W MediaPlayer: Use of stream types is deprecated for operations other than volume control
01-25 15:24:36.343 13293 13779 W MediaPlayer: See the documentation of setAudioStreamType() for what to use instead with android.media.AudioAttributes to qualify your playback use case
01-25 15:24:36.348 13293 13293 E ArmVmp : Match on catch block at 0xc3 in for 0xa1
01-25 15:24:36.352 13293 13293 E ArmVmp : Match on catch block at 0xc3 in for 0xa5
01-25 15:24:36.366 13293 13696 W MediaPlayerNative: info/warning (10973, 0)
01-25 15:24:36.547 13293 13293 E ArmVmp : Match on catch block at 0xc3 in for 0xa1
01-25 15:24:36.552 13293 13293 E ArmVmp : Match on catch block at 0xc3 in for 0xa5
01-25 15:24:36.868 13293 13697 W libEGL : EGLNativeWindowType 0x7054cb3010 disconnect failed
01-25 15:24:36.970 13293 13293 E ArmVmp : Match on catch block at 0xc3 in for 0xa1
01-25 15:24:36.984 13293 13293 E ArmVmp : Match on catch block at 0xc3 in for 0xa5
01-25 15:24:37.027 13293 13293 E ArmVmp : Match on catch block at 0xc3 in for 0xa9
01-25 15:24:37.034 13293 13293 E ArmVmp : Match on catch block at 0xc3 in for 0xa1
01-25 15:24:37.051 13293 13293 E ArmVmp : Match on catch block at 0xc3 in for 0xa5
01-25 15:24:37.056 13293 13293 E ArmVmp : Match on catch block at 0xc3 in for 0xa9
01-25 15:24:37.064 13293 13293 E ArmVmp : Match on catch block at 0xc3 in for 0xa5
01-25 15:24:37.070 13293 13293 E ArmVmp : Match on catch block at 0xc3 in for 0xa9
01-25 15:24:37.580 13293 13293 E ArmVmp : Match on catch block at 0xc3 in for 0xa5
01-25 15:24:37.589 13293 13293 E ArmVmp : Match on catch block at 0xc3 in for 0xa9
01-25 15:24:38.083 13293 13293 E ArmVmp : Match on catch block at 0xc3 in for 0xa5
01-25 15:24:38.094 13293 13293 E ArmVmp : Match on catch block at 0xc3 in for 0xa9
01-25 15:24:38.580 13293 13293 E ArmVmp : Match on catch block at 0xc3 in for 0xa5
01-25 15:24:38.585 13293 13293 E ArmVmp : Match on catch block at 0xc3 in for 0xa9
01-25 15:24:38.617 13293 13293 E ArmVmp : Match on catch block at 0xc3 in for 0xa5
01-25 15:24:38.633 13293 13293 E ArmVmp : Match on catch block at 0xc3 in for 0xa9
01-25 15:24:38.649 13293 13293 E ArmVmp : Match on catch block at 0xc3 in for 0xa5
01-25 15:24:38.656 13293 13293 E ArmVmp : Match on catch block at 0xc3 in for 0xa9
01-25 15:24:38.669 13293 13293 E ArmVmp : Match on catch block at 0xc3 in for 0xa5
01-25 15:24:38.676 13293 13293 E ArmVmp : Match on catch block at 0xc3 in for 0xa9
01-25 15:24:38.688 13293 13293 E ArmVmp : Match on catch block at 0xc3 in for 0xa5
01-25 15:24:38.695 13293 13293 E ArmVmp : Match on catch block at 0xc3 in for 0xa9
01-25 15:24:38.716 13293 13293 E ArmVmp : Match on catch block at 0xc3 in for 0xa5
01-25 15:24:38.722 13293 13293 E ArmVmp : Match on catch block at 0xc3 in for 0xa9
01-25 15:24:38.734 13293 13293 E ArmVmp : Match on catch block at 0xc3 in for 0xa5
01-25 15:24:38.741 13293 13293 E ArmVmp : Match on catch block at 0xc3 in for 0xa9
01-25 15:24:38.751 13293 13293 E ArmVmp : Match on catch block at 0xc3 in for 0xa5
01-25 15:24:38.757 13293 13293 E ArmVmp : Match on catch block at 0xc3 in for 0xa9
01-25 15:24:38.768 13293 13293 E ArmVmp : Match on catch block at 0xc3 in for 0xa5
01-25 15:24:38.774 13293 13293 E ArmVmp : Match on catch block at 0xc3 in for 0xa9
01-25 15:24:38.784 13293 13293 E ArmVmp : Match on catch block at 0xc3 in for 0xa5
01-25 15:24:38.790 13293 13293 E ArmVmp : Match on catch block at 0xc3 in for 0xa9
01-25 15:24:38.801 13293 13293 E ArmVmp : Match on catch block at 0xc3 in for 0xa5
01-25 15:24:38.807 13293 13293 E ArmVmp : Match on catch block at 0xc3 in for 0xa9
01-25 15:24:38.816 13293 13293 E ArmVmp : Match on catch block at 0xc3 in for 0xa5
01-25 15:24:38.821 13293 13293 E ArmVmp : Match on catch block at 0xc3 in for 0xa9
01-25 15:24:38.830 13293 13293 E ArmVmp : Match on catch block at 0xc3 in for 0xa5
01-25 15:24:38.836 13293 13293 E ArmVmp : Match on catch block at 0xc3 in for 0xa9
01-25 15:24:38.852 13293 13293 E ArmVmp : Match on catch block at 0xc3 in for 0xa5
01-25 15:24:38.857 13293 13293 E ArmVmp : Match on catch block at 0xc3 in for 0xa9
01-25 15:24:38.868 13293 13293 E ArmVmp : Match on catch block at 0xc3 in for 0xa5
01-25 15:24:38.873 13293 13293 E ArmVmp : Match on catch block at 0xc3 in for 0xa9
01-25 15:24:39.083 13293 13293 E ArmVmp : Match on catch block at 0xc3 in for 0xa9
01-25 15:24:39.086 13293 13293 E ArmVmp : Match on catch block at 0xc3 in for 0xa1
01-25 15:24:39.103 13293 13293 E ArmVmp : Match on catch block at 0xc3 in for 0xa5
01-25 15:24:39.107 13293 13293 E ArmVmp : Match on catch block at 0xc3 in for 0xa9
01-25 15:24:39.128 13293 13293 E ArmVmp : Match on catch block at 0xc3 in for 0xa5
01-25 15:24:39.132 13293 13293 E ArmVmp : Match on catch block at 0xc3 in for 0xa9
01-25 15:24:39.146 13293 13293 E ArmVmp : Match on catch block at 0xc3 in for 0xa5
01-25 15:24:39.149 13293 13293 E ArmVmp : Match on catch block at 0xc3 in for 0xa9
01-25 15:24:39.161 13293 13293 E ArmVmp : Match on catch block at 0xc3 in for 0xa5
01-25 15:24:39.166 13293 13293 E ArmVmp : Match on catch block at 0xc3 in for 0xa9
01-25 15:24:39.178 13293 13293 E ArmVmp : Match on catch block at 0xc3 in for 0xa5
01-25 15:24:39.183 13293 13293 E ArmVmp : Match on catch block at 0xc3 in for 0xa9
01-25 15:24:39.201 13293 13293 E ArmVmp : Match on catch block at 0xc3 in for 0xa5
01-25 15:24:39.205 13293 13293 E ArmVmp : Match on catch block at 0xc3 in for 0xa9
01-25 15:24:39.217 13293 13293 E ArmVmp : Match on catch block at 0xc3 in for 0xa5
01-25 15:24:39.221 13293 13293 E ArmVmp : Match on catch block at 0xc3 in for 0xa9
01-25 15:24:39.229 13293 13293 E ArmVmp : Match on catch block at 0xc3 in for 0xa5
01-25 15:24:39.231 13293 13293 E ArmVmp : Match on catch block at 0xc3 in for 0xa9
01-25 15:24:39.245 13293 13293 E ArmVmp : Match on catch block at 0xc3 in for 0xa5
01-25 15:24:39.249 13293 13293 E ArmVmp : Match on catch block at 0xc3 in for 0xa9
01-25 15:24:39.262 13293 13293 E ArmVmp : Match on catch block at 0xc3 in for 0xa5
01-25 15:24:39.267 13293 13293 E ArmVmp : Match on catch block at 0xc3 in for 0xa9
01-25 15:24:39.280 13293 13293 E ArmVmp : Match on catch block at 0xc3 in for 0xa5
01-25 15:24:39.285 13293 13293 E ArmVmp : Match on catch block at 0xc3 in for 0xa9
01-25 15:24:39.776 13293 13293 E ArmVmp : Match on catch block at 0xc3 in for 0xa5
01-25 15:24:39.781 13293 13293 E ArmVmp : Match on catch block at 0xc3 in for 0xa9
01-25 15:24:40.177 13293 13293 E ArmVmp : Match on catch block at 0xc3 in for 0xa5
01-25 15:24:40.181 13293 13293 E ArmVmp : Match on catch block at 0xc3 in for 0xa9
01-25 15:24:40.628 13293 13293 E ArmVmp : Match on catch block at 0xc3 in for 0xa5
01-25 15:24:40.632 13293 13293 E ArmVmp : Match on catch block at 0xc3 in for 0xa9
01-25 15:24:40.795 13293 13293 E ArmVmp : Match on catch block at 0xc3 in for 0xa5
01-25 15:24:40.799 13293 13293 E ArmVmp : Match on catch block at 0xc3 in for 0xa9
01-25 15:24:41.095 13293 13293 E ArmVmp : Match on catch block at 0xc3 in for 0xa5
01-25 15:24:41.099 13293 13293 E ArmVmp : Match on catch block at 0xc3 in for 0xa9
01-25 15:24:41.595 13293 13293 E ArmVmp : Match on catch block at 0xc3 in for 0xa5
01-25 15:24:41.601 13293 13293 E ArmVmp : Match on catch block at 0xc3 in for 0xa9
01-25 15:24:41.662 13293 13293 E ArmVmp : Match on catch block at 0xc3 in for 0xa5
01-25 15:24:41.667 13293 13293 E ArmVmp : Match on catch block at 0xc3 in for 0xa9
01-25 15:24:42.176 13293 13293 E ArmVmp : Match on catch block at 0xc3 in for 0xa1
01-25 15:24:42.181 13293 13293 E ArmVmp : Match on catch block at 0xc3 in for 0xa5
01-25 15:24:42.677 13293 13293 E ArmVmp : Match on catch block at 0xc3 in for 0xa1
01-25 15:24:42.687 13293 13293 E ArmVmp : Match on catch block at 0xc3 in for 0xa5
01-25 15:24:43.010 13293 13293 E ArmVmp : Match on catch block at 0xc3 in for 0xa1
01-25 15:24:43.016 13293 13293 E ArmVmp : Match on catch block at 0xc3 in for 0xa5
01-25 15:24:43.443 13293 13293 E ArmVmp : Match on catch block at 0xc3 in for 0xa1
01-25 15:24:43.448 13293 13293 E ArmVmp : Match on catch block at 0xc3 in for 0xa5
01-25 15:24:43.945 13293 13293 E ArmVmp : Match on catch block at 0xc3 in for 0xa1
01-25 15:24:43.952 13293 13293 E ArmVmp : Match on catch block at 0xc3 in for 0xa5
01-25 15:24:44.010 13293 13293 E ArmVmp : Match on catch block at 0xc3 in for 0xa5
01-25 15:24:44.014 13293 13293 E ArmVmp : Match on catch block at 0xc3 in for 0xa9
01-25 15:24:44.459 13293 13293 E ArmVmp : Match on catch block at 0xc3 in for 0xa5
01-25 15:24:44.463 13293 13293 E ArmVmp : Match on catch block at 0xc3 in for 0xa9
01-25 15:24:44.958 13293 13293 E ArmVmp : Match on catch block at 0xc3 in for 0xa5
01-25 15:24:44.965 13293 13293 E ArmVmp : Match on catch block at 0xc3 in for 0xa9
01-25 15:24:44.992 13293 13293 E ArmVmp : Match on catch block at 0xc3 in for 0xa5
01-25 15:24:44.996 13293 13293 E ArmVmp : Match on catch block at 0xc3 in for 0xa9
01-25 15:24:45.191 13293 13293 E ArmVmp : Match on catch block at 0xc3 in for 0xa5
01-25 15:24:45.194 13293 13293 E ArmVmp : Match on catch block at 0xc3 in for 0xa9
01-25 15:24:45.491 13293 13293 E ArmVmp : Match on catch block at 0xc3 in for 0xa5
01-25 15:24:45.495 13293 13293 E ArmVmp : Match on catch block at 0xc3 in for 0xa9
01-25 15:24:45.725 13293 13293 E ArmVmp : Match on catch block at 0xc3 in for 0xa5
01-25 15:24:45.728 13293 13293 E ArmVmp : Match on catch block at 0xc3 in for 0xa9
01-25 15:24:46.075 13293 13293 E ArmVmp : Match on catch block at 0xc3 in for 0xa5
01-25 15:24:46.079 13293 13293 E ArmVmp : Match on catch block at 0xc3 in for 0xa9
01-25 15:24:46.224 13293 13293 E ArmVmp : Match on catch block at 0xc3 in for 0xa5
01-25 15:24:46.229 13293 13293 E ArmVmp : Match on catch block at 0xc3 in for 0xa9
01-25 15:24:46.491 13293 13293 E ArmVmp : Match on catch block at 0xc3 in for 0xa9
01-25 15:24:46.495 13293 13293 E ArmVmp : Match on catch block at 0xc3 in for 0xa1
01-25 15:24:46.533 13293 13293 E ArmVmp : Match on catch block at 0xc3 in for 0xa1
01-25 15:24:46.537 13293 13293 E ArmVmp : Match on catch block at 0xc3 in for 0xa5
01-25 15:24:46.564 13293 13293 E ArmVmp : Match on catch block at 0xc3 in for 0xa5
01-25 15:24:46.566 13293 13293 E ArmVmp : Match on catch block at 0xc3 in for 0xa9
01-25 15:24:46.612 13293 13293 E ArmVmp : Match on catch block at 0xc3 in for 0xa1
01-25 15:24:46.614 13293 13293 E ArmVmp : Match on catch block at 0xc3 in for 0xa5
01-25 15:24:46.637 13293 13293 E ArmVmp : Match on catch block at 0xc3 in for 0xa9
01-25 15:24:46.639 13293 13293 E ArmVmp : Match on catch block at 0xc3 in for 0xa1
01-25 15:24:46.702 13293 13293 E ArmVmp : Match on catch block at 0xc3 in for 0xa5
01-25 15:24:46.705 13293 13293 E ArmVmp : Match on catch block at 0xc3 in for 0xa9
01-25 15:24:46.729 13293 13293 E ArmVmp : Match on catch block at 0xc3 in for 0xa9
01-25 15:24:46.732 13293 13293 E ArmVmp : Match on catch block at 0xc3 in for 0xa1
01-25 15:24:46.791 13293 13293 E ArmVmp : Match on catch block at 0xc3 in for 0xa5
01-25 15:24:46.794 13293 13293 E ArmVmp : Match on catch block at 0xc3 in for 0xa9
01-25 15:24:46.812 13293 13779 W MediaPlayer: Use of stream types is deprecated for operations other than volume control
01-25 15:24:46.812 13293 13779 W MediaPlayer: See the documentation of setAudioStreamType() for what to use instead with android.media.AudioAttributes to qualify your playback use case
01-25 15:24:46.820 13293 13293 E ArmVmp : Match on catch block at 0xc3 in for 0xa5
01-25 15:24:46.827 13293 13293 E ArmVmp : Match on catch block at 0xc3 in for 0xa9
01-25 15:24:46.840 13293 13293 E ArmVmp : Match on catch block at 0xc3 in for 0xa1
01-25 15:24:46.843 13293 13293 E ArmVmp : Match on catch block at 0xc3 in for 0xa5
01-25 15:24:46.845 13293 13311 W MediaPlayerNative: info/warning (10973, 0)
01-25 15:24:46.856 13293 13293 E ArmVmp : Match on catch block at 0xc3 in for 0xa1
01-25 15:24:46.859 13293 13293 E ArmVmp : Match on catch block at 0xc3 in for 0xa5
01-25 15:24:46.861 13293 13779 W MediaPlayer: Use of stream types is deprecated for operations other than volume control
01-25 15:24:46.861 13293 13779 W MediaPlayer: See the documentation of setAudioStreamType() for what to use instead with android.media.AudioAttributes to qualify your playback use case
01-25 15:24:46.872 13293 13293 E ArmVmp : Match on catch block at 0xc3 in for 0xa1
01-25 15:24:46.875 13293 13293 E ArmVmp : Match on catch block at 0xc3 in for 0xa5
01-25 15:24:46.889 13293 13293 E ArmVmp : Match on catch block at 0xc3 in for 0xa1
01-25 15:24:46.892 13293 13293 E ArmVmp : Match on catch block at 0xc3 in for 0xa5
01-25 15:24:46.892 13293 13311 W MediaPlayerNative: info/warning (10973, 0)
01-25 15:24:46.906 13293 13293 E ArmVmp : Match on catch block at 0xc3 in for 0xa1
01-25 15:24:46.909 13293 13293 E ArmVmp : Match on catch block at 0xc3 in for 0xa5
01-25 15:24:46.924 13293 13293 E ArmVmp : Match on catch block at 0xc3 in for 0xa1
01-25 15:24:46.929 13293 13293 E ArmVmp : Match on catch block at 0xc3 in for 0xa5
01-25 15:24:46.943 13293 13293 E ArmVmp : Match on catch block at 0xc3 in for 0xa1
01-25 15:24:46.947 13293 13293 E ArmVmp : Match on catch block at 0xc3 in for 0xa5
01-25 15:24:46.964 13293 13293 E ArmVmp : Match on catch block at 0xc3 in for 0xa1
01-25 15:24:46.970 13293 13293 E ArmVmp : Match on catch block at 0xc3 in for 0xa5
01-25 15:24:46.981 13293 13293 E ArmVmp : Match on catch block at 0xc3 in for 0xa1
01-25 15:24:46.985 13293 13293 E ArmVmp : Match on catch block at 0xc3 in for 0xa5
01-25 15:24:46.998 13293 13293 E ArmVmp : Match on catch block at 0xc3 in for 0xa1
01-25 15:24:47.004 13293 13293 E ArmVmp : Match on catch block at 0xc3 in for 0xa5
01-25 15:24:47.017 13293 13293 E ArmVmp : Match on catch block at 0xc3 in for 0xa1
01-25 15:24:47.021 13293 13293 E ArmVmp : Match on catch block at 0xc3 in for 0xa5
01-25 15:24:47.124 13293 13293 W SoundPool: Use of stream types is deprecated for operations other than volume control
01-25 15:24:47.124 13293 13293 W SoundPool: See the documentation of SoundPool() for what to use instead with android.media.AudioAttributes to qualify your playback use case
01-25 15:24:47.154 13293 13293 W AudioManager: Use of stream types is deprecated for operations other than volume control
01-25 15:24:47.154 13293 13293 W AudioManager: See the documentation of requestAudioFocus() for what to use instead with android.media.AudioAttributes to qualify your playback use case
01-25 15:24:47.172 13293 13376 W SoundPool: play soundID 1 not READY
01-25 15:24:47.470 13293 13293 W libOpenSLES: Conversion from OpenSL ES positional channel mask 0x4 to Android mask 0 loses channels
01-25 15:24:47.605 13293 14044 W LOTTIE : Unknown shape type rd
01-25 15:24:47.613 13293 13293 E ArmVmp : Match on catch block at 0xc3 in for 0xa9
01-25 15:24:47.616 13293 13293 E ArmVmp : Match on catch block at 0xc3 in for 0xa1
01-25 15:24:47.641 13293 13697 W libEGL : EGLNativeWindowType 0x7054158010 disconnect failed
01-25 15:24:47.656 13293 13293 E ArmVmp : Match on catch block at 0xc3 in for 0xa1
01-25 15:24:47.662 13293 13293 E ArmVmp : Match on catch block at 0xc3 in for 0xa5
01-25 15:24:47.690 13293 13697 W libEGL : EGLNativeWindowType 0x7054158010 disconnect failed
01-25 15:24:47.702 13293 13293 E ArmVmp : Match on catch block at 0xc3 in for 0xa5
01-25 15:24:47.705 13293 13293 E ArmVmp : Match on catch block at 0xc3 in for 0xa9
01-25 15:24:47.726 13293 13697 W libEGL : EGLNativeWindowType 0x7054158010 disconnect failed
01-25 15:24:47.769 13293 13293 E ArmVmp : Match on catch block at 0xc3 in for 0xa9
01-25 15:24:47.772 13293 13293 E ArmVmp : Match on catch block at 0xc3 in for 0xa1
01-25 15:24:47.794 13293 13697 W libEGL : EGLNativeWindowType 0x7054158010 disconnect failed
01-25 15:24:47.799 13293 13293 E ArmVmp : Match on catch block at 0xc3 in for 0xa9
01-25 15:24:47.801 13293 13293 E ArmVmp : Match on catch block at 0xc3 in for 0xa1
01-25 15:24:47.819 13293 13293 E ArmVmp : Match on catch block at 0xc3 in for 0xa9
01-25 15:24:47.822 13293 13293 E ArmVmp : Match on catch block at 0xc3 in for 0xa1
01-25 15:24:47.827 13293 13293 E ArmVmp : Match on catch block at 0xc3 in for 0xa9
01-25 15:24:47.830 13293 13293 E ArmVmp : Match on catch block at 0xc3 in for 0xa1
01-25 15:24:47.839 13293 13293 E ArmVmp : Match on catch block at 0xc3 in for 0xa9
01-25 15:24:47.841 13293 13293 E ArmVmp : Match on catch block at 0xc3 in for 0xa1
01-25 15:24:47.855 13293 13293 E ArmVmp : Match on catch block at 0xc3 in for 0xa9
01-25 15:24:47.859 13293 13293 E ArmVmp : Match on catch block at 0xc3 in for 0xa1
01-25 15:24:47.872 13293 13293 E ArmVmp : Match on catch block at 0xc3 in for 0xa9
01-25 15:24:47.876 13293 13293 E ArmVmp : Match on catch block at 0xc3 in for 0xa1
01-25 15:24:47.890 13293 13293 E ArmVmp : Match on catch block at 0xc3 in for 0xa9
01-25 15:24:47.895 13293 13293 E ArmVmp : Match on catch block at 0xc3 in for 0xa1
01-25 15:24:47.907 13293 13293 E ArmVmp : Match on catch block at 0xc3 in for 0xa9
01-25 15:24:47.912 13293 13293 E ArmVmp : Match on catch block at 0xc3 in for 0xa1
01-25 15:24:47.925 13293 13293 E ArmVmp : Match on catch block at 0xc3 in for 0xa9
01-25 15:24:47.932 13293 13293 E ArmVmp : Match on catch block at 0xc3 in for 0xa1
01-25 15:24:47.947 13293 13293 E ArmVmp : Match on catch block at 0xc3 in for 0xa9
01-25 15:24:47.951 13293 13293 E ArmVmp : Match on catch block at 0xc3 in for 0xa1
01-25 15:24:47.963 13293 13293 E ArmVmp : Match on catch block at 0xc3 in for 0xa9
01-25 15:24:47.972 13293 13293 E ArmVmp : Match on catch block at 0xc3 in for 0xa1
01-25 15:24:47.986 13293 13293 E ArmVmp : Match on catch block at 0xc3 in for 0xa9
01-25 15:24:47.991 13293 13293 E ArmVmp : Match on catch block at 0xc3 in for 0xa1
01-25 15:24:48.110 13293 13293 E ArmVmp : Match on catch block at 0xc3 in for 0xa9
01-25 15:24:48.117 13293 13293 E ArmVmp : Match on catch block at 0xc3 in for 0xa1
01-25 15:24:48.606 13293 13293 E ArmVmp : Match on catch block at 0xc3 in for 0xa9
01-25 15:24:48.613 13293 13293 E ArmVmp : Match on catch block at 0xc3 in for 0xa1
01-25 15:24:48.681 13293 13697 W libEGL : EGLNativeWindowType 0x7054158010 disconnect failed
01-25 15:24:49.125 13293 13293 E ArmVmp : Match on catch block at 0xc3 in for 0xa5
01-25 15:24:49.132 13293 13293 E ArmVmp : Match on catch block at 0xc3 in for 0xa9
01-25 15:24:49.339 13293 13293 E ArmVmp : Match on catch block at 0xc3 in for 0xa5
01-25 15:24:49.349 13293 13293 E ArmVmp : Match on catch block at 0xc3 in for 0xa9
01-25 15:24:49.362 13293 13293 E ArmVmp : Match on catch block at 0xc3 in for 0xa5
01-25 15:24:49.370 13293 13293 E ArmVmp : Match on catch block at 0xc3 in for 0xa9
01-25 15:24:49.392 13293 13293 E ArmVmp : Match on catch block at 0xc3 in for 0xa5
01-25 15:24:49.398 13293 13293 E ArmVmp : Match on catch block at 0xc3 in for 0xa9
01-25 15:24:49.409 13293 13293 E ArmVmp : Match on catch block at 0xc3 in for 0xa5
01-25 15:24:49.417 13293 13293 E ArmVmp : Match on catch block at 0xc3 in for 0xa9
01-25 15:24:49.428 13293 13293 E ArmVmp : Match on catch block at 0xc3 in for 0xa5
01-25 15:24:49.434 13293 13293 E ArmVmp : Match on catch block at 0xc3 in for 0xa9
01-25 15:24:49.448 13293 13293 E ArmVmp : Match on catch block at 0xc3 in for 0xa5
01-25 15:24:49.453 13293 13293 E ArmVmp : Match on catch block at 0xc3 in for 0xa9
01-25 15:24:49.467 13293 13293 E ArmVmp : Match on catch block at 0xc3 in for 0xa5
01-25 15:24:49.475 13293 13293 E ArmVmp : Match on catch block at 0xc3 in for 0xa9
01-25 15:24:49.489 13293 13293 E ArmVmp : Match on catch block at 0xc3 in for 0xa5
01-25 15:24:49.496 13293 13293 E ArmVmp : Match on catch block at 0xc3 in for 0xa9
01-25 15:24:49.506 13293 13293 E ArmVmp : Match on catch block at 0xc3 in for 0xa5
01-25 15:24:49.516 13293 13293 E ArmVmp : Match on catch block at 0xc3 in for 0xa9
01-25 15:24:49.525 13293 13293 E ArmVmp : Match on catch block at 0xc3 in for 0xa5
01-25 15:24:49.535 13293 13293 E ArmVmp : Match on catch block at 0xc3 in for 0xa9
01-25 15:24:49.545 13293 13293 E ArmVmp : Match on catch block at 0xc3 in for 0xa5
01-25 15:24:49.554 13293 13293 E ArmVmp : Match on catch block at 0xc3 in for 0xa9
01-25 15:24:49.573 13293 13293 E ArmVmp : Match on catch block at 0xc3 in for 0xa5
01-25 15:24:49.581 13293 13293 E ArmVmp : Match on catch block at 0xc3 in for 0xa9
01-25 15:24:49.590 13293 13293 E ArmVmp : Match on catch block at 0xc3 in for 0xa5
01-25 15:24:49.596 13293 13293 E ArmVmp : Match on catch block at 0xc3 in for 0xa9
01-25 15:24:49.623 13293 13293 E ArmVmp : Match on catch block at 0xc3 in for 0xa5
01-25 15:24:49.629 13293 13293 E ArmVmp : Match on catch block at 0xc3 in for 0xa9
01-25 15:24:50.127 13293 13293 E ArmVmp : Match on catch block at 0xc3 in for 0xa5
01-25 15:24:50.141 13293 13293 E ArmVmp : Match on catch block at 0xc3 in for 0xa9
01-25 15:24:50.622 13293 13293 E ArmVmp : Match on catch block at 0xc3 in for 0xa5
01-25 15:24:50.632 13293 13293 E ArmVmp : Match on catch block at 0xc3 in for 0xa9
01-25 15:24:50.702 13293 13697 W libEGL : EGLNativeWindowType 0x7054158010 disconnect failed
01-25 15:24:51.121 13293 13293 E ArmVmp : Match on catch block at 0xc3 in for 0xa5
01-25 15:24:51.128 13293 13293 E ArmVmp : Match on catch block at 0xc3 in for 0xa9
01-25 15:24:51.620 13293 13293 E ArmVmp : Match on catch block at 0xc3 in for 0xa5
01-25 15:24:51.624 13293 13293 E ArmVmp : Match on catch block at 0xc3 in for 0xa9
01-25 15:24:52.003 13293 13293 E ArmVmp : Match on catch block at 0xc3 in for 0xa9
01-25 15:24:52.007 13293 13293 E ArmVmp : Match on catch block at 0xc3 in for 0xa1
01-25 15:24:52.106 13293 13293 E ArmVmp : Match on catch block at 0xc3 in for 0xa5
01-25 15:24:52.112 13293 13293 E ArmVmp : Match on catch block at 0xc3 in for 0xa9
01-25 15:24:52.163 13293 13293 W com.whatsapp: Class com.whatsapp.HomeActivity failed lock verification and will run slower.
01-25 15:24:52.494 13293 13293 E ArmVmp : Match on catch block at 0x0a in for 0xc1
01-25 15:24:52.537 13293 13293 E ArmVmp : Match on catch block at 0x0a in for 0x135
01-25 15:24:52.621 13293 14052 W com.whatsapp: Accessing hidden method Lcom/android/org/conscrypt/ConscryptEngineSocket;->setUseSessionTickets(Z)V (greylist-max-q,core-platform-api, reflection, denied)
01-25 15:24:52.621 13293 14052 W com.whatsapp: Accessing hidden method Lcom/android/org/conscrypt/OpenSSLSocketImpl;->setUseSessionTickets(Z)V (greylist- max-q,core-platform-api, reflection, denied)
01-25 15:24:52.621 13293 14052 W com.whatsapp: Accessing hidden method Lcom/android/org/conscrypt/AbstractConscryptSocket;->setUseSessionTickets(Z)V (greylist-max-q, reflection, denied)
01-25 15:24:52.622 13293 14052 W com.whatsapp: Accessing hidden method Lcom/android/org/conscrypt/ConscryptEngineSocket;->setHostname(Ljava/lang/String;)V (greylist-max-q,core-platform-api, reflection, denied)
01-25 15:24:52.622 13293 14052 W com.whatsapp: Accessing hidden method Lcom/android/org/conscrypt/OpenSSLSocketImpl;->setHostname(Ljava/lang/String;)V (greylist-max-q,core-platform-api, reflection, denied)
01-25 15:24:52.623 13293 14052 W com.whatsapp: Accessing hidden method Lcom/android/org/conscrypt/AbstractConscryptSocket;->setHostname(Ljava/lang/ String;)V (greylist-max-q, reflection, denied)
01-25 15:24:52.623 13293 14052 W com.whatsapp: Accessing hidden method Lcom/android/org/conscrypt/OpenSSLSocketImpl;->setAlpnProtocols([B)V (greylist-max- q,core-platform-api, reflection, denied)
01-25 15:24:52.624 13293 14052 W com.whatsapp: Accessing hidden method Lcom/android/org/conscrypt/AbstractConscryptSocket;->setAlpnProtocols([B)V (greylist-max-q, reflection, denied)
01-25 15:24:52.673 13293 14052 W com.whatsapp: Accessing hidden method Lcom/android/org/conscrypt/OpenSSLSocketImpl;->getAlpnSelectedProtocol()[B (greylist-max-q,core-platform-api, reflection, denied)
01-25 15:24:52.673 13293 14052 W com.whatsapp: Accessing hidden method Lcom/android/org/conscrypt/AbstractConscryptSocket;->getAlpnSelectedProtocol()[B (greylist-max-q, reflection, denied)
01-25 15:24:52.815 13293 14044 W LOTTIE : Animation contains merge paths. Merge paths are only supported on KitKat+ and must be manually enabled by calling enableMergePathsForKitKatAndAbove().
01-25 15:24:53.510 13293 13293 E RecyclerView: No adapter attached; skipping layout
01-25 15:24:53.576 13293 13293 E ArmVmp : Match on catch block at 0xc3 in for 0xa1
01-25 15:24:53.579 13293 13293 E ArmVmp : Match on catch block at 0xc3 in for 0xa5
01-25 15:24:53.677 13293 13293 E RecyclerView: No adapter attached; skipping layout
01-25 15:24:53.691 13293 13697 W libEGL : EGLNativeWindowType 0x7085ccb010 disconnect failed
01-25 15:24:53.698 13293 13293 E ArmVmp : Match on catch block at 0xc3 in for 0xa5
01-25 15:24:53.700 13293 13293 E ArmVmp : Match on catch block at 0xc3 in for 0xa9
01-25 15:24:53.706 13293 13293 W LOTTIE : Animation contains merge paths but they are disabled.
01-25 15:24:53.836 13293 13293 E ArmVmp : Match on catch block at 0x0a in for 0xd1
01-25 15:24:54.003 13293 13697 W libEGL : EGLNativeWindowType 0x7053ecf010 disconnect failed
01-25 15:24:54.460 13293 13293 E ArmVmp : Match on catch block at 0x5b in for 0x81
01-25 15:24:54.491 13293 13293 E ArmVmp : Match on catch block at 0x5b in for 0x85
01-25 15:24:59.062 13293 13293 E ArmVmp : Match on catch block at 0x0a in for 0xc1
01-25 15:24:59.066 13293 13293 E ArmVmp : Match on catch block at 0x0a in for 0xc9
01-25 15:24:59.206 13293 13293 E ArmVmp : Match on catch block at 0xc3 in for 0xb1
01-25 15:24:59.209 13293 13293 E ArmVmp : Match on catch block at 0xc3 in for 0xb1
01-25 15:24:59.283 13293 13293 E ArmVmp : Match on catch block at 0xc3 in for 0xa1
01-25 15:24:59.288 13293 13293 E ArmVmp : Match on catch block at 0xc3 in for 0xa5
01-25 15:24:59.317 13293 13293 E ArmVmp : Match on catch block at 0xc3 in for 0xa1
01-25 15:24:59.320 13293 13293 E ArmVmp : Match on catch block at 0xc3 in for 0xa5
01-25 15:24:59.368 13293 13293 E ArmVmp : Match on catch block at 0xc3 in for 0xa5
01-25 15:24:59.371 13293 13293 E ArmVmp : Match on catch block at 0xc3 in for 0xa9
01-25 15:24:59.381 13293 13293 E ArmVmp : Match on catch block at 0xc3 in for 0xa9
01-25 15:24:59.383 13293 13293 E ArmVmp : Match on catch block at 0xc3 in for 0xa1
