01-25 15:25:26.273 13293 13293 E ArmVmp : Match on catch block at 0xc3 in for 0xa5
01-25 15:25:26.281 13293 13293 E ArmVmp : Match on catch block at 0xc3 in for 0xa9
01-25 15:25:26.297 13293 13293 E ArmVmp : Match on catch block at 0xc3 in for 0xa5
01-25 15:25:26.305 13293 13293 E ArmVmp : Match on catch block at 0xc3 in for 0xa9
01-25 15:25:26.314 13293 13293 E ArmVmp : Match on catch block at 0xc3 in for 0xa5
01-25 15:25:26.322 13293 13293 E ArmVmp : Match on catch block at 0xc3 in for 0xa9
01-25 15:25:26.334 13293 13293 E ArmVmp : Match on catch block at 0xc3 in for 0xa5
01-25 15:25:26.342 13293 13293 E ArmVmp : Match on catch block at 0xc3 in for 0xa9
01-25 15:25:26.355 13293 13293 E ArmVmp : Match on catch block at 0xc3 in for 0xa5
01-25 15:25:26.361 13293 13293 E ArmVmp : Match on catch block at 0xc3 in for 0xa9
01-25 15:25:26.371 13293 13293 E ArmVmp : Match on catch block at 0xc3 in for 0xa5
01-25 15:25:26.377 13293 13293 E ArmVmp : Match on catch block at 0xc3 in for 0xa9
01-25 15:25:26.387 13293 13293 E ArmVmp : Match on catch block at 0xc3 in for 0xa5
01-25 15:25:26.393 13293 13293 E ArmVmp : Match on catch block at 0xc3 in for 0xa9
01-25 15:25:26.404 13293 13293 E ArmVmp : Match on catch block at 0xc3 in for 0xa5
01-25 15:25:26.411 13293 13293 E ArmVmp : Match on catch block at 0xc3 in for 0xa9
01-25 15:25:26.423 13293 13293 E ArmVmp : Match on catch block at 0xc3 in for 0xa5
01-25 15:25:26.428 13293 13293 E ArmVmp : Match on catch block at 0xc3 in for 0xa9
01-25 15:25:26.447 13293 13293 E ArmVmp : Match on catch block at 0xc3 in for 0xa5
01-25 15:25:26.456 13293 13293 E ArmVmp : Match on catch block at 0xc3 in for 0xa9
01-25 15:25:26.464 13293 13293 E ArmVmp : Match on catch block at 0xc3 in for 0xa5
01-25 15:25:26.472 13293 13293 E ArmVmp : Match on catch block at 0xc3 in for 0xa9
01-25 15:25:26.985 13293 13293 E ArmVmp : Match on catch block at 0xc3 in for 0xa5
01-25 15:25:26.999 13293 13293 E ArmVmp : Match on catch block at 0xc3 in for 0xa9
01-25 15:25:27.485 13293 13293 E ArmVmp : Match on catch block at 0xc3 in for 0xa5
01-25 15:25:27.500 13293 13293 E ArmVmp : Match on catch block at 0xc3 in for 0xa9
01-25 15:25:27.983 13293 13293 E ArmVmp : Match on catch block at 0xc3 in for 0xa5
01-25 15:25:27.998 13293 13293 E ArmVmp : Match on catch block at 0xc3 in for 0xa9
01-25 15:25:28.484 13293 13293 E ArmVmp : Match on catch block at 0xc3 in for 0xa5
01-25 15:25:28.498 13293 13293 E ArmVmp : Match on catch block at 0xc3 in for 0xa9
01-25 15:25:28.983 13293 13293 E ArmVmp : Match on catch block at 0xc3 in for 0xa5
01-25 15:25:28.997 13293 13293 E ArmVmp : Match on catch block at 0xc3 in for 0xa9
01-25 15:25:29.483 13293 13293 E ArmVmp : Match on catch block at 0xc3 in for 0xa5
01-25 15:25:29.497 13293 13293 E ArmVmp : Match on catch block at 0xc3 in for 0xa9
01-25 15:25:29.983 13293 13293 E ArmVmp : Match on catch block at 0xc3 in for 0xa5
01-25 15:25:29.997 13293 13293 E ArmVmp : Match on catch block at 0xc3 in for 0xa9
01-25 15:25:30.499 13293 13293 E ArmVmp : Match on catch block at 0xc3 in for 0xa5
01-25 15:25:30.513 13293 13293 E ArmVmp : Match on catch block at 0xc3 in for 0xa9
01-25 15:25:30.999 13293 13293 E ArmVmp : Match on catch block at 0xc3 in for 0xa5
01-25 15:25:31.012 13293 13293 E ArmVmp : Match on catch block at 0xc3 in for 0xa9
01-25 15:25:31.498 13293 13293 E ArmVmp : Match on catch block at 0xc3 in for 0xa5
01-25 15:25:31.512 13293 13293 E ArmVmp : Match on catch block at 0xc3 in for 0xa9
01-25 15:25:31.930 13293 13293 E ArmVmp : Match on catch block at 0xc3 in for 0xa9
01-25 15:25:31.934 13293 13293 E ArmVmp : Match on catch block at 0xc3 in for 0xa1
01-25 15:25:31.998 13293 13293 E ArmVmp : Match on catch block at 0xc3 in for 0xa9
01-25 15:25:32.002 13293 13293 E ArmVmp : Match on catch block at 0xc3 in for 0xa1
01-25 15:25:32.071 13293 13293 E ArmVmp : Match on catch block at 0xc3 in for 0xa5
01-25 15:25:32.076 13293 13293 E ArmVmp : Match on catch block at 0xc3 in for 0xa9
01-25 15:25:32.132 13293 13779 W MediaPlayer: Use of stream types is deprecated for operations other than volume control
01-25 15:25:32.132 13293 13779 W MediaPlayer: See the documentation of setAudioStreamType() for what to use instead with android.media.AudioAttributes to qualify your playback use case
01-25 15:25:32.149 13293 13293 E ArmVmp : Match on catch block at 0xc3 in for 0xa5
01-25 15:25:32.153 13293 13293 E ArmVmp : Match on catch block at 0xc3 in for 0xa9
01-25 15:25:32.165 13293 14194 W MediaPlayerNative: info/warning (10973, 0)
01-25 15:25:32.186 13293 13293 E ArmVmp : Match on catch block at 0xc3 in for 0xa1
01-25 15:25:32.190 13293 13293 E ArmVmp : Match on catch block at 0xc3 in for 0xa5
01-25 15:25:32.210 13293 13697 W libEGL : EGLNativeWindowType 0x7019999010 disconnect failed
01-25 15:25:32.221 13293 13293 E ArmVmp : Match on catch block at 0xc3 in for 0xa5
01-25 15:25:32.225 13293 13293 E ArmVmp : Match on catch block at 0xc3 in for 0xa9
01-25 15:25:32.237 13293 13293 E ArmVmp : Match on catch block at 0xc3 in for 0xa5
01-25 15:25:32.243 13293 13293 E ArmVmp : Match on catch block at 0xc3 in for 0xa9
01-25 15:25:32.255 13293 13293 E ArmVmp : Match on catch block at 0xc3 in for 0xa9
01-25 15:25:32.258 13293 13293 E ArmVmp : Match on catch block at 0xc3 in for 0xa1
01-25 15:25:32.271 13293 13293 E ArmVmp : Match on catch block at 0xc3 in for 0xa9
01-25 15:25:32.275 13293 13293 E ArmVmp : Match on catch block at 0xc3 in for 0xa1
01-25 15:25:32.285 13293 13293 E ArmVmp : Match on catch block at 0xc3 in for 0xa1
01-25 15:25:32.288 13293 13293 E ArmVmp : Match on catch block at 0xc3 in for 0xa5
01-25 15:25:32.298 13293 13293 E ArmVmp : Match on catch block at 0xc3 in for 0xa1
01-25 15:25:32.301 13293 13293 E ArmVmp : Match on catch block at 0xc3 in for 0xa5
01-25 15:25:32.311 13293 13293 E ArmVmp : Match on catch block at 0xc3 in for 0xa1
01-25 15:25:32.314 13293 13293 E ArmVmp : Match on catch block at 0xc3 in for 0xa5
01-25 15:25:32.327 13293 13293 E ArmVmp : Match on catch block at 0xc3 in for 0xa1
01-25 15:25:32.330 13293 13293 E ArmVmp : Match on catch block at 0xc3 in for 0xa5
01-25 15:25:32.342 13293 13293 E ArmVmp : Match on catch block at 0xc3 in for 0xa1
01-25 15:25:32.346 13293 13293 E ArmVmp : Match on catch block at 0xc3 in for 0xa5
01-25 15:25:32.359 13293 13293 E ArmVmp : Match on catch block at 0xc3 in for 0xa1
01-25 15:25:32.362 13293 13293 E ArmVmp : Match on catch block at 0xc3 in for 0xa5
01-25 15:25:32.376 13293 13293 E ArmVmp : Match on catch block at 0xc3 in for 0xa1
01-25 15:25:32.383 13293 13293 E ArmVmp : Match on catch block at 0xc3 in for 0xa5
01-25 15:25:32.393 13293 13293 E ArmVmp : Match on catch block at 0xc3 in for 0xa1
01-25 15:25:32.396 13293 13293 E ArmVmp : Match on catch block at 0xc3 in for 0xa5
01-25 15:25:32.409 13293 13293 E ArmVmp : Match on catch block at 0xc3 in for 0xa1
01-25 15:25:32.414 13293 13293 E ArmVmp : Match on catch block at 0xc3 in for 0xa5
01-25 15:25:32.543 13293 13293 E ArmVmp : Match on catch block at 0xc3 in for 0xa1
01-25 15:25:32.547 13293 13293 E ArmVmp : Match on catch block at 0xc3 in for 0xa5
01-25 15:25:32.711 13293 13697 W libEGL : EGLNativeWindowType 0x7019999010 disconnect failed
01-25 15:25:32.735 13293 13697 W libEGL : EGLNativeWindowType 0x7019999010 disconnect failed
01-25 15:25:32.760 13293 13697 W libEGL : EGLNativeWindowType 0x7019999010 disconnect failed
01-25 15:25:32.787 13293 13697 W libEGL : EGLNativeWindowType 0x7019999010 disconnect failed
01-25 15:25:32.809 13293 13697 W libEGL : EGLNativeWindowType 0x7019999010 disconnect failed
01-25 15:25:32.831 13293 13697 W libEGL : EGLNativeWindowType 0x7019999010 disconnect failed
01-25 15:25:32.851 13293 13697 W libEGL : EGLNativeWindowType 0x7019999010 disconnect failed
01-25 15:25:32.873 13293 13697 W libEGL : EGLNativeWindowType 0x7019999010 disconnect failed
01-25 15:25:32.900 13293 13697 W libEGL : EGLNativeWindowType 0x7019999010 disconnect failed
01-25 15:25:32.924 13293 13697 W libEGL : EGLNativeWindowType 0x7019999010 disconnect failed
01-25 15:25:32.948 13293 13697 W libEGL : EGLNativeWindowType 0x7019999010 disconnect failed
01-25 15:25:32.971 13293 13697 W libEGL : EGLNativeWindowType 0x7019999010 disconnect failed
01-25 15:25:32.999 13293 13697 W libEGL : EGLNativeWindowType 0x7019999010 disconnect failed
01-25 15:25:33.017 13293 13697 W libEGL : EGLNativeWindowType 0x7019999010 disconnect failed
01-25 15:25:33.041 13293 13293 E ArmVmp : Match on catch block at 0xc3 in for 0xa5
01-25 15:25:33.045 13293 13293 E ArmVmp : Match on catch block at 0xc3 in for 0xa9
01-25 15:25:33.545 13293 13293 E ArmVmp : Match on catch block at 0xc3 in for 0xa5
01-25 15:25:33.555 13293 13293 E ArmVmp : Match on catch block at 0xc3 in for 0xa9
01-25 15:25:33.744 13293 13293 E ArmVmp : Match on catch block at 0xc3 in for 0xa5
01-25 15:25:33.754 13293 13293 E ArmVmp : Match on catch block at 0xc3 in for 0xa9
01-25 15:25:33.768 13293 13293 E ArmVmp : Match on catch block at 0xc3 in for 0xa5
01-25 15:25:33.777 13293 13293 E ArmVmp : Match on catch block at 0xc3 in for 0xa9
01-25 15:25:33.794 13293 13293 E ArmVmp : Match on catch block at 0xc3 in for 0xa5
01-25 15:25:33.801 13293 13293 E ArmVmp : Match on catch block at 0xc3 in for 0xa9
01-25 15:25:33.809 13293 13293 E ArmVmp : Match on catch block at 0xc3 in for 0xa5
01-25 15:25:33.818 13293 13293 E ArmVmp : Match on catch block at 0xc3 in for 0xa9
01-25 15:25:33.834 13293 13293 E ArmVmp : Match on catch block at 0xc3 in for 0xa5
01-25 15:25:33.841 13293 13293 E ArmVmp : Match on catch block at 0xc3 in for 0xa9
01-25 15:25:33.861 13293 13293 E ArmVmp : Match on catch block at 0xc3 in for 0xa5
01-25 15:25:33.867 13293 13293 E ArmVmp : Match on catch block at 0xc3 in for 0xa9
01-25 15:25:33.877 13293 13293 E ArmVmp : Match on catch block at 0xc3 in for 0xa5
01-25 15:25:33.886 13293 13293 E ArmVmp : Match on catch block at 0xc3 in for 0xa9
01-25 15:25:33.899 13293 13293 E ArmVmp : Match on catch block at 0xc3 in for 0xa5
01-25 15:25:33.905 13293 13293 E ArmVmp : Match on catch block at 0xc3 in for 0xa9
01-25 15:25:33.915 13293 13293 E ArmVmp : Match on catch block at 0xc3 in for 0xa5
01-25 15:25:33.923 13293 13293 E ArmVmp : Match on catch block at 0xc3 in for 0xa9
01-25 15:25:33.931 13293 13293 E ArmVmp : Match on catch block at 0xc3 in for 0xa5
01-25 15:25:33.937 13293 13293 E ArmVmp : Match on catch block at 0xc3 in for 0xa9
01-25 15:25:33.947 13293 13293 E ArmVmp : Match on catch block at 0xc3 in for 0xa5
01-25 15:25:33.953 13293 13293 E ArmVmp : Match on catch block at 0xc3 in for 0xa9
01-25 15:25:33.962 13293 13293 E ArmVmp : Match on catch block at 0xc3 in for 0xa5
01-25 15:25:33.969 13293 13293 E ArmVmp : Match on catch block at 0xc3 in for 0xa9
01-25 15:25:33.980 13293 13293 E ArmVmp : Match on catch block at 0xc3 in for 0xa5
01-25 15:25:33.988 13293 13293 E ArmVmp : Match on catch block at 0xc3 in for 0xa9
01-25 15:25:34.009 13293 13697 W libEGL : EGLNativeWindowType 0x7019999010 disconnect failed
01-25 15:25:34.033 13293 13293 E ArmVmp : Match on catch block at 0xc3 in for 0xa5
01-25 15:25:34.038 13293 13293 E ArmVmp : Match on catch block at 0xc3 in for 0xa9
01-25 15:25:34.087 13293 13293 E ArmVmp : Match on catch block at 0xc3 in for 0xa1
01-25 15:25:34.092 13293 13293 E ArmVmp : Match on catch block at 0xc3 in for 0xa5
01-25 15:25:34.245 13293 13293 E ArmVmp : Match on catch block at 0xc3 in for 0xa9
01-25 15:25:34.249 13293 13293 E ArmVmp : Match on catch block at 0xc3 in for 0xa1
01-25 15:25:34.260 13293 13293 E ArmVmp : Match on catch block at 0xc3 in for 0xa9
01-25 15:25:34.264 13293 13293 E ArmVmp : Match on catch block at 0xc3 in for 0xa1
01-25 15:25:34.357 13293 13293 E ArmVmp : Match on catch block at 0xc3 in for 0xa5
01-25 15:25:34.363 13293 13293 E ArmVmp : Match on catch block at 0xc3 in for 0xa9
01-25 15:25:34.373 13293 13293 E ArmVmp : Match on catch block at 0xc3 in for 0xa5
01-25 15:25:34.376 13293 13293 E ArmVmp : Match on catch block at 0xc3 in for 0xa9
01-25 15:25:34.590 13293 13293 E ArmVmp : Match on catch block at 0xc3 in for 0xa5
01-25 15:25:34.595 13293 13293 E ArmVmp : Match on catch block at 0xc3 in for 0xa9
01-25 15:25:35.090 13293 13293 E ArmVmp : Match on catch block at 0xc3 in for 0xa5
01-25 15:25:35.100 13293 13293 E ArmVmp : Match on catch block at 0xc3 in for 0xa9
01-25 15:25:35.129 13293 13293 E ArmVmp : Match on catch block at 0xc3 in for 0xa9
01-25 15:25:35.133 13293 13293 E ArmVmp : Match on catch block at 0xc3 in for 0xa1
01-25 15:25:35.154 13293 13293 E ArmVmp : Match on catch block at 0xc3 in for 0xa5
01-25 15:25:35.158 13293 13293 E ArmVmp : Match on catch block at 0xc3 in for 0xa9
01-25 15:25:35.173 13293 13293 E ArmVmp : Match on catch block at 0xc3 in for 0xa5
01-25 15:25:35.178 13293 13293 E ArmVmp : Match on catch block at 0xc3 in for 0xa9
01-25 15:25:35.190 13293 13293 E ArmVmp : Match on catch block at 0xc3 in for 0xa5
01-25 15:25:35.194 13293 13293 E ArmVmp : Match on catch block at 0xc3 in for 0xa9
01-25 15:25:35.207 13293 13293 E ArmVmp : Match on catch block at 0xc3 in for 0xa5
01-25 15:25:35.212 13293 13293 E ArmVmp : Match on catch block at 0xc3 in for 0xa9
01-25 15:25:35.223 13293 13293 E ArmVmp : Match on catch block at 0xc3 in for 0xa5
01-25 15:25:35.227 13293 13293 E ArmVmp : Match on catch block at 0xc3 in for 0xa9
01-25 15:25:35.248 13293 13293 E ArmVmp : Match on catch block at 0xc3 in for 0xa5
01-25 15:25:35.251 13293 13293 E ArmVmp : Match on catch block at 0xc3 in for 0xa9
01-25 15:25:35.258 13293 13293 E ArmVmp : Match on catch block at 0xc3 in for 0xa5
01-25 15:25:35.261 13293 13293 E ArmVmp : Match on catch block at 0xc3 in for 0xa9
01-25 15:25:35.273 13293 13293 E ArmVmp : Match on catch block at 0xc3 in for 0xa5
01-25 15:25:35.277 13293 13293 E ArmVmp : Match on catch block at 0xc3 in for 0xa9
01-25 15:25:35.290 13293 13293 E ArmVmp : Match on catch block at 0xc3 in for 0xa5
01-25 15:25:35.293 13293 13293 E ArmVmp : Match on catch block at 0xc3 in for 0xa9
01-25 15:25:35.306 13293 13293 E ArmVmp : Match on catch block at 0xc3 in for 0xa5
01-25 15:25:35.309 13293 13293 E ArmVmp : Match on catch block at 0xc3 in for 0xa9
01-25 15:25:35.323 13293 13293 E ArmVmp : Match on catch block at 0xc3 in for 0xa5
01-25 15:25:35.327 13293 13293 E ArmVmp : Match on catch block at 0xc3 in for 0xa9
01-25 15:25:35.440 13293 13293 E ArmVmp : Match on catch block at 0xc3 in for 0xa5
01-25 15:25:35.448 13293 13293 E ArmVmp : Match on catch block at 0xc3 in for 0xa9
01-25 15:25:35.949 13293 13293 E ArmVmp : Match on catch block at 0xc3 in for 0xa5
01-25 15:25:35.969 13293 13293 E ArmVmp : Match on catch block at 0xc3 in for 0xa9
01-25 15:25:35.991 13293 13293 E ArmVmp : Match on catch block at 0xc3 in for 0xa5
01-25 15:25:36.000 13293 13293 E ArmVmp : Match on catch block at 0xc3 in for 0xa9
01-25 15:25:36.025 13293 13697 W libEGL : EGLNativeWindowType 0x7019999010 disconnect failed
01-25 15:25:36.042 13293 13293 E ArmVmp : Match on catch block at 0xc3 in for 0xa5
01-25 15:25:36.050 13293 13293 E ArmVmp : Match on catch block at 0xc3 in for 0xa9
01-25 15:25:36.059 13293 13293 E ArmVmp : Match on catch block at 0xc3 in for 0xa5
01-25 15:25:36.068 13293 13293 E ArmVmp : Match on catch block at 0xc3 in for 0xa9
01-25 15:25:36.078 13293 13293 E ArmVmp : Match on catch block at 0xc3 in for 0xa5
01-25 15:25:36.093 13293 13293 E ArmVmp : Match on catch block at 0xc3 in for 0xa9
01-25 15:25:36.108 13293 13293 E ArmVmp : Match on catch block at 0xc3 in for 0xa5
01-25 15:25:36.112 13293 13293 E ArmVmp : Match on catch block at 0xc3 in for 0xa9
01-25 15:25:36.122 13293 13293 E ArmVmp : Match on catch block at 0xc3 in for 0xa5
01-25 15:25:36.127 13293 13293 E ArmVmp : Match on catch block at 0xc3 in for 0xa9
01-25 15:25:36.139 13293 13293 E ArmVmp : Match on catch block at 0xc3 in for 0xa5
01-25 15:25:36.145 13293 13293 E ArmVmp : Match on catch block at 0xc3 in for 0xa9
01-25 15:25:36.156 13293 13293 E ArmVmp : Match on catch block at 0xc3 in for 0xa5
01-25 15:25:36.164 13293 13293 E ArmVmp : Match on catch block at 0xc3 in for 0xa9
01-25 15:25:36.172 13293 13293 E ArmVmp : Match on catch block at 0xc3 in for 0xa5
01-25 15:25:36.177 13293 13293 E ArmVmp : Match on catch block at 0xc3 in for 0xa9
01-25 15:25:36.190 13293 13293 E ArmVmp : Match on catch block at 0xc3 in for 0xa5
01-25 15:25:36.196 13293 13293 E ArmVmp : Match on catch block at 0xc3 in for 0xa9
01-25 15:25:36.206 13293 13293 E ArmVmp : Match on catch block at 0xc3 in for 0xa5
01-25 15:25:36.209 13293 13293 E ArmVmp : Match on catch block at 0xc3 in for 0xa9
01-25 15:25:36.223 13293 13293 E ArmVmp : Match on catch block at 0xc3 in for 0xa5
01-25 15:25:36.226 13293 13293 E ArmVmp : Match on catch block at 0xc3 in for 0xa9
01-25 15:25:36.240 13293 13293 E ArmVmp : Match on catch block at 0xc3 in for 0xa5
01-25 15:25:36.243 13293 13293 E ArmVmp : Match on catch block at 0xc3 in for 0xa9
01-25 15:25:36.256 13293 13293 E ArmVmp : Match on catch block at 0xc3 in for 0xa5
01-25 15:25:36.259 13293 13293 E ArmVmp : Match on catch block at 0xc3 in for 0xa9
01-25 15:25:36.689 13293 13293 E ArmVmp : Match on catch block at 0xc3 in for 0xa5
01-25 15:25:36.695 13293 13293 E ArmVmp : Match on catch block at 0xc3 in for 0xa9
01-25 15:25:36.839 13293 13293 E ArmVmp : Match on catch block at 0xc3 in for 0xa5
01-25 15:25:36.845 13293 13293 E ArmVmp : Match on catch block at 0xc3 in for 0xa9
01-25 15:25:37.257 13293 13293 E ArmVmp : Match on catch block at 0xc3 in for 0xa5
01-25 15:25:37.261 13293 13293 E ArmVmp : Match on catch block at 0xc3 in for 0xa9
01-25 15:25:37.573 13293 13293 E ArmVmp : Match on catch block at 0xc3 in for 0xa5
01-25 15:25:37.578 13293 13293 E ArmVmp : Match on catch block at 0xc3 in for 0xa9
01-25 15:25:37.822 13293 13293 E ArmVmp : Match on catch block at 0xc3 in for 0xa5
01-25 15:25:37.829 13293 13293 E ArmVmp : Match on catch block at 0xc3 in for 0xa9
01-25 15:25:38.327 13293 13293 E ArmVmp : Match on catch block at 0xc3 in for 0xa5
01-25 15:25:38.341 13293 13293 E ArmVmp : Match on catch block at 0xc3 in for 0xa9
01-25 15:25:38.389 13293 13293 E ArmVmp : Match on catch block at 0xc3 in for 0xa9
01-25 15:25:38.393 13293 13293 E ArmVmp : Match on catch block at 0xc3 in for 0xa1
01-25 15:25:38.838 13293 13293 E ArmVmp : Match on catch block at 0xc3 in for 0xa9
01-25 15:25:38.842 13293 13293 E ArmVmp : Match on catch block at 0xc3 in for 0xa1
01-25 15:25:39.340 13293 13293 E ArmVmp : Match on catch block at 0xc3 in for 0xa9
01-25 15:25:39.347 13293 13293 E ArmVmp : Match on catch block at 0xc3 in for 0xa1
01-25 15:25:39.389 13293 13293 E ArmVmp : Match on catch block at 0xc3 in for 0xa1
01-25 15:25:39.394 13293 13293 E ArmVmp : Match on catch block at 0xc3 in for 0xa5
01-25 15:25:39.407 13293 13293 E ArmVmp : Match on catch block at 0xc3 in for 0xa1
01-25 15:25:39.416 13293 13293 E ArmVmp : Match on catch block at 0xc3 in for 0xa5
01-25 15:25:39.580 13293 13293 E ArmVmp : Match on catch block at 0xc3 in for 0xa5
01-25 15:25:39.584 13293 13293 E ArmVmp : Match on catch block at 0xc3 in for 0xa9
01-25 15:25:40.089 13293 13293 E ArmVmp : Match on catch block at 0xc3 in for 0xa5
01-25 15:25:40.096 13293 13293 E ArmVmp : Match on catch block at 0xc3 in for 0xa9
01-25 15:25:40.237 13293 13293 E ArmVmp : Match on catch block at 0xc3 in for 0xa5
01-25 15:25:40.243 13293 13293 E ArmVmp : Match on catch block at 0xc3 in for 0xa9
01-25 15:25:40.654 13293 13293 E ArmVmp : Match on catch block at 0xc3 in for 0xa5
01-25 15:25:40.659 13293 13293 E ArmVmp : Match on catch block at 0xc3 in for 0xa9
01-25 15:25:41.103 13293 13293 E ArmVmp : Match on catch block at 0xc3 in for 0xa5
01-25 15:25:41.109 13293 13293 E ArmVmp : Match on catch block at 0xc3 in for 0xa9
01-25 15:25:41.320 13293 13293 E ArmVmp : Match on catch block at 0xc3 in for 0xa5
01-25 15:25:41.325 13293 13293 E ArmVmp : Match on catch block at 0xc3 in for 0xa9
01-25 15:25:41.819 13293 13293 E ArmVmp : Match on catch block at 0xc3 in for 0xa9
01-25 15:25:41.824 13293 13293 E ArmVmp : Match on catch block at 0xc3 in for 0xa1
01-25 15:25:42.302 13293 13293 E ArmVmp : Match on catch block at 0xc3 in for 0xa9
01-25 15:25:42.307 13293 13293 E ArmVmp : Match on catch block at 0xc3 in for 0xa1
01-25 15:25:42.703 13293 13293 E ArmVmp : Match on catch block at 0xc3 in for 0xa9
01-25 15:25:42.709 13293 13293 E ArmVmp : Match on catch block at 0xc3 in for 0xa1
01-25 15:25:43.102 13293 13293 E ArmVmp : Match on catch block at 0xc3 in for 0xa9
01-25 15:25:43.108 13293 13293 E ArmVmp : Match on catch block at 0xc3 in for 0xa1
01-25 15:25:43.570 13293 13293 E ArmVmp : Match on catch block at 0xc3 in for 0xa9
01-25 15:25:43.575 13293 13293 E ArmVmp : Match on catch block at 0xc3 in for 0xa1
01-25 15:25:43.936 13293 13293 E ArmVmp : Match on catch block at 0xc3 in for 0xa9
01-25 15:25:43.941 13293 13293 E ArmVmp : Match on catch block at 0xc3 in for 0xa1
01-25 15:25:44.435 13293 13293 E ArmVmp : Match on catch block at 0xc3 in for 0xa9
01-25 15:25:44.441 13293 13293 E ArmVmp : Match on catch block at 0xc3 in for 0xa1
01-25 15:25:44.802 13293 13293 E ArmVmp : Match on catch block at 0xc3 in for 0xa5
01-25 15:25:44.807 13293 13293 E ArmVmp : Match on catch block at 0xc3 in for 0xa9
01-25 15:25:44.823 13293 13293 E ArmVmp : Match on catch block at 0xc3 in for 0xa1
01-25 15:25:44.828 13293 13293 E ArmVmp : Match on catch block at 0xc3 in for 0xa5
01-25 15:25:44.968 13293 13293 E ArmVmp : Match on catch block at 0xc3 in for 0xa5
01-25 15:25:44.973 13293 13293 E ArmVmp : Match on catch block at 0xc3 in for 0xa9
01-25 15:25:45.332 13293 13293 E ArmVmp : Match on catch block at 0xc3 in for 0xa5
01-25 15:25:45.337 13293 13293 E ArmVmp : Match on catch block at 0xc3 in for 0xa9
01-25 15:25:45.359 13293 13293 E ArmVmp : Match on catch block at 0xc3 in for 0xa1
01-25 15:25:45.363 13293 13293 E ArmVmp : Match on catch block at 0xc3 in for 0xa5
01-25 15:25:45.853 13293 13293 E ArmVmp : Match on catch block at 0xc3 in for 0xa1
01-25 15:25:45.863 13293 13293 E ArmVmp : Match on catch block at 0xc3 in for 0xa5
01-25 15:25:46.079 13293 13293 E ArmVmp : Match on catch block at 0xc3 in for 0xa5
01-25 15:25:46.084 13293 13293 E ArmVmp : Match on catch block at 0xc3 in for 0xa9
01-25 15:25:46.098 13293 13293 E ArmVmp : Match on catch block at 0xc3 in for 0xa5
01-25 15:25:46.103 13293 13293 E ArmVmp : Match on catch block at 0xc3 in for 0xa9
01-25 15:25:46.116 13293 13293 E ArmVmp : Match on catch block at 0xc3 in for 0xa1
01-25 15:25:46.120 13293 13293 E ArmVmp : Match on catch block at 0xc3 in for 0xa5
01-25 15:25:46.522 13293 13293 E ArmVmp : Match on catch block at 0xc3 in for 0xa5
01-25 15:25:46.527 13293 13293 E ArmVmp : Match on catch block at 0xc3 in for 0xa9
01-25 15:25:47.033 13293 13293 E ArmVmp : Match on catch block at 0xc3 in for 0xa5
01-25 15:25:47.040 13293 13293 E ArmVmp : Match on catch block at 0xc3 in for 0xa9
01-25 15:25:47.149 13293 13293 E ArmVmp : Match on catch block at 0xc3 in for 0xa5
01-25 15:25:47.155 13293 13293 E ArmVmp : Match on catch block at 0xc3 in for 0xa9
01-25 15:25:47.666 13293 13293 E ArmVmp : Match on catch block at 0xc3 in for 0xa5
01-25 15:25:47.673 13293 13293 E ArmVmp : Match on catch block at 0xc3 in for 0xa9
01-25 15:25:47.700 13293 13293 E ArmVmp : Match on catch block at 0xc3 in for 0xa5
01-25 15:25:47.708 13293 13293 E ArmVmp : Match on catch block at 0xc3 in for 0xa9
01-25 15:25:47.718 13293 13293 E ArmVmp : Match on catch block at 0xc3 in for 0xa5
01-25 15:25:47.724 13293 13293 E ArmVmp : Match on catch block at 0xc3 in for 0xa9
01-25 15:25:47.734 13293 13293 E ArmVmp : Match on catch block at 0xc3 in for 0xa5
01-25 15:25:47.738 13293 13293 E ArmVmp : Match on catch block at 0xc3 in for 0xa9
01-25 15:25:47.749 13293 13293 E ArmVmp : Match on catch block at 0xc3 in for 0xa5
01-25 15:25:47.753 13293 13293 E ArmVmp : Match on catch block at 0xc3 in for 0xa9
01-25 15:25:47.765 13293 13293 E ArmVmp : Match on catch block at 0xc3 in for 0xa5
01-25 15:25:47.769 13293 13293 E ArmVmp : Match on catch block at 0xc3 in for 0xa9
01-25 15:25:47.782 13293 13293 E ArmVmp : Match on catch block at 0xc3 in for 0xa5
01-25 15:25:47.787 13293 13293 E ArmVmp : Match on catch block at 0xc3 in for 0xa9
01-25 15:25:47.798 13293 13293 E ArmVmp : Match on catch block at 0xc3 in for 0xa5
01-25 15:25:47.802 13293 13293 E ArmVmp : Match on catch block at 0xc3 in for 0xa9
01-25 15:25:47.815 13293 13293 E ArmVmp : Match on catch block at 0xc3 in for 0xa5
01-25 15:25:47.819 13293 13293 E ArmVmp : Match on catch block at 0xc3 in for 0xa9
01-25 15:25:47.831 13293 13293 E ArmVmp : Match on catch block at 0xc3 in for 0xa5
01-25 15:25:47.836 13293 13293 E ArmVmp : Match on catch block at 0xc3 in for 0xa9
01-25 15:25:47.848 13293 13293 E ArmVmp : Match on catch block at 0xc3 in for 0xa5
01-25 15:25:47.851 13293 13293 E ArmVmp : Match on catch block at 0xc3 in for 0xa9
01-25 15:25:47.865 13293 13293 E ArmVmp : Match on catch block at 0xc3 in for 0xa5
01-25 15:25:47.868 13293 13293 E ArmVmp : Match on catch block at 0xc3 in for 0xa9
01-25 15:25:47.881 13293 13293 E ArmVmp : Match on catch block at 0xc3 in for 0xa5
01-25 15:25:47.885 13293 13293 E ArmVmp : Match on catch block at 0xc3 in for 0xa9
01-25 15:25:47.899 13293 13293 E ArmVmp : Match on catch block at 0xc3 in for 0xa5
01-25 15:25:47.903 13293 13293 E ArmVmp : Match on catch block at 0xc3 in for 0xa9
01-25 15:25:47.915 13293 13293 E ArmVmp : Match on catch block at 0xc3 in for 0xa5
01-25 15:25:47.920 13293 13293 E ArmVmp : Match on catch block at 0xc3 in for 0xa9
01-25 15:25:47.932 13293 13293 E ArmVmp : Match on catch block at 0xc3 in for 0xa5
01-25 15:25:47.937 13293 13293 E ArmVmp : Match on catch block at 0xc3 in for 0xa9
01-25 15:25:47.948 13293 13293 E ArmVmp : Match on catch block at 0xc3 in for 0xa5
01-25 15:25:47.953 13293 13293 E ArmVmp : Match on catch block at 0xc3 in for 0xa9
01-25 15:25:48.149 13293 13293 E ArmVmp : Match on catch block at 0xc3 in for 0xa5
01-25 15:25:48.155 13293 13293 E ArmVmp : Match on catch block at 0xc3 in for 0xa9
01-25 15:25:48.649 13293 13293 E ArmVmp : Match on catch block at 0xc3 in for 0xa5
01-25 15:25:48.655 13293 13293 E ArmVmp : Match on catch block at 0xc3 in for 0xa9
01-25 15:25:48.782 13293 13293 E ArmVmp : Match on catch block at 0xc3 in for 0xa5
01-25 15:25:48.788 13293 13293 E ArmVmp : Match on catch block at 0xc3 in for 0xa9
01-25 15:25:49.281 13293 13293 E ArmVmp : Match on catch block at 0xc3 in for 0xa5
01-25 15:25:49.286 13293 13293 E ArmVmp : Match on catch block at 0xc3 in for 0xa9
01-25 15:25:49.298 13293 13293 E ArmVmp : Match on catch block at 0xc3 in for 0xa9
01-25 15:25:49.302 13293 13293 E ArmVmp : Match on catch block at 0xc3 in for 0xa1
01-25 15:25:49.342 13293 13293 E ArmVmp : Match on catch block at 0xc3 in for 0xa1
01-25 15:25:49.344 13293 13293 E ArmVmp : Match on catch block at 0xc3 in for 0xa5
01-25 15:25:49.374 13293 13293 E ArmVmp : Match on catch block at 0xc3 in for 0xa9
01-25 15:25:49.376 13293 13293 E ArmVmp : Match on catch block at 0xc3 in for 0xa1
01-25 15:25:49.415 13293 13293 E ArmVmp : Match on catch block at 0xc3 in for 0xa9
01-25 15:25:49.419 13293 13293 E ArmVmp : Match on catch block at 0xc3 in for 0xa1
01-25 15:25:49.437 13293 13293 E ArmVmp : Match on catch block at 0xc3 in for 0xa5
01-25 15:25:49.440 13293 13293 E ArmVmp : Match on catch block at 0xc3 in for 0xa9
01-25 15:25:49.450 13293 13293 E ArmVmp : Match on catch block at 0xc3 in for 0xa9
01-25 15:25:49.454 13293 13293 E ArmVmp : Match on catch block at 0xc3 in for 0xa1
01-25 15:25:49.468 13293 13293 E ArmVmp : Match on catch block at 0xc3 in for 0xa9
01-25 15:25:49.472 13293 13293 E ArmVmp : Match on catch block at 0xc3 in for 0xa1
01-25 15:25:49.482 13293 13293 E ArmVmp : Match on catch block at 0xc3 in for 0xa9
01-25 15:25:49.485 13293 13293 E ArmVmp : Match on catch block at 0xc3 in for 0xa1
01-25 15:25:49.497 13293 13293 E ArmVmp : Match on catch block at 0xc3 in for 0xa9
01-25 15:25:49.501 13293 13293 E ArmVmp : Match on catch block at 0xc3 in for 0xa1
01-25 15:25:49.514 13293 13293 E ArmVmp : Match on catch block at 0xc3 in for 0xa9
01-25 15:25:49.518 13293 13293 E ArmVmp : Match on catch block at 0xc3 in for 0xa1
01-25 15:25:49.530 13293 13293 E ArmVmp : Match on catch block at 0xc3 in for 0xa9
01-25 15:25:49.533 13293 13293 E ArmVmp : Match on catch block at 0xc3 in for 0xa1
01-25 15:25:49.567 13293 13293 E ArmVmp : Match on catch block at 0xc3 in for 0xa5
01-25 15:25:49.570 13293 13293 E ArmVmp : Match on catch block at 0xc3 in for 0xa9
01-25 15:25:49.581 13293 13293 E ArmVmp : Match on catch block at 0xc3 in for 0xa9
01-25 15:25:49.581 13293 13779 W MediaPlayer: Use of stream types is deprecated for operations other than volume control
01-25 15:25:49.581 13293 13779 W MediaPlayer: See the documentation of setAudioStreamType() for what to use instead with android.media.AudioAttributes to qualify your playback use case
01-25 15:25:49.586 13293 13293 E ArmVmp : Match on catch block at 0xc3 in for 0xa1
01-25 15:25:49.605 13293 13312 W MediaPlayerNative: info/warning (10973, 0)
01-25 15:25:49.848 13293 13293 E ArmVmp : Match on catch block at 0xc3 in for 0xa5
01-25 15:25:49.853 13293 13293 E ArmVmp : Match on catch block at 0xc3 in for 0xa9
01-25 15:25:50.287 13293 13293 E ArmVmp : Match on catch block at 0xc3 in for 0xa1
01-25 15:25:50.292 13293 13293 E ArmVmp : Match on catch block at 0xc3 in for 0xa5
01-25 15:25:50.325 13293 13293 E ArmVmp : Match on catch block at 0xc3 in for 0xa9
01-25 15:25:50.332 13293 13293 E ArmVmp : Match on catch block at 0xc3 in for 0xa1
01-25 15:25:50.358 13293 13293 E ArmVmp : Match on catch block at 0xc3 in for 0xa1
01-25 15:25:50.365 13293 13293 E ArmVmp : Match on catch block at 0xc3 in for 0xa5
01-25 15:25:50.386 13293 13293 E ArmVmp : Match on catch block at 0xc3 in for 0xa5
01-25 15:25:50.392 13293 13293 E ArmVmp : Match on catch block at 0xc3 in for 0xa9
01-25 15:25:50.885 13293 13293 E ArmVmp : Match on catch block at 0xc3 in for 0xa1
01-25 15:25:50.899 13293 13293 E ArmVmp : Match on catch block at 0xc3 in for 0xa5
01-25 15:25:51.384 13293 13293 E ArmVmp : Match on catch block at 0xc3 in for 0xa1
01-25 15:25:51.396 13293 13293 E ArmVmp : Match on catch block at 0xc3 in for 0xa5
01-25 15:25:51.885 13293 13293 E ArmVmp : Match on catch block at 0xc3 in for 0xa1
01-25 15:25:51.899 13293 13293 E ArmVmp : Match on catch block at 0xc3 in for 0xa5
01-25 15:25:51.935 13293 13293 E ArmVmp : Match on catch block at 0xc3 in for 0xa1
01-25 15:25:51.951 13293 13293 E ArmVmp : Match on catch block at 0xc3 in for 0xa5
01-25 15:25:51.969 13293 13293 E ArmVmp : Match on catch block at 0xc3 in for 0xa1
01-25 15:25:51.984 13293 13293 E ArmVmp : Match on catch block at 0xc3 in for 0xa5
01-25 15:25:52.001 13293 13293 E ArmVmp : Match on catch block at 0xc3 in for 0xa1
01-25 15:25:52.017 13293 13293 E ArmVmp : Match on catch block at 0xc3 in for 0xa5
01-25 15:25:52.033 13293 13293 E ArmVmp : Match on catch block at 0xc3 in for 0xa1
01-25 15:25:52.046 13293 13293 E ArmVmp : Match on catch block at 0xc3 in for 0xa5
01-25 15:25:52.074 13293 13293 E ArmVmp : Match on catch block at 0xc3 in for 0xa1
01-25 15:25:52.081 13293 13293 E ArmVmp : Match on catch block at 0xc3 in for 0xa5
01-25 15:25:52.097 13293 13293 E ArmVmp : Match on catch block at 0xc3 in for 0xa1
01-25 15:25:52.106 13293 13293 E ArmVmp : Match on catch block at 0xc3 in for 0xa5
01-25 15:25:52.116 13293 13293 E ArmVmp : Match on catch block at 0xc3 in for 0xa1
01-25 15:25:52.122 13293 13293 E ArmVmp : Match on catch block at 0xc3 in for 0xa5
01-25 15:25:52.131 13293 13293 E ArmVmp : Match on catch block at 0xc3 in for 0xa1
01-25 15:25:52.139 13293 13293 E ArmVmp : Match on catch block at 0xc3 in for 0xa5
01-25 15:25:52.148 13293 13293 E ArmVmp : Match on catch block at 0xc3 in for 0xa1
01-25 15:25:52.155 13293 13293 E ArmVmp : Match on catch block at 0xc3 in for 0xa5
01-25 15:25:52.164 13293 13293 E ArmVmp : Match on catch block at 0xc3 in for 0xa1
01-25 15:25:52.173 13293 13293 E ArmVmp : Match on catch block at 0xc3 in for 0xa5
01-25 15:25:52.183 13293 13293 E ArmVmp : Match on catch block at 0xc3 in for 0xa1
01-25 15:25:52.188 13293 13293 E ArmVmp : Match on catch block at 0xc3 in for 0xa5
01-25 15:25:52.401 13293 13293 E ArmVmp : Match on catch block at 0xc3 in for 0xa1
01-25 15:25:52.414 13293 13293 E ArmVmp : Match on catch block at 0xc3 in for 0xa5
01-25 15:25:52.900 13293 13293 E ArmVmp : Match on catch block at 0xc3 in for 0xa1
01-25 15:25:52.914 13293 13293 E ArmVmp : Match on catch block at 0xc3 in for 0xa5
01-25 15:25:53.400 13293 13293 E ArmVmp : Match on catch block at 0xc3 in for 0xa1
01-25 15:25:53.414 13293 13293 E ArmVmp : Match on catch block at 0xc3 in for 0xa5
01-25 15:25:53.900 13293 13293 E ArmVmp : Match on catch block at 0xc3 in for 0xa1
01-25 15:25:53.915 13293 13293 E ArmVmp : Match on catch block at 0xc3 in for 0xa5
01-25 15:25:54.400 13293 13293 E ArmVmp : Match on catch block at 0xc3 in for 0xa1
01-25 15:25:54.413 13293 13293 E ArmVmp : Match on catch block at 0xc3 in for 0xa5
01-25 15:25:54.899 13293 13293 E ArmVmp : Match on catch block at 0xc3 in for 0xa1
01-25 15:25:54.914 13293 13293 E ArmVmp : Match on catch block at 0xc3 in for 0xa5
01-25 15:25:55.399 13293 13293 E ArmVmp : Match on catch block at 0xc3 in for 0xa1
01-25 15:25:55.413 13293 13293 E ArmVmp : Match on catch block at 0xc3 in for 0xa5
01-25 15:25:55.899 13293 13293 E ArmVmp : Match on catch block at 0xc3 in for 0xa1
01-25 15:25:55.913 13293 13293 E ArmVmp : Match on catch block at 0xc3 in for 0xa5
01-25 15:25:56.415 13293 13293 E ArmVmp : Match on catch block at 0xc3 in for 0xa1
01-25 15:25:56.429 13293 13293 E ArmVmp : Match on catch block at 0xc3 in for 0xa5
01-25 15:25:56.911 13293 13293 E ArmVmp : Match on catch block at 0xc3 in for 0xa1
01-25 15:25:56.917 13293 13293 E ArmVmp : Match on catch block at 0xc3 in for 0xa5
01-25 15:25:57.414 13293 13293 E ArmVmp : Match on catch block at 0xc3 in for 0xa1
01-25 15:25:57.428 13293 13293 E ArmVmp : Match on catch block at 0xc3 in for 0xa5
01-25 15:25:57.913 13293 13293 E ArmVmp : Match on catch block at 0xc3 in for 0xa1
01-25 15:25:57.927 13293 13293 E ArmVmp : Match on catch block at 0xc3 in for 0xa5
01-25 15:25:58.413 13293 13293 E ArmVmp : Match on catch block at 0xc3 in for 0xa1
01-25 15:25:58.428 13293 13293 E ArmVmp : Match on catch block at 0xc3 in for 0xa5
01-25 15:25:58.913 13293 13293 E ArmVmp : Match on catch block at 0xc3 in for 0xa1
01-25 15:25:58.927 13293 13293 E ArmVmp : Match on catch block at 0xc3 in for 0xa5
01-25 15:25:59.413 13293 13293 E ArmVmp : Match on catch block at 0xc3 in for 0xa1
01-25 15:25:59.427 13293 13293 E ArmVmp : Match on catch block at 0xc3 in for 0xa5
01-25 15:25:59.913 13293 13293 E ArmVmp : Match on catch block at 0xc3 in for 0xa1
01-25 15:25:59.927 13293 13293 E ArmVmp : Match on catch block at 0xc3 in for 0xa5
01-25 15:26:00.429 13293 13293 E ArmVmp : Match on catch block at 0xc3 in for 0xa1
01-25 15:26:00.443 13293 13293 E ArmVmp : Match on catch block at 0xc3 in for 0xa5
01-25 15:26:00.928 13293 13293 E ArmVmp : Match on catch block at 0xc3 in for 0xa1
01-25 15:26:00.940 13293 13293 E ArmVmp : Match on catch block at 0xc3 in for 0xa5
01-25 15:26:01.429 13293 13293 E ArmVmp : Match on catch block at 0xc3 in for 0xa1
01-25 15:26:01.442 13293 13293 E ArmVmp : Match on catch block at 0xc3 in for 0xa5
01-25 15:26:01.927 13293 13293 E ArmVmp : Match on catch block at 0xc3 in for 0xa1
01-25 15:26:01.940 13293 13293 E ArmVmp : Match on catch block at 0xc3 in for 0xa5
01-25 15:26:02.445 13293 13293 E ArmVmp : Match on catch block at 0xc3 in for 0xa1
01-25 15:26:02.459 13293 13293 E ArmVmp : Match on catch block at 0xc3 in for 0xa5
01-25 15:26:02.944 13293 13293 E ArmVmp : Match on catch block at 0xc3 in for 0xa1
01-25 15:26:02.955 13293 13293 E ArmVmp : Match on catch block at 0xc3 in for 0xa5
01-25 15:26:03.445 13293 13293 E ArmVmp : Match on catch block at 0xc3 in for 0xa1
01-25 15:26:03.451 13293 13293 E ArmVmp : Match on catch block at 0xc3 in for 0xa5
01-25 15:26:03.572 13293 13293 E ArmVmp : Match on catch block at 0xc3 in for 0xa5
01-25 15:26:03.576 13293 13293 E ArmVmp : Match on catch block at 0xc3 in for 0xa9
01-25 15:26:03.600 13293 13293 E ArmVmp : Match on catch block at 0xc3 in for 0xa5
01-25 15:26:03.604 13293 13293 E ArmVmp : Match on catch block at 0xc3 in for 0xa9
01-25 15:26:03.747 13293 13293 E ArmVmp : Match on catch block at 0xc3 in for 0xa9
01-25 15:26:03.751 13293 13293 E ArmVmp : Match on catch block at 0xc3 in for 0xa1
01-25 15:26:03.841 13293 13293 W IInputConnectionWrapper: requestCursorAnchorInfo on inactive InputConnection
01-25 15:26:03.887 13293 13293 E ArmVmp : Match on catch block at 0xc3 in for 0xa5
01-25 15:26:03.891 13293 13293 E ArmVmp : Match on catch block at 0xc3 in for 0xa9
01-25 15:26:03.900 13293 13293 E ArmVmp : Match on catch block at 0xc3 in for 0xa9
01-25 15:26:03.904 13293 13293 E ArmVmp : Match on catch block at 0xc3 in for 0xa1
01-25 15:26:04.102 13293 13697 W libEGL : EGLNativeWindowType 0x70fa600010 disconnect failed
01-25 15:26:04.132 13293 13293 E ArmVmp : Match on catch block at 0xc3 in for 0xa5
01-25 15:26:04.138 13293 13293 E ArmVmp : Match on catch block at 0xc3 in for 0xa9
01-25 15:26:07.038 13293 13293 E ArmVmp : Match on catch block at 0x0a in for 0xc1
01-25 15:26:07.042 13293 13293 E ArmVmp : Match on catch block at 0x0a in for 0xc9
01-25 15:26:07.196 13293 13293 E ArmVmp : Match on catch block at 0xc3 in for 0xb1
01-25 15:26:07.199 13293 13293 E ArmVmp : Match on catch block at 0xc3 in for 0xb1
01-25 15:26:07.263 13293 13293 E ArmVmp : Match on catch block at 0xc3 in for 0xa1
01-25 15:26:07.265 13293 13293 E ArmVmp : Match on catch block at 0xc3 in for 0xa5
01-25 15:26:07.297 13293 13293 E ArmVmp : Match on catch block at 0xc3 in for 0xa5
01-25 15:26:07.299 13293 13293 E ArmVmp : Match on catch block at 0xc3 in for 0xa9
01-25 15:26:07.363 13293 13293 E ArmVmp : Match on catch block at 0xc3 in for 0xa5
01-25 15:26:07.365 13293 13293 E ArmVmp : Match on catch block at 0xc3 in for 0xa9
01-25 15:26:07.373 13293 13293 E ArmVmp : Match on catch block at 0xc3 in for 0xa9
01-25 15:26:07.375 13293 13293 E ArmVmp : Match on catch block at 0xc3 in for 0xa1
01-25 15:26:07.673 13293 13697 W libEGL : EGLNativeWindowType 0x7054e57010 disconnect failed
01-25 15:26:07.834 13293 13293 E ArmVmp : Match on catch block at 0xc3 in for 0xa1
01-25 15:26:07.837 13293 13293 E ArmVmp : Match on catch block at 0xc3 in for 0xa5
01-25 15:26:07.901 13293 13293 E ArmVmp : Match on catch block at 0xc3 in for 0xa5
01-25 15:26:07.903 13293 13293 E ArmVmp : Match on catch block at 0xc3 in for 0xa9
01-25 15:26:07.917 13293 13293 E ArmVmp : Match on catch block at 0xc3 in for 0xa9
01-25 15:26:07.920 13293 13293 E ArmVmp : Match on catch block at 0xc3 in for 0xa1
01-25 15:26:07.935 13293 13293 E ArmVmp : Match on catch block at 0xc3 in for 0xa1
01-25 15:26:07.937 13293 13293 E ArmVmp : Match on catch block at 0xc3 in for 0xa5
01-25 15:26:07.951 13293 13293 E ArmVmp : Match on catch block at 0xc3 in for 0xa5
01-25 15:26:07.953 13293 13293 E ArmVmp : Match on catch block at 0xc3 in for 0xa9
01-25 15:26:07.968 13293 13293 E ArmVmp : Match on catch block at 0xc3 in for 0xa9
01-25 15:26:07.970 13293 13293 E ArmVmp : Match on catch block at 0xc3 in for 0xa1
01-25 15:26:07.984 13293 13293 E ArmVmp : Match on catch block at 0xc3 in for 0xa1
01-25 15:26:07.986 13293 13293 E ArmVmp : Match on catch block at 0xc3 in for 0xa5
01-25 15:26:08.004 13293 13293 E ArmVmp : Match on catch block at 0xc3 in for 0xa5
01-25 15:26:08.007 13293 13293 E ArmVmp : Match on catch block at 0xc3 in for 0xa9
01-25 15:26:08.019 13293 13293 E ArmVmp : Match on catch block at 0xc3 in for 0xa9
01-25 15:26:08.022 13293 13293 E ArmVmp : Match on catch block at 0xc3 in for 0xa1
01-25 15:26:08.036 13293 13293 E ArmVmp : Match on catch block at 0xc3 in for 0xa1
01-25 15:26:08.040 13293 13293 E ArmVmp : Match on catch block at 0xc3 in for 0xa5
01-25 15:26:08.052 13293 13293 E ArmVmp : Match on catch block at 0xc3 in for 0xa5
01-25 15:26:08.056 13293 13293 E ArmVmp : Match on catch block at 0xc3 in for 0xa9
01-25 15:26:08.071 13293 13293 E ArmVmp : Match on catch block at 0xc3 in for 0xa9
01-25 15:26:08.076 13293 13293 E ArmVmp : Match on catch block at 0xc3 in for 0xa1
01-25 15:26:08.088 13293 13293 E ArmVmp : Match on catch block at 0xc3 in for 0xa1
01-25 15:26:08.092 13293 13293 E ArmVmp : Match on catch block at 0xc3 in for 0xa5
01-25 15:26:08.103 13293 13293 E ArmVmp : Match on catch block at 0xc3 in for 0xa5
01-25 15:26:08.108 13293 13293 E ArmVmp : Match on catch block at 0xc3 in for 0xa9
01-25 15:26:08.121 13293 13293 E ArmVmp : Match on catch block at 0xc3 in for 0xa9
01-25 15:26:08.125 13293 13293 E ArmVmp : Match on catch block at 0xc3 in for 0xa1
01-25 15:26:08.138 13293 13293 E ArmVmp : Match on catch block at 0xc3 in for 0xa1
01-25 15:26:08.142 13293 13293 E ArmVmp : Match on catch block at 0xc3 in for 0xa5
01-25 15:26:08.155 13293 13293 E ArmVmp : Match on catch block at 0xc3 in for 0xa5
01-25 15:26:08.159 13293 13293 E ArmVmp : Match on catch block at 0xc3 in for 0xa9
01-25 15:26:08.169 13293 13293 E ArmVmp : Match on catch block at 0xc3 in for 0xa9
01-25 15:26:08.174 13293 13293 E ArmVmp : Match on catch block at 0xc3 in for 0xa1
01-25 15:26:08.187 13293 13293 E ArmVmp : Match on catch block at 0xc3 in for 0xa1
01-25 15:26:08.191 13293 13293 E ArmVmp : Match on catch block at 0xc3 in for 0xa5
01-25 15:26:08.204 13293 13293 E ArmVmp : Match on catch block at 0xc3 in for 0xa5
01-25 15:26:08.208 13293 13293 E ArmVmp : Match on catch block at 0xc3 in for 0xa9
01-25 15:26:08.336 13293 13293 E ArmVmp : Match on catch block at 0xc3 in for 0xa9
01-25 15:26:08.341 13293 13293 E ArmVmp : Match on catch block at 0xc3 in for 0xa1
01-25 15:26:08.840 13293 13293 E ArmVmp : Match on catch block at 0xc3 in for 0xa1
01-25 15:26:08.845 13293 13293 E ArmVmp : Match on catch block at 0xc3 in for 0xa5
01-25 15:26:08.952 13293 13293 E ArmVmp : Match on catch block at 0xc3 in for 0xa5
01-25 15:26:08.957 13293 13293 E ArmVmp : Match on catch block at 0xc3 in for 0xa9
01-25 15:26:08.969 13293 13293 E ArmVmp : Match on catch block at 0xc3 in for 0xa9
01-25 15:26:08.975 13293 13293 E ArmVmp : Match on catch block at 0xc3 in for 0xa1
01-25 15:26:08.985 13293 13293 E ArmVmp : Match on catch block at 0xc3 in for 0xa1
01-25 15:26:08.991 13293 13293 E ArmVmp : Match on catch block at 0xc3 in for 0xa5
01-25 15:26:09.001 13293 13293 E ArmVmp : Match on catch block at 0xc3 in for 0xa5
01-25 15:26:09.007 13293 13293 E ArmVmp : Match on catch block at 0xc3 in for 0xa9
01-25 15:26:09.019 13293 13293 E ArmVmp : Match on catch block at 0xc3 in for 0xa9
01-25 15:26:09.024 13293 13293 E ArmVmp : Match on catch block at 0xc3 in for 0xa1
01-25 15:26:09.035 13293 13293 E ArmVmp : Match on catch block at 0xc3 in for 0xa1
01-25 15:26:09.041 13293 13293 E ArmVmp : Match on catch block at 0xc3 in for 0xa5
01-25 15:26:09.051 13293 13293 E ArmVmp : Match on catch block at 0xc3 in for 0xa5
01-25 15:26:09.056 13293 13293 E ArmVmp : Match on catch block at 0xc3 in for 0xa9
01-25 15:26:09.068 13293 13293 E ArmVmp : Match on catch block at 0xc3 in for 0xa9
01-25 15:26:09.073 13293 13293 E ArmVmp : Match on catch block at 0xc3 in for 0xa1
01-25 15:26:09.084 13293 13293 E ArmVmp : Match on catch block at 0xc3 in for 0xa1
01-25 15:26:09.089 13293 13293 E ArmVmp : Match on catch block at 0xc3 in for 0xa5
01-25 15:26:09.103 13293 13293 E ArmVmp : Match on catch block at 0xc3 in for 0xa5
01-25 15:26:09.111 13293 13293 E ArmVmp : Match on catch block at 0xc3 in for 0xa9
01-25 15:26:09.120 13293 13293 E ArmVmp : Match on catch block at 0xc3 in for 0xa9
01-25 15:26:09.125 13293 13293 E ArmVmp : Match on catch block at 0xc3 in for 0xa1
01-25 15:26:09.135 13293 13293 E ArmVmp : Match on catch block at 0xc3 in for 0xa1
01-25 15:26:09.140 13293 13293 E ArmVmp : Match on catch block at 0xc3 in for 0xa5
01-25 15:26:09.152 13293 13293 E ArmVmp : Match on catch block at 0xc3 in for 0xa5
01-25 15:26:09.156 13293 13293 E ArmVmp : Match on catch block at 0xc3 in for 0xa9
01-25 15:26:09.170 13293 13293 E ArmVmp : Match on catch block at 0xc3 in for 0xa9
01-25 15:26:09.174 13293 13293 E ArmVmp : Match on catch block at 0xc3 in for 0xa1
01-25 15:26:09.184 13293 13293 E ArmVmp : Match on catch block at 0xc3 in for 0xa1
01-25 15:26:09.190 13293 13293 E ArmVmp : Match on catch block at 0xc3 in for 0xa5
01-25 15:26:09.201 13293 13293 E ArmVmp : Match on catch block at 0xc3 in for 0xa5
01-25 15:26:09.205 13293 13293 E ArmVmp : Match on catch block at 0xc3 in for 0xa9
01-25 15:26:09.339 13293 13293 E ArmVmp : Match on catch block at 0xc3 in for 0xa9
01-25 15:26:09.350 13293 13293 E ArmVmp : Match on catch block at 0xc3 in for 0xa1
01-25 15:26:09.784 13293 13293 E ArmVmp : Match on catch block at 0xc3 in for 0xa1
01-25 15:26:09.787 13293 13293 E ArmVmp : Match on catch block at 0xc3 in for 0xa5
01-25 15:26:09.834 13293 13293 E ArmVmp : Match on catch block at 0xc3 in for 0xa1
01-25 15:26:09.837 13293 13293 E ArmVmp : Match on catch block at 0xc3 in for 0xa5
01-25 15:26:09.858 13293 13697 W Gralloc4: allocator 3.x is not supported
01-25 15:26:09.859 13293 13697 W Gralloc3: allocator 3.x is not supported
01-25 15:26:09.863 13293 13697 E FrameEvents: updateAcquireFence: Did not find frame.
01-25 15:26:09.864 13293 13697 E BufferQueueProducer: [ImageReader-63x63f1u256m2- 13293-0](id:33ed00000000,api:0,p:-1,c:13293) disconnect: not connected (req=1)
01-25 15:26:09.864 13293 13697 W libEGL : EGLNativeWindowType 0x7086095010 disconnect failed
01-25 15:26:09.886 13293 13293 E ArmVmp : Match on catch block at 0xc3 in for 0xa5
01-25 15:26:09.889 13293 13293 E ArmVmp : Match on catch block at 0xc3 in for 0xa9
01-25 15:26:10.077 13293 13293 W ResourceType: Bad XML block: header size 18254 or total size 169478669 is larger than data size 231
01-25 15:26:10.081 13293 13293 W ResourceType: Bad XML block: header size 18254 or total size 169478669 is larger than data size 431
01-25 15:26:10.100 13293 13293 W ResourceType: Bad XML block: header size 18254 or total size 169478669 is larger than data size 376
01-25 15:26:10.106 13293 13293 W ResourceType: Bad XML block: header size 18254 or total size 169478669 is larger than data size 168
01-25 15:26:10.116 13293 13293 W ResourceType: Bad XML block: header size 18254 or total size 169478669 is larger than data size 571
01-25 15:26:10.127 13293 13293 W ResourceType: Bad XML block: header size 18254 or total size 169478669 is larger than data size 193
01-25 15:26:10.133 13293 13293 W ResourceType: Bad XML block: header size 18254 or total size 169478669 is larger than data size 363
01-25 15:26:10.140 13293 13293 W ResourceType: Bad XML block: header size 18254 or total size 169478669 is larger than data size 630
01-25 15:26:10.146 13293 13293 W ResourceType: Bad XML block: header size 18254 or total size 169478669 is larger than data size 313
01-25 15:26:10.150 13293 13293 W ResourceType: Bad XML block: header size 18254 or total size 169478669 is larger than data size 630
01-25 15:26:10.157 13293 13293 W ResourceType: Bad XML block: header size 18254 or total size 169478669 is larger than data size 457
01-25 15:26:10.161 13293 13293 W ResourceType: Bad XML block: header size 18254 or total size 169478669 is larger than data size 343
01-25 15:26:10.235 13293 13293 W ResourceType: Bad XML block: header size 18254 or total size 169478669 is larger than data size 325
01-25 15:26:10.240 13293 13293 W ResourceType: Bad XML block: header size 18254 or total size 169478669 is larger than data size 293
01-25 15:26:10.248 13293 13293 W SQLiteLog: (28) double-quoted string literal: "13"
01-25 15:26:10.248 13293 13293 W SQLiteLog: (28) double-quoted string literal: "13"
01-25 15:26:10.300 13293 13293 W ResourceType: Bad XML block: header size 18254 or total size 169478669 is larger than data size 325
01-25 15:26:10.383 13293 13293 W View : requestLayout() improperly called by android.widget.Space{ccb23f8 I.ED..... ......I. 22,65-29,72 #7f0b00ba app:id/action_tile_spacing} during layout: running second layout pass
01-25 15:26:10.383 13293 13293 W View : requestLayout() improperly called by android.widget.Space{14410d1 I.ED..... ......I. 22,65-29,72 #7f0b00ba app:id/action_tile_spacing} during layout: running second layout pass
01-25 15:26:10.383 13293 13293 W View : requestLayout() improperly called by android.widget.Space{9c10736 I.ED..... ......I. 22,65-29,72 #7f0b00ba app:id/action_tile_spacing} during layout: running second layout pass
01-25 15:26:10.422 13293 13293 E ArmVmp : Match on catch block at 0xc3 in for 0xa5
01-25 15:26:10.424 13293 13293 E ArmVmp : Match on catch block at 0xc3 in for 0xa9
01-25 15:26:10.650 13293 13293 E ArmVmp : Match on catch block at 0xc3 in for 0xa1
01-25 15:26:10.656 13293 13293 E ArmVmp : Match on catch block at 0xc3 in for 0xa5
01-25 15:26:10.689 13293 13293 E ArmVmp : Match on catch block at 0xc3 in for 0xa1
01-25 15:26:10.694 13293 13293 E ArmVmp : Match on catch block at 0xc3 in for 0xa5
01-25 15:26:10.711 13293 13697 E FrameEvents: updateAcquireFence: Did not find frame.
01-25 15:26:10.713 13293 13697 E BufferQueueProducer: [ImageReader-63x63f1u256m2- 13293-1](id:33ed00000001,api:0,p:-1,c:13293) disconnect: not connected (req=1)
01-25 15:26:10.713 13293 13697 W libEGL : EGLNativeWindowType 0x701775a010 disconnect failed
01-25 15:26:10.752 13293 13293 E ArmVmp : Match on catch block at 0xc3 in for 0xa5
01-25 15:26:10.754 13293 13293 E ArmVmp : Match on catch block at 0xc3 in for 0xa9
01-25 15:26:10.885 13293 13293 W ResourceType: Bad XML block: header size 18254 or total size 169478669 is larger than data size 231
01-25 15:26:10.889 13293 13293 W ResourceType: Bad XML block: header size 18254 or total size 169478669 is larger than data size 431
