01-25 15:26:10.902 13293 13293 W ResourceType: Bad XML block: header size 18254 or total size 169478669 is larger than data size 376
01-25 15:26:10.906 13293 13293 W ResourceType: Bad XML block: header size 18254 or total size 169478669 is larger than data size 168
01-25 15:26:10.914 13293 13293 W ResourceType: Bad XML block: header size 18254 or total size 169478669 is larger than data size 571
01-25 15:26:10.922 13293 13293 W ResourceType: Bad XML block: header size 18254 or total size 169478669 is larger than data size 193
01-25 15:26:10.925 13293 13293 W ResourceType: Bad XML block: header size 18254 or total size 169478669 is larger than data size 363
01-25 15:26:10.929 13293 13293 W ResourceType: Bad XML block: header size 18254 or total size 169478669 is larger than data size 630
01-25 15:26:10.933 13293 13293 W ResourceType: Bad XML block: header size 18254 or total size 169478669 is larger than data size 313
01-25 15:26:10.937 13293 13293 W ResourceType: Bad XML block: header size 18254 or total size 169478669 is larger than data size 630
01-25 15:26:10.941 13293 13293 W ResourceType: Bad XML block: header size 18254 or total size 169478669 is larger than data size 457
01-25 15:26:10.944 13293 13293 W ResourceType: Bad XML block: header size 18254 or total size 169478669 is larger than data size 343
01-25 15:26:10.975 13293 13293 W ResourceType: Bad XML block: header size 18254 or total size 169478669 is larger than data size 325
01-25 15:26:10.980 13293 13293 W ResourceType: Bad XML block: header size 18254 or total size 169478669 is larger than data size 293
01-25 15:26:11.006 13293 13293 W ResourceType: Bad XML block: header size 18254 or total size 169478669 is larger than data size 325
01-25 15:26:11.050 13293 13293 E ArmVmp : Match on catch block at 0xc3 in for 0xa1
01-25 15:26:11.053 13293 13293 E ArmVmp : Match on catch block at 0xc3 in for 0xa5
01-25 15:26:11.093 13293 13293 W View : requestLayout() improperly called by android.widget.Space{2ae1d0e I.ED..... ......I. 22,65-29,72 #7f0b00ba app:id/action_tile_spacing} during layout: running second layout pass
01-25 15:26:11.093 13293 13293 W View : requestLayout() improperly called by android.widget.Space{7d0d32f I.ED..... ......I. 22,65-29,72 #7f0b00ba app:id/action_tile_spacing} during layout: running second layout pass
01-25 15:26:11.093 13293 13293 W View : requestLayout() improperly called by android.widget.Space{99c6d3c I.ED..... ......I. 22,65-29,72 #7f0b00ba app:id/action_tile_spacing} during layout: running second layout pass
01-25 15:26:11.142 13293 13293 E ArmVmp : Match on catch block at 0xc3 in for 0xa1
01-25 15:26:11.144 13293 13293 E ArmVmp : Match on catch block at 0xc3 in for 0xa5
01-25 15:26:11.220 13293 13697 W libEGL : EGLNativeWindowType 0x705538e010 disconnect failed
01-25 15:26:11.228 13293 13293 E ArmVmp : Match on catch block at 0xc3 in for 0xa5
01-25 15:26:11.230 13293 13293 E ArmVmp : Match on catch block at 0xc3 in for 0xa9
01-25 15:26:11.240 13293 13293 E ArmVmp : Match on catch block at 0xc3 in for 0xa9
01-25 15:26:11.242 13293 13293 E ArmVmp : Match on catch block at 0xc3 in for 0xa1
01-25 15:26:11.250 13293 13293 E ArmVmp : Match on catch block at 0xc3 in for 0xa1
01-25 15:26:11.253 13293 13293 E ArmVmp : Match on catch block at 0xc3 in for 0xa5
01-25 15:26:11.268 13293 13293 E ArmVmp : Match on catch block at 0xc3 in for 0xa5
01-25 15:26:11.271 13293 13293 E ArmVmp : Match on catch block at 0xc3 in for 0xa9
01-25 15:26:11.283 13293 13293 E ArmVmp : Match on catch block at 0xc3 in for 0xa9
01-25 15:26:11.285 13293 13293 E ArmVmp : Match on catch block at 0xc3 in for 0xa1
01-25 15:26:11.300 13293 13293 E ArmVmp : Match on catch block at 0xc3 in for 0xa1
01-25 15:26:11.303 13293 13293 E ArmVmp : Match on catch block at 0xc3 in for 0xa5
01-25 15:26:11.490 13293 13697 W libEGL : EGLNativeWindowType 0x7054ea0010 disconnect failed
01-25 15:26:12.894 13293 13293 W View : requestLayout() improperly called by com.whatsapp.TextEmojiLabel{7102dda VFED..C.. ......ID 0,0-458,59 #7f0b06ab app:id/conversation_contact_name} during layout: running second layout pass
01-25 15:26:22.906 13293 13697 E FrameEvents: updateAcquireFence: Did not find frame.
01-25 15:26:22.907 13293 13697 E BufferQueueProducer: [ImageReader-230x230f1u256m2- 13293-2](id:33ed00000002,api:0,p:-1,c:13293) disconnect: not connected (req=1)
01-25 15:26:22.907 13293 13697 W libEGL : EGLNativeWindowType 0x7017f39010 disconnect failed
01-25 15:26:23.414 13293 13697 W libEGL : EGLNativeWindowType 0x701775c010 disconnect failed
01-25 15:26:23.440 13293 13293 E ViewRootImpl: sendUserActionEvent() mView returned.
01-25 15:26:24.170 13293 13293 E ArmVmp : Match on catch block at 0x0a in for 0xc9
01-25 15:26:24.175 13293 13293 E ArmVmp : Match on catch block at 0x0a in for 0xc5
01-25 15:26:24.250 13293 13293 E ArmVmp : Match on catch block at 0xc3 in for 0xa1
01-25 15:26:24.253 13293 13293 E ArmVmp : Match on catch block at 0xc3 in for 0xa5
01-25 15:26:24.307 13293 13293 E ArmVmp : Match on catch block at 0xc3 in for 0xa9
01-25 15:26:24.312 13293 13293 E ArmVmp : Match on catch block at 0xc3 in for 0xa1
01-25 15:26:24.326 13293 13293 E ArmVmp : Match on catch block at 0xc3 in for 0xa1
01-25 15:26:24.329 13293 13293 E ArmVmp : Match on catch block at 0xc3 in for 0xa5
01-25 15:26:24.374 13293 13293 E ArmVmp : Match on catch block at 0xc3 in for 0xa9
01-25 15:26:24.376 13293 13293 E ArmVmp : Match on catch block at 0xc3 in for 0xa1
01-25 15:26:24.709 13293 13697 W libEGL : EGLNativeWindowType 0x7017f37010 disconnect failed
01-25 15:26:24.839 13293 13293 E ArmVmp : Match on catch block at 0xc3 in for 0xa9
01-25 15:26:24.841 13293 13293 E ArmVmp : Match on catch block at 0xc3 in for 0xa1
01-25 15:26:24.891 13293 13293 E ArmVmp : Match on catch block at 0xc3 in for 0xa9
01-25 15:26:24.894 13293 13293 E ArmVmp : Match on catch block at 0xc3 in for 0xa1
01-25 15:26:24.907 13293 13293 E ArmVmp : Match on catch block at 0xc3 in for 0xa5
01-25 15:26:24.910 13293 13293 E ArmVmp : Match on catch block at 0xc3 in for 0xa9
01-25 15:26:24.927 13293 13293 E ArmVmp : Match on catch block at 0xc3 in for 0xa1
01-25 15:26:24.931 13293 13293 E ArmVmp : Match on catch block at 0xc3 in for 0xa5
01-25 15:26:24.940 13293 13293 E ArmVmp : Match on catch block at 0xc3 in for 0xa9
01-25 15:26:24.945 13293 13293 E ArmVmp : Match on catch block at 0xc3 in for 0xa1
01-25 15:26:24.957 13293 13293 E ArmVmp : Match on catch block at 0xc3 in for 0xa5
01-25 15:26:24.961 13293 13293 E ArmVmp : Match on catch block at 0xc3 in for 0xa9
01-25 15:26:24.974 13293 13293 E ArmVmp : Match on catch block at 0xc3 in for 0xa1
01-25 15:26:24.978 13293 13293 E ArmVmp : Match on catch block at 0xc3 in for 0xa5
01-25 15:26:24.990 13293 13293 E ArmVmp : Match on catch block at 0xc3 in for 0xa9
01-25 15:26:24.993 13293 13293 E ArmVmp : Match on catch block at 0xc3 in for 0xa1
01-25 15:26:25.008 13293 13293 E ArmVmp : Match on catch block at 0xc3 in for 0xa5
01-25 15:26:25.011 13293 13293 E ArmVmp : Match on catch block at 0xc3 in for 0xa9
01-25 15:26:25.024 13293 13293 E ArmVmp : Match on catch block at 0xc3 in for 0xa1
01-25 15:26:25.028 13293 13293 E ArmVmp : Match on catch block at 0xc3 in for 0xa5
01-25 15:26:25.044 13293 13293 E ArmVmp : Match on catch block at 0xc3 in for 0xa1
01-25 15:26:25.047 13293 13293 E ArmVmp : Match on catch block at 0xc3 in for 0xa5
01-25 15:26:25.063 13293 13293 E ArmVmp : Match on catch block at 0xc3 in for 0xa9
01-25 15:26:25.066 13293 13293 E ArmVmp : Match on catch block at 0xc3 in for 0xa1
01-25 15:26:25.090 13293 13293 E ArmVmp : Match on catch block at 0xc3 in for 0xa5
01-25 15:26:25.095 13293 13293 E ArmVmp : Match on catch block at 0xc3 in for 0xa9
01-25 15:26:25.125 13293 13293 E ArmVmp : Match on catch block at 0xc3 in for 0xa5
01-25 15:26:25.127 13293 13293 E ArmVmp : Match on catch block at 0xc3 in for 0xa9
01-25 15:26:25.200 13293 13293 E ArmVmp : Match on catch block at 0xc3 in for 0xa5
01-25 15:26:25.202 13293 13293 E ArmVmp : Match on catch block at 0xc3 in for 0xa9
01-25 15:26:25.231 13293 13293 E ArmVmp : Match on catch block at 0xc3 in for 0xa5
01-25 15:26:25.233 13293 13293 E ArmVmp : Match on catch block at 0xc3 in for 0xa9
01-25 15:26:25.255 13293 13293 E ArmVmp : Match on catch block at 0xc3 in for 0xa5
01-25 15:26:25.257 13293 13293 E ArmVmp : Match on catch block at 0xc3 in for 0xa9
01-25 15:26:25.281 13293 13293 E ArmVmp : Match on catch block at 0xc3 in for 0xa9
01-25 15:26:25.283 13293 13293 E ArmVmp : Match on catch block at 0xc3 in for 0xa1
01-25 15:26:25.293 13293 13293 E ArmVmp : Match on catch block at 0xc3 in for 0xa1
01-25 15:26:25.296 13293 13293 E ArmVmp : Match on catch block at 0xc3 in for 0xa5
01-25 15:26:25.309 13293 13293 E ArmVmp : Match on catch block at 0xc3 in for 0xa1
01-25 15:26:25.312 13293 13293 E ArmVmp : Match on catch block at 0xc3 in for 0xa5
01-25 15:26:25.329 13293 13293 E ArmVmp : Match on catch block at 0xc3 in for 0xa5
01-25 15:26:25.331 13293 13293 E ArmVmp : Match on catch block at 0xc3 in for 0xa9
01-25 15:26:25.509 13293 13697 W libEGL : EGLNativeWindowType 0x7017f3b010 disconnect failed
01-25 15:26:25.522 13293 13293 E ArmVmp : Match on catch block at 0xc3 in for 0xa9
01-25 15:26:25.525 13293 13293 E ArmVmp : Match on catch block at 0xc3 in for 0xa1
01-25 15:26:31.843 13293 13697 W libEGL : EGLNativeWindowType 0x7017f37010 disconnect failed
01-25 15:26:37.398 13293 13309 W System : A resource failed to call release.
01-25 15:27:29.076 13293 13382 E SQLiteDatabase: Error inserting transferred=1 media_job_uuid=556363f6-8eb1-4965-a097-d0b5c50f7a64 transcoded=0 gif_attribution=0 first_scan_length=0 direct_path=/v/t62.15575- 24/35112844_706517251686645_6874746222319093086_n.enc?ccb=11- 4&oh=01_AdQCTet_r6GS9BRU5DIlmWah2VDMxusyYZwVq2f_PikqAQ&oe=65DA3907&_nc_sid=5e03e0 thumbnail_height_width_ratio=1.0 is_animated_sticker=0 file_hash=cM+mvcw1n4mghvO/yAYAIVO0Y29Oz1gIRIb/4PRclAc= file_path=Media/WhatsApp Stickers/STK-20240125-WA0002.webp file_size=42224 partial_media_hash=null face_x=0 face_y=0 height=64 trim_to=0 media_key_timestamp=1706214446000 message_url=https://mmg.whatsapp.net/v/t62.15575- 24/35112844_706517251686645_6874746222319093086_n.enc?ccb=11- 4&oh=01_AdQCTet_r6GS9BRU5DIlmWah2VDMxusyYZwVq2f_PikqAQ&oe=65DA3907&_nc_sid=5e03e0&m ms3=true media_caption=null trim_from=0 mime_type=image/webp partial_media_enc_hash=null width=64 original_file_hash=null has_streaming_sidecar=0 autotransfer_retry_enabled=1 media_upload_handle=null message_row_id=342 multicast_id=null enc_file_hash=JayrdetfHm2McKeIqjj+omRsd58x3r5MUEqfm4QSUrk= mute_video=0 page_count=0 first_scan_sidecar=null suspicious_content=0 file_length=42224 media_name=null media_duration=0 chat_row_id=11 media_key=[B@6f68207
01-25 15:27:29.076 13293 13382 E SQLiteDatabase: android.database.sqlite.SQLiteConstraintException: UNIQUE constraint failed: message_media.message_row_id (code 1555 SQLITE_CONSTRAINT_PRIMARYKEY[1555])
01-25 15:27:29.076 13293 13382 E SQLiteDatabase: at android.database.sqlite.SQLiteConnection.nativeExecuteForLastInsertedRowId(Native Method)
01-25 15:27:29.076 13293 13382 E SQLiteDatabase: at android.database.sqlite.SQLiteConnection.executeForLastInsertedRowId(SQLiteConnecti on.java:1217)
01-25 15:27:29.076 13293 13382 E SQLiteDatabase: at android.database.sqlite.SQLiteSession.executeForLastInsertedRowId(SQLiteSession.jav a:790)
01-25 15:27:29.076 13293 13382 E SQLiteDatabase: at android.database.sqlite.SQLiteStatement.executeInsert(SQLiteStatement.java:88)
01-25 15:27:29.076 13293 13382 E SQLiteDatabase: at android.database.sqlite.SQLiteDatabase.insertWithOnConflict(SQLiteDatabase.java:221 9)
01-25 15:27:29.076 13293 13382 E SQLiteDatabase: at android.database.sqlite.SQLiteDatabase.insert(SQLiteDatabase.java:2088)
01-25 15:27:29.076 13293 13382 E SQLiteDatabase: at X.2tm.A08(Unknown Source:6)
01-25 15:27:29.076 13293 13382 E SQLiteDatabase: at X.35Y.A07(Unknown Source:212)
01-25 15:27:29.076 13293 13382 E SQLiteDatabase: at X.3QF.A14(Unknown Source:470)
01-25 15:27:29.076 13293 13382 E SQLiteDatabase: at X.3gU.run(Unknown Source:982)
01-25 15:27:29.076 13293 13382 E SQLiteDatabase: at android.os.Handler.handleCallback(Handler.java:938)
01-25 15:27:29.076 13293 13382 E SQLiteDatabase: at android.os.Handler.dispatchMessage(Handler.java:99)
01-25 15:27:29.076 13293 13382 E SQLiteDatabase: at X.0zq.dispatchMessage(Unknown Source:4)
01-25 15:27:29.076 13293 13382 E SQLiteDatabase: at android.os.Looper.loop(Looper.java:246)
01-25 15:27:29.076 13293 13382 E SQLiteDatabase: at android.os.HandlerThread.run(HandlerThread.java:67)
01-25 15:30:37.812 13293 13293 E ArmVmp : Match on catch block at 0x0a in for 0xc5
01-25 15:30:37.816 13293 13293 E ArmVmp : Match on catch block at 0x0a in for 0xc1
01-25 15:30:38.154 13293 13293 E ArmVmp : Match on catch block at 0xc3 in for 0xb1
01-25 15:30:38.159 13293 13293 E ArmVmp : Match on catch block at 0xc3 in for 0xb1
01-25 15:30:38.162 13293 13293 E ArmVmp : Match on catch block at 0xc3 in for 0xb1
01-25 15:30:38.229 13293 13293 E ArmVmp : Match on catch block at 0xc3 in for 0xa5
01-25 15:30:38.232 13293 13293 E ArmVmp : Match on catch block at 0xc3 in for 0xa9
01-25 15:30:38.236 13293 13293 E ArmVmp : Match on catch block at 0xc3 in for 0xa9
01-25 15:30:38.251 13293 13293 E ArmVmp : Match on catch block at 0xc3 in for 0xa5
01-25 15:30:38.253 13293 13293 E ArmVmp : Match on catch block at 0xc3 in for 0xa9
01-25 15:30:38.255 13293 13293 E ArmVmp : Match on catch block at 0xc3 in for 0xa9
01-25 15:30:38.299 13293 13293 E ArmVmp : Match on catch block at 0xc3 in for 0xa1
01-25 15:30:38.303 13293 13293 E ArmVmp : Match on catch block at 0xc3 in for 0xa5
01-25 15:30:38.305 13293 13293 E ArmVmp : Match on catch block at 0xc3 in for 0xa5
01-25 15:30:38.667 13293 13293 E ArmVmp : Match on catch block at 0xc3 in for 0xa5
01-25 15:30:38.672 13293 13293 E ArmVmp : Match on catch block at 0xc3 in for 0xa9
01-25 15:30:38.674 13293 13293 E ArmVmp : Match on catch block at 0xc3 in for 0xa9
01-25 15:30:38.684 13293 13293 E ArmVmp : Match on catch block at 0xc3 in for 0xa1
01-25 15:30:38.688 13293 13293 E ArmVmp : Match on catch block at 0xc3 in for 0xa5
01-25 15:30:38.690 13293 13293 E ArmVmp : Match on catch block at 0xc3 in for 0xa5
01-25 15:30:38.700 13293 13293 E ArmVmp : Match on catch block at 0xc3 in for 0xa9
01-25 15:30:38.703 13293 13293 E ArmVmp : Match on catch block at 0xc3 in for 0xa1
01-25 15:30:38.705 13293 13293 E ArmVmp : Match on catch block at 0xc3 in for 0xa1
01-25 15:30:38.717 13293 13293 E ArmVmp : Match on catch block at 0xc3 in for 0xa5
01-25 15:30:38.721 13293 13293 E ArmVmp : Match on catch block at 0xc3 in for 0xa9
01-25 15:30:38.724 13293 13293 E ArmVmp : Match on catch block at 0xc3 in for 0xa9
01-25 15:30:38.733 13293 13293 E ArmVmp : Match on catch block at 0xc3 in for 0xa1
01-25 15:30:38.736 13293 13293 E ArmVmp : Match on catch block at 0xc3 in for 0xa5
01-25 15:30:38.737 13293 13293 E ArmVmp : Match on catch block at 0xc3 in for 0xa5
01-25 15:30:38.750 13293 13293 E ArmVmp : Match on catch block at 0xc3 in for 0xa9
01-25 15:30:38.753 13293 13293 E ArmVmp : Match on catch block at 0xc3 in for 0xa1
01-25 15:30:38.755 13293 13293 E ArmVmp : Match on catch block at 0xc3 in for 0xa1
01-25 15:30:38.767 13293 13293 E ArmVmp : Match on catch block at 0xc3 in for 0xa5
01-25 15:30:38.769 13293 13293 E ArmVmp : Match on catch block at 0xc3 in for 0xa9
01-25 15:30:38.771 13293 13293 E ArmVmp : Match on catch block at 0xc3 in for 0xa9
01-25 15:30:38.784 13293 13293 E ArmVmp : Match on catch block at 0xc3 in for 0xa1
01-25 15:30:38.786 13293 13293 E ArmVmp : Match on catch block at 0xc3 in for 0xa5
01-25 15:30:38.788 13293 13293 E ArmVmp : Match on catch block at 0xc3 in for 0xa5
01-25 15:30:38.800 13293 13293 E ArmVmp : Match on catch block at 0xc3 in for 0xa9
01-25 15:30:38.804 13293 13293 E ArmVmp : Match on catch block at 0xc3 in for 0xa1
01-25 15:30:38.805 13293 13293 E ArmVmp : Match on catch block at 0xc3 in for 0xa1
01-25 15:30:38.817 13293 13293 E ArmVmp : Match on catch block at 0xc3 in for 0xa5
01-25 15:30:38.820 13293 13293 E ArmVmp : Match on catch block at 0xc3 in for 0xa9
01-25 15:30:38.822 13293 13293 E ArmVmp : Match on catch block at 0xc3 in for 0xa9
01-25 15:30:38.834 13293 13293 E ArmVmp : Match on catch block at 0xc3 in for 0xa9
01-25 15:30:38.837 13293 13293 E ArmVmp : Match on catch block at 0xc3 in for 0xa1
01-25 15:30:38.839 13293 13293 E ArmVmp : Match on catch block at 0xc3 in for 0xa1
01-25 15:30:38.850 13293 13293 E ArmVmp : Match on catch block at 0xc3 in for 0xa5
01-25 15:30:38.853 13293 13293 E ArmVmp : Match on catch block at 0xc3 in for 0xa9
01-25 15:30:38.855 13293 13293 E ArmVmp : Match on catch block at 0xc3 in for 0xa9
01-25 15:30:38.867 13293 13293 E ArmVmp : Match on catch block at 0xc3 in for 0xa1
01-25 15:30:38.870 13293 13293 E ArmVmp : Match on catch block at 0xc3 in for 0xa5
01-25 15:30:38.872 13293 13293 E ArmVmp : Match on catch block at 0xc3 in for 0xa5
01-25 15:30:38.884 13293 13293 E ArmVmp : Match on catch block at 0xc3 in for 0xa9
01-25 15:30:38.887 13293 13293 E ArmVmp : Match on catch block at 0xc3 in for 0xa1
01-25 15:30:38.888 13293 13293 E ArmVmp : Match on catch block at 0xc3 in for 0xa1
01-25 15:30:38.900 13293 13293 E ArmVmp : Match on catch block at 0xc3 in for 0xa5
01-25 15:30:38.903 13293 13293 E ArmVmp : Match on catch block at 0xc3 in for 0xa9
01-25 15:30:38.905 13293 13293 E ArmVmp : Match on catch block at 0xc3 in for 0xa9
01-25 15:30:38.917 13293 13293 E ArmVmp : Match on catch block at 0xc3 in for 0xa1
01-25 15:30:38.923 13293 13293 E ArmVmp : Match on catch block at 0xc3 in for 0xa5
01-25 15:30:38.925 13293 13293 E ArmVmp : Match on catch block at 0xc3 in for 0xa5
01-25 15:30:38.934 13293 13293 E ArmVmp : Match on catch block at 0xc3 in for 0xa9
01-25 15:30:38.936 13293 13293 E ArmVmp : Match on catch block at 0xc3 in for 0xa1
01-25 15:30:38.938 13293 13293 E ArmVmp : Match on catch block at 0xc3 in for 0xa1
01-25 15:30:38.950 13293 13293 E ArmVmp : Match on catch block at 0xc3 in for 0xa5
01-25 15:30:38.953 13293 13293 E ArmVmp : Match on catch block at 0xc3 in for 0xa9
01-25 15:30:38.954 13293 13293 E ArmVmp : Match on catch block at 0xc3 in for 0xa9
01-25 15:30:38.967 13293 13293 E ArmVmp : Match on catch block at 0xc3 in for 0xa1
01-25 15:30:38.969 13293 13293 E ArmVmp : Match on catch block at 0xc3 in for 0xa5
01-25 15:30:38.971 13293 13293 E ArmVmp : Match on catch block at 0xc3 in for 0xa5
01-25 15:30:39.284 13293 13293 E ArmVmp : Match on catch block at 0xc3 in for 0xa9
01-25 15:30:39.286 13293 13293 E ArmVmp : Match on catch block at 0xc3 in for 0xa1
01-25 15:30:39.289 13293 13293 E ArmVmp : Match on catch block at 0xc3 in for 0xa1
01-25 15:30:39.786 13293 13293 E ArmVmp : Match on catch block at 0xc3 in for 0xa5
01-25 15:30:39.797 13293 13293 E ArmVmp : Match on catch block at 0xc3 in for 0xa9
01-25 15:30:39.807 13293 13293 E ArmVmp : Match on catch block at 0xc3 in for 0xa9
01-25 15:30:39.853 13293 13293 E ArmVmp : Match on catch block at 0xc3 in for 0xa1
01-25 15:30:39.863 13293 13293 E ArmVmp : Match on catch block at 0xc3 in for 0xa5
01-25 15:30:39.869 13293 13293 E ArmVmp : Match on catch block at 0xc3 in for 0xa5
01-25 15:30:39.885 13293 13293 E ArmVmp : Match on catch block at 0xc3 in for 0xa9
01-25 15:30:39.899 13293 13293 E ArmVmp : Match on catch block at 0xc3 in for 0xa1
01-25 15:30:39.905 13293 13293 E ArmVmp : Match on catch block at 0xc3 in for 0xa1
01-25 15:30:39.921 13293 13293 E ArmVmp : Match on catch block at 0xc3 in for 0xa5
01-25 15:30:39.929 13293 13293 E ArmVmp : Match on catch block at 0xc3 in for 0xa9
01-25 15:30:39.936 13293 13293 E ArmVmp : Match on catch block at 0xc3 in for 0xa9
01-25 15:30:39.946 13293 13293 E ArmVmp : Match on catch block at 0xc3 in for 0xa1
01-25 15:30:39.954 13293 13293 E ArmVmp : Match on catch block at 0xc3 in for 0xa5
01-25 15:30:39.959 13293 13293 E ArmVmp : Match on catch block at 0xc3 in for 0xa5
01-25 15:30:39.969 13293 13293 E ArmVmp : Match on catch block at 0xc3 in for 0xa9
01-25 15:30:39.977 13293 13293 E ArmVmp : Match on catch block at 0xc3 in for 0xa1
01-25 15:30:39.982 13293 13293 E ArmVmp : Match on catch block at 0xc3 in for 0xa1
01-25 15:30:39.995 13293 13293 E ArmVmp : Match on catch block at 0xc3 in for 0xa5
01-25 15:30:40.003 13293 13293 E ArmVmp : Match on catch block at 0xc3 in for 0xa9
01-25 15:30:40.008 13293 13293 E ArmVmp : Match on catch block at 0xc3 in for 0xa9
01-25 15:30:40.020 13293 13293 E ArmVmp : Match on catch block at 0xc3 in for 0xa1
01-25 15:30:40.028 13293 13293 E ArmVmp : Match on catch block at 0xc3 in for 0xa5
01-25 15:30:40.032 13293 13293 E ArmVmp : Match on catch block at 0xc3 in for 0xa5
01-25 15:30:40.043 13293 13293 E ArmVmp : Match on catch block at 0xc3 in for 0xa9
01-25 15:30:40.050 13293 13293 E ArmVmp : Match on catch block at 0xc3 in for 0xa1
01-25 15:30:40.054 13293 13293 E ArmVmp : Match on catch block at 0xc3 in for 0xa1
01-25 15:30:40.069 13293 13293 E ArmVmp : Match on catch block at 0xc3 in for 0xa5
01-25 15:30:40.077 13293 13293 E ArmVmp : Match on catch block at 0xc3 in for 0xa9
01-25 15:30:40.083 13293 13293 E ArmVmp : Match on catch block at 0xc3 in for 0xa9
01-25 15:30:40.094 13293 13293 E ArmVmp : Match on catch block at 0xc3 in for 0xa1
01-25 15:30:40.101 13293 13293 E ArmVmp : Match on catch block at 0xc3 in for 0xa5
01-25 15:30:40.106 13293 13293 E ArmVmp : Match on catch block at 0xc3 in for 0xa5
01-25 15:30:40.289 13293 13293 E ArmVmp : Match on catch block at 0xc3 in for 0xa9
01-25 15:30:40.303 13293 13293 E ArmVmp : Match on catch block at 0xc3 in for 0xa1
01-25 15:30:40.313 13293 13293 E ArmVmp : Match on catch block at 0xc3 in for 0xa1
01-25 15:30:40.804 13293 13293 E ArmVmp : Match on catch block at 0xc3 in for 0xa5
01-25 15:30:40.819 13293 13293 E ArmVmp : Match on catch block at 0xc3 in for 0xa9
01-25 15:30:40.828 13293 13293 E ArmVmp : Match on catch block at 0xc3 in for 0xa9
01-25 15:30:41.305 13293 13293 E ArmVmp : Match on catch block at 0xc3 in for 0xa9
01-25 15:30:41.319 13293 13293 E ArmVmp : Match on catch block at 0xc3 in for 0xa1
01-25 15:30:41.329 13293 13293 E ArmVmp : Match on catch block at 0xc3 in for 0xa1
01-25 15:30:41.800 13293 13293 E ArmVmp : Match on catch block at 0xc3 in for 0xa5
01-25 15:30:41.807 13293 13293 E ArmVmp : Match on catch block at 0xc3 in for 0xa9
01-25 15:30:41.812 13293 13293 E ArmVmp : Match on catch block at 0xc3 in for 0xa9
01-25 15:30:42.304 13293 13293 E ArmVmp : Match on catch block at 0xc3 in for 0xa1
01-25 15:30:42.318 13293 13293 E ArmVmp : Match on catch block at 0xc3 in for 0xa5
01-25 15:30:42.328 13293 13293 E ArmVmp : Match on catch block at 0xc3 in for 0xa5
01-25 15:30:42.802 13293 13293 E ArmVmp : Match on catch block at 0xc3 in for 0xa9
01-25 15:30:42.815 13293 13293 E ArmVmp : Match on catch block at 0xc3 in for 0xa1
01-25 15:30:42.825 13293 13293 E ArmVmp : Match on catch block at 0xc3 in for 0xa1
01-25 15:30:43.303 13293 13293 E ArmVmp : Match on catch block at 0xc3 in for 0xa5
01-25 15:30:43.318 13293 13293 E ArmVmp : Match on catch block at 0xc3 in for 0xa9
01-25 15:30:43.328 13293 13293 E ArmVmp : Match on catch block at 0xc3 in for 0xa9
01-25 15:30:43.799 13293 13293 E ArmVmp : Match on catch block at 0xc3 in for 0xa1
01-25 15:30:43.806 13293 13293 E ArmVmp : Match on catch block at 0xc3 in for 0xa5
01-25 15:30:43.811 13293 13293 E ArmVmp : Match on catch block at 0xc3 in for 0xa5
01-25 15:30:44.302 13293 13293 E ArmVmp : Match on catch block at 0xc3 in for 0xa9
01-25 15:30:44.317 13293 13293 E ArmVmp : Match on catch block at 0xc3 in for 0xa1
01-25 15:30:44.326 13293 13293 E ArmVmp : Match on catch block at 0xc3 in for 0xa1
01-25 15:30:44.815 13293 13293 E ArmVmp : Match on catch block at 0xc3 in for 0xa5
01-25 15:30:44.823 13293 13293 E ArmVmp : Match on catch block at 0xc3 in for 0xa9
01-25 15:30:44.827 13293 13293 E ArmVmp : Match on catch block at 0xc3 in for 0xa9
01-25 15:30:45.318 13293 13293 E ArmVmp : Match on catch block at 0xc3 in for 0xa1
01-25 15:30:45.332 13293 13293 E ArmVmp : Match on catch block at 0xc3 in for 0xa5
01-25 15:30:45.342 13293 13293 E ArmVmp : Match on catch block at 0xc3 in for 0xa5
01-25 15:30:45.818 13293 13293 E ArmVmp : Match on catch block at 0xc3 in for 0xa9
01-25 15:30:45.832 13293 13293 E ArmVmp : Match on catch block at 0xc3 in for 0xa1
01-25 15:30:45.842 13293 13293 E ArmVmp : Match on catch block at 0xc3 in for 0xa1
01-25 15:30:46.318 13293 13293 E ArmVmp : Match on catch block at 0xc3 in for 0xa5
01-25 15:30:46.332 13293 13293 E ArmVmp : Match on catch block at 0xc3 in for 0xa9
01-25 15:30:46.342 13293 13293 E ArmVmp : Match on catch block at 0xc3 in for 0xa9
01-25 15:30:46.816 13293 13293 E ArmVmp : Match on catch block at 0xc3 in for 0xa1
01-25 15:30:46.829 13293 13293 E ArmVmp : Match on catch block at 0xc3 in for 0xa5
01-25 15:30:46.838 13293 13293 E ArmVmp : Match on catch block at 0xc3 in for 0xa5
01-25 15:30:47.317 13293 13293 E ArmVmp : Match on catch block at 0xc3 in for 0xa9
01-25 15:30:47.331 13293 13293 E ArmVmp : Match on catch block at 0xc3 in for 0xa1
01-25 15:30:47.340 13293 13293 E ArmVmp : Match on catch block at 0xc3 in for 0xa1
01-25 15:30:47.816 13293 13293 E ArmVmp : Match on catch block at 0xc3 in for 0xa5
01-25 15:30:47.830 13293 13293 E ArmVmp : Match on catch block at 0xc3 in for 0xa9
01-25 15:30:47.838 13293 13293 E ArmVmp : Match on catch block at 0xc3 in for 0xa9
01-25 15:30:48.316 13293 13293 E ArmVmp : Match on catch block at 0xc3 in for 0xa1
01-25 15:30:48.331 13293 13293 E ArmVmp : Match on catch block at 0xc3 in for 0xa5
01-25 15:30:48.341 13293 13293 E ArmVmp : Match on catch block at 0xc3 in for 0xa5
01-25 15:30:48.810 13293 13293 E ArmVmp : Match on catch block at 0xc3 in for 0xa1
01-25 15:30:48.815 13293 13293 E ArmVmp : Match on catch block at 0xc3 in for 0xa5
01-25 15:30:48.817 13293 13293 E ArmVmp : Match on catch block at 0xc3 in for 0xa5
01-25 15:30:49.332 13293 13293 E ArmVmp : Match on catch block at 0xc3 in for 0xa9
01-25 15:30:49.346 13293 13293 E ArmVmp : Match on catch block at 0xc3 in for 0xa1
01-25 15:30:49.352 13293 13293 E ArmVmp : Match on catch block at 0xc3 in for 0xa1
01-25 15:30:49.827 13293 13293 E ArmVmp : Match on catch block at 0xc3 in for 0xa9
01-25 15:30:49.832 13293 13293 E ArmVmp : Match on catch block at 0xc3 in for 0xa1
01-25 15:30:49.835 13293 13293 E ArmVmp : Match on catch block at 0xc3 in for 0xa1
01-25 15:30:50.326 13293 13293 E ArmVmp : Match on catch block at 0xc3 in for 0xa9
01-25 15:30:50.330 13293 13293 E ArmVmp : Match on catch block at 0xc3 in for 0xa1
01-25 15:30:50.333 13293 13293 E ArmVmp : Match on catch block at 0xc3 in for 0xa1
01-25 15:30:50.826 13293 13293 E ArmVmp : Match on catch block at 0xc3 in for 0xa5
01-25 15:30:50.831 13293 13293 E ArmVmp : Match on catch block at 0xc3 in for 0xa9
01-25 15:30:50.835 13293 13293 E ArmVmp : Match on catch block at 0xc3 in for 0xa9
01-25 15:30:51.325 13293 13293 E ArmVmp : Match on catch block at 0xc3 in for 0xa5
01-25 15:30:51.328 13293 13293 E ArmVmp : Match on catch block at 0xc3 in for 0xa9
01-25 15:30:51.331 13293 13293 E ArmVmp : Match on catch block at 0xc3 in for 0xa9
01-25 15:30:51.824 13293 13293 E ArmVmp : Match on catch block at 0xc3 in for 0xa1
01-25 15:30:51.828 13293 13293 E ArmVmp : Match on catch block at 0xc3 in for 0xa5
01-25 15:30:51.830 13293 13293 E ArmVmp : Match on catch block at 0xc3 in for 0xa5
01-25 15:30:52.324 13293 13293 E ArmVmp : Match on catch block at 0xc3 in for 0xa9
01-25 15:30:52.328 13293 13293 E ArmVmp : Match on catch block at 0xc3 in for 0xa1
01-25 15:30:52.331 13293 13293 E ArmVmp : Match on catch block at 0xc3 in for 0xa1
01-25 15:30:52.486 13293 13293 E ArmVmp : Match on catch block at 0xc3 in for 0xa1
01-25 15:30:52.489 13293 13293 E ArmVmp : Match on catch block at 0xc3 in for 0xa5
01-25 15:30:52.491 13293 13293 E ArmVmp : Match on catch block at 0xc3 in for 0xa5
01-25 15:30:52.498 13293 13293 E ArmVmp : Match on catch block at 0xc3 in for 0xa9
01-25 15:30:52.503 13293 13293 E ArmVmp : Match on catch block at 0xc3 in for 0xa1
01-25 15:30:52.505 13293 13293 E ArmVmp : Match on catch block at 0xc3 in for 0xa1
01-25 15:30:52.660 13293 13293 E ArmVmp : Match on catch block at 0xc3 in for 0xa1
01-25 15:30:52.664 13293 13293 E ArmVmp : Match on catch block at 0xc3 in for 0xa5
01-25 15:30:52.666 13293 13293 E ArmVmp : Match on catch block at 0xc3 in for 0xa5
01-25 15:30:52.675 13293 13293 E ArmVmp : Match on catch block at 0xc3 in for 0xa9
01-25 15:30:52.677 13293 13293 E ArmVmp : Match on catch block at 0xc3 in for 0xa1
01-25 15:30:52.679 13293 13293 E ArmVmp : Match on catch block at 0xc3 in for 0xa1
01-25 15:30:52.696 13293 13293 E ArmVmp : Match on catch block at 0xc3 in for 0xa5
01-25 15:30:52.697 13293 13697 W libEGL : EGLNativeWindowType 0x70808bf010 disconnect failed
01-25 15:30:52.699 13293 13293 E ArmVmp : Match on catch block at 0xc3 in for 0xa9
01-25 15:30:52.701 13293 13293 E ArmVmp : Match on catch block at 0xc3 in for 0xa9
01-25 15:30:52.824 13293 13293 E ArmVmp : Match on catch block at 0xc3 in for 0xa1
01-25 15:30:52.831 13293 13293 E ArmVmp : Match on catch block at 0xc3 in for 0xa5
01-25 15:30:52.833 13293 13293 E ArmVmp : Match on catch block at 0xc3 in for 0xa5
01-25 15:30:53.075 13293 13293 E ArmVmp : Match on catch block at 0xc3 in for 0xa1
01-25 15:30:53.081 13293 13293 E ArmVmp : Match on catch block at 0xc3 in for 0xa5
01-25 15:30:53.084 13293 13293 E ArmVmp : Match on catch block at 0xc3 in for 0xa5
01-25 15:30:53.107 13293 13293 E ArmVmp : Match on catch block at 0xc3 in for 0xa5
01-25 15:30:53.111 13293 13293 E ArmVmp : Match on catch block at 0xc3 in for 0xa9
01-25 15:30:53.114 13293 13293 E ArmVmp : Match on catch block at 0xc3 in for 0xa9
01-25 15:30:53.126 13293 13293 E ArmVmp : Match on catch block at 0xc3 in for 0xa1
01-25 15:30:53.129 13293 13293 E ArmVmp : Match on catch block at 0xc3 in for 0xa5
01-25 15:30:53.132 13293 13293 E ArmVmp : Match on catch block at 0xc3 in for 0xa5
01-25 15:30:53.140 13293 13293 E ArmVmp : Match on catch block at 0xc3 in for 0xa9
01-25 15:30:53.149 13293 13293 E ArmVmp : Match on catch block at 0xc3 in for 0xa1
01-25 15:30:53.153 13293 13293 E ArmVmp : Match on catch block at 0xc3 in for 0xa1
01-25 15:30:53.161 13293 13293 E ArmVmp : Match on catch block at 0xc3 in for 0xa5
01-25 15:30:53.166 13293 13293 E ArmVmp : Match on catch block at 0xc3 in for 0xa9
01-25 15:30:53.170 13293 13293 E ArmVmp : Match on catch block at 0xc3 in for 0xa9
01-25 15:30:53.194 13293 13293 E ArmVmp : Match on catch block at 0xc3 in for 0xa1
01-25 15:30:53.197 13293 13293 E ArmVmp : Match on catch block at 0xc3 in for 0xa5
01-25 15:30:53.200 13293 13293 E ArmVmp : Match on catch block at 0xc3 in for 0xa5
01-25 15:30:53.210 13293 13293 E ArmVmp : Match on catch block at 0xc3 in for 0xa9
01-25 15:30:53.213 13293 13293 E ArmVmp : Match on catch block at 0xc3 in for 0xa1
01-25 15:30:53.216 13293 13293 E ArmVmp : Match on catch block at 0xc3 in for 0xa1
01-25 15:30:53.224 13293 13293 E ArmVmp : Match on catch block at 0xc3 in for 0xa5
01-25 15:30:53.229 13293 13293 E ArmVmp : Match on catch block at 0xc3 in for 0xa9
01-25 15:30:53.231 13293 13293 E ArmVmp : Match on catch block at 0xc3 in for 0xa9
01-25 15:30:53.241 13293 13293 E ArmVmp : Match on catch block at 0xc3 in for 0xa1
01-25 15:30:53.245 13293 13293 E ArmVmp : Match on catch block at 0xc3 in for 0xa5
01-25 15:30:53.248 13293 13293 E ArmVmp : Match on catch block at 0xc3 in for 0xa5
01-25 15:30:53.257 13293 13293 E ArmVmp : Match on catch block at 0xc3 in for 0xa9
01-25 15:30:53.262 13293 13293 E ArmVmp : Match on catch block at 0xc3 in for 0xa1
01-25 15:30:53.265 13293 13293 E ArmVmp : Match on catch block at 0xc3 in for 0xa1
01-25 15:30:53.610 13293 13293 E ArmVmp : Match on catch block at 0xc3 in for 0xa5
01-25 15:30:53.621 13293 13293 E ArmVmp : Match on catch block at 0xc3 in for 0xa9
01-25 15:30:53.632 13293 13293 E ArmVmp : Match on catch block at 0xc3 in for 0xa9
01-25 15:30:53.668 13293 13293 E ArmVmp : Match on catch block at 0xc3 in for 0xa9
01-25 15:30:53.672 13293 13293 E ArmVmp : Match on catch block at 0xc3 in for 0xa1
01-25 15:30:53.677 13293 13293 E ArmVmp : Match on catch block at 0xc3 in for 0xa1
01-25 15:30:53.689 13293 13293 E ArmVmp : Match on catch block at 0xc3 in for 0xa5
01-25 15:30:53.695 13293 13293 E ArmVmp : Match on catch block at 0xc3 in for 0xa9
01-25 15:30:53.698 13293 13293 E ArmVmp : Match on catch block at 0xc3 in for 0xa9
01-25 15:30:53.708 13293 13293 E ArmVmp : Match on catch block at 0xc3 in for 0xa1
01-25 15:30:53.717 13293 13293 E ArmVmp : Match on catch block at 0xc3 in for 0xa5
01-25 15:30:53.719 13293 13293 E ArmVmp : Match on catch block at 0xc3 in for 0xa5
01-25 15:30:53.727 13293 13293 E ArmVmp : Match on catch block at 0xc3 in for 0xa9
01-25 15:30:53.730 13293 13293 E ArmVmp : Match on catch block at 0xc3 in for 0xa1
01-25 15:30:53.733 13293 13293 E ArmVmp : Match on catch block at 0xc3 in for 0xa1
01-25 15:30:53.741 13293 13293 E ArmVmp : Match on catch block at 0xc3 in for 0xa5
01-25 15:30:53.745 13293 13293 E ArmVmp : Match on catch block at 0xc3 in for 0xa9
01-25 15:30:53.747 13293 13293 E ArmVmp : Match on catch block at 0xc3 in for 0xa9
01-25 15:30:53.758 13293 13293 E ArmVmp : Match on catch block at 0xc3 in for 0xa1
01-25 15:30:53.764 13293 13293 E ArmVmp : Match on catch block at 0xc3 in for 0xa5
01-25 15:30:53.766 13293 13293 E ArmVmp : Match on catch block at 0xc3 in for 0xa5
01-25 15:30:53.774 13293 13293 E ArmVmp : Match on catch block at 0xc3 in for 0xa9
01-25 15:30:53.778 13293 13293 E ArmVmp : Match on catch block at 0xc3 in for 0xa1
01-25 15:30:53.780 13293 13293 E ArmVmp : Match on catch block at 0xc3 in for 0xa1
01-25 15:30:53.790 13293 13293 E ArmVmp : Match on catch block at 0xc3 in for 0xa5
01-25 15:30:53.793 13293 13293 E ArmVmp : Match on catch block at 0xc3 in for 0xa9
01-25 15:30:53.795 13293 13293 E ArmVmp : Match on catch block at 0xc3 in for 0xa9
01-25 15:30:53.807 13293 13293 E ArmVmp : Match on catch block at 0xc3 in for 0xa1
01-25 15:30:53.810 13293 13293 E ArmVmp : Match on catch block at 0xc3 in for 0xa5
01-25 15:30:53.812 13293 13293 E ArmVmp : Match on catch block at 0xc3 in for 0xa5
01-25 15:30:53.823 13293 13293 E ArmVmp : Match on catch block at 0xc3 in for 0xa9
01-25 15:30:53.828 13293 13293 E ArmVmp : Match on catch block at 0xc3 in for 0xa1
01-25 15:30:53.830 13293 13293 E ArmVmp : Match on catch block at 0xc3 in for 0xa1
01-25 15:30:53.840 13293 13293 E ArmVmp : Match on catch block at 0xc3 in for 0xa5
01-25 15:30:53.845 13293 13293 E ArmVmp : Match on catch block at 0xc3 in for 0xa9
01-25 15:30:53.848 13293 13293 E ArmVmp : Match on catch block at 0xc3 in for 0xa9
01-25 15:30:53.857 13293 13293 E ArmVmp : Match on catch block at 0xc3 in for 0xa1
01-25 15:30:53.861 13293 13293 E ArmVmp : Match on catch block at 0xc3 in for 0xa5
01-25 15:30:53.863 13293 13293 E ArmVmp : Match on catch block at 0xc3 in for 0xa5
01-25 15:30:54.175 13293 13293 E ArmVmp : Match on catch block at 0xc3 in for 0xa9
01-25 15:30:54.182 13293 13293 E ArmVmp : Match on catch block at 0xc3 in for 0xa1
01-25 15:30:54.187 13293 13293 E ArmVmp : Match on catch block at 0xc3 in for 0xa1
01-25 15:30:54.674 13293 13293 E ArmVmp : Match on catch block at 0xc3 in for 0xa5
01-25 15:30:54.679 13293 13293 E ArmVmp : Match on catch block at 0xc3 in for 0xa9
01-25 15:30:54.683 13293 13293 E ArmVmp : Match on catch block at 0xc3 in for 0xa9
01-25 15:30:54.710 13293 13293 E ArmVmp : Match on catch block at 0xc3 in for 0xa5
01-25 15:30:54.713 13293 13293 E ArmVmp : Match on catch block at 0xc3 in for 0xa9
01-25 15:30:54.716 13293 13293 E ArmVmp : Match on catch block at 0xc3 in for 0xa9
01-25 15:30:54.735 13293 13293 E ArmVmp : Match on catch block at 0xc3 in for 0xa9
01-25 15:30:54.739 13293 13293 E ArmVmp : Match on catch block at 0xc3 in for 0xa1
01-25 15:30:54.742 13293 13293 E ArmVmp : Match on catch block at 0xc3 in for 0xa1
01-25 15:30:54.757 13293 13293 E ArmVmp : Match on catch block at 0xc3 in for 0xa5
01-25 15:30:54.760 13293 13293 E ArmVmp : Match on catch block at 0xc3 in for 0xa9
01-25 15:30:54.763 13293 13293 E ArmVmp : Match on catch block at 0xc3 in for 0xa9
01-25 15:30:54.777 13293 13293 E ArmVmp : Match on catch block at 0xc3 in for 0xa1
01-25 15:30:54.782 13293 13293 E ArmVmp : Match on catch block at 0xc3 in for 0xa5
01-25 15:30:54.785 13293 13293 E ArmVmp : Match on catch block at 0xc3 in for 0xa5
01-25 15:30:54.790 13293 13293 E ArmVmp : Match on catch block at 0xc3 in for 0xa9
01-25 15:30:54.793 13293 13293 E ArmVmp : Match on catch block at 0xc3 in for 0xa1
01-25 15:30:54.795 13293 13293 E ArmVmp : Match on catch block at 0xc3 in for 0xa1
01-25 15:30:54.807 13293 13293 E ArmVmp : Match on catch block at 0xc3 in for 0xa5
01-25 15:30:54.809 13293 13293 E ArmVmp : Match on catch block at 0xc3 in for 0xa9
01-25 15:30:54.811 13293 13293 E ArmVmp : Match on catch block at 0xc3 in for 0xa9
01-25 15:30:54.826 13293 13293 E ArmVmp : Match on catch block at 0xc3 in for 0xa1
01-25 15:30:54.830 13293 13293 E ArmVmp : Match on catch block at 0xc3 in for 0xa5
01-25 15:30:54.832 13293 13293 E ArmVmp : Match on catch block at 0xc3 in for 0xa5
01-25 15:30:54.842 13293 13293 E ArmVmp : Match on catch block at 0xc3 in for 0xa9
01-25 15:30:54.846 13293 13293 E ArmVmp : Match on catch block at 0xc3 in for 0xa1
01-25 15:30:54.849 13293 13293 E ArmVmp : Match on catch block at 0xc3 in for 0xa1
01-25 15:30:54.858 13293 13293 E ArmVmp : Match on catch block at 0xc3 in for 0xa5
01-25 15:30:54.862 13293 13293 E ArmVmp : Match on catch block at 0xc3 in for 0xa9
01-25 15:30:54.864 13293 13293 E ArmVmp : Match on catch block at 0xc3 in for 0xa9
01-25 15:30:54.873 13293 13293 E ArmVmp : Match on catch block at 0xc3 in for 0xa1
01-25 15:30:54.876 13293 13293 E ArmVmp : Match on catch block at 0xc3 in for 0xa5
01-25 15:30:54.878 13293 13293 E ArmVmp : Match on catch block at 0xc3 in for 0xa5
01-25 15:30:54.890 13293 13293 E ArmVmp : Match on catch block at 0xc3 in for 0xa9
01-25 15:30:54.893 13293 13293 E ArmVmp : Match on catch block at 0xc3 in for 0xa1
01-25 15:30:54.895 13293 13293 E ArmVmp : Match on catch block at 0xc3 in for 0xa1
01-25 15:30:54.907 13293 13293 E ArmVmp : Match on catch block at 0xc3 in for 0xa5
01-25 15:30:54.911 13293 13293 E ArmVmp : Match on catch block at 0xc3 in for 0xa9
01-25 15:30:54.913 13293 13293 E ArmVmp : Match on catch block at 0xc3 in for 0xa9
01-25 15:30:55.125 13293 13293 E ArmVmp : Match on catch block at 0xc3 in for 0xa1
01-25 15:30:55.130 13293 13293 E ArmVmp : Match on catch block at 0xc3 in for 0xa5
01-25 15:30:55.133 13293 13293 E ArmVmp : Match on catch block at 0xc3 in for 0xa5
01-25 15:30:55.275 13293 13293 E ArmVmp : Match on catch block at 0xc3 in for 0xa9
01-25 15:30:55.284 13293 13293 E ArmVmp : Match on catch block at 0xc3 in for 0xa1
01-25 15:30:55.291 13293 13293 E ArmVmp : Match on catch block at 0xc3 in for 0xa1
01-25 15:30:55.306 13293 13293 E ArmVmp : Match on catch block at 0xc3 in for 0xa5
01-25 15:30:55.314 13293 13293 E ArmVmp : Match on catch block at 0xc3 in for 0xa9
01-25 15:30:55.319 13293 13293 E ArmVmp : Match on catch block at 0xc3 in for 0xa9
01-25 15:30:55.336 13293 13293 E ArmVmp : Match on catch block at 0xc3 in for 0xa1
01-25 15:30:55.344 13293 13293 E ArmVmp : Match on catch block at 0xc3 in for 0xa5
01-25 15:30:55.349 13293 13293 E ArmVmp : Match on catch block at 0xc3 in for 0xa5
01-25 15:30:55.360 13293 13293 E ArmVmp : Match on catch block at 0xc3 in for 0xa9
01-25 15:30:55.368 13293 13293 E ArmVmp : Match on catch block at 0xc3 in for 0xa1
01-25 15:30:55.374 13293 13293 E ArmVmp : Match on catch block at 0xc3 in for 0xa1
01-25 15:30:55.384 13293 13293 E ArmVmp : Match on catch block at 0xc3 in for 0xa5
01-25 15:30:55.392 13293 13293 E ArmVmp : Match on catch block at 0xc3 in for 0xa9
01-25 15:30:55.396 13293 13293 E ArmVmp : Match on catch block at 0xc3 in for 0xa9
01-25 15:30:55.408 13293 13293 E ArmVmp : Match on catch block at 0xc3 in for 0xa1
01-25 15:30:55.416 13293 13293 E ArmVmp : Match on catch block at 0xc3 in for 0xa5
01-25 15:30:55.420 13293 13293 E ArmVmp : Match on catch block at 0xc3 in for 0xa5
01-25 15:30:55.431 13293 13293 E ArmVmp : Match on catch block at 0xc3 in for 0xa9
01-25 15:30:55.440 13293 13293 E ArmVmp : Match on catch block at 0xc3 in for 0xa1
01-25 15:30:55.444 13293 13293 E ArmVmp : Match on catch block at 0xc3 in for 0xa1
01-25 15:30:55.454 13293 13293 E ArmVmp : Match on catch block at 0xc3 in for 0xa5
01-25 15:30:55.461 13293 13293 E ArmVmp : Match on catch block at 0xc3 in for 0xa9
01-25 15:30:55.466 13293 13293 E ArmVmp : Match on catch block at 0xc3 in for 0xa9
01-25 15:30:55.477 13293 13293 E ArmVmp : Match on catch block at 0xc3 in for 0xa1
01-25 15:30:55.485 13293 13293 E ArmVmp : Match on catch block at 0xc3 in for 0xa5
01-25 15:30:55.489 13293 13293 E ArmVmp : Match on catch block at 0xc3 in for 0xa5
01-25 15:30:55.500 13293 13293 E ArmVmp : Match on catch block at 0xc3 in for 0xa9
01-25 15:30:55.508 13293 13293 E ArmVmp : Match on catch block at 0xc3 in for 0xa1
01-25 15:30:55.512 13293 13293 E ArmVmp : Match on catch block at 0xc3 in for 0xa1
01-25 15:30:55.524 13293 13293 E ArmVmp : Match on catch block at 0xc3 in for 0xa5
01-25 15:30:55.532 13293 13293 E ArmVmp : Match on catch block at 0xc3 in for 0xa9
01-25 15:30:55.536 13293 13293 E ArmVmp : Match on catch block at 0xc3 in for 0xa9
01-25 15:30:55.627 13293 13293 E ArmVmp : Match on catch block at 0xc3 in for 0xa1
01-25 15:30:55.640 13293 13293 E ArmVmp : Match on catch block at 0xc3 in for 0xa5
01-25 15:30:55.649 13293 13293 E ArmVmp : Match on catch block at 0xc3 in for 0xa5
01-25 15:30:55.690 13293 13293 E ArmVmp : Match on catch block at 0xc3 in for 0xa1
01-25 15:30:55.696 13293 13293 E ArmVmp : Match on catch block at 0xc3 in for 0xa5
01-25 15:30:55.700 13293 13293 E ArmVmp : Match on catch block at 0xc3 in for 0xa5
01-25 15:30:55.873 13293 13293 E ArmVmp : Match on catch block at 0xc3 in for 0xa9
01-25 15:30:55.878 13293 13293 E ArmVmp : Match on catch block at 0xc3 in for 0xa1
01-25 15:30:55.882 13293 13293 E ArmVmp : Match on catch block at 0xc3 in for 0xa1
01-25 15:30:56.057 13293 13293 E ArmVmp : Match on catch block at 0xc3 in for 0xa5
01-25 15:30:56.063 13293 13293 E ArmVmp : Match on catch block at 0xc3 in for 0xa9
01-25 15:30:56.068 13293 13293 E ArmVmp : Match on catch block at 0xc3 in for 0xa9
01-25 15:30:56.273 13293 13293 E ArmVmp : Match on catch block at 0xc3 in for 0xa1
01-25 15:30:56.281 13293 13293 E ArmVmp : Match on catch block at 0xc3 in for 0xa5
01-25 15:30:56.285 13293 13293 E ArmVmp : Match on catch block at 0xc3 in for 0xa5
01-25 15:30:56.713 13293 13293 E ArmVmp : Match on catch block at 0xc3 in for 0xa1
01-25 15:30:56.717 13293 13293 E ArmVmp : Match on catch block at 0xc3 in for 0xa5
01-25 15:30:56.721 13293 13293 E ArmVmp : Match on catch block at 0xc3 in for 0xa5
01-25 15:30:56.897 13293 13293 E ArmVmp : Match on catch block at 0xc3 in for 0xa1
01-25 15:30:56.901 13293 13293 E ArmVmp : Match on catch block at 0xc3 in for 0xa5
01-25 15:30:56.904 13293 13293 E ArmVmp : Match on catch block at 0xc3 in for 0xa5
01-25 15:30:57.039 13293 13293 E ArmVmp : Match on catch block at 0xc3 in for 0xa1
01-25 15:30:57.045 13293 13293 E ArmVmp : Match on catch block at 0xc3 in for 0xa5
01-25 15:30:57.049 13293 13293 E ArmVmp : Match on catch block at 0xc3 in for 0xa5
01-25 15:30:57.206 13293 13293 E ArmVmp : Match on catch block at 0xc3 in for 0xa5
01-25 15:30:57.212 13293 13293 E ArmVmp : Match on catch block at 0xc3 in for 0xa9
01-25 15:30:57.215 13293 13293 E ArmVmp : Match on catch block at 0xc3 in for 0xa9
01-25 15:30:57.227 13293 13293 E ArmVmp : Match on catch block at 0xc3 in for 0xa9
01-25 15:30:57.232 13293 13293 E ArmVmp : Match on catch block at 0xc3 in for 0xa1
01-25 15:30:57.235 13293 13293 E ArmVmp : Match on catch block at 0xc3 in for 0xa1
01-25 15:30:57.394 13293 13293 E ArmVmp : Match on catch block at 0xc3 in for 0xa1
01-25 15:30:57.399 13293 13293 E ArmVmp : Match on catch block at 0xc3 in for 0xa5
01-25 15:30:57.402 13293 13293 E ArmVmp : Match on catch block at 0xc3 in for 0xa5
01-25 15:30:57.422 13293 13293 E ArmVmp : Match on catch block at 0xc3 in for 0xa9
01-25 15:30:57.427 13293 13293 E ArmVmp : Match on catch block at 0xc3 in for 0xa1
01-25 15:30:57.430 13293 13293 E ArmVmp : Match on catch block at 0xc3 in for 0xa1
01-25 15:30:57.439 13293 13293 E ArmVmp : Match on catch block at 0xc3 in for 0xa5
01-25 15:30:57.442 13293 13293 E ArmVmp : Match on catch block at 0xc3 in for 0xa9
01-25 15:30:57.445 13293 13293 E ArmVmp : Match on catch block at 0xc3 in for 0xa9
01-25 15:30:57.455 13293 13293 E ArmVmp : Match on catch block at 0xc3 in for 0xa1
01-25 15:30:57.459 13293 13293 E ArmVmp : Match on catch block at 0xc3 in for 0xa5
01-25 15:30:57.461 13293 13293 E ArmVmp : Match on catch block at 0xc3 in for 0xa5
01-25 15:30:57.472 13293 13293 E ArmVmp : Match on catch block at 0xc3 in for 0xa9
01-25 15:30:57.478 13293 13293 E ArmVmp : Match on catch block at 0xc3 in for 0xa1
01-25 15:30:57.480 13293 13293 E ArmVmp : Match on catch block at 0xc3 in for 0xa1
01-25 15:30:57.489 13293 13293 E ArmVmp : Match on catch block at 0xc3 in for 0xa5
01-25 15:30:57.493 13293 13293 E ArmVmp : Match on catch block at 0xc3 in for 0xa9
01-25 15:30:57.495 13293 13293 E ArmVmp : Match on catch block at 0xc3 in for 0xa9
01-25 15:30:57.505 13293 13293 E ArmVmp : Match on catch block at 0xc3 in for 0xa1
01-25 15:30:57.507 13293 13293 E ArmVmp : Match on catch block at 0xc3 in for 0xa5
01-25 15:30:57.509 13293 13293 E ArmVmp : Match on catch block at 0xc3 in for 0xa5
01-25 15:30:57.521 13293 13293 E ArmVmp : Match on catch block at 0xc3 in for 0xa9
01-25 15:30:57.524 13293 13293 E ArmVmp : Match on catch block at 0xc3 in for 0xa1
01-25 15:30:57.526 13293 13293 E ArmVmp : Match on catch block at 0xc3 in for 0xa1
01-25 15:30:57.538 13293 13293 E ArmVmp : Match on catch block at 0xc3 in for 0xa5
01-25 15:30:57.543 13293 13293 E ArmVmp : Match on catch block at 0xc3 in for 0xa9
01-25 15:30:57.546 13293 13293 E ArmVmp : Match on catch block at 0xc3 in for 0xa9
01-25 15:30:57.555 13293 13293 E ArmVmp : Match on catch block at 0xc3 in for 0xa5
01-25 15:30:57.559 13293 13293 E ArmVmp : Match on catch block at 0xc3 in for 0xa9
01-25 15:30:57.561 13293 13293 E ArmVmp : Match on catch block at 0xc3 in for 0xa9
01-25 15:30:57.571 13293 13293 E ArmVmp : Match on catch block at 0xc3 in for 0xa1
01-25 15:30:57.575 13293 13293 E ArmVmp : Match on catch block at 0xc3 in for 0xa5
01-25 15:30:57.578 13293 13293 E ArmVmp : Match on catch block at 0xc3 in for 0xa5
01-25 15:30:57.588 13293 13293 E ArmVmp : Match on catch block at 0xc3 in for 0xa9
01-25 15:30:57.592 13293 13293 E ArmVmp : Match on catch block at 0xc3 in for 0xa1
01-25 15:30:57.594 13293 13293 E ArmVmp : Match on catch block at 0xc3 in for 0xa1
01-25 15:30:57.889 13293 13293 E ArmVmp : Match on catch block at 0xc3 in for 0xa5
01-25 15:30:57.896 13293 13293 E ArmVmp : Match on catch block at 0xc3 in for 0xa9
01-25 15:30:57.901 13293 13293 E ArmVmp : Match on catch block at 0xc3 in for 0xa9
01-25 15:30:58.010 13293 13293 E ArmVmp : Match on catch block at 0xc3 in for 0xa5
01-25 15:30:58.015 13293 13293 E ArmVmp : Match on catch block at 0xc3 in for 0xa9
01-25 15:30:58.018 13293 13293 E ArmVmp : Match on catch block at 0xc3 in for 0xa9
01-25 15:30:58.039 13293 13293 E ArmVmp : Match on catch block at 0xc3 in for 0xa9
01-25 15:30:58.043 13293 13293 E ArmVmp : Match on catch block at 0xc3 in for 0xa1
01-25 15:30:58.046 13293 13293 E ArmVmp : Match on catch block at 0xc3 in for 0xa1
01-25 15:30:58.056 13293 13293 E ArmVmp : Match on catch block at 0xc3 in for 0xa5
01-25 15:30:58.059 13293 13293 E ArmVmp : Match on catch block at 0xc3 in for 0xa9
01-25 15:30:58.061 13293 13293 E ArmVmp : Match on catch block at 0xc3 in for 0xa9
01-25 15:30:58.071 13293 13293 E ArmVmp : Match on catch block at 0xc3 in for 0xa1
01-25 15:30:58.079 13293 13293 E ArmVmp : Match on catch block at 0xc3 in for 0xa5
01-25 15:30:58.081 13293 13293 E ArmVmp : Match on catch block at 0xc3 in for 0xa5
01-25 15:30:58.088 13293 13293 E ArmVmp : Match on catch block at 0xc3 in for 0xa9
01-25 15:30:58.091 13293 13293 E ArmVmp : Match on catch block at 0xc3 in for 0xa1
01-25 15:30:58.093 13293 13293 E ArmVmp : Match on catch block at 0xc3 in for 0xa1
01-25 15:30:58.104 13293 13293 E ArmVmp : Match on catch block at 0xc3 in for 0xa5
01-25 15:30:58.113 13293 13293 E ArmVmp : Match on catch block at 0xc3 in for 0xa9
01-25 15:30:58.115 13293 13293 E ArmVmp : Match on catch block at 0xc3 in for 0xa9
01-25 15:30:58.120 13293 13293 E ArmVmp : Match on catch block at 0xc3 in for 0xa1
01-25 15:30:58.123 13293 13293 E ArmVmp : Match on catch block at 0xc3 in for 0xa5
01-25 15:30:58.127 13293 13293 E ArmVmp : Match on catch block at 0xc3 in for 0xa5
01-25 15:30:58.141 13293 13293 E ArmVmp : Match on catch block at 0xc3 in for 0xa9
01-25 15:30:58.148 13293 13293 E ArmVmp : Match on catch block at 0xc3 in for 0xa1
01-25 15:30:58.150 13293 13293 E ArmVmp : Match on catch block at 0xc3 in for 0xa1
01-25 15:30:58.161 13293 13293 E ArmVmp : Match on catch block at 0xc3 in for 0xa5
01-25 15:30:58.164 13293 13293 E ArmVmp : Match on catch block at 0xc3 in for 0xa9
01-25 15:30:58.167 13293 13293 E ArmVmp : Match on catch block at 0xc3 in for 0xa9
01-25 15:30:58.171 13293 13293 E ArmVmp : Match on catch block at 0xc3 in for 0xa1
01-25 15:30:58.179 13293 13293 E ArmVmp : Match on catch block at 0xc3 in for 0xa5
01-25 15:30:58.181 13293 13293 E ArmVmp : Match on catch block at 0xc3 in for 0xa5
01-25 15:30:58.187 13293 13293 E ArmVmp : Match on catch block at 0xc3 in for 0xa9
01-25 15:30:58.190 13293 13293 E ArmVmp : Match on catch block at 0xc3 in for 0xa1
01-25 15:30:58.192 13293 13293 E ArmVmp : Match on catch block at 0xc3 in for 0xa1
