01-26 09:59:56.637 1202 1202 E ArmVmp : Match on catch block at 0xc3 in for 0xa1
01-26 09:59:56.640 1202 1202 E ArmVmp : Match on catch block at 0xc3 in for 0xa5
01-26 09:59:56.653 1202 1202 E ArmVmp : Match on catch block at 0xc3 in for 0xa9
01-26 09:59:56.658 1202 1202 E ArmVmp : Match on catch block at 0xc3 in for 0xa1
01-26 09:59:56.670 1202 1202 E ArmVmp : Match on catch block at 0xc3 in for 0xa5
01-26 09:59:56.675 1202 1202 E ArmVmp : Match on catch block at 0xc3 in for 0xa9
01-26 09:59:56.717 1202 1202 E ArmVmp : Match on catch block at 0xc3 in for 0xa9
01-26 09:59:56.721 1202 1202 E ArmVmp : Match on catch block at 0xc3 in for 0xa1
01-26 09:59:56.748 1202 1202 E ArmVmp : Match on catch block at 0xc3 in for 0xa9
01-26 09:59:56.752 1202 1202 E ArmVmp : Match on catch block at 0xc3 in for 0xa1
01-26 09:59:56.759 1202 1202 E ArmVmp : Match on catch block at 0xc3 in for 0xa5
01-26 09:59:56.763 1202 1202 E ArmVmp : Match on catch block at 0xc3 in for 0xa9
01-26 09:59:56.791 1202 1202 E ArmVmp : Match on catch block at 0xc3 in for 0xa9
01-26 09:59:56.795 1202 1202 E ArmVmp : Match on catch block at 0xc3 in for 0xa1
01-26 09:59:56.803 1202 1202 E ArmVmp : Match on catch block at 0xc3 in for 0xa5
01-26 09:59:56.807 1202 1202 E ArmVmp : Match on catch block at 0xc3 in for 0xa9
01-26 09:59:56.842 1202 1202 E ArmVmp : Match on catch block at 0xc3 in for 0xa9
01-26 09:59:56.846 1202 1202 E ArmVmp : Match on catch block at 0xc3 in for 0xa1
01-26 09:59:56.855 1202 1202 E ArmVmp : Match on catch block at 0xc3 in for 0xa5
01-26 09:59:56.860 1202 1202 E ArmVmp : Match on catch block at 0xc3 in for 0xa9
01-26 09:59:56.869 1202 1202 E ArmVmp : Match on catch block at 0xc3 in for 0xa9
01-26 09:59:56.873 1202 1202 E ArmVmp : Match on catch block at 0xc3 in for 0xa1
01-26 09:59:56.889 1202 1202 E ArmVmp : Match on catch block at 0xc3 in for 0xa5
01-26 09:59:56.891 1202 1202 E ArmVmp : Match on catch block at 0xc3 in for 0xa9
01-26 09:59:56.902 1202 1202 E ArmVmp : Match on catch block at 0xc3 in for 0xa1
01-26 09:59:56.905 1202 1202 E ArmVmp : Match on catch block at 0xc3 in for 0xa5
01-26 09:59:56.919 1202 1202 E ArmVmp : Match on catch block at 0xc3 in for 0xa9
01-26 09:59:56.921 1202 1202 E ArmVmp : Match on catch block at 0xc3 in for 0xa1
01-26 09:59:56.936 1202 1202 E ArmVmp : Match on catch block at 0xc3 in for 0xa5
01-26 09:59:56.938 1202 1202 E ArmVmp : Match on catch block at 0xc3 in for 0xa9
01-26 09:59:56.952 1202 1202 E ArmVmp : Match on catch block at 0xc3 in for 0xa9
01-26 09:59:56.954 1202 1202 E ArmVmp : Match on catch block at 0xc3 in for 0xa1
01-26 09:59:57.052 1202 1202 E ArmVmp : Match on catch block at 0xc3 in for 0xa1
01-26 09:59:57.054 1202 1202 E ArmVmp : Match on catch block at 0xc3 in for 0xa5
01-26 09:59:57.122 1202 1202 E ArmVmp : Match on catch block at 0xc3 in for 0xa9
01-26 09:59:57.125 1202 1202 E ArmVmp : Match on catch block at 0xc3 in for 0xa1
01-26 09:59:57.138 1202 1202 E ArmVmp : Match on catch block at 0xc3 in for 0xa1
01-26 09:59:57.141 1202 1202 E ArmVmp : Match on catch block at 0xc3 in for 0xa5
01-26 09:59:57.154 1202 1202 E ArmVmp : Match on catch block at 0xc3 in for 0xa5
01-26 09:59:57.157 1202 1202 E ArmVmp : Match on catch block at 0xc3 in for 0xa9
01-26 09:59:57.171 1202 1202 E ArmVmp : Match on catch block at 0xc3 in for 0xa9
01-26 09:59:57.173 1202 1202 E ArmVmp : Match on catch block at 0xc3 in for 0xa1
01-26 09:59:57.188 1202 1202 E ArmVmp : Match on catch block at 0xc3 in for 0xa1
01-26 09:59:57.191 1202 1202 E ArmVmp : Match on catch block at 0xc3 in for 0xa5
01-26 09:59:57.205 1202 1202 E ArmVmp : Match on catch block at 0xc3 in for 0xa5
01-26 09:59:57.207 1202 1202 E ArmVmp : Match on catch block at 0xc3 in for 0xa9
01-26 09:59:57.221 1202 1202 E ArmVmp : Match on catch block at 0xc3 in for 0xa9
01-26 09:59:57.224 1202 1202 E ArmVmp : Match on catch block at 0xc3 in for 0xa1
01-26 09:59:57.237 1202 1202 E ArmVmp : Match on catch block at 0xc3 in for 0xa1
01-26 09:59:57.241 1202 1202 E ArmVmp : Match on catch block at 0xc3 in for 0xa5
01-26 09:59:57.254 1202 1202 E ArmVmp : Match on catch block at 0xc3 in for 0xa5
01-26 09:59:57.257 1202 1202 E ArmVmp : Match on catch block at 0xc3 in for 0xa9
01-26 09:59:57.286 1202 1202 E ArmVmp : Match on catch block at 0xc3 in for 0xa9
01-26 09:59:57.289 1202 1202 E ArmVmp : Match on catch block at 0xc3 in for 0xa1
01-26 09:59:57.303 1202 1202 E ArmVmp : Match on catch block at 0xc3 in for 0xa5
01-26 09:59:57.307 1202 1202 E ArmVmp : Match on catch block at 0xc3 in for 0xa9
01-26 09:59:57.320 1202 1202 E ArmVmp : Match on catch block at 0xc3 in for 0xa1
01-26 09:59:57.324 1202 1202 E ArmVmp : Match on catch block at 0xc3 in for 0xa5
01-26 09:59:57.337 1202 1202 E ArmVmp : Match on catch block at 0xc3 in for 0xa9
01-26 09:59:57.340 1202 1202 E ArmVmp : Match on catch block at 0xc3 in for 0xa1
01-26 09:59:57.353 1202 1202 E ArmVmp : Match on catch block at 0xc3 in for 0xa5
01-26 09:59:57.359 1202 1202 E ArmVmp : Match on catch block at 0xc3 in for 0xa9
01-26 09:59:57.370 1202 1202 E ArmVmp : Match on catch block at 0xc3 in for 0xa1
01-26 09:59:57.373 1202 1202 E ArmVmp : Match on catch block at 0xc3 in for 0xa5
01-26 09:59:57.386 1202 1202 E ArmVmp : Match on catch block at 0xc3 in for 0xa9
01-26 09:59:57.390 1202 1202 E ArmVmp : Match on catch block at 0xc3 in for 0xa1
01-26 09:59:57.403 1202 1202 E ArmVmp : Match on catch block at 0xc3 in for 0xa5
01-26 09:59:57.408 1202 1202 E ArmVmp : Match on catch block at 0xc3 in for 0xa9
01-26 09:59:57.420 1202 1202 E ArmVmp : Match on catch block at 0xc3 in for 0xa1
01-26 09:59:57.424 1202 1202 E ArmVmp : Match on catch block at 0xc3 in for 0xa5
01-26 09:59:57.436 1202 1202 E ArmVmp : Match on catch block at 0xc3 in for 0xa9
01-26 09:59:57.441 1202 1202 E ArmVmp : Match on catch block at 0xc3 in for 0xa1
01-26 09:59:57.453 1202 1202 E ArmVmp : Match on catch block at 0xc3 in for 0xa5
01-26 09:59:57.456 1202 1202 E ArmVmp : Match on catch block at 0xc3 in for 0xa9
01-26 09:59:57.470 1202 1202 E ArmVmp : Match on catch block at 0xc3 in for 0xa1
01-26 09:59:57.474 1202 1202 E ArmVmp : Match on catch block at 0xc3 in for 0xa5
01-26 09:59:57.486 1202 1202 E ArmVmp : Match on catch block at 0xc3 in for 0xa9
01-26 09:59:57.490 1202 1202 E ArmVmp : Match on catch block at 0xc3 in for 0xa1
01-26 09:59:57.503 1202 1202 E ArmVmp : Match on catch block at 0xc3 in for 0xa5
01-26 09:59:57.507 1202 1202 E ArmVmp : Match on catch block at 0xc3 in for 0xa9
01-26 09:59:57.520 1202 1202 E ArmVmp : Match on catch block at 0xc3 in for 0xa1
01-26 09:59:57.523 1202 1202 E ArmVmp : Match on catch block at 0xc3 in for 0xa5
01-26 09:59:57.537 1202 1202 E ArmVmp : Match on catch block at 0xc3 in for 0xa9
01-26 09:59:57.540 1202 1202 E ArmVmp : Match on catch block at 0xc3 in for 0xa1
01-26 09:59:57.553 1202 1202 E ArmVmp : Match on catch block at 0xc3 in for 0xa1
01-26 09:59:57.556 1202 1202 E ArmVmp : Match on catch block at 0xc3 in for 0xa5
01-26 09:59:57.609 1202 1202 E ArmVmp : Match on catch block at 0xc3 in for 0xa1
01-26 09:59:57.613 1202 1202 E ArmVmp : Match on catch block at 0xc3 in for 0xa5
01-26 09:59:57.623 1202 1202 E ArmVmp : Match on catch block at 0xc3 in for 0xa5
01-26 09:59:57.628 1202 1202 E ArmVmp : Match on catch block at 0xc3 in for 0xa9
01-26 09:59:57.638 1202 1202 E ArmVmp : Match on catch block at 0xc3 in for 0xa9
01-26 09:59:57.642 1202 1202 E ArmVmp : Match on catch block at 0xc3 in for 0xa1
01-26 09:59:57.659 1202 1202 E ArmVmp : Match on catch block at 0xc3 in for 0xa1
01-26 09:59:57.663 1202 1202 E ArmVmp : Match on catch block at 0xc3 in for 0xa5
01-26 09:59:57.671 1202 1202 E ArmVmp : Match on catch block at 0xc3 in for 0xa5
01-26 09:59:57.676 1202 1202 E ArmVmp : Match on catch block at 0xc3 in for 0xa9
01-26 09:59:57.687 1202 1202 E ArmVmp : Match on catch block at 0xc3 in for 0xa1
01-26 09:59:57.690 1202 1202 E ArmVmp : Match on catch block at 0xc3 in for 0xa5
01-26 09:59:57.709 1202 1202 E ArmVmp : Match on catch block at 0xc3 in for 0xa9
01-26 09:59:57.712 1202 1202 E ArmVmp : Match on catch block at 0xc3 in for 0xa1
01-26 09:59:57.720 1202 1202 E ArmVmp : Match on catch block at 0xc3 in for 0xa5
01-26 09:59:57.725 1202 1202 E ArmVmp : Match on catch block at 0xc3 in for 0xa9
01-26 09:59:57.737 1202 1202 E ArmVmp : Match on catch block at 0xc3 in for 0xa1
01-26 09:59:57.740 1202 1202 E ArmVmp : Match on catch block at 0xc3 in for 0xa5
01-26 09:59:57.757 1202 1202 E ArmVmp : Match on catch block at 0xc3 in for 0xa9
01-26 09:59:57.761 1202 1202 E ArmVmp : Match on catch block at 0xc3 in for 0xa1
01-26 09:59:57.772 1202 1202 E ArmVmp : Match on catch block at 0xc3 in for 0xa5
01-26 09:59:57.776 1202 1202 E ArmVmp : Match on catch block at 0xc3 in for 0xa9
01-26 09:59:57.792 1202 1202 E ArmVmp : Match on catch block at 0xc3 in for 0xa1
01-26 09:59:57.796 1202 1202 E ArmVmp : Match on catch block at 0xc3 in for 0xa5
01-26 09:59:57.806 1202 1202 E ArmVmp : Match on catch block at 0xc3 in for 0xa9
01-26 09:59:57.811 1202 1202 E ArmVmp : Match on catch block at 0xc3 in for 0xa1
01-26 09:59:57.822 1202 1202 E ArmVmp : Match on catch block at 0xc3 in for 0xa5
01-26 09:59:57.826 1202 1202 E ArmVmp : Match on catch block at 0xc3 in for 0xa9
01-26 09:59:57.836 1202 1202 E ArmVmp : Match on catch block at 0xc3 in for 0xa1
01-26 09:59:57.840 1202 1202 E ArmVmp : Match on catch block at 0xc3 in for 0xa5
01-26 09:59:57.854 1202 1202 E ArmVmp : Match on catch block at 0xc3 in for 0xa9
01-26 09:59:57.857 1202 1202 E ArmVmp : Match on catch block at 0xc3 in for 0xa1
01-26 09:59:57.874 1202 1202 E ArmVmp : Match on catch block at 0xc3 in for 0xa5
01-26 09:59:57.877 1202 1202 E ArmVmp : Match on catch block at 0xc3 in for 0xa9
01-26 09:59:57.886 1202 1202 E ArmVmp : Match on catch block at 0xc3 in for 0xa1
01-26 09:59:57.891 1202 1202 E ArmVmp : Match on catch block at 0xc3 in for 0xa5
01-26 09:59:57.908 1202 1202 E ArmVmp : Match on catch block at 0xc3 in for 0xa9
01-26 09:59:57.911 1202 1202 E ArmVmp : Match on catch block at 0xc3 in for 0xa1
01-26 09:59:57.919 1202 1202 E ArmVmp : Match on catch block at 0xc3 in for 0xa5
01-26 09:59:57.923 1202 1202 E ArmVmp : Match on catch block at 0xc3 in for 0xa9
01-26 09:59:57.935 1202 1202 E ArmVmp : Match on catch block at 0xc3 in for 0xa9
01-26 09:59:57.938 1202 1202 E ArmVmp : Match on catch block at 0xc3 in for 0xa1
01-26 09:59:57.953 1202 1202 E ArmVmp : Match on catch block at 0xc3 in for 0xa5
01-26 09:59:57.957 1202 1202 E ArmVmp : Match on catch block at 0xc3 in for 0xa9
01-26 09:59:57.971 1202 1202 E ArmVmp : Match on catch block at 0xc3 in for 0xa1
01-26 09:59:57.974 1202 1202 E ArmVmp : Match on catch block at 0xc3 in for 0xa5
01-26 09:59:57.986 1202 1202 E ArmVmp : Match on catch block at 0xc3 in for 0xa9
01-26 09:59:57.989 1202 1202 E ArmVmp : Match on catch block at 0xc3 in for 0xa1
01-26 09:59:58.004 1202 1202 E ArmVmp : Match on catch block at 0xc3 in for 0xa5
01-26 09:59:58.007 1202 1202 E ArmVmp : Match on catch block at 0xc3 in for 0xa9
01-26 09:59:58.019 1202 1202 E ArmVmp : Match on catch block at 0xc3 in for 0xa1
01-26 09:59:58.022 1202 1202 E ArmVmp : Match on catch block at 0xc3 in for 0xa5
01-26 09:59:58.035 1202 1202 E ArmVmp : Match on catch block at 0xc3 in for 0xa5
01-26 09:59:58.038 1202 1202 E ArmVmp : Match on catch block at 0xc3 in for 0xa9
01-26 09:59:58.053 1202 1202 E ArmVmp : Match on catch block at 0xc3 in for 0xa1
01-26 09:59:58.056 1202 1202 E ArmVmp : Match on catch block at 0xc3 in for 0xa5
01-26 09:59:58.068 1202 1202 E ArmVmp : Match on catch block at 0xc3 in for 0xa9
01-26 09:59:58.072 1202 1202 E ArmVmp : Match on catch block at 0xc3 in for 0xa1
01-26 09:59:58.087 1202 1202 E ArmVmp : Match on catch block at 0xc3 in for 0xa5
01-26 09:59:58.090 1202 1202 E ArmVmp : Match on catch block at 0xc3 in for 0xa9
01-26 09:59:58.104 1202 1202 E ArmVmp : Match on catch block at 0xc3 in for 0xa1
01-26 09:59:58.107 1202 1202 E ArmVmp : Match on catch block at 0xc3 in for 0xa5
01-26 09:59:58.119 1202 1202 E ArmVmp : Match on catch block at 0xc3 in for 0xa9
01-26 09:59:58.123 1202 1202 E ArmVmp : Match on catch block at 0xc3 in for 0xa1
01-26 09:59:58.147 1202 1202 E ArmVmp : Match on catch block at 0xc3 in for 0xa1
01-26 09:59:58.150 1202 1202 E ArmVmp : Match on catch block at 0xc3 in for 0xa5
01-26 09:59:58.157 1202 1202 E ArmVmp : Match on catch block at 0xc3 in for 0xa9
01-26 09:59:58.160 1202 1202 E ArmVmp : Match on catch block at 0xc3 in for 0xa1
01-26 09:59:58.171 1202 1202 E ArmVmp : Match on catch block at 0xc3 in for 0xa5
01-26 09:59:58.174 1202 1202 E ArmVmp : Match on catch block at 0xc3 in for 0xa9
01-26 09:59:58.193 1202 1202 E ArmVmp : Match on catch block at 0xc3 in for 0xa5
01-26 09:59:58.195 1202 1202 E ArmVmp : Match on catch block at 0xc3 in for 0xa9
01-26 09:59:58.202 1202 1202 E ArmVmp : Match on catch block at 0xc3 in for 0xa1
01-26 09:59:58.207 1202 1202 E ArmVmp : Match on catch block at 0xc3 in for 0xa5
01-26 09:59:58.226 1202 1202 E ArmVmp : Match on catch block at 0xc3 in for 0xa9
01-26 09:59:58.229 1202 1202 E ArmVmp : Match on catch block at 0xc3 in for 0xa1
01-26 09:59:58.249 1202 1202 E ArmVmp : Match on catch block at 0xc3 in for 0xa9
01-26 09:59:58.252 1202 1202 E ArmVmp : Match on catch block at 0xc3 in for 0xa1
01-26 09:59:58.260 1202 1202 E ArmVmp : Match on catch block at 0xc3 in for 0xa5
01-26 09:59:58.266 1202 1202 E ArmVmp : Match on catch block at 0xc3 in for 0xa9
01-26 09:59:58.274 1202 1202 E ArmVmp : Match on catch block at 0xc3 in for 0xa9
01-26 09:59:58.278 1202 1202 E ArmVmp : Match on catch block at 0xc3 in for 0xa1
01-26 09:59:58.291 1202 1202 E ArmVmp : Match on catch block at 0xc3 in for 0xa1
01-26 09:59:58.294 1202 1202 E ArmVmp : Match on catch block at 0xc3 in for 0xa5
01-26 09:59:58.303 1202 1202 E ArmVmp : Match on catch block at 0xc3 in for 0xa5
01-26 09:59:58.307 1202 1202 E ArmVmp : Match on catch block at 0xc3 in for 0xa9
01-26 09:59:58.320 1202 1202 E ArmVmp : Match on catch block at 0xc3 in for 0xa9
01-26 09:59:58.323 1202 1202 E ArmVmp : Match on catch block at 0xc3 in for 0xa1
01-26 09:59:58.336 1202 1202 E ArmVmp : Match on catch block at 0xc3 in for 0xa1
01-26 09:59:58.339 1202 1202 E ArmVmp : Match on catch block at 0xc3 in for 0xa5
01-26 09:59:58.355 1202 1202 E ArmVmp : Match on catch block at 0xc3 in for 0xa5
01-26 09:59:58.358 1202 1202 E ArmVmp : Match on catch block at 0xc3 in for 0xa9
01-26 09:59:58.372 1202 1202 E ArmVmp : Match on catch block at 0xc3 in for 0xa9
01-26 09:59:58.376 1202 1202 E ArmVmp : Match on catch block at 0xc3 in for 0xa1
01-26 09:59:58.387 1202 1202 E ArmVmp : Match on catch block at 0xc3 in for 0xa1
01-26 09:59:58.392 1202 1202 E ArmVmp : Match on catch block at 0xc3 in for 0xa5
01-26 09:59:58.403 1202 1202 E ArmVmp : Match on catch block at 0xc3 in for 0xa5
01-26 09:59:58.407 1202 1202 E ArmVmp : Match on catch block at 0xc3 in for 0xa9
01-26 09:59:58.419 1202 1202 E ArmVmp : Match on catch block at 0xc3 in for 0xa9
01-26 09:59:58.422 1202 1202 E ArmVmp : Match on catch block at 0xc3 in for 0xa1
01-26 09:59:58.436 1202 1202 E ArmVmp : Match on catch block at 0xc3 in for 0xa1
01-26 09:59:58.440 1202 1202 E ArmVmp : Match on catch block at 0xc3 in for 0xa5
01-26 09:59:58.453 1202 1202 E ArmVmp : Match on catch block at 0xc3 in for 0xa5
01-26 09:59:58.455 1202 1202 E ArmVmp : Match on catch block at 0xc3 in for 0xa9
01-26 09:59:58.469 1202 1202 E ArmVmp : Match on catch block at 0xc3 in for 0xa9
01-26 09:59:58.472 1202 1202 E ArmVmp : Match on catch block at 0xc3 in for 0xa1
01-26 09:59:58.493 1202 1202 E ArmVmp : Match on catch block at 0xc3 in for 0xa5
01-26 09:59:58.496 1202 1202 E ArmVmp : Match on catch block at 0xc3 in for 0xa9
01-26 09:59:58.502 1202 1202 E ArmVmp : Match on catch block at 0xc3 in for 0xa9
01-26 09:59:58.506 1202 1202 E ArmVmp : Match on catch block at 0xc3 in for 0xa1
01-26 09:59:58.519 1202 1202 E ArmVmp : Match on catch block at 0xc3 in for 0xa1
01-26 09:59:58.522 1202 1202 E ArmVmp : Match on catch block at 0xc3 in for 0xa5
01-26 09:59:58.535 1202 1202 E ArmVmp : Match on catch block at 0xc3 in for 0xa5
01-26 09:59:58.538 1202 1202 E ArmVmp : Match on catch block at 0xc3 in for 0xa9
01-26 09:59:58.552 1202 1202 E ArmVmp : Match on catch block at 0xc3 in for 0xa9
01-26 09:59:58.557 1202 1202 E ArmVmp : Match on catch block at 0xc3 in for 0xa1
01-26 09:59:58.586 1202 1202 E ArmVmp : Match on catch block at 0xc3 in for 0xa1
01-26 09:59:58.589 1202 1202 E ArmVmp : Match on catch block at 0xc3 in for 0xa5
01-26 09:59:58.601 1202 1202 E ArmVmp : Match on catch block at 0xc3 in for 0xa9
01-26 09:59:58.604 1202 1202 E ArmVmp : Match on catch block at 0xc3 in for 0xa1
01-26 09:59:58.620 1202 1202 E ArmVmp : Match on catch block at 0xc3 in for 0xa5
01-26 09:59:58.623 1202 1202 E ArmVmp : Match on catch block at 0xc3 in for 0xa9
01-26 09:59:58.635 1202 1202 E ArmVmp : Match on catch block at 0xc3 in for 0xa1
01-26 09:59:58.637 1202 1202 E ArmVmp : Match on catch block at 0xc3 in for 0xa5
01-26 09:59:58.652 1202 1202 E ArmVmp : Match on catch block at 0xc3 in for 0xa9
01-26 09:59:58.655 1202 1202 E ArmVmp : Match on catch block at 0xc3 in for 0xa1
01-26 09:59:58.669 1202 1202 E ArmVmp : Match on catch block at 0xc3 in for 0xa5
01-26 09:59:58.673 1202 1202 E ArmVmp : Match on catch block at 0xc3 in for 0xa9
01-26 09:59:58.686 1202 1202 E ArmVmp : Match on catch block at 0xc3 in for 0xa1
01-26 09:59:58.689 1202 1202 E ArmVmp : Match on catch block at 0xc3 in for 0xa5
01-26 09:59:58.702 1202 1202 E ArmVmp : Match on catch block at 0xc3 in for 0xa9
01-26 09:59:58.706 1202 1202 E ArmVmp : Match on catch block at 0xc3 in for 0xa1
01-26 09:59:58.719 1202 1202 E ArmVmp : Match on catch block at 0xc3 in for 0xa5
01-26 09:59:58.723 1202 1202 E ArmVmp : Match on catch block at 0xc3 in for 0xa9
01-26 09:59:58.736 1202 1202 E ArmVmp : Match on catch block at 0xc3 in for 0xa1
01-26 09:59:58.740 1202 1202 E ArmVmp : Match on catch block at 0xc3 in for 0xa5
01-26 09:59:58.753 1202 1202 E ArmVmp : Match on catch block at 0xc3 in for 0xa5
01-26 09:59:58.759 1202 1202 E ArmVmp : Match on catch block at 0xc3 in for 0xa9
01-26 09:59:58.774 1202 1202 E ArmVmp : Match on catch block at 0xc3 in for 0xa1
01-26 09:59:58.777 1202 1202 E ArmVmp : Match on catch block at 0xc3 in for 0xa5
01-26 09:59:58.788 1202 1202 E ArmVmp : Match on catch block at 0xc3 in for 0xa9
01-26 09:59:58.793 1202 1202 E ArmVmp : Match on catch block at 0xc3 in for 0xa1
01-26 09:59:58.807 1202 1202 E ArmVmp : Match on catch block at 0xc3 in for 0xa5
01-26 09:59:58.811 1202 1202 E ArmVmp : Match on catch block at 0xc3 in for 0xa9
01-26 09:59:58.821 1202 1202 E ArmVmp : Match on catch block at 0xc3 in for 0xa1
01-26 09:59:58.824 1202 1202 E ArmVmp : Match on catch block at 0xc3 in for 0xa5
01-26 09:59:58.837 1202 1202 E ArmVmp : Match on catch block at 0xc3 in for 0xa9
01-26 09:59:58.841 1202 1202 E ArmVmp : Match on catch block at 0xc3 in for 0xa1
01-26 09:59:58.857 1202 1202 E ArmVmp : Match on catch block at 0xc3 in for 0xa5
01-26 09:59:58.860 1202 1202 E ArmVmp : Match on catch block at 0xc3 in for 0xa9
01-26 09:59:58.871 1202 1202 E ArmVmp : Match on catch block at 0xc3 in for 0xa1
01-26 09:59:58.875 1202 1202 E ArmVmp : Match on catch block at 0xc3 in for 0xa5
01-26 09:59:58.886 1202 1202 E ArmVmp : Match on catch block at 0xc3 in for 0xa9
01-26 09:59:58.890 1202 1202 E ArmVmp : Match on catch block at 0xc3 in for 0xa1
01-26 09:59:58.904 1202 1202 E ArmVmp : Match on catch block at 0xc3 in for 0xa5
01-26 09:59:58.908 1202 1202 E ArmVmp : Match on catch block at 0xc3 in for 0xa9
01-26 09:59:58.929 1202 1202 E ArmVmp : Match on catch block at 0xc3 in for 0xa1
01-26 09:59:58.931 1202 1202 E ArmVmp : Match on catch block at 0xc3 in for 0xa5
01-26 09:59:58.938 1202 1202 E ArmVmp : Match on catch block at 0xc3 in for 0xa9
01-26 09:59:58.942 1202 1202 E ArmVmp : Match on catch block at 0xc3 in for 0xa1
01-26 09:59:58.953 1202 1202 E ArmVmp : Match on catch block at 0xc3 in for 0xa5
01-26 09:59:58.959 1202 1202 E ArmVmp : Match on catch block at 0xc3 in for 0xa9
01-26 09:59:58.969 1202 1202 E ArmVmp : Match on catch block at 0xc3 in for 0xa1
01-26 09:59:58.972 1202 1202 E ArmVmp : Match on catch block at 0xc3 in for 0xa5
01-26 09:59:58.985 1202 1202 E ArmVmp : Match on catch block at 0xc3 in for 0xa9
01-26 09:59:58.989 1202 1202 E ArmVmp : Match on catch block at 0xc3 in for 0xa1
01-26 09:59:59.002 1202 1202 E ArmVmp : Match on catch block at 0xc3 in for 0xa5
01-26 09:59:59.005 1202 1202 E ArmVmp : Match on catch block at 0xc3 in for 0xa9
01-26 09:59:59.018 1202 1202 E ArmVmp : Match on catch block at 0xc3 in for 0xa1
01-26 09:59:59.021 1202 1202 E ArmVmp : Match on catch block at 0xc3 in for 0xa5
01-26 09:59:59.035 1202 1202 E ArmVmp : Match on catch block at 0xc3 in for 0xa9
01-26 09:59:59.038 1202 1202 E ArmVmp : Match on catch block at 0xc3 in for 0xa1
01-26 09:59:59.051 1202 1202 E ArmVmp : Match on catch block at 0xc3 in for 0xa5
01-26 09:59:59.055 1202 1202 E ArmVmp : Match on catch block at 0xc3 in for 0xa9
01-26 09:59:59.068 1202 1202 E ArmVmp : Match on catch block at 0xc3 in for 0xa9
01-26 09:59:59.072 1202 1202 E ArmVmp : Match on catch block at 0xc3 in for 0xa1
01-26 09:59:59.085 1202 1202 E ArmVmp : Match on catch block at 0xc3 in for 0xa5
01-26 09:59:59.088 1202 1202 E ArmVmp : Match on catch block at 0xc3 in for 0xa9
01-26 09:59:59.101 1202 1202 E ArmVmp : Match on catch block at 0xc3 in for 0xa1
01-26 09:59:59.105 1202 1202 E ArmVmp : Match on catch block at 0xc3 in for 0xa5
01-26 09:59:59.118 1202 1202 E ArmVmp : Match on catch block at 0xc3 in for 0xa9
01-26 09:59:59.122 1202 1202 E ArmVmp : Match on catch block at 0xc3 in for 0xa1
01-26 09:59:59.135 1202 1202 E ArmVmp : Match on catch block at 0xc3 in for 0xa5
01-26 09:59:59.139 1202 1202 E ArmVmp : Match on catch block at 0xc3 in for 0xa9
01-26 09:59:59.152 1202 1202 E ArmVmp : Match on catch block at 0xc3 in for 0xa1
01-26 09:59:59.155 1202 1202 E ArmVmp : Match on catch block at 0xc3 in for 0xa5
01-26 09:59:59.168 1202 1202 E ArmVmp : Match on catch block at 0xc3 in for 0xa9
01-26 09:59:59.172 1202 1202 E ArmVmp : Match on catch block at 0xc3 in for 0xa1
01-26 09:59:59.185 1202 1202 E ArmVmp : Match on catch block at 0xc3 in for 0xa5
01-26 09:59:59.191 1202 1202 E ArmVmp : Match on catch block at 0xc3 in for 0xa9
01-26 09:59:59.205 1202 1202 E ArmVmp : Match on catch block at 0xc3 in for 0xa1
01-26 09:59:59.209 1202 1202 E ArmVmp : Match on catch block at 0xc3 in for 0xa5
01-26 09:59:59.218 1202 1202 E ArmVmp : Match on catch block at 0xc3 in for 0xa9
01-26 09:59:59.222 1202 1202 E ArmVmp : Match on catch block at 0xc3 in for 0xa1
01-26 09:59:59.234 1202 1202 E ArmVmp : Match on catch block at 0xc3 in for 0xa5
01-26 09:59:59.237 1202 1202 E ArmVmp : Match on catch block at 0xc3 in for 0xa9
01-26 09:59:59.251 1202 1202 E ArmVmp : Match on catch block at 0xc3 in for 0xa1
01-26 09:59:59.255 1202 1202 E ArmVmp : Match on catch block at 0xc3 in for 0xa5
01-26 09:59:59.268 1202 1202 E ArmVmp : Match on catch block at 0xc3 in for 0xa9
01-26 09:59:59.272 1202 1202 E ArmVmp : Match on catch block at 0xc3 in for 0xa1
01-26 09:59:59.285 1202 1202 E ArmVmp : Match on catch block at 0xc3 in for 0xa5
01-26 09:59:59.288 1202 1202 E ArmVmp : Match on catch block at 0xc3 in for 0xa9
01-26 09:59:59.302 1202 1202 E ArmVmp : Match on catch block at 0xc3 in for 0xa1
01-26 09:59:59.305 1202 1202 E ArmVmp : Match on catch block at 0xc3 in for 0xa5
01-26 09:59:59.318 1202 1202 E ArmVmp : Match on catch block at 0xc3 in for 0xa5
01-26 09:59:59.321 1202 1202 E ArmVmp : Match on catch block at 0xc3 in for 0xa9
01-26 09:59:59.334 1202 1202 E ArmVmp : Match on catch block at 0xc3 in for 0xa9
01-26 09:59:59.337 1202 1202 E ArmVmp : Match on catch block at 0xc3 in for 0xa1
01-26 09:59:59.770 1202 1202 E ArmVmp : Match on catch block at 0xc3 in for 0xa1
01-26 09:59:59.774 1202 1202 E ArmVmp : Match on catch block at 0xc3 in for 0xa5
01-26 09:59:59.814 1202 1202 E ArmVmp : Match on catch block at 0xc3 in for 0xa5
01-26 09:59:59.817 1202 1202 E ArmVmp : Match on catch block at 0xc3 in for 0xa9
01-26 09:59:59.833 1202 1202 E ArmVmp : Match on catch block at 0xc3 in for 0xa1
01-26 09:59:59.837 1202 1202 E ArmVmp : Match on catch block at 0xc3 in for 0xa5
01-26 09:59:59.864 1202 7565 W libEGL : EGLNativeWindowType 0x70222b5010 disconnect failed
01-26 09:59:59.870 1202 1202 E ArmVmp : Match on catch block at 0xc3 in for 0xa5
01-26 09:59:59.873 1202 1202 E ArmVmp : Match on catch block at 0xc3 in for 0xa9
01-26 09:59:59.894 1202 1202 E ArmVmp : Match on catch block at 0xc3 in for 0xa9
01-26 09:59:59.898 1202 1202 E ArmVmp : Match on catch block at 0xc3 in for 0xa1
01-26 09:59:59.924 1202 7565 W libEGL : EGLNativeWindowType 0x70222b5010 disconnect failed
01-26 09:59:59.931 1202 1202 E ArmVmp : Match on catch block at 0xc3 in for 0xa1
01-26 09:59:59.934 1202 1202 E ArmVmp : Match on catch block at 0xc3 in for 0xa5
01-26 09:59:59.950 1202 1202 E ArmVmp : Match on catch block at 0xc3 in for 0xa5
01-26 09:59:59.953 1202 1202 E ArmVmp : Match on catch block at 0xc3 in for 0xa9
01-26 09:59:59.966 1202 1202 E ArmVmp : Match on catch block at 0xc3 in for 0xa9
01-26 09:59:59.969 1202 1202 E ArmVmp : Match on catch block at 0xc3 in for 0xa1
01-26 09:59:59.983 1202 1202 E ArmVmp : Match on catch block at 0xc3 in for 0xa1
01-26 09:59:59.986 1202 1202 E ArmVmp : Match on catch block at 0xc3 in for 0xa5
01-26 10:00:00.326 1202 1202 E ArmVmp : Match on catch block at 0xc3 in for 0xa1
01-26 10:00:00.338 1202 1202 E ArmVmp : Match on catch block at 0xc3 in for 0xa5
01-26 10:00:00.356 1202 1202 E ArmVmp : Match on catch block at 0xc3 in for 0xa5
01-26 10:00:00.368 1202 1202 E ArmVmp : Match on catch block at 0xc3 in for 0xa9
01-26 10:00:00.384 1202 1202 E ArmVmp : Match on catch block at 0xc3 in for 0xa9
01-26 10:00:00.391 1202 1202 E ArmVmp : Match on catch block at 0xc3 in for 0xa1
01-26 10:00:00.401 1202 1202 E ArmVmp : Match on catch block at 0xc3 in for 0xa1
01-26 10:00:00.406 1202 1202 E ArmVmp : Match on catch block at 0xc3 in for 0xa5
01-26 10:00:00.417 1202 1202 E ArmVmp : Match on catch block at 0xc3 in for 0xa5
01-26 10:00:00.422 1202 1202 E ArmVmp : Match on catch block at 0xc3 in for 0xa9
01-26 10:00:00.434 1202 1202 E ArmVmp : Match on catch block at 0xc3 in for 0xa9
01-26 10:00:00.439 1202 1202 E ArmVmp : Match on catch block at 0xc3 in for 0xa1
01-26 10:00:00.450 1202 1202 E ArmVmp : Match on catch block at 0xc3 in for 0xa1
01-26 10:00:00.456 1202 1202 E ArmVmp : Match on catch block at 0xc3 in for 0xa5
01-26 10:00:00.467 1202 1202 E ArmVmp : Match on catch block at 0xc3 in for 0xa5
01-26 10:00:00.473 1202 1202 E ArmVmp : Match on catch block at 0xc3 in for 0xa9
01-26 10:00:00.484 1202 1202 E ArmVmp : Match on catch block at 0xc3 in for 0xa9
01-26 10:00:00.490 1202 1202 E ArmVmp : Match on catch block at 0xc3 in for 0xa1
01-26 10:00:00.501 1202 1202 E ArmVmp : Match on catch block at 0xc3 in for 0xa1
01-26 10:00:00.507 1202 1202 E ArmVmp : Match on catch block at 0xc3 in for 0xa5
01-26 10:00:00.517 1202 1202 E ArmVmp : Match on catch block at 0xc3 in for 0xa5
01-26 10:00:00.523 1202 1202 E ArmVmp : Match on catch block at 0xc3 in for 0xa9
01-26 10:00:00.534 1202 1202 E ArmVmp : Match on catch block at 0xc3 in for 0xa9
01-26 10:00:00.542 1202 1202 E ArmVmp : Match on catch block at 0xc3 in for 0xa1
01-26 10:00:00.966 1202 7565 W libEGL : EGLNativeWindowType 0x70222b5010 disconnect failed
01-26 10:00:01.009 1202 1202 E ArmVmp : Match on catch block at 0xc3 in for 0xa1
01-26 10:00:01.013 1202 1202 E ArmVmp : Match on catch block at 0xc3 in for 0xa5
01-26 10:00:01.043 1202 1202 E RecyclerView: No adapter attached; skipping layout
01-26 10:00:01.105 1202 1202 E ArmVmp : Match on catch block at 0xc3 in for 0xa5
01-26 10:00:01.109 1202 1202 E ArmVmp : Match on catch block at 0xc3 in for 0xa9
01-26 10:00:01.158 1202 7565 W libEGL : EGLNativeWindowType 0x70222b5010 disconnect failed
01-26 10:00:01.159 1202 1202 E ArmVmp : Match on catch block at 0x0a in for 0xa9
01-26 10:00:01.179 1202 1202 E ArmVmp : Match on catch block at 0xc3 in for 0xa1
01-26 10:00:01.182 1202 1202 E ArmVmp : Match on catch block at 0xc3 in for 0xa5
01-26 10:00:01.414 1202 1202 W Choreographer: Frame time is 0.090013 ms in the future! Check that graphics HAL is generating vsync timestamps using the correct timebase.
01-26 10:00:01.947 1202 1202 E ArmVmp : Match on catch block at 0x0a in for 0xa9
01-26 10:00:01.958 1202 1202 E ArmVmp : Match on catch block at 0x0a in for 0xa9
01-26 10:00:01.963 1202 1202 E ArmVmp : Match on catch block at 0x0a in for 0xa9
01-26 10:00:01.969 1202 1202 E ArmVmp : Match on catch block at 0x0a in for 0xa9
01-26 10:00:02.018 1202 1202 E ArmVmp : Match on catch block at 0x0a in for 0xa9
01-26 10:00:02.021 1202 1202 E ArmVmp : Match on catch block at 0x0a in for 0xa9
01-26 10:00:02.606 1202 1202 E ArmVmp : Match on catch block at 0xc3 in for 0xa1
01-26 10:00:02.623 1202 1202 E ArmVmp : Match on catch block at 0xc3 in for 0xa5
01-26 10:00:02.661 1202 1202 E ArmVmp : Match on catch block at 0xc3 in for 0xa5
01-26 10:00:02.673 1202 1202 E ArmVmp : Match on catch block at 0xc3 in for 0xa9
01-26 10:00:02.712 1202 1202 E ArmVmp : Match on catch block at 0xc3 in for 0xa9
01-26 10:00:02.722 1202 1202 E ArmVmp : Match on catch block at 0xc3 in for 0xa1
01-26 10:00:02.756 1202 1202 E ArmVmp : Match on catch block at 0xc3 in for 0xa1
01-26 10:00:02.764 1202 1202 E ArmVmp : Match on catch block at 0xc3 in for 0xa5
01-26 10:00:02.789 1202 1202 E ArmVmp : Match on catch block at 0xc3 in for 0xa5
01-26 10:00:02.796 1202 1202 E ArmVmp : Match on catch block at 0xc3 in for 0xa9
01-26 10:00:02.820 1202 1202 E ArmVmp : Match on catch block at 0xc3 in for 0xa9
01-26 10:00:02.826 1202 1202 E ArmVmp : Match on catch block at 0xc3 in for 0xa1
01-26 10:00:02.850 1202 1202 E ArmVmp : Match on catch block at 0xc3 in for 0xa1
01-26 10:00:02.857 1202 1202 E ArmVmp : Match on catch block at 0xc3 in for 0xa5
01-26 10:00:02.885 1202 1202 E ArmVmp : Match on catch block at 0xc3 in for 0xa5
01-26 10:00:02.891 1202 1202 E ArmVmp : Match on catch block at 0xc3 in for 0xa9
01-26 10:00:03.898 1202 1202 E ArmVmp : Match on catch block at 0xc3 in for 0xa1
01-26 10:00:03.902 1202 1202 E ArmVmp : Match on catch block at 0xc3 in for 0xa5
01-26 10:00:03.964 1202 1202 E ArmVmp : Match on catch block at 0xc3 in for 0xa5
01-26 10:00:03.969 1202 1202 E ArmVmp : Match on catch block at 0xc3 in for 0xa9
01-26 10:00:04.318 1202 1202 E ArmVmp : Match on catch block at 0xc3 in for 0xa5
01-26 10:00:04.326 1202 1202 E ArmVmp : Match on catch block at 0xc3 in for 0xa9
01-26 10:00:04.341 1202 7565 W libEGL : EGLNativeWindowType 0x701db8e010 disconnect failed
01-26 10:00:05.145 1202 7565 W libEGL : EGLNativeWindowType 0x701db8e010 disconnect failed
01-26 10:00:05.160 1202 1202 W InputEventReceiver: Attempted to finish an input event but the input event receiver has already been disposed.
01-26 10:00:05.216 1202 1202 E ArmVmp : Match on catch block at 0xc3 in for 0xa9
01-26 10:00:05.221 1202 1202 E ArmVmp : Match on catch block at 0xc3 in for 0xa1
01-26 10:00:06.008 1202 1202 W SoundPool: Use of stream types is deprecated for operations other than volume control
01-26 10:00:06.009 1202 1202 W SoundPool: See the documentation of SoundPool() for what to use instead with android.media.AudioAttributes to qualify your playback use case
01-26 10:00:06.035 1202 1202 W AudioManager: Use of stream types is deprecated for operations other than volume control
01-26 10:00:06.035 1202 1202 W AudioManager: See the documentation of requestAudioFocus() for what to use instead with android.media.AudioAttributes to qualify your playback use case
01-26 10:00:06.046 1202 7590 W SoundPool: play soundID 1 not READY
01-26 10:00:06.337 1202 1202 W libOpenSLES: Conversion from OpenSL ES positional channel mask 0x4 to Android mask 0 loses channels
01-26 10:00:06.468 1202 7602 W LOTTIE : Unknown shape type rd
01-26 10:00:06.476 1202 1202 E ArmVmp : Match on catch block at 0xc3 in for 0xa9
01-26 10:00:06.480 1202 1202 E ArmVmp : Match on catch block at 0xc3 in for 0xa1
01-26 10:00:06.502 1202 1202 E ArmVmp : Match on catch block at 0xc3 in for 0xa1
01-26 10:00:06.505 1202 1202 E ArmVmp : Match on catch block at 0xc3 in for 0xa5
01-26 10:00:06.531 1202 1202 E ArmVmp : Match on catch block at 0xc3 in for 0xa1
01-26 10:00:06.534 1202 1202 E ArmVmp : Match on catch block at 0xc3 in for 0xa5
01-26 10:00:06.550 1202 7565 W libEGL : EGLNativeWindowType 0x70222b5010 disconnect failed
01-26 10:00:06.571 1202 1202 E ArmVmp : Match on catch block at 0xc3 in for 0xa5
01-26 10:00:06.574 1202 1202 E ArmVmp : Match on catch block at 0xc3 in for 0xa9
01-26 10:00:06.583 1202 1202 E ArmVmp : Match on catch block at 0xc3 in for 0xa9
01-26 10:00:06.587 1202 1202 E ArmVmp : Match on catch block at 0xc3 in for 0xa1
01-26 10:00:06.596 1202 1202 E ArmVmp : Match on catch block at 0xc3 in for 0xa1
01-26 10:00:06.601 1202 1202 E ArmVmp : Match on catch block at 0xc3 in for 0xa5
01-26 10:00:06.613 1202 1202 E ArmVmp : Match on catch block at 0xc3 in for 0xa5
01-26 10:00:06.615 1202 1202 E ArmVmp : Match on catch block at 0xc3 in for 0xa9
01-26 10:00:06.629 1202 1202 E ArmVmp : Match on catch block at 0xc3 in for 0xa9
01-26 10:00:06.632 1202 1202 E ArmVmp : Match on catch block at 0xc3 in for 0xa1
01-26 10:00:06.646 1202 1202 E ArmVmp : Match on catch block at 0xc3 in for 0xa1
01-26 10:00:06.649 1202 1202 E ArmVmp : Match on catch block at 0xc3 in for 0xa5
01-26 10:00:06.663 1202 1202 E ArmVmp : Match on catch block at 0xc3 in for 0xa5
01-26 10:00:06.666 1202 1202 E ArmVmp : Match on catch block at 0xc3 in for 0xa9
01-26 10:00:06.679 1202 1202 E ArmVmp : Match on catch block at 0xc3 in for 0xa9
01-26 10:00:06.682 1202 1202 E ArmVmp : Match on catch block at 0xc3 in for 0xa1
01-26 10:00:06.696 1202 1202 E ArmVmp : Match on catch block at 0xc3 in for 0xa1
01-26 10:00:06.699 1202 1202 E ArmVmp : Match on catch block at 0xc3 in for 0xa5
01-26 10:00:06.713 1202 1202 E ArmVmp : Match on catch block at 0xc3 in for 0xa5
01-26 10:00:06.716 1202 1202 E ArmVmp : Match on catch block at 0xc3 in for 0xa9
01-26 10:00:06.729 1202 1202 E ArmVmp : Match on catch block at 0xc3 in for 0xa9
01-26 10:00:06.732 1202 1202 E ArmVmp : Match on catch block at 0xc3 in for 0xa1
01-26 10:00:06.747 1202 1202 E ArmVmp : Match on catch block at 0xc3 in for 0xa1
01-26 10:00:06.754 1202 1202 E ArmVmp : Match on catch block at 0xc3 in for 0xa5
01-26 10:00:06.768 1202 1202 E ArmVmp : Match on catch block at 0xc3 in for 0xa5
01-26 10:00:06.773 1202 1202 E ArmVmp : Match on catch block at 0xc3 in for 0xa9
01-26 10:00:06.786 1202 1202 E ArmVmp : Match on catch block at 0xc3 in for 0xa9
01-26 10:00:06.792 1202 1202 E ArmVmp : Match on catch block at 0xc3 in for 0xa1
01-26 10:00:06.804 1202 1202 E ArmVmp : Match on catch block at 0xc3 in for 0xa1
01-26 10:00:06.809 1202 1202 E ArmVmp : Match on catch block at 0xc3 in for 0xa5
01-26 10:00:06.821 1202 1202 E ArmVmp : Match on catch block at 0xc3 in for 0xa5
01-26 10:00:06.827 1202 1202 E ArmVmp : Match on catch block at 0xc3 in for 0xa9
01-26 10:00:06.844 1202 1202 E ArmVmp : Match on catch block at 0xc3 in for 0xa9
01-26 10:00:06.850 1202 1202 E ArmVmp : Match on catch block at 0xc3 in for 0xa1
01-26 10:00:06.965 1202 1202 E ArmVmp : Match on catch block at 0xc3 in for 0xa1
01-26 10:00:06.972 1202 1202 E ArmVmp : Match on catch block at 0xc3 in for 0xa5
01-26 10:00:07.469 1202 1202 E ArmVmp : Match on catch block at 0xc3 in for 0xa5
01-26 10:00:07.483 1202 1202 E ArmVmp : Match on catch block at 0xc3 in for 0xa9
01-26 10:00:07.616 1202 1202 E ArmVmp : Match on catch block at 0xc3 in for 0xa1
01-26 10:00:07.620 1202 1202 E ArmVmp : Match on catch block at 0xc3 in for 0xa5
01-26 10:00:07.632 1202 1202 E ArmVmp : Match on catch block at 0xc3 in for 0xa5
01-26 10:00:07.636 1202 1202 E ArmVmp : Match on catch block at 0xc3 in for 0xa9
01-26 10:00:07.648 1202 1202 E ArmVmp : Match on catch block at 0xc3 in for 0xa9
01-26 10:00:07.654 1202 1202 E ArmVmp : Match on catch block at 0xc3 in for 0xa1
01-26 10:00:07.675 1202 1202 E ArmVmp : Match on catch block at 0xc3 in for 0xa1
01-26 10:00:07.678 1202 1202 E ArmVmp : Match on catch block at 0xc3 in for 0xa5
01-26 10:00:07.684 1202 1202 E ArmVmp : Match on catch block at 0xc3 in for 0xa5
01-26 10:00:07.688 1202 1202 E ArmVmp : Match on catch block at 0xc3 in for 0xa9
01-26 10:00:07.697 1202 1202 E ArmVmp : Match on catch block at 0xc3 in for 0xa9
01-26 10:00:07.700 1202 1202 E ArmVmp : Match on catch block at 0xc3 in for 0xa1
01-26 10:00:07.713 1202 1202 E ArmVmp : Match on catch block at 0xc3 in for 0xa1
01-26 10:00:07.716 1202 1202 E ArmVmp : Match on catch block at 0xc3 in for 0xa5
01-26 10:00:07.730 1202 1202 E ArmVmp : Match on catch block at 0xc3 in for 0xa5
01-26 10:00:07.733 1202 1202 E ArmVmp : Match on catch block at 0xc3 in for 0xa9
01-26 10:00:07.747 1202 1202 E ArmVmp : Match on catch block at 0xc3 in for 0xa9
01-26 10:00:07.751 1202 1202 E ArmVmp : Match on catch block at 0xc3 in for 0xa1
01-26 10:00:07.767 1202 1202 E ArmVmp : Match on catch block at 0xc3 in for 0xa9
01-26 10:00:07.770 1202 1202 E ArmVmp : Match on catch block at 0xc3 in for 0xa1
01-26 10:00:07.781 1202 1202 E ArmVmp : Match on catch block at 0xc3 in for 0xa1
01-26 10:00:07.785 1202 1202 E ArmVmp : Match on catch block at 0xc3 in for 0xa5
01-26 10:00:07.797 1202 1202 E ArmVmp : Match on catch block at 0xc3 in for 0xa5
01-26 10:00:07.800 1202 1202 E ArmVmp : Match on catch block at 0xc3 in for 0xa9
01-26 10:00:07.813 1202 1202 E ArmVmp : Match on catch block at 0xc3 in for 0xa9
01-26 10:00:07.817 1202 1202 E ArmVmp : Match on catch block at 0xc3 in for 0xa1
01-26 10:00:07.830 1202 1202 E ArmVmp : Match on catch block at 0xc3 in for 0xa1
01-26 10:00:07.834 1202 1202 E ArmVmp : Match on catch block at 0xc3 in for 0xa5
01-26 10:00:07.846 1202 1202 E ArmVmp : Match on catch block at 0xc3 in for 0xa5
01-26 10:00:07.851 1202 1202 E ArmVmp : Match on catch block at 0xc3 in for 0xa9
01-26 10:00:07.863 1202 1202 E ArmVmp : Match on catch block at 0xc3 in for 0xa9
01-26 10:00:07.869 1202 1202 E ArmVmp : Match on catch block at 0xc3 in for 0xa1
01-26 10:00:07.880 1202 1202 E ArmVmp : Match on catch block at 0xc3 in for 0xa1
01-26 10:00:07.884 1202 1202 E ArmVmp : Match on catch block at 0xc3 in for 0xa5
01-26 10:00:07.896 1202 1202 E ArmVmp : Match on catch block at 0xc3 in for 0xa5
01-26 10:00:07.899 1202 1202 E ArmVmp : Match on catch block at 0xc3 in for 0xa9
01-26 10:00:07.913 1202 1202 E ArmVmp : Match on catch block at 0xc3 in for 0xa9
01-26 10:00:07.916 1202 1202 E ArmVmp : Match on catch block at 0xc3 in for 0xa1
01-26 10:00:07.930 1202 1202 E ArmVmp : Match on catch block at 0xc3 in for 0xa1
01-26 10:00:07.933 1202 1202 E ArmVmp : Match on catch block at 0xc3 in for 0xa5
01-26 10:00:07.958 1202 1202 E ArmVmp : Match on catch block at 0xc3 in for 0xa1
01-26 10:00:07.961 1202 1202 E ArmVmp : Match on catch block at 0xc3 in for 0xa5
01-26 10:00:07.967 1202 1202 E ArmVmp : Match on catch block at 0xc3 in for 0xa5
01-26 10:00:07.971 1202 1202 E ArmVmp : Match on catch block at 0xc3 in for 0xa9
01-26 10:00:07.980 1202 1202 E ArmVmp : Match on catch block at 0xc3 in for 0xa9
01-26 10:00:07.983 1202 1202 E ArmVmp : Match on catch block at 0xc3 in for 0xa1
01-26 10:00:07.996 1202 1202 E ArmVmp : Match on catch block at 0xc3 in for 0xa1
01-26 10:00:07.999 1202 1202 E ArmVmp : Match on catch block at 0xc3 in for 0xa5
01-26 10:00:08.012 1202 1202 E ArmVmp : Match on catch block at 0xc3 in for 0xa9
01-26 10:00:08.014 1202 1202 E ArmVmp : Match on catch block at 0xc3 in for 0xa1
01-26 10:00:08.028 1202 1202 E ArmVmp : Match on catch block at 0xc3 in for 0xa5
01-26 10:00:08.031 1202 1202 E ArmVmp : Match on catch block at 0xc3 in for 0xa9
01-26 10:00:08.045 1202 1202 E ArmVmp : Match on catch block at 0xc3 in for 0xa1
01-26 10:00:08.048 1202 1202 E ArmVmp : Match on catch block at 0xc3 in for 0xa5
01-26 10:00:08.062 1202 1202 E ArmVmp : Match on catch block at 0xc3 in for 0xa9
01-26 10:00:08.065 1202 1202 E ArmVmp : Match on catch block at 0xc3 in for 0xa1
01-26 10:00:08.081 1202 1202 E ArmVmp : Match on catch block at 0xc3 in for 0xa5
01-26 10:00:08.083 1202 1202 E ArmVmp : Match on catch block at 0xc3 in for 0xa9
01-26 10:00:08.095 1202 1202 E ArmVmp : Match on catch block at 0xc3 in for 0xa1
01-26 10:00:08.098 1202 1202 E ArmVmp : Match on catch block at 0xc3 in for 0xa5
01-26 10:00:08.112 1202 1202 E ArmVmp : Match on catch block at 0xc3 in for 0xa9
01-26 10:00:08.115 1202 1202 E ArmVmp : Match on catch block at 0xc3 in for 0xa1
01-26 10:00:08.129 1202 1202 E ArmVmp : Match on catch block at 0xc3 in for 0xa5
01-26 10:00:08.132 1202 1202 E ArmVmp : Match on catch block at 0xc3 in for 0xa9
01-26 10:00:08.145 1202 1202 E ArmVmp : Match on catch block at 0xc3 in for 0xa1
01-26 10:00:08.149 1202 1202 E ArmVmp : Match on catch block at 0xc3 in for 0xa5
01-26 10:00:08.162 1202 1202 E ArmVmp : Match on catch block at 0xc3 in for 0xa9
01-26 10:00:08.165 1202 1202 E ArmVmp : Match on catch block at 0xc3 in for 0xa1
01-26 10:00:08.179 1202 1202 E ArmVmp : Match on catch block at 0xc3 in for 0xa5
01-26 10:00:08.182 1202 1202 E ArmVmp : Match on catch block at 0xc3 in for 0xa9
01-26 10:00:08.196 1202 1202 E ArmVmp : Match on catch block at 0xc3 in for 0xa1
01-26 10:00:08.199 1202 1202 E ArmVmp : Match on catch block at 0xc3 in for 0xa5
01-26 10:00:08.217 1202 1202 E ArmVmp : Match on catch block at 0xc3 in for 0xa9
01-26 10:00:08.220 1202 1202 E ArmVmp : Match on catch block at 0xc3 in for 0xa1
01-26 10:00:08.236 1202 1202 E ArmVmp : Match on catch block at 0xc3 in for 0xa1
01-26 10:00:08.239 1202 1202 E ArmVmp : Match on catch block at 0xc3 in for 0xa5
01-26 10:00:08.247 1202 1202 E ArmVmp : Match on catch block at 0xc3 in for 0xa9
01-26 10:00:08.252 1202 1202 E ArmVmp : Match on catch block at 0xc3 in for 0xa1
01-26 10:00:08.264 1202 1202 E ArmVmp : Match on catch block at 0xc3 in for 0xa1
01-26 10:00:08.268 1202 1202 E ArmVmp : Match on catch block at 0xc3 in for 0xa5
01-26 10:00:08.280 1202 1202 E ArmVmp : Match on catch block at 0xc3 in for 0xa5
01-26 10:00:08.284 1202 1202 E ArmVmp : Match on catch block at 0xc3 in for 0xa9
01-26 10:00:08.297 1202 1202 E ArmVmp : Match on catch block at 0xc3 in for 0xa9
01-26 10:00:08.300 1202 1202 E ArmVmp : Match on catch block at 0xc3 in for 0xa1
01-26 10:00:08.313 1202 1202 E ArmVmp : Match on catch block at 0xc3 in for 0xa1
01-26 10:00:08.317 1202 1202 E ArmVmp : Match on catch block at 0xc3 in for 0xa5
01-26 10:00:08.333 1202 1202 E ArmVmp : Match on catch block at 0xc3 in for 0xa5
01-26 10:00:08.336 1202 1202 E ArmVmp : Match on catch block at 0xc3 in for 0xa9
01-26 10:00:08.348 1202 1202 E ArmVmp : Match on catch block at 0xc3 in for 0xa9
01-26 10:00:08.353 1202 1202 E ArmVmp : Match on catch block at 0xc3 in for 0xa1
01-26 10:00:08.364 1202 1202 E ArmVmp : Match on catch block at 0xc3 in for 0xa1
01-26 10:00:08.367 1202 1202 E ArmVmp : Match on catch block at 0xc3 in for 0xa5
01-26 10:00:08.380 1202 1202 E ArmVmp : Match on catch block at 0xc3 in for 0xa5
01-26 10:00:08.383 1202 1202 E ArmVmp : Match on catch block at 0xc3 in for 0xa9
01-26 10:00:08.397 1202 1202 E ArmVmp : Match on catch block at 0xc3 in for 0xa9
01-26 10:00:08.400 1202 1202 E ArmVmp : Match on catch block at 0xc3 in for 0xa1
01-26 10:00:08.413 1202 1202 E ArmVmp : Match on catch block at 0xc3 in for 0xa1
01-26 10:00:08.417 1202 1202 E ArmVmp : Match on catch block at 0xc3 in for 0xa5
01-26 10:00:08.430 1202 1202 E ArmVmp : Match on catch block at 0xc3 in for 0xa5
01-26 10:00:08.434 1202 1202 E ArmVmp : Match on catch block at 0xc3 in for 0xa9
01-26 10:00:08.449 1202 1202 E ArmVmp : Match on catch block at 0xc3 in for 0xa9
01-26 10:00:08.452 1202 1202 E ArmVmp : Match on catch block at 0xc3 in for 0xa1
01-26 10:00:08.463 1202 1202 E ArmVmp : Match on catch block at 0xc3 in for 0xa1
01-26 10:00:08.467 1202 1202 E ArmVmp : Match on catch block at 0xc3 in for 0xa5
01-26 10:00:08.479 1202 1202 E ArmVmp : Match on catch block at 0xc3 in for 0xa5
01-26 10:00:08.482 1202 1202 E ArmVmp : Match on catch block at 0xc3 in for 0xa9
01-26 10:00:08.496 1202 1202 E ArmVmp : Match on catch block at 0xc3 in for 0xa9
01-26 10:00:08.499 1202 1202 E ArmVmp : Match on catch block at 0xc3 in for 0xa1
01-26 10:00:08.512 1202 1202 E ArmVmp : Match on catch block at 0xc3 in for 0xa1
01-26 10:00:08.515 1202 1202 E ArmVmp : Match on catch block at 0xc3 in for 0xa5
01-26 10:00:08.529 1202 1202 E ArmVmp : Match on catch block at 0xc3 in for 0xa5
01-26 10:00:08.533 1202 1202 E ArmVmp : Match on catch block at 0xc3 in for 0xa9
01-26 10:00:08.545 1202 1202 E ArmVmp : Match on catch block at 0xc3 in for 0xa9
01-26 10:00:08.549 1202 1202 E ArmVmp : Match on catch block at 0xc3 in for 0xa1
01-26 10:00:08.563 1202 1202 E ArmVmp : Match on catch block at 0xc3 in for 0xa1
01-26 10:00:08.566 1202 1202 E ArmVmp : Match on catch block at 0xc3 in for 0xa5
01-26 10:00:08.579 1202 1202 E ArmVmp : Match on catch block at 0xc3 in for 0xa5
01-26 10:00:08.583 1202 1202 E ArmVmp : Match on catch block at 0xc3 in for 0xa9
01-26 10:00:08.596 1202 1202 E ArmVmp : Match on catch block at 0xc3 in for 0xa9
01-26 10:00:08.600 1202 1202 E ArmVmp : Match on catch block at 0xc3 in for 0xa1
01-26 10:00:08.613 1202 1202 E ArmVmp : Match on catch block at 0xc3 in for 0xa1
01-26 10:00:08.619 1202 1202 E ArmVmp : Match on catch block at 0xc3 in for 0xa5
01-26 10:00:08.630 1202 1202 E ArmVmp : Match on catch block at 0xc3 in for 0xa5
01-26 10:00:08.635 1202 1202 E ArmVmp : Match on catch block at 0xc3 in for 0xa9
01-26 10:00:08.650 1202 1202 E ArmVmp : Match on catch block at 0xc3 in for 0xa9
01-26 10:00:08.654 1202 1202 E ArmVmp : Match on catch block at 0xc3 in for 0xa1
01-26 10:00:08.663 1202 1202 E ArmVmp : Match on catch block at 0xc3 in for 0xa1
01-26 10:00:08.668 1202 1202 E ArmVmp : Match on catch block at 0xc3 in for 0xa5
01-26 10:00:08.680 1202 1202 E ArmVmp : Match on catch block at 0xc3 in for 0xa5
01-26 10:00:08.685 1202 1202 E ArmVmp : Match on catch block at 0xc3 in for 0xa9
01-26 10:00:08.697 1202 1202 E ArmVmp : Match on catch block at 0xc3 in for 0xa9
01-26 10:00:08.701 1202 1202 E ArmVmp : Match on catch block at 0xc3 in for 0xa1
01-26 10:00:08.713 1202 1202 E ArmVmp : Match on catch block at 0xc3 in for 0xa1
01-26 10:00:08.717 1202 1202 E ArmVmp : Match on catch block at 0xc3 in for 0xa5
01-26 10:00:08.730 1202 1202 E ArmVmp : Match on catch block at 0xc3 in for 0xa5
01-26 10:00:08.734 1202 1202 E ArmVmp : Match on catch block at 0xc3 in for 0xa9
01-26 10:00:08.746 1202 1202 E ArmVmp : Match on catch block at 0xc3 in for 0xa9
01-26 10:00:08.749 1202 1202 E ArmVmp : Match on catch block at 0xc3 in for 0xa1
01-26 10:00:08.778 1202 1202 E ArmVmp : Match on catch block at 0xc3 in for 0xa1
01-26 10:00:08.782 1202 1202 E ArmVmp : Match on catch block at 0xc3 in for 0xa5
01-26 10:00:08.795 1202 1202 E ArmVmp : Match on catch block at 0xc3 in for 0xa9
01-26 10:00:08.798 1202 1202 E ArmVmp : Match on catch block at 0xc3 in for 0xa1
01-26 10:00:08.812 1202 1202 E ArmVmp : Match on catch block at 0xc3 in for 0xa5
01-26 10:00:08.815 1202 1202 E ArmVmp : Match on catch block at 0xc3 in for 0xa9
01-26 10:00:08.829 1202 1202 E ArmVmp : Match on catch block at 0xc3 in for 0xa1
01-26 10:00:08.832 1202 1202 E ArmVmp : Match on catch block at 0xc3 in for 0xa5
01-26 10:00:08.845 1202 1202 E ArmVmp : Match on catch block at 0xc3 in for 0xa9
01-26 10:00:08.848 1202 1202 E ArmVmp : Match on catch block at 0xc3 in for 0xa1
01-26 10:00:08.862 1202 1202 E ArmVmp : Match on catch block at 0xc3 in for 0xa5
01-26 10:00:08.865 1202 1202 E ArmVmp : Match on catch block at 0xc3 in for 0xa9
01-26 10:00:08.878 1202 1202 E ArmVmp : Match on catch block at 0xc3 in for 0xa1
01-26 10:00:08.882 1202 1202 E ArmVmp : Match on catch block at 0xc3 in for 0xa5
01-26 10:00:08.895 1202 1202 E ArmVmp : Match on catch block at 0xc3 in for 0xa9
01-26 10:00:08.898 1202 1202 E ArmVmp : Match on catch block at 0xc3 in for 0xa1
01-26 10:00:08.912 1202 1202 E ArmVmp : Match on catch block at 0xc3 in for 0xa5
01-26 10:00:08.915 1202 1202 E ArmVmp : Match on catch block at 0xc3 in for 0xa9
01-26 10:00:08.928 1202 1202 E ArmVmp : Match on catch block at 0xc3 in for 0xa1
01-26 10:00:08.932 1202 1202 E ArmVmp : Match on catch block at 0xc3 in for 0xa5
01-26 10:00:08.945 1202 1202 E ArmVmp : Match on catch block at 0xc3 in for 0xa9
01-26 10:00:08.948 1202 1202 E ArmVmp : Match on catch block at 0xc3 in for 0xa1
01-26 10:00:08.961 1202 1202 E ArmVmp : Match on catch block at 0xc3 in for 0xa5
01-26 10:00:08.964 1202 1202 E ArmVmp : Match on catch block at 0xc3 in for 0xa9
01-26 10:00:08.978 1202 1202 E ArmVmp : Match on catch block at 0xc3 in for 0xa1
01-26 10:00:08.981 1202 1202 E ArmVmp : Match on catch block at 0xc3 in for 0xa5
01-26 10:00:08.995 1202 1202 E ArmVmp : Match on catch block at 0xc3 in for 0xa9
01-26 10:00:08.998 1202 1202 E ArmVmp : Match on catch block at 0xc3 in for 0xa1
01-26 10:00:09.011 1202 1202 E ArmVmp : Match on catch block at 0xc3 in for 0xa5
01-26 10:00:09.015 1202 1202 E ArmVmp : Match on catch block at 0xc3 in for 0xa9
01-26 10:00:09.028 1202 1202 E ArmVmp : Match on catch block at 0xc3 in for 0xa1
01-26 10:00:09.032 1202 1202 E ArmVmp : Match on catch block at 0xc3 in for 0xa5
01-26 10:00:09.045 1202 1202 E ArmVmp : Match on catch block at 0xc3 in for 0xa9
01-26 10:00:09.049 1202 1202 E ArmVmp : Match on catch block at 0xc3 in for 0xa1
01-26 10:00:09.062 1202 1202 E ArmVmp : Match on catch block at 0xc3 in for 0xa5
01-26 10:00:09.067 1202 1202 E ArmVmp : Match on catch block at 0xc3 in for 0xa9
01-26 10:00:09.079 1202 1202 E ArmVmp : Match on catch block at 0xc3 in for 0xa1
01-26 10:00:09.083 1202 1202 E ArmVmp : Match on catch block at 0xc3 in for 0xa5
01-26 10:00:09.095 1202 1202 E ArmVmp : Match on catch block at 0xc3 in for 0xa9
