The document contains log entries from multiple crashes of the WhatsApp application on an Android device. Each crash was caused by a NullPointerException when attempting to read from a field on a null object. The same exception and stack trace occurred in multiple logs, indicating it is a recurring issue in the application.
We take content rights seriously. If you suspect this is your content, claim it here.
Available Formats
Download as TXT, PDF, TXT or read online on Scribd
0 ratings0% found this document useful (0 votes)
20 views538 pages
Logcat
The document contains log entries from multiple crashes of the WhatsApp application on an Android device. Each crash was caused by a NullPointerException when attempting to read from a field on a null object. The same exception and stack trace occurred in multiple logs, indicating it is a recurring issue in the application.
We take content rights seriously. If you suspect this is your content, claim it here.
Available Formats
Download as TXT, PDF, TXT or read online on Scribd
You are on page 1/ 538
--------- beginning of crash
01-17 10:23:21.020 1212 1284 E AndroidRuntime: FATAL EXCEPTION: WhatsApp Worker
#4
01-17 10:23:21.020 1212 1284 E AndroidRuntime: Process: com.whatsapp, PID: 1212
01-17 10:23:21.020 1212 1284 E AndroidRuntime: java.lang.NullPointerException: Attempt to read from field 'X.45Q X.3H7.A5l' on a null object reference
01-17 10:23:21.020 1212 1284 E AndroidRuntime: at X.32w.A21(Unknown Source:2)
01-17 10:23:21.020 1212 1284 E AndroidRuntime: at mbmodsd.mbmodsw.ui.views.toast.GET.<init>(Unknown Source:5)
01-17 10:23:21.020 1212 1284 E AndroidRuntime: at mbmodsd.mbmodsw.ui.views.toast.MBON.shTP(Native Method)
01-17 10:23:21.020 1212 1284 E AndroidRuntime: at X.1bt.A01(Unknown Source:178)
01-17 10:23:21.020 1212 1284 E AndroidRuntime: at X.3Uy.A02(Unknown Source:93)
01-17 10:23:21.020 1212 1284 E AndroidRuntime: at X.3g7.run(Unknown Source:259)
01-17 10:23:21.020 1212 1284 E AndroidRuntime: at X.0yM.A1J(Unknown Source:2)
01-17 10:23:21.020 1212 1284 E AndroidRuntime: at X.1nX.run(Unknown Source:91)
01-17 10:23:21.020 1212 1284 E AndroidRuntime: at java.util.concurrent.ThreadPoolExecutor.runWorker(ThreadPoolExecutor.java:1167)
01-17 10:23:21.020 1212 1284 E AndroidRuntime: at java.util.concurrent.ThreadPoolExecutor$Worker.run(ThreadPoolExecutor.java:641)
01-17 10:23:21.020 1212 1284 E AndroidRuntime: at X.3gH.run(Unknown Source:1548)
01-17 10:23:21.020 1212 1284 E AndroidRuntime: at java.lang.Thread.run(Thread.java:923)
01-17 10:24:08.474 1821 1895 E AndroidRuntime: FATAL EXCEPTION: WhatsApp Worker #9
01-17 10:24:08.474 1821 1895 E AndroidRuntime: Process: com.whatsapp, PID: 1821
01-17 10:24:08.474 1821 1895 E AndroidRuntime: java.lang.NullPointerException: Attempt to read from field 'X.45Q X.3H7.A5l' on a null object reference
01-17 10:24:08.474 1821 1895 E AndroidRuntime: at X.32w.A21(Unknown Source:2)
01-17 10:24:08.474 1821 1895 E AndroidRuntime: at mbmodsd.mbmodsw.ui.views.toast.GET.<init>(Unknown Source:5)
01-17 10:24:08.474 1821 1895 E AndroidRuntime: at mbmodsd.mbmodsw.ui.views.toast.MBON.shTP(Native Method)
01-17 10:24:08.474 1821 1895 E AndroidRuntime: at X.1bt.A01(Unknown Source:178)
01-17 10:24:08.474 1821 1895 E AndroidRuntime: at X.3Uy.A02(Unknown Source:93)
01-17 10:24:08.474 1821 1895 E AndroidRuntime: at X.3g7.run(Unknown Source:259)
01-17 10:24:08.474 1821 1895 E AndroidRuntime: at X.0yM.A1J(Unknown Source:2)
01-17 10:24:08.474 1821 1895 E AndroidRuntime: at X.1nX.run(Unknown Source:91)
01-17 10:24:08.474 1821 1895 E AndroidRuntime: at java.util.concurrent.ThreadPoolExecutor.runWorker(ThreadPoolExecutor.java:1167)
01-17 10:24:08.474 1821 1895 E AndroidRuntime: at java.util.concurrent.ThreadPoolExecutor$Worker.run(ThreadPoolExecutor.java:641)
01-17 10:24:08.474 1821 1895 E AndroidRuntime: at X.3gH.run(Unknown Source:1548)
01-17 10:24:08.474 1821 1895 E AndroidRuntime: at java.lang.Thread.run(Thread.java:923)
01-17 11:18:41.112 13807 13932 E AndroidRuntime: FATAL EXCEPTION: WhatsApp Worker #8
01-17 11:18:41.112 13807 13932 E AndroidRuntime: Process: com.whatsapp, PID: 13807
01-17 11:18:41.112 13807 13932 E AndroidRuntime: java.lang.NullPointerException: Attempt to read from field 'X.45Q X.3H7.A5l' on a null object reference
01-17 11:18:41.112 13807 13932 E AndroidRuntime: at X.32w.A21(Unknown Source:2)
01-17 11:18:41.112 13807 13932 E AndroidRuntime: at mbmodsd.mbmodsw.ui.views.toast.GET.<init>(Unknown Source:5)
01-17 11:18:41.112 13807 13932 E AndroidRuntime: at mbmodsd.mbmodsw.ui.views.toast.MBON.shTP(Native Method)
01-17 11:18:41.112 13807 13932 E AndroidRuntime: at X.1bt.A01(Unknown Source:178)
01-17 11:18:41.112 13807 13932 E AndroidRuntime: at X.3Uy.A02(Unknown Source:93)
01-17 11:18:41.112 13807 13932 E AndroidRuntime: at X.3g7.run(Unknown Source:259)
01-17 11:18:41.112 13807 13932 E AndroidRuntime: at X.0yM.A1J(Unknown Source:2)
01-17 11:18:41.112 13807 13932 E AndroidRuntime: at X.1nX.run(Unknown Source:91)
01-17 11:18:41.112 13807 13932 E AndroidRuntime: at java.util.concurrent.ThreadPoolExecutor.runWorker(ThreadPoolExecutor.java:1167)
01-17 11:18:41.112 13807 13932 E AndroidRuntime: at java.util.concurrent.ThreadPoolExecutor$Worker.run(ThreadPoolExecutor.java:641)
01-17 11:18:41.112 13807 13932 E AndroidRuntime: at X.3gH.run(Unknown Source:1548)
01-17 11:18:41.112 13807 13932 E AndroidRuntime: at java.lang.Thread.run(Thread.java:923)
01-17 11:25:22.922 14057 14125 E AndroidRuntime: FATAL EXCEPTION: WhatsApp Worker #9
01-17 11:25:22.922 14057 14125 E AndroidRuntime: Process: com.whatsapp, PID: 14057
01-17 11:25:22.922 14057 14125 E AndroidRuntime: java.lang.NullPointerException: Attempt to read from field 'X.45Q X.3H7.A5l' on a null object reference
01-17 11:25:22.922 14057 14125 E AndroidRuntime: at X.32w.A21(Unknown Source:2)
01-17 11:25:22.922 14057 14125 E AndroidRuntime: at mbmodsd.mbmodsw.ui.views.toast.GET.<init>(Unknown Source:5)
01-17 11:25:22.922 14057 14125 E AndroidRuntime: at mbmodsd.mbmodsw.ui.views.toast.MBON.shTP(Native Method)
01-17 11:25:22.922 14057 14125 E AndroidRuntime: at X.1bt.A01(Unknown Source:178)
01-17 11:25:22.922 14057 14125 E AndroidRuntime: at X.3Uy.A02(Unknown Source:93)
01-17 11:25:22.922 14057 14125 E AndroidRuntime: at X.3g7.run(Unknown Source:259)
01-17 11:25:22.922 14057 14125 E AndroidRuntime: at X.0yM.A1J(Unknown Source:2)
01-17 11:25:22.922 14057 14125 E AndroidRuntime: at X.1nX.run(Unknown Source:91)
01-17 11:25:22.922 14057 14125 E AndroidRuntime: at java.util.concurrent.ThreadPoolExecutor.runWorker(ThreadPoolExecutor.java:1167)
01-17 11:25:22.922 14057 14125 E AndroidRuntime: at java.util.concurrent.ThreadPoolExecutor$Worker.run(ThreadPoolExecutor.java:641)
01-17 11:25:22.922 14057 14125 E AndroidRuntime: at X.3gH.run(Unknown Source:1548)
01-17 11:25:22.922 14057 14125 E AndroidRuntime: at java.lang.Thread.run(Thread.java:923)
01-17 11:31:27.487 4698 14892 E AndroidRuntime: FATAL EXCEPTION: WhatsApp Worker #2
01-17 11:31:27.487 4698 14892 E AndroidRuntime: Process: com.whatsapp, PID: 4698
01-17 11:31:27.487 4698 14892 E AndroidRuntime: java.lang.NullPointerException: Attempt to read from field 'X.45Q X.3H7.A5l' on a null object reference
01-17 11:31:27.487 4698 14892 E AndroidRuntime: at X.32w.A21(Unknown Source:2)
01-17 11:31:27.487 4698 14892 E AndroidRuntime: at mbmodsd.mbmodsw.ui.views.toast.GET.<init>(Unknown Source:5)
01-17 11:31:27.487 4698 14892 E AndroidRuntime: at mbmodsd.mbmodsw.ui.views.toast.MBON.shTP(Native Method)
01-17 11:31:27.487 4698 14892 E AndroidRuntime: at X.1bt.A01(Unknown Source:178)
01-17 11:31:27.487 4698 14892 E AndroidRuntime: at X.3Uy.A02(Unknown Source:93)
01-17 11:31:27.487 4698 14892 E AndroidRuntime: at X.3g7.run(Unknown Source:259)
01-17 11:31:27.487 4698 14892 E AndroidRuntime: at X.0yM.A1J(Unknown Source:2)
01-17 11:31:27.487 4698 14892 E AndroidRuntime: at X.1nX.run(Unknown Source:91)
01-17 11:31:27.487 4698 14892 E AndroidRuntime: at java.util.concurrent.ThreadPoolExecutor.runWorker(ThreadPoolExecutor.java:1167)
01-17 11:31:27.487 4698 14892 E AndroidRuntime: at java.util.concurrent.ThreadPoolExecutor$Worker.run(ThreadPoolExecutor.java:641)
01-17 11:31:27.487 4698 14892 E AndroidRuntime: at X.3gH.run(Unknown Source:1548)
01-17 11:31:27.487 4698 14892 E AndroidRuntime: at java.lang.Thread.run(Thread.java:923)
01-17 12:30:26.975 23388 23777 E AndroidRuntime: FATAL EXCEPTION: WhatsApp Worker #10
01-17 12:30:26.975 23388 23777 E AndroidRuntime: Process: com.whatsapp, PID: 23388
01-17 12:30:26.975 23388 23777 E AndroidRuntime: java.lang.NullPointerException: Attempt to read from field 'X.45Q X.3H7.A5l' on a null object reference
01-17 12:30:26.975 23388 23777 E AndroidRuntime: at X.32w.A21(Unknown Source:2)
01-17 12:30:26.975 23388 23777 E AndroidRuntime: at mbmodsd.mbmodsw.ui.views.toast.GET.<init>(Unknown Source:5)
01-17 12:30:26.975 23388 23777 E AndroidRuntime: at mbmodsd.mbmodsw.ui.views.toast.MBON.shTP(Native Method)
01-17 12:30:26.975 23388 23777 E AndroidRuntime: at X.1bt.A01(Unknown Source:178)
01-17 12:30:26.975 23388 23777 E AndroidRuntime: at X.3Uy.A02(Unknown Source:93)
01-17 12:30:26.975 23388 23777 E AndroidRuntime: at X.3g7.run(Unknown Source:259)
01-17 12:30:26.975 23388 23777 E AndroidRuntime: at X.0yM.A1J(Unknown Source:2)
01-17 12:30:26.975 23388 23777 E AndroidRuntime: at X.1nX.run(Unknown Source:91)
01-17 12:30:26.975 23388 23777 E AndroidRuntime: at java.util.concurrent.ThreadPoolExecutor.runWorker(ThreadPoolExecutor.java:1167)
01-17 12:30:26.975 23388 23777 E AndroidRuntime: at java.util.concurrent.ThreadPoolExecutor$Worker.run(ThreadPoolExecutor.java:641)
01-17 12:30:26.975 23388 23777 E AndroidRuntime: at X.3gH.run(Unknown Source:1548)
01-17 12:30:26.975 23388 23777 E AndroidRuntime: at java.lang.Thread.run(Thread.java:923)
01-17 12:51:02.573 25029 25210 E AndroidRuntime: FATAL EXCEPTION: WhatsApp Worker #9
01-17 12:51:02.573 25029 25210 E AndroidRuntime: Process: com.whatsapp, PID: 25029
01-17 12:51:02.573 25029 25210 E AndroidRuntime: java.lang.NullPointerException: Attempt to read from field 'X.45Q X.3H7.A5l' on a null object reference
01-17 12:51:02.573 25029 25210 E AndroidRuntime: at X.32w.A21(Unknown Source:2)
01-17 12:51:02.573 25029 25210 E AndroidRuntime: at mbmodsd.mbmodsw.ui.views.toast.GET.<init>(Unknown Source:5)
01-17 12:51:02.573 25029 25210 E AndroidRuntime: at mbmodsd.mbmodsw.ui.views.toast.MBON.shTP(Native Method)
01-17 12:51:02.573 25029 25210 E AndroidRuntime: at X.1bt.A01(Unknown Source:178)
01-17 12:51:02.573 25029 25210 E AndroidRuntime: at X.3Uy.A02(Unknown Source:93)
01-17 12:51:02.573 25029 25210 E AndroidRuntime: at X.3g7.run(Unknown Source:259)
01-17 12:51:02.573 25029 25210 E AndroidRuntime: at X.0yM.A1J(Unknown Source:2)
01-17 12:51:02.573 25029 25210 E AndroidRuntime: at X.1nX.run(Unknown Source:91)
01-17 12:51:02.573 25029 25210 E AndroidRuntime: at java.util.concurrent.ThreadPoolExecutor.runWorker(ThreadPoolExecutor.java:1167)
01-17 12:51:02.573 25029 25210 E AndroidRuntime: at java.util.concurrent.ThreadPoolExecutor$Worker.run(ThreadPoolExecutor.java:641)
01-17 12:51:02.573 25029 25210 E AndroidRuntime: at X.3gH.run(Unknown Source:1548)
01-17 12:51:02.573 25029 25210 E AndroidRuntime: at java.lang.Thread.run(Thread.java:923)
01-17 13:18:44.129 32588 32706 E AndroidRuntime: FATAL EXCEPTION: WhatsApp Worker #6
01-17 13:18:44.129 32588 32706 E AndroidRuntime: Process: com.whatsapp, PID: 32588
01-17 13:18:44.129 32588 32706 E AndroidRuntime: java.lang.NullPointerException: Attempt to read from field 'X.45Q X.3H7.A5l' on a null object reference
01-17 13:18:44.129 32588 32706 E AndroidRuntime: at X.32w.A21(Unknown Source:2)
01-17 13:18:44.129 32588 32706 E AndroidRuntime: at mbmodsd.mbmodsw.ui.views.toast.GET.<init>(Unknown Source:5)
01-17 13:18:44.129 32588 32706 E AndroidRuntime: at mbmodsd.mbmodsw.ui.views.toast.MBON.shTP(Native Method)
01-17 13:18:44.129 32588 32706 E AndroidRuntime: at X.1bt.A01(Unknown Source:178)
01-17 13:18:44.129 32588 32706 E AndroidRuntime: at X.3Uy.A02(Unknown Source:93)
01-17 13:18:44.129 32588 32706 E AndroidRuntime: at X.3g7.run(Unknown Source:259)
01-17 13:18:44.129 32588 32706 E AndroidRuntime: at X.0yM.A1J(Unknown Source:2)
01-17 13:18:44.129 32588 32706 E AndroidRuntime: at X.1nX.run(Unknown Source:91)
01-17 13:18:44.129 32588 32706 E AndroidRuntime: at java.util.concurrent.ThreadPoolExecutor.runWorker(ThreadPoolExecutor.java:1167)
01-17 13:18:44.129 32588 32706 E AndroidRuntime: at java.util.concurrent.ThreadPoolExecutor$Worker.run(ThreadPoolExecutor.java:641)
01-17 13:18:44.129 32588 32706 E AndroidRuntime: at X.3gH.run(Unknown Source:1548)
01-17 13:18:44.129 32588 32706 E AndroidRuntime: at java.lang.Thread.run(Thread.java:923)
01-17 14:30:32.760 15025 15143 E AndroidRuntime: FATAL EXCEPTION: WhatsApp Worker #5
01-17 14:30:32.760 15025 15143 E AndroidRuntime: Process: com.whatsapp, PID: 15025
01-17 14:30:32.760 15025 15143 E AndroidRuntime: java.lang.NullPointerException: Attempt to read from field 'X.45Q X.3H7.A5l' on a null object reference
01-17 14:30:32.760 15025 15143 E AndroidRuntime: at X.32w.A21(Unknown Source:2)
01-17 14:30:32.760 15025 15143 E AndroidRuntime: at mbmodsd.mbmodsw.ui.views.toast.GET.<init>(Unknown Source:5)
01-17 14:30:32.760 15025 15143 E AndroidRuntime: at mbmodsd.mbmodsw.ui.views.toast.MBON.shTP(Native Method)
01-17 14:30:32.760 15025 15143 E AndroidRuntime: at X.1bt.A01(Unknown Source:178)
01-17 14:30:32.760 15025 15143 E AndroidRuntime: at X.3Uy.A02(Unknown Source:93)
01-17 14:30:32.760 15025 15143 E AndroidRuntime: at X.3g7.run(Unknown Source:259)
01-17 14:30:32.760 15025 15143 E AndroidRuntime: at X.0yM.A1J(Unknown Source:2)
01-17 14:30:32.760 15025 15143 E AndroidRuntime: at X.1nX.run(Unknown Source:91)
01-17 14:30:32.760 15025 15143 E AndroidRuntime: at java.util.concurrent.ThreadPoolExecutor.runWorker(ThreadPoolExecutor.java:1167)
01-17 14:30:32.760 15025 15143 E AndroidRuntime: at java.util.concurrent.ThreadPoolExecutor$Worker.run(ThreadPoolExecutor.java:641)
01-17 14:30:32.760 15025 15143 E AndroidRuntime: at X.3gH.run(Unknown Source:1548)
01-17 14:30:32.760 15025 15143 E AndroidRuntime: at java.lang.Thread.run(Thread.java:923)
01-17 14:35:08.099 15567 15677 E AndroidRuntime: FATAL EXCEPTION: WhatsApp Worker #8
01-17 14:35:08.099 15567 15677 E AndroidRuntime: Process: com.whatsapp, PID: 15567
01-17 14:35:08.099 15567 15677 E AndroidRuntime: java.lang.NullPointerException: Attempt to read from field 'X.45Q X.3H7.A5l' on a null object reference
01-17 14:35:08.099 15567 15677 E AndroidRuntime: at X.32w.A21(Unknown Source:2)
01-17 14:35:08.099 15567 15677 E AndroidRuntime: at mbmodsd.mbmodsw.ui.views.toast.GET.<init>(Unknown Source:5)
01-17 14:35:08.099 15567 15677 E AndroidRuntime: at mbmodsd.mbmodsw.ui.views.toast.MBON.shTP(Native Method)
01-17 14:35:08.099 15567 15677 E AndroidRuntime: at X.1bt.A01(Unknown Source:178)
01-17 14:35:08.099 15567 15677 E AndroidRuntime: at X.3Uy.A02(Unknown Source:93)
01-17 14:35:08.099 15567 15677 E AndroidRuntime: at X.3g7.run(Unknown Source:259)
01-17 14:35:08.099 15567 15677 E AndroidRuntime: at X.0yM.A1J(Unknown Source:2)
01-17 14:35:08.099 15567 15677 E AndroidRuntime: at X.1nX.run(Unknown Source:91)
01-17 14:35:08.099 15567 15677 E AndroidRuntime: at java.util.concurrent.ThreadPoolExecutor.runWorker(ThreadPoolExecutor.java:1167)
01-17 14:35:08.099 15567 15677 E AndroidRuntime: at java.util.concurrent.ThreadPoolExecutor$Worker.run(ThreadPoolExecutor.java:641)
01-17 14:35:08.099 15567 15677 E AndroidRuntime: at X.3gH.run(Unknown Source:1548)
01-17 14:35:08.099 15567 15677 E AndroidRuntime: at java.lang.Thread.run(Thread.java:923)
01-17 15:20:20.800 19671 19731 E AndroidRuntime: FATAL EXCEPTION: WhatsApp Worker #2
01-17 15:20:20.800 19671 19731 E AndroidRuntime: Process: com.whatsapp, PID: 19671
01-17 15:20:20.800 19671 19731 E AndroidRuntime: java.lang.NullPointerException: Attempt to read from field 'X.45Q X.3H7.A5l' on a null object reference
01-17 15:20:20.800 19671 19731 E AndroidRuntime: at X.32w.A21(Unknown Source:2)
01-17 15:20:20.800 19671 19731 E AndroidRuntime: at mbmodsd.mbmodsw.ui.views.toast.GET.<init>(Unknown Source:5)
01-17 15:20:20.800 19671 19731 E AndroidRuntime: at mbmodsd.mbmodsw.ui.views.toast.MBON.shTP(Native Method)
01-17 15:20:20.800 19671 19731 E AndroidRuntime: at X.1bt.A01(Unknown Source:178)
01-17 15:20:20.800 19671 19731 E AndroidRuntime: at X.3Uy.A02(Unknown Source:93)
01-17 15:20:20.800 19671 19731 E AndroidRuntime: at X.3g7.run(Unknown Source:259)
01-17 15:20:20.800 19671 19731 E AndroidRuntime: at X.0yM.A1J(Unknown Source:2)
01-17 15:20:20.800 19671 19731 E AndroidRuntime: at X.1nX.run(Unknown Source:91)
01-17 15:20:20.800 19671 19731 E AndroidRuntime: at java.util.concurrent.ThreadPoolExecutor.runWorker(ThreadPoolExecutor.java:1167)
01-17 15:20:20.800 19671 19731 E AndroidRuntime: at java.util.concurrent.ThreadPoolExecutor$Worker.run(ThreadPoolExecutor.java:641)
01-17 15:20:20.800 19671 19731 E AndroidRuntime: at X.3gH.run(Unknown Source:1548)
01-17 15:20:20.800 19671 19731 E AndroidRuntime: at java.lang.Thread.run(Thread.java:923)
01-17 16:22:45.720 9677 9942 E AndroidRuntime: FATAL EXCEPTION: WhatsApp Worker #5
01-17 16:22:45.720 9677 9942 E AndroidRuntime: Process: com.whatsapp, PID: 9677
01-17 16:22:45.720 9677 9942 E AndroidRuntime: java.lang.NullPointerException: Attempt to read from field 'X.45Q X.3H7.A5l' on a null object reference
01-17 16:22:45.720 9677 9942 E AndroidRuntime: at X.32w.A21(Unknown Source:2)
01-17 16:22:45.720 9677 9942 E AndroidRuntime: at mbmodsd.mbmodsw.ui.views.toast.GET.<init>(Unknown Source:5)
01-17 16:22:45.720 9677 9942 E AndroidRuntime: at mbmodsd.mbmodsw.ui.views.toast.MBON.shTP(Native Method)
01-17 16:22:45.720 9677 9942 E AndroidRuntime: at X.1bt.A01(Unknown Source:178)
01-17 16:22:45.720 9677 9942 E AndroidRuntime: at X.3Uy.A02(Unknown Source:93)
01-17 16:22:45.720 9677 9942 E AndroidRuntime: at X.3g7.run(Unknown Source:259)
01-17 16:22:45.720 9677 9942 E AndroidRuntime: at X.0yM.A1J(Unknown Source:2)
01-17 16:22:45.720 9677 9942 E AndroidRuntime: at X.1nX.run(Unknown Source:91)
01-17 16:22:45.720 9677 9942 E AndroidRuntime: at java.util.concurrent.ThreadPoolExecutor.runWorker(ThreadPoolExecutor.java:1167)
01-17 16:22:45.720 9677 9942 E AndroidRuntime: at java.util.concurrent.ThreadPoolExecutor$Worker.run(ThreadPoolExecutor.java:641)
01-17 16:22:45.720 9677 9942 E AndroidRuntime: at X.3gH.run(Unknown Source:1548)
01-17 16:22:45.720 9677 9942 E AndroidRuntime: at java.lang.Thread.run(Thread.java:923)
01-17 16:23:40.521 12978 13067 E AndroidRuntime: FATAL EXCEPTION: WhatsApp Worker #2
01-17 16:23:40.521 12978 13067 E AndroidRuntime: Process: com.whatsapp, PID: 12978
01-17 16:23:40.521 12978 13067 E AndroidRuntime: java.lang.NullPointerException: Attempt to read from field 'X.45Q X.3H7.A5l' on a null object reference
01-17 16:23:40.521 12978 13067 E AndroidRuntime: at X.32w.A21(Unknown Source:2)
01-17 16:23:40.521 12978 13067 E AndroidRuntime: at mbmodsd.mbmodsw.ui.views.toast.GET.<init>(Unknown Source:5)
01-17 16:23:40.521 12978 13067 E AndroidRuntime: at mbmodsd.mbmodsw.ui.views.toast.MBON.shTP(Native Method)
01-17 16:23:40.521 12978 13067 E AndroidRuntime: at X.1bt.A01(Unknown Source:178)
01-17 16:23:40.521 12978 13067 E AndroidRuntime: at X.3Uy.A02(Unknown Source:93)
01-17 16:23:40.521 12978 13067 E AndroidRuntime: at X.3g7.run(Unknown Source:259)
01-17 16:23:40.521 12978 13067 E AndroidRuntime: at X.0yM.A1J(Unknown Source:2)
01-17 16:23:40.521 12978 13067 E AndroidRuntime: at X.1nX.run(Unknown Source:91)
01-17 16:23:40.521 12978 13067 E AndroidRuntime: at java.util.concurrent.ThreadPoolExecutor.runWorker(ThreadPoolExecutor.java:1167)
01-17 16:23:40.521 12978 13067 E AndroidRuntime: at java.util.concurrent.ThreadPoolExecutor$Worker.run(ThreadPoolExecutor.java:641)
01-17 16:23:40.521 12978 13067 E AndroidRuntime: at X.3gH.run(Unknown Source:1548)
01-17 16:23:40.521 12978 13067 E AndroidRuntime: at java.lang.Thread.run(Thread.java:923) --------- beginning of system --------- beginning of main
01-23 15:50:51.006 32009 32009 W View : requestLayout() improperly called by com.whatsapp.TextEmojiLabel{b84a4eb VFED..C.. ......ID 0,0-458,59 #7f0b06ab app:id/conversation_contact_name} during layout: running second layout pass
01-23 15:50:51.963 32009 5855 W libEGL : EGLNativeWindowType 0x6e22b5d010 disconnect failed
01-23 15:50:51.982 32009 32009 E ViewRootImpl: sendUserActionEvent() mView returned.
01-23 15:50:52.031 32009 32009 W View : requestLayout() improperly called by com.whatsapp.TextEmojiLabel{b84a4eb VFED..C.. ......ID 0,0-458,59 #7f0b06ab app:id/conversation_contact_name} during layout: running second layout pass
01-23 15:50:54.835 32009 5855 W libEGL : EGLNativeWindowType 0x6e6a4cc010 disconnect failed
01-23 15:50:56.231 32009 5855 W libEGL : EGLNativeWindowType 0x6e22c6e010 disconnect failed
01-23 15:50:57.348 32009 5855 W libEGL : EGLNativeWindowType 0x6eb716f010 disconnect failed
01-23 15:51:00.686 32009 32023 W System : A resource failed to call release.
01-23 15:51:01.111 32009 5855 W libEGL : EGLNativeWindowType 0x6e22c6e010 disconnect failed
01-23 15:51:01.874 32009 32009 E ArmVmp : Match on catch block at 0x0a in for 0xc9
01-23 15:51:01.879 32009 32009 E ArmVmp : Match on catch block at 0x0a in for 0xc5
01-23 15:51:02.224 32009 6861 E linker : library "" ("/apex/com.android.vndk.v30/lib64") needed or dlopened by "/apex/com.android.vndk.v30/lib64/libRS_internal.so" is not accessible for the namespace: [name="rs", ld_library_paths="", default_library_paths="/apex/com.android.vndk.v30/lib64:/vendor/lib64", permitted_paths="/odm/lib64:/vendor/lib64:/system/vendor/lib64:/data"]
01-23 15:51:02.224 32009 6861 E RenderScript: Failed loading RS driver: dlopen failed: library "" needed or dlopened by "/apex/com.android.vndk.v30/lib64/libRS_internal.so" is not accessible for the namespace "rs"
01-23 15:51:02.224 32009 6861 E RenderScript: Failed to load runtime , loading default
01-23 15:51:02.245 32009 32009 E ArmVmp : Match on catch block at 0xc3 in for 0xb5
01-23 15:51:02.304 32009 32009 W View : requestLayout() improperly called by androidx.appcompat.widget.ActionMenuView{a983371 V.E...... ......ID 529,0-720,85} during layout: running second layout pass
01-23 15:51:02.305 32009 32009 E ArmVmp : Match on catch block at 0xc3 in for 0xa9
01-23 15:51:02.342 32009 32009 E ArmVmp : Match on catch block at 0xc3 in for 0xa9
01-23 15:51:02.384 32009 32009 E ArmVmp : Match on catch block at 0xc3 in for 0xa9
01-23 15:51:02.723 32009 5855 W libEGL : EGLNativeWindowType 0x6e6a174010 disconnect failed
01-23 15:51:02.747 32009 32009 E ArmVmp : Match on catch block at 0xc3 in for 0xa5
01-23 15:51:02.761 32009 32009 E ArmVmp : Match on catch block at 0xc3 in for 0xa5
01-23 15:51:02.772 32009 32009 E ArmVmp : Match on catch block at 0xc3 in for 0xa5
01-23 15:51:02.788 32009 32009 E ArmVmp : Match on catch block at 0xc3 in for 0xa5
01-23 15:51:02.805 32009 32009 E ArmVmp : Match on catch block at 0xc3 in for 0xa5
01-23 15:51:02.822 32009 32009 E ArmVmp : Match on catch block at 0xc3 in for 0xa5
01-23 15:51:02.839 32009 32009 E ArmVmp : Match on catch block at 0xc3 in for 0xa5
01-23 15:51:02.855 32009 32009 E ArmVmp : Match on catch block at 0xc3 in for 0xa5
01-23 15:51:02.872 32009 32009 E ArmVmp : Match on catch block at 0xc3 in for 0xa5
01-23 15:51:02.889 32009 32009 E ArmVmp : Match on catch block at 0xc3 in for 0xa5
01-23 15:51:02.905 32009 32009 E ArmVmp : Match on catch block at 0xc3 in for 0xa5
01-23 15:51:02.922 32009 32009 E ArmVmp : Match on catch block at 0xc3 in for 0xa5
01-23 15:51:02.939 32009 32009 E ArmVmp : Match on catch block at 0xc3 in for 0xa5
01-23 15:51:02.956 32009 32009 E ArmVmp : Match on catch block at 0xc3 in for 0xa5
01-23 15:51:02.972 32009 32009 E ArmVmp : Match on catch block at 0xc3 in for 0xa5
01-23 15:51:02.989 32009 32009 E ArmVmp : Match on catch block at 0xc3 in for 0xa5
01-23 15:51:03.005 32009 32009 E ArmVmp : Match on catch block at 0xc3 in for 0xa5
01-23 15:51:03.033 32009 32009 E ArmVmp : Match on catch block at 0xc3 in for 0xa9
01-23 15:51:03.041 32009 32009 E ArmVmp : Match on catch block at 0xc3 in for 0xa1
01-23 15:51:03.205 32009 32009 E ArmVmp : Match on catch block at 0xc3 in for 0xa5
01-23 15:51:03.278 32009 32009 E ArmVmp : Match on catch block at 0xc3 in for 0xa1
01-23 15:51:03.711 32009 5855 W libEGL : EGLNativeWindowType 0x6ea3868010 disconnect failed
01-23 15:51:03.726 32009 32009 E ArmVmp : Match on catch block at 0xc3 in for 0xa1
01-23 15:51:04.891 32009 5855 W libEGL : EGLNativeWindowType 0x6e6a174010 disconnect failed
01-23 15:51:11.574 32009 32009 E ArmVmp : Match on catch block at 0x0a in for 0xc5
01-23 15:51:11.578 32009 32009 E ArmVmp : Match on catch block at 0x0a in for 0xc1
01-23 15:51:11.833 32009 32009 E ArmVmp : Match on catch block at 0xc3 in for 0xb5
01-23 15:51:11.898 32009 32009 W View : requestLayout() improperly called by androidx.appcompat.widget.ActionMenuView{cd4da3c V.E...... ......ID 529,0-720,85} during layout: running second layout pass
01-23 15:51:11.901 32009 32009 E ArmVmp : Match on catch block at 0xc3 in for 0xa5
01-23 15:51:11.926 32009 32009 E ArmVmp : Match on catch block at 0xc3 in for 0xa9
01-23 15:51:11.979 32009 32009 E ArmVmp : Match on catch block at 0xc3 in for 0xa5
01-23 15:51:12.320 32009 5855 W libEGL : EGLNativeWindowType 0x6e6a755010 disconnect failed
01-23 15:51:12.448 32009 32009 E ArmVmp : Match on catch block at 0xc3 in for 0xa9
01-23 15:51:12.466 32009 32009 E ArmVmp : Match on catch block at 0xc3 in for 0xa9
01-23 15:51:12.482 32009 32009 E ArmVmp : Match on catch block at 0xc3 in for 0xa9
01-23 15:51:12.499 32009 32009 E ArmVmp : Match on catch block at 0xc3 in for 0xa9
01-23 15:51:12.516 32009 32009 E ArmVmp : Match on catch block at 0xc3 in for 0xa9
01-23 15:51:12.532 32009 32009 E ArmVmp : Match on catch block at 0xc3 in for 0xa5
01-23 15:51:12.549 32009 32009 E ArmVmp : Match on catch block at 0xc3 in for 0xa5
01-23 15:51:12.566 32009 32009 E ArmVmp : Match on catch block at 0xc3 in for 0xa5
01-23 15:51:12.582 32009 32009 E ArmVmp : Match on catch block at 0xc3 in for 0xa5
01-23 15:51:12.599 32009 32009 E ArmVmp : Match on catch block at 0xc3 in for 0xa5
01-23 15:51:12.616 32009 32009 E ArmVmp : Match on catch block at 0xc3 in for 0xa5
01-23 15:51:12.644 32009 32009 E ArmVmp : Match on catch block at 0xc3 in for 0xa5
01-23 15:51:12.671 32009 32009 E ArmVmp : Match on catch block at 0xc3 in for 0xa5
01-23 15:51:12.685 32009 32009 E ArmVmp : Match on catch block at 0xc3 in for 0xa5
01-23 15:51:12.704 32009 32009 E ArmVmp : Match on catch block at 0xc3 in for 0xa5
01-23 15:51:12.717 32009 32009 E ArmVmp : Match on catch block at 0xc3 in for 0xa5
01-23 15:51:12.735 32009 32009 E ArmVmp : Match on catch block at 0xc3 in for 0xa5
01-23 15:51:12.753 32009 32009 E ArmVmp : Match on catch block at 0xc3 in for 0xa5
01-23 15:51:12.770 32009 32009 E ArmVmp : Match on catch block at 0xc3 in for 0xa5
01-23 15:51:12.955 32009 32009 E ArmVmp : Match on catch block at 0xc3 in for 0xa5
01-23 15:51:13.455 32009 32009 E ArmVmp : Match on catch block at 0xc3 in for 0xa5
01-23 15:51:13.504 32009 32009 E ArmVmp : Match on catch block at 0xc3 in for 0xa5
01-23 15:51:13.520 32009 32009 E ArmVmp : Match on catch block at 0xc3 in for 0xa5
01-23 15:51:13.540 32009 32009 E ArmVmp : Match on catch block at 0xc3 in for 0xa5
01-23 15:51:13.561 32009 32009 E ArmVmp : Match on catch block at 0xc3 in for 0xa5
01-23 15:51:13.586 32009 32009 E ArmVmp : Match on catch block at 0xc3 in for 0xa5
01-23 15:51:13.603 32009 32009 E ArmVmp : Match on catch block at 0xc3 in for 0xa5
01-23 15:51:13.620 32009 32009 E ArmVmp : Match on catch block at 0xc3 in for 0xa5
01-23 15:51:13.637 32009 32009 E ArmVmp : Match on catch block at 0xc3 in for 0xa5
01-23 15:51:13.654 32009 32009 E ArmVmp : Match on catch block at 0xc3 in for 0xa5
01-23 15:51:13.670 32009 32009 E ArmVmp : Match on catch block at 0xc3 in for 0xa5
01-23 15:51:13.685 32009 32009 E ArmVmp : Match on catch block at 0xc3 in for 0xa5
01-23 15:51:13.703 32009 32009 E ArmVmp : Match on catch block at 0xc3 in for 0xa5
01-23 15:51:13.719 32009 32009 E ArmVmp : Match on catch block at 0xc3 in for 0xa5
01-23 15:51:13.736 32009 32009 E ArmVmp : Match on catch block at 0xc3 in for 0xa5
01-23 15:51:13.752 32009 32009 E ArmVmp : Match on catch block at 0xc3 in for 0xa5
01-23 15:51:13.970 32009 32009 E ArmVmp : Match on catch block at 0xc3 in for 0xa5
01-23 15:51:14.465 32009 32009 E ArmVmp : Match on catch block at 0xc3 in for 0xa1
01-23 15:51:14.481 32009 32009 E ArmVmp : Match on catch block at 0xc3 in for 0xa9
01-23 15:51:15.133 32009 5855 W libEGL : EGLNativeWindowType 0x6e6a103010 disconnect failed
01-23 15:51:15.148 32009 32009 E ArmVmp : Match on catch block at 0xc3 in for 0xa5
01-23 15:51:35.259 7642 7642 E com.whatsapp: Not starting debugger since process cannot load the jdwp agent.
01-23 15:51:35.477 7642 7642 W System.err: java.lang.ClassNotFoundException: mbmodsd.mbmodsw.ui.views.btn.BtnBK
01-23 15:51:35.480 7642 7642 W System.err: at java.lang.Runtime.nativeLoad(Native Method)
01-23 15:51:35.480 7642 7642 W System.err: at java.lang.Runtime.nativeLoad(Runtime.java:1131)
01-23 15:51:35.480 7642 7642 W System.err: at java.lang.Runtime.loadLibrary0(Runtime.java:1085)
01-23 15:51:35.480 7642 7642 W System.err: at java.lang.Runtime.loadLibrary0(Runtime.java:1008)
01-23 15:51:35.480 7642 7642 W System.err: at java.lang.System.loadLibrary(System.java:1664)
01-23 15:51:35.480 7642 7642 W System.err: at arm.EpicVm.<clinit>(Unknown Source:2)
01-23 15:51:35.480 7642 7642 W System.err: at java.lang.Class.newInstance(Native Method)
01-23 15:51:35.480 7642 7642 W System.err: at android.app.AppComponentFactory.instantiateApplication(AppComponentFactory.java:76)
01-23 15:51:35.480 7642 7642 W System.err: at androidx.core.app.CoreComponentFactory.instantiateApplication(Unknown Source:0)
01-23 15:51:35.480 7642 7642 W System.err: at android.app.Instrumentation.newApplication(Instrumentation.java:1158)
01-23 15:51:35.480 7642 7642 W System.err: at android.app.LoadedApk.makeApplication(LoadedApk.java:1324)
01-23 15:51:35.480 7642 7642 W System.err: at android.app.ActivityThread.handleBindApplication(ActivityThread.java:7543)
01-23 15:51:35.480 7642 7642 W System.err: at android.app.ActivityThread.access$1500(ActivityThread.java:301)
01-23 15:51:35.480 7642 7642 W System.err: at android.app.ActivityThread$H.handleMessage(ActivityThread.java:2177)
01-23 15:51:35.480 7642 7642 W System.err: at android.os.Handler.dispatchMessage(Handler.java:106)
01-23 15:51:35.480 7642 7642 W System.err: at android.os.Looper.loop(Looper.java:246)
01-23 15:51:35.480 7642 7642 W System.err: at android.app.ActivityThread.main(ActivityThread.java:8653)
01-23 15:51:35.480 7642 7642 W System.err: at java.lang.reflect.Method.invoke(Native Method)
01-23 15:51:35.480 7642 7642 W System.err: at com.android.internal.os.RuntimeInit$MethodAndArgsCaller.run(RuntimeInit.java:602)
01-23 15:51:35.480 7642 7642 W System.err: at com.android.internal.os.ZygoteInit.main(ZygoteInit.java:1130)
01-23 15:51:35.491 7642 7642 E CustomActivityOnCrash: IMPORTANT WARNING! You already have an UncaughtExceptionHandler, are you sure this is correct? If you use a custom UncaughtExceptionHandler, you must initialize it AFTER CustomActivityOnCrash! Installing anyway, but your original handler will not be called.
01-23 15:51:35.926 7642 7642 W com.whatsapp: Accessing hidden method Lcom/android/org/conscrypt/OpenSSLSocketImpl;->setUseSessionTickets(Z)V (greylist- max-q,core-platform-api, reflection, denied)
01-23 15:51:35.926 7642 7642 W com.whatsapp: Accessing hidden method Lcom/android/org/conscrypt/AbstractConscryptSocket;->setUseSessionTickets(Z)V (greylist-max-q, reflection, denied)
01-23 15:51:35.998 7642 7642 W linker : Warning: "/data/data/com.whatsapp/files/decompressed/libs.spk.zst/libc++_shared.so" unused DT entry: unknown processor-specific (type 0x70000001 arg 0x0) (ignoring)
01-23 15:51:36.406 7642 7737 W com.whatsapp: Class X.2rL failed lock verification and will run slower.
01-23 15:51:36.406 7642 7737 W com.whatsapp: Common causes for lock verification issues are non-optimized dex code
01-23 15:51:36.406 7642 7737 W com.whatsapp: and incorrect proguard optimizations.
01-23 15:51:37.620 7642 7743 W com.whatsapp: Verification of void X.3e2.run() took 384.216ms (10129.71 bytecodes/s) (101616B approximate peak alloc)
01-23 15:51:58.060 7642 7661 W com.whatsapp: Suspending all threads took: 6.922ms
01-23 15:52:18.751 7642 8230 W System : ClassLoader referenced unknown path:
01-23 15:52:19.157 7642 7745 W linker : Warning: "/data/user_de/0/com.google.android.gms/app_chimera/m/0000010c/CronetDynamite.apk!/ lib/arm64-v8a/libcronet.119.0.6045.31.so" unused DT entry: unknown processor- specific (type 0x70000001 arg 0x0) (ignoring)
01-23 15:52:19.341 7642 7751 W com.whatsapp: Long monitor contention with owner WhatsApp Worker #3 (7745) at org.chromium.net.CronetEngine X.7Oe.A02()(:-1) waiters=0 in org.chromium.net.CronetEngine X.7Oe.A02() for 526ms
01-23 15:52:19.344 7642 7737 W com.whatsapp: Long monitor contention with owner WhatsApp Worker #3 (7745) at org.chromium.net.CronetEngine X.7Oe.A02()(:-1) waiters=1 in org.chromium.net.CronetEngine X.7Oe.A02() for 529ms
01-23 15:52:19.383 7642 8244 E chromium: [0123/155219.373498:ERROR:cronet_context.cc(156)] Invalid QUIC hint host: .whatsapp.com
01-23 15:52:19.383 7642 8244 E chromium: [0123/155219.383344:ERROR:cronet_context.cc(156)] Invalid QUIC hint host: .cdninstagram.com
01-23 15:52:19.383 7642 8244 E chromium: [0123/155219.383456:ERROR:cronet_context.cc(156)] Invalid QUIC hint host: .fbcdn.net
01-23 15:52:19.383 7642 8244 E chromium: [0123/155219.383545:ERROR:cronet_context.cc(156)] Invalid QUIC hint host: .facebook.com
01-23 15:52:19.383 7642 8244 E chromium: [0123/155219.383625:ERROR:cronet_context.cc(156)] Invalid QUIC hint host: .instagram.com
01-23 15:52:19.383 7642 8244 E chromium: [0123/155219.383693:ERROR:cronet_context.cc(156)] Invalid QUIC hint host: .whatsapp.net
01-23 15:52:22.398 7642 7734 E SQLiteDatabase: Error inserting transferred=1 media_job_uuid=bd2bf5ff-d8d1-419a-b4ce-0ed762f6e200 transcoded=0 gif_attribution=0 first_scan_length=8906 direct_path=/v/t62.7118- 24/25614411_363877786279450_7583746559478184304_n.enc?ccb=11- 4&oh=01_AdTHVTljchPGsuAJN-Bw3Ym96t-y4Nlq2Z6F1ag18O08uQ&oe=65D78656&_nc_sid=5e03e0 thumbnail_height_width_ratio=2.0 is_animated_sticker=0 file_hash=iw6yCLgxkj2GFpuqjasFWF2pgFoWNTLuQwXuXvQpqjE= file_path=Media/WhatsApp Images/IMG-20240123-WA0003.jpg file_size=212123 partial_media_hash=b6AbsqW/EnWoighuiomDYNbcqZ6gCVtIFzY367hUMSo= face_x=0 face_y=0 height=1180 trim_to=0 media_key_timestamp=1706043137000 message_url=https://mmg.whatsapp.net/v/t62.7118- 24/25614411_363877786279450_7583746559478184304_n.enc?ccb=11- 4&oh=01_AdTHVTljchPGsuAJN-Bw3Ym96t- y4Nlq2Z6F1ag18O08uQ&oe=65D78656&_nc_sid=5e03e0&mms3=true media_caption=null trim_from=0 mime_type=image/jpeg partial_media_enc_hash=null width=587 original_file_hash=null has_streaming_sidecar=1 autotransfer_retry_enabled=1 media_upload_handle=null message_row_id=307 multicast_id=null enc_file_hash=MOfTNiwieCOW7sBRyUzacw7YxVQSVbm2bFK7lA9fiu8= mute_video=0 page_count=0 first_scan_sidecar=[B@96a9413 suspicious_content=0 file_length=212123 media_name=null media_duration=0 chat_row_id=7 media_key=[B@5310650
01-23 15:52:22.398 7642 7734 E SQLiteDatabase: android.database.sqlite.SQLiteConstraintException: UNIQUE constraint failed: message_media.message_row_id (code 1555 SQLITE_CONSTRAINT_PRIMARYKEY[1555])
01-23 15:52:22.398 7642 7734 E SQLiteDatabase: at android.database.sqlite.SQLiteConnection.nativeExecuteForLastInsertedRowId(Native Method)
01-23 15:52:22.398 7642 7734 E SQLiteDatabase: at android.database.sqlite.SQLiteConnection.executeForLastInsertedRowId(SQLiteConnecti on.java:1217)
01-23 15:52:22.398 7642 7734 E SQLiteDatabase: at android.database.sqlite.SQLiteSession.executeForLastInsertedRowId(SQLiteSession.jav a:790)
01-23 15:52:22.398 7642 7734 E SQLiteDatabase: at android.database.sqlite.SQLiteStatement.executeInsert(SQLiteStatement.java:88)
01-23 15:52:22.398 7642 7734 E SQLiteDatabase: at android.database.sqlite.SQLiteDatabase.insertWithOnConflict(SQLiteDatabase.java:221 9)
01-23 15:52:22.398 7642 7734 E SQLiteDatabase: at android.database.sqlite.SQLiteDatabase.insert(SQLiteDatabase.java:2088)
01-23 15:52:22.398 7642 7734 E SQLiteDatabase: at X.2tm.A08(Unknown Source:6)
01-23 15:52:22.398 7642 7734 E SQLiteDatabase: at X.35Y.A07(Unknown Source:212)
01-23 15:52:22.398 7642 7734 E SQLiteDatabase: at X.3QF.A14(Unknown Source:470)
01-23 15:52:22.398 7642 7734 E SQLiteDatabase: at X.3gU.run(Unknown Source:982)
01-23 15:52:22.398 7642 7734 E SQLiteDatabase: at android.os.Handler.handleCallback(Handler.java:938)
01-23 15:52:22.398 7642 7734 E SQLiteDatabase: at android.os.Handler.dispatchMessage(Handler.java:99)
01-23 15:52:22.398 7642 7734 E SQLiteDatabase: at X.0zq.dispatchMessage(Unknown Source:4)
01-23 15:52:22.398 7642 7734 E SQLiteDatabase: at android.os.Looper.loop(Looper.java:246)
01-23 15:52:22.398 7642 7734 E SQLiteDatabase: at android.os.HandlerThread.run(HandlerThread.java:67)
01-23 15:52:23.825 7642 7734 E SQLiteDatabase: Error inserting transferred=1 media_job_uuid=8c1ce269-7899-4c95-a0d5-0c5975af9c2e transcoded=0 gif_attribution=0 first_scan_length=6071 direct_path=/v/t62.7118- 24/30660696_406571128396882_5526735195587211874_n.enc?ccb=11-4&oh=01_AdR- TuLiqH5dbeYPytH0twrn1MUJvADRZLAz4njzOMwNVA&oe=65D79FE6&_nc_sid=5e03e0 thumbnail_height_width_ratio=1.3090909 is_animated_sticker=0 file_hash=2xSU3a3IKpa50/u+dJSvqC54zZ2poP+MOvVk7IsWGnM= file_path=Media/WhatsApp Images/IMG-20240123-WA0004.jpg file_size=127439 partial_media_hash=bCYp9P0V5Ve42rXUGa4zKQ9qZGgzCKhRk74s4YDUbEc= face_x=0 face_y=0 height=712 trim_to=0 media_key_timestamp=1706043136000 message_url=https://mmg.whatsapp.net/v/t62.7118- 24/30660696_406571128396882_5526735195587211874_n.enc?ccb=11-4&oh=01_AdR- TuLiqH5dbeYPytH0twrn1MUJvADRZLAz4njzOMwNVA&oe=65D79FE6&_nc_sid=5e03e0&mms3=true media_caption=null trim_from=0 mime_type=image/jpeg partial_media_enc_hash=null width=552 original_file_hash=null has_streaming_sidecar=1 autotransfer_retry_enabled=1 media_upload_handle=null message_row_id=306 multicast_id=null enc_file_hash=sdYGt2IPP9FuF29DU+34tQOwcF+ma1jcRnJFtD5TlqY= mute_video=0 page_count=0 first_scan_sidecar=[B@5df8c75 suspicious_content=0 file_length=127439 media_name=null media_duration=0 chat_row_id=7 media_key=[B@478a40a
01-23 15:52:23.825 7642 7734 E SQLiteDatabase: android.database.sqlite.SQLiteConstraintException: UNIQUE constraint failed: message_media.message_row_id (code 1555 SQLITE_CONSTRAINT_PRIMARYKEY[1555])
01-23 15:52:23.825 7642 7734 E SQLiteDatabase: at android.database.sqlite.SQLiteConnection.nativeExecuteForLastInsertedRowId(Native Method)
01-23 15:52:23.825 7642 7734 E SQLiteDatabase: at android.database.sqlite.SQLiteConnection.executeForLastInsertedRowId(SQLiteConnecti on.java:1217)
01-23 15:52:23.825 7642 7734 E SQLiteDatabase: at android.database.sqlite.SQLiteSession.executeForLastInsertedRowId(SQLiteSession.jav a:790)
01-23 15:52:23.825 7642 7734 E SQLiteDatabase: at android.database.sqlite.SQLiteStatement.executeInsert(SQLiteStatement.java:88)
01-23 15:52:23.825 7642 7734 E SQLiteDatabase: at android.database.sqlite.SQLiteDatabase.insertWithOnConflict(SQLiteDatabase.java:221 9)
01-23 15:52:23.825 7642 7734 E SQLiteDatabase: at android.database.sqlite.SQLiteDatabase.insert(SQLiteDatabase.java:2088)
01-23 15:52:23.825 7642 7734 E SQLiteDatabase: at X.2tm.A08(Unknown Source:6)
01-23 15:52:23.825 7642 7734 E SQLiteDatabase: at X.35Y.A07(Unknown Source:212)
01-23 15:52:23.825 7642 7734 E SQLiteDatabase: at X.3QF.A14(Unknown Source:470)
01-23 15:52:23.825 7642 7734 E SQLiteDatabase: at X.3gU.run(Unknown Source:982)
01-23 15:52:23.825 7642 7734 E SQLiteDatabase: at android.os.Handler.handleCallback(Handler.java:938)
01-23 15:52:23.825 7642 7734 E SQLiteDatabase: at android.os.Handler.dispatchMessage(Handler.java:99)
01-23 15:52:23.825 7642 7734 E SQLiteDatabase: at X.0zq.dispatchMessage(Unknown Source:4)
01-23 15:52:23.825 7642 7734 E SQLiteDatabase: at android.os.Looper.loop(Looper.java:246)
01-23 15:52:23.825 7642 7734 E SQLiteDatabase: at android.os.HandlerThread.run(HandlerThread.java:67)
01-23 15:52:24.869 7642 7734 E SQLiteDatabase: Error inserting transferred=1 media_job_uuid=a72dc4ba-cfb0-433b-9ea9-805bf0f94031 transcoded=0 gif_attribution=0 first_scan_length=6091 direct_path=/v/t62.7118- 24/31796749_1425493648169601_8015326837447880779_n.enc?ccb=11- 4&oh=01_AdRB4oECSqvGMxew6BVvin1NwXgA3KmMDaGoQfwc3v86QA&oe=65D7808B&_nc_sid=5e03e0 thumbnail_height_width_ratio=1.3090909 is_animated_sticker=0 file_hash=z8jcU57yJm+PEoHgLWFU+IV6KOlhRBRejdUefY4+Vr0= file_path=Media/WhatsApp Images/IMG-20240123-WA0005.jpg file_size=122068 partial_media_hash=9dUd2yV15NBTa9AmkOBlIMMqRgST23Q3oDKAGrpByzA= face_x=0 face_y=0 height=705 trim_to=0 media_key_timestamp=1706043136000 message_url=https://mmg.whatsapp.net/v/t62.7118- 24/31796749_1425493648169601_8015326837447880779_n.enc?ccb=11- 4&oh=01_AdRB4oECSqvGMxew6BVvin1NwXgA3KmMDaGoQfwc3v86QA&oe=65D7808B&_nc_sid=5e03e0&m ms3=true media_caption=null trim_from=0 mime_type=image/jpeg partial_media_enc_hash=null width=548 original_file_hash=null has_streaming_sidecar=1 autotransfer_retry_enabled=1 media_upload_handle=null message_row_id=305 multicast_id=null enc_file_hash=7tR9TfscJCCD6T2q99Prbi56GpGRxGLDyCxOumOX3TY= mute_video=0 page_count=0 first_scan_sidecar=[B@992ef6a suspicious_content=0 file_length=122068 media_name=null media_duration=0 chat_row_id=7 media_key=[B@e7e6c5b
01-23 15:52:24.869 7642 7734 E SQLiteDatabase: android.database.sqlite.SQLiteConstraintException: UNIQUE constraint failed: message_media.message_row_id (code 1555 SQLITE_CONSTRAINT_PRIMARYKEY[1555])
01-23 15:52:24.869 7642 7734 E SQLiteDatabase: at android.database.sqlite.SQLiteConnection.nativeExecuteForLastInsertedRowId(Native Method)
01-23 15:52:24.869 7642 7734 E SQLiteDatabase: at android.database.sqlite.SQLiteConnection.executeForLastInsertedRowId(SQLiteConnecti on.java:1217)
01-23 15:52:24.869 7642 7734 E SQLiteDatabase: at android.database.sqlite.SQLiteSession.executeForLastInsertedRowId(SQLiteSession.jav a:790)
01-23 15:52:24.869 7642 7734 E SQLiteDatabase: at android.database.sqlite.SQLiteStatement.executeInsert(SQLiteStatement.java:88)
01-23 15:52:24.869 7642 7734 E SQLiteDatabase: at android.database.sqlite.SQLiteDatabase.insertWithOnConflict(SQLiteDatabase.java:221 9)
01-23 15:52:24.869 7642 7734 E SQLiteDatabase: at android.database.sqlite.SQLiteDatabase.insert(SQLiteDatabase.java:2088)
01-23 15:52:24.869 7642 7734 E SQLiteDatabase: at X.2tm.A08(Unknown Source:6)
01-23 15:52:24.869 7642 7734 E SQLiteDatabase: at X.35Y.A07(Unknown Source:212)
01-23 15:52:24.869 7642 7734 E SQLiteDatabase: at X.3QF.A14(Unknown Source:470)
01-23 15:52:24.869 7642 7734 E SQLiteDatabase: at X.3gU.run(Unknown Source:982)
01-23 15:52:24.869 7642 7734 E SQLiteDatabase: at android.os.Handler.handleCallback(Handler.java:938)
01-23 15:52:24.869 7642 7734 E SQLiteDatabase: at android.os.Handler.dispatchMessage(Handler.java:99)
01-23 15:52:24.869 7642 7734 E SQLiteDatabase: at X.0zq.dispatchMessage(Unknown Source:4)
01-23 15:52:24.869 7642 7734 E SQLiteDatabase: at android.os.Looper.loop(Looper.java:246)
01-23 15:52:24.869 7642 7734 E SQLiteDatabase: at android.os.HandlerThread.run(HandlerThread.java:67)
01-23 16:03:54.801 7642 7661 W com.whatsapp: Suspending all threads took: 5.993ms
01-23 16:06:40.078 7642 7642 W com.whatsapp: Class X.0eU failed lock verification and will run slower.
01-23 16:06:40.769 7642 7642 E ArmVmp : Match on catch block at 0x0a in for 0xc1
01-23 16:06:40.801 7642 7642 E ArmVmp : Match on catch block at 0x0a in for 0x135
01-23 16:06:40.808 7642 14346 W com.whatsapp: Accessing hidden method Lcom/android/org/conscrypt/ConscryptEngineSocket;->setUseSessionTickets(Z)V (greylist-max-q,core-platform-api, reflection, denied)
01-23 16:06:40.808 7642 14346 W com.whatsapp: Accessing hidden method Lcom/android/org/conscrypt/OpenSSLSocketImpl;->setUseSessionTickets(Z)V (greylist- max-q,core-platform-api, reflection, denied)
01-23 16:06:40.808 7642 14346 W com.whatsapp: Accessing hidden method Lcom/android/org/conscrypt/AbstractConscryptSocket;->setUseSessionTickets(Z)V (greylist-max-q, reflection, denied)
01-23 16:06:40.809 7642 14346 W com.whatsapp: Accessing hidden method Lcom/android/org/conscrypt/ConscryptEngineSocket;->setHostname(Ljava/lang/String;)V (greylist-max-q,core-platform-api, reflection, denied)
01-23 16:06:40.809 7642 14346 W com.whatsapp: Accessing hidden method Lcom/android/org/conscrypt/OpenSSLSocketImpl;->setHostname(Ljava/lang/String;)V (greylist-max-q,core-platform-api, reflection, denied)
01-23 16:06:40.809 7642 14346 W com.whatsapp: Accessing hidden method Lcom/android/org/conscrypt/AbstractConscryptSocket;->setHostname(Ljava/lang/ String;)V (greylist-max-q, reflection, denied)
01-23 16:06:40.809 7642 14346 W com.whatsapp: Accessing hidden method Lcom/android/org/conscrypt/OpenSSLSocketImpl;->setAlpnProtocols([B)V (greylist-max- q,core-platform-api, reflection, denied)
01-23 16:06:40.809 7642 14346 W com.whatsapp: Accessing hidden method Lcom/android/org/conscrypt/AbstractConscryptSocket;->setAlpnProtocols([B)V (greylist-max-q, reflection, denied)
01-23 16:06:40.862 7642 14346 W com.whatsapp: Accessing hidden method Lcom/android/org/conscrypt/OpenSSLSocketImpl;->getAlpnSelectedProtocol()[B (greylist-max-q,core-platform-api, reflection, denied)
01-23 16:06:40.863 7642 14346 W com.whatsapp: Accessing hidden method Lcom/android/org/conscrypt/AbstractConscryptSocket;->getAlpnSelectedProtocol()[B (greylist-max-q, reflection, denied)
01-23 16:06:41.071 7642 14354 W LibraryVersion: Failed to get app version for libraryName: firebase-iid
01-23 16:06:42.041 7642 7642 E RecyclerView: No adapter attached; skipping layout
01-23 16:06:42.104 7642 14332 W Gralloc3: mapper 3.x is not supported
01-23 16:06:42.197 7642 7642 E ViewRootImpl@f03a112[HomeActivity]: Surface is not valid.
01-23 16:06:42.266 7642 7642 E RecyclerView: No adapter attached; skipping layout
01-23 16:06:42.267 7642 7642 W View : requestLayout() improperly called by androidx.appcompat.view.menu.ActionMenuItemView{a148900 VFED..C.. ......ID 172,0- 259,0 #7f0b0f8a app:id/menuitem_search} during layout: running second layout pass
01-23 16:06:42.267 7642 7642 W View : requestLayout() improperly called by androidx.appcompat.widget.ActionMenuView{27c8539 V.E...... ......ID 326,225- 751,225} during layout: running second layout pass
01-23 16:06:42.278 7642 7642 E ViewRootImpl@f03a112[HomeActivity]: Surface is not valid.
01-23 16:06:42.322 7642 7642 E ArmVmp : Match on catch block at 0x0a in for 0xd1
01-23 16:06:42.362 7642 14332 W libEGL : EGLNativeWindowType 0x6e7b76f010 disconnect failed
01-23 16:06:42.387 7642 7642 W View : requestLayout() improperly called by DecorView@53aeb1b[HomeActivity] during second layout pass: posting in next frame
01-23 16:06:42.512 7642 14396 W LOTTIE : Animation contains merge paths. Merge paths are only supported on KitKat+ and must be manually enabled by calling enableMergePathsForKitKatAndAbove().
01-23 16:06:42.843 7642 14332 W libEGL : EGLNativeWindowType 0x6e6b398010 disconnect failed
01-23 16:06:42.886 7642 7642 W LOTTIE : Animation contains merge paths but they are disabled.
01-23 16:06:43.281 7642 7642 E ArmVmp : Match on catch block at 0x5b in for 0x85
01-23 16:06:43.319 7642 7642 E ArmVmp : Match on catch block at 0x5b in for 0x89
01-23 16:06:43.415 7642 7642 W Choreographer: Frame time is 0.078595 ms in the future! Check that graphics HAL is generating vsync timestamps using the correct timebase.
01-23 16:06:43.687 7642 14332 W libEGL : EGLNativeWindowType 0x6e6b3ca010 disconnect failed
01-23 16:06:43.711 7642 14332 W libEGL : EGLNativeWindowType 0x6e6b398010 disconnect failed
01-23 16:06:47.309 7642 7642 E ArmVmp : Match on catch block at 0x0a in for 0xd1
01-23 16:06:47.348 7642 7642 W linker : Warning: "/data/app/~~tKTsTnAZev1brORCpFEFKw==/com.google.android.trichromelibrary_609923033 -JqEqXQrZbT_HG7cJgDr-FA==/base.apk!/lib/arm64-v8a/libmonochrome_64.so" unused DT entry: unknown processor-specific (type 0x70000001 arg 0x0) (ignoring)
01-23 16:06:47.664 7642 7642 E ArmVmp : Match on catch block at 0x0a in for 0xc1
01-23 16:06:47.804 7642 14469 W chromium: [WARNING:display_webview.cc(32)] WebView overlays are enabled!
01-23 16:06:47.943 7642 14463 W AudioCapabilities: Unsupported mime audio/x-ima
01-23 16:06:47.944 7642 14463 W VideoCapabilities: Unsupported mime video/mp43
01-23 16:06:47.944 7642 14463 W VideoCapabilities: Unsupported mime video/wvc1
01-23 16:06:47.945 7642 14463 W VideoCapabilities: Unsupported mime video/x-ms-wmv
01-23 16:06:47.945 7642 14463 W AudioCapabilities: Unsupported mime audio/x-ms-wma
01-23 16:06:47.946 7642 14463 W VideoCapabilities: Unsupported mime video/x-ms- wmv7
01-23 16:06:47.947 7642 14463 W VideoCapabilities: Unsupported mime video/x-ms- wmv8
01-23 16:06:47.948 7642 14463 W AudioCapabilities: Unsupported mime audio/x-ima
01-23 16:06:47.950 7642 14463 W AudioCapabilities: Unsupported mime audio/mpeg-L1
01-23 16:06:47.951 7642 14463 W AudioCapabilities: Unsupported mime audio/mpeg-L2
01-23 16:06:47.952 7642 14463 W VideoCapabilities: Unsupported mime video/wvc1
01-23 16:06:47.968 7642 14463 W VideoCapabilities: Unsupported mime video/wvc1
01-23 16:06:47.973 7642 14463 W VideoCapabilities: Unsupported mime video/avc-wfd
01-23 16:06:47.978 7642 14463 W VideoCapabilities: Unrecognized profile/level 1/32 for video/mp4v-es
01-23 16:06:47.978 7642 14463 W VideoCapabilities: Unrecognized profile/level 32768/2 for video/mp4v-es
