01-25 08:13:04.189 12425 12425 E ArmVmp : Match on catch block at 0xc3 in for 0xa9
01-25 08:13:04.193 12425 12425 E ArmVmp : Match on catch block at 0xc3 in for 0xa1
01-25 08:13:04.281 12425 12425 E ArmVmp : Match on catch block at 0xc3 in for 0xa5
01-25 08:13:04.284 12425 12425 E ArmVmp : Match on catch block at 0xc3 in for 0xa9
01-25 08:13:04.380 12425 12425 E ArmVmp : Match on catch block at 0xc3 in for 0xa9
01-25 08:13:04.382 12425 12425 E ArmVmp : Match on catch block at 0xc3 in for 0xa1
01-25 08:13:04.396 12425 12425 E ArmVmp : Match on catch block at 0xc3 in for 0xa1
01-25 08:13:04.399 12425 12425 E ArmVmp : Match on catch block at 0xc3 in for 0xa5
01-25 08:13:04.417 12425 17956 W libEGL : EGLNativeWindowType 0x70983a1010 disconnect failed
01-25 08:13:04.429 12425 12425 E ArmVmp : Match on catch block at 0xc3 in for 0xa5
01-25 08:13:04.431 12425 12425 E ArmVmp : Match on catch block at 0xc3 in for 0xa9
01-25 08:13:04.438 12425 12425 E ArmVmp : Match on catch block at 0xc3 in for 0xa9
01-25 08:13:04.441 12425 12425 E ArmVmp : Match on catch block at 0xc3 in for 0xa1
01-25 08:13:04.455 12425 12425 E ArmVmp : Match on catch block at 0xc3 in for 0xa1
01-25 08:13:04.457 12425 12425 E ArmVmp : Match on catch block at 0xc3 in for 0xa5
01-25 08:13:04.472 12425 12425 E ArmVmp : Match on catch block at 0xc3 in for 0xa5
01-25 08:13:04.475 12425 12425 E ArmVmp : Match on catch block at 0xc3 in for 0xa9
01-25 08:13:04.489 12425 12425 E ArmVmp : Match on catch block at 0xc3 in for 0xa9
01-25 08:13:04.491 12425 12425 E ArmVmp : Match on catch block at 0xc3 in for 0xa1
01-25 08:13:04.505 12425 12425 E ArmVmp : Match on catch block at 0xc3 in for 0xa1
01-25 08:13:04.508 12425 12425 E ArmVmp : Match on catch block at 0xc3 in for 0xa5
01-25 08:13:04.523 12425 12425 E ArmVmp : Match on catch block at 0xc3 in for 0xa5
01-25 08:13:04.525 12425 12425 E ArmVmp : Match on catch block at 0xc3 in for 0xa9
01-25 08:13:04.539 12425 12425 E ArmVmp : Match on catch block at 0xc3 in for 0xa9
01-25 08:13:04.542 12425 12425 E ArmVmp : Match on catch block at 0xc3 in for 0xa1
01-25 08:13:04.556 12425 12425 E ArmVmp : Match on catch block at 0xc3 in for 0xa1
01-25 08:13:04.559 12425 12425 E ArmVmp : Match on catch block at 0xc3 in for 0xa5
01-25 08:13:04.572 12425 12425 E ArmVmp : Match on catch block at 0xc3 in for 0xa5
01-25 08:13:04.577 12425 12425 E ArmVmp : Match on catch block at 0xc3 in for 0xa9
01-25 08:13:04.589 12425 12425 E ArmVmp : Match on catch block at 0xc3 in for 0xa9
01-25 08:13:04.593 12425 12425 E ArmVmp : Match on catch block at 0xc3 in for 0xa1
01-25 08:13:04.606 12425 12425 E ArmVmp : Match on catch block at 0xc3 in for 0xa1
01-25 08:13:04.609 12425 12425 E ArmVmp : Match on catch block at 0xc3 in for 0xa5
01-25 08:13:04.623 12425 12425 E ArmVmp : Match on catch block at 0xc3 in for 0xa5
01-25 08:13:04.626 12425 12425 E ArmVmp : Match on catch block at 0xc3 in for 0xa9
01-25 08:13:04.639 12425 12425 E ArmVmp : Match on catch block at 0xc3 in for 0xa9
01-25 08:13:04.642 12425 12425 E ArmVmp : Match on catch block at 0xc3 in for 0xa1
01-25 08:13:04.656 12425 12425 E ArmVmp : Match on catch block at 0xc3 in for 0xa1
01-25 08:13:04.659 12425 12425 E ArmVmp : Match on catch block at 0xc3 in for 0xa5
01-25 08:13:04.673 12425 12425 E ArmVmp : Match on catch block at 0xc3 in for 0xa5
01-25 08:13:04.677 12425 12425 E ArmVmp : Match on catch block at 0xc3 in for 0xa9
01-25 08:13:04.689 12425 12425 E ArmVmp : Match on catch block at 0xc3 in for 0xa9
01-25 08:13:04.693 12425 12425 E ArmVmp : Match on catch block at 0xc3 in for 0xa1
01-25 08:13:04.706 12425 12425 E ArmVmp : Match on catch block at 0xc3 in for 0xa1
01-25 08:13:04.712 12425 12425 E ArmVmp : Match on catch block at 0xc3 in for 0xa5
01-25 08:13:04.723 12425 12425 E ArmVmp : Match on catch block at 0xc3 in for 0xa5
01-25 08:13:04.733 12425 12425 E ArmVmp : Match on catch block at 0xc3 in for 0xa9
01-25 08:13:04.742 12425 12425 E ArmVmp : Match on catch block at 0xc3 in for 0xa9
01-25 08:13:04.749 12425 12425 E ArmVmp : Match on catch block at 0xc3 in for 0xa1
01-25 08:13:04.756 12425 12425 E ArmVmp : Match on catch block at 0xc3 in for 0xa1
01-25 08:13:04.761 12425 12425 E ArmVmp : Match on catch block at 0xc3 in for 0xa5
01-25 08:13:04.773 12425 12425 E ArmVmp : Match on catch block at 0xc3 in for 0xa5
01-25 08:13:04.777 12425 12425 E ArmVmp : Match on catch block at 0xc3 in for 0xa9
01-25 08:13:04.789 12425 12425 E ArmVmp : Match on catch block at 0xc3 in for 0xa9
01-25 08:13:04.794 12425 12425 E ArmVmp : Match on catch block at 0xc3 in for 0xa1
01-25 08:13:04.806 12425 12425 E ArmVmp : Match on catch block at 0xc3 in for 0xa1
01-25 08:13:04.811 12425 12425 E ArmVmp : Match on catch block at 0xc3 in for 0xa5
01-25 08:13:04.823 12425 12425 E ArmVmp : Match on catch block at 0xc3 in for 0xa5
01-25 08:13:04.835 12425 12425 E ArmVmp : Match on catch block at 0xc3 in for 0xa9
01-25 08:13:04.845 12425 12425 E ArmVmp : Match on catch block at 0xc3 in for 0xa9
01-25 08:13:04.849 12425 12425 E ArmVmp : Match on catch block at 0xc3 in for 0xa1
01-25 08:13:04.856 12425 12425 E ArmVmp : Match on catch block at 0xc3 in for 0xa1
01-25 08:13:04.860 12425 12425 E ArmVmp : Match on catch block at 0xc3 in for 0xa5
01-25 08:13:04.872 12425 12425 E ArmVmp : Match on catch block at 0xc3 in for 0xa5
01-25 08:13:04.877 12425 12425 E ArmVmp : Match on catch block at 0xc3 in for 0xa9
01-25 08:13:04.889 12425 12425 E ArmVmp : Match on catch block at 0xc3 in for 0xa9
01-25 08:13:04.894 12425 12425 E ArmVmp : Match on catch block at 0xc3 in for 0xa1
01-25 08:13:04.906 12425 12425 E ArmVmp : Match on catch block at 0xc3 in for 0xa1
01-25 08:13:04.911 12425 12425 E ArmVmp : Match on catch block at 0xc3 in for 0xa5
01-25 08:13:04.922 12425 12425 E ArmVmp : Match on catch block at 0xc3 in for 0xa5
01-25 08:13:04.928 12425 12425 E ArmVmp : Match on catch block at 0xc3 in for 0xa9
01-25 08:13:04.939 12425 12425 E ArmVmp : Match on catch block at 0xc3 in for 0xa9
01-25 08:13:04.948 12425 12425 E ArmVmp : Match on catch block at 0xc3 in for 0xa1
01-25 08:13:04.956 12425 12425 E ArmVmp : Match on catch block at 0xc3 in for 0xa1
01-25 08:13:04.961 12425 12425 E ArmVmp : Match on catch block at 0xc3 in for 0xa5
01-25 08:13:04.972 12425 12425 E ArmVmp : Match on catch block at 0xc3 in for 0xa5
01-25 08:13:04.976 12425 12425 E ArmVmp : Match on catch block at 0xc3 in for 0xa9
01-25 08:13:04.989 12425 12425 E ArmVmp : Match on catch block at 0xc3 in for 0xa9
01-25 08:13:04.993 12425 12425 E ArmVmp : Match on catch block at 0xc3 in for 0xa1
01-25 08:13:05.006 12425 12425 E ArmVmp : Match on catch block at 0xc3 in for 0xa1
01-25 08:13:05.011 12425 12425 E ArmVmp : Match on catch block at 0xc3 in for 0xa5
01-25 08:13:05.022 12425 12425 E ArmVmp : Match on catch block at 0xc3 in for 0xa5
01-25 08:13:05.026 12425 12425 E ArmVmp : Match on catch block at 0xc3 in for 0xa9
01-25 08:13:05.039 12425 12425 E ArmVmp : Match on catch block at 0xc3 in for 0xa9
01-25 08:13:05.043 12425 12425 E ArmVmp : Match on catch block at 0xc3 in for 0xa1
01-25 08:13:05.056 12425 12425 E ArmVmp : Match on catch block at 0xc3 in for 0xa1
01-25 08:13:05.068 12425 12425 E ArmVmp : Match on catch block at 0xc3 in for 0xa5
01-25 08:13:05.080 12425 12425 E ArmVmp : Match on catch block at 0xc3 in for 0xa5
01-25 08:13:05.085 12425 12425 E ArmVmp : Match on catch block at 0xc3 in for 0xa9
01-25 08:13:05.097 12425 12425 E ArmVmp : Match on catch block at 0xc3 in for 0xa9
01-25 08:13:05.102 12425 12425 E ArmVmp : Match on catch block at 0xc3 in for 0xa1
01-25 08:13:05.115 12425 12425 E ArmVmp : Match on catch block at 0xc3 in for 0xa1
01-25 08:13:05.120 12425 12425 E ArmVmp : Match on catch block at 0xc3 in for 0xa5
01-25 08:13:05.132 12425 12425 E ArmVmp : Match on catch block at 0xc3 in for 0xa5
01-25 08:13:05.136 12425 12425 E ArmVmp : Match on catch block at 0xc3 in for 0xa9
01-25 08:13:05.147 12425 12425 E ArmVmp : Match on catch block at 0xc3 in for 0xa9
01-25 08:13:05.151 12425 12425 E ArmVmp : Match on catch block at 0xc3 in for 0xa1
01-25 08:13:05.159 12425 12425 E ArmVmp : Match on catch block at 0xc3 in for 0xa1
01-25 08:13:05.163 12425 12425 E ArmVmp : Match on catch block at 0xc3 in for 0xa5
01-25 08:13:05.172 12425 12425 E ArmVmp : Match on catch block at 0xc3 in for 0xa9
01-25 08:13:05.177 12425 12425 E ArmVmp : Match on catch block at 0xc3 in for 0xa1
01-25 08:13:05.189 12425 12425 E ArmVmp : Match on catch block at 0xc3 in for 0xa1
01-25 08:13:05.194 12425 12425 E ArmVmp : Match on catch block at 0xc3 in for 0xa5
01-25 08:13:05.206 12425 12425 E ArmVmp : Match on catch block at 0xc3 in for 0xa5
01-25 08:13:05.209 12425 12425 E ArmVmp : Match on catch block at 0xc3 in for 0xa9
01-25 08:13:05.230 12425 12425 E ArmVmp : Match on catch block at 0xc3 in for 0xa9
01-25 08:13:05.233 12425 12425 E ArmVmp : Match on catch block at 0xc3 in for 0xa1
01-25 08:13:05.239 12425 12425 E ArmVmp : Match on catch block at 0xc3 in for 0xa1
01-25 08:13:05.242 12425 12425 E ArmVmp : Match on catch block at 0xc3 in for 0xa5
01-25 08:13:05.255 12425 12425 E ArmVmp : Match on catch block at 0xc3 in for 0xa5
01-25 08:13:05.259 12425 12425 E ArmVmp : Match on catch block at 0xc3 in for 0xa9
01-25 08:13:05.272 12425 12425 E ArmVmp : Match on catch block at 0xc3 in for 0xa9
01-25 08:13:05.276 12425 12425 E ArmVmp : Match on catch block at 0xc3 in for 0xa1
01-25 08:13:05.402 12425 12425 E ArmVmp : Match on catch block at 0xc3 in for 0xa5
01-25 08:13:05.405 12425 12425 E ArmVmp : Match on catch block at 0xc3 in for 0xa9
01-25 08:13:05.431 12425 12425 E ArmVmp : Match on catch block at 0xc3 in for 0xa9
01-25 08:13:05.434 12425 12425 E ArmVmp : Match on catch block at 0xc3 in for 0xa1
01-25 08:13:05.457 12425 17956 W libEGL : EGLNativeWindowType 0x7020d29010 disconnect failed
01-25 08:13:05.468 12425 12425 E ArmVmp : Match on catch block at 0xc3 in for 0xa1
01-25 08:13:05.471 12425 12425 E ArmVmp : Match on catch block at 0xc3 in for 0xa5
01-25 08:13:05.485 12425 12425 E ArmVmp : Match on catch block at 0xc3 in for 0xa5
01-25 08:13:05.492 12425 12425 E ArmVmp : Match on catch block at 0xc3 in for 0xa9
01-25 08:13:05.506 12425 12425 E ArmVmp : Match on catch block at 0xc3 in for 0xa9
01-25 08:13:05.509 12425 12425 E ArmVmp : Match on catch block at 0xc3 in for 0xa1
01-25 08:13:05.521 12425 12425 E ArmVmp : Match on catch block at 0xc3 in for 0xa1
01-25 08:13:05.524 12425 12425 E ArmVmp : Match on catch block at 0xc3 in for 0xa5
01-25 08:13:05.538 12425 12425 E ArmVmp : Match on catch block at 0xc3 in for 0xa5
01-25 08:13:05.542 12425 12425 E ArmVmp : Match on catch block at 0xc3 in for 0xa9
01-25 08:13:05.555 12425 12425 E ArmVmp : Match on catch block at 0xc3 in for 0xa9
01-25 08:13:05.560 12425 12425 E ArmVmp : Match on catch block at 0xc3 in for 0xa1
01-25 08:13:05.572 12425 12425 E ArmVmp : Match on catch block at 0xc3 in for 0xa1
01-25 08:13:05.575 12425 12425 E ArmVmp : Match on catch block at 0xc3 in for 0xa5
01-25 08:13:05.589 12425 12425 E ArmVmp : Match on catch block at 0xc3 in for 0xa5
01-25 08:13:05.593 12425 12425 E ArmVmp : Match on catch block at 0xc3 in for 0xa9
01-25 08:13:05.605 12425 12425 E ArmVmp : Match on catch block at 0xc3 in for 0xa9
01-25 08:13:05.608 12425 12425 E ArmVmp : Match on catch block at 0xc3 in for 0xa1
01-25 08:13:05.622 12425 12425 E ArmVmp : Match on catch block at 0xc3 in for 0xa1
01-25 08:13:05.625 12425 12425 E ArmVmp : Match on catch block at 0xc3 in for 0xa5
01-25 08:13:05.638 12425 12425 E ArmVmp : Match on catch block at 0xc3 in for 0xa5
01-25 08:13:05.642 12425 12425 E ArmVmp : Match on catch block at 0xc3 in for 0xa9
01-25 08:13:05.655 12425 12425 E ArmVmp : Match on catch block at 0xc3 in for 0xa9
01-25 08:13:05.659 12425 12425 E ArmVmp : Match on catch block at 0xc3 in for 0xa1
01-25 08:13:05.674 12425 17956 W libEGL : EGLNativeWindowType 0x70983a1010 disconnect failed
01-25 08:13:05.683 12425 12425 E ArmVmp : Match on catch block at 0xc3 in for 0xa1
01-25 08:13:05.687 12425 12425 E ArmVmp : Match on catch block at 0xc3 in for 0xa5
01-25 08:13:05.695 12425 12425 E ArmVmp : Match on catch block at 0xc3 in for 0xa5
01-25 08:13:05.700 12425 12425 E ArmVmp : Match on catch block at 0xc3 in for 0xa9
01-25 08:13:05.705 12425 12425 E ArmVmp : Match on catch block at 0xc3 in for 0xa9
01-25 08:13:05.709 12425 12425 E ArmVmp : Match on catch block at 0xc3 in for 0xa1
01-25 08:13:05.722 12425 12425 E ArmVmp : Match on catch block at 0xc3 in for 0xa1
01-25 08:13:05.725 12425 12425 E ArmVmp : Match on catch block at 0xc3 in for 0xa5
01-25 08:13:05.738 12425 12425 E ArmVmp : Match on catch block at 0xc3 in for 0xa5
01-25 08:13:05.741 12425 12425 E ArmVmp : Match on catch block at 0xc3 in for 0xa9
01-25 08:13:05.754 12425 12425 E ArmVmp : Match on catch block at 0xc3 in for 0xa9
01-25 08:13:05.757 12425 12425 E ArmVmp : Match on catch block at 0xc3 in for 0xa1
01-25 08:13:05.778 12425 12425 E ArmVmp : Match on catch block at 0xc3 in for 0xa9
01-25 08:13:05.783 12425 12425 E ArmVmp : Match on catch block at 0xc3 in for 0xa1
01-25 08:13:05.790 12425 12425 E ArmVmp : Match on catch block at 0xc3 in for 0xa1
01-25 08:13:05.795 12425 12425 E ArmVmp : Match on catch block at 0xc3 in for 0xa5
01-25 08:13:05.808 12425 12425 E ArmVmp : Match on catch block at 0xc3 in for 0xa5
01-25 08:13:05.812 12425 12425 E ArmVmp : Match on catch block at 0xc3 in for 0xa9
01-25 08:13:05.822 12425 12425 E ArmVmp : Match on catch block at 0xc3 in for 0xa9
01-25 08:13:05.828 12425 12425 E ArmVmp : Match on catch block at 0xc3 in for 0xa1
01-25 08:13:05.843 12425 12425 E ArmVmp : Match on catch block at 0xc3 in for 0xa1
01-25 08:13:05.848 12425 12425 E ArmVmp : Match on catch block at 0xc3 in for 0xa5
01-25 08:13:05.859 12425 12425 E ArmVmp : Match on catch block at 0xc3 in for 0xa5
01-25 08:13:05.866 12425 12425 E ArmVmp : Match on catch block at 0xc3 in for 0xa9
01-25 08:13:05.881 12425 12425 E ArmVmp : Match on catch block at 0xc3 in for 0xa9
01-25 08:13:05.887 12425 12425 E ArmVmp : Match on catch block at 0xc3 in for 0xa1
01-25 08:13:05.898 12425 12425 E ArmVmp : Match on catch block at 0xc3 in for 0xa1
01-25 08:13:05.905 12425 12425 E ArmVmp : Match on catch block at 0xc3 in for 0xa5
01-25 08:13:05.917 12425 12425 E ArmVmp : Match on catch block at 0xc3 in for 0xa5
01-25 08:13:05.925 12425 12425 E ArmVmp : Match on catch block at 0xc3 in for 0xa9
01-25 08:13:05.936 12425 12425 E ArmVmp : Match on catch block at 0xc3 in for 0xa9
01-25 08:13:05.946 12425 12425 E ArmVmp : Match on catch block at 0xc3 in for 0xa1
01-25 08:13:05.957 12425 12425 E ArmVmp : Match on catch block at 0xc3 in for 0xa1
01-25 08:13:05.962 12425 12425 E ArmVmp : Match on catch block at 0xc3 in for 0xa5
01-25 08:13:05.974 12425 12425 E ArmVmp : Match on catch block at 0xc3 in for 0xa5
01-25 08:13:05.980 12425 12425 E ArmVmp : Match on catch block at 0xc3 in for 0xa9
01-25 08:13:05.994 12425 12425 E ArmVmp : Match on catch block at 0xc3 in for 0xa9
01-25 08:13:05.999 12425 12425 E ArmVmp : Match on catch block at 0xc3 in for 0xa1
01-25 08:13:06.009 12425 12425 E ArmVmp : Match on catch block at 0xc3 in for 0xa1
01-25 08:13:06.014 12425 12425 E ArmVmp : Match on catch block at 0xc3 in for 0xa5
01-25 08:13:06.023 12425 12425 E ArmVmp : Match on catch block at 0xc3 in for 0xa5
01-25 08:13:06.029 12425 12425 E ArmVmp : Match on catch block at 0xc3 in for 0xa9
01-25 08:13:06.039 12425 12425 E ArmVmp : Match on catch block at 0xc3 in for 0xa9
01-25 08:13:06.046 12425 12425 E ArmVmp : Match on catch block at 0xc3 in for 0xa1
01-25 08:13:06.056 12425 12425 E ArmVmp : Match on catch block at 0xc3 in for 0xa1
01-25 08:13:06.064 12425 12425 E ArmVmp : Match on catch block at 0xc3 in for 0xa5
01-25 08:13:06.075 12425 12425 E ArmVmp : Match on catch block at 0xc3 in for 0xa5
01-25 08:13:06.082 12425 12425 E ArmVmp : Match on catch block at 0xc3 in for 0xa9
01-25 08:13:06.091 12425 12425 E ArmVmp : Match on catch block at 0xc3 in for 0xa9
01-25 08:13:06.099 12425 12425 E ArmVmp : Match on catch block at 0xc3 in for 0xa1
01-25 08:13:06.109 12425 12425 E ArmVmp : Match on catch block at 0xc3 in for 0xa1
01-25 08:13:06.116 12425 12425 E ArmVmp : Match on catch block at 0xc3 in for 0xa5
01-25 08:13:06.124 12425 12425 E ArmVmp : Match on catch block at 0xc3 in for 0xa5
01-25 08:13:06.130 12425 12425 E ArmVmp : Match on catch block at 0xc3 in for 0xa9
01-25 08:13:06.142 12425 12425 E ArmVmp : Match on catch block at 0xc3 in for 0xa9
01-25 08:13:06.146 12425 12425 E ArmVmp : Match on catch block at 0xc3 in for 0xa1
01-25 08:13:06.155 12425 12425 E ArmVmp : Match on catch block at 0xc3 in for 0xa1
01-25 08:13:06.159 12425 12425 E ArmVmp : Match on catch block at 0xc3 in for 0xa5
01-25 08:13:06.171 12425 12425 E ArmVmp : Match on catch block at 0xc3 in for 0xa5
01-25 08:13:06.175 12425 12425 E ArmVmp : Match on catch block at 0xc3 in for 0xa9
01-25 08:13:06.188 12425 12425 E ArmVmp : Match on catch block at 0xc3 in for 0xa9
01-25 08:13:06.191 12425 12425 E ArmVmp : Match on catch block at 0xc3 in for 0xa1
01-25 08:13:06.206 12425 12425 E ArmVmp : Match on catch block at 0xc3 in for 0xa1
01-25 08:13:06.210 12425 12425 E ArmVmp : Match on catch block at 0xc3 in for 0xa5
01-25 08:13:06.221 12425 12425 E ArmVmp : Match on catch block at 0xc3 in for 0xa5
01-25 08:13:06.227 12425 12425 E ArmVmp : Match on catch block at 0xc3 in for 0xa9
01-25 08:13:06.238 12425 12425 E ArmVmp : Match on catch block at 0xc3 in for 0xa9
01-25 08:13:06.242 12425 12425 E ArmVmp : Match on catch block at 0xc3 in for 0xa1
01-25 08:13:06.255 12425 12425 E ArmVmp : Match on catch block at 0xc3 in for 0xa1
01-25 08:13:06.260 12425 12425 E ArmVmp : Match on catch block at 0xc3 in for 0xa5
01-25 08:13:06.422 12425 17956 W libEGL : EGLNativeWindowType 0x7020d29010 disconnect failed
01-25 08:13:06.439 12425 12425 E ArmVmp : Match on catch block at 0xc3 in for 0xa5
01-25 08:13:06.442 12425 12425 E ArmVmp : Match on catch block at 0xc3 in for 0xa9
01-25 08:13:06.453 12425 12425 E ArmVmp : Match on catch block at 0xc3 in for 0xa9
01-25 08:13:06.459 12425 12425 E ArmVmp : Match on catch block at 0xc3 in for 0xa1
01-25 08:13:06.470 12425 12425 E ArmVmp : Match on catch block at 0xc3 in for 0xa1
01-25 08:13:06.473 12425 12425 E ArmVmp : Match on catch block at 0xc3 in for 0xa5
01-25 08:13:06.500 12425 12425 E ArmVmp : Match on catch block at 0xc3 in for 0xa9
01-25 08:13:06.503 12425 12425 E ArmVmp : Match on catch block at 0xc3 in for 0xa1
01-25 08:13:06.508 12425 12425 E ArmVmp : Match on catch block at 0xc3 in for 0xa1
01-25 08:13:06.511 12425 12425 E ArmVmp : Match on catch block at 0xc3 in for 0xa5
01-25 08:13:06.520 12425 12425 E ArmVmp : Match on catch block at 0xc3 in for 0xa5
01-25 08:13:06.522 12425 12425 E ArmVmp : Match on catch block at 0xc3 in for 0xa9
01-25 08:13:06.537 12425 12425 E ArmVmp : Match on catch block at 0xc3 in for 0xa9
01-25 08:13:06.540 12425 12425 E ArmVmp : Match on catch block at 0xc3 in for 0xa1
01-25 08:13:06.554 12425 12425 E ArmVmp : Match on catch block at 0xc3 in for 0xa1
01-25 08:13:06.561 12425 12425 E ArmVmp : Match on catch block at 0xc3 in for 0xa5
01-25 08:13:06.570 12425 12425 E ArmVmp : Match on catch block at 0xc3 in for 0xa5
01-25 08:13:06.573 12425 12425 E ArmVmp : Match on catch block at 0xc3 in for 0xa9
01-25 08:13:06.587 12425 12425 E ArmVmp : Match on catch block at 0xc3 in for 0xa9
01-25 08:13:06.589 12425 12425 E ArmVmp : Match on catch block at 0xc3 in for 0xa1
01-25 08:13:06.604 12425 12425 E ArmVmp : Match on catch block at 0xc3 in for 0xa1
01-25 08:13:06.607 12425 12425 E ArmVmp : Match on catch block at 0xc3 in for 0xa5
01-25 08:13:06.620 12425 12425 E ArmVmp : Match on catch block at 0xc3 in for 0xa5
01-25 08:13:06.624 12425 12425 E ArmVmp : Match on catch block at 0xc3 in for 0xa9
01-25 08:13:06.645 12425 12425 E ArmVmp : Match on catch block at 0xc3 in for 0xa9
01-25 08:13:06.648 12425 12425 E ArmVmp : Match on catch block at 0xc3 in for 0xa1
01-25 08:13:06.721 12425 12425 E ArmVmp : Match on catch block at 0xc3 in for 0xa5
01-25 08:13:06.725 12425 12425 E ArmVmp : Match on catch block at 0xc3 in for 0xa9
01-25 08:13:06.763 12425 12425 E ArmVmp : Match on catch block at 0xc3 in for 0xa9
01-25 08:13:06.767 12425 12425 E ArmVmp : Match on catch block at 0xc3 in for 0xa1
01-25 08:13:06.788 12425 12425 E ArmVmp : Match on catch block at 0xc3 in for 0xa1
01-25 08:13:06.792 12425 12425 E ArmVmp : Match on catch block at 0xc3 in for 0xa5
01-25 08:13:06.886 12425 12425 E ArmVmp : Match on catch block at 0xc3 in for 0xa5
01-25 08:13:06.899 12425 12425 E ArmVmp : Match on catch block at 0xc3 in for 0xa9
01-25 08:13:06.914 12425 12425 E ArmVmp : Match on catch block at 0xc3 in for 0xa9
01-25 08:13:06.917 12425 12425 E ArmVmp : Match on catch block at 0xc3 in for 0xa1
01-25 08:13:06.924 12425 12425 E ArmVmp : Match on catch block at 0xc3 in for 0xa1
01-25 08:13:06.928 12425 12425 E ArmVmp : Match on catch block at 0xc3 in for 0xa5
01-25 08:13:06.945 12425 12425 W SoundPool: Use of stream types is deprecated for operations other than volume control
01-25 08:13:06.945 12425 12425 W SoundPool: See the documentation of SoundPool() for what to use instead with android.media.AudioAttributes to qualify your playback use case
01-25 08:13:07.090 12425 12425 E ArmVmp : Match on catch block at 0xc3 in for 0xa9
01-25 08:13:07.097 12425 12425 E ArmVmp : Match on catch block at 0xc3 in for 0xa1
01-25 08:13:07.211 12425 12425 E ArmVmp : Match on catch block at 0xc3 in for 0xa5
01-25 08:13:07.214 12425 12425 E ArmVmp : Match on catch block at 0xc3 in for 0xa9
01-25 08:13:07.323 12425 18167 W AsyncQuery: Exception thrown during handling EVENT_ARG_QUERY
01-25 08:13:07.323 12425 18167 W AsyncQuery: java.lang.IllegalStateException: Must call PhenotypeContext.setContext() first
01-25 08:13:07.323 12425 18167 W AsyncQuery: at android.os.Parcel.createExceptionOrNull(Parcel.java:2394)
01-25 08:13:07.323 12425 18167 W AsyncQuery: at android.os.Parcel.createException(Parcel.java:2370)
01-25 08:13:07.323 12425 18167 W AsyncQuery: at android.os.Parcel.readException(Parcel.java:2353)
01-25 08:13:07.323 12425 18167 W AsyncQuery: at android.database.DatabaseUtils.readExceptionFromParcel(DatabaseUtils.java:190)
01-25 08:13:07.323 12425 18167 W AsyncQuery: at android.database.DatabaseUtils.readExceptionFromParcel(DatabaseUtils.java:142)
01-25 08:13:07.323 12425 18167 W AsyncQuery: at android.content.ContentProviderProxy.query(ContentProviderNative.java:472)
01-25 08:13:07.323 12425 18167 W AsyncQuery: at android.content.ContentResolver.query(ContentResolver.java:1193)
01-25 08:13:07.323 12425 18167 W AsyncQuery: at android.content.ContentResolver.query(ContentResolver.java:1125)
01-25 08:13:07.323 12425 18167 W AsyncQuery: at android.content.ContentResolver.query(ContentResolver.java:1081)
01-25 08:13:07.323 12425 18167 W AsyncQuery: at android.content.AsyncQueryHandler$WorkerHandler.handleMessage(AsyncQueryHandler.jav a:79)
01-25 08:13:07.323 12425 18167 W AsyncQuery: at android.os.Handler.dispatchMessage(Handler.java:106)
01-25 08:13:07.323 12425 18167 W AsyncQuery: at android.os.Looper.loop(Looper.java:246)
01-25 08:13:07.323 12425 18167 W AsyncQuery: at android.os.HandlerThread.run(HandlerThread.java:67)
01-25 08:13:07.498 12425 12425 E ArmVmp : Match on catch block at 0xc3 in for 0xa9
01-25 08:13:07.500 12425 12425 E ArmVmp : Match on catch block at 0xc3 in for 0xa1
01-25 08:13:07.608 12425 12425 W CarApp.Conn: Null response from content provider when checking connection to the car, treating as disconnected
01-25 08:13:07.610 12425 12425 W BottomSheetBehavior: BottomSheetBehavior now supports multiple callbacks. `setBottomSheetCallback()` removes all existing callbacks, including ones set internally by library authors, which may result in unintended behavior. This may change in the future. Please use `addBottomSheetCallback()` and `removeBottomSheetCallback()` instead to set your own callbacks.
01-25 08:13:07.708 12425 18241 W libOpenSLES: Conversion from OpenSL ES positional channel mask 0x4 to Android mask 0 loses channels
01-25 08:13:07.867 12425 12425 E ArmVmp : Match on catch block at 0xc3 in for 0xa5
01-25 08:13:07.873 12425 12425 E ArmVmp : Match on catch block at 0xc3 in for 0xa9
01-25 08:13:07.894 12425 17956 W libEGL : EGLNativeWindowType 0x709836b010 disconnect failed
01-25 08:13:07.903 12425 12425 E ArmVmp : Match on catch block at 0xc3 in for 0xa1
01-25 08:13:07.905 12425 12425 E ArmVmp : Match on catch block at 0xc3 in for 0xa5
01-25 08:13:07.909 12425 12425 E ArmVmp : Match on catch block at 0xc3 in for 0xa5
01-25 08:13:07.912 12425 12425 E ArmVmp : Match on catch block at 0xc3 in for 0xa9
01-25 08:13:07.921 12425 12425 E ArmVmp : Match on catch block at 0xc3 in for 0xa9
01-25 08:13:07.924 12425 12425 E ArmVmp : Match on catch block at 0xc3 in for 0xa1
01-25 08:13:07.938 12425 12425 E ArmVmp : Match on catch block at 0xc3 in for 0xa1
01-25 08:13:07.941 12425 12425 E ArmVmp : Match on catch block at 0xc3 in for 0xa5
01-25 08:13:07.954 12425 12425 E ArmVmp : Match on catch block at 0xc3 in for 0xa5
01-25 08:13:07.957 12425 12425 E ArmVmp : Match on catch block at 0xc3 in for 0xa9
01-25 08:13:07.972 12425 12425 E ArmVmp : Match on catch block at 0xc3 in for 0xa1
01-25 08:13:07.976 12425 12425 E ArmVmp : Match on catch block at 0xc3 in for 0xa5
01-25 08:13:07.988 12425 12425 E ArmVmp : Match on catch block at 0xc3 in for 0xa9
01-25 08:13:07.991 12425 12425 E ArmVmp : Match on catch block at 0xc3 in for 0xa1
01-25 08:13:08.004 12425 12425 E ArmVmp : Match on catch block at 0xc3 in for 0xa1
01-25 08:13:08.007 12425 12425 E ArmVmp : Match on catch block at 0xc3 in for 0xa5
01-25 08:13:08.021 12425 12425 E ArmVmp : Match on catch block at 0xc3 in for 0xa5
01-25 08:13:08.023 12425 12425 E ArmVmp : Match on catch block at 0xc3 in for 0xa9
01-25 08:13:08.037 12425 12425 E ArmVmp : Match on catch block at 0xc3 in for 0xa9
01-25 08:13:08.042 12425 12425 E ArmVmp : Match on catch block at 0xc3 in for 0xa1
01-25 08:13:08.054 12425 12425 E ArmVmp : Match on catch block at 0xc3 in for 0xa1
01-25 08:13:08.057 12425 12425 E ArmVmp : Match on catch block at 0xc3 in for 0xa5
01-25 08:13:08.070 12425 12425 E ArmVmp : Match on catch block at 0xc3 in for 0xa5
01-25 08:13:08.073 12425 12425 E ArmVmp : Match on catch block at 0xc3 in for 0xa9
01-25 08:13:08.087 12425 12425 E ArmVmp : Match on catch block at 0xc3 in for 0xa9
01-25 08:13:08.091 12425 12425 E ArmVmp : Match on catch block at 0xc3 in for 0xa1
01-25 08:13:08.103 12425 12425 E ArmVmp : Match on catch block at 0xc3 in for 0xa1
01-25 08:13:08.105 12425 12425 E ArmVmp : Match on catch block at 0xc3 in for 0xa5
01-25 08:13:08.120 12425 12425 E ArmVmp : Match on catch block at 0xc3 in for 0xa5
01-25 08:13:08.123 12425 12425 E ArmVmp : Match on catch block at 0xc3 in for 0xa9
01-25 08:13:08.137 12425 12425 E ArmVmp : Match on catch block at 0xc3 in for 0xa9
01-25 08:13:08.139 12425 12425 E ArmVmp : Match on catch block at 0xc3 in for 0xa1
01-25 08:13:08.153 12425 12425 E ArmVmp : Match on catch block at 0xc3 in for 0xa1
01-25 08:13:08.158 12425 12425 E ArmVmp : Match on catch block at 0xc3 in for 0xa5
01-25 08:13:08.169 12425 12425 E ArmVmp : Match on catch block at 0xc3 in for 0xa5
01-25 08:13:08.172 12425 12425 E ArmVmp : Match on catch block at 0xc3 in for 0xa9
01-25 08:13:08.186 12425 12425 E ArmVmp : Match on catch block at 0xc3 in for 0xa9
01-25 08:13:08.189 12425 12425 E ArmVmp : Match on catch block at 0xc3 in for 0xa1
01-25 08:13:08.203 12425 12425 E ArmVmp : Match on catch block at 0xc3 in for 0xa1
01-25 08:13:08.206 12425 12425 E ArmVmp : Match on catch block at 0xc3 in for 0xa5
01-25 08:13:08.220 12425 12425 E ArmVmp : Match on catch block at 0xc3 in for 0xa5
01-25 08:13:08.222 12425 12425 E ArmVmp : Match on catch block at 0xc3 in for 0xa9
01-25 08:13:08.236 12425 12425 E ArmVmp : Match on catch block at 0xc3 in for 0xa9
01-25 08:13:08.239 12425 12425 E ArmVmp : Match on catch block at 0xc3 in for 0xa1
01-25 08:13:08.253 12425 12425 E ArmVmp : Match on catch block at 0xc3 in for 0xa1
01-25 08:13:08.256 12425 12425 E ArmVmp : Match on catch block at 0xc3 in for 0xa5
01-25 08:13:08.269 12425 12425 E ArmVmp : Match on catch block at 0xc3 in for 0xa5
01-25 08:13:08.272 12425 12425 E ArmVmp : Match on catch block at 0xc3 in for 0xa9
01-25 08:13:08.286 12425 12425 E ArmVmp : Match on catch block at 0xc3 in for 0xa9
01-25 08:13:08.289 12425 12425 E ArmVmp : Match on catch block at 0xc3 in for 0xa1
01-25 08:13:08.303 12425 12425 E ArmVmp : Match on catch block at 0xc3 in for 0xa1
01-25 08:13:08.306 12425 12425 E ArmVmp : Match on catch block at 0xc3 in for 0xa5
01-25 08:13:08.321 12425 12425 E ArmVmp : Match on catch block at 0xc3 in for 0xa5
01-25 08:13:08.323 12425 12425 E ArmVmp : Match on catch block at 0xc3 in for 0xa9
01-25 08:13:08.344 12425 12425 E ArmVmp : Match on catch block at 0xc3 in for 0xa9
01-25 08:13:08.348 12425 12425 E ArmVmp : Match on catch block at 0xc3 in for 0xa1
01-25 08:13:08.358 12425 12425 E ArmVmp : Match on catch block at 0xc3 in for 0xa1
01-25 08:13:08.369 12425 12425 E ArmVmp : Match on catch block at 0xc3 in for 0xa5
01-25 08:13:08.377 12425 12425 E ArmVmp : Match on catch block at 0xc3 in for 0xa5
01-25 08:13:08.381 12425 12425 E ArmVmp : Match on catch block at 0xc3 in for 0xa9
01-25 08:13:08.389 12425 12425 E ArmVmp : Match on catch block at 0xc3 in for 0xa9
01-25 08:13:08.394 12425 12425 E ArmVmp : Match on catch block at 0xc3 in for 0xa1
01-25 08:13:08.407 12425 12425 E ArmVmp : Match on catch block at 0xc3 in for 0xa1
01-25 08:13:08.412 12425 12425 E ArmVmp : Match on catch block at 0xc3 in for 0xa5
01-25 08:13:08.424 12425 12425 E ArmVmp : Match on catch block at 0xc3 in for 0xa5
01-25 08:13:08.429 12425 12425 E ArmVmp : Match on catch block at 0xc3 in for 0xa9
01-25 08:13:08.441 12425 12425 E ArmVmp : Match on catch block at 0xc3 in for 0xa9
01-25 08:13:08.446 12425 12425 E ArmVmp : Match on catch block at 0xc3 in for 0xa1
01-25 08:13:08.457 12425 12425 E ArmVmp : Match on catch block at 0xc3 in for 0xa1
01-25 08:13:08.464 12425 12425 E ArmVmp : Match on catch block at 0xc3 in for 0xa5
01-25 08:13:08.472 12425 12425 E ArmVmp : Match on catch block at 0xc3 in for 0xa5
01-25 08:13:08.479 12425 12425 E ArmVmp : Match on catch block at 0xc3 in for 0xa9
01-25 08:13:08.493 12425 12425 E ArmVmp : Match on catch block at 0xc3 in for 0xa9
01-25 08:13:08.500 12425 12425 E ArmVmp : Match on catch block at 0xc3 in for 0xa1
01-25 08:13:08.509 12425 12425 E ArmVmp : Match on catch block at 0xc3 in for 0xa1
01-25 08:13:08.515 12425 12425 E ArmVmp : Match on catch block at 0xc3 in for 0xa5
01-25 08:13:08.524 12425 12425 E ArmVmp : Match on catch block at 0xc3 in for 0xa5
01-25 08:13:08.529 12425 12425 E ArmVmp : Match on catch block at 0xc3 in for 0xa9
01-25 08:13:08.540 12425 12425 E ArmVmp : Match on catch block at 0xc3 in for 0xa9
01-25 08:13:08.545 12425 12425 E ArmVmp : Match on catch block at 0xc3 in for 0xa1
01-25 08:13:08.557 12425 12425 E ArmVmp : Match on catch block at 0xc3 in for 0xa1
01-25 08:13:08.563 12425 12425 E ArmVmp : Match on catch block at 0xc3 in for 0xa5
01-25 08:13:08.573 12425 12425 E ArmVmp : Match on catch block at 0xc3 in for 0xa5
01-25 08:13:08.579 12425 12425 E ArmVmp : Match on catch block at 0xc3 in for 0xa9
01-25 08:13:08.589 12425 12425 E ArmVmp : Match on catch block at 0xc3 in for 0xa9
01-25 08:13:08.594 12425 12425 E ArmVmp : Match on catch block at 0xc3 in for 0xa1
01-25 08:13:08.608 12425 12425 E ArmVmp : Match on catch block at 0xc3 in for 0xa1
01-25 08:13:08.612 12425 12425 E ArmVmp : Match on catch block at 0xc3 in for 0xa5
01-25 08:13:08.624 12425 12425 E ArmVmp : Match on catch block at 0xc3 in for 0xa5
01-25 08:13:08.629 12425 12425 E ArmVmp : Match on catch block at 0xc3 in for 0xa9
01-25 08:13:08.640 12425 12425 E ArmVmp : Match on catch block at 0xc3 in for 0xa9
01-25 08:13:08.645 12425 12425 E ArmVmp : Match on catch block at 0xc3 in for 0xa1
01-25 08:13:08.656 12425 12425 E ArmVmp : Match on catch block at 0xc3 in for 0xa1
01-25 08:13:08.662 12425 12425 E ArmVmp : Match on catch block at 0xc3 in for 0xa5
01-25 08:13:08.673 12425 12425 E ArmVmp : Match on catch block at 0xc3 in for 0xa5
01-25 08:13:08.678 12425 12425 E ArmVmp : Match on catch block at 0xc3 in for 0xa9
01-25 08:13:08.690 12425 12425 E ArmVmp : Match on catch block at 0xc3 in for 0xa9
01-25 08:13:08.696 12425 12425 E ArmVmp : Match on catch block at 0xc3 in for 0xa1
01-25 08:13:08.706 12425 12425 E ArmVmp : Match on catch block at 0xc3 in for 0xa1
01-25 08:13:08.712 12425 12425 E ArmVmp : Match on catch block at 0xc3 in for 0xa5
01-25 08:13:08.723 12425 12425 E ArmVmp : Match on catch block at 0xc3 in for 0xa5
01-25 08:13:08.731 12425 12425 E ArmVmp : Match on catch block at 0xc3 in for 0xa9
01-25 08:13:08.746 12425 12425 E ArmVmp : Match on catch block at 0xc3 in for 0xa9
01-25 08:13:08.752 12425 12425 E ArmVmp : Match on catch block at 0xc3 in for 0xa1
01-25 08:13:08.764 12425 12425 E ArmVmp : Match on catch block at 0xc3 in for 0xa1
01-25 08:13:08.769 12425 12425 E ArmVmp : Match on catch block at 0xc3 in for 0xa5
01-25 08:13:08.778 12425 12425 E ArmVmp : Match on catch block at 0xc3 in for 0xa5
01-25 08:13:08.783 12425 12425 E ArmVmp : Match on catch block at 0xc3 in for 0xa9
01-25 08:13:08.792 12425 12425 E ArmVmp : Match on catch block at 0xc3 in for 0xa9
01-25 08:13:08.796 12425 12425 E ArmVmp : Match on catch block at 0xc3 in for 0xa1
01-25 08:13:08.806 12425 12425 E ArmVmp : Match on catch block at 0xc3 in for 0xa1
01-25 08:13:08.811 12425 12425 E ArmVmp : Match on catch block at 0xc3 in for 0xa5
01-25 08:13:08.823 12425 12425 E ArmVmp : Match on catch block at 0xc3 in for 0xa5
01-25 08:13:08.828 12425 12425 E ArmVmp : Match on catch block at 0xc3 in for 0xa9
01-25 08:13:08.840 12425 12425 E ArmVmp : Match on catch block at 0xc3 in for 0xa9
01-25 08:13:08.846 12425 12425 E ArmVmp : Match on catch block at 0xc3 in for 0xa1
01-25 08:13:08.856 12425 12425 E ArmVmp : Match on catch block at 0xc3 in for 0xa1
01-25 08:13:08.863 12425 12425 E ArmVmp : Match on catch block at 0xc3 in for 0xa5
01-25 08:13:08.872 12425 12425 E ArmVmp : Match on catch block at 0xc3 in for 0xa5
01-25 08:13:08.879 12425 12425 E ArmVmp : Match on catch block at 0xc3 in for 0xa9
01-25 08:13:08.888 12425 12425 E ArmVmp : Match on catch block at 0xc3 in for 0xa9
01-25 08:13:08.893 12425 12425 E ArmVmp : Match on catch block at 0xc3 in for 0xa1
01-25 08:13:08.906 12425 12425 E ArmVmp : Match on catch block at 0xc3 in for 0xa1
01-25 08:13:08.912 12425 12425 E ArmVmp : Match on catch block at 0xc3 in for 0xa5
01-25 08:13:08.923 12425 12425 E ArmVmp : Match on catch block at 0xc3 in for 0xa5
01-25 08:13:08.928 12425 12425 E ArmVmp : Match on catch block at 0xc3 in for 0xa9
01-25 08:13:08.940 12425 12425 E ArmVmp : Match on catch block at 0xc3 in for 0xa9
01-25 08:13:08.946 12425 12425 E ArmVmp : Match on catch block at 0xc3 in for 0xa1
01-25 08:13:08.956 12425 12425 E ArmVmp : Match on catch block at 0xc3 in for 0xa1
01-25 08:13:08.962 12425 12425 E ArmVmp : Match on catch block at 0xc3 in for 0xa5
01-25 08:13:08.973 12425 12425 E ArmVmp : Match on catch block at 0xc3 in for 0xa5
01-25 08:13:08.978 12425 12425 E ArmVmp : Match on catch block at 0xc3 in for 0xa9
01-25 08:13:08.989 12425 12425 E ArmVmp : Match on catch block at 0xc3 in for 0xa1
01-25 08:13:08.996 12425 12425 E ArmVmp : Match on catch block at 0xc3 in for 0xa5
01-25 08:13:09.012 12425 12425 E ArmVmp : Match on catch block at 0xc3 in for 0xa5
01-25 08:13:09.021 12425 12425 E ArmVmp : Match on catch block at 0xc3 in for 0xa9
01-25 08:13:09.028 12425 12425 E ArmVmp : Match on catch block at 0xc3 in for 0xa9
01-25 08:13:09.033 12425 12425 E ArmVmp : Match on catch block at 0xc3 in for 0xa1
01-25 08:13:09.044 12425 12425 E ArmVmp : Match on catch block at 0xc3 in for 0xa1
01-25 08:13:09.049 12425 12425 E ArmVmp : Match on catch block at 0xc3 in for 0xa5
01-25 08:13:09.059 12425 12425 E ArmVmp : Match on catch block at 0xc3 in for 0xa5
01-25 08:13:09.065 12425 12425 E ArmVmp : Match on catch block at 0xc3 in for 0xa9
01-25 08:13:09.073 12425 12425 E ArmVmp : Match on catch block at 0xc3 in for 0xa9
01-25 08:13:09.078 12425 12425 E ArmVmp : Match on catch block at 0xc3 in for 0xa1
01-25 08:13:09.089 12425 12425 E ArmVmp : Match on catch block at 0xc3 in for 0xa1
01-25 08:13:09.095 12425 12425 E ArmVmp : Match on catch block at 0xc3 in for 0xa5
01-25 08:13:09.106 12425 12425 E ArmVmp : Match on catch block at 0xc3 in for 0xa5
01-25 08:13:09.111 12425 12425 E ArmVmp : Match on catch block at 0xc3 in for 0xa9
01-25 08:13:09.123 12425 12425 E ArmVmp : Match on catch block at 0xc3 in for 0xa9
01-25 08:13:09.128 12425 12425 E ArmVmp : Match on catch block at 0xc3 in for 0xa1
01-25 08:13:09.210 12425 12425 E ArmVmp : Match on catch block at 0xc3 in for 0xa9
01-25 08:13:09.217 12425 12425 E ArmVmp : Match on catch block at 0xc3 in for 0xa1
01-25 08:13:09.226 12425 12425 E ArmVmp : Match on catch block at 0xc3 in for 0xa1
01-25 08:13:09.231 12425 12425 E ArmVmp : Match on catch block at 0xc3 in for 0xa5
01-25 08:13:09.240 12425 12425 E ArmVmp : Match on catch block at 0xc3 in for 0xa5
01-25 08:13:09.245 12425 12425 E ArmVmp : Match on catch block at 0xc3 in for 0xa9
01-25 08:13:09.255 12425 12425 E ArmVmp : Match on catch block at 0xc3 in for 0xa9
01-25 08:13:09.261 12425 12425 E ArmVmp : Match on catch block at 0xc3 in for 0xa1
01-25 08:13:09.275 12425 12425 E ArmVmp : Match on catch block at 0xc3 in for 0xa1
01-25 08:13:09.283 12425 12425 E ArmVmp : Match on catch block at 0xc3 in for 0xa5
01-25 08:13:09.292 12425 12425 E ArmVmp : Match on catch block at 0xc3 in for 0xa5
01-25 08:13:09.299 12425 12425 E ArmVmp : Match on catch block at 0xc3 in for 0xa9
01-25 08:13:09.307 12425 12425 E ArmVmp : Match on catch block at 0xc3 in for 0xa9
01-25 08:13:09.311 12425 12425 E ArmVmp : Match on catch block at 0xc3 in for 0xa1
01-25 08:13:09.323 12425 12425 E ArmVmp : Match on catch block at 0xc3 in for 0xa1
01-25 08:13:09.328 12425 12425 E ArmVmp : Match on catch block at 0xc3 in for 0xa5
01-25 08:13:09.340 12425 12425 E ArmVmp : Match on catch block at 0xc3 in for 0xa5
01-25 08:13:09.346 12425 12425 E ArmVmp : Match on catch block at 0xc3 in for 0xa9
01-25 08:13:09.358 12425 12425 E ArmVmp : Match on catch block at 0xc3 in for 0xa9
01-25 08:13:09.364 12425 12425 E ArmVmp : Match on catch block at 0xc3 in for 0xa1
01-25 08:13:09.373 12425 12425 E ArmVmp : Match on catch block at 0xc3 in for 0xa1
01-25 08:13:09.380 12425 12425 E ArmVmp : Match on catch block at 0xc3 in for 0xa5
01-25 08:13:09.389 12425 12425 E ArmVmp : Match on catch block at 0xc3 in for 0xa5
01-25 08:13:09.395 12425 12425 E ArmVmp : Match on catch block at 0xc3 in for 0xa9
01-25 08:13:09.407 12425 12425 E ArmVmp : Match on catch block at 0xc3 in for 0xa9
01-25 08:13:09.414 12425 12425 E ArmVmp : Match on catch block at 0xc3 in for 0xa1
01-25 08:13:09.423 12425 12425 E ArmVmp : Match on catch block at 0xc3 in for 0xa1
01-25 08:13:09.428 12425 12425 E ArmVmp : Match on catch block at 0xc3 in for 0xa5
01-25 08:13:09.440 12425 12425 E ArmVmp : Match on catch block at 0xc3 in for 0xa5
01-25 08:13:09.445 12425 12425 E ArmVmp : Match on catch block at 0xc3 in for 0xa9
01-25 08:13:09.456 12425 12425 E ArmVmp : Match on catch block at 0xc3 in for 0xa9
01-25 08:13:09.460 12425 12425 E ArmVmp : Match on catch block at 0xc3 in for 0xa1
01-25 08:13:09.473 12425 12425 E ArmVmp : Match on catch block at 0xc3 in for 0xa1
01-25 08:13:09.479 12425 12425 E ArmVmp : Match on catch block at 0xc3 in for 0xa5
01-25 08:13:09.488 12425 12425 E ArmVmp : Match on catch block at 0xc3 in for 0xa5
01-25 08:13:09.493 12425 12425 E ArmVmp : Match on catch block at 0xc3 in for 0xa9
01-25 08:13:09.505 12425 12425 E ArmVmp : Match on catch block at 0xc3 in for 0xa9
01-25 08:13:09.510 12425 12425 E ArmVmp : Match on catch block at 0xc3 in for 0xa1
01-25 08:13:09.521 12425 12425 E ArmVmp : Match on catch block at 0xc3 in for 0xa1
01-25 08:13:09.526 12425 12425 E ArmVmp : Match on catch block at 0xc3 in for 0xa5
01-25 08:13:09.539 12425 12425 E ArmVmp : Match on catch block at 0xc3 in for 0xa5
01-25 08:13:09.545 12425 12425 E ArmVmp : Match on catch block at 0xc3 in for 0xa9
01-25 08:13:09.555 12425 12425 E ArmVmp : Match on catch block at 0xc3 in for 0xa9
01-25 08:13:09.562 12425 12425 E ArmVmp : Match on catch block at 0xc3 in for 0xa1
01-25 08:13:09.574 12425 12425 E ArmVmp : Match on catch block at 0xc3 in for 0xa1
01-25 08:13:09.584 12425 12425 E ArmVmp : Match on catch block at 0xc3 in for 0xa5
01-25 08:13:09.595 12425 12425 E ArmVmp : Match on catch block at 0xc3 in for 0xa5
01-25 08:13:09.602 12425 12425 E ArmVmp : Match on catch block at 0xc3 in for 0xa9
01-25 08:13:09.610 12425 12425 E ArmVmp : Match on catch block at 0xc3 in for 0xa9
01-25 08:13:09.616 12425 12425 E ArmVmp : Match on catch block at 0xc3 in for 0xa1
01-25 08:13:09.625 12425 12425 E ArmVmp : Match on catch block at 0xc3 in for 0xa1
01-25 08:13:09.631 12425 12425 E ArmVmp : Match on catch block at 0xc3 in for 0xa5
01-25 08:13:09.639 12425 12425 E ArmVmp : Match on catch block at 0xc3 in for 0xa5
01-25 08:13:09.646 12425 12425 E ArmVmp : Match on catch block at 0xc3 in for 0xa9
01-25 08:13:09.655 12425 12425 E ArmVmp : Match on catch block at 0xc3 in for 0xa9
01-25 08:13:09.662 12425 12425 E ArmVmp : Match on catch block at 0xc3 in for 0xa1
01-25 08:13:09.674 12425 12425 E ArmVmp : Match on catch block at 0xc3 in for 0xa1
01-25 08:13:09.691 12425 12425 E ArmVmp : Match on catch block at 0xc3 in for 0xa5
01-25 08:13:09.700 12425 12425 E ArmVmp : Match on catch block at 0xc3 in for 0xa5
01-25 08:13:09.707 12425 12425 E ArmVmp : Match on catch block at 0xc3 in for 0xa9
01-25 08:13:09.715 12425 12425 E ArmVmp : Match on catch block at 0xc3 in for 0xa9
01-25 08:13:09.721 12425 12425 E ArmVmp : Match on catch block at 0xc3 in for 0xa1
01-25 08:13:09.729 12425 12425 E ArmVmp : Match on catch block at 0xc3 in for 0xa1
01-25 08:13:09.734 12425 12425 E ArmVmp : Match on catch block at 0xc3 in for 0xa5
01-25 08:13:09.741 12425 12425 E ArmVmp : Match on catch block at 0xc3 in for 0xa5
01-25 08:13:09.747 12425 12425 E ArmVmp : Match on catch block at 0xc3 in for 0xa9
01-25 08:13:09.754 12425 12425 E ArmVmp : Match on catch block at 0xc3 in for 0xa9
01-25 08:13:09.760 12425 12425 E ArmVmp : Match on catch block at 0xc3 in for 0xa1
01-25 08:13:09.770 12425 12425 E ArmVmp : Match on catch block at 0xc3 in for 0xa1
01-25 08:13:09.775 12425 12425 E ArmVmp : Match on catch block at 0xc3 in for 0xa5
01-25 08:13:09.787 12425 12425 E ArmVmp : Match on catch block at 0xc3 in for 0xa5
01-25 08:13:09.792 12425 12425 E ArmVmp : Match on catch block at 0xc3 in for 0xa9
01-25 08:13:09.803 12425 12425 E ArmVmp : Match on catch block at 0xc3 in for 0xa9
01-25 08:13:09.807 12425 12425 E ArmVmp : Match on catch block at 0xc3 in for 0xa1
01-25 08:13:09.821 12425 12425 E ArmVmp : Match on catch block at 0xc3 in for 0xa1
01-25 08:13:09.826 12425 12425 E ArmVmp : Match on catch block at 0xc3 in for 0xa5
01-25 08:13:09.840 12425 12425 E ArmVmp : Match on catch block at 0xc3 in for 0xa5
01-25 08:13:09.847 12425 12425 E ArmVmp : Match on catch block at 0xc3 in for 0xa9
01-25 08:13:09.854 12425 12425 E ArmVmp : Match on catch block at 0xc3 in for 0xa9
01-25 08:13:09.859 12425 12425 E ArmVmp : Match on catch block at 0xc3 in for 0xa1
01-25 08:13:09.871 12425 12425 E ArmVmp : Match on catch block at 0xc3 in for 0xa1
01-25 08:13:09.876 12425 12425 E ArmVmp : Match on catch block at 0xc3 in for 0xa5
01-25 08:13:09.887 12425 12425 E ArmVmp : Match on catch block at 0xc3 in for 0xa5
01-25 08:13:09.892 12425 12425 E ArmVmp : Match on catch block at 0xc3 in for 0xa9
01-25 08:13:09.904 12425 12425 E ArmVmp : Match on catch block at 0xc3 in for 0xa9
01-25 08:13:09.909 12425 12425 E ArmVmp : Match on catch block at 0xc3 in for 0xa1
01-25 08:13:09.922 12425 12425 E ArmVmp : Match on catch block at 0xc3 in for 0xa1
01-25 08:13:09.927 12425 12425 E ArmVmp : Match on catch block at 0xc3 in for 0xa5
01-25 08:13:09.939 12425 12425 E ArmVmp : Match on catch block at 0xc3 in for 0xa5
01-25 08:13:09.948 12425 12425 E ArmVmp : Match on catch block at 0xc3 in for 0xa9
01-25 08:13:09.956 12425 12425 E ArmVmp : Match on catch block at 0xc3 in for 0xa9
01-25 08:13:09.962 12425 12425 E ArmVmp : Match on catch block at 0xc3 in for 0xa1
01-25 08:13:09.971 12425 12425 E ArmVmp : Match on catch block at 0xc3 in for 0xa1
01-25 08:13:09.981 12425 12425 E ArmVmp : Match on catch block at 0xc3 in for 0xa5
01-25 08:13:09.990 12425 12425 E ArmVmp : Match on catch block at 0xc3 in for 0xa5
01-25 08:13:09.996 12425 12425 E ArmVmp : Match on catch block at 0xc3 in for 0xa9
01-25 08:13:10.012 12425 12425 E ArmVmp : Match on catch block at 0xc3 in for 0xa1
01-25 08:13:10.018 12425 12425 E ArmVmp : Match on catch block at 0xc3 in for 0xa5
01-25 08:13:10.031 12425 12425 E ArmVmp : Match on catch block at 0xc3 in for 0xa5
01-25 08:13:10.039 12425 12425 E ArmVmp : Match on catch block at 0xc3 in for 0xa9
01-25 08:13:10.048 12425 12425 E ArmVmp : Match on catch block at 0xc3 in for 0xa9
01-25 08:13:10.052 12425 12425 E ArmVmp : Match on catch block at 0xc3 in for 0xa1
01-25 08:13:10.060 12425 12425 E ArmVmp : Match on catch block at 0xc3 in for 0xa1
01-25 08:13:10.064 12425 12425 E ArmVmp : Match on catch block at 0xc3 in for 0xa5
01-25 08:13:10.292 12425 12425 E ArmVmp : Match on catch block at 0xc3 in for 0xa1
01-25 08:13:10.297 12425 12425 E ArmVmp : Match on catch block at 0xc3 in for 0xa5
01-25 08:13:10.315 12425 12425 E ArmVmp : Match on catch block at 0xc3 in for 0xa5
01-25 08:13:10.324 12425 12425 E ArmVmp : Match on catch block at 0xc3 in for 0xa9
01-25 08:13:10.330 12425 12425 E ArmVmp : Match on catch block at 0xc3 in for 0xa9
01-25 08:13:10.336 12425 12425 E ArmVmp : Match on catch block at 0xc3 in for 0xa1
01-25 08:13:10.343 12425 12425 E ArmVmp : Match on catch block at 0xc3 in for 0xa1
01-25 08:13:10.347 12425 12425 E ArmVmp : Match on catch block at 0xc3 in for 0xa5
01-25 08:13:10.354 12425 12425 E ArmVmp : Match on catch block at 0xc3 in for 0xa5
01-25 08:13:10.359 12425 12425 E ArmVmp : Match on catch block at 0xc3 in for 0xa9
01-25 08:13:10.371 12425 12425 E ArmVmp : Match on catch block at 0xc3 in for 0xa9
01-25 08:13:10.378 12425 12425 E ArmVmp : Match on catch block at 0xc3 in for 0xa1
01-25 08:13:10.388 12425 12425 E ArmVmp : Match on catch block at 0xc3 in for 0xa1
01-25 08:13:10.392 12425 12425 E ArmVmp : Match on catch block at 0xc3 in for 0xa5
01-25 08:13:10.405 12425 12425 E ArmVmp : Match on catch block at 0xc3 in for 0xa5
01-25 08:13:10.411 12425 12425 E ArmVmp : Match on catch block at 0xc3 in for 0xa9
01-25 08:13:10.423 12425 12425 E ArmVmp : Match on catch block at 0xc3 in for 0xa9
01-25 08:13:10.429 12425 12425 E ArmVmp : Match on catch block at 0xc3 in for 0xa1
01-25 08:13:10.440 12425 12425 E ArmVmp : Match on catch block at 0xc3 in for 0xa1
01-25 08:13:10.447 12425 12425 E ArmVmp : Match on catch block at 0xc3 in for 0xa5
01-25 08:13:10.456 12425 12425 E ArmVmp : Match on catch block at 0xc3 in for 0xa5
01-25 08:13:10.463 12425 12425 E ArmVmp : Match on catch block at 0xc3 in for 0xa9
01-25 08:13:10.472 12425 12425 E ArmVmp : Match on catch block at 0xc3 in for 0xa9
01-25 08:13:10.480 12425 12425 E ArmVmp : Match on catch block at 0xc3 in for 0xa1
01-25 08:13:10.489 12425 12425 E ArmVmp : Match on catch block at 0xc3 in for 0xa1
01-25 08:13:10.495 12425 12425 E ArmVmp : Match on catch block at 0xc3 in for 0xa5
01-25 08:13:10.506 12425 12425 E ArmVmp : Match on catch block at 0xc3 in for 0xa5
01-25 08:13:10.514 12425 12425 E ArmVmp : Match on catch block at 0xc3 in for 0xa9
01-25 08:13:10.531 12425 12425 E ArmVmp : Match on catch block at 0xc3 in for 0xa9
01-25 08:13:10.538 12425 12425 E ArmVmp : Match on catch block at 0xc3 in for 0xa1
01-25 08:13:10.547 12425 12425 E ArmVmp : Match on catch block at 0xc3 in for 0xa1
01-25 08:13:10.553 12425 12425 E ArmVmp : Match on catch block at 0xc3 in for 0xa5
01-25 08:13:10.563 12425 12425 E ArmVmp : Match on catch block at 0xc3 in for 0xa5
01-25 08:13:10.571 12425 12425 E ArmVmp : Match on catch block at 0xc3 in for 0xa9
01-25 08:13:10.584 12425 12425 E ArmVmp : Match on catch block at 0xc3 in for 0xa9
01-25 08:13:10.589 12425 12425 E ArmVmp : Match on catch block at 0xc3 in for 0xa1
01-25 08:13:10.598 12425 12425 E ArmVmp : Match on catch block at 0xc3 in for 0xa1
01-25 08:13:10.604 12425 12425 E ArmVmp : Match on catch block at 0xc3 in for 0xa5
01-25 08:13:10.610 12425 12425 E ArmVmp : Match on catch block at 0xc3 in for 0xa5
01-25 08:13:10.615 12425 12425 E ArmVmp : Match on catch block at 0xc3 in for 0xa9
01-25 08:13:10.622 12425 12425 E ArmVmp : Match on catch block at 0xc3 in for 0xa9
01-25 08:13:10.627 12425 12425 E ArmVmp : Match on catch block at 0xc3 in for 0xa1
01-25 08:13:10.638 12425 12425 E ArmVmp : Match on catch block at 0xc3 in for 0xa1
01-25 08:13:10.643 12425 12425 E ArmVmp : Match on catch block at 0xc3 in for 0xa5
01-25 08:13:10.654 12425 12425 E ArmVmp : Match on catch block at 0xc3 in for 0xa5
01-25 08:13:10.661 12425 12425 E ArmVmp : Match on catch block at 0xc3 in for 0xa9
01-25 08:13:10.673 12425 12425 E ArmVmp : Match on catch block at 0xc3 in for 0xa9
01-25 08:13:10.681 12425 12425 E ArmVmp : Match on catch block at 0xc3 in for 0xa1
01-25 08:13:10.691 12425 12425 E ArmVmp : Match on catch block at 0xc3 in for 0xa1
01-25 08:13:10.696 12425 12425 E ArmVmp : Match on catch block at 0xc3 in for 0xa5
01-25 08:13:10.704 12425 12425 E ArmVmp : Match on catch block at 0xc3 in for 0xa5
01-25 08:13:10.708 12425 12425 E ArmVmp : Match on catch block at 0xc3 in for 0xa9
01-25 08:13:10.720 12425 12425 E ArmVmp : Match on catch block at 0xc3 in for 0xa9
01-25 08:13:10.724 12425 12425 E ArmVmp : Match on catch block at 0xc3 in for 0xa1
01-25 08:13:10.737 12425 12425 E ArmVmp : Match on catch block at 0xc3 in for 0xa1
