01-23 16:06:47.978 7642 14463 W VideoCapabilities: Unrecognized profile/level 32768/64 for video/mp4v-es
01-23 16:06:48.315 7642 14332 W libEGL : EGLNativeWindowType 0x6e6b398010 disconnect failed
01-23 16:06:48.331 7642 14332 W libEGL : EGLNativeWindowType 0x6e6b3ca010 disconnect failed
01-23 16:06:48.480 7642 14448 W MediaCodec: keep callback message for reclaim
01-23 16:06:48.554 7642 14500 W Gralloc4: allocator 3.x is not supported
01-23 16:06:48.556 7642 14500 W Gralloc3: allocator 3.x is not supported
01-23 16:06:48.669 7642 14471 E chromium: [ERROR:image_reader_gl_owner.cc(306)] no buffers currently available in the reader queue
01-23 16:07:29.750 7642 14448 W cr_MediaCodecBridge: Releasing: OMX.Exynos.hevc.dec
01-23 16:07:29.755 7642 14448 W cr_MediaCodecBridge: Codec released
01-23 16:07:59.030 7642 14332 W libEGL : EGLNativeWindowType 0x6e51f73010 disconnect failed
01-23 16:08:03.922 7642 7642 E ArmVmp : Match on catch block at 0x0a in for 0xc9
01-23 16:08:04.827 7642 14332 W libEGL : EGLNativeWindowType 0x6e51f73010 disconnect failed
01-23 16:08:05.064 7642 7642 E ArmVmp : Match on catch block at 0x0a in for 0xc9
01-23 16:08:07.837 7642 7642 E ArmVmp : Match on catch block at 0x0a in for 0xc9
01-23 16:08:13.647 7642 14332 W libEGL : EGLNativeWindowType 0x6e7b649010 disconnect failed
01-23 16:08:50.103 7642 7642 E ArmVmp : Match on catch block at 0x0a in for 0xc1
01-23 16:08:50.171 7642 14469 W chromium: [WARNING:display_webview.cc(32)] WebView overlays are enabled!
01-23 16:08:55.809 7642 14332 W libEGL : EGLNativeWindowType 0x6e7b649010 disconnect failed
01-23 16:08:58.051 15355 15355 E com.whatsapp: Not starting debugger since process cannot load the jdwp agent.
01-23 16:08:58.245 15355 15355 W System.err: java.lang.ClassNotFoundException: mbmodsd.mbmodsw.ui.views.btn.BtnBK
01-23 16:08:58.247 15355 15355 W System.err: at java.lang.Runtime.nativeLoad(Native Method)
01-23 16:08:58.247 15355 15355 W System.err: at java.lang.Runtime.nativeLoad(Runtime.java:1131)
01-23 16:08:58.247 15355 15355 W System.err: at java.lang.Runtime.loadLibrary0(Runtime.java:1085)
01-23 16:08:58.247 15355 15355 W System.err: at java.lang.Runtime.loadLibrary0(Runtime.java:1008)
01-23 16:08:58.247 15355 15355 W System.err: at java.lang.System.loadLibrary(System.java:1664)
01-23 16:08:58.247 15355 15355 W System.err: at arm.EpicVm.<clinit>(Unknown Source:2)
01-23 16:08:58.247 15355 15355 W System.err: at java.lang.Class.newInstance(Native Method)
01-23 16:08:58.248 15355 15355 W System.err: at android.app.AppComponentFactory.instantiateApplication(AppComponentFactory.java:76)
01-23 16:08:58.248 15355 15355 W System.err: at androidx.core.app.CoreComponentFactory.instantiateApplication(Unknown Source:0)
01-23 16:08:58.248 15355 15355 W System.err: at android.app.Instrumentation.newApplication(Instrumentation.java:1158)
01-23 16:08:58.248 15355 15355 W System.err: at android.app.LoadedApk.makeApplication(LoadedApk.java:1324)
01-23 16:08:58.248 15355 15355 W System.err: at android.app.ActivityThread.handleBindApplication(ActivityThread.java:7543)
01-23 16:08:58.248 15355 15355 W System.err: at android.app.ActivityThread.access$1500(ActivityThread.java:301)
01-23 16:08:58.248 15355 15355 W System.err: at android.app.ActivityThread$H.handleMessage(ActivityThread.java:2177)
01-23 16:08:58.248 15355 15355 W System.err: at android.os.Handler.dispatchMessage(Handler.java:106)
01-23 16:08:58.248 15355 15355 W System.err: at android.os.Looper.loop(Looper.java:246)
01-23 16:08:58.248 15355 15355 W System.err: at android.app.ActivityThread.main(ActivityThread.java:8653)
01-23 16:08:58.248 15355 15355 W System.err: at java.lang.reflect.Method.invoke(Native Method)
01-23 16:08:58.248 15355 15355 W System.err: at com.android.internal.os.RuntimeInit$MethodAndArgsCaller.run(RuntimeInit.java:602)
01-23 16:08:58.248 15355 15355 W System.err: at com.android.internal.os.ZygoteInit.main(ZygoteInit.java:1130)
01-23 16:08:58.260 15355 15355 E CustomActivityOnCrash: IMPORTANT WARNING! You already have an UncaughtExceptionHandler, are you sure this is correct? If you use a custom UncaughtExceptionHandler, you must initialize it AFTER CustomActivityOnCrash! Installing anyway, but your original handler will not be called.
01-23 16:08:58.605 15355 15355 W com.whatsapp: Accessing hidden method Lcom/android/org/conscrypt/OpenSSLSocketImpl;->setUseSessionTickets(Z)V (greylist- max-q,core-platform-api, reflection, denied)
01-23 16:08:58.605 15355 15355 W com.whatsapp: Accessing hidden method Lcom/android/org/conscrypt/AbstractConscryptSocket;->setUseSessionTickets(Z)V (greylist-max-q, reflection, denied)
01-23 16:08:58.681 15355 15355 W linker : Warning: "/data/data/com.whatsapp/files/decompressed/libs.spk.zst/libc++_shared.so" unused DT entry: unknown processor-specific (type 0x70000001 arg 0x0) (ignoring)
01-23 16:08:58.983 15355 15403 W com.whatsapp: Class X.2rL failed lock verification and will run slower.
01-23 16:08:58.983 15355 15403 W com.whatsapp: Common causes for lock verification issues are non-optimized dex code
01-23 16:08:58.983 15355 15403 W com.whatsapp: and incorrect proguard optimizations.
01-23 16:09:00.201 15355 15355 W com.whatsapp: Class X.0eU failed lock verification and will run slower.
01-23 16:09:00.624 15355 15355 E ArmVmp : Match on catch block at 0x0a in for 0xc1
01-23 16:09:00.652 15355 15355 E ArmVmp : Match on catch block at 0x0a in for 0x135
01-23 16:09:00.655 15355 15528 W com.whatsapp: Accessing hidden method Lcom/android/org/conscrypt/ConscryptEngineSocket;->setUseSessionTickets(Z)V (greylist-max-q,core-platform-api, reflection, denied)
01-23 16:09:00.655 15355 15528 W com.whatsapp: Accessing hidden method Lcom/android/org/conscrypt/OpenSSLSocketImpl;->setUseSessionTickets(Z)V (greylist- max-q,core-platform-api, reflection, denied)
01-23 16:09:00.655 15355 15528 W com.whatsapp: Accessing hidden method Lcom/android/org/conscrypt/AbstractConscryptSocket;->setUseSessionTickets(Z)V (greylist-max-q, reflection, denied)
01-23 16:09:00.655 15355 15528 W com.whatsapp: Accessing hidden method Lcom/android/org/conscrypt/ConscryptEngineSocket;->setHostname(Ljava/lang/String;)V (greylist-max-q,core-platform-api, reflection, denied)
01-23 16:09:00.655 15355 15528 W com.whatsapp: Accessing hidden method Lcom/android/org/conscrypt/OpenSSLSocketImpl;->setHostname(Ljava/lang/String;)V (greylist-max-q,core-platform-api, reflection, denied)
01-23 16:09:00.656 15355 15528 W com.whatsapp: Accessing hidden method Lcom/android/org/conscrypt/AbstractConscryptSocket;->setHostname(Ljava/lang/ String;)V (greylist-max-q, reflection, denied)
01-23 16:09:00.656 15355 15528 W com.whatsapp: Accessing hidden method Lcom/android/org/conscrypt/OpenSSLSocketImpl;->setAlpnProtocols([B)V (greylist-max- q,core-platform-api, reflection, denied)
01-23 16:09:00.656 15355 15528 W com.whatsapp: Accessing hidden method Lcom/android/org/conscrypt/AbstractConscryptSocket;->setAlpnProtocols([B)V (greylist-max-q, reflection, denied)
01-23 16:09:00.712 15355 15528 W com.whatsapp: Accessing hidden method Lcom/android/org/conscrypt/OpenSSLSocketImpl;->getAlpnSelectedProtocol()[B (greylist-max-q,core-platform-api, reflection, denied)
01-23 16:09:00.712 15355 15528 W com.whatsapp: Accessing hidden method Lcom/android/org/conscrypt/AbstractConscryptSocket;->getAlpnSelectedProtocol()[B (greylist-max-q, reflection, denied)
01-23 16:09:01.673 15355 15355 E RecyclerView: No adapter attached; skipping layout
01-23 16:09:01.732 15355 15513 W Gralloc3: mapper 3.x is not supported
01-23 16:09:01.797 15355 15355 E ViewRootImpl@174d917[HomeActivity]: Surface is not valid.
01-23 16:09:01.854 15355 15355 E RecyclerView: No adapter attached; skipping layout
01-23 16:09:01.855 15355 15355 W View : requestLayout() improperly called by androidx.appcompat.view.menu.ActionMenuItemView{f66b1bf VFED..C.. ......ID 172,0- 259,0 #7f0b0f8a app:id/menuitem_search} during layout: running second layout pass
01-23 16:09:01.856 15355 15355 W View : requestLayout() improperly called by androidx.appcompat.widget.ActionMenuView{19c108c V.E...... ......ID 326,225- 751,225} during layout: running second layout pass
01-23 16:09:01.866 15355 15355 E ViewRootImpl@174d917[HomeActivity]: Surface is not valid.
01-23 16:09:01.905 15355 15355 E ArmVmp : Match on catch block at 0x0a in for 0xd1
01-23 16:09:01.931 15355 15513 W libEGL : EGLNativeWindowType 0x6e8725d010 disconnect failed
01-23 16:09:01.957 15355 15355 W View : requestLayout() improperly called by DecorView@ec96f5c[HomeActivity] during second layout pass: posting in next frame
01-23 16:09:02.043 15355 15579 W LOTTIE : Animation contains merge paths. Merge paths are only supported on KitKat+ and must be manually enabled by calling enableMergePathsForKitKatAndAbove().
01-23 16:09:02.352 15355 15355 W LOTTIE : Animation contains merge paths but they are disabled.
01-23 16:09:02.407 15355 15513 W libEGL : EGLNativeWindowType 0x6e85b28010 disconnect failed
01-23 16:09:02.598 15355 15355 E ArmVmp : Match on catch block at 0x5b in for 0x89
01-23 16:09:02.625 15355 15355 E ArmVmp : Match on catch block at 0x5b in for 0x81
01-23 16:09:04.773 15355 15355 E ArmVmp : Match on catch block at 0x0a in for 0xd9
01-23 16:09:04.804 15355 15355 W linker : Warning: "/data/app/~~tKTsTnAZev1brORCpFEFKw==/com.google.android.trichromelibrary_609923033 -JqEqXQrZbT_HG7cJgDr-FA==/base.apk!/lib/arm64-v8a/libmonochrome_64.so" unused DT entry: unknown processor-specific (type 0x70000001 arg 0x0) (ignoring)
01-23 16:09:04.838 15355 15613 E chromium: [0123/160904.838050:ERROR:variations_seed_loader.cc(69)] Failed to open file for reading. Errno: 2
01-23 16:09:05.109 15355 15355 E ArmVmp : Match on catch block at 0x0a in for 0xc9
01-23 16:09:05.228 15355 15654 W chromium: [WARNING:display_webview.cc(32)] WebView overlays are enabled!
01-23 16:09:05.408 15355 15649 W AudioCapabilities: Unsupported mime audio/x-ima
01-23 16:09:05.410 15355 15649 W VideoCapabilities: Unsupported mime video/mp43
01-23 16:09:05.411 15355 15649 W VideoCapabilities: Unsupported mime video/wvc1
01-23 16:09:05.412 15355 15649 W VideoCapabilities: Unsupported mime video/x-ms-wmv
01-23 16:09:05.412 15355 15649 W AudioCapabilities: Unsupported mime audio/x-ms-wma
01-23 16:09:05.412 15355 15649 W VideoCapabilities: Unsupported mime video/x-ms- wmv7
01-23 16:09:05.413 15355 15649 W VideoCapabilities: Unsupported mime video/x-ms- wmv8
01-23 16:09:05.413 15355 15649 W AudioCapabilities: Unsupported mime audio/x-ima
01-23 16:09:05.415 15355 15649 W AudioCapabilities: Unsupported mime audio/mpeg-L1
01-23 16:09:05.415 15355 15649 W AudioCapabilities: Unsupported mime audio/mpeg-L2
01-23 16:09:05.415 15355 15649 W VideoCapabilities: Unsupported mime video/wvc1
01-23 16:09:05.435 15355 15649 W VideoCapabilities: Unsupported mime video/wvc1
01-23 16:09:05.440 15355 15649 W VideoCapabilities: Unsupported mime video/avc-wfd
01-23 16:09:05.442 15355 15649 W VideoCapabilities: Unrecognized profile/level 1/32 for video/mp4v-es
01-23 16:09:05.443 15355 15649 W VideoCapabilities: Unrecognized profile/level 32768/2 for video/mp4v-es
01-23 16:09:05.443 15355 15649 W VideoCapabilities: Unrecognized profile/level 32768/64 for video/mp4v-es
01-23 16:09:05.682 15355 15628 W MediaCodec: keep callback message for reclaim
01-23 16:09:05.749 15355 15513 W libEGL : EGLNativeWindowType 0x6e85b28010 disconnect failed
01-23 16:09:05.761 15355 15513 W libEGL : EGLNativeWindowType 0x6e85b4d010 disconnect failed
01-23 16:09:05.788 15355 15688 W Gralloc4: allocator 3.x is not supported
01-23 16:09:05.788 15355 15688 W Gralloc3: allocator 3.x is not supported
01-23 16:09:05.871 15355 15657 E chromium: [ERROR:image_reader_gl_owner.cc(306)] no buffers currently available in the reader queue
01-23 16:09:38.477 15355 15513 W libEGL : EGLNativeWindowType 0x6e76bb8010 disconnect failed
01-23 16:09:38.500 15355 15628 W cr_MediaCodecBridge: Releasing: OMX.Exynos.hevc.dec
01-23 16:09:38.506 15355 15628 W cr_MediaCodecBridge: Codec released
01-23 16:09:40.253 15753 15753 E com.whatsapp: Not starting debugger since process cannot load the jdwp agent.
01-23 16:09:40.474 15753 15753 W System.err: java.lang.ClassNotFoundException: mbmodsd.mbmodsw.ui.views.btn.BtnBK
01-23 16:09:40.475 15753 15753 W System.err: at java.lang.Runtime.nativeLoad(Native Method)
01-23 16:09:40.475 15753 15753 W System.err: at java.lang.Runtime.nativeLoad(Runtime.java:1131)
01-23 16:09:40.475 15753 15753 W System.err: at java.lang.Runtime.loadLibrary0(Runtime.java:1085)
01-23 16:09:40.475 15753 15753 W System.err: at java.lang.Runtime.loadLibrary0(Runtime.java:1008)
01-23 16:09:40.475 15753 15753 W System.err: at java.lang.System.loadLibrary(System.java:1664)
01-23 16:09:40.475 15753 15753 W System.err: at arm.EpicVm.<clinit>(Unknown Source:2)
01-23 16:09:40.475 15753 15753 W System.err: at java.lang.Class.newInstance(Native Method)
01-23 16:09:40.475 15753 15753 W System.err: at android.app.AppComponentFactory.instantiateApplication(AppComponentFactory.java:76)
01-23 16:09:40.475 15753 15753 W System.err: at androidx.core.app.CoreComponentFactory.instantiateApplication(Unknown Source:0)
01-23 16:09:40.475 15753 15753 W System.err: at android.app.Instrumentation.newApplication(Instrumentation.java:1158)
01-23 16:09:40.475 15753 15753 W System.err: at android.app.LoadedApk.makeApplication(LoadedApk.java:1324)
01-23 16:09:40.475 15753 15753 W System.err: at android.app.ActivityThread.handleBindApplication(ActivityThread.java:7543)
01-23 16:09:40.475 15753 15753 W System.err: at android.app.ActivityThread.access$1500(ActivityThread.java:301)
01-23 16:09:40.475 15753 15753 W System.err: at android.app.ActivityThread$H.handleMessage(ActivityThread.java:2177)
01-23 16:09:40.475 15753 15753 W System.err: at android.os.Handler.dispatchMessage(Handler.java:106)
01-23 16:09:40.475 15753 15753 W System.err: at android.os.Looper.loop(Looper.java:246)
01-23 16:09:40.475 15753 15753 W System.err: at android.app.ActivityThread.main(ActivityThread.java:8653)
01-23 16:09:40.475 15753 15753 W System.err: at java.lang.reflect.Method.invoke(Native Method)
01-23 16:09:40.475 15753 15753 W System.err: at com.android.internal.os.RuntimeInit$MethodAndArgsCaller.run(RuntimeInit.java:602)
01-23 16:09:40.475 15753 15753 W System.err: at com.android.internal.os.ZygoteInit.main(ZygoteInit.java:1130)
01-23 16:09:40.492 15753 15753 E CustomActivityOnCrash: IMPORTANT WARNING! You already have an UncaughtExceptionHandler, are you sure this is correct? If you use a custom UncaughtExceptionHandler, you must initialize it AFTER CustomActivityOnCrash! Installing anyway, but your original handler will not be called.
01-23 16:09:40.592 15753 15776 W LibraryVersion: Failed to get app version for libraryName: firebase-iid
01-23 16:09:40.826 15753 15753 W com.whatsapp: Accessing hidden method Lcom/android/org/conscrypt/OpenSSLSocketImpl;->setUseSessionTickets(Z)V (greylist- max-q,core-platform-api, reflection, denied)
01-23 16:09:40.827 15753 15753 W com.whatsapp: Accessing hidden method Lcom/android/org/conscrypt/AbstractConscryptSocket;->setUseSessionTickets(Z)V (greylist-max-q, reflection, denied)
01-23 16:09:40.905 15753 15753 W linker : Warning: "/data/data/com.whatsapp/files/decompressed/libs.spk.zst/libc++_shared.so" unused DT entry: unknown processor-specific (type 0x70000001 arg 0x0) (ignoring)
01-23 16:09:41.299 15753 15805 W com.whatsapp: Class X.2rL failed lock verification and will run slower.
01-23 16:09:41.299 15753 15805 W com.whatsapp: Common causes for lock verification issues are non-optimized dex code
01-23 16:09:41.299 15753 15805 W com.whatsapp: and incorrect proguard optimizations.
01-23 16:10:12.418 15753 15901 W com.whatsapp: Verification of void X.3e2.run() took 114.648ms (33947.12 bytecodes/s) (101616B approximate peak alloc)
01-23 16:10:24.812 15753 15753 W com.whatsapp: Class X.0eU failed lock verification and will run slower.
01-23 16:10:25.281 15753 15753 E ArmVmp : Match on catch block at 0x0a in for 0xc9
01-23 16:10:25.309 15753 15753 E ArmVmp : Match on catch block at 0x0a in for 0x131
01-23 16:10:25.399 15753 15970 W com.whatsapp: Accessing hidden method Lcom/android/org/conscrypt/ConscryptEngineSocket;->setUseSessionTickets(Z)V (greylist-max-q,core-platform-api, reflection, denied)
01-23 16:10:25.400 15753 15970 W com.whatsapp: Accessing hidden method Lcom/android/org/conscrypt/OpenSSLSocketImpl;->setUseSessionTickets(Z)V (greylist- max-q,core-platform-api, reflection, denied)
01-23 16:10:25.400 15753 15970 W com.whatsapp: Accessing hidden method Lcom/android/org/conscrypt/AbstractConscryptSocket;->setUseSessionTickets(Z)V (greylist-max-q, reflection, denied)
01-23 16:10:25.400 15753 15970 W com.whatsapp: Accessing hidden method Lcom/android/org/conscrypt/ConscryptEngineSocket;->setHostname(Ljava/lang/String;)V (greylist-max-q,core-platform-api, reflection, denied)
01-23 16:10:25.400 15753 15970 W com.whatsapp: Accessing hidden method Lcom/android/org/conscrypt/OpenSSLSocketImpl;->setHostname(Ljava/lang/String;)V (greylist-max-q,core-platform-api, reflection, denied)
01-23 16:10:25.400 15753 15970 W com.whatsapp: Accessing hidden method Lcom/android/org/conscrypt/AbstractConscryptSocket;->setHostname(Ljava/lang/ String;)V (greylist-max-q, reflection, denied)
01-23 16:10:25.400 15753 15970 W com.whatsapp: Accessing hidden method Lcom/android/org/conscrypt/OpenSSLSocketImpl;->setAlpnProtocols([B)V (greylist-max- q,core-platform-api, reflection, denied)
01-23 16:10:25.400 15753 15970 W com.whatsapp: Accessing hidden method Lcom/android/org/conscrypt/AbstractConscryptSocket;->setAlpnProtocols([B)V (greylist-max-q, reflection, denied)
01-23 16:10:25.457 15753 15970 W com.whatsapp: Accessing hidden method Lcom/android/org/conscrypt/OpenSSLSocketImpl;->getAlpnSelectedProtocol()[B (greylist-max-q,core-platform-api, reflection, denied)
01-23 16:10:25.457 15753 15970 W com.whatsapp: Accessing hidden method Lcom/android/org/conscrypt/AbstractConscryptSocket;->getAlpnSelectedProtocol()[B (greylist-max-q, reflection, denied)
01-23 16:10:26.433 15753 15753 E RecyclerView: No adapter attached; skipping layout
01-23 16:10:26.529 15753 15955 W Gralloc3: mapper 3.x is not supported
01-23 16:10:26.758 15753 15753 E RecyclerView: No adapter attached; skipping layout
01-23 16:10:26.759 15753 15753 W View : requestLayout() improperly called by androidx.appcompat.view.menu.ActionMenuItemView{f6b17ea VFED..C.. ......ID 172,0- 259,0 #7f0b0f8a app:id/menuitem_search} during layout: running second layout pass
01-23 16:10:26.760 15753 15753 W View : requestLayout() improperly called by androidx.appcompat.widget.ActionMenuView{adeaadb V.E...... ......ID 326,225- 751,225} during layout: running second layout pass
01-23 16:10:26.965 15753 15753 E ArmVmp : Match on catch block at 0x0a in for 0xd1
01-23 16:10:27.101 15753 15955 W libEGL : EGLNativeWindowType 0x6e8df56010 disconnect failed
01-23 16:10:27.147 15753 15753 W View : requestLayout() improperly called by DecorView@36d2ddb[HomeActivity] during second layout pass: posting in next frame
01-23 16:10:28.104 15753 15753 E WindowManager: android.view.WindowLeaked: Activity com.whatsapp.HomeActivity has leaked window DecorView@eb59a53[HomeActivity] that was originally added here
01-23 16:10:28.104 15753 15753 E WindowManager: at android.view.ViewRootImpl.<init>(ViewRootImpl.java:1049)
01-23 16:10:28.104 15753 15753 E WindowManager: at android.view.ViewRootImpl.<init>(ViewRootImpl.java:1023)
01-23 16:10:28.104 15753 15753 E WindowManager: at android.view.WindowManagerGlobal.addView(WindowManagerGlobal.java:450)
01-23 16:10:28.104 15753 15753 E WindowManager: at android.view.WindowManagerImpl.addView(WindowManagerImpl.java:114)
01-23 16:10:28.104 15753 15753 E WindowManager: at android.app.Dialog.show(Dialog.java:505)
01-23 16:10:28.104 15753 15753 E WindowManager: at mbmodsd.mbmodsw.update.MBUpdate.show(Native Method)
01-23 16:10:28.104 15753 15753 E WindowManager: at mbmodsd.mbmodsw.home.HomeActivity$2.onResponse(Native Method)
01-23 16:10:28.104 15753 15753 E WindowManager: at mbmodsd.mbmodsw.update.RequestNetworkController$3$2.run(Native Method)
01-23 16:10:28.104 15753 15753 E WindowManager: at android.os.Handler.handleCallback(Handler.java:938)
01-23 16:10:28.104 15753 15753 E WindowManager: at android.os.Handler.dispatchMessage(Handler.java:99)
01-23 16:10:28.104 15753 15753 E WindowManager: at android.os.Looper.loop(Looper.java:246)
01-23 16:10:28.104 15753 15753 E WindowManager: at android.app.ActivityThread.main(ActivityThread.java:8653)
01-23 16:10:28.104 15753 15753 E WindowManager: at java.lang.reflect.Method.invoke(Native Method)
01-23 16:10:28.104 15753 15753 E WindowManager: at com.android.internal.os.RuntimeInit$MethodAndArgsCaller.run(RuntimeInit.java:602)
01-23 16:10:28.104 15753 15753 E WindowManager: at com.android.internal.os.ZygoteInit.main(ZygoteInit.java:1130)
01-23 16:10:29.207 16029 16029 E com.whatsapp: Not starting debugger since process cannot load the jdwp agent.
01-23 16:10:29.388 16029 16029 W System.err: java.lang.ClassNotFoundException: mbmodsd.mbmodsw.ui.views.btn.BtnBK
01-23 16:10:29.389 16029 16029 W System.err: at java.lang.Runtime.nativeLoad(Native Method)
01-23 16:10:29.389 16029 16029 W System.err: at java.lang.Runtime.nativeLoad(Runtime.java:1131)
01-23 16:10:29.389 16029 16029 W System.err: at java.lang.Runtime.loadLibrary0(Runtime.java:1085)
01-23 16:10:29.389 16029 16029 W System.err: at java.lang.Runtime.loadLibrary0(Runtime.java:1008)
01-23 16:10:29.389 16029 16029 W System.err: at java.lang.System.loadLibrary(System.java:1664)
01-23 16:10:29.389 16029 16029 W System.err: at arm.EpicVm.<clinit>(Unknown Source:2)
01-23 16:10:29.389 16029 16029 W System.err: at java.lang.Class.newInstance(Native Method)
01-23 16:10:29.389 16029 16029 W System.err: at android.app.AppComponentFactory.instantiateApplication(AppComponentFactory.java:76)
01-23 16:10:29.389 16029 16029 W System.err: at androidx.core.app.CoreComponentFactory.instantiateApplication(Unknown Source:0)
01-23 16:10:29.389 16029 16029 W System.err: at android.app.Instrumentation.newApplication(Instrumentation.java:1158)
01-23 16:10:29.389 16029 16029 W System.err: at android.app.LoadedApk.makeApplication(LoadedApk.java:1324)
01-23 16:10:29.389 16029 16029 W System.err: at android.app.ActivityThread.handleBindApplication(ActivityThread.java:7543)
01-23 16:10:29.389 16029 16029 W System.err: at android.app.ActivityThread.access$1500(ActivityThread.java:301)
01-23 16:10:29.389 16029 16029 W System.err: at android.app.ActivityThread$H.handleMessage(ActivityThread.java:2177)
01-23 16:10:29.389 16029 16029 W System.err: at android.os.Handler.dispatchMessage(Handler.java:106)
01-23 16:10:29.389 16029 16029 W System.err: at android.os.Looper.loop(Looper.java:246)
01-23 16:10:29.389 16029 16029 W System.err: at android.app.ActivityThread.main(ActivityThread.java:8653)
01-23 16:10:29.389 16029 16029 W System.err: at java.lang.reflect.Method.invoke(Native Method)
01-23 16:10:29.389 16029 16029 W System.err: at com.android.internal.os.RuntimeInit$MethodAndArgsCaller.run(RuntimeInit.java:602)
01-23 16:10:29.389 16029 16029 W System.err: at com.android.internal.os.ZygoteInit.main(ZygoteInit.java:1130)
01-23 16:10:29.398 16029 16029 E CustomActivityOnCrash: IMPORTANT WARNING! You already have an UncaughtExceptionHandler, are you sure this is correct? If you use a custom UncaughtExceptionHandler, you must initialize it AFTER CustomActivityOnCrash! Installing anyway, but your original handler will not be called.
01-23 16:10:29.456 16029 16053 W LibraryVersion: Failed to get app version for libraryName: firebase-iid
01-23 16:10:29.655 16029 16029 W com.whatsapp: Accessing hidden method Lcom/android/org/conscrypt/OpenSSLSocketImpl;->setUseSessionTickets(Z)V (greylist- max-q,core-platform-api, reflection, denied)
01-23 16:10:29.656 16029 16029 W com.whatsapp: Accessing hidden method Lcom/android/org/conscrypt/AbstractConscryptSocket;->setUseSessionTickets(Z)V (greylist-max-q, reflection, denied)
01-23 16:10:29.706 16029 16029 W linker : Warning: "/data/data/com.whatsapp/files/decompressed/libs.spk.zst/libc++_shared.so" unused DT entry: unknown processor-specific (type 0x70000001 arg 0x0) (ignoring)
01-23 16:10:29.994 16029 16107 W com.whatsapp: Class X.2rL failed lock verification and will run slower.
01-23 16:10:29.994 16029 16107 W com.whatsapp: Common causes for lock verification issues are non-optimized dex code
01-23 16:10:29.994 16029 16107 W com.whatsapp: and incorrect proguard optimizations.
01-23 16:10:31.771 16029 16112 W com.whatsapp: Verification of void X.3e2.run() took 379.356ms (10259.48 bytecodes/s) (101616B approximate peak alloc)
01-23 16:13:25.581 16357 16357 E com.whatsapp: Not starting debugger since process cannot load the jdwp agent.
01-23 16:13:25.768 16357 16357 W System.err: java.lang.ClassNotFoundException: mbmodsd.mbmodsw.ui.views.btn.BtnBK
01-23 16:13:25.770 16357 16357 W System.err: at java.lang.Runtime.nativeLoad(Native Method)
01-23 16:13:25.770 16357 16357 W System.err: at java.lang.Runtime.nativeLoad(Runtime.java:1131)
01-23 16:13:25.770 16357 16357 W System.err: at java.lang.Runtime.loadLibrary0(Runtime.java:1085)
01-23 16:13:25.770 16357 16357 W System.err: at java.lang.Runtime.loadLibrary0(Runtime.java:1008)
01-23 16:13:25.770 16357 16357 W System.err: at java.lang.System.loadLibrary(System.java:1664)
01-23 16:13:25.770 16357 16357 W System.err: at arm.EpicVm.<clinit>(Unknown Source:2)
01-23 16:13:25.770 16357 16357 W System.err: at java.lang.Class.newInstance(Native Method)
01-23 16:13:25.771 16357 16357 W System.err: at android.app.AppComponentFactory.instantiateApplication(AppComponentFactory.java:76)
01-23 16:13:25.771 16357 16357 W System.err: at androidx.core.app.CoreComponentFactory.instantiateApplication(Unknown Source:0)
01-23 16:13:25.771 16357 16357 W System.err: at android.app.Instrumentation.newApplication(Instrumentation.java:1158)
01-23 16:13:25.771 16357 16357 W System.err: at android.app.LoadedApk.makeApplication(LoadedApk.java:1324)
01-23 16:13:25.771 16357 16357 W System.err: at android.app.ActivityThread.handleBindApplication(ActivityThread.java:7543)
01-23 16:13:25.771 16357 16357 W System.err: at android.app.ActivityThread.access$1500(ActivityThread.java:301)
01-23 16:13:25.771 16357 16357 W System.err: at android.app.ActivityThread$H.handleMessage(ActivityThread.java:2177)
01-23 16:13:25.771 16357 16357 W System.err: at android.os.Handler.dispatchMessage(Handler.java:106)
01-23 16:13:25.771 16357 16357 W System.err: at android.os.Looper.loop(Looper.java:246)
01-23 16:13:25.771 16357 16357 W System.err: at android.app.ActivityThread.main(ActivityThread.java:8653)
01-23 16:13:25.771 16357 16357 W System.err: at java.lang.reflect.Method.invoke(Native Method)
01-23 16:13:25.771 16357 16357 W System.err: at com.android.internal.os.RuntimeInit$MethodAndArgsCaller.run(RuntimeInit.java:602)
01-23 16:13:25.771 16357 16357 W System.err: at com.android.internal.os.ZygoteInit.main(ZygoteInit.java:1130)
01-23 16:13:25.789 16357 16357 E CustomActivityOnCrash: IMPORTANT WARNING! You already have an UncaughtExceptionHandler, are you sure this is correct? If you use a custom UncaughtExceptionHandler, you must initialize it AFTER CustomActivityOnCrash! Installing anyway, but your original handler will not be called.
01-23 16:13:26.180 16357 16357 W com.whatsapp: Accessing hidden method Lcom/android/org/conscrypt/OpenSSLSocketImpl;->setUseSessionTickets(Z)V (greylist- max-q,core-platform-api, reflection, denied)
01-23 16:13:26.180 16357 16357 W com.whatsapp: Accessing hidden method Lcom/android/org/conscrypt/AbstractConscryptSocket;->setUseSessionTickets(Z)V (greylist-max-q, reflection, denied)
01-23 16:13:27.389 16357 16357 W linker : Warning: "/data/data/com.whatsapp/files/decompressed/libs.spk.zst/libc++_shared.so" unused DT entry: unknown processor-specific (type 0x70000001 arg 0x0) (ignoring)
01-23 16:13:27.577 16357 18199 W com.whatsapp: Class X.2rL failed lock verification and will run slower.
01-23 16:13:27.577 16357 18199 W com.whatsapp: Common causes for lock verification issues are non-optimized dex code
01-23 16:13:27.577 16357 18199 W com.whatsapp: and incorrect proguard optimizations.
01-23 16:13:27.584 16357 16357 W com.whatsapp: Class X.0eU failed lock verification and will run slower.
01-23 16:13:27.901 16357 16357 W com.whatsapp: Class com.whatsapp.HomeActivity failed lock verification and will run slower.
01-23 16:13:28.300 16357 16357 E ArmVmp : Match on catch block at 0x0a in for 0xc9
01-23 16:13:28.325 16357 16357 E ArmVmp : Match on catch block at 0x0a in for 0x131
01-23 16:13:28.345 16357 18226 W com.whatsapp: Accessing hidden method Lcom/android/org/conscrypt/ConscryptEngineSocket;->setUseSessionTickets(Z)V (greylist-max-q,core-platform-api, reflection, denied)
01-23 16:13:28.345 16357 18226 W com.whatsapp: Accessing hidden method Lcom/android/org/conscrypt/OpenSSLSocketImpl;->setUseSessionTickets(Z)V (greylist- max-q,core-platform-api, reflection, denied)
01-23 16:13:28.345 16357 18226 W com.whatsapp: Accessing hidden method Lcom/android/org/conscrypt/AbstractConscryptSocket;->setUseSessionTickets(Z)V (greylist-max-q, reflection, denied)
01-23 16:13:28.346 16357 18226 W com.whatsapp: Accessing hidden method Lcom/android/org/conscrypt/ConscryptEngineSocket;->setHostname(Ljava/lang/String;)V (greylist-max-q,core-platform-api, reflection, denied)
01-23 16:13:28.346 16357 18226 W com.whatsapp: Accessing hidden method Lcom/android/org/conscrypt/OpenSSLSocketImpl;->setHostname(Ljava/lang/String;)V (greylist-max-q,core-platform-api, reflection, denied)
01-23 16:13:28.346 16357 18226 W com.whatsapp: Accessing hidden method Lcom/android/org/conscrypt/AbstractConscryptSocket;->setHostname(Ljava/lang/ String;)V (greylist-max-q, reflection, denied)
01-23 16:13:28.347 16357 18226 W com.whatsapp: Accessing hidden method Lcom/android/org/conscrypt/OpenSSLSocketImpl;->setAlpnProtocols([B)V (greylist-max- q,core-platform-api, reflection, denied)
01-23 16:13:28.347 16357 18226 W com.whatsapp: Accessing hidden method Lcom/android/org/conscrypt/AbstractConscryptSocket;->setAlpnProtocols([B)V (greylist-max-q, reflection, denied)
01-23 16:13:28.492 16357 18226 W com.whatsapp: Accessing hidden method Lcom/android/org/conscrypt/OpenSSLSocketImpl;->getAlpnSelectedProtocol()[B (greylist-max-q,core-platform-api, reflection, denied)
01-23 16:13:28.492 16357 18226 W com.whatsapp: Accessing hidden method Lcom/android/org/conscrypt/AbstractConscryptSocket;->getAlpnSelectedProtocol()[B (greylist-max-q, reflection, denied)
01-23 16:13:29.943 16357 16357 E RecyclerView: No adapter attached; skipping layout
01-23 16:13:30.050 16357 18209 W Gralloc3: mapper 3.x is not supported
01-23 16:13:30.531 16357 16357 E RecyclerView: No adapter attached; skipping layout
01-23 16:13:30.533 16357 16357 W View : requestLayout() improperly called by androidx.appcompat.view.menu.ActionMenuItemView{2ddf33 VFED..C.. ......ID 172,0- 259,0 #7f0b0f8a app:id/menuitem_search} during layout: running second layout pass
01-23 16:13:30.533 16357 16357 W View : requestLayout() improperly called by androidx.appcompat.widget.ActionMenuView{1fbc2f0 V.E...... ......ID 326,225- 751,225} during layout: running second layout pass
01-23 16:13:30.776 16357 16357 E ArmVmp : Match on catch block at 0x0a in for 0xd9
01-23 16:13:30.912 16357 18209 W libEGL : EGLNativeWindowType 0x6fb71d7010 disconnect failed
01-23 16:13:30.932 16357 16357 W View : requestLayout() improperly called by DecorView@2eb2476[HomeActivity] during second layout pass: posting in next frame
01-23 16:13:31.072 16357 18141 W LibraryVersion: Failed to get app version for libraryName: firebase-iid
01-23 16:13:31.131 16357 18306 W LOTTIE : Animation contains merge paths. Merge paths are only supported on KitKat+ and must be manually enabled by calling enableMergePathsForKitKatAndAbove().
01-23 16:13:31.465 16357 16357 W LOTTIE : Animation contains merge paths but they are disabled.
01-23 16:13:31.909 16357 16357 E ArmVmp : Match on catch block at 0x5b in for 0x85
01-23 16:13:31.944 16357 16357 E ArmVmp : Match on catch block at 0x5b in for 0x89
01-23 16:13:34.363 16357 18344 E linker : library "" ("/apex/com.android.vndk.v30/lib64") needed or dlopened by "/apex/com.android.vndk.v30/lib64/libRS_internal.so" is not accessible for the namespace: [name="rs", ld_library_paths="", default_library_paths="/apex/com.android.vndk.v30/lib64:/vendor/lib64", permitted_paths="/odm/lib64:/vendor/lib64:/system/vendor/lib64:/data"]
01-23 16:13:34.364 16357 18344 E RenderScript: Failed loading RS driver: dlopen failed: library "" needed or dlopened by "/apex/com.android.vndk.v30/lib64/libRS_internal.so" is not accessible for the namespace "rs"
01-23 16:13:34.364 16357 18344 E RenderScript: Failed to load runtime , loading default
01-23 16:13:34.617 16357 16357 E ArmVmp : Match on catch block at 0x0a in for 0xc9
01-23 16:13:34.623 16357 16357 E ArmVmp : Match on catch block at 0x0a in for 0xc9
01-23 16:13:34.660 16357 16357 E ArmVmp : Match on catch block at 0x0a in for 0x1c1
01-23 16:13:35.056 16357 16357 W View : requestLayout() improperly called by X.4rg{f8d0906 V.E....L. ......ID 0,339-720,948} during layout: running second layout pass
01-23 16:13:35.056 16357 16357 W View : requestLayout() improperly called by android.widget.LinearLayout{870dbc7 V.E...... ......ID 27,9-495,607 #7f0b0e50 app:id/main_layout} during layout: running second layout pass
01-23 16:13:35.056 16357 16357 W View : requestLayout() improperly called by com.whatsapp.conversation.conversationrow.ConversationRowImage$RowImageView{dee65f4 VFED..CL. ......ID 7,7-461,591 #7f0b0c84 app:id/image} during layout: running second layout pass
01-23 16:13:35.072 16357 16357 E ArmVmp : Match on catch block at 0xc3 in for 0xb5
01-23 16:13:35.079 16357 16357 E ArmVmp : Match on catch block at 0xc3 in for 0xb5
01-23 16:13:35.083 16357 16357 E ArmVmp : Match on catch block at 0xc3 in for 0xb5
01-23 16:13:35.238 16357 16357 E ArmVmp : Match on catch block at 0xc3 in for 0xa5
01-23 16:13:35.242 16357 16357 E ArmVmp : Match on catch block at 0xc3 in for 0xa9
01-23 16:13:35.245 16357 16357 E ArmVmp : Match on catch block at 0xc3 in for 0xa9
01-23 16:13:35.281 16357 16357 W View : requestLayout() improperly called by X.4rg{f8d0906 V.E....L. .......D 0,339-720,948} during second layout pass: posting in next frame
01-23 16:13:35.281 16357 16357 W View : requestLayout() improperly called by android.widget.LinearLayout{870dbc7 V.E...... .......D 27,9-495,607 #7f0b0e50 app:id/main_layout} during second layout pass: posting in next frame
01-23 16:13:35.291 16357 16357 E ArmVmp : Match on catch block at 0xc3 in for 0xa1
01-23 16:13:35.294 16357 16357 E ArmVmp : Match on catch block at 0xc3 in for 0xa5
01-23 16:13:35.296 16357 16357 E ArmVmp : Match on catch block at 0xc3 in for 0xa5
01-23 16:13:35.338 16357 16357 E ArmVmp : Match on catch block at 0xc3 in for 0xa5
01-23 16:13:35.344 16357 16357 E ArmVmp : Match on catch block at 0xc3 in for 0xa9
01-23 16:13:35.346 16357 16357 E ArmVmp : Match on catch block at 0xc3 in for 0xa9
01-23 16:13:35.527 16357 16357 E ArmVmp : Match on catch block at 0xc3 in for 0xa9
01-23 16:13:35.531 16357 16357 E ArmVmp : Match on catch block at 0xc3 in for 0xa1
01-23 16:13:35.533 16357 16357 E ArmVmp : Match on catch block at 0xc3 in for 0xa1
01-23 16:13:35.554 16357 16357 E ArmVmp : Match on catch block at 0xc3 in for 0xa1
01-23 16:13:35.558 16357 16357 E ArmVmp : Match on catch block at 0xc3 in for 0xa5
01-23 16:13:35.560 16357 16357 E ArmVmp : Match on catch block at 0xc3 in for 0xa5
01-23 16:13:35.575 16357 16357 E ArmVmp : Match on catch block at 0xc3 in for 0xa5
01-23 16:13:35.577 16357 16357 E ArmVmp : Match on catch block at 0xc3 in for 0xa9
01-23 16:13:35.580 16357 16357 E ArmVmp : Match on catch block at 0xc3 in for 0xa9
01-23 16:13:35.599 16357 16357 E ArmVmp : Match on catch block at 0xc3 in for 0xa9
01-23 16:13:35.602 16357 16357 E ArmVmp : Match on catch block at 0xc3 in for 0xa1
01-23 16:13:35.604 16357 16357 E ArmVmp : Match on catch block at 0xc3 in for 0xa1
01-23 16:13:35.619 16357 16357 E ArmVmp : Match on catch block at 0xc3 in for 0xa1
01-23 16:13:35.622 16357 16357 E ArmVmp : Match on catch block at 0xc3 in for 0xa5
01-23 16:13:35.625 16357 16357 E ArmVmp : Match on catch block at 0xc3 in for 0xa5
01-23 16:13:35.641 16357 16357 E ArmVmp : Match on catch block at 0xc3 in for 0xa5
01-23 16:13:35.647 16357 16357 E ArmVmp : Match on catch block at 0xc3 in for 0xa9
01-23 16:13:35.650 16357 16357 E ArmVmp : Match on catch block at 0xc3 in for 0xa9
01-23 16:13:35.681 16357 16357 E ArmVmp : Match on catch block at 0xc3 in for 0xa9
01-23 16:13:35.684 16357 16357 E ArmVmp : Match on catch block at 0xc3 in for 0xa1
01-23 16:13:35.686 16357 16357 E ArmVmp : Match on catch block at 0xc3 in for 0xa1
01-23 16:13:35.696 16357 18209 W libEGL : EGLNativeWindowType 0x6eb21a3010 disconnect failed
01-23 16:13:35.721 16357 16357 E ArmVmp : Match on catch block at 0xc3 in for 0xa1
01-23 16:13:35.725 16357 16357 E ArmVmp : Match on catch block at 0xc3 in for 0xa5
01-23 16:13:35.729 16357 16357 E ArmVmp : Match on catch block at 0xc3 in for 0xa5
01-23 16:13:35.755 16357 16357 E ArmVmp : Match on catch block at 0xc3 in for 0xa5
01-23 16:13:35.759 16357 16357 E ArmVmp : Match on catch block at 0xc3 in for 0xa9
01-23 16:13:35.762 16357 16357 E ArmVmp : Match on catch block at 0xc3 in for 0xa9
01-23 16:13:35.781 16357 16357 E ArmVmp : Match on catch block at 0xc3 in for 0xa9
01-23 16:13:35.784 16357 16357 E ArmVmp : Match on catch block at 0xc3 in for 0xa1
01-23 16:13:35.786 16357 16357 E ArmVmp : Match on catch block at 0xc3 in for 0xa1
01-23 16:13:35.806 16357 16357 E ArmVmp : Match on catch block at 0xc3 in for 0xa1
01-23 16:13:35.811 16357 16357 E ArmVmp : Match on catch block at 0xc3 in for 0xa5
01-23 16:13:35.813 16357 16357 E ArmVmp : Match on catch block at 0xc3 in for 0xa5
01-23 16:13:35.832 16357 16357 E ArmVmp : Match on catch block at 0xc3 in for 0xa5
01-23 16:13:35.836 16357 16357 E ArmVmp : Match on catch block at 0xc3 in for 0xa9
01-23 16:13:35.838 16357 16357 E ArmVmp : Match on catch block at 0xc3 in for 0xa9
01-23 16:13:35.854 16357 16357 E ArmVmp : Match on catch block at 0xc3 in for 0xa9
01-23 16:13:35.858 16357 16357 E ArmVmp : Match on catch block at 0xc3 in for 0xa1
01-23 16:13:35.860 16357 16357 E ArmVmp : Match on catch block at 0xc3 in for 0xa1
01-23 16:13:36.376 16357 16357 E ArmVmp : Match on catch block at 0xc3 in for 0xa1
01-23 16:13:36.383 16357 16357 E ArmVmp : Match on catch block at 0xc3 in for 0xa5
01-23 16:13:36.387 16357 16357 E ArmVmp : Match on catch block at 0xc3 in for 0xa5
01-23 16:13:36.863 16357 16357 E ArmVmp : Match on catch block at 0xc3 in for 0xa9
01-23 16:13:36.870 16357 16357 E ArmVmp : Match on catch block at 0xc3 in for 0xa1
01-23 16:13:36.874 16357 16357 E ArmVmp : Match on catch block at 0xc3 in for 0xa1
01-23 16:13:36.917 16357 16357 E ArmVmp : Match on catch block at 0xc3 in for 0xa1
01-23 16:13:36.922 16357 16357 E ArmVmp : Match on catch block at 0xc3 in for 0xa5
01-23 16:13:36.925 16357 16357 E ArmVmp : Match on catch block at 0xc3 in for 0xa5
01-23 16:13:36.939 16357 16357 E ArmVmp : Match on catch block at 0xc3 in for 0xa9
01-23 16:13:36.945 16357 16357 E ArmVmp : Match on catch block at 0xc3 in for 0xa1
01-23 16:13:36.949 16357 16357 E ArmVmp : Match on catch block at 0xc3 in for 0xa1
01-23 16:13:36.977 16357 16357 E ArmVmp : Match on catch block at 0xc3 in for 0xa1
01-23 16:13:36.987 16357 16357 E ArmVmp : Match on catch block at 0xc3 in for 0xa5
01-23 16:13:36.990 16357 16357 E ArmVmp : Match on catch block at 0xc3 in for 0xa5
01-23 16:13:37.007 16357 16357 E ArmVmp : Match on catch block at 0xc3 in for 0xa9
01-23 16:13:37.013 16357 16357 E ArmVmp : Match on catch block at 0xc3 in for 0xa1
01-23 16:13:37.016 16357 16357 E ArmVmp : Match on catch block at 0xc3 in for 0xa1
01-23 16:13:37.046 16357 16357 E ArmVmp : Match on catch block at 0xc3 in for 0xa1
01-23 16:13:37.053 16357 16357 E ArmVmp : Match on catch block at 0xc3 in for 0xa5
01-23 16:13:37.059 16357 16357 E ArmVmp : Match on catch block at 0xc3 in for 0xa5
01-23 16:13:37.076 16357 16357 E ArmVmp : Match on catch block at 0xc3 in for 0xa9
01-23 16:13:37.082 16357 16357 E ArmVmp : Match on catch block at 0xc3 in for 0xa1
01-23 16:13:37.085 16357 16357 E ArmVmp : Match on catch block at 0xc3 in for 0xa1
01-23 16:13:37.116 16357 16357 E ArmVmp : Match on catch block at 0xc3 in for 0xa1
01-23 16:13:37.126 16357 16357 E ArmVmp : Match on catch block at 0xc3 in for 0xa5
01-23 16:13:37.130 16357 16357 E ArmVmp : Match on catch block at 0xc3 in for 0xa5
01-23 16:13:37.146 16357 16357 E ArmVmp : Match on catch block at 0xc3 in for 0xa9
01-23 16:13:37.153 16357 16357 E ArmVmp : Match on catch block at 0xc3 in for 0xa1
01-23 16:13:37.157 16357 16357 E ArmVmp : Match on catch block at 0xc3 in for 0xa1
01-23 16:13:37.183 16357 16357 E ArmVmp : Match on catch block at 0xc3 in for 0xa1
01-23 16:13:37.190 16357 16357 E ArmVmp : Match on catch block at 0xc3 in for 0xa5
01-23 16:13:37.195 16357 16357 E ArmVmp : Match on catch block at 0xc3 in for 0xa5
01-23 16:13:37.362 16357 16357 E ArmVmp : Match on catch block at 0xc3 in for 0xa5
01-23 16:13:37.367 16357 16357 E ArmVmp : Match on catch block at 0xc3 in for 0xa9
01-23 16:13:37.370 16357 16357 E ArmVmp : Match on catch block at 0xc3 in for 0xa9
01-23 16:13:37.879 16357 16357 E ArmVmp : Match on catch block at 0xc3 in for 0xa5
01-23 16:13:37.887 16357 16357 E ArmVmp : Match on catch block at 0xc3 in for 0xa9
01-23 16:13:37.893 16357 16357 E ArmVmp : Match on catch block at 0xc3 in for 0xa9
01-23 16:13:38.104 16357 16357 E ArmVmp : Match on catch block at 0xc3 in for 0xa5
01-23 16:13:38.108 16357 16357 E ArmVmp : Match on catch block at 0xc3 in for 0xa9
01-23 16:13:38.110 16357 16357 E ArmVmp : Match on catch block at 0xc3 in for 0xa9
01-23 16:13:38.235 16357 16357 E ArmVmp : Match on catch block at 0xc3 in for 0xa5
01-23 16:13:38.244 16357 16357 E ArmVmp : Match on catch block at 0xc3 in for 0xa9
01-23 16:13:38.250 16357 16357 E ArmVmp : Match on catch block at 0xc3 in for 0xa9
01-23 16:13:38.331 16357 16357 E ArmVmp : Match on catch block at 0xc3 in for 0xa9
01-23 16:13:38.337 16357 16357 E ArmVmp : Match on catch block at 0xc3 in for 0xa1
01-23 16:13:38.343 16357 16357 E ArmVmp : Match on catch block at 0xc3 in for 0xa1
01-23 16:13:38.371 16357 16357 E ArmVmp : Match on catch block at 0xc3 in for 0xa1
01-23 16:13:38.378 16357 16357 E ArmVmp : Match on catch block at 0xc3 in for 0xa5
01-23 16:13:38.381 16357 16357 E ArmVmp : Match on catch block at 0xc3 in for 0xa5
01-23 16:13:38.413 16357 16357 E ArmVmp : Match on catch block at 0xc3 in for 0xa5
01-23 16:13:38.418 16357 16357 E ArmVmp : Match on catch block at 0xc3 in for 0xa9
01-23 16:13:38.424 16357 16357 E ArmVmp : Match on catch block at 0xc3 in for 0xa9
01-23 16:13:38.452 16357 16357 E ArmVmp : Match on catch block at 0xc3 in for 0xa9
01-23 16:13:38.464 16357 16357 E ArmVmp : Match on catch block at 0xc3 in for 0xa1
01-23 16:13:38.467 16357 16357 E ArmVmp : Match on catch block at 0xc3 in for 0xa1
01-23 16:13:38.496 16357 16357 E ArmVmp : Match on catch block at 0xc3 in for 0xa1
01-23 16:13:38.502 16357 16357 E ArmVmp : Match on catch block at 0xc3 in for 0xa5
01-23 16:13:38.508 16357 16357 E ArmVmp : Match on catch block at 0xc3 in for 0xa5
01-23 16:13:38.539 16357 16357 E ArmVmp : Match on catch block at 0xc3 in for 0xa9
01-23 16:13:38.544 16357 16357 E ArmVmp : Match on catch block at 0xc3 in for 0xa1
01-23 16:13:38.546 16357 16357 E ArmVmp : Match on catch block at 0xc3 in for 0xa1
01-23 16:13:38.562 16357 16357 E ArmVmp : Match on catch block at 0xc3 in for 0xa1
01-23 16:13:38.566 16357 16357 E ArmVmp : Match on catch block at 0xc3 in for 0xa5
01-23 16:13:38.568 16357 16357 E ArmVmp : Match on catch block at 0xc3 in for 0xa5
01-23 16:13:38.608 16357 18209 W libEGL : EGLNativeWindowType 0x6eb2cfe010 disconnect failed
01-23 16:13:38.623 16357 16357 W InputEventReceiver: Attempted to finish an input event but the input event receiver has already been disposed.
01-23 16:13:38.715 16357 16357 E ArmVmp : Match on catch block at 0xc3 in for 0xa5
01-23 16:13:38.720 16357 16357 E ArmVmp : Match on catch block at 0xc3 in for 0xa9
01-23 16:13:38.723 16357 16357 E ArmVmp : Match on catch block at 0xc3 in for 0xa9
01-23 16:13:39.171 16357 16357 E ArmVmp : Match on catch block at 0xc3 in for 0xa1
01-23 16:13:39.180 16357 16357 E ArmVmp : Match on catch block at 0xc3 in for 0xa5
01-23 16:13:39.185 16357 16357 E ArmVmp : Match on catch block at 0xc3 in for 0xa5
01-23 16:13:39.688 16357 16357 E ArmVmp : Match on catch block at 0xc3 in for 0xa9
01-23 16:13:39.696 16357 16357 E ArmVmp : Match on catch block at 0xc3 in for 0xa1
01-23 16:13:39.701 16357 16357 E ArmVmp : Match on catch block at 0xc3 in for 0xa1
01-23 16:13:40.080 16357 16357 E ArmVmp : Match on catch block at 0xc3 in for 0xa1
01-23 16:13:40.084 16357 16357 E ArmVmp : Match on catch block at 0xc3 in for 0xa5
01-23 16:13:40.089 16357 16357 E ArmVmp : Match on catch block at 0xc3 in for 0xa5
01-23 16:13:40.105 16357 16357 E ArmVmp : Match on catch block at 0xc3 in for 0xa1
01-23 16:13:40.118 16357 16357 E ArmVmp : Match on catch block at 0xc3 in for 0xa5
01-23 16:13:40.121 16357 16357 E ArmVmp : Match on catch block at 0xc3 in for 0xa5
01-23 16:13:40.129 16357 16357 E ArmVmp : Match on catch block at 0xc3 in for 0xa9
01-23 16:13:40.136 16357 16357 E ArmVmp : Match on catch block at 0xc3 in for 0xa1
01-23 16:13:40.141 16357 16357 E ArmVmp : Match on catch block at 0xc3 in for 0xa1
01-23 16:13:40.190 16357 16357 E ArmVmp : Match on catch block at 0xc3 in for 0xa5
01-23 16:13:40.194 16357 16357 E ArmVmp : Match on catch block at 0xc3 in for 0xa9
01-23 16:13:40.196 16357 16357 E ArmVmp : Match on catch block at 0xc3 in for 0xa9
01-23 16:13:40.205 16357 16357 E ArmVmp : Match on catch block at 0xc3 in for 0xa1
01-23 16:13:40.210 16357 16357 E ArmVmp : Match on catch block at 0xc3 in for 0xa5
01-23 16:13:40.212 16357 16357 E ArmVmp : Match on catch block at 0xc3 in for 0xa5
01-23 16:13:40.227 16357 16357 E ArmVmp : Match on catch block at 0xc3 in for 0xa9
01-23 16:13:40.238 16357 16357 E ArmVmp : Match on catch block at 0xc3 in for 0xa1
01-23 16:13:40.251 16357 16357 E ArmVmp : Match on catch block at 0xc3 in for 0xa1
01-23 16:13:40.256 16357 16357 E ArmVmp : Match on catch block at 0xc3 in for 0xa5
01-23 16:13:40.266 16357 16357 E ArmVmp : Match on catch block at 0xc3 in for 0xa5
01-23 16:13:40.273 16357 16357 E ArmVmp : Match on catch block at 0xc3 in for 0xa9
01-23 16:13:40.305 16357 16357 E ArmVmp : Match on catch block at 0xc3 in for 0xa9
01-23 16:13:40.311 16357 16357 E ArmVmp : Match on catch block at 0xc3 in for 0xa1
01-23 16:13:40.322 16357 16357 E ArmVmp : Match on catch block at 0xc3 in for 0xa1
01-23 16:13:40.324 16357 16357 E ArmVmp : Match on catch block at 0xc3 in for 0xa5
01-23 16:13:40.338 16357 16357 E ArmVmp : Match on catch block at 0xc3 in for 0xa5
01-23 16:13:40.341 16357 16357 E ArmVmp : Match on catch block at 0xc3 in for 0xa9
01-23 16:13:40.355 16357 16357 E ArmVmp : Match on catch block at 0xc3 in for 0xa9
01-23 16:13:40.357 16357 16357 E ArmVmp : Match on catch block at 0xc3 in for 0xa1
01-23 16:13:40.373 16357 16357 E ArmVmp : Match on catch block at 0xc3 in for 0xa1
01-23 16:13:40.377 16357 16357 E ArmVmp : Match on catch block at 0xc3 in for 0xa5
01-23 16:13:40.389 16357 16357 E ArmVmp : Match on catch block at 0xc3 in for 0xa5
01-23 16:13:40.393 16357 16357 E ArmVmp : Match on catch block at 0xc3 in for 0xa9
01-23 16:13:40.406 16357 16357 E ArmVmp : Match on catch block at 0xc3 in for 0xa9
01-23 16:13:40.410 16357 16357 E ArmVmp : Match on catch block at 0xc3 in for 0xa1
01-23 16:13:40.422 16357 16357 E ArmVmp : Match on catch block at 0xc3 in for 0xa1
01-23 16:13:40.426 16357 16357 E ArmVmp : Match on catch block at 0xc3 in for 0xa5
01-23 16:13:40.439 16357 16357 E ArmVmp : Match on catch block at 0xc3 in for 0xa5
01-23 16:13:40.443 16357 16357 E ArmVmp : Match on catch block at 0xc3 in for 0xa9
01-23 16:13:40.455 16357 16357 E ArmVmp : Match on catch block at 0xc3 in for 0xa9
01-23 16:13:40.458 16357 16357 E ArmVmp : Match on catch block at 0xc3 in for 0xa1
01-23 16:13:40.473 16357 16357 E ArmVmp : Match on catch block at 0xc3 in for 0xa1
01-23 16:13:40.476 16357 16357 E ArmVmp : Match on catch block at 0xc3 in for 0xa5
01-23 16:13:40.489 16357 16357 E ArmVmp : Match on catch block at 0xc3 in for 0xa5
01-23 16:13:40.493 16357 16357 E ArmVmp : Match on catch block at 0xc3 in for 0xa9
01-23 16:13:40.506 16357 16357 E ArmVmp : Match on catch block at 0xc3 in for 0xa9
01-23 16:13:40.511 16357 16357 E ArmVmp : Match on catch block at 0xc3 in for 0xa1
01-23 16:13:40.524 16357 16357 E ArmVmp : Match on catch block at 0xc3 in for 0xa1
01-23 16:13:40.527 16357 16357 E ArmVmp : Match on catch block at 0xc3 in for 0xa5
01-23 16:13:40.539 16357 16357 E ArmVmp : Match on catch block at 0xc3 in for 0xa5
01-23 16:13:40.546 16357 16357 E ArmVmp : Match on catch block at 0xc3 in for 0xa9
01-23 16:13:40.557 16357 16357 E ArmVmp : Match on catch block at 0xc3 in for 0xa9
01-23 16:13:40.561 16357 16357 E ArmVmp : Match on catch block at 0xc3 in for 0xa1
01-23 16:13:40.573 16357 16357 E ArmVmp : Match on catch block at 0xc3 in for 0xa1
01-23 16:13:40.576 16357 16357 E ArmVmp : Match on catch block at 0xc3 in for 0xa5
01-23 16:13:40.589 16357 16357 E ArmVmp : Match on catch block at 0xc3 in for 0xa5
01-23 16:13:40.593 16357 16357 E ArmVmp : Match on catch block at 0xc3 in for 0xa9
01-23 16:13:40.656 16357 16357 E ArmVmp : Match on catch block at 0xc3 in for 0xa9
01-23 16:13:40.660 16357 16357 E ArmVmp : Match on catch block at 0xc3 in for 0xa1
01-23 16:13:40.672 16357 16357 E ArmVmp : Match on catch block at 0xc3 in for 0xa1
