01-26 01:44:16.073 22157 22157 E ArmVmp : Match on catch block at 0xc3 in for 0xa9
01-26 01:44:16.092 22157 22157 E ArmVmp : Match on catch block at 0xc3 in for 0xa5
01-26 01:44:16.095 22157 22157 E ArmVmp : Match on catch block at 0xc3 in for 0xa9
01-26 01:44:16.105 22157 22157 E ArmVmp : Match on catch block at 0xc3 in for 0xa9
01-26 01:44:16.109 22157 22157 E ArmVmp : Match on catch block at 0xc3 in for 0xa1
01-26 01:44:16.143 22157 22157 E ArmVmp : Match on catch block at 0xc3 in for 0xa9
01-26 01:44:16.146 22157 22157 E ArmVmp : Match on catch block at 0xc3 in for 0xa1
01-26 01:44:16.157 22157 22157 E ArmVmp : Match on catch block at 0xc3 in for 0xa1
01-26 01:44:16.160 22157 22157 E ArmVmp : Match on catch block at 0xc3 in for 0xa5
01-26 01:44:16.167 22157 22157 E ArmVmp : Match on catch block at 0xc3 in for 0xa9
01-26 01:44:16.170 22157 22157 E ArmVmp : Match on catch block at 0xc3 in for 0xa1
01-26 01:44:16.183 22157 22157 E ArmVmp : Match on catch block at 0xc3 in for 0xa5
01-26 01:44:16.186 22157 22157 E ArmVmp : Match on catch block at 0xc3 in for 0xa9
01-26 01:44:16.201 22157 22157 E ArmVmp : Match on catch block at 0xc3 in for 0xa1
01-26 01:44:16.204 22157 22157 E ArmVmp : Match on catch block at 0xc3 in for 0xa5
01-26 01:44:16.216 22157 22157 E ArmVmp : Match on catch block at 0xc3 in for 0xa9
01-26 01:44:16.220 22157 22157 E ArmVmp : Match on catch block at 0xc3 in for 0xa1
01-26 01:44:16.233 22157 22157 E ArmVmp : Match on catch block at 0xc3 in for 0xa5
01-26 01:44:16.237 22157 22157 E ArmVmp : Match on catch block at 0xc3 in for 0xa9
01-26 01:44:16.250 22157 22157 E ArmVmp : Match on catch block at 0xc3 in for 0xa1
01-26 01:44:16.254 22157 22157 E ArmVmp : Match on catch block at 0xc3 in for 0xa5
01-26 01:44:16.267 22157 22157 E ArmVmp : Match on catch block at 0xc3 in for 0xa9
01-26 01:44:16.271 22157 22157 E ArmVmp : Match on catch block at 0xc3 in for 0xa1
01-26 01:44:16.293 22157 22157 E ArmVmp : Match on catch block at 0xc3 in for 0xa9
01-26 01:44:16.296 22157 22157 E ArmVmp : Match on catch block at 0xc3 in for 0xa1
01-26 01:44:16.302 22157 22157 E ArmVmp : Match on catch block at 0xc3 in for 0xa5
01-26 01:44:16.306 22157 22157 E ArmVmp : Match on catch block at 0xc3 in for 0xa9
01-26 01:44:16.317 22157 22157 E ArmVmp : Match on catch block at 0xc3 in for 0xa1
01-26 01:44:16.321 22157 22157 E ArmVmp : Match on catch block at 0xc3 in for 0xa5
01-26 01:44:16.333 22157 22157 E ArmVmp : Match on catch block at 0xc3 in for 0xa9
01-26 01:44:16.337 22157 22157 E ArmVmp : Match on catch block at 0xc3 in for 0xa1
01-26 01:44:16.350 22157 22157 E ArmVmp : Match on catch block at 0xc3 in for 0xa5
01-26 01:44:16.352 22157 22157 E ArmVmp : Match on catch block at 0xc3 in for 0xa9
01-26 01:44:16.375 22157 22157 E ArmVmp : Match on catch block at 0xc3 in for 0xa5
01-26 01:44:16.378 22157 22157 E ArmVmp : Match on catch block at 0xc3 in for 0xa9
01-26 01:44:16.383 22157 22157 E ArmVmp : Match on catch block at 0xc3 in for 0xa1
01-26 01:44:16.388 22157 22157 E ArmVmp : Match on catch block at 0xc3 in for 0xa5
01-26 01:44:16.400 22157 22157 E ArmVmp : Match on catch block at 0xc3 in for 0xa9
01-26 01:44:16.404 22157 22157 E ArmVmp : Match on catch block at 0xc3 in for 0xa1
01-26 01:44:16.417 22157 22157 E ArmVmp : Match on catch block at 0xc3 in for 0xa5
01-26 01:44:16.421 22157 22157 E ArmVmp : Match on catch block at 0xc3 in for 0xa9
01-26 01:44:16.434 22157 22157 E ArmVmp : Match on catch block at 0xc3 in for 0xa1
01-26 01:44:16.438 22157 22157 E ArmVmp : Match on catch block at 0xc3 in for 0xa5
01-26 01:44:16.451 22157 22157 E ArmVmp : Match on catch block at 0xc3 in for 0xa9
01-26 01:44:16.455 22157 22157 E ArmVmp : Match on catch block at 0xc3 in for 0xa1
01-26 01:44:16.467 22157 22157 E ArmVmp : Match on catch block at 0xc3 in for 0xa5
01-26 01:44:16.471 22157 22157 E ArmVmp : Match on catch block at 0xc3 in for 0xa9
01-26 01:44:16.484 22157 22157 E ArmVmp : Match on catch block at 0xc3 in for 0xa1
01-26 01:44:16.487 22157 22157 E ArmVmp : Match on catch block at 0xc3 in for 0xa5
01-26 01:44:16.500 22157 22157 E ArmVmp : Match on catch block at 0xc3 in for 0xa9
01-26 01:44:16.503 22157 22157 E ArmVmp : Match on catch block at 0xc3 in for 0xa1
01-26 01:44:16.517 22157 22157 E ArmVmp : Match on catch block at 0xc3 in for 0xa5
01-26 01:44:16.520 22157 22157 E ArmVmp : Match on catch block at 0xc3 in for 0xa9
01-26 01:44:16.534 22157 22157 E ArmVmp : Match on catch block at 0xc3 in for 0xa1
01-26 01:44:16.539 22157 22157 E ArmVmp : Match on catch block at 0xc3 in for 0xa5
01-26 01:44:16.551 22157 22157 E ArmVmp : Match on catch block at 0xc3 in for 0xa9
01-26 01:44:16.554 22157 22157 E ArmVmp : Match on catch block at 0xc3 in for 0xa1
01-26 01:44:16.567 22157 22157 E ArmVmp : Match on catch block at 0xc3 in for 0xa5
01-26 01:44:16.571 22157 22157 E ArmVmp : Match on catch block at 0xc3 in for 0xa9
01-26 01:44:16.586 22157 22157 E ArmVmp : Match on catch block at 0xc3 in for 0xa1
01-26 01:44:16.589 22157 22157 E ArmVmp : Match on catch block at 0xc3 in for 0xa5
01-26 01:44:16.600 22157 22157 E ArmVmp : Match on catch block at 0xc3 in for 0xa9
01-26 01:44:16.605 22157 22157 E ArmVmp : Match on catch block at 0xc3 in for 0xa1
01-26 01:44:16.617 22157 22157 E ArmVmp : Match on catch block at 0xc3 in for 0xa5
01-26 01:44:16.620 22157 22157 E ArmVmp : Match on catch block at 0xc3 in for 0xa9
01-26 01:44:16.634 22157 22157 E ArmVmp : Match on catch block at 0xc3 in for 0xa9
01-26 01:44:16.637 22157 22157 E ArmVmp : Match on catch block at 0xc3 in for 0xa1
01-26 01:44:16.652 22157 22157 E ArmVmp : Match on catch block at 0xc3 in for 0xa5
01-26 01:44:16.655 22157 22157 E ArmVmp : Match on catch block at 0xc3 in for 0xa9
01-26 01:44:16.669 22157 22157 E ArmVmp : Match on catch block at 0xc3 in for 0xa1
01-26 01:44:16.672 22157 22157 E ArmVmp : Match on catch block at 0xc3 in for 0xa5
01-26 01:44:16.685 22157 22157 E ArmVmp : Match on catch block at 0xc3 in for 0xa9
01-26 01:44:16.689 22157 22157 E ArmVmp : Match on catch block at 0xc3 in for 0xa1
01-26 01:44:16.713 22157 22157 E ArmVmp : Match on catch block at 0xc3 in for 0xa5
01-26 01:44:16.717 22157 22157 E ArmVmp : Match on catch block at 0xc3 in for 0xa9
01-26 01:44:16.724 22157 22157 E ArmVmp : Match on catch block at 0xc3 in for 0xa9
01-26 01:44:16.728 22157 22157 E ArmVmp : Match on catch block at 0xc3 in for 0xa1
01-26 01:44:16.735 22157 22157 E ArmVmp : Match on catch block at 0xc3 in for 0xa1
01-26 01:44:16.738 22157 22157 E ArmVmp : Match on catch block at 0xc3 in for 0xa5
01-26 01:44:16.752 22157 22157 E ArmVmp : Match on catch block at 0xc3 in for 0xa9
01-26 01:44:16.754 22157 22157 E ArmVmp : Match on catch block at 0xc3 in for 0xa1
01-26 01:44:16.766 22157 22157 E ArmVmp : Match on catch block at 0xc3 in for 0xa5
01-26 01:44:16.769 22157 22157 E ArmVmp : Match on catch block at 0xc3 in for 0xa9
01-26 01:44:16.783 22157 22157 E ArmVmp : Match on catch block at 0xc3 in for 0xa1
01-26 01:44:16.786 22157 22157 E ArmVmp : Match on catch block at 0xc3 in for 0xa5
01-26 01:44:16.801 22157 22157 E ArmVmp : Match on catch block at 0xc3 in for 0xa9
01-26 01:44:16.804 22157 22157 E ArmVmp : Match on catch block at 0xc3 in for 0xa1
01-26 01:44:16.816 22157 22157 E ArmVmp : Match on catch block at 0xc3 in for 0xa5
01-26 01:44:16.819 22157 22157 E ArmVmp : Match on catch block at 0xc3 in for 0xa9
01-26 01:44:16.840 22157 22157 E ArmVmp : Match on catch block at 0xc3 in for 0xa9
01-26 01:44:16.843 22157 22157 E ArmVmp : Match on catch block at 0xc3 in for 0xa1
01-26 01:44:16.850 22157 22157 E ArmVmp : Match on catch block at 0xc3 in for 0xa5
01-26 01:44:16.854 22157 22157 E ArmVmp : Match on catch block at 0xc3 in for 0xa9
01-26 01:44:16.866 22157 22157 E ArmVmp : Match on catch block at 0xc3 in for 0xa1
01-26 01:44:16.869 22157 22157 E ArmVmp : Match on catch block at 0xc3 in for 0xa5
01-26 01:44:16.883 22157 22157 E ArmVmp : Match on catch block at 0xc3 in for 0xa9
01-26 01:44:16.886 22157 22157 E ArmVmp : Match on catch block at 0xc3 in for 0xa1
01-26 01:44:16.901 22157 22157 E ArmVmp : Match on catch block at 0xc3 in for 0xa5
01-26 01:44:16.904 22157 22157 E ArmVmp : Match on catch block at 0xc3 in for 0xa9
01-26 01:44:16.916 22157 22157 E ArmVmp : Match on catch block at 0xc3 in for 0xa1
01-26 01:44:16.919 22157 22157 E ArmVmp : Match on catch block at 0xc3 in for 0xa5
01-26 01:44:16.935 22157 22157 E ArmVmp : Match on catch block at 0xc3 in for 0xa9
01-26 01:44:16.938 22157 22157 E ArmVmp : Match on catch block at 0xc3 in for 0xa1
01-26 01:44:16.949 22157 22157 E ArmVmp : Match on catch block at 0xc3 in for 0xa5
01-26 01:44:16.953 22157 22157 E ArmVmp : Match on catch block at 0xc3 in for 0xa9
01-26 01:44:16.967 22157 22157 E ArmVmp : Match on catch block at 0xc3 in for 0xa1
01-26 01:44:16.970 22157 22157 E ArmVmp : Match on catch block at 0xc3 in for 0xa5
01-26 01:44:16.983 22157 22157 E ArmVmp : Match on catch block at 0xc3 in for 0xa9
01-26 01:44:16.991 22157 22157 E ArmVmp : Match on catch block at 0xc3 in for 0xa1
01-26 01:44:16.999 22157 22157 E ArmVmp : Match on catch block at 0xc3 in for 0xa5
01-26 01:44:17.004 22157 22157 E ArmVmp : Match on catch block at 0xc3 in for 0xa9
01-26 01:44:17.016 22157 22157 E ArmVmp : Match on catch block at 0xc3 in for 0xa1
01-26 01:44:17.019 22157 22157 E ArmVmp : Match on catch block at 0xc3 in for 0xa5
01-26 01:44:17.033 22157 22157 E ArmVmp : Match on catch block at 0xc3 in for 0xa9
01-26 01:44:17.037 22157 22157 E ArmVmp : Match on catch block at 0xc3 in for 0xa1
01-26 01:44:17.050 22157 22157 E ArmVmp : Match on catch block at 0xc3 in for 0xa5
01-26 01:44:17.053 22157 22157 E ArmVmp : Match on catch block at 0xc3 in for 0xa9
01-26 01:44:17.067 22157 22157 E ArmVmp : Match on catch block at 0xc3 in for 0xa1
01-26 01:44:17.070 22157 22157 E ArmVmp : Match on catch block at 0xc3 in for 0xa5
01-26 01:44:17.083 22157 22157 E ArmVmp : Match on catch block at 0xc3 in for 0xa9
01-26 01:44:17.086 22157 22157 E ArmVmp : Match on catch block at 0xc3 in for 0xa1
01-26 01:44:17.100 22157 22157 E ArmVmp : Match on catch block at 0xc3 in for 0xa5
01-26 01:44:17.103 22157 22157 E ArmVmp : Match on catch block at 0xc3 in for 0xa9
01-26 01:44:17.116 22157 22157 E ArmVmp : Match on catch block at 0xc3 in for 0xa1
01-26 01:44:17.120 22157 22157 E ArmVmp : Match on catch block at 0xc3 in for 0xa5
01-26 01:44:17.133 22157 22157 E ArmVmp : Match on catch block at 0xc3 in for 0xa9
01-26 01:44:17.137 22157 22157 E ArmVmp : Match on catch block at 0xc3 in for 0xa1
01-26 01:44:17.150 22157 22157 E ArmVmp : Match on catch block at 0xc3 in for 0xa5
01-26 01:44:17.153 22157 22157 E ArmVmp : Match on catch block at 0xc3 in for 0xa9
01-26 01:44:17.166 22157 22157 E ArmVmp : Match on catch block at 0xc3 in for 0xa1
01-26 01:44:17.171 22157 22157 E ArmVmp : Match on catch block at 0xc3 in for 0xa5
01-26 01:44:17.183 22157 22157 E ArmVmp : Match on catch block at 0xc3 in for 0xa9
01-26 01:44:17.186 22157 22157 E ArmVmp : Match on catch block at 0xc3 in for 0xa1
01-26 01:44:17.199 22157 22157 E ArmVmp : Match on catch block at 0xc3 in for 0xa5
01-26 01:44:17.203 22157 22157 E ArmVmp : Match on catch block at 0xc3 in for 0xa9
01-26 01:44:17.216 22157 22157 E ArmVmp : Match on catch block at 0xc3 in for 0xa1
01-26 01:44:17.219 22157 22157 E ArmVmp : Match on catch block at 0xc3 in for 0xa5
01-26 01:44:17.233 22157 22157 E ArmVmp : Match on catch block at 0xc3 in for 0xa9
01-26 01:44:17.236 22157 22157 E ArmVmp : Match on catch block at 0xc3 in for 0xa1
01-26 01:44:17.249 22157 22157 E ArmVmp : Match on catch block at 0xc3 in for 0xa5
01-26 01:44:17.253 22157 22157 E ArmVmp : Match on catch block at 0xc3 in for 0xa9
01-26 01:44:17.266 22157 22157 E ArmVmp : Match on catch block at 0xc3 in for 0xa1
01-26 01:44:17.269 22157 22157 E ArmVmp : Match on catch block at 0xc3 in for 0xa5
01-26 01:44:17.283 22157 22157 E ArmVmp : Match on catch block at 0xc3 in for 0xa9
01-26 01:44:17.286 22157 22157 E ArmVmp : Match on catch block at 0xc3 in for 0xa1
01-26 01:44:17.300 22157 22157 E ArmVmp : Match on catch block at 0xc3 in for 0xa5
01-26 01:44:17.303 22157 22157 E ArmVmp : Match on catch block at 0xc3 in for 0xa9
01-26 01:44:17.316 22157 22157 E ArmVmp : Match on catch block at 0xc3 in for 0xa1
01-26 01:44:17.320 22157 22157 E ArmVmp : Match on catch block at 0xc3 in for 0xa5
01-26 01:44:17.333 22157 22157 E ArmVmp : Match on catch block at 0xc3 in for 0xa5
01-26 01:44:17.337 22157 22157 E ArmVmp : Match on catch block at 0xc3 in for 0xa9
01-26 01:44:17.352 22157 22157 E ArmVmp : Match on catch block at 0xc3 in for 0xa1
01-26 01:44:17.356 22157 22157 E ArmVmp : Match on catch block at 0xc3 in for 0xa5
01-26 01:44:17.367 22157 22157 E ArmVmp : Match on catch block at 0xc3 in for 0xa9
01-26 01:44:17.370 22157 22157 E ArmVmp : Match on catch block at 0xc3 in for 0xa1
01-26 01:44:17.383 22157 22157 E ArmVmp : Match on catch block at 0xc3 in for 0xa5
01-26 01:44:17.388 22157 22157 E ArmVmp : Match on catch block at 0xc3 in for 0xa9
01-26 01:44:17.400 22157 22157 E ArmVmp : Match on catch block at 0xc3 in for 0xa9
01-26 01:44:17.403 22157 22157 E ArmVmp : Match on catch block at 0xc3 in for 0xa1
01-26 01:44:17.421 22157 22157 E ArmVmp : Match on catch block at 0xc3 in for 0xa1
01-26 01:44:17.425 22157 22157 E ArmVmp : Match on catch block at 0xc3 in for 0xa5
01-26 01:44:17.434 22157 22157 E ArmVmp : Match on catch block at 0xc3 in for 0xa5
01-26 01:44:17.439 22157 22157 E ArmVmp : Match on catch block at 0xc3 in for 0xa9
01-26 01:44:17.465 22157 22157 E ArmVmp : Match on catch block at 0xc3 in for 0xa9
01-26 01:44:17.468 22157 22157 E ArmVmp : Match on catch block at 0xc3 in for 0xa1
01-26 01:44:17.493 22157 22157 E ArmVmp : Match on catch block at 0xc3 in for 0xa9
01-26 01:44:17.496 22157 22157 E ArmVmp : Match on catch block at 0xc3 in for 0xa1
01-26 01:44:17.504 22157 22157 E ArmVmp : Match on catch block at 0xc3 in for 0xa5
01-26 01:44:17.507 22157 22157 E ArmVmp : Match on catch block at 0xc3 in for 0xa9
01-26 01:44:17.518 22157 22157 E ArmVmp : Match on catch block at 0xc3 in for 0xa1
01-26 01:44:17.521 22157 22157 E ArmVmp : Match on catch block at 0xc3 in for 0xa5
01-26 01:44:17.532 22157 22157 E ArmVmp : Match on catch block at 0xc3 in for 0xa9
01-26 01:44:17.535 22157 22157 E ArmVmp : Match on catch block at 0xc3 in for 0xa1
01-26 01:44:17.549 22157 22157 E ArmVmp : Match on catch block at 0xc3 in for 0xa5
01-26 01:44:17.552 22157 22157 E ArmVmp : Match on catch block at 0xc3 in for 0xa9
01-26 01:44:17.566 22157 22157 E ArmVmp : Match on catch block at 0xc3 in for 0xa1
01-26 01:44:17.568 22157 22157 E ArmVmp : Match on catch block at 0xc3 in for 0xa5
01-26 01:44:17.583 22157 22157 E ArmVmp : Match on catch block at 0xc3 in for 0xa5
01-26 01:44:17.588 22157 22157 E ArmVmp : Match on catch block at 0xc3 in for 0xa9
01-26 01:44:17.600 22157 22157 E ArmVmp : Match on catch block at 0xc3 in for 0xa9
01-26 01:44:17.604 22157 22157 E ArmVmp : Match on catch block at 0xc3 in for 0xa1
01-26 01:44:17.616 22157 22157 E ArmVmp : Match on catch block at 0xc3 in for 0xa1
01-26 01:44:17.620 22157 22157 E ArmVmp : Match on catch block at 0xc3 in for 0xa5
01-26 01:44:17.767 22157 22157 E ArmVmp : Match on catch block at 0xc3 in for 0xa5
01-26 01:44:17.771 22157 22157 E ArmVmp : Match on catch block at 0xc3 in for 0xa9
01-26 01:44:17.985 22157 22157 E ArmVmp : Match on catch block at 0xc3 in for 0xa9
01-26 01:44:17.992 22157 22157 E ArmVmp : Match on catch block at 0xc3 in for 0xa1
01-26 01:44:18.001 22157 22157 E ArmVmp : Match on catch block at 0xc3 in for 0xa1
01-26 01:44:18.007 22157 22157 E ArmVmp : Match on catch block at 0xc3 in for 0xa5
01-26 01:44:18.018 22157 22157 E ArmVmp : Match on catch block at 0xc3 in for 0xa5
01-26 01:44:18.023 22157 22157 E ArmVmp : Match on catch block at 0xc3 in for 0xa9
01-26 01:44:18.033 22157 22157 E ArmVmp : Match on catch block at 0xc3 in for 0xa9
01-26 01:44:18.038 22157 22157 E ArmVmp : Match on catch block at 0xc3 in for 0xa1
01-26 01:44:18.049 22157 22157 E ArmVmp : Match on catch block at 0xc3 in for 0xa1
01-26 01:44:18.053 22157 22157 E ArmVmp : Match on catch block at 0xc3 in for 0xa5
01-26 01:44:18.066 22157 22157 E ArmVmp : Match on catch block at 0xc3 in for 0xa5
01-26 01:44:18.071 22157 22157 E ArmVmp : Match on catch block at 0xc3 in for 0xa9
01-26 01:44:18.083 22157 22157 E ArmVmp : Match on catch block at 0xc3 in for 0xa9
01-26 01:44:18.087 22157 22157 E ArmVmp : Match on catch block at 0xc3 in for 0xa1
01-26 01:44:18.099 22157 22157 E ArmVmp : Match on catch block at 0xc3 in for 0xa1
01-26 01:44:18.103 22157 22157 E ArmVmp : Match on catch block at 0xc3 in for 0xa5
01-26 01:44:18.116 22157 22157 E ArmVmp : Match on catch block at 0xc3 in for 0xa5
01-26 01:44:18.119 22157 22157 E ArmVmp : Match on catch block at 0xc3 in for 0xa9
01-26 01:44:18.132 22157 22157 E ArmVmp : Match on catch block at 0xc3 in for 0xa9
01-26 01:44:18.136 22157 22157 E ArmVmp : Match on catch block at 0xc3 in for 0xa1
01-26 01:44:18.149 22157 22157 E ArmVmp : Match on catch block at 0xc3 in for 0xa1
01-26 01:44:18.152 22157 22157 E ArmVmp : Match on catch block at 0xc3 in for 0xa5
01-26 01:44:18.165 22157 22157 E ArmVmp : Match on catch block at 0xc3 in for 0xa5
01-26 01:44:18.170 22157 22157 E ArmVmp : Match on catch block at 0xc3 in for 0xa9
01-26 01:44:18.182 22157 22157 E ArmVmp : Match on catch block at 0xc3 in for 0xa9
01-26 01:44:18.188 22157 22157 E ArmVmp : Match on catch block at 0xc3 in for 0xa1
01-26 01:44:18.200 22157 22157 E ArmVmp : Match on catch block at 0xc3 in for 0xa1
01-26 01:44:18.207 22157 22157 E ArmVmp : Match on catch block at 0xc3 in for 0xa5
01-26 01:44:18.216 22157 22157 E ArmVmp : Match on catch block at 0xc3 in for 0xa5
01-26 01:44:18.223 22157 22157 E ArmVmp : Match on catch block at 0xc3 in for 0xa9
01-26 01:44:18.233 22157 22157 E ArmVmp : Match on catch block at 0xc3 in for 0xa9
01-26 01:44:18.237 22157 22157 E ArmVmp : Match on catch block at 0xc3 in for 0xa1
01-26 01:44:18.266 22157 22157 E ArmVmp : Match on catch block at 0xc3 in for 0xa1
01-26 01:44:18.272 22157 22157 E ArmVmp : Match on catch block at 0xc3 in for 0xa5
01-26 01:44:18.628 22157 22157 E ArmVmp : Match on catch block at 0xc3 in for 0xa1
01-26 01:44:18.641 22157 22157 E ArmVmp : Match on catch block at 0xc3 in for 0xa5
01-26 01:44:18.671 22157 22157 E ArmVmp : Match on catch block at 0xc3 in for 0xa5
01-26 01:44:18.684 22157 22157 E ArmVmp : Match on catch block at 0xc3 in for 0xa9
01-26 01:44:18.700 22157 22157 E ArmVmp : Match on catch block at 0xc3 in for 0xa9
01-26 01:44:18.708 22157 22157 E ArmVmp : Match on catch block at 0xc3 in for 0xa1
01-26 01:44:18.719 22157 22157 E ArmVmp : Match on catch block at 0xc3 in for 0xa1
01-26 01:44:18.724 22157 22157 E ArmVmp : Match on catch block at 0xc3 in for 0xa5
01-26 01:44:18.735 22157 22157 E ArmVmp : Match on catch block at 0xc3 in for 0xa5
01-26 01:44:18.741 22157 22157 E ArmVmp : Match on catch block at 0xc3 in for 0xa9
01-26 01:44:18.751 22157 22157 E ArmVmp : Match on catch block at 0xc3 in for 0xa9
01-26 01:44:18.758 22157 22157 E ArmVmp : Match on catch block at 0xc3 in for 0xa1
01-26 01:44:18.769 22157 22157 E ArmVmp : Match on catch block at 0xc3 in for 0xa1
01-26 01:44:18.775 22157 22157 E ArmVmp : Match on catch block at 0xc3 in for 0xa5
01-26 01:44:18.786 22157 22157 E ArmVmp : Match on catch block at 0xc3 in for 0xa5
01-26 01:44:18.792 22157 22157 E ArmVmp : Match on catch block at 0xc3 in for 0xa9
01-26 01:44:18.802 22157 22157 E ArmVmp : Match on catch block at 0xc3 in for 0xa9
01-26 01:44:18.810 22157 22157 E ArmVmp : Match on catch block at 0xc3 in for 0xa1
01-26 01:44:18.840 22157 22157 E ArmVmp : Match on catch block at 0xc3 in for 0xa1
01-26 01:44:18.846 22157 22157 E ArmVmp : Match on catch block at 0xc3 in for 0xa5
01-26 01:44:18.866 22157 22157 E ArmVmp : Match on catch block at 0xc3 in for 0xa5
01-26 01:44:18.871 22157 22157 E ArmVmp : Match on catch block at 0xc3 in for 0xa9
01-26 01:44:19.299 22157 22157 E ArmVmp : Match on catch block at 0xc3 in for 0xa9
01-26 01:44:19.305 22157 22157 E ArmVmp : Match on catch block at 0xc3 in for 0xa1
01-26 01:44:19.802 22157 22157 E ArmVmp : Match on catch block at 0xc3 in for 0xa1
01-26 01:44:19.814 22157 22157 E ArmVmp : Match on catch block at 0xc3 in for 0xa5
01-26 01:44:20.303 22157 22157 E ArmVmp : Match on catch block at 0xc3 in for 0xa5
01-26 01:44:20.316 22157 22157 E ArmVmp : Match on catch block at 0xc3 in for 0xa9
01-26 01:44:20.799 22157 22157 E ArmVmp : Match on catch block at 0xc3 in for 0xa9
01-26 01:44:20.808 22157 22157 E ArmVmp : Match on catch block at 0xc3 in for 0xa1
01-26 01:44:21.302 22157 22157 E ArmVmp : Match on catch block at 0xc3 in for 0xa1
01-26 01:44:21.315 22157 22157 E ArmVmp : Match on catch block at 0xc3 in for 0xa5
01-26 01:44:21.800 22157 22157 E ArmVmp : Match on catch block at 0xc3 in for 0xa5
01-26 01:44:21.813 22157 22157 E ArmVmp : Match on catch block at 0xc3 in for 0xa9
01-26 01:44:22.318 22157 22157 E ArmVmp : Match on catch block at 0xc3 in for 0xa9
01-26 01:44:22.331 22157 22157 E ArmVmp : Match on catch block at 0xc3 in for 0xa1
01-26 01:44:22.817 22157 22157 E ArmVmp : Match on catch block at 0xc3 in for 0xa1
01-26 01:44:22.831 22157 22157 E ArmVmp : Match on catch block at 0xc3 in for 0xa5
01-26 01:44:23.317 22157 22157 E ArmVmp : Match on catch block at 0xc3 in for 0xa5
01-26 01:44:23.330 22157 22157 E ArmVmp : Match on catch block at 0xc3 in for 0xa9
01-26 01:44:23.817 22157 22157 E ArmVmp : Match on catch block at 0xc3 in for 0xa9
01-26 01:44:23.830 22157 22157 E ArmVmp : Match on catch block at 0xc3 in for 0xa1
01-26 01:44:24.316 22157 22157 E ArmVmp : Match on catch block at 0xc3 in for 0xa1
01-26 01:44:24.330 22157 22157 E ArmVmp : Match on catch block at 0xc3 in for 0xa5
01-26 01:44:24.815 22157 22157 E ArmVmp : Match on catch block at 0xc3 in for 0xa5
01-26 01:44:24.827 22157 22157 E ArmVmp : Match on catch block at 0xc3 in for 0xa9
01-26 01:44:25.316 22157 22157 E ArmVmp : Match on catch block at 0xc3 in for 0xa9
01-26 01:44:25.329 22157 22157 E ArmVmp : Match on catch block at 0xc3 in for 0xa1
01-26 01:44:25.815 22157 22157 E ArmVmp : Match on catch block at 0xc3 in for 0xa1
01-26 01:44:25.827 22157 22157 E ArmVmp : Match on catch block at 0xc3 in for 0xa5
01-26 01:44:26.315 22157 22157 E ArmVmp : Match on catch block at 0xc3 in for 0xa5
01-26 01:44:26.328 22157 22157 E ArmVmp : Match on catch block at 0xc3 in for 0xa9
01-26 01:44:26.811 22157 22157 E ArmVmp : Match on catch block at 0xc3 in for 0xa9
01-26 01:44:26.817 22157 22157 E ArmVmp : Match on catch block at 0xc3 in for 0xa1
01-26 01:44:27.331 22157 22157 E ArmVmp : Match on catch block at 0xc3 in for 0xa1
01-26 01:44:27.344 22157 22157 E ArmVmp : Match on catch block at 0xc3 in for 0xa5
01-26 01:44:27.827 22157 22157 E ArmVmp : Match on catch block at 0xc3 in for 0xa5
01-26 01:44:27.836 22157 22157 E ArmVmp : Match on catch block at 0xc3 in for 0xa9
01-26 01:44:28.330 22157 22157 E ArmVmp : Match on catch block at 0xc3 in for 0xa9
01-26 01:44:28.343 22157 22157 E ArmVmp : Match on catch block at 0xc3 in for 0xa1
01-26 01:44:28.829 22157 22157 E ArmVmp : Match on catch block at 0xc3 in for 0xa1
01-26 01:44:28.839 22157 22157 E ArmVmp : Match on catch block at 0xc3 in for 0xa5
01-26 01:44:29.330 22157 22157 E ArmVmp : Match on catch block at 0xc3 in for 0xa5
01-26 01:44:29.343 22157 22157 E ArmVmp : Match on catch block at 0xc3 in for 0xa9
01-26 01:44:29.830 22157 22157 E ArmVmp : Match on catch block at 0xc3 in for 0xa9
01-26 01:44:29.844 22157 22157 E ArmVmp : Match on catch block at 0xc3 in for 0xa1
01-26 01:44:30.329 22157 22157 E ArmVmp : Match on catch block at 0xc3 in for 0xa1
01-26 01:44:30.342 22157 22157 E ArmVmp : Match on catch block at 0xc3 in for 0xa5
01-26 01:44:30.828 22157 22157 E ArmVmp : Match on catch block at 0xc3 in for 0xa5
01-26 01:44:30.843 22157 22157 E ArmVmp : Match on catch block at 0xc3 in for 0xa9
01-26 01:44:31.340 22157 22157 E ArmVmp : Match on catch block at 0xc3 in for 0xa9
01-26 01:44:31.350 22157 22157 E ArmVmp : Match on catch block at 0xc3 in for 0xa1
01-26 01:44:31.845 22157 22157 E ArmVmp : Match on catch block at 0xc3 in for 0xa1
01-26 01:44:31.858 22157 22157 E ArmVmp : Match on catch block at 0xc3 in for 0xa5
01-26 01:44:32.344 22157 22157 E ArmVmp : Match on catch block at 0xc3 in for 0xa5
01-26 01:44:32.358 22157 22157 E ArmVmp : Match on catch block at 0xc3 in for 0xa9
01-26 01:44:32.840 22157 22157 E ArmVmp : Match on catch block at 0xc3 in for 0xa9
01-26 01:44:32.852 22157 22157 E ArmVmp : Match on catch block at 0xc3 in for 0xa1
01-26 01:44:33.344 22157 22157 E ArmVmp : Match on catch block at 0xc3 in for 0xa1
01-26 01:44:33.357 22157 22157 E ArmVmp : Match on catch block at 0xc3 in for 0xa5
01-26 01:44:33.843 22157 22157 E ArmVmp : Match on catch block at 0xc3 in for 0xa5
01-26 01:44:33.856 22157 22157 E ArmVmp : Match on catch block at 0xc3 in for 0xa9
01-26 01:44:34.343 22157 22157 E ArmVmp : Match on catch block at 0xc3 in for 0xa9
01-26 01:44:34.356 22157 22157 E ArmVmp : Match on catch block at 0xc3 in for 0xa1
01-26 01:44:34.843 22157 22157 E ArmVmp : Match on catch block at 0xc3 in for 0xa1
01-26 01:44:34.856 22157 22157 E ArmVmp : Match on catch block at 0xc3 in for 0xa5
01-26 01:44:35.342 22157 22157 E ArmVmp : Match on catch block at 0xc3 in for 0xa5
01-26 01:44:35.356 22157 22157 E ArmVmp : Match on catch block at 0xc3 in for 0xa9
01-26 01:44:35.859 22157 22157 E ArmVmp : Match on catch block at 0xc3 in for 0xa9
01-26 01:44:35.872 22157 22157 E ArmVmp : Match on catch block at 0xc3 in for 0xa1
01-26 01:44:36.360 22157 22157 E ArmVmp : Match on catch block at 0xc3 in for 0xa1
01-26 01:44:36.373 22157 22157 E ArmVmp : Match on catch block at 0xc3 in for 0xa5
01-26 01:44:36.858 22157 22157 E ArmVmp : Match on catch block at 0xc3 in for 0xa5
01-26 01:44:36.871 22157 22157 E ArmVmp : Match on catch block at 0xc3 in for 0xa9
01-26 01:44:37.358 22157 22157 E ArmVmp : Match on catch block at 0xc3 in for 0xa9
01-26 01:44:37.371 22157 22157 E ArmVmp : Match on catch block at 0xc3 in for 0xa1
01-26 01:44:37.853 22157 22157 E ArmVmp : Match on catch block at 0xc3 in for 0xa1
01-26 01:44:37.858 22157 22157 E ArmVmp : Match on catch block at 0xc3 in for 0xa5
01-26 01:44:38.357 22157 22157 E ArmVmp : Match on catch block at 0xc3 in for 0xa5
01-26 01:44:38.371 22157 22157 E ArmVmp : Match on catch block at 0xc3 in for 0xa9
01-26 01:44:38.857 22157 22157 E ArmVmp : Match on catch block at 0xc3 in for 0xa9
01-26 01:44:38.870 22157 22157 E ArmVmp : Match on catch block at 0xc3 in for 0xa1
01-26 01:44:39.356 22157 22157 E ArmVmp : Match on catch block at 0xc3 in for 0xa1
01-26 01:44:39.373 22157 22157 E ArmVmp : Match on catch block at 0xc3 in for 0xa5
01-26 01:44:39.873 22157 22157 E ArmVmp : Match on catch block at 0xc3 in for 0xa5
01-26 01:44:39.887 22157 22157 E ArmVmp : Match on catch block at 0xc3 in for 0xa9
01-26 01:44:40.372 22157 22157 E ArmVmp : Match on catch block at 0xc3 in for 0xa9
01-26 01:44:40.386 22157 22157 E ArmVmp : Match on catch block at 0xc3 in for 0xa1
01-26 01:44:40.872 22157 22157 E ArmVmp : Match on catch block at 0xc3 in for 0xa1
01-26 01:44:40.885 22157 22157 E ArmVmp : Match on catch block at 0xc3 in for 0xa5
01-26 01:44:41.372 22157 22157 E ArmVmp : Match on catch block at 0xc3 in for 0xa5
01-26 01:44:41.385 22157 22157 E ArmVmp : Match on catch block at 0xc3 in for 0xa9
01-26 01:44:41.872 22157 22157 E ArmVmp : Match on catch block at 0xc3 in for 0xa9
01-26 01:44:41.885 22157 22157 E ArmVmp : Match on catch block at 0xc3 in for 0xa1
01-26 01:44:42.371 22157 22157 E ArmVmp : Match on catch block at 0xc3 in for 0xa1
01-26 01:44:42.384 22157 22157 E ArmVmp : Match on catch block at 0xc3 in for 0xa5
01-26 01:44:42.871 22157 22157 E ArmVmp : Match on catch block at 0xc3 in for 0xa5
01-26 01:44:42.883 22157 22157 E ArmVmp : Match on catch block at 0xc3 in for 0xa9
01-26 01:44:43.371 22157 22157 E ArmVmp : Match on catch block at 0xc3 in for 0xa9
01-26 01:44:43.384 22157 22157 E ArmVmp : Match on catch block at 0xc3 in for 0xa1
01-26 01:44:43.866 22157 22157 E ArmVmp : Match on catch block at 0xc3 in for 0xa1
01-26 01:44:43.873 22157 22157 E ArmVmp : Match on catch block at 0xc3 in for 0xa5
01-26 01:44:44.370 22157 22157 E ArmVmp : Match on catch block at 0xc3 in for 0xa5
01-26 01:44:44.383 22157 22157 E ArmVmp : Match on catch block at 0xc3 in for 0xa9
01-26 01:44:44.886 22157 22157 E ArmVmp : Match on catch block at 0xc3 in for 0xa9
01-26 01:44:44.899 22157 22157 E ArmVmp : Match on catch block at 0xc3 in for 0xa1
01-26 01:44:45.386 22157 22157 E ArmVmp : Match on catch block at 0xc3 in for 0xa1
01-26 01:44:45.399 22157 22157 E ArmVmp : Match on catch block at 0xc3 in for 0xa5
01-26 01:44:45.886 22157 22157 E ArmVmp : Match on catch block at 0xc3 in for 0xa5
01-26 01:44:45.899 22157 22157 E ArmVmp : Match on catch block at 0xc3 in for 0xa9
01-26 01:44:46.386 22157 22157 E ArmVmp : Match on catch block at 0xc3 in for 0xa9
01-26 01:44:46.400 22157 22157 E ArmVmp : Match on catch block at 0xc3 in for 0xa1
01-26 01:44:46.885 22157 22157 E ArmVmp : Match on catch block at 0xc3 in for 0xa1
01-26 01:44:46.899 22157 22157 E ArmVmp : Match on catch block at 0xc3 in for 0xa5
01-26 01:44:47.384 22157 22157 E ArmVmp : Match on catch block at 0xc3 in for 0xa5
01-26 01:44:47.399 22157 22157 E ArmVmp : Match on catch block at 0xc3 in for 0xa9
01-26 01:44:47.961 22157 23716 W libEGL : EGLNativeWindowType 0x707a2c2010 disconnect failed
01-26 01:48:03.531 22157 22157 E ArmVmp : Match on catch block at 0x0a in for 0xc9
01-26 01:48:03.534 22157 22157 E ArmVmp : Match on catch block at 0x0a in for 0xc5
01-26 01:48:03.659 22157 22157 E ArmVmp : Match on catch block at 0xc3 in for 0xa5
01-26 01:48:03.663 22157 22157 E ArmVmp : Match on catch block at 0xc3 in for 0xa9
01-26 01:48:03.747 22157 22157 E ArmVmp : Match on catch block at 0xc3 in for 0xa1
01-26 01:48:03.752 22157 22157 E ArmVmp : Match on catch block at 0xc3 in for 0xa5
01-26 01:48:03.767 22157 22157 E ArmVmp : Match on catch block at 0xc3 in for 0xa5
01-26 01:48:03.773 22157 22157 E ArmVmp : Match on catch block at 0xc3 in for 0xa9
01-26 01:48:03.826 22157 22157 E ArmVmp : Match on catch block at 0xc3 in for 0xa1
01-26 01:48:03.831 22157 22157 E ArmVmp : Match on catch block at 0xc3 in for 0xa5
01-26 01:48:03.836 22157 22157 E ArmVmp : Match on catch block at 0xc3 in for 0xa5
01-26 01:48:03.842 22157 22157 E ArmVmp : Match on catch block at 0xc3 in for 0xa9
01-26 01:48:03.848 22157 22157 E ArmVmp : Match on catch block at 0xc3 in for 0xa9
01-26 01:48:03.851 22157 22157 E ArmVmp : Match on catch block at 0xc3 in for 0xa1
01-26 01:48:03.862 22157 22157 E ArmVmp : Match on catch block at 0xc3 in for 0xa1
01-26 01:48:03.865 22157 22157 E ArmVmp : Match on catch block at 0xc3 in for 0xa5
01-26 01:48:03.879 22157 22157 E ArmVmp : Match on catch block at 0xc3 in for 0xa5
01-26 01:48:03.883 22157 22157 E ArmVmp : Match on catch block at 0xc3 in for 0xa9
01-26 01:48:03.920 22157 22157 E ArmVmp : Match on catch block at 0xc3 in for 0xa9
01-26 01:48:03.923 22157 22157 E ArmVmp : Match on catch block at 0xc3 in for 0xa1
01-26 01:48:03.968 22157 22157 E ArmVmp : Match on catch block at 0xc3 in for 0xa1
01-26 01:48:03.971 22157 22157 E ArmVmp : Match on catch block at 0xc3 in for 0xa5
01-26 01:48:04.277 22157 22157 E ArmVmp : Match on catch block at 0xc3 in for 0xa5
01-26 01:48:04.281 22157 23716 W libEGL : EGLNativeWindowType 0x7103911010 disconnect failed
01-26 01:48:04.281 22157 22157 E ArmVmp : Match on catch block at 0xc3 in for 0xa9
01-26 01:48:04.312 22157 22157 E ArmVmp : Match on catch block at 0xc3 in for 0xa9
01-26 01:48:04.318 22157 22157 E ArmVmp : Match on catch block at 0xc3 in for 0xa1
01-26 01:48:04.378 22157 22157 E ArmVmp : Match on catch block at 0xc3 in for 0xa1
01-26 01:48:04.381 22157 22157 E ArmVmp : Match on catch block at 0xc3 in for 0xa5
01-26 01:48:04.395 22157 22157 E ArmVmp : Match on catch block at 0xc3 in for 0xa5
01-26 01:48:04.399 22157 22157 E ArmVmp : Match on catch block at 0xc3 in for 0xa9
01-26 01:48:04.412 22157 22157 E ArmVmp : Match on catch block at 0xc3 in for 0xa9
01-26 01:48:04.415 22157 22157 E ArmVmp : Match on catch block at 0xc3 in for 0xa1
01-26 01:48:04.429 22157 22157 E ArmVmp : Match on catch block at 0xc3 in for 0xa1
01-26 01:48:04.432 22157 22157 E ArmVmp : Match on catch block at 0xc3 in for 0xa5
01-26 01:48:04.447 22157 22157 E ArmVmp : Match on catch block at 0xc3 in for 0xa5
01-26 01:48:04.453 22157 22157 E ArmVmp : Match on catch block at 0xc3 in for 0xa9
01-26 01:48:04.464 22157 22157 E ArmVmp : Match on catch block at 0xc3 in for 0xa9
01-26 01:48:04.467 22157 22157 E ArmVmp : Match on catch block at 0xc3 in for 0xa1
01-26 01:48:04.480 22157 22157 E ArmVmp : Match on catch block at 0xc3 in for 0xa1
01-26 01:48:04.483 22157 22157 E ArmVmp : Match on catch block at 0xc3 in for 0xa5
01-26 01:48:04.494 22157 22157 E ArmVmp : Match on catch block at 0xc3 in for 0xa5
01-26 01:48:04.498 22157 22157 E ArmVmp : Match on catch block at 0xc3 in for 0xa9
01-26 01:48:04.524 22157 22157 E ArmVmp : Match on catch block at 0xc3 in for 0xa9
01-26 01:48:04.527 22157 22157 E ArmVmp : Match on catch block at 0xc3 in for 0xa1
01-26 01:48:04.545 22157 22157 E ArmVmp : Match on catch block at 0xc3 in for 0xa1
01-26 01:48:04.548 22157 22157 E ArmVmp : Match on catch block at 0xc3 in for 0xa5
01-26 01:48:04.561 22157 22157 E ArmVmp : Match on catch block at 0xc3 in for 0xa5
01-26 01:48:04.564 22157 22157 E ArmVmp : Match on catch block at 0xc3 in for 0xa9
01-26 01:48:04.579 22157 22157 E ArmVmp : Match on catch block at 0xc3 in for 0xa9
01-26 01:48:04.583 22157 22157 E ArmVmp : Match on catch block at 0xc3 in for 0xa1
01-26 01:48:04.595 22157 22157 E ArmVmp : Match on catch block at 0xc3 in for 0xa1
01-26 01:48:04.598 22157 22157 E ArmVmp : Match on catch block at 0xc3 in for 0xa5
01-26 01:48:04.614 22157 22157 E ArmVmp : Match on catch block at 0xc3 in for 0xa5
01-26 01:48:04.618 22157 22157 E ArmVmp : Match on catch block at 0xc3 in for 0xa9
01-26 01:48:04.628 22157 22157 E ArmVmp : Match on catch block at 0xc3 in for 0xa9
01-26 01:48:04.631 22157 22157 E ArmVmp : Match on catch block at 0xc3 in for 0xa1
01-26 01:48:04.645 22157 22157 E ArmVmp : Match on catch block at 0xc3 in for 0xa1
01-26 01:48:04.648 22157 22157 E ArmVmp : Match on catch block at 0xc3 in for 0xa5
01-26 01:48:04.662 22157 22157 E ArmVmp : Match on catch block at 0xc3 in for 0xa5
01-26 01:48:04.667 22157 22157 E ArmVmp : Match on catch block at 0xc3 in for 0xa9
01-26 01:48:04.678 22157 22157 E ArmVmp : Match on catch block at 0xc3 in for 0xa9
01-26 01:48:04.681 22157 22157 E ArmVmp : Match on catch block at 0xc3 in for 0xa1
01-26 01:48:05.327 22157 22157 E ArmVmp : Match on catch block at 0xc3 in for 0xa1
01-26 01:48:05.330 22157 22157 E ArmVmp : Match on catch block at 0xc3 in for 0xa5
01-26 01:48:05.344 22157 22157 E ArmVmp : Match on catch block at 0xc3 in for 0xa5
01-26 01:48:05.347 22157 22157 E ArmVmp : Match on catch block at 0xc3 in for 0xa9
01-26 01:48:05.360 22157 22157 E ArmVmp : Match on catch block at 0xc3 in for 0xa9
01-26 01:48:05.365 22157 22157 E ArmVmp : Match on catch block at 0xc3 in for 0xa1
01-26 01:48:05.377 22157 22157 E ArmVmp : Match on catch block at 0xc3 in for 0xa1
01-26 01:48:05.382 22157 22157 E ArmVmp : Match on catch block at 0xc3 in for 0xa5
01-26 01:48:05.394 22157 22157 E ArmVmp : Match on catch block at 0xc3 in for 0xa5
01-26 01:48:05.398 22157 22157 E ArmVmp : Match on catch block at 0xc3 in for 0xa9
01-26 01:48:05.410 22157 22157 E ArmVmp : Match on catch block at 0xc3 in for 0xa9
01-26 01:48:05.413 22157 22157 E ArmVmp : Match on catch block at 0xc3 in for 0xa1
01-26 01:48:05.427 22157 22157 E ArmVmp : Match on catch block at 0xc3 in for 0xa1
01-26 01:48:05.430 22157 22157 E ArmVmp : Match on catch block at 0xc3 in for 0xa5
01-26 01:48:05.447 22157 22157 E ArmVmp : Match on catch block at 0xc3 in for 0xa5
01-26 01:48:05.450 22157 22157 E ArmVmp : Match on catch block at 0xc3 in for 0xa9
01-26 01:48:05.461 22157 22157 E ArmVmp : Match on catch block at 0xc3 in for 0xa9
01-26 01:48:05.470 22157 22157 E ArmVmp : Match on catch block at 0xc3 in for 0xa1
01-26 01:48:05.477 22157 22157 E ArmVmp : Match on catch block at 0xc3 in for 0xa1
01-26 01:48:05.481 22157 22157 E ArmVmp : Match on catch block at 0xc3 in for 0xa5
01-26 01:48:05.493 22157 22157 E ArmVmp : Match on catch block at 0xc3 in for 0xa5
01-26 01:48:05.496 22157 22157 E ArmVmp : Match on catch block at 0xc3 in for 0xa9
01-26 01:48:05.510 22157 22157 E ArmVmp : Match on catch block at 0xc3 in for 0xa9
01-26 01:48:05.513 22157 22157 E ArmVmp : Match on catch block at 0xc3 in for 0xa1
01-26 01:48:05.529 22157 22157 E ArmVmp : Match on catch block at 0xc3 in for 0xa1
01-26 01:48:05.533 22157 22157 E ArmVmp : Match on catch block at 0xc3 in for 0xa5
01-26 01:48:05.556 22157 22157 E ArmVmp : Match on catch block at 0xc3 in for 0xa5
01-26 01:48:05.561 22157 22157 E ArmVmp : Match on catch block at 0xc3 in for 0xa9
01-26 01:48:05.577 22157 22157 E ArmVmp : Match on catch block at 0xc3 in for 0xa9
01-26 01:48:05.579 22157 22157 E ArmVmp : Match on catch block at 0xc3 in for 0xa1
01-26 01:48:08.264 22157 23716 W libEGL : EGLNativeWindowType 0x7103911010 disconnect failed
01-26 01:48:08.289 22157 22157 E ArmVmp : Match on catch block at 0xc3 in for 0xa5
01-26 01:48:08.310 22157 22157 E ArmVmp : Match on catch block at 0xc3 in for 0xa9 --------- beginning of main
01-26 06:50:06.571 4926 4926 E com.whatsapp: Not starting debugger since process cannot load the jdwp agent. --------- beginning of system
01-26 06:50:06.907 4926 4926 W System.err: java.lang.ClassNotFoundException: mbmodsd.mbmodsw.ui.views.btn.BtnBK
01-26 06:50:06.907 4926 4926 W System.err: at java.lang.Runtime.nativeLoad(Native Method)
01-26 06:50:06.907 4926 4926 W System.err: at java.lang.Runtime.nativeLoad(Runtime.java:1131)
01-26 06:50:06.907 4926 4926 W System.err: at java.lang.Runtime.loadLibrary0(Runtime.java:1085)
01-26 06:50:06.907 4926 4926 W System.err: at java.lang.Runtime.loadLibrary0(Runtime.java:1008)
01-26 06:50:06.907 4926 4926 W System.err: at java.lang.System.loadLibrary(System.java:1664)
01-26 06:50:06.907 4926 4926 W System.err: at arm.EpicVm.<clinit>(Unknown Source:2)
01-26 06:50:06.907 4926 4926 W System.err: at java.lang.Class.newInstance(Native Method)
01-26 06:50:06.908 4926 4926 W System.err: at android.app.AppComponentFactory.instantiateApplication(AppComponentFactory.java:76)
01-26 06:50:06.908 4926 4926 W System.err: at androidx.core.app.CoreComponentFactory.instantiateApplication(Unknown Source:0)
01-26 06:50:06.908 4926 4926 W System.err: at android.app.Instrumentation.newApplication(Instrumentation.java:1158)
01-26 06:50:06.908 4926 4926 W System.err: at android.app.LoadedApk.makeApplication(LoadedApk.java:1324)
01-26 06:50:06.908 4926 4926 W System.err: at android.app.ActivityThread.handleBindApplication(ActivityThread.java:7543)
01-26 06:50:06.908 4926 4926 W System.err: at android.app.ActivityThread.access$1500(ActivityThread.java:301)
01-26 06:50:06.908 4926 4926 W System.err: at android.app.ActivityThread$H.handleMessage(ActivityThread.java:2177)
01-26 06:50:06.908 4926 4926 W System.err: at android.os.Handler.dispatchMessage(Handler.java:106)
01-26 06:50:06.908 4926 4926 W System.err: at android.os.Looper.loop(Looper.java:246)
01-26 06:50:06.908 4926 4926 W System.err: at android.app.ActivityThread.main(ActivityThread.java:8653)
01-26 06:50:06.908 4926 4926 W System.err: at java.lang.reflect.Method.invoke(Native Method)
01-26 06:50:06.908 4926 4926 W System.err: at com.android.internal.os.RuntimeInit$MethodAndArgsCaller.run(RuntimeInit.java:602)
01-26 06:50:06.908 4926 4926 W System.err: at com.android.internal.os.ZygoteInit.main(ZygoteInit.java:1130)
01-26 06:50:06.951 4926 4926 E CustomActivityOnCrash: IMPORTANT WARNING! You already have an UncaughtExceptionHandler, are you sure this is correct? If you use a custom UncaughtExceptionHandler, you must initialize it AFTER CustomActivityOnCrash! Installing anyway, but your original handler will not be called.
01-26 06:50:07.426 4926 4926 W com.whatsapp: Accessing hidden method Lcom/android/org/conscrypt/OpenSSLSocketImpl;->setUseSessionTickets(Z)V (greylist- max-q,core-platform-api, reflection, denied)
01-26 06:50:07.426 4926 4926 W com.whatsapp: Accessing hidden method Lcom/android/org/conscrypt/AbstractConscryptSocket;->setUseSessionTickets(Z)V (greylist-max-q, reflection, denied)
01-26 06:50:07.552 4926 4926 W linker : Warning: "/data/data/com.whatsapp/files/decompressed/libs.spk.zst/libc++_shared.so" unused DT entry: unknown processor-specific (type 0x70000001 arg 0x0) (ignoring)
01-26 06:50:07.988 4926 5006 W com.whatsapp: Class X.2rL failed lock verification and will run slower.
01-26 06:50:07.988 4926 5006 W com.whatsapp: Common causes for lock verification issues are non-optimized dex code
01-26 06:50:07.988 4926 5006 W com.whatsapp: and incorrect proguard optimizations.
01-26 06:50:14.139 4926 5136 W WM-Processor: Didn't find WorkSpec for id WorkGenerationalId(workSpecId=bd8129eb-4610-4096-8beb-2f9dab1eaf92, generation=0)
01-26 06:50:14.156 4926 5136 W WM-Processor: Didn't find WorkSpec for id WorkGenerationalId(workSpecId=bd8129eb-4610-4096-8beb-2f9dab1eaf92, generation=0) --------- beginning of main
01-26 07:19:25.397 10883 10883 E com.whatsapp: Not starting debugger since process cannot load the jdwp agent. --------- beginning of system
01-26 07:19:25.721 10883 10883 W System.err: java.lang.ClassNotFoundException: mbmodsd.mbmodsw.ui.views.btn.BtnBK
01-26 07:19:25.723 10883 10883 W System.err: at java.lang.Runtime.nativeLoad(Native Method)
01-26 07:19:25.723 10883 10883 W System.err: at java.lang.Runtime.nativeLoad(Runtime.java:1131)
01-26 07:19:25.723 10883 10883 W System.err: at java.lang.Runtime.loadLibrary0(Runtime.java:1085)
01-26 07:19:25.723 10883 10883 W System.err: at java.lang.Runtime.loadLibrary0(Runtime.java:1008)
01-26 07:19:25.723 10883 10883 W System.err: at java.lang.System.loadLibrary(System.java:1664)
01-26 07:19:25.723 10883 10883 W System.err: at arm.EpicVm.<clinit>(Unknown Source:2)
01-26 07:19:25.723 10883 10883 W System.err: at java.lang.Class.newInstance(Native Method)
01-26 07:19:25.723 10883 10883 W System.err: at android.app.AppComponentFactory.instantiateApplication(AppComponentFactory.java:76)
01-26 07:19:25.723 10883 10883 W System.err: at androidx.core.app.CoreComponentFactory.instantiateApplication(Unknown Source:0)
01-26 07:19:25.723 10883 10883 W System.err: at android.app.Instrumentation.newApplication(Instrumentation.java:1158)
01-26 07:19:25.723 10883 10883 W System.err: at android.app.LoadedApk.makeApplication(LoadedApk.java:1324)
01-26 07:19:25.723 10883 10883 W System.err: at android.app.ActivityThread.handleBindApplication(ActivityThread.java:7543)
01-26 07:19:25.723 10883 10883 W System.err: at android.app.ActivityThread.access$1500(ActivityThread.java:301)
01-26 07:19:25.723 10883 10883 W System.err: at android.app.ActivityThread$H.handleMessage(ActivityThread.java:2177)
01-26 07:19:25.723 10883 10883 W System.err: at android.os.Handler.dispatchMessage(Handler.java:106)
01-26 07:19:25.723 10883 10883 W System.err: at android.os.Looper.loop(Looper.java:246)
01-26 07:19:25.723 10883 10883 W System.err: at android.app.ActivityThread.main(ActivityThread.java:8653)
01-26 07:19:25.723 10883 10883 W System.err: at java.lang.reflect.Method.invoke(Native Method)
01-26 07:19:25.723 10883 10883 W System.err: at com.android.internal.os.RuntimeInit$MethodAndArgsCaller.run(RuntimeInit.java:602)
01-26 07:19:25.723 10883 10883 W System.err: at com.android.internal.os.ZygoteInit.main(ZygoteInit.java:1130)
01-26 07:19:25.778 10883 10883 E CustomActivityOnCrash: IMPORTANT WARNING! You already have an UncaughtExceptionHandler, are you sure this is correct? If you use a custom UncaughtExceptionHandler, you must initialize it AFTER CustomActivityOnCrash! Installing anyway, but your original handler will not be called.
01-26 07:19:26.266 10883 10883 W com.whatsapp: Accessing hidden method Lcom/android/org/conscrypt/OpenSSLSocketImpl;->setUseSessionTickets(Z)V (greylist- max-q,core-platform-api, reflection, denied)
01-26 07:19:26.266 10883 10883 W com.whatsapp: Accessing hidden method Lcom/android/org/conscrypt/AbstractConscryptSocket;->setUseSessionTickets(Z)V (greylist-max-q, reflection, denied)
01-26 07:19:26.367 10883 10883 W linker : Warning: "/data/data/com.whatsapp/files/decompressed/libs.spk.zst/libc++_shared.so" unused DT entry: unknown processor-specific (type 0x70000001 arg 0x0) (ignoring)
01-26 07:19:26.678 10883 10930 W com.whatsapp: Class X.2rL failed lock verification and will run slower.
01-26 07:19:26.678 10883 10930 W com.whatsapp: Common causes for lock verification issues are non-optimized dex code
01-26 07:19:26.678 10883 10930 W com.whatsapp: and incorrect proguard optimizations.
01-26 07:55:42.253 10883 10883 W com.whatsapp: Class X.0eU failed lock verification and will run slower.
01-26 07:55:42.594 10883 10883 W com.whatsapp: Class com.whatsapp.HomeActivity failed lock verification and will run slower.
01-26 07:55:43.098 10883 10883 E ArmVmp : Match on catch block at 0x0a in for 0xc5
01-26 07:55:43.130 10883 10883 E ArmVmp : Match on catch block at 0x0a in for 0x139
01-26 07:55:43.236 10883 16731 W com.whatsapp: Accessing hidden method Lcom/android/org/conscrypt/ConscryptEngineSocket;->setUseSessionTickets(Z)V (greylist-max-q,core-platform-api, reflection, denied)
01-26 07:55:43.236 10883 16731 W com.whatsapp: Accessing hidden method Lcom/android/org/conscrypt/OpenSSLSocketImpl;->setUseSessionTickets(Z)V (greylist- max-q,core-platform-api, reflection, denied)
01-26 07:55:43.237 10883 16731 W com.whatsapp: Accessing hidden method Lcom/android/org/conscrypt/AbstractConscryptSocket;->setUseSessionTickets(Z)V (greylist-max-q, reflection, denied)
01-26 07:55:43.238 10883 16731 W com.whatsapp: Accessing hidden method Lcom/android/org/conscrypt/ConscryptEngineSocket;->setHostname(Ljava/lang/String;)V (greylist-max-q,core-platform-api, reflection, denied)
01-26 07:55:43.238 10883 16731 W com.whatsapp: Accessing hidden method Lcom/android/org/conscrypt/OpenSSLSocketImpl;->setHostname(Ljava/lang/String;)V (greylist-max-q,core-platform-api, reflection, denied)
01-26 07:55:43.238 10883 16731 W com.whatsapp: Accessing hidden method Lcom/android/org/conscrypt/AbstractConscryptSocket;->setHostname(Ljava/lang/ String;)V (greylist-max-q, reflection, denied)
01-26 07:55:43.238 10883 16731 W com.whatsapp: Accessing hidden method Lcom/android/org/conscrypt/OpenSSLSocketImpl;->setAlpnProtocols([B)V (greylist-max- q,core-platform-api, reflection, denied)
01-26 07:55:43.238 10883 16731 W com.whatsapp: Accessing hidden method Lcom/android/org/conscrypt/AbstractConscryptSocket;->setAlpnProtocols([B)V (greylist-max-q, reflection, denied)
01-26 07:55:43.290 10883 16731 W com.whatsapp: Accessing hidden method Lcom/android/org/conscrypt/OpenSSLSocketImpl;->getAlpnSelectedProtocol()[B (greylist-max-q,core-platform-api, reflection, denied)
01-26 07:55:43.290 10883 16731 W com.whatsapp: Accessing hidden method Lcom/android/org/conscrypt/AbstractConscryptSocket;->getAlpnSelectedProtocol()[B (greylist-max-q, reflection, denied)
01-26 07:55:44.595 10883 10883 E RecyclerView: No adapter attached; skipping layout
01-26 07:55:44.784 10883 16714 W Gralloc3: mapper 3.x is not supported
01-26 07:55:44.916 10883 10883 E RecyclerView: No adapter attached; skipping layout
01-26 07:55:44.984 10883 10883 E ArmVmp : Match on catch block at 0x0a in for 0xd5
01-26 07:55:45.023 10883 16714 W libEGL : EGLNativeWindowType 0x708921c010 disconnect failed
01-26 07:55:45.206 10883 16777 W LOTTIE : Animation contains merge paths. Merge paths are only supported on KitKat+ and must be manually enabled by calling enableMergePathsForKitKatAndAbove().
01-26 07:55:45.508 10883 10883 W LOTTIE : Animation contains merge paths but they are disabled.
01-26 07:55:45.918 10883 10883 E ArmVmp : Match on catch block at 0x5b in for 0x89
01-26 07:55:45.960 10883 10883 E ArmVmp : Match on catch block at 0x5b in for 0x85
01-26 07:56:06.672 10883 16714 W libEGL : EGLNativeWindowType 0x705e7c4010 disconnect failed
01-26 07:56:11.456 10883 10883 W SoundPool: Use of stream types is deprecated for operations other than volume control
01-26 07:56:11.456 10883 10883 W SoundPool: See the documentation of SoundPool() for what to use instead with android.media.AudioAttributes to qualify your playback use case
01-26 07:56:12.455 10883 16930 W libOpenSLES: Conversion from OpenSL ES positional channel mask 0x4 to Android mask 0 loses channels
01-26 07:56:12.611 10883 10883 W BottomSheetBehavior: BottomSheetBehavior now supports multiple callbacks. `setBottomSheetCallback()` removes all existing callbacks, including ones set internally by library authors, which may result in unintended behavior. This may change in the future. Please use `addBottomSheetCallback()` and `removeBottomSheetCallback()` instead to set your own callbacks.
01-26 07:56:12.803 10883 16714 W libEGL : EGLNativeWindowType 0x7034a75010 disconnect failed
01-26 07:56:12.820 10883 16714 W libEGL : EGLNativeWindowType 0x705e7c4010 disconnect failed
01-26 07:56:12.838 10883 10883 W IInputConnectionWrapper: requestCursorAnchorInfo on inactive InputConnection
01-26 07:56:12.892 10883 16714 W libEGL : EGLNativeWindowType 0x7034ae6010 disconnect failed
01-26 07:56:47.941 10883 16714 W libEGL : EGLNativeWindowType 0x7034a75010 disconnect failed
01-26 07:56:47.969 10883 16714 W libEGL : EGLNativeWindowType 0x7034ae6010 disconnect failed
01-26 07:56:50.121 10883 16714 W libEGL : EGLNativeWindowType 0x7089147010 disconnect failed --------- beginning of main
