01-23 16:13:50.515 16357 16357 E ArmVmp : Match on catch block at 0xc3 in for 0xa5
01-23 16:13:50.519 16357 16357 E ArmVmp : Match on catch block at 0xc3 in for 0xa9
01-23 16:13:50.522 16357 16357 E ArmVmp : Match on catch block at 0xc3 in for 0xa9
01-23 16:13:50.531 16357 16357 E ArmVmp : Match on catch block at 0xc3 in for 0xa5
01-23 16:13:50.535 16357 16357 E ArmVmp : Match on catch block at 0xc3 in for 0xa9
01-23 16:13:50.538 16357 16357 E ArmVmp : Match on catch block at 0xc3 in for 0xa9
01-23 16:13:50.548 16357 16357 E ArmVmp : Match on catch block at 0xc3 in for 0xa5
01-23 16:13:50.552 16357 16357 E ArmVmp : Match on catch block at 0xc3 in for 0xa9
01-23 16:13:50.555 16357 16357 E ArmVmp : Match on catch block at 0xc3 in for 0xa9
01-23 16:13:50.564 16357 16357 E ArmVmp : Match on catch block at 0xc3 in for 0xa5
01-23 16:13:50.569 16357 16357 E ArmVmp : Match on catch block at 0xc3 in for 0xa9
01-23 16:13:50.572 16357 16357 E ArmVmp : Match on catch block at 0xc3 in for 0xa9
01-23 16:13:50.581 16357 16357 E ArmVmp : Match on catch block at 0xc3 in for 0xa5
01-23 16:13:50.585 16357 16357 E ArmVmp : Match on catch block at 0xc3 in for 0xa9
01-23 16:13:50.588 16357 16357 E ArmVmp : Match on catch block at 0xc3 in for 0xa9
01-23 16:13:50.598 16357 16357 E ArmVmp : Match on catch block at 0xc3 in for 0xa5
01-23 16:13:50.602 16357 16357 E ArmVmp : Match on catch block at 0xc3 in for 0xa9
01-23 16:13:50.604 16357 16357 E ArmVmp : Match on catch block at 0xc3 in for 0xa9
01-23 16:13:50.614 16357 16357 E ArmVmp : Match on catch block at 0xc3 in for 0xa1
01-23 16:13:50.619 16357 16357 E ArmVmp : Match on catch block at 0xc3 in for 0xa5
01-23 16:13:50.621 16357 16357 E ArmVmp : Match on catch block at 0xc3 in for 0xa5
01-23 16:13:50.846 16357 16357 E ArmVmp : Match on catch block at 0xc3 in for 0xa5
01-23 16:13:50.849 16357 16357 E ArmVmp : Match on catch block at 0xc3 in for 0xa9
01-23 16:13:50.851 16357 16357 E ArmVmp : Match on catch block at 0xc3 in for 0xa9
01-23 16:13:50.876 16357 18209 W Gralloc4: allocator 3.x is not supported
01-23 16:13:50.877 16357 18209 W Gralloc3: allocator 3.x is not supported
01-23 16:13:50.882 16357 18209 E FrameEvents: updateAcquireFence: Did not find frame.
01-23 16:13:50.884 16357 18209 E BufferQueueProducer: [ImageReader-454x584f1u256m2- 16357-0](id:3fe500000000,api:0,p:-1,c:16357) disconnect: not connected (req=1)
01-23 16:13:50.884 16357 18209 W libEGL : EGLNativeWindowType 0x6f174fc010 disconnect failed
01-23 16:13:51.019 16357 16357 E ArmVmp : Match on catch block at 0xc3 in for 0xa9
01-23 16:13:51.022 16357 16357 E ArmVmp : Match on catch block at 0xc3 in for 0xa1
01-23 16:13:51.024 16357 16357 E ArmVmp : Match on catch block at 0xc3 in for 0xa1
01-23 16:13:51.080 16357 16357 E ArmVmp : Match on catch block at 0xc3 in for 0xa5
01-23 16:13:51.083 16357 16357 E ArmVmp : Match on catch block at 0xc3 in for 0xa9
01-23 16:13:51.085 16357 16357 E ArmVmp : Match on catch block at 0xc3 in for 0xa9
01-23 16:13:51.099 16357 16357 E ArmVmp : Match on catch block at 0xc3 in for 0xa5
01-23 16:13:51.103 16357 16357 E ArmVmp : Match on catch block at 0xc3 in for 0xa9
01-23 16:13:51.106 16357 16357 E ArmVmp : Match on catch block at 0xc3 in for 0xa9
01-23 16:13:51.112 16357 16357 E ArmVmp : Match on catch block at 0xc3 in for 0xa1
01-23 16:13:51.115 16357 16357 E ArmVmp : Match on catch block at 0xc3 in for 0xa5
01-23 16:13:51.119 16357 16357 E ArmVmp : Match on catch block at 0xc3 in for 0xa5
01-23 16:13:51.129 16357 16357 E ArmVmp : Match on catch block at 0xc3 in for 0xa9
01-23 16:13:51.132 16357 16357 E ArmVmp : Match on catch block at 0xc3 in for 0xa1
01-23 16:13:51.134 16357 16357 E ArmVmp : Match on catch block at 0xc3 in for 0xa1
01-23 16:13:51.148 16357 16357 E ArmVmp : Match on catch block at 0xc3 in for 0xa5
01-23 16:13:51.152 16357 16357 E ArmVmp : Match on catch block at 0xc3 in for 0xa9
01-23 16:13:51.154 16357 16357 E ArmVmp : Match on catch block at 0xc3 in for 0xa9
01-23 16:13:51.164 16357 16357 E ArmVmp : Match on catch block at 0xc3 in for 0xa1
01-23 16:13:51.167 16357 16357 E ArmVmp : Match on catch block at 0xc3 in for 0xa5
01-23 16:13:51.172 16357 16357 E ArmVmp : Match on catch block at 0xc3 in for 0xa5
01-23 16:13:51.183 16357 16357 E ArmVmp : Match on catch block at 0xc3 in for 0xa9
01-23 16:13:51.186 16357 16357 E ArmVmp : Match on catch block at 0xc3 in for 0xa1
01-23 16:13:51.189 16357 16357 E ArmVmp : Match on catch block at 0xc3 in for 0xa1
01-23 16:13:51.197 16357 16357 E ArmVmp : Match on catch block at 0xc3 in for 0xa5
01-23 16:13:51.202 16357 16357 E ArmVmp : Match on catch block at 0xc3 in for 0xa9
01-23 16:13:51.204 16357 16357 E ArmVmp : Match on catch block at 0xc3 in for 0xa9
01-23 16:13:51.214 16357 16357 E ArmVmp : Match on catch block at 0xc3 in for 0xa1
01-23 16:13:51.218 16357 16357 E ArmVmp : Match on catch block at 0xc3 in for 0xa5
01-23 16:13:51.220 16357 16357 E ArmVmp : Match on catch block at 0xc3 in for 0xa5
01-23 16:13:51.230 16357 16357 E ArmVmp : Match on catch block at 0xc3 in for 0xa9
01-23 16:13:51.233 16357 16357 E ArmVmp : Match on catch block at 0xc3 in for 0xa1
01-23 16:13:51.235 16357 16357 E ArmVmp : Match on catch block at 0xc3 in for 0xa1
01-23 16:13:51.246 16357 16357 E ArmVmp : Match on catch block at 0xc3 in for 0xa5
01-23 16:13:51.249 16357 16357 E ArmVmp : Match on catch block at 0xc3 in for 0xa9
01-23 16:13:51.251 16357 16357 E ArmVmp : Match on catch block at 0xc3 in for 0xa9
01-23 16:13:51.263 16357 16357 E ArmVmp : Match on catch block at 0xc3 in for 0xa1
01-23 16:13:51.267 16357 16357 E ArmVmp : Match on catch block at 0xc3 in for 0xa5
01-23 16:13:51.269 16357 16357 E ArmVmp : Match on catch block at 0xc3 in for 0xa5
01-23 16:13:51.280 16357 16357 E ArmVmp : Match on catch block at 0xc3 in for 0xa9
01-23 16:13:51.283 16357 16357 E ArmVmp : Match on catch block at 0xc3 in for 0xa1
01-23 16:13:51.285 16357 16357 E ArmVmp : Match on catch block at 0xc3 in for 0xa1
01-23 16:13:51.297 16357 16357 E ArmVmp : Match on catch block at 0xc3 in for 0xa5
01-23 16:13:51.301 16357 16357 E ArmVmp : Match on catch block at 0xc3 in for 0xa9
01-23 16:13:51.303 16357 16357 E ArmVmp : Match on catch block at 0xc3 in for 0xa9
01-23 16:13:51.314 16357 16357 E ArmVmp : Match on catch block at 0xc3 in for 0xa1
01-23 16:13:51.317 16357 16357 E ArmVmp : Match on catch block at 0xc3 in for 0xa5
01-23 16:13:51.319 16357 16357 E ArmVmp : Match on catch block at 0xc3 in for 0xa5
01-23 16:14:31.417 16357 18209 E FrameEvents: updateAcquireFence: Did not find frame.
01-23 16:14:31.419 16357 18209 E BufferQueueProducer: [ImageReader-454x584f1u256m2- 16357-1](id:3fe500000001,api:0,p:-1,c:16357) disconnect: not connected (req=1)
01-23 16:14:31.419 16357 18209 W libEGL : EGLNativeWindowType 0x6eb1cdc010 disconnect failed
01-23 16:14:31.424 16357 16357 E ArmVmp : Match on catch block at 0xc3 in for 0xa9
01-23 16:14:31.428 16357 16357 E ArmVmp : Match on catch block at 0xc3 in for 0xa1
01-23 16:14:31.430 16357 16357 E ArmVmp : Match on catch block at 0xc3 in for 0xa1
01-23 16:14:31.435 16357 16357 E ArmVmp : Match on catch block at 0xc3 in for 0xa5
01-23 16:14:31.439 16357 16357 E ArmVmp : Match on catch block at 0xc3 in for 0xa9
01-23 16:14:31.441 16357 16357 E ArmVmp : Match on catch block at 0xc3 in for 0xa9
01-23 16:14:31.720 16357 16357 E ArmVmp : Match on catch block at 0xc3 in for 0xa1
01-23 16:14:31.724 16357 16357 E ArmVmp : Match on catch block at 0xc3 in for 0xa5
01-23 16:14:31.727 16357 16357 E ArmVmp : Match on catch block at 0xc3 in for 0xa5
01-23 16:14:31.745 16357 16357 E ArmVmp : Match on catch block at 0xc3 in for 0xa1
01-23 16:14:31.749 16357 16357 E ArmVmp : Match on catch block at 0xc3 in for 0xa5
01-23 16:14:31.751 16357 16357 E ArmVmp : Match on catch block at 0xc3 in for 0xa5
01-23 16:14:31.773 16357 16357 E ArmVmp : Match on catch block at 0xc3 in for 0xa9
01-23 16:14:31.777 16357 16357 E ArmVmp : Match on catch block at 0xc3 in for 0xa1
01-23 16:14:31.780 16357 16357 E ArmVmp : Match on catch block at 0xc3 in for 0xa1
01-23 16:14:31.873 16357 18209 W libEGL : EGLNativeWindowType 0x6f174fc010 disconnect failed
01-23 16:14:31.905 16357 16357 E ArmVmp : Match on catch block at 0xc3 in for 0xa9
01-23 16:14:31.908 16357 16357 E ArmVmp : Match on catch block at 0xc3 in for 0xa1
01-23 16:14:31.909 16357 16357 E ArmVmp : Match on catch block at 0xc3 in for 0xa1
01-23 16:14:31.914 16357 16357 E ViewRootImpl: sendUserActionEvent() mView returned.
01-23 16:14:31.943 16357 16357 E ArmVmp : Match on catch block at 0xc3 in for 0xa9
01-23 16:14:31.947 16357 16357 E ArmVmp : Match on catch block at 0xc3 in for 0xa1
01-23 16:14:31.952 16357 16357 E ArmVmp : Match on catch block at 0xc3 in for 0xa1
01-23 16:14:32.437 16357 16357 E ArmVmp : Match on catch block at 0xc3 in for 0xa5
01-23 16:14:32.443 16357 16357 E ArmVmp : Match on catch block at 0xc3 in for 0xa9
01-23 16:14:32.447 16357 16357 E ArmVmp : Match on catch block at 0xc3 in for 0xa9
01-23 16:14:32.604 16357 16357 E ArmVmp : Match on catch block at 0xc3 in for 0xa5
01-23 16:14:32.612 16357 16357 E ArmVmp : Match on catch block at 0xc3 in for 0xa9
01-23 16:14:32.617 16357 16357 E ArmVmp : Match on catch block at 0xc3 in for 0xa9
01-23 16:14:32.626 16357 16357 E ArmVmp : Match on catch block at 0xc3 in for 0xa1
01-23 16:14:32.631 16357 16357 E ArmVmp : Match on catch block at 0xc3 in for 0xa5
01-23 16:14:32.633 16357 16357 E ArmVmp : Match on catch block at 0xc3 in for 0xa5
01-23 16:14:32.641 16357 16357 E ArmVmp : Match on catch block at 0xc3 in for 0xa9
01-23 16:14:32.647 16357 16357 E ArmVmp : Match on catch block at 0xc3 in for 0xa1
01-23 16:14:32.649 16357 16357 E ArmVmp : Match on catch block at 0xc3 in for 0xa1
01-23 16:14:32.657 16357 16357 E ArmVmp : Match on catch block at 0xc3 in for 0xa5
01-23 16:14:32.661 16357 16357 E ArmVmp : Match on catch block at 0xc3 in for 0xa9
01-23 16:14:32.663 16357 16357 E ArmVmp : Match on catch block at 0xc3 in for 0xa9
01-23 16:14:32.675 16357 16357 E ArmVmp : Match on catch block at 0xc3 in for 0xa1
01-23 16:14:32.678 16357 16357 E ArmVmp : Match on catch block at 0xc3 in for 0xa5
01-23 16:14:32.680 16357 16357 E ArmVmp : Match on catch block at 0xc3 in for 0xa5
01-23 16:14:32.687 16357 16357 E ArmVmp : Match on catch block at 0xc3 in for 0xa9
01-23 16:14:32.690 16357 16357 E ArmVmp : Match on catch block at 0xc3 in for 0xa1
01-23 16:14:32.692 16357 16357 E ArmVmp : Match on catch block at 0xc3 in for 0xa1
01-23 16:14:32.703 16357 16357 E ArmVmp : Match on catch block at 0xc3 in for 0xa1
01-23 16:14:32.705 16357 16357 E ArmVmp : Match on catch block at 0xc3 in for 0xa5
01-23 16:14:32.719 16357 16357 E ArmVmp : Match on catch block at 0xc3 in for 0xa5
01-23 16:14:32.722 16357 16357 E ArmVmp : Match on catch block at 0xc3 in for 0xa9
01-23 16:14:32.736 16357 16357 E ArmVmp : Match on catch block at 0xc3 in for 0xa9
01-23 16:14:32.740 16357 16357 E ArmVmp : Match on catch block at 0xc3 in for 0xa1
01-23 16:14:32.753 16357 16357 E ArmVmp : Match on catch block at 0xc3 in for 0xa1
01-23 16:14:32.757 16357 16357 E ArmVmp : Match on catch block at 0xc3 in for 0xa5
01-23 16:14:32.769 16357 16357 E ArmVmp : Match on catch block at 0xc3 in for 0xa9
01-23 16:14:32.772 16357 16357 E ArmVmp : Match on catch block at 0xc3 in for 0xa1
01-23 16:14:32.786 16357 16357 E ArmVmp : Match on catch block at 0xc3 in for 0xa5
01-23 16:14:32.789 16357 16357 E ArmVmp : Match on catch block at 0xc3 in for 0xa9
01-23 16:14:32.802 16357 16357 E ArmVmp : Match on catch block at 0xc3 in for 0xa1
01-23 16:14:32.806 16357 16357 E ArmVmp : Match on catch block at 0xc3 in for 0xa5
01-23 16:14:32.819 16357 16357 E ArmVmp : Match on catch block at 0xc3 in for 0xa9
01-23 16:14:32.821 16357 16357 E ArmVmp : Match on catch block at 0xc3 in for 0xa1
01-23 16:14:32.835 16357 16357 E ArmVmp : Match on catch block at 0xc3 in for 0xa5
01-23 16:14:32.839 16357 16357 E ArmVmp : Match on catch block at 0xc3 in for 0xa9
01-23 16:14:32.853 16357 16357 E ArmVmp : Match on catch block at 0xc3 in for 0xa1
01-23 16:14:32.856 16357 16357 E ArmVmp : Match on catch block at 0xc3 in for 0xa5
01-23 16:14:32.869 16357 16357 E ArmVmp : Match on catch block at 0xc3 in for 0xa9
01-23 16:14:32.874 16357 16357 E ArmVmp : Match on catch block at 0xc3 in for 0xa1
01-23 16:14:32.886 16357 16357 E ArmVmp : Match on catch block at 0xc3 in for 0xa5
01-23 16:14:32.889 16357 16357 E ArmVmp : Match on catch block at 0xc3 in for 0xa9
01-23 16:14:32.902 16357 16357 E ArmVmp : Match on catch block at 0xc3 in for 0xa1
01-23 16:14:32.907 16357 16357 E ArmVmp : Match on catch block at 0xc3 in for 0xa5
01-23 16:14:32.919 16357 16357 E ArmVmp : Match on catch block at 0xc3 in for 0xa9
01-23 16:14:32.923 16357 16357 E ArmVmp : Match on catch block at 0xc3 in for 0xa1
01-23 16:14:32.935 16357 16357 E ArmVmp : Match on catch block at 0xc3 in for 0xa5
01-23 16:14:32.945 16357 16357 E ArmVmp : Match on catch block at 0xc3 in for 0xa9
01-23 16:14:32.955 16357 16357 E ArmVmp : Match on catch block at 0xc3 in for 0xa1
01-23 16:14:32.959 16357 16357 E ArmVmp : Match on catch block at 0xc3 in for 0xa5
01-23 16:14:32.969 16357 16357 E ArmVmp : Match on catch block at 0xc3 in for 0xa9
01-23 16:14:32.974 16357 16357 E ArmVmp : Match on catch block at 0xc3 in for 0xa1
01-23 16:14:32.985 16357 16357 E ArmVmp : Match on catch block at 0xc3 in for 0xa5
01-23 16:14:32.989 16357 16357 E ArmVmp : Match on catch block at 0xc3 in for 0xa9
01-23 16:14:33.002 16357 16357 E ArmVmp : Match on catch block at 0xc3 in for 0xa1
01-23 16:14:33.006 16357 16357 E ArmVmp : Match on catch block at 0xc3 in for 0xa5
01-23 16:14:33.018 16357 16357 E ArmVmp : Match on catch block at 0xc3 in for 0xa9
01-23 16:14:33.022 16357 16357 E ArmVmp : Match on catch block at 0xc3 in for 0xa1
01-23 16:14:33.035 16357 16357 E ArmVmp : Match on catch block at 0xc3 in for 0xa1
01-23 16:14:33.037 16357 16357 E ArmVmp : Match on catch block at 0xc3 in for 0xa5
01-23 16:14:33.435 16357 16357 E ArmVmp : Match on catch block at 0xc3 in for 0xa5
01-23 16:14:33.440 16357 16357 E ArmVmp : Match on catch block at 0xc3 in for 0xa9
01-23 16:14:33.452 16357 16357 E ArmVmp : Match on catch block at 0xc3 in for 0xa9
01-23 16:14:33.457 16357 16357 E ArmVmp : Match on catch block at 0xc3 in for 0xa1
01-23 16:14:33.468 16357 16357 E ArmVmp : Match on catch block at 0xc3 in for 0xa1
01-23 16:14:33.476 16357 16357 E ArmVmp : Match on catch block at 0xc3 in for 0xa5
01-23 16:14:33.485 16357 16357 E ArmVmp : Match on catch block at 0xc3 in for 0xa5
01-23 16:14:33.488 16357 16357 E ArmVmp : Match on catch block at 0xc3 in for 0xa9
01-23 16:14:33.502 16357 16357 E ArmVmp : Match on catch block at 0xc3 in for 0xa5
01-23 16:14:33.504 16357 16357 E ArmVmp : Match on catch block at 0xc3 in for 0xa9
01-23 16:14:33.517 16357 16357 E ArmVmp : Match on catch block at 0xc3 in for 0xa9
01-23 16:14:33.520 16357 16357 E ArmVmp : Match on catch block at 0xc3 in for 0xa1
01-23 16:14:33.534 16357 16357 E ArmVmp : Match on catch block at 0xc3 in for 0xa1
01-23 16:14:33.537 16357 16357 E ArmVmp : Match on catch block at 0xc3 in for 0xa5
01-23 16:14:33.550 16357 16357 E ArmVmp : Match on catch block at 0xc3 in for 0xa1
01-23 16:14:33.554 16357 16357 E ArmVmp : Match on catch block at 0xc3 in for 0xa5
01-23 16:14:33.585 16357 16357 E ArmVmp : Match on catch block at 0xc3 in for 0xa5
01-23 16:14:33.588 16357 16357 E ArmVmp : Match on catch block at 0xc3 in for 0xa9
01-23 16:14:33.599 16357 18209 E FrameEvents: updateAcquireFence: Did not find frame.
01-23 16:14:33.602 16357 18209 E BufferQueueProducer: [ImageReader-454x636f1u256m2- 16357-2](id:3fe500000002,api:0,p:-1,c:16357) disconnect: not connected (req=1)
01-23 16:14:33.602 16357 18209 W libEGL : EGLNativeWindowType 0x6eb211b010 disconnect failed
01-23 16:14:33.629 16357 16357 E ArmVmp : Match on catch block at 0xc3 in for 0xa9
01-23 16:14:33.632 16357 16357 E ArmVmp : Match on catch block at 0xc3 in for 0xa1
01-23 16:14:33.729 16357 16357 E ArmVmp : Match on catch block at 0xc3 in for 0xa9
01-23 16:14:33.733 16357 16357 E ArmVmp : Match on catch block at 0xc3 in for 0xa1
01-23 16:14:33.814 16357 16357 E ArmVmp : Match on catch block at 0xc3 in for 0xa1
01-23 16:14:33.818 16357 16357 E ArmVmp : Match on catch block at 0xc3 in for 0xa5
01-23 16:14:33.893 16357 18109 W System : A resource failed to call release.
01-23 16:14:33.934 16357 16357 E ArmVmp : Match on catch block at 0xc3 in for 0xa9
01-23 16:14:33.938 16357 16357 E ArmVmp : Match on catch block at 0xc3 in for 0xa1
01-23 16:14:43.696 16357 18209 W libEGL : EGLNativeWindowType 0x6eb211b010 disconnect failed
01-23 16:14:43.722 16357 18209 W libEGL : EGLNativeWindowType 0x6eb2d00010 disconnect failed
01-23 16:14:43.725 16357 16357 E ArmVmp : Match on catch block at 0xc3 in for 0xa9
01-23 16:14:43.729 16357 16357 E ArmVmp : Match on catch block at 0xc3 in for 0xa1
01-23 16:14:43.751 16357 16357 E ArmVmp : Match on catch block at 0xc3 in for 0xa1
01-23 16:14:43.755 16357 16357 E ArmVmp : Match on catch block at 0xc3 in for 0xa5
01-23 16:14:43.773 16357 16357 E ArmVmp : Match on catch block at 0xc3 in for 0xa5
01-23 16:14:43.777 16357 16357 E ArmVmp : Match on catch block at 0xc3 in for 0xa9
01-23 16:14:43.790 16357 16357 E ArmVmp : Match on catch block at 0xc3 in for 0xa9
01-23 16:14:43.794 16357 16357 E ArmVmp : Match on catch block at 0xc3 in for 0xa1
01-23 16:14:43.806 16357 16357 E ArmVmp : Match on catch block at 0xc3 in for 0xa1
01-23 16:14:43.810 16357 16357 E ArmVmp : Match on catch block at 0xc3 in for 0xa5
01-23 16:14:43.823 16357 16357 E ArmVmp : Match on catch block at 0xc3 in for 0xa5
01-23 16:14:43.827 16357 16357 E ArmVmp : Match on catch block at 0xc3 in for 0xa9
01-23 16:14:43.840 16357 16357 E ArmVmp : Match on catch block at 0xc3 in for 0xa9
01-23 16:14:43.844 16357 16357 E ArmVmp : Match on catch block at 0xc3 in for 0xa1
01-23 16:14:43.857 16357 16357 E ArmVmp : Match on catch block at 0xc3 in for 0xa1
01-23 16:14:43.861 16357 16357 E ArmVmp : Match on catch block at 0xc3 in for 0xa5
01-23 16:14:43.875 16357 16357 E ArmVmp : Match on catch block at 0xc3 in for 0xa5
01-23 16:14:43.880 16357 16357 E ArmVmp : Match on catch block at 0xc3 in for 0xa9
01-23 16:14:43.893 16357 16357 E ArmVmp : Match on catch block at 0xc3 in for 0xa9
01-23 16:14:43.901 16357 16357 E ArmVmp : Match on catch block at 0xc3 in for 0xa1
01-23 16:14:43.913 16357 16357 E ArmVmp : Match on catch block at 0xc3 in for 0xa1
01-23 16:14:43.920 16357 16357 E ArmVmp : Match on catch block at 0xc3 in for 0xa5
01-23 16:14:43.934 16357 16357 E ArmVmp : Match on catch block at 0xc3 in for 0xa5
01-23 16:14:43.941 16357 16357 E ArmVmp : Match on catch block at 0xc3 in for 0xa9
01-23 16:14:43.958 16357 16357 E ArmVmp : Match on catch block at 0xc3 in for 0xa9
01-23 16:14:43.963 16357 16357 E ArmVmp : Match on catch block at 0xc3 in for 0xa1
01-23 16:14:43.975 16357 16357 E ArmVmp : Match on catch block at 0xc3 in for 0xa1
01-23 16:14:43.980 16357 16357 E ArmVmp : Match on catch block at 0xc3 in for 0xa5
01-23 16:14:43.993 16357 16357 E ArmVmp : Match on catch block at 0xc3 in for 0xa5
01-23 16:14:44.002 16357 16357 E ArmVmp : Match on catch block at 0xc3 in for 0xa9
01-23 16:14:44.016 16357 16357 E ArmVmp : Match on catch block at 0xc3 in for 0xa9
01-23 16:14:44.020 16357 16357 E ArmVmp : Match on catch block at 0xc3 in for 0xa1
01-23 16:14:44.033 16357 16357 E ArmVmp : Match on catch block at 0xc3 in for 0xa1
01-23 16:14:44.036 16357 16357 E ArmVmp : Match on catch block at 0xc3 in for 0xa5
01-23 16:14:46.267 16357 16357 E ArmVmp : Match on catch block at 0xc3 in for 0xa5
01-23 16:14:46.271 16357 16357 E ArmVmp : Match on catch block at 0xc3 in for 0xa9
01-23 16:14:46.286 16357 16357 E ArmVmp : Match on catch block at 0xc3 in for 0xa9
01-23 16:14:46.290 16357 16357 E ArmVmp : Match on catch block at 0xc3 in for 0xa1
01-23 16:14:46.303 16357 16357 E ArmVmp : Match on catch block at 0xc3 in for 0xa1
01-23 16:14:46.307 16357 16357 E ArmVmp : Match on catch block at 0xc3 in for 0xa5
01-23 16:14:46.319 16357 16357 E ArmVmp : Match on catch block at 0xc3 in for 0xa5
01-23 16:14:46.323 16357 16357 E ArmVmp : Match on catch block at 0xc3 in for 0xa9
01-23 16:14:46.335 16357 16357 E ArmVmp : Match on catch block at 0xc3 in for 0xa9
01-23 16:14:46.338 16357 16357 E ArmVmp : Match on catch block at 0xc3 in for 0xa1
01-23 16:14:46.349 16357 16357 E ArmVmp : Match on catch block at 0xc3 in for 0xa1
01-23 16:14:46.352 16357 16357 E ArmVmp : Match on catch block at 0xc3 in for 0xa5
01-23 16:14:46.360 16357 16357 E ArmVmp : Match on catch block at 0xc3 in for 0xa5
01-23 16:14:46.363 16357 16357 E ArmVmp : Match on catch block at 0xc3 in for 0xa9
01-23 16:14:46.378 16357 16357 E ArmVmp : Match on catch block at 0xc3 in for 0xa9
01-23 16:14:46.380 16357 16357 E ArmVmp : Match on catch block at 0xc3 in for 0xa1
01-23 16:14:46.395 16357 16357 E ArmVmp : Match on catch block at 0xc3 in for 0xa1
01-23 16:14:46.398 16357 16357 E ArmVmp : Match on catch block at 0xc3 in for 0xa5
01-23 16:14:46.411 16357 16357 E ArmVmp : Match on catch block at 0xc3 in for 0xa5
01-23 16:14:46.414 16357 16357 E ArmVmp : Match on catch block at 0xc3 in for 0xa9
01-23 16:14:46.428 16357 16357 E ArmVmp : Match on catch block at 0xc3 in for 0xa9
01-23 16:14:46.431 16357 16357 E ArmVmp : Match on catch block at 0xc3 in for 0xa1
01-23 16:14:46.444 16357 16357 E ArmVmp : Match on catch block at 0xc3 in for 0xa1
01-23 16:14:46.447 16357 16357 E ArmVmp : Match on catch block at 0xc3 in for 0xa5
01-23 16:14:46.461 16357 16357 E ArmVmp : Match on catch block at 0xc3 in for 0xa5
01-23 16:14:46.464 16357 16357 E ArmVmp : Match on catch block at 0xc3 in for 0xa9
01-23 16:14:46.478 16357 16357 E ArmVmp : Match on catch block at 0xc3 in for 0xa9
01-23 16:14:46.482 16357 16357 E ArmVmp : Match on catch block at 0xc3 in for 0xa1
01-23 16:14:46.495 16357 16357 E ArmVmp : Match on catch block at 0xc3 in for 0xa1
01-23 16:14:46.497 16357 16357 E ArmVmp : Match on catch block at 0xc3 in for 0xa5
01-23 16:14:46.511 16357 16357 E ArmVmp : Match on catch block at 0xc3 in for 0xa5
01-23 16:14:46.513 16357 16357 E ArmVmp : Match on catch block at 0xc3 in for 0xa9
01-23 16:14:46.527 16357 16357 E ArmVmp : Match on catch block at 0xc3 in for 0xa9
01-23 16:14:46.530 16357 16357 E ArmVmp : Match on catch block at 0xc3 in for 0xa1
01-23 16:14:46.547 16357 16357 E ArmVmp : Match on catch block at 0xc3 in for 0xa1
01-23 16:14:46.552 16357 16357 E ArmVmp : Match on catch block at 0xc3 in for 0xa5
01-23 16:14:47.791 16357 18209 W libEGL : EGLNativeWindowType 0x6eb211b010 disconnect failed
01-23 16:14:47.805 16357 18209 W libEGL : EGLNativeWindowType 0x6eb2d00010 disconnect failed
01-23 16:14:47.816 16357 16357 E ArmVmp : Match on catch block at 0xc3 in for 0xa5
01-23 16:14:47.822 16357 16357 E ArmVmp : Match on catch block at 0xc3 in for 0xa9
01-23 16:14:50.140 16357 16357 E ArmVmp : Match on catch block at 0x0a in for 0xc5
01-23 16:14:50.145 16357 16357 E ArmVmp : Match on catch block at 0x0a in for 0xc1
01-23 16:14:50.186 16357 16357 E ArmVmp : Match on catch block at 0xc3 in for 0xa5
01-23 16:14:50.189 16357 16357 E ArmVmp : Match on catch block at 0xc3 in for 0xa9
01-23 16:14:50.274 16357 16357 E ArmVmp : Match on catch block at 0xc3 in for 0xa1
01-23 16:14:50.276 16357 16357 E ArmVmp : Match on catch block at 0xc3 in for 0xa5
01-23 16:14:50.285 16357 16357 E ArmVmp : Match on catch block at 0xc3 in for 0xa5
01-23 16:14:50.288 16357 16357 E ArmVmp : Match on catch block at 0xc3 in for 0xa9
01-23 16:14:50.972 16357 16357 E ArmVmp : Match on catch block at 0xc3 in for 0xa9
01-23 16:14:50.976 16357 16357 E ArmVmp : Match on catch block at 0xc3 in for 0xa1
01-23 16:14:50.989 16357 16357 E ArmVmp : Match on catch block at 0xc3 in for 0xa1
01-23 16:14:50.994 16357 16357 E ArmVmp : Match on catch block at 0xc3 in for 0xa5
01-23 16:14:51.005 16357 16357 E ArmVmp : Match on catch block at 0xc3 in for 0xa5
01-23 16:14:51.009 16357 16357 E ArmVmp : Match on catch block at 0xc3 in for 0xa9
01-23 16:14:51.022 16357 16357 E ArmVmp : Match on catch block at 0xc3 in for 0xa9
01-23 16:14:51.027 16357 16357 E ArmVmp : Match on catch block at 0xc3 in for 0xa1
01-23 16:14:51.039 16357 16357 E ArmVmp : Match on catch block at 0xc3 in for 0xa1
01-23 16:14:51.045 16357 16357 E ArmVmp : Match on catch block at 0xc3 in for 0xa5
01-23 16:14:51.067 16357 16357 E ArmVmp : Match on catch block at 0xc3 in for 0xa5
01-23 16:14:51.071 16357 16357 E ArmVmp : Match on catch block at 0xc3 in for 0xa9
01-23 16:14:51.108 16357 16357 E ArmVmp : Match on catch block at 0xc3 in for 0xa9
01-23 16:14:51.112 16357 16357 E ArmVmp : Match on catch block at 0xc3 in for 0xa1
01-23 16:14:51.139 16357 18209 W libEGL : EGLNativeWindowType 0x6f203fa010 disconnect failed
01-23 16:14:51.163 16357 16357 E ArmVmp : Match on catch block at 0xc3 in for 0xa1
01-23 16:14:51.168 16357 16357 E ArmVmp : Match on catch block at 0xc3 in for 0xa5
01-23 16:14:51.174 16357 16357 E ViewRootImpl: sendUserActionEvent() mView returned.
01-23 16:14:51.223 16357 16357 E ArmVmp : Match on catch block at 0xc3 in for 0xa1
01-23 16:14:51.226 16357 16357 E ArmVmp : Match on catch block at 0xc3 in for 0xa5
01-23 16:14:51.239 16357 16357 E ArmVmp : Match on catch block at 0xc3 in for 0xa5
01-23 16:14:51.242 16357 16357 E ArmVmp : Match on catch block at 0xc3 in for 0xa9
01-23 16:14:51.255 16357 16357 E ArmVmp : Match on catch block at 0xc3 in for 0xa9
01-23 16:14:51.258 16357 16357 E ArmVmp : Match on catch block at 0xc3 in for 0xa1
01-23 16:14:51.272 16357 16357 E ArmVmp : Match on catch block at 0xc3 in for 0xa1
01-23 16:14:51.276 16357 16357 E ArmVmp : Match on catch block at 0xc3 in for 0xa5
01-23 16:14:51.690 16357 16357 E ArmVmp : Match on catch block at 0xc3 in for 0xa5
01-23 16:14:51.699 16357 16357 E ArmVmp : Match on catch block at 0xc3 in for 0xa9
01-23 16:14:51.822 16357 16357 E ArmVmp : Match on catch block at 0xc3 in for 0xa1
01-23 16:14:51.826 16357 16357 E ArmVmp : Match on catch block at 0xc3 in for 0xa5
01-23 16:14:51.979 16357 16357 E ArmVmp : Match on catch block at 0xc3 in for 0xa5
01-23 16:14:51.982 16357 16357 E ArmVmp : Match on catch block at 0xc3 in for 0xa9
01-23 16:14:52.334 16357 18209 W libEGL : EGLNativeWindowType 0x6f203f4010 disconnect failed
01-23 16:14:52.368 16357 16357 E ArmVmp : Match on catch block at 0xc3 in for 0xa9
01-23 16:14:52.379 16357 16357 E ArmVmp : Match on catch block at 0xc3 in for 0xa1
01-23 16:14:53.388 16357 16357 E ArmVmp : Match on catch block at 0x0a in for 0xc1
01-23 16:14:53.391 16357 16357 E ArmVmp : Match on catch block at 0x0a in for 0xc9
01-23 16:14:53.666 16357 16357 E ArmVmp : Match on catch block at 0xc3 in for 0xb9
01-23 16:14:53.672 16357 16357 E ArmVmp : Match on catch block at 0xc3 in for 0xb9
01-23 16:14:53.756 16357 16357 E ArmVmp : Match on catch block at 0xc3 in for 0xa9
01-23 16:14:53.760 16357 16357 E ArmVmp : Match on catch block at 0xc3 in for 0xa1
01-23 16:14:53.789 16357 16357 E ArmVmp : Match on catch block at 0xc3 in for 0xa5
01-23 16:14:53.792 16357 16357 E ArmVmp : Match on catch block at 0xc3 in for 0xa9
01-23 16:14:53.846 16357 16357 E ArmVmp : Match on catch block at 0xc3 in for 0xa9
01-23 16:14:53.849 16357 16357 E ArmVmp : Match on catch block at 0xc3 in for 0xa1
01-23 16:14:54.158 16357 18209 W libEGL : EGLNativeWindowType 0x6f20436010 disconnect failed
01-23 16:14:54.207 16357 16357 E ArmVmp : Match on catch block at 0xc3 in for 0xa1
01-23 16:14:54.210 16357 16357 E ArmVmp : Match on catch block at 0xc3 in for 0xa5
01-23 16:14:54.220 16357 16357 E ArmVmp : Match on catch block at 0xc3 in for 0xa5
01-23 16:14:54.222 16357 16357 E ArmVmp : Match on catch block at 0xc3 in for 0xa9
01-23 16:14:54.236 16357 16357 E ArmVmp : Match on catch block at 0xc3 in for 0xa9
01-23 16:14:54.239 16357 16357 E ArmVmp : Match on catch block at 0xc3 in for 0xa1
01-23 16:14:54.253 16357 16357 E ArmVmp : Match on catch block at 0xc3 in for 0xa1
01-23 16:14:54.257 16357 16357 E ArmVmp : Match on catch block at 0xc3 in for 0xa5
01-23 16:14:54.269 16357 16357 E ArmVmp : Match on catch block at 0xc3 in for 0xa5
01-23 16:14:54.272 16357 16357 E ArmVmp : Match on catch block at 0xc3 in for 0xa9
01-23 16:14:54.286 16357 16357 E ArmVmp : Match on catch block at 0xc3 in for 0xa9
01-23 16:14:54.290 16357 16357 E ArmVmp : Match on catch block at 0xc3 in for 0xa1
01-23 16:14:54.303 16357 16357 E ArmVmp : Match on catch block at 0xc3 in for 0xa1
01-23 16:14:54.305 16357 16357 E ArmVmp : Match on catch block at 0xc3 in for 0xa5
01-23 16:14:54.320 16357 16357 E ArmVmp : Match on catch block at 0xc3 in for 0xa5
01-23 16:14:54.322 16357 16357 E ArmVmp : Match on catch block at 0xc3 in for 0xa9
01-23 16:14:54.336 16357 16357 E ArmVmp : Match on catch block at 0xc3 in for 0xa9
01-23 16:14:54.339 16357 16357 E ArmVmp : Match on catch block at 0xc3 in for 0xa1
01-23 16:14:54.353 16357 16357 E ArmVmp : Match on catch block at 0xc3 in for 0xa1
01-23 16:14:54.356 16357 16357 E ArmVmp : Match on catch block at 0xc3 in for 0xa5
01-23 16:14:54.370 16357 16357 E ArmVmp : Match on catch block at 0xc3 in for 0xa5
01-23 16:14:54.373 16357 16357 E ArmVmp : Match on catch block at 0xc3 in for 0xa9
01-23 16:14:54.387 16357 16357 E ArmVmp : Match on catch block at 0xc3 in for 0xa9
01-23 16:14:54.389 16357 16357 E ArmVmp : Match on catch block at 0xc3 in for 0xa1
01-23 16:14:54.403 16357 16357 E ArmVmp : Match on catch block at 0xc3 in for 0xa1
01-23 16:14:54.407 16357 16357 E ArmVmp : Match on catch block at 0xc3 in for 0xa5
01-23 16:14:54.420 16357 16357 E ArmVmp : Match on catch block at 0xc3 in for 0xa5
01-23 16:14:54.423 16357 16357 E ArmVmp : Match on catch block at 0xc3 in for 0xa9
01-23 16:14:54.437 16357 16357 E ArmVmp : Match on catch block at 0xc3 in for 0xa9
01-23 16:14:54.445 16357 16357 E ArmVmp : Match on catch block at 0xc3 in for 0xa1
01-23 16:14:54.453 16357 16357 E ArmVmp : Match on catch block at 0xc3 in for 0xa1
01-23 16:14:54.456 16357 16357 E ArmVmp : Match on catch block at 0xc3 in for 0xa5
01-23 16:14:54.470 16357 16357 E ArmVmp : Match on catch block at 0xc3 in for 0xa5
01-23 16:14:54.473 16357 16357 E ArmVmp : Match on catch block at 0xc3 in for 0xa9
01-23 16:14:54.487 16357 16357 E ArmVmp : Match on catch block at 0xc3 in for 0xa9
01-23 16:14:54.490 16357 16357 E ArmVmp : Match on catch block at 0xc3 in for 0xa1
01-23 16:14:54.503 16357 16357 E ArmVmp : Match on catch block at 0xc3 in for 0xa1
01-23 16:14:54.506 16357 16357 E ArmVmp : Match on catch block at 0xc3 in for 0xa5
01-23 16:14:54.520 16357 16357 E ArmVmp : Match on catch block at 0xc3 in for 0xa1
01-23 16:14:54.524 16357 16357 E ArmVmp : Match on catch block at 0xc3 in for 0xa5
01-23 16:14:54.537 16357 16357 E ArmVmp : Match on catch block at 0xc3 in for 0xa9
01-23 16:14:54.542 16357 16357 E ArmVmp : Match on catch block at 0xc3 in for 0xa1
01-23 16:14:54.553 16357 16357 E ArmVmp : Match on catch block at 0xc3 in for 0xa1
01-23 16:14:54.556 16357 16357 E ArmVmp : Match on catch block at 0xc3 in for 0xa5
01-23 16:14:54.586 16357 16357 E ArmVmp : Match on catch block at 0xc3 in for 0xa9
01-23 16:14:54.590 16357 16357 E ArmVmp : Match on catch block at 0xc3 in for 0xa1
01-23 16:14:54.655 16357 16357 E ArmVmp : Match on catch block at 0xc3 in for 0xa9
01-23 16:14:54.658 16357 16357 E ArmVmp : Match on catch block at 0xc3 in for 0xa1
01-23 16:14:54.750 16357 16357 E ArmVmp : Match on catch block at 0xc3 in for 0xa1
01-23 16:14:54.753 16357 16357 E ArmVmp : Match on catch block at 0xc3 in for 0xa5
01-23 16:14:54.771 16357 16357 E ArmVmp : Match on catch block at 0xc3 in for 0xa5
01-23 16:14:54.774 16357 16357 E ArmVmp : Match on catch block at 0xc3 in for 0xa9
01-23 16:14:54.787 16357 18209 W libEGL : EGLNativeWindowType 0x6eb266f010 disconnect failed
01-23 16:14:55.915 16357 18209 W libEGL : EGLNativeWindowType 0x6eb2893010 disconnect failed
01-23 16:14:56.138 16357 18209 W libEGL : EGLNativeWindowType 0x6eb266f010 disconnect failed
01-23 16:14:56.257 16357 16357 E ArmVmp : Match on catch block at 0xc3 in for 0xa5
01-23 16:14:56.264 16357 16357 E ArmVmp : Match on catch block at 0xc3 in for 0xa9
01-23 16:14:56.275 16357 16357 E ArmVmp : Match on catch block at 0xc3 in for 0xa9
01-23 16:14:56.282 16357 16357 E ArmVmp : Match on catch block at 0xc3 in for 0xa1
01-23 16:14:56.293 16357 16357 E ArmVmp : Match on catch block at 0xc3 in for 0xa1
01-23 16:14:56.301 16357 16357 E ArmVmp : Match on catch block at 0xc3 in for 0xa5
01-23 16:14:56.319 16357 16357 E ArmVmp : Match on catch block at 0xc3 in for 0xa5
01-23 16:14:56.326 16357 16357 E ArmVmp : Match on catch block at 0xc3 in for 0xa9
01-23 16:14:56.336 16357 16357 E ArmVmp : Match on catch block at 0xc3 in for 0xa9
01-23 16:14:56.343 16357 16357 E ArmVmp : Match on catch block at 0xc3 in for 0xa1
01-23 16:14:56.353 16357 16357 E ArmVmp : Match on catch block at 0xc3 in for 0xa1
01-23 16:14:56.360 16357 16357 E ArmVmp : Match on catch block at 0xc3 in for 0xa5
01-23 16:14:56.369 16357 16357 E ArmVmp : Match on catch block at 0xc3 in for 0xa5
01-23 16:14:56.376 16357 16357 E ArmVmp : Match on catch block at 0xc3 in for 0xa9
01-23 16:14:56.386 16357 16357 E ArmVmp : Match on catch block at 0xc3 in for 0xa9
01-23 16:14:56.393 16357 16357 E ArmVmp : Match on catch block at 0xc3 in for 0xa1
01-23 16:14:56.403 16357 16357 E ArmVmp : Match on catch block at 0xc3 in for 0xa1
01-23 16:14:56.410 16357 16357 E ArmVmp : Match on catch block at 0xc3 in for 0xa5
01-23 16:14:56.425 16357 16357 E ArmVmp : Match on catch block at 0xc3 in for 0xa1
01-23 16:14:56.431 16357 16357 E ArmVmp : Match on catch block at 0xc3 in for 0xa5
01-23 16:14:56.439 16357 16357 E ArmVmp : Match on catch block at 0xc3 in for 0xa5
01-23 16:14:56.448 16357 16357 E ArmVmp : Match on catch block at 0xc3 in for 0xa9
01-23 16:14:56.457 16357 16357 E ArmVmp : Match on catch block at 0xc3 in for 0xa9
01-23 16:14:56.463 16357 16357 E ArmVmp : Match on catch block at 0xc3 in for 0xa1
01-23 16:14:56.471 16357 16357 E ArmVmp : Match on catch block at 0xc3 in for 0xa1
01-23 16:14:56.480 16357 16357 E ArmVmp : Match on catch block at 0xc3 in for 0xa5
01-23 16:14:56.488 16357 16357 E ArmVmp : Match on catch block at 0xc3 in for 0xa5
01-23 16:14:56.495 16357 16357 E ArmVmp : Match on catch block at 0xc3 in for 0xa9
01-23 16:14:56.504 16357 16357 E ArmVmp : Match on catch block at 0xc3 in for 0xa9
01-23 16:14:56.509 16357 16357 E ArmVmp : Match on catch block at 0xc3 in for 0xa1
01-23 16:14:56.938 16357 18209 W libEGL : EGLNativeWindowType 0x6eb2893010 disconnect failed
01-23 16:14:57.058 16357 16357 E ArmVmp : Match on catch block at 0xc3 in for 0xa1
01-23 16:14:57.062 16357 16357 E ArmVmp : Match on catch block at 0xc3 in for 0xa5
01-23 16:14:58.353 16357 18209 W libEGL : EGLNativeWindowType 0x6eb2893010 disconnect failed
01-23 16:14:58.426 16357 16357 E ArmVmp : Match on catch block at 0xc3 in for 0xa9
01-23 16:14:58.429 16357 16357 E ArmVmp : Match on catch block at 0xc3 in for 0xa1
01-23 16:14:58.711 16357 16357 W SoundPool: Use of stream types is deprecated for operations other than volume control
01-23 16:14:58.711 16357 16357 W SoundPool: See the documentation of SoundPool() for what to use instead with android.media.AudioAttributes to qualify your playback use case
01-23 16:14:59.077 16357 16357 E ArmVmp : Match on catch block at 0xc3 in for 0xa9
01-23 16:14:59.081 16357 16357 E ArmVmp : Match on catch block at 0xc3 in for 0xa1
01-23 16:14:59.377 16357 16357 E ArmVmp : Match on catch block at 0xc3 in for 0xa9
01-23 16:14:59.380 16357 16357 E ArmVmp : Match on catch block at 0xc3 in for 0xa1
01-23 16:14:59.532 16357 16357 W BottomSheetBehavior: BottomSheetBehavior now supports multiple callbacks. `setBottomSheetCallback()` removes all existing callbacks, including ones set internally by library authors, which may result in unintended behavior. This may change in the future. Please use `addBottomSheetCallback()` and `removeBottomSheetCallback()` instead to set your own callbacks.
01-23 16:14:59.639 16357 18985 W libOpenSLES: Conversion from OpenSL ES positional channel mask 0x4 to Android mask 0 loses channels
01-23 16:14:59.904 16357 18209 W libEGL : EGLNativeWindowType 0x6eb3100010 disconnect failed
01-23 16:14:59.913 16357 16357 E ArmVmp : Match on catch block at 0xc3 in for 0xa5
01-23 16:14:59.915 16357 16357 E ArmVmp : Match on catch block at 0xc3 in for 0xa9
01-23 16:15:00.669 16357 16357 E ArmVmp : Match on catch block at 0xc3 in for 0xa1
01-23 16:15:00.677 16357 16357 E ArmVmp : Match on catch block at 0xc3 in for 0xa5
01-23 16:15:00.686 16357 16357 E ArmVmp : Match on catch block at 0xc3 in for 0xa5
01-23 16:15:00.694 16357 16357 E ArmVmp : Match on catch block at 0xc3 in for 0xa9
01-23 16:15:00.703 16357 16357 E ArmVmp : Match on catch block at 0xc3 in for 0xa9
01-23 16:15:00.709 16357 16357 E ArmVmp : Match on catch block at 0xc3 in for 0xa1
01-23 16:15:00.721 16357 16357 E ArmVmp : Match on catch block at 0xc3 in for 0xa1
01-23 16:15:00.727 16357 16357 E ArmVmp : Match on catch block at 0xc3 in for 0xa5
01-23 16:15:00.736 16357 16357 E ArmVmp : Match on catch block at 0xc3 in for 0xa5
01-23 16:15:00.742 16357 16357 E ArmVmp : Match on catch block at 0xc3 in for 0xa9
01-23 16:15:00.754 16357 16357 E ArmVmp : Match on catch block at 0xc3 in for 0xa9
01-23 16:15:00.760 16357 16357 E ArmVmp : Match on catch block at 0xc3 in for 0xa1
01-23 16:15:00.769 16357 16357 E ArmVmp : Match on catch block at 0xc3 in for 0xa1
01-23 16:15:00.777 16357 16357 E ArmVmp : Match on catch block at 0xc3 in for 0xa5
01-23 16:15:00.786 16357 16357 E ArmVmp : Match on catch block at 0xc3 in for 0xa5
01-23 16:15:00.792 16357 16357 E ArmVmp : Match on catch block at 0xc3 in for 0xa9
01-23 16:15:00.803 16357 16357 E ArmVmp : Match on catch block at 0xc3 in for 0xa9
01-23 16:15:00.810 16357 16357 E ArmVmp : Match on catch block at 0xc3 in for 0xa1
01-23 16:15:00.820 16357 16357 E ArmVmp : Match on catch block at 0xc3 in for 0xa1
01-23 16:15:00.826 16357 16357 E ArmVmp : Match on catch block at 0xc3 in for 0xa5
01-23 16:15:00.835 16357 16357 E ArmVmp : Match on catch block at 0xc3 in for 0xa5
01-23 16:15:00.843 16357 16357 E ArmVmp : Match on catch block at 0xc3 in for 0xa9
01-23 16:15:00.853 16357 16357 E ArmVmp : Match on catch block at 0xc3 in for 0xa9
01-23 16:15:00.861 16357 16357 E ArmVmp : Match on catch block at 0xc3 in for 0xa1
01-23 16:15:00.869 16357 16357 E ArmVmp : Match on catch block at 0xc3 in for 0xa1
01-23 16:15:00.876 16357 16357 E ArmVmp : Match on catch block at 0xc3 in for 0xa5
01-23 16:15:00.888 16357 16357 E ArmVmp : Match on catch block at 0xc3 in for 0xa5
01-23 16:15:00.896 16357 16357 E ArmVmp : Match on catch block at 0xc3 in for 0xa9
01-23 16:15:00.904 16357 16357 E ArmVmp : Match on catch block at 0xc3 in for 0xa9
01-23 16:15:00.911 16357 16357 E ArmVmp : Match on catch block at 0xc3 in for 0xa1
01-23 16:15:00.921 16357 16357 E ArmVmp : Match on catch block at 0xc3 in for 0xa5
01-23 16:15:00.928 16357 16357 E ArmVmp : Match on catch block at 0xc3 in for 0xa9
01-23 16:15:01.100 16357 16357 E ArmVmp : Match on catch block at 0xc3 in for 0xa9
01-23 16:15:01.107 16357 16357 E ArmVmp : Match on catch block at 0xc3 in for 0xa1
01-23 16:15:03.097 16357 18109 W System : A resource failed to call close.
01-23 16:15:03.098 16357 18109 W System : A resource failed to call close.
01-23 16:15:45.212 16357 18209 W libEGL : EGLNativeWindowType 0x6eb2e6b010 disconnect failed
01-23 16:15:54.126 16357 16357 E ArmVmp : Match on catch block at 0x0a in for 0xc1
01-23 16:15:54.130 16357 16357 E ArmVmp : Match on catch block at 0x0a in for 0xc9
01-23 16:15:54.212 16357 16357 E ArmVmp : Match on catch block at 0xc3 in for 0xa1
01-23 16:15:54.215 16357 16357 E ArmVmp : Match on catch block at 0xc3 in for 0xa5
01-23 16:15:54.275 16357 16357 E ArmVmp : Match on catch block at 0xc3 in for 0xa5
01-23 16:15:54.278 16357 16357 E ArmVmp : Match on catch block at 0xc3 in for 0xa9
01-23 16:15:54.289 16357 16357 E ArmVmp : Match on catch block at 0xc3 in for 0xa9
01-23 16:15:54.292 16357 16357 E ArmVmp : Match on catch block at 0xc3 in for 0xa1
01-23 16:15:54.334 16357 16357 E ArmVmp : Match on catch block at 0xc3 in for 0xa5
01-23 16:15:54.337 16357 16357 E ArmVmp : Match on catch block at 0xc3 in for 0xa9
01-23 16:15:54.582 16357 18209 W libEGL : EGLNativeWindowType 0x6eb2f08010 disconnect failed
01-23 16:15:54.817 16357 16357 E ArmVmp : Match on catch block at 0xc3 in for 0xa1
01-23 16:15:54.831 16357 16357 E ArmVmp : Match on catch block at 0xc3 in for 0xa5
01-23 16:15:54.968 16357 16357 E ArmVmp : Match on catch block at 0xc3 in for 0xa5
01-23 16:15:54.982 16357 16357 E ArmVmp : Match on catch block at 0xc3 in for 0xa9
01-23 16:15:55.003 16357 16357 E ArmVmp : Match on catch block at 0xc3 in for 0xa9
01-23 16:15:55.018 16357 16357 E ArmVmp : Match on catch block at 0xc3 in for 0xa1
01-23 16:15:55.031 16357 16357 E ArmVmp : Match on catch block at 0xc3 in for 0xa1
01-23 16:15:55.038 16357 16357 E ArmVmp : Match on catch block at 0xc3 in for 0xa5
01-23 16:15:55.048 16357 16357 E ArmVmp : Match on catch block at 0xc3 in for 0xa5
01-23 16:15:55.055 16357 16357 E ArmVmp : Match on catch block at 0xc3 in for 0xa9
01-23 16:15:55.068 16357 16357 E ArmVmp : Match on catch block at 0xc3 in for 0xa9
01-23 16:15:55.075 16357 16357 E ArmVmp : Match on catch block at 0xc3 in for 0xa1
01-23 16:15:55.097 16357 16357 E ArmVmp : Match on catch block at 0xc3 in for 0xa1
01-23 16:15:55.104 16357 16357 E ArmVmp : Match on catch block at 0xc3 in for 0xa5
01-23 16:15:55.115 16357 16357 E ArmVmp : Match on catch block at 0xc3 in for 0xa5
01-23 16:15:55.122 16357 16357 E ArmVmp : Match on catch block at 0xc3 in for 0xa9
01-23 16:15:55.133 16357 16357 E ArmVmp : Match on catch block at 0xc3 in for 0xa9
01-23 16:15:55.140 16357 16357 E ArmVmp : Match on catch block at 0xc3 in for 0xa1
01-23 16:15:55.156 16357 16357 E ArmVmp : Match on catch block at 0xc3 in for 0xa1
01-23 16:15:55.166 16357 16357 E ArmVmp : Match on catch block at 0xc3 in for 0xa5
01-23 16:15:55.181 16357 16357 E ArmVmp : Match on catch block at 0xc3 in for 0xa5
01-23 16:15:55.188 16357 16357 E ArmVmp : Match on catch block at 0xc3 in for 0xa9
01-23 16:15:55.199 16357 16357 E ArmVmp : Match on catch block at 0xc3 in for 0xa9
01-23 16:15:55.206 16357 16357 E ArmVmp : Match on catch block at 0xc3 in for 0xa1
01-23 16:15:55.220 16357 16357 E ArmVmp : Match on catch block at 0xc3 in for 0xa1
01-23 16:15:55.227 16357 16357 E ArmVmp : Match on catch block at 0xc3 in for 0xa5
01-23 16:15:55.247 16357 16357 E ArmVmp : Match on catch block at 0xc3 in for 0xa5
01-23 16:15:55.255 16357 16357 E ArmVmp : Match on catch block at 0xc3 in for 0xa9
01-23 16:15:55.265 16357 16357 E ArmVmp : Match on catch block at 0xc3 in for 0xa9
01-23 16:15:55.272 16357 16357 E ArmVmp : Match on catch block at 0xc3 in for 0xa1
01-23 16:15:55.314 16357 16357 E ArmVmp : Match on catch block at 0xc3 in for 0xa1
01-23 16:15:55.321 16357 16357 E ArmVmp : Match on catch block at 0xc3 in for 0xa5
01-23 16:15:55.817 16357 16357 E ArmVmp : Match on catch block at 0xc3 in for 0xa5
01-23 16:15:55.829 16357 16357 E ArmVmp : Match on catch block at 0xc3 in for 0xa9
01-23 16:15:55.869 16357 16357 E ArmVmp : Match on catch block at 0xc3 in for 0xa9
01-23 16:15:55.886 16357 16357 E ArmVmp : Match on catch block at 0xc3 in for 0xa1
01-23 16:15:55.903 16357 16357 E ArmVmp : Match on catch block at 0xc3 in for 0xa1
01-23 16:15:55.917 16357 16357 E ArmVmp : Match on catch block at 0xc3 in for 0xa5
01-23 16:15:55.932 16357 16357 E ArmVmp : Match on catch block at 0xc3 in for 0xa5
01-23 16:15:55.940 16357 16357 E ArmVmp : Match on catch block at 0xc3 in for 0xa9
01-23 16:15:55.955 16357 16357 E ArmVmp : Match on catch block at 0xc3 in for 0xa9
01-23 16:15:55.963 16357 16357 E ArmVmp : Match on catch block at 0xc3 in for 0xa1
01-23 16:15:55.980 16357 16357 E ArmVmp : Match on catch block at 0xc3 in for 0xa1
01-23 16:15:55.988 16357 16357 E ArmVmp : Match on catch block at 0xc3 in for 0xa5
01-23 16:15:55.997 16357 16357 E ArmVmp : Match on catch block at 0xc3 in for 0xa5
01-23 16:15:56.004 16357 16357 E ArmVmp : Match on catch block at 0xc3 in for 0xa9
01-23 16:15:56.015 16357 16357 E ArmVmp : Match on catch block at 0xc3 in for 0xa9
01-23 16:15:56.023 16357 16357 E ArmVmp : Match on catch block at 0xc3 in for 0xa1
01-23 16:15:56.032 16357 16357 E ArmVmp : Match on catch block at 0xc3 in for 0xa1
01-23 16:15:56.039 16357 16357 E ArmVmp : Match on catch block at 0xc3 in for 0xa5
01-23 16:15:56.049 16357 16357 E ArmVmp : Match on catch block at 0xc3 in for 0xa5
01-23 16:15:56.055 16357 16357 E ArmVmp : Match on catch block at 0xc3 in for 0xa9
01-23 16:15:56.064 16357 16357 E ArmVmp : Match on catch block at 0xc3 in for 0xa9
01-23 16:15:56.070 16357 16357 E ArmVmp : Match on catch block at 0xc3 in for 0xa1
01-23 16:15:56.080 16357 16357 E ArmVmp : Match on catch block at 0xc3 in for 0xa1
01-23 16:15:56.087 16357 16357 E ArmVmp : Match on catch block at 0xc3 in for 0xa5
01-23 16:15:56.098 16357 16357 E ArmVmp : Match on catch block at 0xc3 in for 0xa5
01-23 16:15:56.104 16357 16357 E ArmVmp : Match on catch block at 0xc3 in for 0xa9
01-23 16:15:56.113 16357 16357 E ArmVmp : Match on catch block at 0xc3 in for 0xa9
01-23 16:15:56.120 16357 16357 E ArmVmp : Match on catch block at 0xc3 in for 0xa1
01-23 16:15:56.317 16357 16357 E ArmVmp : Match on catch block at 0xc3 in for 0xa1
01-23 16:15:56.333 16357 16357 E ArmVmp : Match on catch block at 0xc3 in for 0xa5
01-23 16:15:56.816 16357 16357 E ArmVmp : Match on catch block at 0xc3 in for 0xa5
01-23 16:15:56.830 16357 16357 E ArmVmp : Match on catch block at 0xc3 in for 0xa9
01-23 16:15:57.404 16357 16357 E ArmVmp : Match on catch block at 0xc3 in for 0xa9
01-23 16:15:57.411 16357 16357 E ArmVmp : Match on catch block at 0xc3 in for 0xa1
01-23 16:15:57.900 16357 16357 E ArmVmp : Match on catch block at 0xc3 in for 0xa1
01-23 16:15:57.913 16357 16357 E ArmVmp : Match on catch block at 0xc3 in for 0xa5
01-23 16:15:58.399 16357 16357 E ArmVmp : Match on catch block at 0xc3 in for 0xa5
01-23 16:15:58.413 16357 16357 E ArmVmp : Match on catch block at 0xc3 in for 0xa9
01-23 16:15:58.895 16357 16357 E ArmVmp : Match on catch block at 0xc3 in for 0xa9
01-23 16:15:58.902 16357 16357 E ArmVmp : Match on catch block at 0xc3 in for 0xa1
01-23 16:15:59.412 16357 16357 E ArmVmp : Match on catch block at 0xc3 in for 0xa1
01-23 16:15:59.418 16357 16357 E ArmVmp : Match on catch block at 0xc3 in for 0xa5
01-23 16:15:59.916 16357 16357 E ArmVmp : Match on catch block at 0xc3 in for 0xa5
01-23 16:15:59.930 16357 16357 E ArmVmp : Match on catch block at 0xc3 in for 0xa9
01-23 16:16:00.415 16357 16357 E ArmVmp : Match on catch block at 0xc3 in for 0xa9
01-23 16:16:00.430 16357 16357 E ArmVmp : Match on catch block at 0xc3 in for 0xa1
01-23 16:16:00.915 16357 16357 E ArmVmp : Match on catch block at 0xc3 in for 0xa1
01-23 16:16:00.928 16357 16357 E ArmVmp : Match on catch block at 0xc3 in for 0xa5
01-23 16:16:01.414 16357 16357 E ArmVmp : Match on catch block at 0xc3 in for 0xa5
01-23 16:16:01.429 16357 16357 E ArmVmp : Match on catch block at 0xc3 in for 0xa9
01-23 16:16:01.914 16357 16357 E ArmVmp : Match on catch block at 0xc3 in for 0xa9
01-23 16:16:01.930 16357 16357 E ArmVmp : Match on catch block at 0xc3 in for 0xa1
01-23 16:16:02.409 16357 16357 E ArmVmp : Match on catch block at 0xc3 in for 0xa1
01-23 16:16:02.416 16357 16357 E ArmVmp : Match on catch block at 0xc3 in for 0xa5
01-23 16:16:02.913 16357 16357 E ArmVmp : Match on catch block at 0xc3 in for 0xa5
01-23 16:16:02.928 16357 16357 E ArmVmp : Match on catch block at 0xc3 in for 0xa9
01-23 16:16:03.413 16357 16357 E ArmVmp : Match on catch block at 0xc3 in for 0xa9
01-23 16:16:03.427 16357 16357 E ArmVmp : Match on catch block at 0xc3 in for 0xa1
01-23 16:16:03.929 16357 16357 E ArmVmp : Match on catch block at 0xc3 in for 0xa1
01-23 16:16:03.943 16357 16357 E ArmVmp : Match on catch block at 0xc3 in for 0xa5
01-23 16:16:04.431 16357 16357 E ArmVmp : Match on catch block at 0xc3 in for 0xa5
01-23 16:16:04.444 16357 16357 E ArmVmp : Match on catch block at 0xc3 in for 0xa9
01-23 16:16:04.928 16357 16357 E ArmVmp : Match on catch block at 0xc3 in for 0xa9
01-23 16:16:04.942 16357 16357 E ArmVmp : Match on catch block at 0xc3 in for 0xa1
01-23 16:16:05.428 16357 16357 E ArmVmp : Match on catch block at 0xc3 in for 0xa1
01-23 16:16:05.441 16357 16357 E ArmVmp : Match on catch block at 0xc3 in for 0xa5
01-23 16:16:05.928 16357 16357 E ArmVmp : Match on catch block at 0xc3 in for 0xa5
01-23 16:16:05.941 16357 16357 E ArmVmp : Match on catch block at 0xc3 in for 0xa9
01-23 16:16:06.428 16357 16357 E ArmVmp : Match on catch block at 0xc3 in for 0xa9
01-23 16:16:06.441 16357 16357 E ArmVmp : Match on catch block at 0xc3 in for 0xa1
01-23 16:16:06.927 16357 16357 E ArmVmp : Match on catch block at 0xc3 in for 0xa1
01-23 16:16:06.941 16357 16357 E ArmVmp : Match on catch block at 0xc3 in for 0xa5
01-23 16:16:07.427 16357 16357 E ArmVmp : Match on catch block at 0xc3 in for 0xa5
01-23 16:16:07.441 16357 16357 E ArmVmp : Match on catch block at 0xc3 in for 0xa9
01-23 16:16:07.944 16357 16357 E ArmVmp : Match on catch block at 0xc3 in for 0xa9
01-23 16:16:07.957 16357 16357 E ArmVmp : Match on catch block at 0xc3 in for 0xa1
01-23 16:16:08.443 16357 16357 E ArmVmp : Match on catch block at 0xc3 in for 0xa1
01-23 16:16:08.457 16357 16357 E ArmVmp : Match on catch block at 0xc3 in for 0xa5
01-23 16:16:08.943 16357 16357 E ArmVmp : Match on catch block at 0xc3 in for 0xa5
01-23 16:16:08.957 16357 16357 E ArmVmp : Match on catch block at 0xc3 in for 0xa9
01-23 16:16:09.438 16357 16357 E ArmVmp : Match on catch block at 0xc3 in for 0xa9
01-23 16:16:09.444 16357 16357 E ArmVmp : Match on catch block at 0xc3 in for 0xa1
01-23 16:16:09.943 16357 16357 E ArmVmp : Match on catch block at 0xc3 in for 0xa1
