01-23 16:23:49.559 16357 16357 E ArmVmp : Match on catch block at 0xc3 in for 0xa1
01-23 16:23:49.563 16357 16357 E ArmVmp : Match on catch block at 0xc3 in for 0xa5
01-23 16:23:50.063 16357 16357 E ArmVmp : Match on catch block at 0xc3 in for 0xa5
01-23 16:23:50.077 16357 16357 E ArmVmp : Match on catch block at 0xc3 in for 0xa9
01-23 16:23:50.561 16357 16357 E ArmVmp : Match on catch block at 0xc3 in for 0xa9
01-23 16:23:50.572 16357 16357 E ArmVmp : Match on catch block at 0xc3 in for 0xa1
01-23 16:23:51.059 16357 16357 E ArmVmp : Match on catch block at 0xc3 in for 0xa1
01-23 16:23:51.066 16357 16357 E ArmVmp : Match on catch block at 0xc3 in for 0xa5
01-23 16:23:51.561 16357 16357 E ArmVmp : Match on catch block at 0xc3 in for 0xa5
01-23 16:23:51.572 16357 16357 E ArmVmp : Match on catch block at 0xc3 in for 0xa9
01-23 16:23:52.061 16357 16357 E ArmVmp : Match on catch block at 0xc3 in for 0xa9
01-23 16:23:52.073 16357 16357 E ArmVmp : Match on catch block at 0xc3 in for 0xa1
01-23 16:23:52.561 16357 16357 E ArmVmp : Match on catch block at 0xc3 in for 0xa1
01-23 16:23:52.572 16357 16357 E ArmVmp : Match on catch block at 0xc3 in for 0xa5
01-23 16:23:53.061 16357 16357 E ArmVmp : Match on catch block at 0xc3 in for 0xa5
01-23 16:23:53.072 16357 16357 E ArmVmp : Match on catch block at 0xc3 in for 0xa9
01-23 16:23:53.560 16357 16357 E ArmVmp : Match on catch block at 0xc3 in for 0xa9
01-23 16:23:53.567 16357 16357 E ArmVmp : Match on catch block at 0xc3 in for 0xa1
01-23 16:23:54.077 16357 16357 E ArmVmp : Match on catch block at 0xc3 in for 0xa1
01-23 16:23:54.088 16357 16357 E ArmVmp : Match on catch block at 0xc3 in for 0xa5
01-23 16:23:54.582 16357 16357 E ArmVmp : Match on catch block at 0xc3 in for 0xa5
01-23 16:23:54.593 16357 16357 E ArmVmp : Match on catch block at 0xc3 in for 0xa9
01-23 16:23:54.721 16357 16357 E ArmVmp : Match on catch block at 0xc3 in for 0xa9
01-23 16:23:54.724 16357 16357 E ArmVmp : Match on catch block at 0xc3 in for 0xa1
01-23 16:23:54.949 16357 16357 E ArmVmp : Match on catch block at 0xc3 in for 0xa1
01-23 16:23:54.952 16357 16357 E ArmVmp : Match on catch block at 0xc3 in for 0xa5
01-23 16:23:54.997 16357 16357 E ArmVmp : Match on catch block at 0xc3 in for 0xa5
01-23 16:23:54.999 16357 16357 E ArmVmp : Match on catch block at 0xc3 in for 0xa9
01-23 16:23:55.291 16357 18209 W libEGL : EGLNativeWindowType 0x6f175e1010 disconnect failed
01-23 16:23:55.315 16357 16357 E ArmVmp : Match on catch block at 0xc3 in for 0xa1
01-23 16:23:55.322 16357 16357 E ArmVmp : Match on catch block at 0xc3 in for 0xa5
01-23 16:23:59.505 16357 16357 E ArmVmp : Match on catch block at 0x0a in for 0x179
01-23 16:24:00.636 16357 18209 W libEGL : EGLNativeWindowType 0x6eb28ce010 disconnect failed
01-23 16:24:01.606 16357 18209 W libEGL : EGLNativeWindowType 0x6f20516010 disconnect failed
01-23 16:24:03.118 16357 18209 W libEGL : EGLNativeWindowType 0x6eb2031010 disconnect failed
01-23 16:24:04.553 16357 18209 W libEGL : EGLNativeWindowType 0x6eb0497010 disconnect failed
01-23 16:24:09.328 16357 16357 W IInputConnectionWrapper: requestCursorAnchorInfo on inactive InputConnection
01-23 16:25:08.040 16357 18209 W libEGL : EGLNativeWindowType 0x6eb0497010 disconnect failed
01-23 16:25:13.539 16357 18109 W System : A resource failed to call release.
01-23 16:25:19.330 16357 18209 W libEGL : EGLNativeWindowType 0x6eb1f97010 disconnect failed
01-23 16:25:19.635 16357 16357 W IInputConnectionWrapper: requestCursorAnchorInfo on inactive InputConnection
01-23 16:25:19.659 16357 18209 W libEGL : EGLNativeWindowType 0x6eb1f97010 disconnect failed
01-23 16:25:20.008 16357 18209 W libEGL : EGLNativeWindowType 0x6eb0497010 disconnect failed
01-23 16:25:21.701 16357 18209 W libEGL : EGLNativeWindowType 0x6eb1f97010 disconnect failed
01-23 16:25:27.328 16357 18209 W libEGL : EGLNativeWindowType 0x6eb0c86010 disconnect failed
01-23 16:27:03.033 16357 18209 W libEGL : EGLNativeWindowType 0x6eb0226010 disconnect failed
01-23 16:27:03.098 16357 18209 W libEGL : EGLNativeWindowType 0x6eb0226010 disconnect failed
01-23 16:27:03.138 16357 18209 W libEGL : EGLNativeWindowType 0x6eb0226010 disconnect failed
01-23 16:27:03.183 16357 18209 W libEGL : EGLNativeWindowType 0x6eb0226010 disconnect failed
01-23 16:27:03.219 16357 18209 W libEGL : EGLNativeWindowType 0x6eb0226010 disconnect failed
01-23 16:27:03.259 16357 18209 W libEGL : EGLNativeWindowType 0x6eb0226010 disconnect failed
01-23 16:27:03.307 16357 18209 W libEGL : EGLNativeWindowType 0x6eb0226010 disconnect failed
01-23 16:27:04.290 16357 18209 W libEGL : EGLNativeWindowType 0x6eb0226010 disconnect failed
01-23 16:27:19.965 16357 16357 E ArmVmp : Match on catch block at 0x0a in for 0xc1
01-23 16:27:19.969 16357 16357 E ArmVmp : Match on catch block at 0x0a in for 0xc9
01-23 16:27:20.308 16357 16357 E ArmVmp : Match on catch block at 0xc3 in for 0xb5
01-23 16:27:20.314 16357 16357 E ArmVmp : Match on catch block at 0xc3 in for 0xb5
01-23 16:27:20.413 16357 16357 E ArmVmp : Match on catch block at 0xc3 in for 0xa9
01-23 16:27:20.418 16357 16357 E ArmVmp : Match on catch block at 0xc3 in for 0xa1
01-23 16:27:20.442 16357 18209 W libEGL : EGLNativeWindowType 0x6eb02eb010 disconnect failed
01-23 16:27:20.521 16357 16357 E ArmVmp : Match on catch block at 0xc3 in for 0xa1
01-23 16:27:20.524 16357 16357 E ArmVmp : Match on catch block at 0xc3 in for 0xa5
01-23 16:27:20.530 16357 16357 E ViewRootImpl: sendUserActionEvent() mView returned.
01-23 16:27:20.631 16357 16357 E ArmVmp : Match on catch block at 0xc3 in for 0xa9
01-23 16:27:20.636 16357 16357 E ArmVmp : Match on catch block at 0xc3 in for 0xa1
01-23 16:27:20.669 16357 16357 E ArmVmp : Match on catch block at 0xc3 in for 0xa1
01-23 16:27:20.674 16357 16357 E ArmVmp : Match on catch block at 0xc3 in for 0xa5
01-23 16:27:20.680 16357 16357 E ArmVmp : Match on catch block at 0xc3 in for 0xa5
01-23 16:27:20.685 16357 16357 E ArmVmp : Match on catch block at 0xc3 in for 0xa9
01-23 16:27:20.738 16357 23595 W System : ClassLoader referenced unknown path:
01-23 16:27:20.785 16357 16357 E ArmVmp : Match on catch block at 0xc3 in for 0xa9
01-23 16:27:20.789 16357 16357 E ArmVmp : Match on catch block at 0xc3 in for 0xa1
01-23 16:27:20.801 16357 16357 E ArmVmp : Match on catch block at 0xc3 in for 0xa5
01-23 16:27:20.805 16357 16357 E ArmVmp : Match on catch block at 0xc3 in for 0xa9
01-23 16:27:20.901 16357 16357 E ArmVmp : Match on catch block at 0xc3 in for 0xa5
01-23 16:27:20.906 16357 16357 E ArmVmp : Match on catch block at 0xc3 in for 0xa9
01-23 16:27:20.914 16357 23593 W linker : Warning: "/data/user_de/0/com.google.android.gms/app_chimera/m/0000010c/CronetDynamite.apk!/ lib/arm64-v8a/libcronet.119.0.6045.31.so" unused DT entry: unknown processor- specific (type 0x70000001 arg 0x0) (ignoring)
01-23 16:27:20.944 16357 18209 W libEGL : EGLNativeWindowType 0x6eb1cde010 disconnect failed
01-23 16:27:20.983 16357 16357 E ArmVmp : Match on catch block at 0xc3 in for 0xa9
01-23 16:27:20.987 16357 16357 E ArmVmp : Match on catch block at 0xc3 in for 0xa1
01-23 16:27:21.002 16357 23591 W com.whatsapp: Long monitor contention with owner MediaUploadQueue #3 (23593) at org.chromium.net.CronetEngine X.7Oe.A03()(:-1) waiters=0 in org.chromium.net.CronetEngine X.7Oe.A03() for 351ms
01-23 16:27:21.003 16357 23592 W com.whatsapp: Long monitor contention with owner MediaUploadQueue #3 (23593) at org.chromium.net.CronetEngine X.7Oe.A03()(:-1) waiters=1 in org.chromium.net.CronetEngine X.7Oe.A03() for 351ms
01-23 16:27:21.021 16357 23602 E chromium: [0123/162721.020882:ERROR:cronet_context.cc(156)] Invalid QUIC hint host: .whatsapp.com
01-23 16:27:21.021 16357 23602 E chromium: [0123/162721.021878:ERROR:cronet_context.cc(156)] Invalid QUIC hint host: .cdninstagram.com
01-23 16:27:21.022 16357 23602 E chromium: [0123/162721.021988:ERROR:cronet_context.cc(156)] Invalid QUIC hint host: .fbcdn.net
01-23 16:27:21.022 16357 23602 E chromium: [0123/162721.022091:ERROR:cronet_context.cc(156)] Invalid QUIC hint host: .facebook.com
01-23 16:27:21.022 16357 23602 E chromium: [0123/162721.022188:ERROR:cronet_context.cc(156)] Invalid QUIC hint host: .instagram.com
01-23 16:27:21.022 16357 23602 E chromium: [0123/162721.022284:ERROR:cronet_context.cc(156)] Invalid QUIC hint host: .whatsapp.net
01-23 16:27:21.085 16357 16357 E ArmVmp : Match on catch block at 0xc3 in for 0xa5
01-23 16:27:21.089 16357 16357 E ArmVmp : Match on catch block at 0xc3 in for 0xa9
01-23 16:27:21.111 16357 16357 E ArmVmp : Match on catch block at 0xc3 in for 0xa1
01-23 16:27:21.115 16357 16357 E ArmVmp : Match on catch block at 0xc3 in for 0xa5
01-23 16:27:21.129 16357 16357 E ArmVmp : Match on catch block at 0xc3 in for 0xa1
01-23 16:27:21.132 16357 16357 E ArmVmp : Match on catch block at 0xc3 in for 0xa5
01-23 16:27:21.138 16357 16357 E ArmVmp : Match on catch block at 0xc3 in for 0xa5
01-23 16:27:21.141 16357 16357 E ArmVmp : Match on catch block at 0xc3 in for 0xa9
01-23 16:27:21.146 16357 16357 E ArmVmp : Match on catch block at 0xc3 in for 0xa9
01-23 16:27:21.151 16357 16357 E ArmVmp : Match on catch block at 0xc3 in for 0xa1
01-23 16:27:21.163 16357 16357 E ArmVmp : Match on catch block at 0xc3 in for 0xa1
01-23 16:27:21.167 16357 16357 E ArmVmp : Match on catch block at 0xc3 in for 0xa5
01-23 16:27:21.180 16357 16357 E ArmVmp : Match on catch block at 0xc3 in for 0xa5
01-23 16:27:21.183 16357 16357 E ArmVmp : Match on catch block at 0xc3 in for 0xa9
01-23 16:27:21.196 16357 16357 E ArmVmp : Match on catch block at 0xc3 in for 0xa9
01-23 16:27:21.200 16357 16357 E ArmVmp : Match on catch block at 0xc3 in for 0xa1
01-23 16:27:21.213 16357 16357 E ArmVmp : Match on catch block at 0xc3 in for 0xa1
01-23 16:27:21.217 16357 16357 E ArmVmp : Match on catch block at 0xc3 in for 0xa5
01-23 16:27:21.230 16357 16357 E ArmVmp : Match on catch block at 0xc3 in for 0xa5
01-23 16:27:21.233 16357 16357 E ArmVmp : Match on catch block at 0xc3 in for 0xa9
01-23 16:27:21.246 16357 16357 E ArmVmp : Match on catch block at 0xc3 in for 0xa9
01-23 16:27:21.250 16357 16357 E ArmVmp : Match on catch block at 0xc3 in for 0xa1
01-23 16:27:21.263 16357 16357 E ArmVmp : Match on catch block at 0xc3 in for 0xa1
01-23 16:27:21.267 16357 16357 E ArmVmp : Match on catch block at 0xc3 in for 0xa5
01-23 16:27:21.280 16357 16357 E ArmVmp : Match on catch block at 0xc3 in for 0xa5
01-23 16:27:21.283 16357 16357 E ArmVmp : Match on catch block at 0xc3 in for 0xa9
01-23 16:27:21.299 16357 16357 E ArmVmp : Match on catch block at 0xc3 in for 0xa1
01-23 16:27:21.302 16357 16357 E ArmVmp : Match on catch block at 0xc3 in for 0xa5
01-23 16:27:21.313 16357 16357 E ArmVmp : Match on catch block at 0xc3 in for 0xa5
01-23 16:27:21.316 16357 16357 E ArmVmp : Match on catch block at 0xc3 in for 0xa9
01-23 16:27:21.330 16357 16357 E ArmVmp : Match on catch block at 0xc3 in for 0xa9
01-23 16:27:21.333 16357 16357 E ArmVmp : Match on catch block at 0xc3 in for 0xa1
01-23 16:27:21.346 16357 16357 E ArmVmp : Match on catch block at 0xc3 in for 0xa1
01-23 16:27:21.350 16357 16357 E ArmVmp : Match on catch block at 0xc3 in for 0xa5
01-23 16:27:21.363 16357 16357 E ArmVmp : Match on catch block at 0xc3 in for 0xa5
01-23 16:27:21.367 16357 16357 E ArmVmp : Match on catch block at 0xc3 in for 0xa9
01-23 16:27:21.379 16357 16357 E ArmVmp : Match on catch block at 0xc3 in for 0xa5
01-23 16:27:21.383 16357 16357 E ArmVmp : Match on catch block at 0xc3 in for 0xa9
01-23 16:27:21.396 16357 16357 E ArmVmp : Match on catch block at 0xc3 in for 0xa9
01-23 16:27:21.399 16357 16357 E ArmVmp : Match on catch block at 0xc3 in for 0xa1
01-23 16:27:21.407 16357 18196 E SQLiteDatabase: Error inserting transferred=1 media_job_uuid=095e87bb-a8c2-412a-9742-8b1bb23b3f61 transcoded=0 gif_attribution=0 first_scan_length=0 direct_path=/v/t62.7119- 24/11886011_754130106216531_4998013520583124856_n.enc?ccb=11-4&oh=01_AdSa-- 05lQw_wqp5gX-0sbbsBY7-NXn60wYRYYieeg_-vA&oe=65D79B89&_nc_sid=5e03e0 thumbnail_height_width_ratio=0.0 is_animated_sticker=0 file_hash=8z+EOHiFZfHKJkenn/MbaRzwHmeAt+c4tN/GPMvPZ2s= file_path=Media/WhatsApp Documents/Sent/DOC-20240123-WA0002. file_size=100903 partial_media_hash=null face_x=0 face_y=0 height=0 trim_to=0 media_key_timestamp=1706042744968 message_url=https://mmg.whatsapp.net/v/t62.7119- 24/11886011_754130106216531_4998013520583124856_n.enc?ccb=11-4&oh=01_AdSa-- 05lQw_wqp5gX-0sbbsBY7-NXn60wYRYYieeg_-vA&oe=65D79B89&_nc_sid=5e03e0&mms3=true media_caption=null trim_from=0 mime_type=application/vnd.openxmlformats- officedocument.wordprocessingml.document partial_media_enc_hash=null width=0 original_file_hash=null has_streaming_sidecar=0 autotransfer_retry_enabled=0 media_upload_handle=null message_row_id=308 multicast_id=null enc_file_hash=jR37Iq3ilSw13j+6Zbni9BmVnLEMqShk1qAyPN30U/w= mute_video=0 page_count=1 first_scan_sidecar=null suspicious_content=0 file_length=100903 media_name=FORMATO tratamiento de datos menor de edad para divulgar..docx media_duration=0 chat_row_id=6 media_key=[B@75aa7e6
01-23 16:27:21.407 16357 18196 E SQLiteDatabase: android.database.sqlite.SQLiteConstraintException: UNIQUE constraint failed: message_media.message_row_id (code 1555 SQLITE_CONSTRAINT_PRIMARYKEY[1555])
01-23 16:27:21.407 16357 18196 E SQLiteDatabase: at android.database.sqlite.SQLiteConnection.nativeExecuteForLastInsertedRowId(Native Method)
01-23 16:27:21.407 16357 18196 E SQLiteDatabase: at android.database.sqlite.SQLiteConnection.executeForLastInsertedRowId(SQLiteConnecti on.java:1217)
01-23 16:27:21.407 16357 18196 E SQLiteDatabase: at android.database.sqlite.SQLiteSession.executeForLastInsertedRowId(SQLiteSession.jav a:790)
01-23 16:27:21.407 16357 18196 E SQLiteDatabase: at android.database.sqlite.SQLiteStatement.executeInsert(SQLiteStatement.java:88)
01-23 16:27:21.407 16357 18196 E SQLiteDatabase: at android.database.sqlite.SQLiteDatabase.insertWithOnConflict(SQLiteDatabase.java:221 9)
01-23 16:27:21.407 16357 18196 E SQLiteDatabase: at android.database.sqlite.SQLiteDatabase.insert(SQLiteDatabase.java:2088)
01-23 16:27:21.407 16357 18196 E SQLiteDatabase: at X.2tm.A08(Unknown Source:6)
01-23 16:27:21.407 16357 18196 E SQLiteDatabase: at X.35Y.A07(Unknown Source:212)
01-23 16:27:21.407 16357 18196 E SQLiteDatabase: at X.3QF.A14(Unknown Source:470)
01-23 16:27:21.407 16357 18196 E SQLiteDatabase: at X.3gU.run(Unknown Source:982)
01-23 16:27:21.407 16357 18196 E SQLiteDatabase: at android.os.Handler.handleCallback(Handler.java:938)
01-23 16:27:21.407 16357 18196 E SQLiteDatabase: at android.os.Handler.dispatchMessage(Handler.java:99)
01-23 16:27:21.407 16357 18196 E SQLiteDatabase: at X.0zq.dispatchMessage(Unknown Source:4)
01-23 16:27:21.407 16357 18196 E SQLiteDatabase: at android.os.Looper.loop(Looper.java:246)
01-23 16:27:21.407 16357 18196 E SQLiteDatabase: at android.os.HandlerThread.run(HandlerThread.java:67)
01-23 16:27:21.413 16357 16357 E ArmVmp : Match on catch block at 0xc3 in for 0xa9
01-23 16:27:21.416 16357 16357 E ArmVmp : Match on catch block at 0xc3 in for 0xa1
01-23 16:27:21.441 16357 16357 E ArmVmp : Match on catch block at 0xc3 in for 0xa9
01-23 16:27:21.445 16357 16357 E ArmVmp : Match on catch block at 0xc3 in for 0xa1
01-23 16:27:21.454 16357 16357 E ArmVmp : Match on catch block at 0xc3 in for 0xa1
01-23 16:27:21.457 16357 16357 E ArmVmp : Match on catch block at 0xc3 in for 0xa5
01-23 16:27:21.476 16357 16357 E ArmVmp : Match on catch block at 0xc3 in for 0xa5
01-23 16:27:21.479 16357 16357 E ArmVmp : Match on catch block at 0xc3 in for 0xa9
01-23 16:27:21.487 16357 16357 E ArmVmp : Match on catch block at 0xc3 in for 0xa9
01-23 16:27:21.491 16357 16357 E ArmVmp : Match on catch block at 0xc3 in for 0xa1
01-23 16:27:21.504 16357 16357 E ArmVmp : Match on catch block at 0xc3 in for 0xa1
01-23 16:27:21.508 16357 16357 E ArmVmp : Match on catch block at 0xc3 in for 0xa5
01-23 16:27:21.523 16357 16357 E ArmVmp : Match on catch block at 0xc3 in for 0xa5
01-23 16:27:21.527 16357 16357 E ArmVmp : Match on catch block at 0xc3 in for 0xa9
01-23 16:27:21.546 16357 16357 E ArmVmp : Match on catch block at 0xc3 in for 0xa9
01-23 16:27:21.551 16357 16357 E ArmVmp : Match on catch block at 0xc3 in for 0xa1
01-23 16:27:21.562 16357 18196 E SQLiteDatabase: Error inserting transferred=1 media_job_uuid=259b7851-b938-455d-9bf6-2484e610b5d3 transcoded=0 gif_attribution=0 first_scan_length=0 direct_path=/v/t62.7119- 24/40837388_880936840440595_6614025298087505420_n.enc?ccb=11- 4&oh=01_AdTJljZB140tRt24NBb__MY1vasWYI67OcpH-47Go3qwZQ&oe=65D79140&_nc_sid=5e03e0 thumbnail_height_width_ratio=0.0 is_animated_sticker=0 file_hash=oIWkDvFsFE2LVyuRCsF5qT+kixc0hXo9DonRYoUr4c8= file_path=Media/WhatsApp Documents/Sent/DOC-20240123-WA0001. file_size=828919 partial_media_hash=null face_x=0 face_y=0 height=0 trim_to=0 media_key_timestamp=1706042607198 message_url=https://mmg.whatsapp.net/v/t62.7119- 24/40837388_880936840440595_6614025298087505420_n.enc?ccb=11- 4&oh=01_AdTJljZB140tRt24NBb__MY1vasWYI67OcpH- 47Go3qwZQ&oe=65D79140&_nc_sid=5e03e0&mms3=true media_caption=null trim_from=0 mime_type=application/vnd.openxmlformats-officedocument.wordprocessingml.document partial_media_enc_hash=null width=0 original_file_hash=null has_streaming_sidecar=0 autotransfer_retry_enabled=0 media_upload_handle=null message_row_id=310 multicast_id=null enc_file_hash=Dz0dDH2embUFVWkRxEUZUN5xVzDKGnu8sYz1Qt6gC/k= mute_video=0 page_count=1 first_scan_sidecar=null suspicious_content=0 file_length=828919 media_name=FORMATO FICHA DE INSCRIPCION sena.docx media_duration=0 chat_row_id=6 media_key=[B@1e157f6
01-23 16:27:21.562 16357 18196 E SQLiteDatabase: android.database.sqlite.SQLiteConstraintException: UNIQUE constraint failed: message_media.message_row_id (code 1555 SQLITE_CONSTRAINT_PRIMARYKEY[1555])
01-23 16:27:21.562 16357 18196 E SQLiteDatabase: at android.database.sqlite.SQLiteConnection.nativeExecuteForLastInsertedRowId(Native Method)
01-23 16:27:21.562 16357 18196 E SQLiteDatabase: at android.database.sqlite.SQLiteConnection.executeForLastInsertedRowId(SQLiteConnecti on.java:1217)
01-23 16:27:21.562 16357 18196 E SQLiteDatabase: at android.database.sqlite.SQLiteSession.executeForLastInsertedRowId(SQLiteSession.jav a:790)
01-23 16:27:21.562 16357 18196 E SQLiteDatabase: at android.database.sqlite.SQLiteStatement.executeInsert(SQLiteStatement.java:88)
01-23 16:27:21.562 16357 18196 E SQLiteDatabase: at android.database.sqlite.SQLiteDatabase.insertWithOnConflict(SQLiteDatabase.java:221 9)
01-23 16:27:21.562 16357 18196 E SQLiteDatabase: at android.database.sqlite.SQLiteDatabase.insert(SQLiteDatabase.java:2088)
01-23 16:27:21.562 16357 18196 E SQLiteDatabase: at X.2tm.A08(Unknown Source:6)
01-23 16:27:21.562 16357 18196 E SQLiteDatabase: at X.35Y.A07(Unknown Source:212)
01-23 16:27:21.562 16357 18196 E SQLiteDatabase: at X.3QF.A14(Unknown Source:470)
01-23 16:27:21.562 16357 18196 E SQLiteDatabase: at X.3gU.run(Unknown Source:982)
01-23 16:27:21.562 16357 18196 E SQLiteDatabase: at android.os.Handler.handleCallback(Handler.java:938)
01-23 16:27:21.562 16357 18196 E SQLiteDatabase: at android.os.Handler.dispatchMessage(Handler.java:99)
01-23 16:27:21.562 16357 18196 E SQLiteDatabase: at X.0zq.dispatchMessage(Unknown Source:4)
01-23 16:27:21.562 16357 18196 E SQLiteDatabase: at android.os.Looper.loop(Looper.java:246)
01-23 16:27:21.562 16357 18196 E SQLiteDatabase: at android.os.HandlerThread.run(HandlerThread.java:67)
01-23 16:27:21.563 16357 16357 E ArmVmp : Match on catch block at 0xc3 in for 0xa5
01-23 16:27:21.569 16357 16357 E ArmVmp : Match on catch block at 0xc3 in for 0xa9
01-23 16:27:21.569 16357 18196 E SQLiteDatabase: Error inserting transferred=1 media_job_uuid=8372af60-79bd-4e7c-a190-894f58d2d9bb transcoded=0 gif_attribution=0 first_scan_length=0 direct_path=/v/t62.7119- 24/40837388_880936840440595_6614025298087505420_n.enc?ccb=11- 4&oh=01_AdTJljZB140tRt24NBb__MY1vasWYI67OcpH-47Go3qwZQ&oe=65D79140&_nc_sid=5e03e0 thumbnail_height_width_ratio=0.0 is_animated_sticker=0 file_hash=oIWkDvFsFE2LVyuRCsF5qT+kixc0hXo9DonRYoUr4c8= file_path=Media/WhatsApp Documents/Sent/DOC-20240123-WA0001. file_size=828919 partial_media_hash=null face_x=0 face_y=0 height=0 trim_to=0 media_key_timestamp=1706042607198 message_url=https://mmg.whatsapp.net/v/t62.7119- 24/40837388_880936840440595_6614025298087505420_n.enc?ccb=11- 4&oh=01_AdTJljZB140tRt24NBb__MY1vasWYI67OcpH- 47Go3qwZQ&oe=65D79140&_nc_sid=5e03e0&mms3=true media_caption=null trim_from=0 mime_type=application/vnd.openxmlformats-officedocument.wordprocessingml.document partial_media_enc_hash=null width=0 original_file_hash=null has_streaming_sidecar=0 autotransfer_retry_enabled=0 media_upload_handle=null message_row_id=309 multicast_id=null enc_file_hash=Dz0dDH2embUFVWkRxEUZUN5xVzDKGnu8sYz1Qt6gC/k= mute_video=0 page_count=1 first_scan_sidecar=null suspicious_content=0 file_length=828919 media_name=FORMATO FICHA DE INSCRIPCION sena.docx media_duration=0 chat_row_id=6 media_key=[B@b0e00cd
01-23 16:27:21.569 16357 18196 E SQLiteDatabase: android.database.sqlite.SQLiteConstraintException: UNIQUE constraint failed: message_media.message_row_id (code 1555 SQLITE_CONSTRAINT_PRIMARYKEY[1555])
01-23 16:27:21.569 16357 18196 E SQLiteDatabase: at android.database.sqlite.SQLiteConnection.nativeExecuteForLastInsertedRowId(Native Method)
01-23 16:27:21.569 16357 18196 E SQLiteDatabase: at android.database.sqlite.SQLiteConnection.executeForLastInsertedRowId(SQLiteConnecti on.java:1217)
01-23 16:27:21.569 16357 18196 E SQLiteDatabase: at android.database.sqlite.SQLiteSession.executeForLastInsertedRowId(SQLiteSession.jav a:790)
01-23 16:27:21.569 16357 18196 E SQLiteDatabase: at android.database.sqlite.SQLiteStatement.executeInsert(SQLiteStatement.java:88)
01-23 16:27:21.569 16357 18196 E SQLiteDatabase: at android.database.sqlite.SQLiteDatabase.insertWithOnConflict(SQLiteDatabase.java:221 9)
01-23 16:27:21.569 16357 18196 E SQLiteDatabase: at android.database.sqlite.SQLiteDatabase.insert(SQLiteDatabase.java:2088)
01-23 16:27:21.569 16357 18196 E SQLiteDatabase: at X.2tm.A08(Unknown Source:6)
01-23 16:27:21.569 16357 18196 E SQLiteDatabase: at X.35Y.A07(Unknown Source:212)
01-23 16:27:21.569 16357 18196 E SQLiteDatabase: at X.3QF.A14(Unknown Source:470)
01-23 16:27:21.569 16357 18196 E SQLiteDatabase: at X.3gU.run(Unknown Source:982)
01-23 16:27:21.569 16357 18196 E SQLiteDatabase: at android.os.Handler.handleCallback(Handler.java:938)
01-23 16:27:21.569 16357 18196 E SQLiteDatabase: at android.os.Handler.dispatchMessage(Handler.java:99)
01-23 16:27:21.569 16357 18196 E SQLiteDatabase: at X.0zq.dispatchMessage(Unknown Source:4)
01-23 16:27:21.569 16357 18196 E SQLiteDatabase: at android.os.Looper.loop(Looper.java:246)
01-23 16:27:21.569 16357 18196 E SQLiteDatabase: at android.os.HandlerThread.run(HandlerThread.java:67)
01-23 16:27:21.595 16357 16357 E ArmVmp : Match on catch block at 0xc3 in for 0xa9
01-23 16:27:21.600 16357 16357 E ArmVmp : Match on catch block at 0xc3 in for 0xa1
01-23 16:27:21.638 16357 16357 E ArmVmp : Match on catch block at 0xc3 in for 0xa1
01-23 16:27:21.643 16357 16357 E ArmVmp : Match on catch block at 0xc3 in for 0xa5
01-23 16:27:21.661 16357 16357 E ArmVmp : Match on catch block at 0xc3 in for 0xa5
01-23 16:27:21.666 16357 16357 E ArmVmp : Match on catch block at 0xc3 in for 0xa9
01-23 16:27:21.745 16357 16357 E ArmVmp : Match on catch block at 0xc3 in for 0xa9
01-23 16:27:21.750 16357 16357 E ArmVmp : Match on catch block at 0xc3 in for 0xa1
01-23 16:27:21.761 16357 16357 E ArmVmp : Match on catch block at 0xc3 in for 0xa1
01-23 16:27:21.766 16357 16357 E ArmVmp : Match on catch block at 0xc3 in for 0xa5
01-23 16:27:21.772 16357 23583 W MediaPlayer: Use of stream types is deprecated for operations other than volume control
01-23 16:27:21.773 16357 23583 W MediaPlayer: See the documentation of setAudioStreamType() for what to use instead with android.media.AudioAttributes to qualify your playback use case
01-23 16:27:21.866 16357 18112 W MediaPlayerNative: info/warning (10973, 0)
01-23 16:27:21.913 16357 16357 E ArmVmp : Match on catch block at 0xc3 in for 0xa5
01-23 16:27:21.921 16357 16357 E ArmVmp : Match on catch block at 0xc3 in for 0xa9
01-23 16:27:21.940 16357 16357 E ArmVmp : Match on catch block at 0xc3 in for 0xa9
01-23 16:27:21.947 16357 23583 W MediaPlayer: Use of stream types is deprecated for operations other than volume control
01-23 16:27:21.947 16357 23583 W MediaPlayer: See the documentation of setAudioStreamType() for what to use instead with android.media.AudioAttributes to qualify your playback use case
01-23 16:27:21.949 16357 16357 E ArmVmp : Match on catch block at 0xc3 in for 0xa1
01-23 16:27:22.004 16357 18112 W MediaPlayerNative: info/warning (10973, 0)
01-23 16:27:22.151 16357 16357 E ArmVmp : Match on catch block at 0xc3 in for 0xa9
01-23 16:27:22.157 16357 16357 E ArmVmp : Match on catch block at 0xc3 in for 0xa1
01-23 16:27:22.200 16357 23583 W MediaPlayer: Use of stream types is deprecated for operations other than volume control
01-23 16:27:22.200 16357 23583 W MediaPlayer: See the documentation of setAudioStreamType() for what to use instead with android.media.AudioAttributes to qualify your playback use case
01-23 16:27:22.208 16357 16357 E ArmVmp : Match on catch block at 0xc3 in for 0xa9
01-23 16:27:22.215 16357 16357 E ArmVmp : Match on catch block at 0xc3 in for 0xa1
01-23 16:27:22.232 16357 18112 W MediaPlayerNative: info/warning (10973, 0)
01-23 16:27:22.472 16357 16357 E ArmVmp : Match on catch block at 0xc3 in for 0xa1
01-23 16:27:22.479 16357 16357 E ArmVmp : Match on catch block at 0xc3 in for 0xa5
01-23 16:27:22.672 16357 16357 E ArmVmp : Match on catch block at 0xc3 in for 0xa1
01-23 16:27:22.680 16357 16357 E ArmVmp : Match on catch block at 0xc3 in for 0xa5
01-23 16:27:22.806 16357 16357 E ArmVmp : Match on catch block at 0xc3 in for 0xa1
01-23 16:27:22.819 16357 16357 E ArmVmp : Match on catch block at 0xc3 in for 0xa5
01-23 16:27:22.869 16357 16357 E ArmVmp : Match on catch block at 0xc3 in for 0xa5
01-23 16:27:22.875 16357 16357 E ArmVmp : Match on catch block at 0xc3 in for 0xa9
01-23 16:27:22.896 16357 16357 E ArmVmp : Match on catch block at 0xc3 in for 0xa9
01-23 16:27:22.905 16357 16357 E ArmVmp : Match on catch block at 0xc3 in for 0xa1
01-23 16:27:22.927 16357 16357 E ArmVmp : Match on catch block at 0xc3 in for 0xa1
01-23 16:27:22.936 16357 16357 E ArmVmp : Match on catch block at 0xc3 in for 0xa5
01-23 16:27:22.958 16357 16357 E ArmVmp : Match on catch block at 0xc3 in for 0xa5
01-23 16:27:22.969 16357 16357 E ArmVmp : Match on catch block at 0xc3 in for 0xa9
01-23 16:27:22.991 16357 16357 E ArmVmp : Match on catch block at 0xc3 in for 0xa9
01-23 16:27:22.999 16357 16357 E ArmVmp : Match on catch block at 0xc3 in for 0xa1
01-23 16:27:23.029 16357 16357 E ArmVmp : Match on catch block at 0xc3 in for 0xa9
01-23 16:27:23.039 16357 16357 E ArmVmp : Match on catch block at 0xc3 in for 0xa1
01-23 16:27:23.063 16357 16357 E ArmVmp : Match on catch block at 0xc3 in for 0xa1
01-23 16:27:23.078 16357 16357 E ArmVmp : Match on catch block at 0xc3 in for 0xa5
01-23 16:27:23.107 16357 16357 E ArmVmp : Match on catch block at 0xc3 in for 0xa1
01-23 16:27:23.114 16357 16357 E ArmVmp : Match on catch block at 0xc3 in for 0xa5
01-23 16:27:23.139 16357 16357 E ArmVmp : Match on catch block at 0xc3 in for 0xa5
01-23 16:27:23.146 16357 16357 E ArmVmp : Match on catch block at 0xc3 in for 0xa9
01-23 16:27:23.191 16357 18209 W libEGL : EGLNativeWindowType 0x6eb0275010 disconnect failed
01-23 16:27:23.229 16357 18209 W libEGL : EGLNativeWindowType 0x6eb0275010 disconnect failed
01-23 16:27:23.272 16357 18209 W libEGL : EGLNativeWindowType 0x6eb0275010 disconnect failed
01-23 16:27:23.319 16357 18209 W libEGL : EGLNativeWindowType 0x6eb0275010 disconnect failed
01-23 16:27:23.366 16357 18209 W libEGL : EGLNativeWindowType 0x6eb0275010 disconnect failed
01-23 16:27:23.405 16357 18209 W libEGL : EGLNativeWindowType 0x6eb0275010 disconnect failed
01-23 16:27:23.504 16357 18209 W libEGL : EGLNativeWindowType 0x6eb0275010 disconnect failed
01-23 16:27:23.508 16357 16357 E ArmVmp : Match on catch block at 0xc3 in for 0xa9
01-23 16:27:23.515 16357 16357 E ArmVmp : Match on catch block at 0xc3 in for 0xa1
01-23 16:27:23.567 16357 18209 W libEGL : EGLNativeWindowType 0x6eb0275010 disconnect failed
01-23 16:27:23.929 16357 16357 E ArmVmp : Match on catch block at 0xc3 in for 0xa1
01-23 16:27:23.939 16357 16357 E ArmVmp : Match on catch block at 0xc3 in for 0xa5
01-23 16:27:24.266 16357 16357 E ArmVmp : Match on catch block at 0xc3 in for 0xa5
01-23 16:27:24.282 16357 16357 E ArmVmp : Match on catch block at 0xc3 in for 0xa9
01-23 16:27:24.302 16357 16357 E ArmVmp : Match on catch block at 0xc3 in for 0xa9
01-23 16:27:24.318 16357 16357 E ArmVmp : Match on catch block at 0xc3 in for 0xa1
01-23 16:27:24.352 16357 18209 W libEGL : EGLNativeWindowType 0x6eb0275010 disconnect failed
01-23 16:27:24.369 16357 16357 E ArmVmp : Match on catch block at 0xc3 in for 0xa1
01-23 16:27:24.378 16357 16357 E ArmVmp : Match on catch block at 0xc3 in for 0xa5
01-23 16:27:24.417 16357 16357 E ArmVmp : Match on catch block at 0xc3 in for 0xa5
01-23 16:27:24.425 16357 16357 E ArmVmp : Match on catch block at 0xc3 in for 0xa9
01-23 16:27:24.487 16357 16357 E ArmVmp : Match on catch block at 0xc3 in for 0xa5
01-23 16:27:24.495 16357 16357 E ArmVmp : Match on catch block at 0xc3 in for 0xa9
01-23 16:27:24.524 16357 16357 E ArmVmp : Match on catch block at 0xc3 in for 0xa9
01-23 16:27:24.532 16357 16357 E ArmVmp : Match on catch block at 0xc3 in for 0xa1
01-23 16:27:25.001 16357 16357 E ArmVmp : Match on catch block at 0xc3 in for 0xa1
01-23 16:27:25.008 16357 16357 E ArmVmp : Match on catch block at 0xc3 in for 0xa5
01-23 16:27:25.500 16357 16357 E ArmVmp : Match on catch block at 0xc3 in for 0xa5
01-23 16:27:25.515 16357 16357 E ArmVmp : Match on catch block at 0xc3 in for 0xa9
01-23 16:27:25.999 16357 16357 E ArmVmp : Match on catch block at 0xc3 in for 0xa9
01-23 16:27:26.015 16357 16357 E ArmVmp : Match on catch block at 0xc3 in for 0xa1
01-23 16:27:26.349 16357 18209 W libEGL : EGLNativeWindowType 0x6eb0275010 disconnect failed
01-23 16:27:26.513 16357 16357 E ArmVmp : Match on catch block at 0xc3 in for 0xa9
01-23 16:27:26.520 16357 16357 E ArmVmp : Match on catch block at 0xc3 in for 0xa1
01-23 16:27:27.012 16357 16357 E ArmVmp : Match on catch block at 0xc3 in for 0xa1
01-23 16:27:27.025 16357 16357 E ArmVmp : Match on catch block at 0xc3 in for 0xa5
01-23 16:27:27.513 16357 16357 E ArmVmp : Match on catch block at 0xc3 in for 0xa5
01-23 16:27:27.525 16357 16357 E ArmVmp : Match on catch block at 0xc3 in for 0xa9
01-23 16:27:28.010 16357 16357 E ArmVmp : Match on catch block at 0xc3 in for 0xa9
01-23 16:27:28.017 16357 16357 E ArmVmp : Match on catch block at 0xc3 in for 0xa1
01-23 16:27:28.378 16357 18209 W libEGL : EGLNativeWindowType 0x6eb0275010 disconnect failed
01-23 16:27:28.531 16357 16357 E ArmVmp : Match on catch block at 0xc3 in for 0xa9
01-23 16:27:28.537 16357 16357 E ArmVmp : Match on catch block at 0xc3 in for 0xa1
01-23 16:27:29.026 16357 16357 E ArmVmp : Match on catch block at 0xc3 in for 0xa1
01-23 16:27:29.035 16357 16357 E ArmVmp : Match on catch block at 0xc3 in for 0xa5
01-23 16:27:29.531 16357 16357 E ArmVmp : Match on catch block at 0xc3 in for 0xa5
01-23 16:27:29.546 16357 16357 E ArmVmp : Match on catch block at 0xc3 in for 0xa9
01-23 16:27:30.030 16357 16357 E ArmVmp : Match on catch block at 0xc3 in for 0xa9
01-23 16:27:30.045 16357 16357 E ArmVmp : Match on catch block at 0xc3 in for 0xa1
01-23 16:27:30.401 16357 18209 W libEGL : EGLNativeWindowType 0x6eb0275010 disconnect failed
01-23 16:27:30.543 16357 16357 E ArmVmp : Match on catch block at 0xc3 in for 0xa9
01-23 16:27:30.553 16357 16357 E ArmVmp : Match on catch block at 0xc3 in for 0xa1
01-23 16:27:31.042 16357 16357 E ArmVmp : Match on catch block at 0xc3 in for 0xa1
01-23 16:27:31.050 16357 16357 E ArmVmp : Match on catch block at 0xc3 in for 0xa5
01-23 16:27:31.546 16357 16357 E ArmVmp : Match on catch block at 0xc3 in for 0xa5
01-23 16:27:31.560 16357 16357 E ArmVmp : Match on catch block at 0xc3 in for 0xa9
01-23 16:27:32.045 16357 16357 E ArmVmp : Match on catch block at 0xc3 in for 0xa9
01-23 16:27:32.060 16357 16357 E ArmVmp : Match on catch block at 0xc3 in for 0xa1
01-23 16:27:32.428 16357 18209 W libEGL : EGLNativeWindowType 0x6eb0275010 disconnect failed
01-23 16:27:32.564 16357 16357 E ArmVmp : Match on catch block at 0xc3 in for 0xa9
01-23 16:27:32.572 16357 16357 E ArmVmp : Match on catch block at 0xc3 in for 0xa1
01-23 16:27:33.073 16357 16357 E ArmVmp : Match on catch block at 0xc3 in for 0xa1
01-23 16:27:33.081 16357 16357 E ArmVmp : Match on catch block at 0xc3 in for 0xa5
01-23 16:27:33.578 16357 16357 E ArmVmp : Match on catch block at 0xc3 in for 0xa5
01-23 16:27:33.593 16357 16357 E ArmVmp : Match on catch block at 0xc3 in for 0xa9
01-23 16:27:34.079 16357 16357 E ArmVmp : Match on catch block at 0xc3 in for 0xa9
01-23 16:27:34.095 16357 16357 E ArmVmp : Match on catch block at 0xc3 in for 0xa1
01-23 16:27:34.484 16357 18209 W libEGL : EGLNativeWindowType 0x6eb0275010 disconnect failed
01-23 16:27:34.574 16357 16357 E ArmVmp : Match on catch block at 0xc3 in for 0xa1
01-23 16:27:34.582 16357 16357 E ArmVmp : Match on catch block at 0xc3 in for 0xa5
01-23 16:27:35.072 16357 16357 E ArmVmp : Match on catch block at 0xc3 in for 0xa5
01-23 16:27:35.079 16357 16357 E ArmVmp : Match on catch block at 0xc3 in for 0xa9
01-23 16:27:35.576 16357 16357 E ArmVmp : Match on catch block at 0xc3 in for 0xa9
01-23 16:27:35.591 16357 16357 E ArmVmp : Match on catch block at 0xc3 in for 0xa1
01-23 16:27:36.072 16357 16357 E ArmVmp : Match on catch block at 0xc3 in for 0xa1
01-23 16:27:36.078 16357 16357 E ArmVmp : Match on catch block at 0xc3 in for 0xa5
01-23 16:27:36.588 16357 16357 E ArmVmp : Match on catch block at 0xc3 in for 0xa5
01-23 16:27:36.601 16357 16357 E ArmVmp : Match on catch block at 0xc3 in for 0xa9
01-23 16:27:37.090 16357 16357 E ArmVmp : Match on catch block at 0xc3 in for 0xa9
01-23 16:27:37.102 16357 16357 E ArmVmp : Match on catch block at 0xc3 in for 0xa1
01-23 16:27:37.589 16357 16357 E ArmVmp : Match on catch block at 0xc3 in for 0xa1
01-23 16:27:37.601 16357 16357 E ArmVmp : Match on catch block at 0xc3 in for 0xa5
01-23 16:27:38.092 16357 16357 E ArmVmp : Match on catch block at 0xc3 in for 0xa5
01-23 16:27:38.107 16357 16357 E ArmVmp : Match on catch block at 0xc3 in for 0xa9
01-23 16:27:38.587 16357 16357 E ArmVmp : Match on catch block at 0xc3 in for 0xa9
01-23 16:27:38.605 16357 16357 E ArmVmp : Match on catch block at 0xc3 in for 0xa1
01-23 16:27:39.086 16357 16357 E ArmVmp : Match on catch block at 0xc3 in for 0xa1
01-23 16:27:39.094 16357 16357 E ArmVmp : Match on catch block at 0xc3 in for 0xa5
01-23 16:27:39.600 16357 16357 E ArmVmp : Match on catch block at 0xc3 in for 0xa5
01-23 16:27:39.607 16357 16357 E ArmVmp : Match on catch block at 0xc3 in for 0xa9
01-23 16:27:39.622 16357 16357 E ArmVmp : Match on catch block at 0xc3 in for 0xa9
01-23 16:27:39.630 16357 16357 E ArmVmp : Match on catch block at 0xc3 in for 0xa1
01-23 16:27:39.643 16357 16357 E ArmVmp : Match on catch block at 0xc3 in for 0xa1
01-23 16:27:39.650 16357 16357 E ArmVmp : Match on catch block at 0xc3 in for 0xa5
01-23 16:27:39.666 16357 16357 E ArmVmp : Match on catch block at 0xc3 in for 0xa5
01-23 16:27:39.674 16357 16357 E ArmVmp : Match on catch block at 0xc3 in for 0xa9
01-23 16:27:39.684 16357 16357 E ArmVmp : Match on catch block at 0xc3 in for 0xa9
01-23 16:27:39.690 16357 16357 E ArmVmp : Match on catch block at 0xc3 in for 0xa1
01-23 16:27:39.701 16357 16357 E ArmVmp : Match on catch block at 0xc3 in for 0xa1
01-23 16:27:39.708 16357 16357 E ArmVmp : Match on catch block at 0xc3 in for 0xa5
01-23 16:27:39.717 16357 16357 E ArmVmp : Match on catch block at 0xc3 in for 0xa5
01-23 16:27:39.725 16357 16357 E ArmVmp : Match on catch block at 0xc3 in for 0xa9
01-23 16:27:39.734 16357 16357 E ArmVmp : Match on catch block at 0xc3 in for 0xa9
01-23 16:27:39.741 16357 16357 E ArmVmp : Match on catch block at 0xc3 in for 0xa1
01-23 16:27:39.751 16357 16357 E ArmVmp : Match on catch block at 0xc3 in for 0xa1
01-23 16:27:39.758 16357 16357 E ArmVmp : Match on catch block at 0xc3 in for 0xa5
01-23 16:27:39.768 16357 16357 E ArmVmp : Match on catch block at 0xc3 in for 0xa5
01-23 16:27:39.776 16357 16357 E ArmVmp : Match on catch block at 0xc3 in for 0xa9
01-23 16:27:39.787 16357 16357 E ArmVmp : Match on catch block at 0xc3 in for 0xa9
01-23 16:27:39.793 16357 16357 E ArmVmp : Match on catch block at 0xc3 in for 0xa1
01-23 16:27:39.803 16357 16357 E ArmVmp : Match on catch block at 0xc3 in for 0xa1
01-23 16:27:39.809 16357 16357 E ArmVmp : Match on catch block at 0xc3 in for 0xa5
01-23 16:27:39.822 16357 16357 E ArmVmp : Match on catch block at 0xc3 in for 0xa5
01-23 16:27:39.828 16357 16357 E ArmVmp : Match on catch block at 0xc3 in for 0xa9
01-23 16:27:39.837 16357 16357 E ArmVmp : Match on catch block at 0xc3 in for 0xa9
01-23 16:27:39.844 16357 16357 E ArmVmp : Match on catch block at 0xc3 in for 0xa1
01-23 16:27:39.854 16357 16357 E ArmVmp : Match on catch block at 0xc3 in for 0xa1
01-23 16:27:39.861 16357 16357 E ArmVmp : Match on catch block at 0xc3 in for 0xa5
01-23 16:27:39.874 16357 16357 E ArmVmp : Match on catch block at 0xc3 in for 0xa5
01-23 16:27:39.881 16357 16357 E ArmVmp : Match on catch block at 0xc3 in for 0xa9
01-23 16:27:39.899 16357 16357 E ArmVmp : Match on catch block at 0xc3 in for 0xa9
01-23 16:27:39.908 16357 16357 E ArmVmp : Match on catch block at 0xc3 in for 0xa1
01-23 16:27:39.917 16357 16357 E ArmVmp : Match on catch block at 0xc3 in for 0xa1
01-23 16:27:39.926 16357 16357 E ArmVmp : Match on catch block at 0xc3 in for 0xa5
01-23 16:27:39.935 16357 16357 E ArmVmp : Match on catch block at 0xc3 in for 0xa5
01-23 16:27:39.944 16357 16357 E ArmVmp : Match on catch block at 0xc3 in for 0xa9
01-23 16:27:40.139 16357 16357 E ArmVmp : Match on catch block at 0xc3 in for 0xa9
01-23 16:27:40.155 16357 16357 E ArmVmp : Match on catch block at 0xc3 in for 0xa1
01-23 16:27:40.640 16357 16357 E ArmVmp : Match on catch block at 0xc3 in for 0xa1
01-23 16:27:40.655 16357 16357 E ArmVmp : Match on catch block at 0xc3 in for 0xa5
01-23 16:27:41.139 16357 16357 E ArmVmp : Match on catch block at 0xc3 in for 0xa5
01-23 16:27:41.155 16357 16357 E ArmVmp : Match on catch block at 0xc3 in for 0xa9
01-23 16:27:41.204 16357 16357 E ArmVmp : Match on catch block at 0xc3 in for 0xa9
01-23 16:27:41.222 16357 16357 E ArmVmp : Match on catch block at 0xc3 in for 0xa1
01-23 16:27:41.236 16357 16357 E ArmVmp : Match on catch block at 0xc3 in for 0xa1
01-23 16:27:41.245 16357 16357 E ArmVmp : Match on catch block at 0xc3 in for 0xa5
01-23 16:27:41.258 16357 16357 E ArmVmp : Match on catch block at 0xc3 in for 0xa5
01-23 16:27:41.267 16357 16357 E ArmVmp : Match on catch block at 0xc3 in for 0xa9
01-23 16:27:41.284 16357 16357 E ArmVmp : Match on catch block at 0xc3 in for 0xa9
01-23 16:27:41.293 16357 16357 E ArmVmp : Match on catch block at 0xc3 in for 0xa1
01-23 16:27:41.303 16357 16357 E ArmVmp : Match on catch block at 0xc3 in for 0xa1
01-23 16:27:41.310 16357 16357 E ArmVmp : Match on catch block at 0xc3 in for 0xa5
01-23 16:27:41.322 16357 16357 E ArmVmp : Match on catch block at 0xc3 in for 0xa5
01-23 16:27:41.329 16357 16357 E ArmVmp : Match on catch block at 0xc3 in for 0xa9
01-23 16:27:41.339 16357 16357 E ArmVmp : Match on catch block at 0xc3 in for 0xa9
01-23 16:27:41.347 16357 16357 E ArmVmp : Match on catch block at 0xc3 in for 0xa1
01-23 16:27:41.356 16357 16357 E ArmVmp : Match on catch block at 0xc3 in for 0xa1
01-23 16:27:41.363 16357 16357 E ArmVmp : Match on catch block at 0xc3 in for 0xa5
01-23 16:27:41.372 16357 16357 E ArmVmp : Match on catch block at 0xc3 in for 0xa5
01-23 16:27:41.379 16357 16357 E ArmVmp : Match on catch block at 0xc3 in for 0xa9
01-23 16:27:41.387 16357 16357 E ArmVmp : Match on catch block at 0xc3 in for 0xa9
01-23 16:27:41.395 16357 16357 E ArmVmp : Match on catch block at 0xc3 in for 0xa1
01-23 16:27:41.404 16357 16357 E ArmVmp : Match on catch block at 0xc3 in for 0xa1
01-23 16:27:41.410 16357 16357 E ArmVmp : Match on catch block at 0xc3 in for 0xa5
01-23 16:27:41.418 16357 16357 E ArmVmp : Match on catch block at 0xc3 in for 0xa5
01-23 16:27:41.425 16357 16357 E ArmVmp : Match on catch block at 0xc3 in for 0xa9
01-23 16:27:41.434 16357 16357 E ArmVmp : Match on catch block at 0xc3 in for 0xa9
01-23 16:27:41.441 16357 16357 E ArmVmp : Match on catch block at 0xc3 in for 0xa1
01-23 16:27:41.451 16357 16357 E ArmVmp : Match on catch block at 0xc3 in for 0xa1
01-23 16:27:41.458 16357 16357 E ArmVmp : Match on catch block at 0xc3 in for 0xa5
01-23 16:27:41.638 16357 16357 E ArmVmp : Match on catch block at 0xc3 in for 0xa5
01-23 16:27:41.654 16357 16357 E ArmVmp : Match on catch block at 0xc3 in for 0xa9
01-23 16:27:42.133 16357 16357 E ArmVmp : Match on catch block at 0xc3 in for 0xa9
01-23 16:27:42.141 16357 16357 E ArmVmp : Match on catch block at 0xc3 in for 0xa1
01-23 16:27:42.637 16357 16357 E ArmVmp : Match on catch block at 0xc3 in for 0xa1
01-23 16:27:42.653 16357 16357 E ArmVmp : Match on catch block at 0xc3 in for 0xa5
01-23 16:27:43.137 16357 16357 E ArmVmp : Match on catch block at 0xc3 in for 0xa5
01-23 16:27:43.154 16357 16357 E ArmVmp : Match on catch block at 0xc3 in for 0xa9
01-23 16:27:43.654 16357 16357 E ArmVmp : Match on catch block at 0xc3 in for 0xa9
01-23 16:27:43.665 16357 16357 E ArmVmp : Match on catch block at 0xc3 in for 0xa1
01-23 16:27:44.152 16357 16357 E ArmVmp : Match on catch block at 0xc3 in for 0xa1
01-23 16:27:44.164 16357 16357 E ArmVmp : Match on catch block at 0xc3 in for 0xa5
01-23 16:27:44.653 16357 16357 E ArmVmp : Match on catch block at 0xc3 in for 0xa5
01-23 16:27:44.664 16357 16357 E ArmVmp : Match on catch block at 0xc3 in for 0xa9
01-23 16:27:45.152 16357 16357 E ArmVmp : Match on catch block at 0xc3 in for 0xa9
01-23 16:27:45.169 16357 16357 E ArmVmp : Match on catch block at 0xc3 in for 0xa1
01-23 16:27:45.648 16357 16357 E ArmVmp : Match on catch block at 0xc3 in for 0xa1
01-23 16:27:45.655 16357 16357 E ArmVmp : Match on catch block at 0xc3 in for 0xa5
01-23 16:27:46.147 16357 16357 E ArmVmp : Match on catch block at 0xc3 in for 0xa5
01-23 16:27:46.156 16357 16357 E ArmVmp : Match on catch block at 0xc3 in for 0xa9
01-23 16:27:46.647 16357 16357 E ArmVmp : Match on catch block at 0xc3 in for 0xa9
01-23 16:27:46.655 16357 16357 E ArmVmp : Match on catch block at 0xc3 in for 0xa1
01-23 16:27:47.146 16357 16357 E ArmVmp : Match on catch block at 0xc3 in for 0xa1
01-23 16:27:47.151 16357 16357 E ArmVmp : Match on catch block at 0xc3 in for 0xa5
01-23 16:27:47.666 16357 16357 E ArmVmp : Match on catch block at 0xc3 in for 0xa5
01-23 16:27:47.677 16357 16357 E ArmVmp : Match on catch block at 0xc3 in for 0xa9
01-23 16:27:48.165 16357 16357 E ArmVmp : Match on catch block at 0xc3 in for 0xa9
01-23 16:27:48.177 16357 16357 E ArmVmp : Match on catch block at 0xc3 in for 0xa1
01-23 16:27:48.661 16357 16357 E ArmVmp : Match on catch block at 0xc3 in for 0xa1
01-23 16:27:48.667 16357 16357 E ArmVmp : Match on catch block at 0xc3 in for 0xa5
01-23 16:27:49.165 16357 16357 E ArmVmp : Match on catch block at 0xc3 in for 0xa5
01-23 16:27:49.177 16357 16357 E ArmVmp : Match on catch block at 0xc3 in for 0xa9
01-23 16:27:49.666 16357 16357 E ArmVmp : Match on catch block at 0xc3 in for 0xa9
01-23 16:27:49.680 16357 16357 E ArmVmp : Match on catch block at 0xc3 in for 0xa1
01-23 16:27:50.165 16357 16357 E ArmVmp : Match on catch block at 0xc3 in for 0xa1
01-23 16:27:50.179 16357 16357 E ArmVmp : Match on catch block at 0xc3 in for 0xa5
01-23 16:27:50.665 16357 16357 E ArmVmp : Match on catch block at 0xc3 in for 0xa5
01-23 16:27:50.681 16357 16357 E ArmVmp : Match on catch block at 0xc3 in for 0xa9
01-23 16:27:51.161 16357 16357 E ArmVmp : Match on catch block at 0xc3 in for 0xa9
01-23 16:27:51.170 16357 16357 E ArmVmp : Match on catch block at 0xc3 in for 0xa1
01-23 16:27:51.665 16357 16357 E ArmVmp : Match on catch block at 0xc3 in for 0xa1
01-23 16:27:51.681 16357 16357 E ArmVmp : Match on catch block at 0xc3 in for 0xa5
01-23 16:27:52.181 16357 16357 E ArmVmp : Match on catch block at 0xc3 in for 0xa5
01-23 16:27:52.196 16357 16357 E ArmVmp : Match on catch block at 0xc3 in for 0xa9
01-23 16:27:52.681 16357 16357 E ArmVmp : Match on catch block at 0xc3 in for 0xa9
01-23 16:27:52.688 16357 16357 E ArmVmp : Match on catch block at 0xc3 in for 0xa1
01-23 16:27:53.180 16357 16357 E ArmVmp : Match on catch block at 0xc3 in for 0xa1
01-23 16:27:53.195 16357 16357 E ArmVmp : Match on catch block at 0xc3 in for 0xa5
01-23 16:27:53.680 16357 16357 E ArmVmp : Match on catch block at 0xc3 in for 0xa5
01-23 16:27:53.687 16357 16357 E ArmVmp : Match on catch block at 0xc3 in for 0xa9
01-23 16:27:54.114 16357 16357 E ArmVmp : Match on catch block at 0xc3 in for 0xa9
01-23 16:27:54.121 16357 16357 E ArmVmp : Match on catch block at 0xc3 in for 0xa1
01-23 16:27:54.184 16357 16357 E ArmVmp : Match on catch block at 0xc3 in for 0xa9
01-23 16:27:54.190 16357 16357 E ArmVmp : Match on catch block at 0xc3 in for 0xa1
01-23 16:27:54.225 16357 16357 E ArmVmp : Match on catch block at 0xc3 in for 0xa1
01-23 16:27:54.233 16357 16357 E ArmVmp : Match on catch block at 0xc3 in for 0xa5
01-23 16:27:54.296 16357 16357 E ArmVmp : Match on catch block at 0xc3 in for 0xa1
01-23 16:27:54.303 16357 16357 E ArmVmp : Match on catch block at 0xc3 in for 0xa5
01-23 16:27:54.331 16357 16357 E ArmVmp : Match on catch block at 0xc3 in for 0xa5
01-23 16:27:54.338 16357 16357 E ArmVmp : Match on catch block at 0xc3 in for 0xa9
01-23 16:27:54.363 16357 16357 E ArmVmp : Match on catch block at 0xc3 in for 0xa9
01-23 16:27:54.369 16357 16357 E ArmVmp : Match on catch block at 0xc3 in for 0xa1
01-23 16:27:54.391 16357 16357 E ArmVmp : Match on catch block at 0xc3 in for 0xa1
01-23 16:27:54.401 16357 16357 E ArmVmp : Match on catch block at 0xc3 in for 0xa5
01-23 16:27:54.424 16357 16357 E ArmVmp : Match on catch block at 0xc3 in for 0xa5
01-23 16:27:54.431 16357 16357 E ArmVmp : Match on catch block at 0xc3 in for 0xa9
01-23 16:27:54.499 16357 16357 E ArmVmp : Match on catch block at 0xc3 in for 0xa9
01-23 16:27:54.511 16357 16357 E ArmVmp : Match on catch block at 0xc3 in for 0xa1
01-23 16:27:54.727 16357 16357 E ArmVmp : Match on catch block at 0xc3 in for 0xa1
01-23 16:27:54.737 16357 16357 E ArmVmp : Match on catch block at 0xc3 in for 0xa5
01-23 16:27:54.955 16357 18209 W libEGL : EGLNativeWindowType 0x6f202a2010 disconnect failed
01-23 16:27:55.020 16357 18209 W libEGL : EGLNativeWindowType 0x6f202a2010 disconnect failed
01-23 16:27:55.066 16357 18209 W libEGL : EGLNativeWindowType 0x6f202a2010 disconnect failed
01-23 16:27:55.111 16357 18209 W libEGL : EGLNativeWindowType 0x6f202a2010 disconnect failed
01-23 16:27:55.148 16357 18209 W libEGL : EGLNativeWindowType 0x6f202a2010 disconnect failed
01-23 16:27:55.188 16357 18209 W libEGL : EGLNativeWindowType 0x6f202a2010 disconnect failed
01-23 16:27:55.227 16357 18209 W libEGL : EGLNativeWindowType 0x6f202a2010 disconnect failed
01-23 16:27:55.246 16357 16357 E ArmVmp : Match on catch block at 0xc3 in for 0xa5
01-23 16:27:55.252 16357 16357 E ArmVmp : Match on catch block at 0xc3 in for 0xa9
01-23 16:27:55.707 16357 16357 E ArmVmp : Match on catch block at 0xc3 in for 0xa9
01-23 16:27:55.714 16357 16357 E ArmVmp : Match on catch block at 0xc3 in for 0xa1
01-23 16:27:55.733 16357 16357 E ArmVmp : Match on catch block at 0xc3 in for 0xa1
01-23 16:27:55.741 16357 16357 E ArmVmp : Match on catch block at 0xc3 in for 0xa5
01-23 16:27:55.758 16357 16357 E ArmVmp : Match on catch block at 0xc3 in for 0xa5
01-23 16:27:55.766 16357 16357 E ArmVmp : Match on catch block at 0xc3 in for 0xa9
01-23 16:27:55.776 16357 16357 E ArmVmp : Match on catch block at 0xc3 in for 0xa9
01-23 16:27:55.784 16357 16357 E ArmVmp : Match on catch block at 0xc3 in for 0xa1
01-23 16:27:55.796 16357 16357 E ArmVmp : Match on catch block at 0xc3 in for 0xa1
01-23 16:27:55.803 16357 16357 E ArmVmp : Match on catch block at 0xc3 in for 0xa5
01-23 16:27:55.817 16357 16357 E ArmVmp : Match on catch block at 0xc3 in for 0xa5
01-23 16:27:55.828 16357 16357 E ArmVmp : Match on catch block at 0xc3 in for 0xa9
01-23 16:27:55.841 16357 16357 E ArmVmp : Match on catch block at 0xc3 in for 0xa9
01-23 16:27:55.848 16357 16357 E ArmVmp : Match on catch block at 0xc3 in for 0xa1
01-23 16:27:55.859 16357 16357 E ArmVmp : Match on catch block at 0xc3 in for 0xa1
01-23 16:27:55.867 16357 16357 E ArmVmp : Match on catch block at 0xc3 in for 0xa5
01-23 16:27:55.875 16357 16357 E ArmVmp : Match on catch block at 0xc3 in for 0xa5
01-23 16:27:55.882 16357 16357 E ArmVmp : Match on catch block at 0xc3 in for 0xa9
01-23 16:27:55.892 16357 16357 E ArmVmp : Match on catch block at 0xc3 in for 0xa9
01-23 16:27:55.899 16357 16357 E ArmVmp : Match on catch block at 0xc3 in for 0xa1
01-23 16:27:55.909 16357 16357 E ArmVmp : Match on catch block at 0xc3 in for 0xa1
01-23 16:27:55.915 16357 16357 E ArmVmp : Match on catch block at 0xc3 in for 0xa5
01-23 16:27:55.926 16357 16357 E ArmVmp : Match on catch block at 0xc3 in for 0xa5
01-23 16:27:55.933 16357 16357 E ArmVmp : Match on catch block at 0xc3 in for 0xa9
01-23 16:27:55.940 16357 16357 E ArmVmp : Match on catch block at 0xc3 in for 0xa9
01-23 16:27:55.949 16357 16357 E ArmVmp : Match on catch block at 0xc3 in for 0xa1
01-23 16:27:55.959 16357 16357 E ArmVmp : Match on catch block at 0xc3 in for 0xa1
01-23 16:27:55.965 16357 16357 E ArmVmp : Match on catch block at 0xc3 in for 0xa5
