01-07 11:40:39.960 31042 31042 W System.err: at android.view.ViewRootImpl$WindowInputEventReceiver.onInputEvent(ViewRootImpl.java:9 455)
01-07 11:40:39.960 31042 31042 W System.err: at android.view.InputEventReceiver.dispatchInputEvent(InputEventReceiver.java:259)
01-07 11:40:39.960 31042 31042 W System.err: at android.view.InputEventReceiver.nativeConsumeBatchedInputEvents(Native Method)
01-07 11:40:39.960 31042 31042 W System.err: at android.view.InputEventReceiver.consumeBatchedInputEvents(InputEventReceiver.java:2 39)
01-07 11:40:39.960 31042 31042 W System.err: at android.view.ViewRootImpl.doConsumeBatchedInput(ViewRootImpl.java:9396)
01-07 11:40:39.960 31042 31042 W System.err: at android.view.ViewRootImpl$ConsumeBatchedInputRunnable.run(ViewRootImpl.java:9547)
01-07 11:40:39.960 31042 31042 W System.err: at android.view.Choreographer$CallbackRecord.run(Choreographer.java:1218)
01-07 11:40:39.960 31042 31042 W System.err: at android.view.Choreographer.doCallbacks(Choreographer.java:972)
01-07 11:40:39.960 31042 31042 W System.err: at android.view.ChoreographerExtImpl.checkScrollOptSceneEnable(ChoreographerExtImpl.ja va:311)
01-07 11:40:39.960 31042 31042 W System.err: at android.view.Choreographer.doFrame(Choreographer.java:859)
01-07 11:40:39.960 31042 31042 W System.err: at android.view.Choreographer$FrameDisplayEventReceiver.run(Choreographer.java:1203)
01-07 11:40:39.960 31042 31042 W System.err: at android.os.Handler.handleCallback(Handler.java:938)
01-07 11:40:39.960 31042 31042 W System.err: at android.os.Handler.dispatchMessage(Handler.java:99)
01-07 11:40:39.960 31042 31042 W System.err: at android.os.Looper.loopOnce(Looper.java:233)
01-07 11:40:39.960 31042 31042 W System.err: at android.os.Looper.loop(Looper.java:344)
01-07 11:40:39.960 31042 31042 W System.err: at android.app.ActivityThread.main(ActivityThread.java:8205)
01-07 11:40:39.960 31042 31042 W System.err: at java.lang.reflect.Method.invoke(Native Method)
01-07 11:40:39.960 31042 31042 W System.err: at com.android.internal.os.RuntimeInit$MethodAndArgsCaller.run(RuntimeInit.java:589)
01-07 11:40:39.960 31042 31042 W System.err: at com.android.internal.os.ZygoteInit.main(ZygoteInit.java:1071)
01-07 11:40:40.677 31042 31042 V AutofillManager: requestHideFillUi(null): anchor = null
01-07 11:40:40.785 31042 31042 E UMLog : ┌───────────────────问题────────── ───────────────────────────────────────────────── ──────────────────
01-07 11:40:40.785 31042 31042 E UMLog : │ 对于页面 UpResourceChooseFragment,onPageStart 和 onPageEnd 调用对的参数不一致。
01-07 11:40:40.785 31042 31042 E UMLog : ├───────────────────解决方案──────── ───────────────────────────────────────────────── ────────────────────
01-07 11:40:40.785 31042 31042 E UMLog : │ 对于同一个页面,请先调用 onPageStart, 再调用 onPageEnd。详见链接 https://developer.umeng.com/docs/66632/detail/66975? um_channel=sdk
01-07 11:40:40.785 31042 31042 E UMLog : └────────────────────────────────────────────────────────────────────────────────── ──────────────────────────────
01-07 11:40:40.785 31042 31042 E UMLog : ┌───────────────────问题────────── ───────────────────────────────────────────────── ──────────────────
01-07 11:40:40.785 31042 31042 E UMLog : │ 对于页面 HomeNormalMoreGameListFragment,onPageStart 和 onPageEnd 调用对的参数不一致。
01-07 11:40:40.785 31042 31042 E UMLog : ├───────────────────解决方案──────── ───────────────────────────────────────────────── ────────────────────
01-07 11:40:40.785 31042 31042 E UMLog : │ 对于同一个页面,请先调用 onPageStart, 再调用 onPageEnd。详见链接 https://developer.umeng.com/docs/66632/detail/66975? um_channel=sdk
01-07 11:40:40.785 31042 31042 E UMLog : └────────────────────────────────────────────────────────────────────────────────── ──────────────────────────────
01-07 11:40:40.785 31042 31042 E UMLog : ┌───────────────────问题────────── ───────────────────────────────────────────────── ──────────────────
01-07 11:40:40.785 31042 31042 E UMLog : │ 对于页面 NewLRankFragment,onPageStart 和 onPageEnd 调用对的参数不一致。
01-07 11:40:40.785 31042 31042 E UMLog : ├───────────────────解决方案──────── ───────────────────────────────────────────────── ────────────────────
01-07 11:40:40.785 31042 31042 E UMLog : │ 对于同一个页面,请先调用 onPageStart, 再调用 onPageEnd。详见链接 https://developer.umeng.com/docs/66632/detail/66975? um_channel=sdk
01-07 11:40:40.785 31042 31042 E UMLog : └────────────────────────────────────────────────────────────────────────────────── ──────────────────────────────
01-07 11:40:40.792 31042 31652 D libMEOW : meow new tls: 0xb596f480
01-07 11:40:40.792 31042 31652 D libMEOW : applied 1 plugins for [com.upgadata.up7723]:
01-07 11:40:40.792 31042 31652 D libMEOW : plugin 1: [libMEOW_gift.so]:
01-07 11:40:40.792 31042 31652 D libMEOW : meow delete tls: 0xb596f480
01-07 11:40:40.796 31042 31230 W SQLiteLog: (28) double-quoted string literal: "
01-07 11:40:40.796 31042 31230 W SQLiteLog: (28) double-quoted string literal: "739F621E987AF04DC15D7BB2A75A0CA3"
01-07 11:40:40.805 31042 31042 I oplus.android.OplusFrameworkFactoryImpl: get feature:IOplusDynamicVsyncFeature
01-07 11:40:40.805 31042 31042 I oplus.android.OplusFrameworkFactoryImpl: get feature:IOplusDynamicVsyncFeature
01-07 11:40:40.805 31042 31042 I oplus.android.OplusFrameworkFactoryImpl: get feature:IOplusDynamicVsyncFeature
01-07 11:40:40.839 31042 31042 V TextView: notifyAutoFillManagerAfterTextChanged
01-07 11:40:40.839 31042 31042 V AutofillManager: notifyValueChanged(1073741824): ignoring on state UNKNOWN
01-07 11:40:40.840 31042 31042 I oplus.android.OplusFrameworkFactoryImpl: get feature:IOplusDynamicVsyncFeature
01-07 11:40:40.840 31042 31042 I oplus.android.OplusFrameworkFactoryImpl: get feature:IOplusDynamicVsyncFeature
01-07 11:40:40.840 31042 31042 I oplus.android.OplusFrameworkFactoryImpl: get feature:IOplusDynamicVsyncFeature
01-07 11:40:40.841 31042 31042 V TextView: notifyAutoFillManagerAfterTextChanged
01-07 11:40:40.841 31042 31042 V AutofillManager: notifyValueChanged(1073741825): ignoring on state UNKNOWN
01-07 11:40:40.841 31042 31042 V TextView: notifyAutoFillManagerAfterTextChanged
01-07 11:40:40.841 31042 31042 V AutofillManager: notifyValueChanged(1073741825): ignoring on state UNKNOWN
01-07 11:40:40.846 31042 31042 I crashsdk: Unexp log not enabled, skip update unexp info!
01-07 11:40:40.848 31042 31042 E MyComponentDelegate: time1697782742804
01-07 11:40:40.850 31042 31042 D WindowManager: Add to mViews: DecorView@c7b1cf0[UpTalkDetailActivity],pkg= com.upgadata.up7723
01-07 11:40:40.850 31042 31042 D ViewRootImpl[UpTalkDetailActivity]: hardware acceleration = true, sRendererEnabled = true, forceHwAccelerated = false
01-07 11:40:40.854 31042 31230 D MobclickAgent: 延续上一个会话: 739F621E987AF04DC15D7BB2A75A0CA3
01-07 11:40:40.856 31042 31230 W SQLiteLog: (28) double-quoted string literal: "739F621E987AF04DC15D7BB2A75A0CA3"
01-07 11:40:40.856 31042 31230 W SQLiteLog: (28) double-quoted string literal: ""
01-07 11:40:40.856 31042 31230 W SQLiteLog: (28) double-quoted string literal: "739F621E987AF04DC15D7BB2A75A0CA3"
01-07 11:40:40.857 31042 31230 W SQLiteLog: (28) double-quoted string literal: "-1"
01-07 11:40:40.857 31042 31230 D UMLog : 当前发送策略为:启动时发送。详见链接 https://developer.umeng.com/docs/66632/detail/66976?um_channel=sdk
01-07 11:40:40.864 31042 31042 I BufferQueueConsumer: [](id:794200000006,api:0,p:- 1,c:31042) connect: controlledByApp=false
01-07 11:40:40.865 31042 31042 I BLASTBufferQueue: [ViewRootImpl[com.upgadata.up7723/com.upgadata.up7723.game.uptalk.UpTalkDetailActiv ity]#6] constructor()
01-07 11:40:40.865 31042 31042 V OplusZoomWindowDecorViewHelper: setLastReportedMergedConfiguration mZoomDisplayHeight: 1612 getDecorView.209394928
01-07 11:40:40.865 31042 31256 I BufferQueueProducer: [ViewRootImpl[com.upgadata.up7723/com.upgadata.up7723.game.uptalk.UpTalkDetailActiv ity]#6(BLAST Consumer)6](id:794200000006,api:1,p:31042,c:31042) connect: api=1 producerControlledByApp=true
01-07 11:40:40.869 31042 31073 D SurfaceComposerClient: VRR [FRTC] client handle [bufferId:18446744073709551615 framenumber:0] [ffffffff, ffffffff]
01-07 11:40:40.941 31042 31075 E BLASTBufferQueue: [ViewRootImpl[com.upgadata.up7723/com.upgadata.up7723.game.uptalk.UpTalkDetailActiv ity]#6](f:0,a:2) isEGL=1, mPendingRelease.size()=1, mMaxAcquiredBuffers=4, currentMaxAcquiredBufferCount=2
01-07 11:40:40.991 31042 31075 E BLASTBufferQueue: [ViewRootImpl[com.upgadata.up7723/com.upgadata.up7723.game.uptalk.UpTalkDetailActiv ity]#6](f:0,a:3) isEGL=1, mPendingRelease.size()=2, mMaxAcquiredBuffers=4, currentMaxAcquiredBufferCount=2
01-07 11:40:41.041 31042 31230 D UMLog : 当前发送策略为:启动时发送。详见链接 https://developer.umeng.com/docs/66632/detail/66976?um_channel=sdk
01-07 11:40:41.041 31042 31042 D OplusClipboardManager: getUserPathInfo size = 0
01-07 11:40:41.041 31042 31042 D ClipboardManagerExt: getUserPathInfo success
01-07 11:40:41.053 31042 31042 I oplus.android.OplusFrameworkFactoryImpl: get feature:IOplusDynamicVsyncFeature
01-07 11:40:41.053 31042 31042 I oplus.android.OplusFrameworkFactoryImpl: get feature:IOplusDynamicVsyncFeature
01-07 11:40:41.053 31042 31042 I oplus.android.OplusFrameworkFactoryImpl: get feature:IOplusDynamicVsyncFeature
01-07 11:40:41.053 31042 31042 I oplus.android.OplusFrameworkFactoryImpl: get feature:IOplusDynamicVsyncFeature
01-07 11:40:41.053 31042 31042 I oplus.android.OplusFrameworkFactoryImpl: get feature:IOplusDynamicVsyncFeature
01-07 11:40:41.053 31042 31042 I oplus.android.OplusFrameworkFactoryImpl: get feature:IOplusDynamicVsyncFeature
01-07 11:40:41.075 31042 31042 I oplus.android.OplusFrameworkFactoryImpl: get feature:IOplusDynamicVsyncFeature
01-07 11:40:41.075 31042 31042 I oplus.android.OplusFrameworkFactoryImpl: get feature:IOplusDynamicVsyncFeature
01-07 11:40:41.075 31042 31042 I oplus.android.OplusFrameworkFactoryImpl: get feature:IOplusDynamicVsyncFeature
01-07 11:40:41.085 31042 31042 I Quality : Skipped: false 1
01-07 11:40:41.102 31042 31042 W System.err: android.content.pm.PackageManager$NameNotFoundException: com.ThirtyNineGames.FiveNightsBeforeFreddys
01-07 11:40:41.102 31042 31042 W System.err: at android.app.ApplicationPackageManager.getPackageInfoAsUser(ApplicationPackageManage r.java:258)
01-07 11:40:41.102 31042 31042 W System.err: at android.app.ApplicationPackageManager.getPackageInfo(ApplicationPackageManager.java :225)
01-07 11:40:41.102 31042 31042 W System.err: at com.upgadata.up7723.apps.AppManager.checkApkExist(AppManager.java:232)
01-07 11:40:41.103 31042 31042 W System.err: at com.upgadata.up7723.widget.view.CornerDownLoadView.downState(CornerDownLoadView.jav a:1146)
01-07 11:40:41.103 31042 31042 W System.err: at com.upgadata.up7723.widget.view.CornerDownLoadView.updateView(CornerDownLoadView.ja va:809)
01-07 11:40:41.103 31042 31042 W System.err: at com.upgadata.up7723.widget.view.CornerDownLoadView.setData(CornerDownLoadView.java: 375)
01-07 11:40:41.103 31042 31042 W System.err: at com.upgadata.up7723.game.uptalk.DetailUpTalkFragmentOne.initData(DetailUpTalkFragme ntOne.kt:537)
01-07 11:40:41.103 31042 31042 W System.err: at com.upgadata.up7723.game.uptalk.DetailUpTalkFragmentOne.access$initData(DetailUpTal kFragmentOne.kt:94)
01-07 11:40:41.103 31042 31042 W System.err: at com.upgadata.up7723.game.uptalk.DetailUpTalkFragmentOne$initView$2.invokeSuspend(De tailUpTalkFragmentOne.kt:426)
01-07 11:40:41.103 31042 31042 W System.err: at kotlin.coroutines.jvm.internal.BaseContinuationImpl.resumeWith(ContinuationImpl.kt: 33)
01-07 11:40:41.103 31042 31042 W System.err: at kotlinx.coroutines.DispatchedTask.run(DispatchedTask.kt:106)
01-07 11:40:41.103 31042 31042 W System.err: at android.os.Handler.handleCallback(Handler.java:938)
01-07 11:40:41.103 31042 31042 W System.err: at android.os.Handler.dispatchMessage(Handler.java:99)
01-07 11:40:41.103 31042 31042 W System.err: at android.os.Looper.loopOnce(Looper.java:233)
01-07 11:40:41.103 31042 31042 W System.err: at android.os.Looper.loop(Looper.java:344)
01-07 11:40:41.103 31042 31042 W System.err: at android.app.ActivityThread.main(ActivityThread.java:8205)
01-07 11:40:41.103 31042 31042 W System.err: at java.lang.reflect.Method.invoke(Native Method)
01-07 11:40:41.103 31042 31042 W System.err: at com.android.internal.os.RuntimeInit$MethodAndArgsCaller.run(RuntimeInit.java:589)
01-07 11:40:41.103 31042 31042 W System.err: at com.android.internal.os.ZygoteInit.main(ZygoteInit.java:1071)
01-07 11:40:41.104 31042 31042 W System.err: android.content.pm.PackageManager$NameNotFoundException: com.ThirtyNineGames.FiveNightsBeforeFreddys
01-07 11:40:41.104 31042 31042 W System.err: at android.app.ApplicationPackageManager.getPackageInfoAsUser(ApplicationPackageManage r.java:258)
01-07 11:40:41.104 31042 31042 W System.err: at android.app.ApplicationPackageManager.getPackageInfo(ApplicationPackageManager.java :225)
01-07 11:40:41.104 31042 31042 W System.err: at com.upgadata.up7723.apps.AppManager.checkApkExist(AppManager.java:232)
01-07 11:40:41.104 31042 31042 W System.err: at com.upgadata.up7723.widget.view.CornerDownLoadView.downState(CornerDownLoadView.jav a:1146)
01-07 11:40:41.104 31042 31042 W System.err: at com.upgadata.up7723.widget.view.CornerDownLoadView.updateView(CornerDownLoadView.ja va:809)
01-07 11:40:41.104 31042 31042 W System.err: at com.upgadata.up7723.widget.view.CornerDownLoadView.setData(CornerDownLoadView.java: 375)
01-07 11:40:41.104 31042 31042 W System.err: at com.upgadata.up7723.game.uptalk.DetailUpTalkFragmentOne.initData(DetailUpTalkFragme ntOne.kt:538)
01-07 11:40:41.104 31042 31042 W System.err: at com.upgadata.up7723.game.uptalk.DetailUpTalkFragmentOne.access$initData(DetailUpTal kFragmentOne.kt:94)
01-07 11:40:41.104 31042 31042 W System.err: at com.upgadata.up7723.game.uptalk.DetailUpTalkFragmentOne$initView$2.invokeSuspend(De tailUpTalkFragmentOne.kt:426)
01-07 11:40:41.104 31042 31042 W System.err: at kotlin.coroutines.jvm.internal.BaseContinuationImpl.resumeWith(ContinuationImpl.kt: 33)
01-07 11:40:41.104 31042 31042 W System.err: at kotlinx.coroutines.DispatchedTask.run(DispatchedTask.kt:106)
01-07 11:40:41.104 31042 31042 W System.err: at android.os.Handler.handleCallback(Handler.java:938)
01-07 11:40:41.104 31042 31042 W System.err: at android.os.Handler.dispatchMessage(Handler.java:99)
01-07 11:40:41.104 31042 31042 W System.err: at android.os.Looper.loopOnce(Looper.java:233)
01-07 11:40:41.104 31042 31042 W System.err: at android.os.Looper.loop(Looper.java:344)
01-07 11:40:41.104 31042 31042 W System.err: at android.app.ActivityThread.main(ActivityThread.java:8205)
01-07 11:40:41.104 31042 31042 W System.err: at java.lang.reflect.Method.invoke(Native Method)
01-07 11:40:41.104 31042 31042 W System.err: at com.android.internal.os.RuntimeInit$MethodAndArgsCaller.run(RuntimeInit.java:589)
01-07 11:40:41.104 31042 31042 W System.err: at com.android.internal.os.ZygoteInit.main(ZygoteInit.java:1071)
01-07 11:40:41.106 31042 31042 W System.err: android.content.pm.PackageManager$NameNotFoundException: com.ThirtyNineGames.FiveNightsBeforeFreddys
01-07 11:40:41.106 31042 31042 W System.err: at android.app.ApplicationPackageManager.getPackageInfoAsUser(ApplicationPackageManage r.java:258)
01-07 11:40:41.106 31042 31042 W System.err: at android.app.ApplicationPackageManager.getPackageInfo(ApplicationPackageManager.java :225)
01-07 11:40:41.106 31042 31042 W System.err: at com.upgadata.up7723.apps.AppManager.checkApkExist(AppManager.java:232)
01-07 11:40:41.106 31042 31042 W System.err: at com.upgadata.up7723.widget.view.CornerDownLoadView.downState(CornerDownLoadView.jav a:1146)
01-07 11:40:41.106 31042 31042 W System.err: at com.upgadata.up7723.widget.view.CornerDownLoadView.updateView(CornerDownLoadView.ja va:809)
01-07 11:40:41.106 31042 31042 W System.err: at com.upgadata.up7723.widget.view.CornerDownLoadView.setData(CornerDownLoadView.java: 375)
01-07 11:40:41.106 31042 31042 W System.err: at com.upgadata.up7723.game.uptalk.DetailUpTalkFragmentOne.initData(DetailUpTalkFragme ntOne.kt:539)
01-07 11:40:41.106 31042 31042 W System.err: at com.upgadata.up7723.game.uptalk.DetailUpTalkFragmentOne.access$initData(DetailUpTal kFragmentOne.kt:94)
01-07 11:40:41.106 31042 31042 W System.err: at com.upgadata.up7723.game.uptalk.DetailUpTalkFragmentOne$initView$2.invokeSuspend(De tailUpTalkFragmentOne.kt:426)
01-07 11:40:41.106 31042 31042 W System.err: at kotlin.coroutines.jvm.internal.BaseContinuationImpl.resumeWith(ContinuationImpl.kt: 33)
01-07 11:40:41.106 31042 31042 W System.err: at kotlinx.coroutines.DispatchedTask.run(DispatchedTask.kt:106)
01-07 11:40:41.106 31042 31042 W System.err: at android.os.Handler.handleCallback(Handler.java:938)
01-07 11:40:41.106 31042 31042 W System.err: at android.os.Handler.dispatchMessage(Handler.java:99)
01-07 11:40:41.106 31042 31042 W System.err: at android.os.Looper.loopOnce(Looper.java:233)
01-07 11:40:41.106 31042 31042 W System.err: at android.os.Looper.loop(Looper.java:344)
01-07 11:40:41.106 31042 31042 W System.err: at android.app.ActivityThread.main(ActivityThread.java:8205)
01-07 11:40:41.106 31042 31042 W System.err: at java.lang.reflect.Method.invoke(Native Method)
01-07 11:40:41.106 31042 31042 W System.err: at com.android.internal.os.RuntimeInit$MethodAndArgsCaller.run(RuntimeInit.java:589)
01-07 11:40:41.106 31042 31042 W System.err: at com.android.internal.os.ZygoteInit.main(ZygoteInit.java:1071)
01-07 11:40:41.108 31042 31042 I oplus.android.OplusFrameworkFactoryImpl: get feature:IOplusDynamicVsyncFeature
01-07 11:40:41.108 31042 31042 I oplus.android.OplusFrameworkFactoryImpl: get feature:IOplusDynamicVsyncFeature
01-07 11:40:41.108 31042 31042 I oplus.android.OplusFrameworkFactoryImpl: get feature:IOplusDynamicVsyncFeature
01-07 11:40:41.110 31042 31042 I oplus.android.OplusFrameworkFactoryImpl: get feature:IOplusDynamicVsyncFeature
01-07 11:40:41.111 31042 31042 I oplus.android.OplusFrameworkFactoryImpl: get feature:IOplusDynamicVsyncFeature
01-07 11:40:41.111 31042 31042 I oplus.android.OplusFrameworkFactoryImpl: get feature:IOplusDynamicVsyncFeature
01-07 11:40:41.126 31042 31042 E UMLog : ┌───────────────────问题────────── ───────────────────────────────────────────────── ──────────────────
01-07 11:40:41.126 31042 31042 E UMLog : │ 对于页面 HomeNormalMoreGameListFragment,请确保先依序成对调用 onPageStart,onPageEnd 接口,再调用 onPageStart 接口对其它页面进行统计。
01-07 11:40:41.126 31042 31042 E UMLog : ├───────────────────解决方案──────── ───────────────────────────────────────────────── ────────────────────
01-07 11:40:41.126 31042 31042 E UMLog : │ 对于任意一个页面,必须依序成对调用 onPageStart 以及 onPageEnd,不能有遗漏。详见链接 https://developer.umeng.com/docs/66632/detail/66975?um_channel=sdk
01-07 11:40:41.126 31042 31042 E UMLog : └────────────────────────────────────────────────────────────────────────────────── ──────────────────────────────
01-07 11:40:41.145 31042 31042 W System.err: android.content.pm.PackageManager$NameNotFoundException: com.ThirtyNineGames.FiveNightsBeforeFreddys
01-07 11:40:41.145 31042 31042 W System.err: at android.app.ApplicationPackageManager.getPackageInfoAsUser(ApplicationPackageManage r.java:258)
01-07 11:40:41.145 31042 31042 W System.err: at android.app.ApplicationPackageManager.getPackageInfo(ApplicationPackageManager.java :225)
01-07 11:40:41.145 31042 31042 W System.err: at com.upgadata.up7723.apps.AppManager.checkApkExist(AppManager.java:232)
01-07 11:40:41.145 31042 31042 W System.err: at com.upgadata.up7723.widget.view.CornerDownLoadView.downState(CornerDownLoadView.jav a:1146)
01-07 11:40:41.145 31042 31042 W System.err: at com.upgadata.up7723.widget.view.CornerDownLoadView.updateView(CornerDownLoadView.ja va:809)
01-07 11:40:41.145 31042 31042 W System.err: at com.upgadata.up7723.widget.view.CornerDownLoadView.setData(CornerDownLoadView.java: 375)
01-07 11:40:41.145 31042 31042 W System.err: at com.upgadata.up7723.game.uptalk.DetailUpTalkFragmentOne$onResume$1$1.invokeSuspend( DetailUpTalkFragmentOne.kt:479)
01-07 11:40:41.145 31042 31042 W System.err: at kotlin.coroutines.jvm.internal.BaseContinuationImpl.resumeWith(ContinuationImpl.kt: 33)
01-07 11:40:41.145 31042 31042 W System.err: at kotlinx.coroutines.DispatchedTask.run(DispatchedTask.kt:106)
01-07 11:40:41.145 31042 31042 W System.err: at android.os.Handler.handleCallback(Handler.java:938)
01-07 11:40:41.145 31042 31042 W System.err: at android.os.Handler.dispatchMessage(Handler.java:99)
01-07 11:40:41.145 31042 31042 W System.err: at android.os.Looper.loopOnce(Looper.java:233)
01-07 11:40:41.145 31042 31042 W System.err: at android.os.Looper.loop(Looper.java:344)
01-07 11:40:41.145 31042 31042 W System.err: at android.app.ActivityThread.main(ActivityThread.java:8205)
01-07 11:40:41.145 31042 31042 W System.err: at java.lang.reflect.Method.invoke(Native Method)
01-07 11:40:41.145 31042 31042 W System.err: at com.android.internal.os.RuntimeInit$MethodAndArgsCaller.run(RuntimeInit.java:589)
01-07 11:40:41.145 31042 31042 W System.err: at com.android.internal.os.ZygoteInit.main(ZygoteInit.java:1071)
01-07 11:40:41.146 31042 31042 W System.err: android.content.pm.PackageManager$NameNotFoundException: com.ThirtyNineGames.FiveNightsBeforeFreddys
01-07 11:40:41.146 31042 31042 W System.err: at android.app.ApplicationPackageManager.getPackageInfoAsUser(ApplicationPackageManage r.java:258)
01-07 11:40:41.146 31042 31042 W System.err: at android.app.ApplicationPackageManager.getPackageInfo(ApplicationPackageManager.java :225)
01-07 11:40:41.146 31042 31042 W System.err: at com.upgadata.up7723.apps.AppManager.checkApkExist(AppManager.java:232)
01-07 11:40:41.146 31042 31042 W System.err: at com.upgadata.up7723.widget.view.CornerDownLoadView.downState(CornerDownLoadView.jav a:1146)
01-07 11:40:41.146 31042 31042 W System.err: at com.upgadata.up7723.widget.view.CornerDownLoadView.updateView(CornerDownLoadView.ja va:809)
01-07 11:40:41.146 31042 31042 W System.err: at com.upgadata.up7723.widget.view.CornerDownLoadView.setData(CornerDownLoadView.java: 375)
01-07 11:40:41.146 31042 31042 W System.err: at com.upgadata.up7723.game.uptalk.DetailUpTalkFragmentOne$onResume$1$1.invokeSuspend( DetailUpTalkFragmentOne.kt:480)
01-07 11:40:41.146 31042 31042 W System.err: at kotlin.coroutines.jvm.internal.BaseContinuationImpl.resumeWith(ContinuationImpl.kt: 33)
01-07 11:40:41.146 31042 31042 W System.err: at kotlinx.coroutines.DispatchedTask.run(DispatchedTask.kt:106)
01-07 11:40:41.146 31042 31042 W System.err: at android.os.Handler.handleCallback(Handler.java:938)
01-07 11:40:41.146 31042 31042 W System.err: at android.os.Handler.dispatchMessage(Handler.java:99)
01-07 11:40:41.146 31042 31042 W System.err: at android.os.Looper.loopOnce(Looper.java:233)
01-07 11:40:41.146 31042 31042 W System.err: at android.os.Looper.loop(Looper.java:344)
01-07 11:40:41.146 31042 31042 W System.err: at android.app.ActivityThread.main(ActivityThread.java:8205)
01-07 11:40:41.146 31042 31042 W System.err: at java.lang.reflect.Method.invoke(Native Method)
01-07 11:40:41.146 31042 31042 W System.err: at com.android.internal.os.RuntimeInit$MethodAndArgsCaller.run(RuntimeInit.java:589)
01-07 11:40:41.146 31042 31042 W System.err: at com.android.internal.os.ZygoteInit.main(ZygoteInit.java:1071)
01-07 11:40:41.147 31042 31042 W System.err: android.content.pm.PackageManager$NameNotFoundException: com.ThirtyNineGames.FiveNightsBeforeFreddys
01-07 11:40:41.147 31042 31042 W System.err: at android.app.ApplicationPackageManager.getPackageInfoAsUser(ApplicationPackageManage r.java:258)
01-07 11:40:41.147 31042 31042 W System.err: at android.app.ApplicationPackageManager.getPackageInfo(ApplicationPackageManager.java :225)
01-07 11:40:41.147 31042 31042 W System.err: at com.upgadata.up7723.apps.AppManager.checkApkExist(AppManager.java:232)
01-07 11:40:41.147 31042 31042 W System.err: at com.upgadata.up7723.widget.view.CornerDownLoadView.downState(CornerDownLoadView.jav a:1146)
01-07 11:40:41.147 31042 31042 W System.err: at com.upgadata.up7723.widget.view.CornerDownLoadView.updateView(CornerDownLoadView.ja va:809)
01-07 11:40:41.147 31042 31042 W System.err: at com.upgadata.up7723.widget.view.CornerDownLoadView.setData(CornerDownLoadView.java: 375)
01-07 11:40:41.147 31042 31042 W System.err: at com.upgadata.up7723.game.uptalk.DetailUpTalkFragmentOne$onResume$1$1.invokeSuspend( DetailUpTalkFragmentOne.kt:481)
01-07 11:40:41.147 31042 31042 W System.err: at kotlin.coroutines.jvm.internal.BaseContinuationImpl.resumeWith(ContinuationImpl.kt: 33)
01-07 11:40:41.147 31042 31042 W System.err: at kotlinx.coroutines.DispatchedTask.run(DispatchedTask.kt:106)
01-07 11:40:41.147 31042 31042 W System.err: at android.os.Handler.handleCallback(Handler.java:938)
01-07 11:40:41.147 31042 31042 W System.err: at android.os.Handler.dispatchMessage(Handler.java:99)
01-07 11:40:41.147 31042 31042 W System.err: at android.os.Looper.loopOnce(Looper.java:233)
01-07 11:40:41.147 31042 31042 W System.err: at android.os.Looper.loop(Looper.java:344)
01-07 11:40:41.147 31042 31042 W System.err: at android.app.ActivityThread.main(ActivityThread.java:8205)
01-07 11:40:41.147 31042 31042 W System.err: at java.lang.reflect.Method.invoke(Native Method)
01-07 11:40:41.147 31042 31042 W System.err: at com.android.internal.os.RuntimeInit$MethodAndArgsCaller.run(RuntimeInit.java:589)
01-07 11:40:41.147 31042 31042 W System.err: at com.android.internal.os.ZygoteInit.main(ZygoteInit.java:1071)
01-07 11:40:41.148 31042 31042 W System.err: android.content.pm.PackageManager$NameNotFoundException: com.ThirtyNineGames.FiveNightsBeforeFreddys
01-07 11:40:41.148 31042 31042 W System.err: at android.app.ApplicationPackageManager.getPackageInfoAsUser(ApplicationPackageManage r.java:258)
01-07 11:40:41.148 31042 31042 W System.err: at android.app.ApplicationPackageManager.getPackageInfo(ApplicationPackageManager.java :225)
01-07 11:40:41.148 31042 31042 W System.err: at com.upgadata.up7723.apps.AppManager.checkApkExist(AppManager.java:232)
01-07 11:40:41.148 31042 31042 W System.err: at com.upgadata.up7723.widget.view.CornerDownLoadView.downState(CornerDownLoadView.jav a:1146)
01-07 11:40:41.148 31042 31042 W System.err: at com.upgadata.up7723.widget.view.CornerDownLoadView.updateView(CornerDownLoadView.ja va:809)
01-07 11:40:41.148 31042 31042 W System.err: at com.upgadata.up7723.game.uptalk.DetailUpTalkFragmentOne.initLocalGameType(DetailUpT alkFragmentOne.kt:1783)
01-07 11:40:41.148 31042 31042 W System.err: at com.upgadata.up7723.game.uptalk.DetailUpTalkFragmentOne$onResume$1$1.invokeSuspend( DetailUpTalkFragmentOne.kt:482)
01-07 11:40:41.148 31042 31042 W System.err: at kotlin.coroutines.jvm.internal.BaseContinuationImpl.resumeWith(ContinuationImpl.kt: 33)
01-07 11:40:41.148 31042 31042 W System.err: at kotlinx.coroutines.DispatchedTask.run(DispatchedTask.kt:106)
01-07 11:40:41.148 31042 31042 W System.err: at android.os.Handler.handleCallback(Handler.java:938)
01-07 11:40:41.148 31042 31042 W System.err: at android.os.Handler.dispatchMessage(Handler.java:99)
01-07 11:40:41.148 31042 31042 W System.err: at android.os.Looper.loopOnce(Looper.java:233)
01-07 11:40:41.148 31042 31042 W System.err: at android.os.Looper.loop(Looper.java:344)
01-07 11:40:41.148 31042 31042 W System.err: at android.app.ActivityThread.main(ActivityThread.java:8205)
01-07 11:40:41.148 31042 31042 W System.err: at java.lang.reflect.Method.invoke(Native Method)
01-07 11:40:41.148 31042 31042 W System.err: at com.android.internal.os.RuntimeInit$MethodAndArgsCaller.run(RuntimeInit.java:589)
01-07 11:40:41.148 31042 31042 W System.err: at com.android.internal.os.ZygoteInit.main(ZygoteInit.java:1071)
01-07 11:40:41.148 31042 31042 W System.err: android.content.pm.PackageManager$NameNotFoundException: com.ThirtyNineGames.FiveNightsBeforeFreddys
01-07 11:40:41.149 31042 31042 W System.err: at android.app.ApplicationPackageManager.getPackageInfoAsUser(ApplicationPackageManage r.java:258)
01-07 11:40:41.149 31042 31042 W System.err: at android.app.ApplicationPackageManager.getPackageInfo(ApplicationPackageManager.java :225)
01-07 11:40:41.149 31042 31042 W System.err: at com.upgadata.up7723.apps.AppManager.checkApkExist(AppManager.java:232)
01-07 11:40:41.149 31042 31042 W System.err: at com.upgadata.up7723.widget.view.CornerDownLoadView.downState(CornerDownLoadView.jav a:1146)
01-07 11:40:41.149 31042 31042 W System.err: at com.upgadata.up7723.widget.view.CornerDownLoadView.updateView(CornerDownLoadView.ja va:809)
01-07 11:40:41.149 31042 31042 W System.err: at com.upgadata.up7723.game.uptalk.DetailUpTalkFragmentOne.initLocalGameType(DetailUpT alkFragmentOne.kt:1786)
01-07 11:40:41.149 31042 31042 W System.err: at com.upgadata.up7723.game.uptalk.DetailUpTalkFragmentOne$onResume$1$1.invokeSuspend( DetailUpTalkFragmentOne.kt:482)
01-07 11:40:41.149 31042 31042 W System.err: at kotlin.coroutines.jvm.internal.BaseContinuationImpl.resumeWith(ContinuationImpl.kt: 33)
01-07 11:40:41.149 31042 31042 W System.err: at kotlinx.coroutines.DispatchedTask.run(DispatchedTask.kt:106)
01-07 11:40:41.149 31042 31042 W System.err: at android.os.Handler.handleCallback(Handler.java:938)
01-07 11:40:41.149 31042 31042 W System.err: at android.os.Handler.dispatchMessage(Handler.java:99)
01-07 11:40:41.149 31042 31042 W System.err: at android.os.Looper.loopOnce(Looper.java:233)
01-07 11:40:41.149 31042 31042 W System.err: at android.os.Looper.loop(Looper.java:344)
01-07 11:40:41.149 31042 31042 W System.err: at android.app.ActivityThread.main(ActivityThread.java:8205)
01-07 11:40:41.149 31042 31042 W System.err: at java.lang.reflect.Method.invoke(Native Method)
01-07 11:40:41.149 31042 31042 W System.err: at com.android.internal.os.RuntimeInit$MethodAndArgsCaller.run(RuntimeInit.java:589)
01-07 11:40:41.149 31042 31042 W System.err: at com.android.internal.os.ZygoteInit.main(ZygoteInit.java:1071)
01-07 11:40:41.149 31042 31042 I Quality : Skipped: false 2
01-07 11:40:41.202 31042 31256 I BufferQueueProducer: [ViewRootImpl[com.upgadata.up7723/com.upgadata.up7723.upshare.NewVUpResourceActivit y]#5(BLAST Consumer)5](id:794200000005,api:1,p:31042,c:31042) disconnect: api 1
01-07 11:40:41.202 31042 31256 E BLASTBufferQueue: BLASTBufferItemConsumer::onDisconnect()
01-07 11:40:41.208 31042 31075 I BLASTBufferQueue: [ViewRootImpl[com.upgadata.up7723/com.upgadata.up7723.upshare.NewVUpResourceActivit y]#5] destructor()
01-07 11:40:41.208 31042 31075 I BufferQueueConsumer: [ViewRootImpl[com.upgadata.up7723/com.upgadata.up7723.upshare.NewVUpResourceActivit y]#5(BLAST Consumer)5](id:794200000005,api:0,p:-1,c:31042) disconnect
01-07 11:40:41.221 31042 31075 I BLASTBufferQueue: releaseBufferCallbackThunk bufferId:133324374802466 framenumber:140 blastBufferQueue is dead
01-07 11:40:41.336 31042 31427 D skia : stream getLength() not supported, use temp buffer for loading stream, buffer addr 0xbb962000 length 162331
01-07 11:40:41.336 31042 31427 D skia : LoadInputStreamToMem va 0xbb962000 size 164608
01-07 11:40:41.338 31042 31427 D libjpeg-alpha: Huffman Builder run in subthread
01-07 11:40:41.340 31042 31427 D libjpeg-alpha: Tile Decoder (#thread:4, size:768 512 512 584x272, alignment:256x16)
01-07 11:40:41.340 31042 31662 D libjpeg-alpha: Corrupt JPEG data: 20164 extraneous bytes before marker 0xc4
01-07 11:40:41.340 31042 31665 D libjpeg-alpha: Inconsistent progression sequence for component 0 coefficient 0
01-07 11:40:41.342 31042 31663 D libjpeg-alpha: Inconsistent progression sequence for component 0 coefficient 0
01-07 11:40:41.342 31042 31666 D libjpeg-alpha: Inconsistent progression sequence for component 0 coefficient 0
01-07 11:40:41.342 31042 31042 W System.err: android.content.pm.PackageManager$NameNotFoundException: com.DosuanchikProduction.FnafSimulator
01-07 11:40:41.343 31042 31042 W System.err: at android.app.ApplicationPackageManager.getPackageInfoAsUser(ApplicationPackageManage r.java:258)
01-07 11:40:41.343 31042 31042 W System.err: at android.app.ApplicationPackageManager.getPackageInfo(ApplicationPackageManager.java :225)
01-07 11:40:41.343 31042 31042 W System.err: at com.upgadata.up7723.apps.AppManager.checkApkExist(AppManager.java:232)
01-07 11:40:41.343 31042 31042 W System.err: at com.upgadata.up7723.widget.view.DownLoadView.setDownloadState(DownLoadView.java:800 )
01-07 11:40:41.343 31042 31042 W System.err: at com.upgadata.up7723.widget.view.DownLoadView.downState(DownLoadView.java:604)
01-07 11:40:41.343 31042 31042 W System.err: at com.upgadata.up7723.widget.view.DownLoadView.updateView(DownLoadView.java:520)
01-07 11:40:41.343 31042 31042 W System.err: at com.upgadata.up7723.widget.view.DownLoadView.setData(DownLoadView.java:256)
01-07 11:40:41.343 31042 31042 W System.err: at com.upgadata.up7723.game.uptalk.DetailUpTalkOtherShareAdapter.getView(DetailUpTalkO therShareAdapter.java:107)
01-07 11:40:41.343 31042 31042 W System.err: at com.upgadata.up7723.ui.custom.AutoLineView.resetData(AutoLineView.java:188)
01-07 11:40:41.343 31042 31042 W System.err: at com.upgadata.up7723.ui.custom.AutoLineView.setAdapter(AutoLineView.java:162)
01-07 11:40:41.343 31042 31042 W System.err: at com.upgadata.up7723.game.uptalk.DetailUpTalkIntroFragment.initUpTalkStaticDataBean( DetailUpTalkIntroFragment.java:622)
01-07 11:40:41.343 31042 31042 W System.err: at com.upgadata.up7723.game.uptalk.DetailUpTalkFragmentOne.initOtherFragment(DetailUpT alkFragmentOne.kt:1957)
01-07 11:40:41.343 31042 31042 W System.err: at com.upgadata.up7723.game.uptalk.DetailUpTalkFragmentOne$getStaticData$1.onSuccess(D etailUpTalkFragmentOne.kt:1927)
01-07 11:40:41.343 31042 31042 W System.err: at com.upgadata.up7723.game.uptalk.DetailUpTalkFragmentOne$getStaticData$1.onSuccess(D etailUpTalkFragmentOne.kt:1912)
01-07 11:40:41.343 31042 31042 W System.err: at com.upgadata.up7723.http.utils.TCallback.onResponse(TCallback.java:250)
01-07 11:40:41.343 31042 31042 W System.err: at com.zhy.http.okhttp.OkHttpUtils$3.run(OkHttpUtils.java:186)
01-07 11:40:41.343 31042 31042 W System.err: at android.os.Handler.handleCallback(Handler.java:938)
01-07 11:40:41.343 31042 31042 W System.err: at android.os.Handler.dispatchMessage(Handler.java:99)
01-07 11:40:41.343 31042 31042 W System.err: at android.os.Looper.loopOnce(Looper.java:233)
01-07 11:40:41.343 31042 31042 W System.err: at android.os.Looper.loop(Looper.java:344)
01-07 11:40:41.343 31042 31042 W System.err: at android.app.ActivityThread.main(ActivityThread.java:8205)
01-07 11:40:41.343 31042 31042 W System.err: at java.lang.reflect.Method.invoke(Native Method)
01-07 11:40:41.343 31042 31042 W System.err: at com.android.internal.os.RuntimeInit$MethodAndArgsCaller.run(RuntimeInit.java:589)
01-07 11:40:41.343 31042 31042 W System.err: at com.android.internal.os.ZygoteInit.main(ZygoteInit.java:1071)
01-07 11:40:41.344 31042 31434 D skia : stream getLength() not supported, use temp buffer for loading stream, buffer addr 0xd273f000 length 144870
01-07 11:40:41.345 31042 31434 D skia : LoadInputStreamToMem va 0xd273f000 size 147072
01-07 11:40:41.345 31042 31664 D libjpeg-alpha: Inconsistent progression sequence for component 0 coefficient 0
01-07 11:40:41.346 31042 31666 D libjpeg-alpha: Inconsistent progression sequence for component 0 coefficient 0
01-07 11:40:41.346 31042 31434 D libjpeg-alpha: Huffman Builder run in subthread
01-07 11:40:41.347 31042 31665 D libjpeg-alpha: Inconsistent progression sequence for component 0 coefficient 0
01-07 11:40:41.347 31042 31434 D libjpeg-alpha: Tile Decoder (#thread:4, size:768 512 512 584x272, alignment:256x16)
01-07 11:40:41.347 31042 31671 D libjpeg-alpha: Inconsistent progression sequence for component 0 coefficient 0
01-07 11:40:41.348 31042 31669 D libjpeg-alpha: Inconsistent progression sequence for component 0 coefficient 0
01-07 11:40:41.348 31042 31668 D libjpeg-alpha: Inconsistent progression sequence for component 0 coefficient 0
01-07 11:40:41.348 31042 31663 D libjpeg-alpha: Inconsistent progression sequence for component 0 coefficient 0
01-07 11:40:41.348 31042 31670 D libjpeg-alpha: Inconsistent progression sequence for component 0 coefficient 0
01-07 11:40:41.349 31042 31664 D libjpeg-alpha: Inconsistent progression sequence for component 0 coefficient 0
01-07 11:40:41.352 31042 31663 D libjpeg-alpha: Inconsistent progression sequence for component 0 coefficient 0
01-07 11:40:41.352 31042 31665 D libjpeg-alpha: Inconsistent progression sequence for component 0 coefficient 0
01-07 11:40:41.354 31042 31664 D libjpeg-alpha: Inconsistent progression sequence for component 0 coefficient 0
01-07 11:40:41.355 31042 31666 D libjpeg-alpha: Inconsistent progression sequence for component 0 coefficient 0
01-07 11:40:41.358 31042 31667 D libjpeg-alpha: Corrupt JPEG data: 18592 extraneous bytes before marker 0xc4
01-07 11:40:41.358 31042 31665 D libjpeg-alpha: Inconsistent progression sequence for component 0 coefficient 0
01-07 11:40:41.358 31042 31664 D libjpeg-alpha: Inconsistent progression sequence for component 0 coefficient 0
01-07 11:40:41.359 31042 31663 D libjpeg-alpha: Inconsistent progression sequence for component 0 coefficient 0
01-07 11:40:41.360 31042 31666 D libjpeg-alpha: Inconsistent progression sequence for component 0 coefficient 0
01-07 11:40:41.363 31042 31668 D libjpeg-alpha: Inconsistent progression sequence for component 0 coefficient 0
01-07 11:40:41.364 31042 31670 D libjpeg-alpha: Inconsistent progression sequence for component 0 coefficient 0
01-07 11:40:41.365 31042 31669 D libjpeg-alpha: Inconsistent progression sequence for component 0 coefficient 0
01-07 11:40:41.370 31042 31671 D libjpeg-alpha: Inconsistent progression sequence for component 0 coefficient 0
01-07 11:40:41.372 31042 31668 D libjpeg-alpha: Inconsistent progression sequence for component 0 coefficient 0
01-07 11:40:41.373 31042 31670 D libjpeg-alpha: Inconsistent progression sequence for component 0 coefficient 0
01-07 11:40:41.376 31042 31669 D libjpeg-alpha: Inconsistent progression sequence for component 0 coefficient 0
01-07 11:40:41.377 31042 31670 D libjpeg-alpha: Inconsistent progression sequence for component 0 coefficient 0
01-07 11:40:41.378 31042 31042 W System.err: android.content.pm.PackageManager$NameNotFoundException: com.ThirtyNineGames.FiveNightsBeforeFreddys
01-07 11:40:41.378 31042 31042 W System.err: at android.app.ApplicationPackageManager.getPackageInfoAsUser(ApplicationPackageManage r.java:258)
01-07 11:40:41.378 31042 31042 W System.err: at android.app.ApplicationPackageManager.getPackageInfo(ApplicationPackageManager.java :225)
01-07 11:40:41.378 31042 31042 W System.err: at com.upgadata.up7723.apps.AppManager.checkApkExist(AppManager.java:232)
01-07 11:40:41.378 31042 31042 W System.err: at com.upgadata.up7723.widget.view.DownLoadView.setDownloadState(DownLoadView.java:800 )
01-07 11:40:41.378 31042 31042 W System.err: at com.upgadata.up7723.widget.view.DownLoadView.downState(DownLoadView.java:604)
01-07 11:40:41.378 31042 31042 W System.err: at com.upgadata.up7723.widget.view.DownLoadView.updateView(DownLoadView.java:520)
01-07 11:40:41.378 31042 31042 W System.err: at com.upgadata.up7723.widget.view.DownLoadView.setData(DownLoadView.java:256)
01-07 11:40:41.378 31042 31042 W System.err: at com.upgadata.up7723.game.uptalk.GridViewAdapter.getView(GridViewAdapter.java:98)
01-07 11:40:41.378 31042 31042 W System.err: at android.widget.AbsListView.obtainView(AbsListView.java:2435)
01-07 11:40:41.378 31042 31042 W System.err: at android.widget.GridView.onMeasure(GridView.java:1086)
01-07 11:40:41.378 31042 31042 W System.err: at com.upgadata.up7723.widget.view.ExpandGridView.onMeasure(ExpandGridView.java:30)
01-07 11:40:41.378 31042 31042 W System.err: at android.view.View.measure(View.java:26137)
01-07 11:40:41.379 31042 31042 W System.err: at android.view.ViewGroup.measureChildWithMargins(ViewGroup.java:7148)
01-07 11:40:41.379 31042 31042 W System.err: at android.widget.LinearLayout.measureChildBeforeLayout(LinearLayout.java:1552)
01-07 11:40:41.379 31042 31042 W System.err: at android.widget.LinearLayout.measureVertical(LinearLayout.java:842)
01-07 11:40:41.379 31042 31042 W System.err: at android.widget.LinearLayout.onMeasure(LinearLayout.java:721)
01-07 11:40:41.379 31042 31042 W System.err: at android.view.View.measure(View.java:26137)
01-07 11:40:41.379 31042 31042 W System.err: at android.view.ViewGroup.measureChildWithMargins(ViewGroup.java:7148)
01-07 11:40:41.379 31042 31042 W System.err: at android.widget.LinearLayout.measureChildBeforeLayout(LinearLayout.java:1552)
01-07 11:40:41.379 31042 31042 W System.err: at android.widget.LinearLayout.measureVertical(LinearLayout.java:842)
01-07 11:40:41.379 31042 31042 W System.err: at android.widget.LinearLayout.onMeasure(LinearLayout.java:721)
01-07 11:40:41.379 31042 31042 W System.err: at android.view.View.measure(View.java:26137)
01-07 11:40:41.379 31042 31042 W System.err: at android.widget.RelativeLayout.measureChildHorizontal(RelativeLayout.java:735)
01-07 11:40:41.379 31042 31042 W System.err: at android.widget.RelativeLayout.onMeasure(RelativeLayout.java:481)
01-07 11:40:41.379 31042 31042 W System.err: at android.view.View.measure(View.java:26137)
01-07 11:40:41.379 31042 31042 W System.err: at android.view.ViewGroup.measureChildWithMargins(ViewGroup.java:7148)
01-07 11:40:41.379 31042 31042 W System.err: at android.widget.LinearLayout.measureChildBeforeLayout(LinearLayout.java:1552)
01-07 11:40:41.379 31042 31042 W System.err: at android.widget.LinearLayout.measureVertical(LinearLayout.java:842)
01-07 11:40:41.379 31042 31042 W System.err: at android.widget.LinearLayout.onMeasure(LinearLayout.java:721)
01-07 11:40:41.379 31042 31042 W System.err: at android.view.View.measure(View.java:26137)
01-07 11:40:41.379 31042 31042 W System.err: at android.view.ViewGroup.measureChildWithMargins(ViewGroup.java:7148)
01-07 11:40:41.379 31042 31042 W System.err: at android.widget.LinearLayout.measureChildBeforeLayout(LinearLayout.java:1552)
01-07 11:40:41.379 31042 31042 W System.err: at android.widget.LinearLayout.measureVertical(LinearLayout.java:842)
01-07 11:40:41.379 31042 31042 W System.err: at android.widget.LinearLayout.onMeasure(LinearLayout.java:721)
01-07 11:40:41.379 31042 31042 W System.err: at android.view.View.measure(View.java:26137)
01-07 11:40:41.379 31042 31042 W System.err: at android.widget.ScrollView.measureChildWithMargins(ScrollView.java:1449)
01-07 11:40:41.379 31042 31042 W System.err: at android.widget.FrameLayout.onMeasure(FrameLayout.java:194)
01-07 11:40:41.379 31042 31042 W System.err: at android.widget.ScrollView.onMeasure(ScrollView.java:462)
01-07 11:40:41.379 31042 31042 W System.err: at android.view.View.measure(View.java:26137)
01-07 11:40:41.379 31042 31042 W System.err: at androidx.viewpager.widget.ViewPager.onMeasure(ViewPager.java:1638)
01-07 11:40:41.379 31042 31042 W System.err: at android.view.View.measure(View.java:26137)
01-07 11:40:41.379 31042 31042 W System.err: at android.view.ViewGroup.measureChildWithMargins(ViewGroup.java:7148)
01-07 11:40:41.379 31042 31042 W System.err: at android.widget.LinearLayout.measureChildBeforeLayout(LinearLayout.java:1552)
01-07 11:40:41.379 31042 31668 D libjpeg-alpha: Inconsistent progression sequence for component 0 coefficient 0
01-07 11:40:41.379 31042 31042 W System.err: at android.widget.LinearLayout.measureVertical(LinearLayout.java:842)
01-07 11:40:41.379 31042 31042 W System.err: at android.widget.LinearLayout.onMeasure(LinearLayout.java:721)
01-07 11:40:41.379 31042 31042 W System.err: at android.view.View.measure(View.java:26137)
01-07 11:40:41.379 31042 31042 W System.err: at android.widget.ScrollView.measureChildWithMargins(ScrollView.java:1449)
01-07 11:40:41.379 31042 31042 W System.err: at android.widget.FrameLayout.onMeasure(FrameLayout.java:194)
01-07 11:40:41.379 31042 31042 W System.err: at android.widget.ScrollView.onMeasure(ScrollView.java:462)
01-07 11:40:41.379 31042 31042 W System.err: at android.view.View.measure(View.java:26137)
01-07 11:40:41.379 31042 31042 W System.err: at android.view.ViewGroup.measureChildWithMargins(ViewGroup.java:7148)
01-07 11:40:41.379 31042 31042 W System.err: at android.widget.LinearLayout.measureChildBeforeLayout(LinearLayout.java:1552)
01-07 11:40:41.379 31042 31042 W System.err: at android.widget.LinearLayout.measureVertical(LinearLayout.java:842)
01-07 11:40:41.379 31042 31042 W System.err: at android.widget.LinearLayout.onMeasure(LinearLayout.java:721)
01-07 11:40:41.379 31042 31042 W System.err: at com.upgadata.up7723.widget.view.StickyNavLayout2.onMeasure(StickyNavLayout2.java:18 4)
01-07 11:40:41.379 31042 31042 W System.err: at android.view.View.measure(View.java:26137)
01-07 11:40:41.379 31042 31042 W System.err: at android.widget.RelativeLayout.measureChildHorizontal(RelativeLayout.java:735)
01-07 11:40:41.379 31042 31042 W System.err: at android.widget.RelativeLayout.onMeasure(RelativeLayout.java:481)
01-07 11:40:41.379 31042 31042 W System.err: at android.view.View.measure(View.java:26137)
01-07 11:40:41.379 31042 31042 W System.err: at android.view.ViewGroup.measureChildWithMargins(ViewGroup.java:7148)
01-07 11:40:41.379 31042 31042 W System.err: at android.widget.FrameLayout.onMeasure(FrameLayout.java:194)
01-07 11:40:41.379 31042 31042 W System.err: at android.view.View.measure(View.java:26137)
01-07 11:40:41.379 31042 31042 W System.err: at android.widget.RelativeLayout.measureChildHorizontal(RelativeLayout.java:735)
01-07 11:40:41.379 31042 31042 W System.err: at android.widget.RelativeLayout.onMeasure(RelativeLayout.java:481)
01-07 11:40:41.379 31042 31042 W System.err: at android.view.View.measure(View.java:26137)
01-07 11:40:41.379 31042 31042 W System.err: at android.view.ViewGroup.measureChildWithMargins(ViewGroup.java:7148)
01-07 11:40:41.379 31042 31042 W System.err: at android.widget.FrameLayout.onMeasure(FrameLayout.java:194)
01-07 11:40:41.379 31042 31042 W System.err: at androidx.appcompat.widget.ContentFrameLayout.onMeasure(ContentFrameLayout.java:146)
01-07 11:40:41.379 31042 31042 W System.err: at android.view.View.measure(View.java:26137)
01-07 11:40:41.379 31042 31042 W System.err: at android.view.ViewGroup.measureChildWithMargins(ViewGroup.java:7148)
01-07 11:40:41.379 31042 31042 W System.err: at android.widget.LinearLayout.measureChildBeforeLayout(LinearLayout.java:1552)
01-07 11:40:41.379 31042 31042 W System.err: at android.widget.LinearLayout.measureVertical(LinearLayout.java:842)
01-07 11:40:41.379 31042 31042 W System.err: at android.widget.LinearLayout.onMeasure(LinearLayout.java:721)
01-07 11:40:41.379 31042 31042 W System.err: at android.view.View.measure(View.java:26137)
01-07 11:40:41.379 31042 31042 W System.err: at android.view.ViewGroup.measureChildWithMargins(ViewGroup.java:7148)
01-07 11:40:41.379 31042 31042 W System.err: at android.widget.FrameLayout.onMeasure(FrameLayout.java:194)
01-07 11:40:41.379 31042 31042 W System.err: at android.view.View.measure(View.java:26137)
01-07 11:40:41.379 31042 31042 W System.err: at android.view.ViewGroup.measureChildWithMargins(ViewGroup.java:7148)
01-07 11:40:41.379 31042 31042 W System.err: at android.widget.LinearLayout.measureChildBeforeLayout(LinearLayout.java:1552)
01-07 11:40:41.379 31042 31042 W System.err: at android.widget.LinearLayout.measureVertical(LinearLayout.java:842)
01-07 11:40:41.379 31042 31042 W System.err: at android.widget.LinearLayout.onMeasure(LinearLayout.java:721)
01-07 11:40:41.379 31042 31042 W System.err: at android.view.View.measure(View.java:26137)
01-07 11:40:41.379 31042 31042 W System.err: at android.view.ViewGroup.measureChildWithMargins(ViewGroup.java:7148)
01-07 11:40:41.379 31042 31042 W System.err: at android.widget.FrameLayout.onMeasure(FrameLayout.java:194)
01-07 11:40:41.379 31042 31042 W System.err: at android.view.View.measure(View.java:26137)
01-07 11:40:41.379 31042 31042 W System.err: at android.view.ViewGroup.measureChildWithMargins(ViewGroup.java:7148)
01-07 11:40:41.379 31042 31042 W System.err: at android.widget.FrameLayout.onMeasure(FrameLayout.java:194)
01-07 11:40:41.379 31042 31042 W System.err: at com.android.internal.policy.DecorView.onMeasure(DecorView.java:832)
01-07 11:40:41.379 31042 31042 W System.err: at android.view.View.measure(View.java:26137)
01-07 11:40:41.379 31042 31042 W System.err: at android.view.ViewRootImpl.performMeasure(ViewRootImpl.java:4002)
01-07 11:40:41.379 31042 31042 W System.err: at android.view.ViewRootImpl.measureHierarchy(ViewRootImpl.java:2686)
01-07 11:40:41.379 31042 31042 W System.err: at android.view.ViewRootImpl.performTraversals(ViewRootImpl.java:2971)
01-07 11:40:41.379 31042 31042 W System.err: at android.view.ViewRootImpl.doTraversal(ViewRootImpl.java:2398)
01-07 11:40:41.380 31042 31042 W System.err: at android.view.ViewRootImpl$TraversalRunnable.run(ViewRootImpl.java:9407)
01-07 11:40:41.380 31042 31042 W System.err: at android.view.Choreographer$CallbackRecord.run(Choreographer.java:1218)
01-07 11:40:41.380 31042 31042 W System.err: at android.view.Choreographer.doCallbacks(Choreographer.java:972)
01-07 11:40:41.380 31042 31042 W System.err: at android.view.ChoreographerExtImpl.checkScrollOptSceneEnable(ChoreographerExtImpl.ja va:328)
01-07 11:40:41.380 31042 31042 W System.err: at android.view.Choreographer.doFrame(Choreographer.java:859)
01-07 11:40:41.380 31042 31042 W System.err: at android.view.Choreographer$FrameDisplayEventReceiver.run(Choreographer.java:1203)
01-07 11:40:41.380 31042 31671 D libjpeg-alpha: Inconsistent progression sequence for component 0 coefficient 0
01-07 11:40:41.380 31042 31042 W System.err: at android.os.Handler.handleCallback(Handler.java:938)
01-07 11:40:41.380 31042 31042 W System.err: at android.os.Handler.dispatchMessage(Handler.java:99)
01-07 11:40:41.380 31042 31042 W System.err: at android.os.Looper.loopOnce(Looper.java:233)
01-07 11:40:41.380 31042 31042 W System.err: at android.os.Looper.loop(Looper.java:344)
