01-07 11:40:25.848 31042 31419 E upgadata.up772: Invalid ID 0x00000000.
01-07 11:40:25.848 31042 31419 W ResourceLoader: Received invalid resource id: 0
01-07 11:40:25.848 31042 31419 W ResourceLoader: android.content.res.Resources$NotFoundException: Unable to find resource ID #0x0
01-07 11:40:25.848 31042 31419 W ResourceLoader: at android.content.res.ResourcesImpl.getResourcePackageName(ResourcesImpl.java:304)
01-07 11:40:25.848 31042 31419 W ResourceLoader: at android.content.res.Resources.getResourcePackageName(Resources.java:2270)
01-07 11:40:25.848 31042 31419 W ResourceLoader: at com.bumptech.glide.load.model.ResourceLoader.getResourceUri(ResourceLoader.java:45)
01-07 11:40:25.848 31042 31419 W ResourceLoader: at com.bumptech.glide.load.model.ResourceLoader.buildLoadData(ResourceLoader.java:35)
01-07 11:40:25.848 31042 31419 W ResourceLoader: at com.bumptech.glide.load.model.ResourceLoader.buildLoadData(ResourceLoader.java:20)
01-07 11:40:25.848 31042 31419 W ResourceLoader: at com.bumptech.glide.load.engine.DecodeHelper.getLoadData(DecodeHelper.java:211)
01-07 11:40:25.848 31042 31419 W ResourceLoader: at com.bumptech.glide.load.engine.DecodeHelper.getCacheKeys(DecodeHelper.java:224)
01-07 11:40:25.848 31042 31419 W ResourceLoader: at com.bumptech.glide.load.engine.ResourceCacheGenerator.startNext(ResourceCacheGenera tor.java:44)
01-07 11:40:25.848 31042 31419 W ResourceLoader: at com.bumptech.glide.load.engine.DecodeJob.runGenerators(DecodeJob.java:310)
01-07 11:40:25.848 31042 31419 W ResourceLoader: at com.bumptech.glide.load.engine.DecodeJob.runWrapped(DecodeJob.java:276)
01-07 11:40:25.848 31042 31419 W ResourceLoader: at com.bumptech.glide.load.engine.DecodeJob.run(DecodeJob.java:234)
01-07 11:40:25.848 31042 31419 W ResourceLoader: at java.util.concurrent.ThreadPoolExecutor.runWorker(ThreadPoolExecutor.java:1167)
01-07 11:40:25.848 31042 31419 W ResourceLoader: at java.util.concurrent.ThreadPoolExecutor$Worker.run(ThreadPoolExecutor.java:641)
01-07 11:40:25.848 31042 31419 W ResourceLoader: at java.lang.Thread.run(Thread.java:920)
01-07 11:40:25.848 31042 31419 W ResourceLoader: at com.bumptech.glide.load.engine.executor.GlideExecutor$DefaultThreadFactory$1.run(Gl ideExecutor.java:393)
01-07 11:40:25.848 31042 31419 E upgadata.up772: Invalid ID 0x00000000.
01-07 11:40:25.849 31042 31419 W ResourceLoader: Received invalid resource id: 0
01-07 11:40:25.849 31042 31419 W ResourceLoader: android.content.res.Resources$NotFoundException: Unable to find resource ID #0x0
01-07 11:40:25.849 31042 31419 W ResourceLoader: at android.content.res.ResourcesImpl.getResourcePackageName(ResourcesImpl.java:304)
01-07 11:40:25.849 31042 31419 W ResourceLoader: at android.content.res.Resources.getResourcePackageName(Resources.java:2270)
01-07 11:40:25.849 31042 31419 W ResourceLoader: at com.bumptech.glide.load.model.ResourceLoader.getResourceUri(ResourceLoader.java:45)
01-07 11:40:25.849 31042 31419 W ResourceLoader: at com.bumptech.glide.load.model.ResourceLoader.buildLoadData(ResourceLoader.java:35)
01-07 11:40:25.849 31042 31419 W ResourceLoader: at com.bumptech.glide.load.model.ResourceLoader.buildLoadData(ResourceLoader.java:20)
01-07 11:40:25.849 31042 31419 W ResourceLoader: at com.bumptech.glide.load.engine.DecodeHelper.getLoadData(DecodeHelper.java:211)
01-07 11:40:25.849 31042 31419 W ResourceLoader: at com.bumptech.glide.load.engine.DecodeHelper.getCacheKeys(DecodeHelper.java:224)
01-07 11:40:25.849 31042 31419 W ResourceLoader: at com.bumptech.glide.load.engine.ResourceCacheGenerator.startNext(ResourceCacheGenera tor.java:44)
01-07 11:40:25.849 31042 31419 W ResourceLoader: at com.bumptech.glide.load.engine.DecodeJob.runGenerators(DecodeJob.java:310)
01-07 11:40:25.849 31042 31419 W ResourceLoader: at com.bumptech.glide.load.engine.DecodeJob.runWrapped(DecodeJob.java:276)
01-07 11:40:25.849 31042 31419 W ResourceLoader: at com.bumptech.glide.load.engine.DecodeJob.run(DecodeJob.java:234)
01-07 11:40:25.849 31042 31419 W ResourceLoader: at java.util.concurrent.ThreadPoolExecutor.runWorker(ThreadPoolExecutor.java:1167)
01-07 11:40:25.849 31042 31419 W ResourceLoader: at java.util.concurrent.ThreadPoolExecutor$Worker.run(ThreadPoolExecutor.java:641)
01-07 11:40:25.849 31042 31419 W ResourceLoader: at java.lang.Thread.run(Thread.java:920)
01-07 11:40:25.849 31042 31419 W ResourceLoader: at com.bumptech.glide.load.engine.executor.GlideExecutor$DefaultThreadFactory$1.run(Gl ideExecutor.java:393)
01-07 11:40:25.849 31042 31419 E upgadata.up772: Invalid ID 0x00000000.
01-07 11:40:25.849 31042 31419 W ResourceLoader: Received invalid resource id: 0
01-07 11:40:25.849 31042 31419 W ResourceLoader: android.content.res.Resources$NotFoundException: Unable to find resource ID #0x0
01-07 11:40:25.849 31042 31419 W ResourceLoader: at android.content.res.ResourcesImpl.getResourcePackageName(ResourcesImpl.java:304)
01-07 11:40:25.849 31042 31419 W ResourceLoader: at android.content.res.Resources.getResourcePackageName(Resources.java:2270)
01-07 11:40:25.849 31042 31419 W ResourceLoader: at com.bumptech.glide.load.model.ResourceLoader.getResourceUri(ResourceLoader.java:45)
01-07 11:40:25.849 31042 31419 W ResourceLoader: at com.bumptech.glide.load.model.ResourceLoader.buildLoadData(ResourceLoader.java:35)
01-07 11:40:25.849 31042 31419 W ResourceLoader: at com.bumptech.glide.load.model.ResourceLoader.buildLoadData(ResourceLoader.java:20)
01-07 11:40:25.849 31042 31419 W ResourceLoader: at com.bumptech.glide.load.engine.DecodeHelper.getLoadData(DecodeHelper.java:211)
01-07 11:40:25.849 31042 31419 W ResourceLoader: at com.bumptech.glide.load.engine.DecodeHelper.getCacheKeys(DecodeHelper.java:224)
01-07 11:40:25.849 31042 31419 W ResourceLoader: at com.bumptech.glide.load.engine.ResourceCacheGenerator.startNext(ResourceCacheGenera tor.java:44)
01-07 11:40:25.849 31042 31419 W ResourceLoader: at com.bumptech.glide.load.engine.DecodeJob.runGenerators(DecodeJob.java:310)
01-07 11:40:25.849 31042 31419 W ResourceLoader: at com.bumptech.glide.load.engine.DecodeJob.runWrapped(DecodeJob.java:276)
01-07 11:40:25.849 31042 31419 W ResourceLoader: at com.bumptech.glide.load.engine.DecodeJob.run(DecodeJob.java:234)
01-07 11:40:25.849 31042 31419 W ResourceLoader: at java.util.concurrent.ThreadPoolExecutor.runWorker(ThreadPoolExecutor.java:1167)
01-07 11:40:25.849 31042 31419 W ResourceLoader: at java.util.concurrent.ThreadPoolExecutor$Worker.run(ThreadPoolExecutor.java:641)
01-07 11:40:25.849 31042 31419 W ResourceLoader: at java.lang.Thread.run(Thread.java:920)
01-07 11:40:25.849 31042 31419 W ResourceLoader: at com.bumptech.glide.load.engine.executor.GlideExecutor$DefaultThreadFactory$1.run(Gl ideExecutor.java:393)
01-07 11:40:25.868 31042 31419 E upgadata.up772: Invalid ID 0x00000000.
01-07 11:40:25.869 31042 31419 W ResourceLoader: Received invalid resource id: 0
01-07 11:40:25.869 31042 31419 W ResourceLoader: android.content.res.Resources$NotFoundException: Unable to find resource ID #0x0
01-07 11:40:25.869 31042 31419 W ResourceLoader: at android.content.res.ResourcesImpl.getResourcePackageName(ResourcesImpl.java:304)
01-07 11:40:25.869 31042 31419 W ResourceLoader: at android.content.res.Resources.getResourcePackageName(Resources.java:2270)
01-07 11:40:25.869 31042 31419 W ResourceLoader: at com.bumptech.glide.load.model.ResourceLoader.getResourceUri(ResourceLoader.java:45)
01-07 11:40:25.869 31042 31419 W ResourceLoader: at com.bumptech.glide.load.model.ResourceLoader.buildLoadData(ResourceLoader.java:35)
01-07 11:40:25.869 31042 31419 W ResourceLoader: at com.bumptech.glide.load.model.ResourceLoader.buildLoadData(ResourceLoader.java:20)
01-07 11:40:25.869 31042 31419 W ResourceLoader: at com.bumptech.glide.load.engine.DecodeHelper.getLoadData(DecodeHelper.java:211)
01-07 11:40:25.869 31042 31419 W ResourceLoader: at com.bumptech.glide.load.engine.DecodeHelper.getCacheKeys(DecodeHelper.java:224)
01-07 11:40:25.869 31042 31419 W ResourceLoader: at com.bumptech.glide.load.engine.ResourceCacheGenerator.startNext(ResourceCacheGenera tor.java:44)
01-07 11:40:25.869 31042 31419 W ResourceLoader: at com.bumptech.glide.load.engine.DecodeJob.runGenerators(DecodeJob.java:310)
01-07 11:40:25.869 31042 31419 W ResourceLoader: at com.bumptech.glide.load.engine.DecodeJob.runWrapped(DecodeJob.java:276)
01-07 11:40:25.869 31042 31419 W ResourceLoader: at com.bumptech.glide.load.engine.DecodeJob.run(DecodeJob.java:234)
01-07 11:40:25.869 31042 31419 W ResourceLoader: at java.util.concurrent.ThreadPoolExecutor.runWorker(ThreadPoolExecutor.java:1167)
01-07 11:40:25.869 31042 31419 W ResourceLoader: at java.util.concurrent.ThreadPoolExecutor$Worker.run(ThreadPoolExecutor.java:641)
01-07 11:40:25.869 31042 31419 W ResourceLoader: at java.lang.Thread.run(Thread.java:920)
01-07 11:40:25.869 31042 31419 W ResourceLoader: at com.bumptech.glide.load.engine.executor.GlideExecutor$DefaultThreadFactory$1.run(Gl ideExecutor.java:393)
01-07 11:40:25.869 31042 31419 E upgadata.up772: Invalid ID 0x00000000.
01-07 11:40:25.869 31042 31419 W ResourceLoader: Received invalid resource id: 0
01-07 11:40:25.869 31042 31419 W ResourceLoader: android.content.res.Resources$NotFoundException: Unable to find resource ID #0x0
01-07 11:40:25.869 31042 31419 W ResourceLoader: at android.content.res.ResourcesImpl.getResourcePackageName(ResourcesImpl.java:304)
01-07 11:40:25.869 31042 31419 W ResourceLoader: at android.content.res.Resources.getResourcePackageName(Resources.java:2270)
01-07 11:40:25.869 31042 31419 W ResourceLoader: at com.bumptech.glide.load.model.ResourceLoader.getResourceUri(ResourceLoader.java:45)
01-07 11:40:25.869 31042 31419 W ResourceLoader: at com.bumptech.glide.load.model.ResourceLoader.buildLoadData(ResourceLoader.java:35)
01-07 11:40:25.869 31042 31419 W ResourceLoader: at com.bumptech.glide.load.model.ResourceLoader.buildLoadData(ResourceLoader.java:20)
01-07 11:40:25.869 31042 31419 W ResourceLoader: at com.bumptech.glide.load.engine.DecodeHelper.getLoadData(DecodeHelper.java:211)
01-07 11:40:25.869 31042 31419 W ResourceLoader: at com.bumptech.glide.load.engine.DecodeHelper.getCacheKeys(DecodeHelper.java:224)
01-07 11:40:25.869 31042 31419 W ResourceLoader: at com.bumptech.glide.load.engine.ResourceCacheGenerator.startNext(ResourceCacheGenera tor.java:44)
01-07 11:40:25.869 31042 31419 W ResourceLoader: at com.bumptech.glide.load.engine.DecodeJob.runGenerators(DecodeJob.java:310)
01-07 11:40:25.869 31042 31419 W ResourceLoader: at com.bumptech.glide.load.engine.DecodeJob.runWrapped(DecodeJob.java:276)
01-07 11:40:25.869 31042 31419 W ResourceLoader: at com.bumptech.glide.load.engine.DecodeJob.run(DecodeJob.java:234)
01-07 11:40:25.869 31042 31419 W ResourceLoader: at java.util.concurrent.ThreadPoolExecutor.runWorker(ThreadPoolExecutor.java:1167)
01-07 11:40:25.869 31042 31419 W ResourceLoader: at java.util.concurrent.ThreadPoolExecutor$Worker.run(ThreadPoolExecutor.java:641)
01-07 11:40:25.869 31042 31419 W ResourceLoader: at java.lang.Thread.run(Thread.java:920)
01-07 11:40:25.869 31042 31419 W ResourceLoader: at com.bumptech.glide.load.engine.executor.GlideExecutor$DefaultThreadFactory$1.run(Gl ideExecutor.java:393)
01-07 11:40:25.870 31042 31419 E upgadata.up772: Invalid ID 0x00000000.
01-07 11:40:25.871 31042 31042 W View : requestLayout() improperly called by android.widget.TextView{48c9d45 VFED..C.. ..S...ID 0,0-158,80} during layout: running second layout pass
01-07 11:40:25.874 31042 31419 W ResourceLoader: Received invalid resource id: 0
01-07 11:40:25.874 31042 31419 W ResourceLoader: android.content.res.Resources$NotFoundException: Unable to find resource ID #0x0
01-07 11:40:25.874 31042 31419 W ResourceLoader: at android.content.res.ResourcesImpl.getResourcePackageName(ResourcesImpl.java:304)
01-07 11:40:25.874 31042 31419 W ResourceLoader: at android.content.res.Resources.getResourcePackageName(Resources.java:2270)
01-07 11:40:25.874 31042 31419 W ResourceLoader: at com.bumptech.glide.load.model.ResourceLoader.getResourceUri(ResourceLoader.java:45)
01-07 11:40:25.874 31042 31419 W ResourceLoader: at com.bumptech.glide.load.model.ResourceLoader.buildLoadData(ResourceLoader.java:35)
01-07 11:40:25.874 31042 31419 W ResourceLoader: at com.bumptech.glide.load.model.ResourceLoader.buildLoadData(ResourceLoader.java:20)
01-07 11:40:25.874 31042 31419 W ResourceLoader: at com.bumptech.glide.load.engine.DecodeHelper.getLoadData(DecodeHelper.java:211)
01-07 11:40:25.874 31042 31419 W ResourceLoader: at com.bumptech.glide.load.engine.DecodeHelper.getCacheKeys(DecodeHelper.java:224)
01-07 11:40:25.874 31042 31419 W ResourceLoader: at com.bumptech.glide.load.engine.ResourceCacheGenerator.startNext(ResourceCacheGenera tor.java:44)
01-07 11:40:25.874 31042 31419 W ResourceLoader: at com.bumptech.glide.load.engine.DecodeJob.runGenerators(DecodeJob.java:310)
01-07 11:40:25.874 31042 31419 W ResourceLoader: at com.bumptech.glide.load.engine.DecodeJob.runWrapped(DecodeJob.java:276)
01-07 11:40:25.874 31042 31419 W ResourceLoader: at com.bumptech.glide.load.engine.DecodeJob.run(DecodeJob.java:234)
01-07 11:40:25.874 31042 31419 W ResourceLoader: at java.util.concurrent.ThreadPoolExecutor.runWorker(ThreadPoolExecutor.java:1167)
01-07 11:40:25.874 31042 31419 W ResourceLoader: at java.util.concurrent.ThreadPoolExecutor$Worker.run(ThreadPoolExecutor.java:641)
01-07 11:40:25.874 31042 31419 W ResourceLoader: at java.lang.Thread.run(Thread.java:920)
01-07 11:40:25.874 31042 31419 W ResourceLoader: at com.bumptech.glide.load.engine.executor.GlideExecutor$DefaultThreadFactory$1.run(Gl ideExecutor.java:393)
01-07 11:40:25.875 31042 31419 E upgadata.up772: Invalid ID 0x00000000.
01-07 11:40:25.875 31042 31419 W ResourceLoader: Received invalid resource id: 0
01-07 11:40:25.875 31042 31419 W ResourceLoader: android.content.res.Resources$NotFoundException: Unable to find resource ID #0x0
01-07 11:40:25.875 31042 31419 W ResourceLoader: at android.content.res.ResourcesImpl.getResourcePackageName(ResourcesImpl.java:304)
01-07 11:40:25.875 31042 31419 W ResourceLoader: at android.content.res.Resources.getResourcePackageName(Resources.java:2270)
01-07 11:40:25.875 31042 31419 W ResourceLoader: at com.bumptech.glide.load.model.ResourceLoader.getResourceUri(ResourceLoader.java:45)
01-07 11:40:25.875 31042 31419 W ResourceLoader: at com.bumptech.glide.load.model.ResourceLoader.buildLoadData(ResourceLoader.java:35)
01-07 11:40:25.875 31042 31419 W ResourceLoader: at com.bumptech.glide.load.model.ResourceLoader.buildLoadData(ResourceLoader.java:20)
01-07 11:40:25.875 31042 31419 W ResourceLoader: at com.bumptech.glide.load.engine.DecodeHelper.getLoadData(DecodeHelper.java:211)
01-07 11:40:25.875 31042 31419 W ResourceLoader: at com.bumptech.glide.load.engine.DecodeHelper.getCacheKeys(DecodeHelper.java:224)
01-07 11:40:25.875 31042 31419 W ResourceLoader: at com.bumptech.glide.load.engine.ResourceCacheGenerator.startNext(ResourceCacheGenera tor.java:44)
01-07 11:40:25.875 31042 31419 W ResourceLoader: at com.bumptech.glide.load.engine.DecodeJob.runGenerators(DecodeJob.java:310)
01-07 11:40:25.875 31042 31419 W ResourceLoader: at com.bumptech.glide.load.engine.DecodeJob.runWrapped(DecodeJob.java:276)
01-07 11:40:25.875 31042 31419 W ResourceLoader: at com.bumptech.glide.load.engine.DecodeJob.run(DecodeJob.java:234)
01-07 11:40:25.875 31042 31419 W ResourceLoader: at java.util.concurrent.ThreadPoolExecutor.runWorker(ThreadPoolExecutor.java:1167)
01-07 11:40:25.875 31042 31419 W ResourceLoader: at java.util.concurrent.ThreadPoolExecutor$Worker.run(ThreadPoolExecutor.java:641)
01-07 11:40:25.875 31042 31419 W ResourceLoader: at java.lang.Thread.run(Thread.java:920)
01-07 11:40:25.875 31042 31419 W ResourceLoader: at com.bumptech.glide.load.engine.executor.GlideExecutor$DefaultThreadFactory$1.run(Gl ideExecutor.java:393)
01-07 11:40:25.876 31376 31376 D --Settings--: data/app/: /data/user/0/com.upgadata.up7723/bzBox/data/app/com.njmy.ndnpy.vivo
01-07 11:40:25.881 31376 31376 D --Settings--: packageConf: true
01-07 11:40:25.902 31042 31056 E BLASTBufferQueue: [ViewRootImpl[com.upgadata.up7723/com.upgadata.up7723.main.activity.HomeActivity]#1 ](f:0,a:2) isEGL=1, mPendingRelease.size()=1, mMaxAcquiredBuffers=4, currentMaxAcquiredBufferCount=2
01-07 11:40:25.902 31042 31056 I OpenGLRenderer: Davey! duration=702ms; Flags=0, FrameTimelineVsyncId=15680689, IntendedVsync=240717060816270, Vsync=240717710816283, InputEventId=0, HandleInputStart=240717725042655, AnimationStart=240717725045424, PerformTraversalsStart=240717743320809, DrawStart=240717754515578, FrameDeadline=240717097482937, FrameInterval=240717724989424, FrameStartTime=16666667, SyncQueued=240717757699655, SyncStart=240717757758732, IssueDrawCommandsStart=240717758078039, SwapBuffers=240717760607655, FrameCompleted=240717763687039, DequeueBufferDuration=13308, QueueBufferDuration=793846, GpuCompleted=240717763687039, SwapBuffersCompleted=240717762386962, DisplayPresentTime=0,
01-07 11:40:25.903 31042 31042 I oplus.android.OplusFrameworkFactoryImpl: get feature:IOplusDynamicVsyncFeature
01-07 11:40:25.903 31042 31042 I oplus.android.OplusFrameworkFactoryImpl: get feature:IOplusDynamicVsyncFeature
01-07 11:40:25.903 31042 31042 I oplus.android.OplusFrameworkFactoryImpl: get feature:IOplusDynamicVsyncFeature
01-07 11:40:25.912 31376 31376 D --Settings--: UserStateSize:1
01-07 11:40:25.912 31376 31376 D --Settings--: com.njmy.ndnpy.vivo---userid: 0--- value:true
01-07 11:40:25.912 31376 31376 D --Settings--: com.njmy.ndnpy.vivo--- BPackageUserState: top.niunaijun.blackbox.server.pm.BPackageUserState@f77e2c0
01-07 11:40:25.912 31376 31376 D --Settings--: com.njmy.ndnpy.vivo---install: true
01-07 11:40:25.912 31376 31376 D --Settings--: installOption: 2---installed:true
01-07 11:40:25.931 31042 31051 I upgadata.up772: Background concurrent copying GC freed 590570(15MB) AllocSpace objects, 62(10020KB) LOS objects, 44% free, 29MB/53MB, paused 359us,89us total 183.037ms
01-07 11:40:25.943 31042 31042 W PackageParsing: Ignoring duplicate uses- permissions/uses-permissions-sdk-m: android.permission.ACCESS_NETWORK_STATE in package: com.upgadata.up7723 at: Binary XML file line #18
01-07 11:40:25.943 31042 31042 W PackageParsing: Ignoring duplicate uses- permissions/uses-permissions-sdk-m: android.permission.ACCESS_NETWORK_STATE in package: com.upgadata.up7723 at: Binary XML file line #19
01-07 11:40:25.943 31042 31042 W PackageParsing: Ignoring duplicate uses- permissions/uses-permissions-sdk-m: android.permission.ACCESS_NETWORK_STATE in package: com.upgadata.up7723 at: Binary XML file line #20
01-07 11:40:25.944 31042 31042 W PackageParsing: Ignoring duplicate uses- permissions/uses-permissions-sdk-m: android.permission.ACCESS_NETWORK_STATE in package: com.upgadata.up7723 at: Binary XML file line #33
01-07 11:40:25.945 31042 31042 W PackageParsing: Ignoring duplicate uses- permissions/uses-permissions-sdk-m: com.android.launcher.permission.READ_SETTINGS in package: com.upgadata.up7723 at: Binary XML file line #119
01-07 11:40:25.945 31042 31042 W PackageParsing: Ignoring duplicate uses- permissions/uses-permissions-sdk-m: com.htc.launcher.permission.READ_SETTINGS in package: com.upgadata.up7723 at: Binary XML file line #129
01-07 11:40:25.945 31042 31042 W PackageParsing: Ignoring duplicate uses- permissions/uses-permissions-sdk-m: com.oppo.launcher.permission.READ_SETTINGS in package: com.upgadata.up7723 at: Binary XML file line #131
01-07 11:40:25.945 31042 31042 W PackageParsing: Ignoring duplicate uses- permissions/uses-permissions-sdk-m: com.huawei.android.launcher.permission.READ_SETTINGS in package: com.upgadata.up7723 at: Binary XML file line #135
01-07 11:40:25.945 31042 31042 W PackageParsing: Ignoring duplicate uses- permissions/uses-permissions-sdk-m: com.huawei.android.launcher.permission.CHANGE_BADGE in package: com.upgadata.up7723 at: Binary XML file line #136
01-07 11:40:25.945 31042 31042 W PackageParsing: Ignoring duplicate uses- permissions/uses-permissions-sdk-m: android.permission.ACCESS_COARSE_LOCATION in package: com.upgadata.up7723 at: Binary XML file line #137
01-07 11:40:25.945 31042 31042 W PackageParsing: Ignoring duplicate uses- permissions/uses-permissions-sdk-m: android.permission.ACCESS_FINE_LOCATION in package: com.upgadata.up7723 at: Binary XML file line #138
01-07 11:40:25.945 31042 31042 W PackageParsing: Ignoring duplicate uses- permissions/uses-permissions-sdk-m: android.permission.WRITE_SYNC_SETTINGS in package: com.upgadata.up7723 at: Binary XML file line #155
01-07 11:40:25.946 31042 31042 W PackageParsing: Ignoring duplicate uses- permissions/uses-permissions-sdk-m: android.permission.GET_INTENT_SENDER_INTENT in package: com.upgadata.up7723 at: Binary XML file line #192
01-07 11:40:25.955 31376 31376 D --Settings--: loaded Package: com.njmy.ndnpy.vivo----appname:我的男友是渣男
01-07 11:40:25.955 31376 31376 D --Settings--: data/app/: /data/user/0/com.upgadata.up7723/bzBox/data/app/com.hwqm.water
01-07 11:40:25.956 31376 31376 D --Settings--: packageConf: true
01-07 11:40:25.959 31042 31042 W PackageParsing: No actions in intent-filter at /storage/emulated/0/Android/data/com.upgadata.up7723/files/Download/ 7723_5.0.0_c39085.apk Binary XML file line #3769
01-07 11:40:25.962 31376 31376 D --Settings--: UserStateSize:1
01-07 11:40:25.963 31376 31376 D --Settings--: com.hwqm.water---userid: 0--- value:true
01-07 11:40:25.963 31376 31376 D --Settings--: com.hwqm.water---BPackageUserState: top.niunaijun.blackbox.server.pm.BPackageUserState@90c799f
01-07 11:40:25.963 31376 31376 D --Settings--: com.hwqm.water---install: true
01-07 11:40:25.963 31376 31376 D --Settings--: installOption: 2---installed:true
01-07 11:40:25.965 31042 31042 D WindowManager: Add to mViews: DecorView@238411b[HomeActivity],pkg= com.upgadata.up7723
01-07 11:40:25.966 31042 31042 D ViewRootImpl[HomeActivity]: hardware acceleration = true, sRendererEnabled = true, forceHwAccelerated = false
01-07 11:40:25.980 31376 31376 D --Settings--: loaded Package: com.hwqm.water---- appname:水相
01-07 11:40:26.007 31042 31042 I MMKV : loading [InterProcessKV] with 2172 size in total, file size is 4096
01-07 11:40:26.007 31042 31042 I MMKV : loading [InterProcessKV] with crc 2281183452 sequence 3
01-07 11:40:26.007 31042 31042 I MMKV : loaded [InterProcessKV] with 4 values
01-07 11:40:26.020 31042 31419 D skia : SkJpegCodec::onGetPixels +
01-07 11:40:26.023 31042 31419 D skia : stream getLength() not supported, use temp buffer for loading stream, buffer addr 0xb3db9000 length 239462
01-07 11:40:26.023 31042 31419 D skia : LoadInputStreamToMem va 0xb3db9000 size 241664
01-07 11:40:26.036 31042 31419 D libjpeg-alpha: Huffman Builder run in subthread
01-07 11:40:26.039 31376 31376 D CompatibilityChangeReporter: Compat change id reported: 149924527; UID 11059; state: ENABLED
01-07 11:40:26.039 31376 31376 D CompatibilityChangeReporter: Compat change id reported: 132649864; UID 11059; state: DISABLED
01-07 11:40:26.043 31042 31419 D libjpeg-alpha: Tile Decoder (#thread:4, size:256 256 256 432x240, alignment:256x16)
01-07 11:40:26.047 31042 31042 W Glide : Load failed for 0 with size [245x122]
01-07 11:40:26.047 31042 31042 W Glide : class com.bumptech.glide.load.engine.GlideException: Failed to load resource
01-07 11:40:26.047 31042 31042 W Glide : Load failed for 0 with size [245x122]
01-07 11:40:26.047 31042 31042 W Glide : class com.bumptech.glide.load.engine.GlideException: Failed to load resource
01-07 11:40:26.047 31042 31042 W Glide : Load failed for 0 with size [245x122]
01-07 11:40:26.047 31042 31042 W Glide : class com.bumptech.glide.load.engine.GlideException: Failed to load resource
01-07 11:40:26.047 31042 31042 W Glide : Load failed for 0 with size [245x122]
01-07 11:40:26.047 31042 31042 W Glide : class com.bumptech.glide.load.engine.GlideException: Failed to load resource
01-07 11:40:26.047 31042 31042 W Glide : Load failed for 0 with size [245x122]
01-07 11:40:26.047 31042 31042 W Glide : class com.bumptech.glide.load.engine.GlideException: Failed to load resource
01-07 11:40:26.047 31042 31042 W Glide : Load failed for 0 with size [245x122]
01-07 11:40:26.047 31042 31042 W Glide : class com.bumptech.glide.load.engine.GlideException: Failed to load resource
01-07 11:40:26.048 31042 31042 W Glide : Load failed for 0 with size [245x122]
01-07 11:40:26.048 31042 31042 W Glide : class com.bumptech.glide.load.engine.GlideException: Failed to load resource
01-07 11:40:26.048 31042 31042 W Glide : Load failed for 0 with size [245x122]
01-07 11:40:26.048 31042 31042 W Glide : class com.bumptech.glide.load.engine.GlideException: Failed to load resource
01-07 11:40:26.048 31042 31042 W Glide : Load failed for 0 with size [245x122]
01-07 11:40:26.048 31042 31042 W Glide : class com.bumptech.glide.load.engine.GlideException: Failed to load resource
01-07 11:40:26.048 31042 31042 W Glide : Load failed for 0 with size [245x122]
01-07 11:40:26.048 31042 31042 W Glide : class com.bumptech.glide.load.engine.GlideException: Failed to load resource
01-07 11:40:26.050 31042 31042 W Glide : Load failed for 0 with size [80x80]
01-07 11:40:26.050 31042 31042 W Glide : class com.bumptech.glide.load.engine.GlideException: Failed to load resource
01-07 11:40:26.051 31042 31042 W Glide : Load failed for 0 with size [80x80]
01-07 11:40:26.051 31042 31042 W Glide : class com.bumptech.glide.load.engine.GlideException: Failed to load resource
01-07 11:40:26.051 31042 31042 W Glide : Load failed for 0 with size [80x80]
01-07 11:40:26.051 31042 31042 W Glide : class com.bumptech.glide.load.engine.GlideException: Failed to load resource
01-07 11:40:26.053 31042 31042 W Glide : Load failed for 0 with size [80x80]
01-07 11:40:26.053 31042 31042 W Glide : class com.bumptech.glide.load.engine.GlideException: Failed to load resource
01-07 11:40:26.053 31042 31042 W Glide : Load failed for 0 with size [80x80]
01-07 11:40:26.053 31042 31042 W Glide : class com.bumptech.glide.load.engine.GlideException: Failed to load resource
01-07 11:40:26.053 31042 31042 W Glide : Load failed for 0 with size [80x80]
01-07 11:40:26.053 31042 31042 W Glide : class com.bumptech.glide.load.engine.GlideException: Failed to load resource
01-07 11:40:26.053 31042 31042 W Glide : Load failed for 0 with size [80x80]
01-07 11:40:26.053 31042 31042 W Glide : class com.bumptech.glide.load.engine.GlideException: Failed to load resource
01-07 11:40:26.053 31042 31042 W Glide : Load failed for 0 with size [80x80]
01-07 11:40:26.053 31042 31042 W Glide : class com.bumptech.glide.load.engine.GlideException: Failed to load resource
01-07 11:40:26.053 31042 31042 W Glide : Load failed for 0 with size [80x80]
01-07 11:40:26.053 31042 31042 W Glide : class com.bumptech.glide.load.engine.GlideException: Failed to load resource
01-07 11:40:26.054 31042 31042 W Glide : Load failed for 0 with size [80x80]
01-07 11:40:26.054 31042 31042 W Glide : class com.bumptech.glide.load.engine.GlideException: Failed to load resource
01-07 11:40:26.055 31042 31042 I Quality : Skipped: false 4
01-07 11:40:26.066 31042 31042 I BufferQueueConsumer: [](id:794200000002,api:0,p:- 1,c:31042) connect: controlledByApp=false
01-07 11:40:26.067 31042 31042 I BLASTBufferQueue: [ViewRootImpl[com.upgadata.up7723/com.upgadata.up7723.main.activity.HomeActivity]#2 ] constructor()
01-07 11:40:26.068 31042 31042 V OplusZoomWindowDecorViewHelper: setLastReportedMergedConfiguration mZoomDisplayHeight: 1612 getDecorView.37241115
01-07 11:40:26.068 31042 31256 I BufferQueueProducer: [ViewRootImpl[com.upgadata.up7723/com.upgadata.up7723.main.activity.HomeActivity]#2 (BLAST Consumer)2](id:794200000002,api:1,p:31042,c:31042) connect: api=1 producerControlledByApp=true
01-07 11:40:26.073 31042 31419 D skia : SkJpegCodec::onGetPixels -
01-07 11:40:26.096 31042 31075 D SurfaceComposerClient: VRR [FRTC] client handle [bufferId:18446744073709551615 framenumber:0] [ffffffff, ffffffff]
01-07 11:40:26.114 31042 31419 D skia : SkJpegCodec::onGetPixels +
01-07 11:40:26.114 31042 31419 D skia : stream getLength() not supported, use temp buffer for loading stream, buffer addr 0xb260b000 length 258837
01-07 11:40:26.115 31042 31419 D skia : LoadInputStreamToMem va 0xb260b000 size 261120
01-07 11:40:26.117 31042 31419 D libjpeg-alpha: Huffman Builder run in subthread
01-07 11:40:26.119 31042 31419 D libjpeg-alpha: Tile Decoder (#thread:4, size:256 256 256 432x240, alignment:256x16)
01-07 11:40:26.123 31042 31042 I oplus.android.OplusFrameworkFactoryImpl: get feature:IOplusDynamicVsyncFeature
01-07 11:40:26.123 31042 31042 I oplus.android.OplusFrameworkFactoryImpl: get feature:IOplusDynamicVsyncFeature
01-07 11:40:26.123 31042 31042 I oplus.android.OplusFrameworkFactoryImpl: get feature:IOplusDynamicVsyncFeature
01-07 11:40:26.126 31042 31042 I oplus.android.OplusFrameworkFactoryImpl: get feature:IOplusDynamicVsyncFeature
01-07 11:40:26.126 31042 31042 I oplus.android.OplusFrameworkFactoryImpl: get feature:IOplusDynamicVsyncFeature
01-07 11:40:26.126 31042 31042 I oplus.android.OplusFrameworkFactoryImpl: get feature:IOplusDynamicVsyncFeature
01-07 11:40:26.142 31042 31419 D skia : SkJpegCodec::onGetPixels -
01-07 11:40:26.191 31042 31419 D skia : SkJpegCodec::onGetPixels +
01-07 11:40:26.192 31042 31419 D skia : stream getLength() not supported, use temp buffer for loading stream, buffer addr 0xb1ab1000 length 282950
01-07 11:40:26.193 31042 31419 D skia : LoadInputStreamToMem va 0xb1ab1000 size 285184
01-07 11:40:26.196 31042 31419 D libjpeg-alpha: Huffman Builder run in subthread
01-07 11:40:26.198 31042 31419 D libjpeg-alpha: Tile Decoder (#thread:4, size:256 256 256 432x240, alignment:256x16)
01-07 11:40:26.248 31042 31042 E UMLog : ┌───────────────────问题────────── ───────────────────────────────────────────────── ──────────────────
01-07 11:40:26.248 31042 31042 E UMLog : │ 对于页面 HomeClassicTabFragment,请确 保先依序成对调用 onPageStart,onPageEnd 接口,再调用 onPageStart 接口对其它页面进行统计。
01-07 11:40:26.248 31042 31042 E UMLog : ├───────────────────解决方案──────── ───────────────────────────────────────────────── ────────────────────
01-07 11:40:26.248 31042 31042 E UMLog : │ 对于任意一个页面,必须依序成对调用 onPageStart 以及 onPageEnd,不能有遗漏。详见链接 https://developer.umeng.com/docs/66632/detail/66975?um_channel=sdk
01-07 11:40:26.248 31042 31042 E UMLog : └────────────────────────────────────────────────────────────────────────────────── ──────────────────────────────
01-07 11:40:26.248 31376 31376 I oplus.android.OplusFrameworkFactoryImpl: Unknow feature:IOplusTextViewRTLUtilForUG
01-07 11:40:26.250 31042 31419 D skia : SkJpegCodec::onGetPixels -
01-07 11:40:26.258 31376 31376 E OplusCustomizeRestrictionManager: sInstance is null, start a new sInstance
01-07 11:40:26.264 31376 31376 D CompatibilityChangeReporter: Compat change id reported: 147798919; UID 11059; state: DISABLED
01-07 11:40:26.287 31042 31042 I oplus.android.OplusFrameworkFactoryImpl: get feature:IOplusDynamicVsyncFeature
01-07 11:40:26.287 31042 31042 I oplus.android.OplusFrameworkFactoryImpl: get feature:IOplusDynamicVsyncFeature
01-07 11:40:26.287 31042 31042 I oplus.android.OplusFrameworkFactoryImpl: get feature:IOplusDynamicVsyncFeature
01-07 11:40:26.290 31042 31042 I oplus.android.OplusFrameworkFactoryImpl: get feature:IOplusDynamicVsyncFeature
01-07 11:40:26.290 31042 31042 I oplus.android.OplusFrameworkFactoryImpl: get feature:IOplusDynamicVsyncFeature
01-07 11:40:26.290 31042 31042 I oplus.android.OplusFrameworkFactoryImpl: get feature:IOplusDynamicVsyncFeature
01-07 11:40:26.292 31042 31042 I oplus.android.OplusFrameworkFactoryImpl: get feature:IOplusDynamicVsyncFeature
01-07 11:40:26.292 31042 31042 I oplus.android.OplusFrameworkFactoryImpl: get feature:IOplusDynamicVsyncFeature
01-07 11:40:26.292 31042 31042 I oplus.android.OplusFrameworkFactoryImpl: get feature:IOplusDynamicVsyncFeature
01-07 11:40:26.309 31376 31463 I Pinger : Ping response: `ping ok`, pinged? true
01-07 11:40:26.310 31376 31459 I HttpProxyCacheServer: Proxy cache server started. Is it alive? true
01-07 11:40:26.318 31042 31042 E UMLog : ┌───────────────────问题────────── ───────────────────────────────────────────────── ──────────────────
01-07 11:40:26.318 31042 31042 E UMLog : │ 对于页面 HomeGameTabFragment,请确保 先依序成对调用 onPageStart,onPageEnd 接口,再调用 onPageStart 接口对其它页面进行统计。
01-07 11:40:26.318 31042 31042 E UMLog : ├───────────────────解决方案──────── ───────────────────────────────────────────────── ────────────────────
01-07 11:40:26.318 31042 31042 E UMLog : │ 对于任意一个页面,必须依序成对调用 onPageStart 以及 onPageEnd,不能有遗漏。详见链接 https://developer.umeng.com/docs/66632/detail/66975?um_channel=sdk
01-07 11:40:26.318 31042 31042 E UMLog : └────────────────────────────────────────────────────────────────────────────────── ──────────────────────────────
01-07 11:40:26.352 31042 31051 I upgadata.up772: Background young concurrent copying GC freed 1014197(29MB) AllocSpace objects, 147(9788KB) LOS objects, 32% free, 36MB/53MB, paused 4.258ms,153us total 119.256ms
01-07 11:40:26.393 31042 31042 W System.err: android.content.pm.PackageManager$NameNotFoundException: com.tencent.letsgo
01-07 11:40:26.393 31042 31042 W System.err: at android.app.ApplicationPackageManager.getPackageInfoAsUser(ApplicationPackageManage r.java:258)
01-07 11:40:26.393 31042 31042 W System.err: at android.app.ApplicationPackageManager.getPackageInfo(ApplicationPackageManager.java :225)
01-07 11:40:26.393 31042 31042 W System.err: at com.upgadata.up7723.apps.AppManager.checkApkExist(AppManager.java:232)
01-07 11:40:26.393 31042 31042 W System.err: at com.upgadata.up7723.widget.view.DownLoadView.setData(DownLoadView.java:340)
01-07 11:40:26.393 31042 31042 W System.err: at com.upgadata.up7723.widget.HomeGameNormalView.update(HomeGameNormalView.java:199)
01-07 11:40:26.393 31042 31042 W System.err: at com.upgadata.up7723.base.BaseHolderAdapter.getView(BaseHolderAdapter.java:146)
01-07 11:40:26.393 31042 31042 W System.err: at android.widget.HeaderViewListAdapter.getView(HeaderViewListAdapter.java:224)
01-07 11:40:26.393 31042 31042 W System.err: at android.widget.AbsListView.obtainView(AbsListView.java:2435)
01-07 11:40:26.393 31042 31042 W System.err: at android.widget.ListView.makeAndAddView(ListView.java:2067)
01-07 11:40:26.393 31042 31042 W System.err: at android.widget.ListView.fillDown(ListView.java:793)
01-07 11:40:26.393 31042 31042 W System.err: at android.widget.ListView.fillFromTop(ListView.java:855)
01-07 11:40:26.393 31042 31042 W System.err: at android.widget.ListView.layoutChildren(ListView.java:1810)
01-07 11:40:26.393 31042 31042 W System.err: at android.widget.AbsListView.onLayout(AbsListView.java:2232)
01-07 11:40:26.394 31042 31042 W System.err: at android.view.View.layout(View.java:23482)
01-07 11:40:26.394 31042 31042 W System.err: at android.view.ViewGroup.layout(ViewGroup.java:6575)
01-07 11:40:26.394 31042 31042 W System.err: at android.widget.FrameLayout.layoutChildren(FrameLayout.java:332)
01-07 11:40:26.394 31042 31042 W System.err: at android.widget.FrameLayout.onLayout(FrameLayout.java:270)
01-07 11:40:26.394 31042 31042 W System.err: at android.view.View.layout(View.java:23482)
01-07 11:40:26.394 31042 31042 W System.err: at android.view.ViewGroup.layout(ViewGroup.java:6575)
01-07 11:40:26.394 31042 31042 W System.err: at android.widget.FrameLayout.layoutChildren(FrameLayout.java:332)
01-07 11:40:26.394 31042 31042 W System.err: at android.widget.FrameLayout.onLayout(FrameLayout.java:270)
01-07 11:40:26.394 31042 31042 W System.err: at android.view.View.layout(View.java:23482)
01-07 11:40:26.394 31042 31042 W System.err: at android.view.ViewGroup.layout(ViewGroup.java:6575)
01-07 11:40:26.394 31042 31042 W System.err: at android.widget.RelativeLayout.onLayout(RelativeLayout.java:1103)
01-07 11:40:26.394 31042 31042 W System.err: at android.view.View.layout(View.java:23482)
01-07 11:40:26.394 31042 31042 W System.err: at android.view.ViewGroup.layout(ViewGroup.java:6575)
01-07 11:40:26.394 31042 31042 W System.err: at androidx.viewpager.widget.ViewPager.onLayout(ViewPager.java:1775)
01-07 11:40:26.394 31042 31042 W System.err: at android.view.View.layout(View.java:23482)
01-07 11:40:26.394 31042 31042 W System.err: at android.view.ViewGroup.layout(ViewGroup.java:6575)
01-07 11:40:26.394 31042 31042 W System.err: at android.widget.RelativeLayout.onLayout(RelativeLayout.java:1103)
01-07 11:40:26.394 31042 31042 W System.err: at android.view.View.layout(View.java:23482)
01-07 11:40:26.394 31042 31042 W System.err: at android.view.ViewGroup.layout(ViewGroup.java:6575)
01-07 11:40:26.394 31042 31042 W System.err: at android.widget.FrameLayout.layoutChildren(FrameLayout.java:332)
01-07 11:40:26.394 31042 31042 W System.err: at android.widget.FrameLayout.onLayout(FrameLayout.java:270)
01-07 11:40:26.394 31042 31042 W System.err: at android.view.View.layout(View.java:23482)
01-07 11:40:26.394 31042 31042 W System.err: at android.view.ViewGroup.layout(ViewGroup.java:6575)
01-07 11:40:26.394 31042 31042 W System.err: at android.widget.RelativeLayout.onLayout(RelativeLayout.java:1103)
01-07 11:40:26.394 31042 31042 W System.err: at android.view.View.layout(View.java:23482)
01-07 11:40:26.394 31042 31042 W System.err: at android.view.ViewGroup.layout(ViewGroup.java:6575)
01-07 11:40:26.394 31042 31042 W System.err: at android.widget.FrameLayout.layoutChildren(FrameLayout.java:332)
01-07 11:40:26.394 31042 31042 W System.err: at android.widget.FrameLayout.onLayout(FrameLayout.java:270)
01-07 11:40:26.394 31042 31042 W System.err: at android.view.View.layout(View.java:23482)
01-07 11:40:26.394 31042 31042 W System.err: at android.view.ViewGroup.layout(ViewGroup.java:6575)
01-07 11:40:26.394 31042 31042 W System.err: at android.widget.LinearLayout.setChildFrame(LinearLayout.java:1841)
01-07 11:40:26.394 31042 31042 W System.err: at android.widget.LinearLayout.layoutVertical(LinearLayout.java:1673)
01-07 11:40:26.394 31042 31042 W System.err: at android.widget.LinearLayout.onLayout(LinearLayout.java:1582)
01-07 11:40:26.394 31042 31042 W System.err: at android.view.View.layout(View.java:23482)
01-07 11:40:26.394 31042 31042 W System.err: at android.view.ViewGroup.layout(ViewGroup.java:6575)
01-07 11:40:26.394 31042 31042 W System.err: at android.widget.FrameLayout.layoutChildren(FrameLayout.java:332)
01-07 11:40:26.394 31042 31042 W System.err: at android.widget.FrameLayout.onLayout(FrameLayout.java:270)
01-07 11:40:26.394 31042 31042 W System.err: at android.view.View.layout(View.java:23482)
01-07 11:40:26.394 31042 31042 W System.err: at android.view.ViewGroup.layout(ViewGroup.java:6575)
01-07 11:40:26.394 31042 31042 W System.err: at android.widget.LinearLayout.setChildFrame(LinearLayout.java:1841)
01-07 11:40:26.394 31042 31042 W System.err: at android.widget.LinearLayout.layoutVertical(LinearLayout.java:1673)
01-07 11:40:26.394 31042 31042 W System.err: at android.widget.LinearLayout.onLayout(LinearLayout.java:1582)
01-07 11:40:26.394 31042 31042 W System.err: at android.view.View.layout(View.java:23482)
01-07 11:40:26.394 31042 31042 W System.err: at android.view.ViewGroup.layout(ViewGroup.java:6575)
01-07 11:40:26.394 31042 31042 W System.err: at me.imid.swipebacklayout.lib.SwipeBackLayout.onLayout(SwipeBackLayout.java:386)
01-07 11:40:26.394 31042 31042 W System.err: at android.view.View.layout(View.java:23482)
01-07 11:40:26.394 31042 31042 W System.err: at android.view.ViewGroup.layout(ViewGroup.java:6575)
01-07 11:40:26.394 31042 31042 W System.err: at android.widget.FrameLayout.layoutChildren(FrameLayout.java:332)
01-07 11:40:26.394 31042 31042 W System.err: at android.widget.FrameLayout.onLayout(FrameLayout.java:270)
01-07 11:40:26.394 31042 31042 W System.err: at com.android.internal.policy.DecorView.onLayout(DecorView.java:873)
01-07 11:40:26.394 31042 31042 W System.err: at android.view.View.layout(View.java:23482)
01-07 11:40:26.394 31042 31042 W System.err: at android.view.ViewGroup.layout(ViewGroup.java:6575)
01-07 11:40:26.394 31042 31042 W System.err: at android.view.ViewRootImpl.performLayout(ViewRootImpl.java:4075)
01-07 11:40:26.394 31042 31042 W System.err: at android.view.ViewRootImpl.performTraversals(ViewRootImpl.java:3470)
01-07 11:40:26.394 31042 31042 W System.err: at android.view.ViewRootImpl.doTraversal(ViewRootImpl.java:2398)
01-07 11:40:26.394 31042 31042 W System.err: at android.view.ViewRootImpl$TraversalRunnable.run(ViewRootImpl.java:9407)
01-07 11:40:26.394 31042 31042 W System.err: at android.view.Choreographer$CallbackRecord.run(Choreographer.java:1218)
01-07 11:40:26.394 31042 31042 W System.err: at android.view.Choreographer.doCallbacks(Choreographer.java:972)
01-07 11:40:26.394 31042 31042 W System.err: at android.view.ChoreographerExtImpl.checkScrollOptSceneEnable(ChoreographerExtImpl.ja va:328)
01-07 11:40:26.394 31042 31042 W System.err: at android.view.Choreographer.doFrame(Choreographer.java:859)
01-07 11:40:26.394 31042 31042 W System.err: at android.view.Choreographer$FrameDisplayEventReceiver.run(Choreographer.java:1203)
01-07 11:40:26.394 31042 31042 W System.err: at android.os.Handler.handleCallback(Handler.java:938)
01-07 11:40:26.394 31042 31042 W System.err: at android.os.Handler.dispatchMessage(Handler.java:99)
01-07 11:40:26.394 31042 31042 W System.err: at android.os.Looper.loopOnce(Looper.java:233)
01-07 11:40:26.394 31042 31042 W System.err: at android.os.Looper.loop(Looper.java:344)
01-07 11:40:26.394 31042 31042 W System.err: at android.app.ActivityThread.main(ActivityThread.java:8205)
01-07 11:40:26.394 31042 31042 W System.err: at java.lang.reflect.Method.invoke(Native Method)
01-07 11:40:26.394 31042 31042 W System.err: at com.android.internal.os.RuntimeInit$MethodAndArgsCaller.run(RuntimeInit.java:589)
01-07 11:40:26.394 31042 31042 W System.err: at com.android.internal.os.ZygoteInit.main(ZygoteInit.java:1071)
01-07 11:40:26.396 31042 31042 W System.err: android.content.pm.PackageManager$NameNotFoundException: com.tencent.letsgo
01-07 11:40:26.396 31042 31042 W System.err: at android.app.ApplicationPackageManager.getPackageInfoAsUser(ApplicationPackageManage r.java:258)
01-07 11:40:26.396 31042 31042 W System.err: at android.app.ApplicationPackageManager.getPackageInfo(ApplicationPackageManager.java :225)
01-07 11:40:26.396 31042 31042 W System.err: at com.upgadata.up7723.apps.AppManager.checkApkExist(AppManager.java:232)
01-07 11:40:26.396 31042 31042 W System.err: at com.upgadata.up7723.widget.view.DownLoadView.setDownloadState(DownLoadView.java:800 )
01-07 11:40:26.396 31042 31042 W System.err: at com.upgadata.up7723.widget.view.DownLoadView.downState(DownLoadView.java:604)
01-07 11:40:26.396 31042 31042 W System.err: at com.upgadata.up7723.widget.view.DownLoadView.updateView(DownLoadView.java:520)
01-07 11:40:26.396 31042 31042 W System.err: at com.upgadata.up7723.widget.view.DownLoadView.setData(DownLoadView.java:373)
01-07 11:40:26.396 31042 31042 W System.err: at com.upgadata.up7723.widget.HomeGameNormalView.update(HomeGameNormalView.java:199)
01-07 11:40:26.396 31042 31042 W System.err: at com.upgadata.up7723.base.BaseHolderAdapter.getView(BaseHolderAdapter.java:146)
01-07 11:40:26.396 31042 31042 W System.err: at android.widget.HeaderViewListAdapter.getView(HeaderViewListAdapter.java:224)
01-07 11:40:26.396 31042 31042 W System.err: at android.widget.AbsListView.obtainView(AbsListView.java:2435)
01-07 11:40:26.396 31042 31042 W System.err: at android.widget.ListView.makeAndAddView(ListView.java:2067)
01-07 11:40:26.396 31042 31042 W System.err: at android.widget.ListView.fillDown(ListView.java:793)
01-07 11:40:26.396 31042 31042 W System.err: at android.widget.ListView.fillFromTop(ListView.java:855)
01-07 11:40:26.396 31042 31042 W System.err: at android.widget.ListView.layoutChildren(ListView.java:1810)
01-07 11:40:26.396 31042 31042 W System.err: at android.widget.AbsListView.onLayout(AbsListView.java:2232)
01-07 11:40:26.396 31042 31042 W System.err: at android.view.View.layout(View.java:23482)
01-07 11:40:26.396 31042 31042 W System.err: at android.view.ViewGroup.layout(ViewGroup.java:6575)
01-07 11:40:26.396 31042 31042 W System.err: at android.widget.FrameLayout.layoutChildren(FrameLayout.java:332)
01-07 11:40:26.396 31042 31042 W System.err: at android.widget.FrameLayout.onLayout(FrameLayout.java:270)
01-07 11:40:26.396 31042 31042 W System.err: at android.view.View.layout(View.java:23482)
01-07 11:40:26.396 31042 31042 W System.err: at android.view.ViewGroup.layout(ViewGroup.java:6575)
01-07 11:40:26.396 31042 31042 W System.err: at android.widget.FrameLayout.layoutChildren(FrameLayout.java:332)
01-07 11:40:26.396 31042 31042 W System.err: at android.widget.FrameLayout.onLayout(FrameLayout.java:270)
01-07 11:40:26.396 31042 31042 W System.err: at android.view.View.layout(View.java:23482)
01-07 11:40:26.396 31042 31042 W System.err: at android.view.ViewGroup.layout(ViewGroup.java:6575)
01-07 11:40:26.396 31042 31042 W System.err: at android.widget.RelativeLayout.onLayout(RelativeLayout.java:1103)
01-07 11:40:26.396 31042 31042 W System.err: at android.view.View.layout(View.java:23482)
01-07 11:40:26.396 31042 31042 W System.err: at android.view.ViewGroup.layout(ViewGroup.java:6575)
01-07 11:40:26.396 31042 31042 W System.err: at androidx.viewpager.widget.ViewPager.onLayout(ViewPager.java:1775)
01-07 11:40:26.396 31042 31042 W System.err: at android.view.View.layout(View.java:23482)
01-07 11:40:26.396 31042 31042 W System.err: at android.view.ViewGroup.layout(ViewGroup.java:6575)
01-07 11:40:26.396 31042 31042 W System.err: at android.widget.RelativeLayout.onLayout(RelativeLayout.java:1103)
01-07 11:40:26.396 31042 31042 W System.err: at android.view.View.layout(View.java:23482)
01-07 11:40:26.396 31042 31042 W System.err: at android.view.ViewGroup.layout(ViewGroup.java:6575)
01-07 11:40:26.396 31042 31042 W System.err: at android.widget.FrameLayout.layoutChildren(FrameLayout.java:332)
01-07 11:40:26.396 31042 31042 W System.err: at android.widget.FrameLayout.onLayout(FrameLayout.java:270)
01-07 11:40:26.396 31042 31042 W System.err: at android.view.View.layout(View.java:23482)
01-07 11:40:26.396 31042 31042 W System.err: at android.view.ViewGroup.layout(ViewGroup.java:6575)
01-07 11:40:26.396 31042 31042 W System.err: at android.widget.RelativeLayout.onLayout(RelativeLayout.java:1103)
01-07 11:40:26.396 31042 31042 W System.err: at android.view.View.layout(View.java:23482)
01-07 11:40:26.396 31042 31042 W System.err: at android.view.ViewGroup.layout(ViewGroup.java:6575)
01-07 11:40:26.396 31042 31042 W System.err: at android.widget.FrameLayout.layoutChildren(FrameLayout.java:332)
01-07 11:40:26.396 31042 31042 W System.err: at android.widget.FrameLayout.onLayout(FrameLayout.java:270)
01-07 11:40:26.396 31042 31042 W System.err: at android.view.View.layout(View.java:23482)
01-07 11:40:26.396 31042 31042 W System.err: at android.view.ViewGroup.layout(ViewGroup.java:6575)
01-07 11:40:26.396 31042 31042 W System.err: at android.widget.LinearLayout.setChildFrame(LinearLayout.java:1841)
01-07 11:40:26.396 31042 31042 W System.err: at android.widget.LinearLayout.layoutVertical(LinearLayout.java:1673)
01-07 11:40:26.396 31042 31042 W System.err: at android.widget.LinearLayout.onLayout(LinearLayout.java:1582)
01-07 11:40:26.396 31042 31042 W System.err: at android.view.View.layout(View.java:23482)
01-07 11:40:26.396 31042 31042 W System.err: at android.view.ViewGroup.layout(ViewGroup.java:6575)
01-07 11:40:26.396 31042 31042 W System.err: at android.widget.FrameLayout.layoutChildren(FrameLayout.java:332)
01-07 11:40:26.396 31042 31042 W System.err: at android.widget.FrameLayout.onLayout(FrameLayout.java:270)
01-07 11:40:26.396 31042 31042 W System.err: at android.view.View.layout(View.java:23482)
01-07 11:40:26.396 31042 31042 W System.err: at android.view.ViewGroup.layout(ViewGroup.java:6575)
01-07 11:40:26.396 31042 31042 W System.err: at android.widget.LinearLayout.setChildFrame(LinearLayout.java:1841)
01-07 11:40:26.396 31042 31042 W System.err: at android.widget.LinearLayout.layoutVertical(LinearLayout.java:1673)
01-07 11:40:26.396 31042 31042 W System.err: at android.widget.LinearLayout.onLayout(LinearLayout.java:1582)
01-07 11:40:26.396 31042 31042 W System.err: at android.view.View.layout(View.java:23482)
01-07 11:40:26.396 31042 31042 W System.err: at android.view.ViewGroup.layout(ViewGroup.java:6575)
01-07 11:40:26.396 31042 31042 W System.err: at me.imid.swipebacklayout.lib.SwipeBackLayout.onLayout(SwipeBackLayout.java:386)
01-07 11:40:26.396 31042 31042 W System.err: at android.view.View.layout(View.java:23482)
01-07 11:40:26.396 31042 31042 W System.err: at android.view.ViewGroup.layout(ViewGroup.java:6575)
01-07 11:40:26.396 31042 31042 W System.err: at android.widget.FrameLayout.layoutChildren(FrameLayout.java:332)
01-07 11:40:26.396 31042 31042 W System.err: at android.widget.FrameLayout.onLayout(FrameLayout.java:270)
01-07 11:40:26.396 31042 31042 W System.err: at com.android.internal.policy.DecorView.onLayout(DecorView.java:873)
01-07 11:40:26.396 31042 31042 W System.err: at android.view.View.layout(View.java:23482)
01-07 11:40:26.396 31042 31042 W System.err: at android.view.ViewGroup.layout(ViewGroup.java:6575)
01-07 11:40:26.396 31042 31042 W System.err: at android.view.ViewRootImpl.performLayout(ViewRootImpl.java:4075)
01-07 11:40:26.396 31042 31042 W System.err: at android.view.ViewRootImpl.performTraversals(ViewRootImpl.java:3470)
01-07 11:40:26.396 31042 31042 W System.err: at android.view.ViewRootImpl.doTraversal(ViewRootImpl.java:2398)
01-07 11:40:26.396 31042 31042 W System.err: at android.view.ViewRootImpl$TraversalRunnable.run(ViewRootImpl.java:9407)
01-07 11:40:26.396 31042 31042 W System.err: at android.view.Choreographer$CallbackRecord.run(Choreographer.java:1218)
01-07 11:40:26.397 31042 31042 W System.err: at android.view.Choreographer.doCallbacks(Choreographer.java:972)
