The document contains log messages from an Android application startup process. It records the initialization of various system components, libraries, and frameworks as the application launches. Error messages indicate issues connecting to some services and invalid IDs during the startup. Performance metrics are also logged around loading classes, caches, and native libraries during the application launch.
We take content rights seriously. If you suspect this is your content, claim it here.
Available Formats
Download as TXT, PDF, TXT or read online on Scribd
0 ratings0% found this document useful (0 votes)
214 views1,306 pages
Com - Upgadata.up7723 Logcat
The document contains log messages from an Android application startup process. It records the initialization of various system components, libraries, and frameworks as the application launches. Error messages indicate issues connecting to some services and invalid IDs during the startup. Performance metrics are also logged around loading classes, caches, and native libraries during the application launch.
We take content rights seriously. If you suspect this is your content, claim it here.
Available Formats
Download as TXT, PDF, TXT or read online on Scribd
You are on page 1/ 1306
--------- beginning of main
01-07 11:40:22.355 31042 31042 D OplusFeatureConfigManager: Milliseconds spent on
initOplusFeatureCache(): 0
01-07 11:40:22.394 31042 31042 I Zeus/init: ZeusManager init, context = com.upgadata.up7723.MyApplication@9689405, hParam = com.bytedance.pangle.GlobalParam@f7ebc5a
01-07 11:40:22.396 31042 31042 E flipped : init succeeded.
01-07 11:40:22.397 31042 31098 E flipped : Attach current thread 0
01-07 11:40:22.397 31042 31098 E flipped : Detach current thread 0
01-07 11:40:22.397 31042 31099 E flipped : Attach current thread 0
01-07 11:40:22.398 31042 31099 E flipped : Detach current thread 0
01-07 11:40:22.399 31042 31042 W Zeus/init: ZeusManager disableApiWarningShownForAndroidP, true
01-07 11:40:22.401 31042 31042 W Zeus/provider: Need to init system provider info start [packageNam:=com.upgadata.up7723],[processName=com.upgadata.up7723], [authority:com.upgadata.up7723.pangle.provider.proxy.main]
01-07 11:40:22.401 31042 31042 W Zeus/provider: Init system provider info finish [packageNam:=com.upgadata.up7723],[processName=com.upgadata.up7723], [authority:com.upgadata.up7723.pangle.provider.proxy.main]
01-07 11:40:22.451 31042 31042 D CompatibilityChangeReporter: Compat change id reported: 149924527; UID 11059; state: ENABLED
01-07 11:40:22.451 31042 31042 D CompatibilityChangeReporter: Compat change id reported: 132649864; UID 11059; state: DISABLED
01-07 11:40:22.520 31042 31042 I oplus.android.OplusFrameworkFactoryImpl: Unknow feature:IOplusTextViewRTLUtilForUG --------- beginning of system
01-07 11:40:22.523 31042 31042 E OplusCustomizeRestrictionManager: sInstance is null, start a new sInstance
01-07 11:40:22.525 31042 31042 D CompatibilityChangeReporter: Compat change id reported: 147798919; UID 11059; state: DISABLED
01-07 11:40:22.554 31042 31117 I Pinger : Ping response: `ping ok`, pinged? true
01-07 11:40:22.554 31042 31108 I HttpProxyCacheServer: Proxy cache server started. Is it alive? true
01-07 11:40:22.577 31042 31108 D CompatibilityChangeReporter: Compat change id reported: 160794467; UID 11059; state: DISABLED
01-07 11:40:22.601 31042 31042 I WebViewFactory: Loading com.google.android.webview version 97.0.4692.98 (code 469209833)
01-07 11:40:22.616 31042 31042 I Quality : LaunchTime2.0: com.google.android.webview createOrUpdateClassLoaderLocked took time: 14
01-07 11:40:22.649 31042 31042 I cr_WVCFactoryProvider: Loaded version=97.0.4692.98 minSdkVersion=29 isBundle=false multiprocess=true packageId=2
01-07 11:40:22.665 31042 31042 I cr_LibraryLoader: Successfully loaded native library
01-07 11:40:22.666 31042 31042 I cr_CachingUmaRecorder: Flushed 9 samples from 9 histograms.
01-07 11:40:22.689 31042 31130 W GmsClient: unable to connect to service: com.google.android.gms.safetynet.service.START on com.google.android.gms
01-07 11:40:22.774 31042 31042 D CompatibilityChangeReporter: Compat change id reported: 171228096; UID 11059; state: ENABLED
01-07 11:40:22.811 31042 31042 V Application: getAutofillClient(): null on super, trying to find activity thread
01-07 11:40:22.811 31042 31042 V Application: getAutofillClient(): none of the 0 activities on com.upgadata.up7723.MyApplication@9689405 have focus
01-07 11:40:22.811 31042 31042 V AutofillManager: No AutofillClient for com.upgadata.up7723 on context com.upgadata.up7723.MyApplication@9689405
01-07 11:40:22.815 31042 31042 V Application: getAutofillClient(): null on super, trying to find activity thread
01-07 11:40:22.815 31042 31042 V Application: getAutofillClient(): none of the 0 activities on com.upgadata.up7723.MyApplication@9689405 have focus
01-07 11:40:22.815 31042 31042 V AutofillManager: No AutofillClient for com.upgadata.up7723 on context com.upgadata.up7723.MyApplication@9689405
01-07 11:40:22.861 31042 31042 I eup : register native abi method success
01-07 11:40:22.876 31042 31042 I MMKV : page size:4096
01-07 11:40:22.879 31042 31042 I MMKV : root dir: /data/user/0/com.upgadata.up7723/files/mmkv
01-07 11:40:22.990 31042 31218 I crashsdk: version unique build id: 71c386fc
01-07 11:40:22.993 31042 31219 D crashsdk: Native log stat thread 31219 setup, waiting
01-07 11:40:22.995 31042 31042 I crashsdk: Catcher mask: 5000, 20480
01-07 11:40:22.995 31042 31042 I crashsdk: Catcher thread 31048
01-07 11:40:22.995 31042 31042 D crashsdk: Register ANR handler ...
01-07 11:40:22.995 31042 31042 I crashsdk: begin hack android.os.Process
01-07 11:40:22.995 31042 31042 I crashsdk: end hack android.os.Process
01-07 11:40:22.995 31042 31042 I crashsdk: LibcMalloc detail: disabled.
01-07 11:40:23.001 31042 31042 E upgadata.up772: Invalid ID 0x00000000.
01-07 11:40:23.002 31042 31042 E upgadata.up772: Invalid ID 0x00000000.
01-07 11:40:23.008 31042 31042 D WpkPaConfig: un repeat check in 24 hour!
01-07 11:40:23.010 31042 31042 I Matrix.AnrTracer: anrTrace, final mAnrBeatTime:400, mAnrBeatRate:400
01-07 11:40:23.014 31042 31042 D LaunchConfigManager: un repeat check in 24 hour!
01-07 11:40:23.016 31042 31227 I LaunchTrace: begin sendLaunchCache
01-07 11:40:23.018 31042 31042 I UMCrash : inner config : net rate is 0
01-07 11:40:23.018 31042 31042 I UMCrash : inner config : net close.
01-07 11:40:23.019 31042 31224 W efs.send_log: tryFileLock start!
01-07 11:40:23.021 31042 31229 W efs.send_log: tryFileLock sendlock sucess! processname: com.upgadata.up7723
01-07 11:40:23.035 31042 31224 I efs.config: delete old config is false
01-07 11:40:23.041 31042 31224 I efs.config: current config version (-1) is older than another (1702451185)
01-07 11:40:23.041 31042 31224 I efs.config: load config from storage and notify observer
01-07 11:40:23.064 31042 31042 W Settings: Setting android_id has moved from android.provider.Settings.System to android.provider.Settings.Secure, returning read-only value.
01-07 11:40:23.105 31042 31230 D OplusInputMethodUtil: init DEBUG to false, update DEBUG_IME to false
01-07 11:40:23.105 31042 31230 D OplusInputMethodUtil: init DEBUG to false, update DEBUG_IME to false
01-07 11:40:23.110 31042 31042 I Quality : BindApplication: com.upgadata.up7723
01-07 11:40:23.110 31042 31042 E ANR_LOG : >>> msg's executing time is too long
01-07 11:40:23.110 31042 31042 E ANR_LOG : Blocked msg = { when=-1s887ms what=110 target=android.app.ActivityThread$H obj=AppBindData{appInfo=ApplicationInfo{a29496f com.upgadata.up7723}} } , cost = 1883 ms
01-07 11:40:23.110 31042 31042 E ANR_LOG : >>>Current msg List is:
01-07 11:40:23.110 31042 31042 E ANR_LOG : Current msg <1> = { when=-1s885ms what=159 target=android.app.ActivityThread$H obj=android.app.servertransaction.ClientTransaction@9df4cab6 }
01-07 11:40:23.110 31042 31042 E ANR_LOG : Current msg <2> = { when=-1s885ms what=159 target=android.app.ActivityThread$H obj=android.app.servertransaction.ClientTransaction@74ed90bd }
01-07 11:40:23.110 31042 31042 E ANR_LOG : Current msg <3> = { when=-1s647ms what=149 target=android.app.ActivityThread$H obj=android.os.BinderProxy@ba291d5 }
01-07 11:40:23.110 31042 31042 E ANR_LOG : Current msg <4> = { when=-883ms what=0 target=android.app.ActivityThread$H callback=android.app.ActivityThread$ $ExternalSyntheticLambda1 }
01-07 11:40:23.110 31042 31042 E ANR_LOG : Current msg <5> = { when=-661ms what=164 target=android.app.ActivityThread$H obj=com.upgadata.up7723 }
01-07 11:40:23.111 31042 31042 E ANR_LOG : Current msg <6> = { when=-585ms what=2 target=android.widget.Toast$TN$1 }
01-07 11:40:23.111 31042 31042 E ANR_LOG : Current msg <7> = { when=-444ms what=0 target=android.os.Handler callback=Lr0 }
01-07 11:40:23.111 31042 31042 E ANR_LOG : Current msg <8> = { when=-419ms what=0 target=Vr0 callback=n20 }
01-07 11:40:23.111 31042 31042 E ANR_LOG : Current msg <9> = { when=-354ms what=0 target=android.os.Handler callback=r5 }
01-07 11:40:23.111 31042 31042 E ANR_LOG : Current msg <10> = { when=-344ms what=0 target=android.app.ActivityThread$H callback=android.app.LoadedApk$ReceiverDispatcher$Args$$ExternalSyntheticLambda0 }
01-07 11:40:23.111 31042 31042 E ANR_LOG : >>>CURRENT MSG DUMP OVER<<<
01-07 11:40:23.129 31042 31258 D libMEOW : meow new tls: 0xb61b3400
01-07 11:40:23.131 31042 31258 D libMEOW : meow reload base cfg path: na
01-07 11:40:23.131 31042 31258 D libMEOW : meow reload overlay cfg path: na
01-07 11:40:23.133 31042 31258 W QT : qt_process_init() called
01-07 11:40:23.133 31042 31258 E QT : [QT]file does not exist
01-07 11:40:23.133 31042 31258 W QT : Support!!
01-07 11:40:23.141 31042 31258 E QT : [QT]file does not exist
01-07 11:40:23.141 31042 31258 D libMEOW : applied 1 plugins for [com.upgadata.up7723]:
01-07 11:40:23.141 31042 31258 D libMEOW : plugin 1: [libMEOW_gift.so]:
01-07 11:40:23.152 31042 31230 I UMLog : 统计 SDK 版本号: 9.4.4
01-07 11:40:23.153 31042 31258 D libMEOW : meow delete tls: 0xb61b3400
01-07 11:40:23.153 31042 31230 I UMLog : ZID SDK 版本号: 1.4.1
01-07 11:40:23.157 31042 31230 I UMLog : APM SDK 版本号: 1.5.2
01-07 11:40:23.157 31042 31230 I MobclickAgent: module init:azioc
01-07 11:40:23.166 31042 31230 E upgadata.up772: Invalid ID 0x00000000.
01-07 11:40:23.183 31042 31042 D ScrollOptimizationHelper: can't find the config file for optimizaiton
01-07 11:40:23.183 31042 31042 D ScrollOptimizationHelper: will not debug for debug is false
01-07 11:40:23.183 31042 31042 I oplus.android.OplusFrameworkFactoryImpl: get feature:IOplusDynamicVsyncFeature
01-07 11:40:23.183 31042 31042 I oplus.android.OplusFrameworkFactoryImpl: get feature:IOplusDynamicVsyncFeature
01-07 11:40:23.184 31042 31042 I oplus.android.OplusFrameworkFactoryImpl: get feature:IOplusDynamicVsyncFeature
01-07 11:40:23.256 31042 31042 D skia : SkJpegCodec::onGetPixels +
01-07 11:40:23.256 31042 31042 E ion : ioctl c0044901 failed with code -1: Invalid argument
01-07 11:40:23.258 31042 31042 D skia : stream getLength() supported, buffer addr 0xb7fa2000 length 455168
01-07 11:40:23.258 31042 31042 D skia : LoadInputStreamToMem va 0xb7fa2000 size 455168
01-07 11:40:23.259 31042 31042 D libjpeg-alpha: Huffman Builder run in subthread
01-07 11:40:23.259 31042 31042 D libjpeg-alpha: Tile Decoder (#thread:3, size:256 256 208 x480, alignment:256x16)
01-07 11:40:23.270 31042 31042 D skia : SkJpegCodec::onGetPixels -
01-07 11:40:23.278 31042 31250 E RequestManager: response ----- >5E76A24E36E1E82098B3A51922D375E627C12B70E9F381457DC528959BDBC7410EF6940F754BBA364D 592633440E52C48DBD9F44A4D1A45F6765B63952626549C89C8CE633F4FA3754C920E304502235736E5 ADA0B4B197E9A9FE3E602913B299294ECCD42B5DBE04E7B9E36C78302064436F926599627C5F734F59C B164A0FA3DB5A85B764D5A8FE68E4D45275F60FCC5B55DC3B0304C0B2F1E626D4507CA3C5EAC2095118 61B19B8489C84D80000726A822484A8CA8BE2A07B3A502343427B12D6D6DF5D12E2E8CA4DA595249A65 6DE4A8AC41B59140BE303076F9E6BA9349C468BECB3B935BDBE499532E20A0DED5C08F036983B653506 7BFC29F4D009AE3236CC9F5B313632FE6F03FB9C1F0A2C6B2605530480794C5E6F657002A8EB36F1363 A5232162C7F917725E8820E34D41C999F3DA2341A8A0F99D15D2C4C6E2C9402DC603824D08283CBA03B 2C742AA5FDD7C68764956075A90951AB7E94B5AE72CE80CA1BB3346F6AEE6A668F097D039626E0D7F9D 7699478FAB80E7B3FF9B52C7DDDC2B5D489F89ED83587A9229D2B0E5352496B7111CBBAB7001D52E638 9E9419D90AE5F9F6ACA89D0E8362BBAB39B2E82693BF73A0587E007353C673DCAF4CF8427D3F5A15DE5 A5BCB088D7D2F2498F3EFFE2F9AF20AE5759583884AC2EF8D5FB137F88B2C418BB0CE9612B7F9B0CF06 C8618BA2E40EB1F8F110CA095A344C9E5E54B173CC4540A7CC9A34C33CA52DC5CD9ECC06F6DEBEBA1BE 725DAB56118FCCF3E6C8B7C64B8173A15E7430DF68534DE8DF71B19182DA76337D9272C90A
01-07 11:40:23.279 31042 31042 I crashsdk: Unexp log not enabled, skip update unexp info!
01-07 11:40:23.282 31042 31042 E SplashActivity: onResume
01-07 11:40:23.282 31042 31246 E RequestManager: response ----- >E3C04D6890947C598888AB2B412A6FE23E8997A72B72F43D1D282AFD4CA6BD9F1BE9733B691FFA0955 D90B14E5488D9604DEE91DF4B44148419552BFE5C3005CB448D064C2AE4B54ECD40361911A2EBE5BA51 9E4A890192FA5DAB9E511DBB6318A64B2532F0EA5A00CDC7F31D9E86BB4D9874442E4E994875F37618E A1A65E9A6B3957F42FDC4F42A582291AFD9233F0DCD5472CDD8A1DBF5DAC15125AEB5399B34A50C22A2 411FD3E87DCF365E196446250CD5526389532387C5217DEC445B906997FAF920D2F00041166591014C1 002475311DCF56729D998DCE6E25E44687100E123B4A711EC8C4343702DFF2C94F98D1B0513BE77048A AE97A96AE8D1557D559BE20D6924DCA13995156B3C8FCB3
01-07 11:40:23.284 31042 31042 I SurfaceFactory: [static] sSurfaceFactory = com.mediatek.view.impl.SurfaceFactoryImpl@65dad1e
01-07 11:40:23.285 31042 31042 I MsyncFactory: [static] sMsyncFactory = com.mediatek.view.impl.MsyncFactoryImpl@3d609ff
01-07 11:40:23.286 31042 31277 D OpenMsyncAppList: loadTunerAppList +
01-07 11:40:23.287 31042 31042 I OplusSlideAnimOptHelper: checkListMode: is blacklist mode = true
01-07 11:40:23.287 31042 31042 D OplusSlideAnimOptHelper: com.upgadata.up7723 scrollEffectOpt enable = true
01-07 11:40:23.288 31042 31277 D OpenMsyncAppList: loadTunerAppList -
01-07 11:40:23.290 31042 31042 D WindowManager: Add to mViews: DecorView@48b471b[SplashActivity],pkg= com.upgadata.up7723
01-07 11:40:23.291 31042 31256 D ExtensionsLoader: createInstance(32bit) : createExtendedFactory
01-07 11:40:23.292 31042 31256 E ExtensionsLoader: dlopen failed: library "libhwuiextimpl.so" not found
01-07 11:40:23.292 31042 31042 D ExtensionsLoader: createInstance(32bit) : createExtendedFactory
01-07 11:40:23.294 31042 31042 D ExtensionsLoader: Opened libSchedAssistExtImpl.so
01-07 11:40:23.294 31042 31042 E upgadata.up772: ofbOpen failed with error=No such file or directory
01-07 11:40:23.294 31042 31042 E upgadata.up772: sysOpen failed with error=No such file or directory
01-07 11:40:23.296 31042 31042 D ViewRootImpl[SplashActivity]: hardware acceleration = true, sRendererEnabled = true, forceHwAccelerated = false
01-07 11:40:23.302 31042 31042 D libMEOW : meow new tls: 0xdd9d6380
01-07 11:40:23.302 31042 31042 D libMEOW : applied 1 plugins for [com.upgadata.up7723]:
01-07 11:40:23.302 31042 31042 D libMEOW : plugin 1: [libMEOW_gift.so]:
01-07 11:40:23.349 31042 31042 I PowerHalWrapper: PowerHalWrapper.getInstance
01-07 11:40:23.352 31042 31042 E cr_PlatformSer-Internal: Unable to determine Safe Browsing user opt-in preference
01-07 11:40:23.358 31042 31042 I crashsdk: Unexp log not enabled, skip update unexp info!
01-07 11:40:23.359 31042 31042 I efs.config: --->>> configCallback key is apm_startperf_sampling_rate ## value is 5
01-07 11:40:23.360 31042 31042 I efs.config: --->>> configCallback key is apm_patrace_switch_rate ## value is 5
01-07 11:40:23.360 31042 31042 I efs.config: --->>> configCallback key is apm_net_state ## value is 0
01-07 11:40:23.360 31042 31042 I efs.config: callback net rate is 0
01-07 11:40:23.360 31042 31308 W efs.info.manager: network change: 4g
01-07 11:40:23.361 31042 31042 I efs.config: --->>> configCallback key is apm_memperf_sampling_rate ## value is 0
01-07 11:40:23.361 31042 31042 I efs.config: --->>> configCallback key is apm_memperf_collect_interval ## value is 5
01-07 11:40:23.361 31042 31042 I efs.config: --->>> configCallback key is apm_memperf_collect_max_period_sec ## value is 600
01-07 11:40:23.367 31042 31042 I Quality : Skipped: false 3
01-07 11:40:23.367 31042 31130 E Parcel : Reading a NULL string not supported here.
01-07 11:40:23.370 31042 31042 D ExtensionsLoader: createInstance(32bit) : createExtendedFactory
01-07 11:40:23.371 31042 31042 D ExtensionsLoader: Opened libSchedAssistExtImpl.so
01-07 11:40:23.399 31042 31042 I BufferQueueConsumer: [](id:794200000000,api:0,p:- 1,c:31042) connect: controlledByApp=false
01-07 11:40:23.401 31042 31042 I BLASTBufferQueue: [ViewRootImpl[com.upgadata.up7723/com.upgadata.up7723.main.activity.SplashActivity] #0] constructor()
01-07 11:40:23.403 31042 31042 D ExtensionsLoader: createInstance(32bit) : createExtendedFactory
01-07 11:40:23.403 31042 31042 D ExtensionsLoader: Opened libSchedAssistExtImpl.so
01-07 11:40:23.404 31042 31042 V OplusZoomWindowDecorViewHelper: setLastReportedMergedConfiguration mZoomDisplayHeight: 1612 getDecorView.76236571
01-07 11:40:23.404 31042 31256 D libMEOW : meow new tls: 0xc0de6840
01-07 11:40:23.404 31042 31256 D libMEOW : applied 1 plugins for [com.upgadata.up7723]:
01-07 11:40:23.404 31042 31256 D libMEOW : plugin 1: [libMEOW_gift.so]:
01-07 11:40:23.431 31042 31256 D hw-ProcessState: Binder ioctl to enable oneway spam detection failed: Invalid argument
01-07 11:40:23.446 31042 31230 D UMLog : 当前发送策略为:启动时发送。详见链接 https://developer.umeng.com/docs/66632/detail/66976?um_channel=sdk
01-07 11:40:23.446 31042 31230 D UMLog : 当前发送策略为:启动时发送。详见链接 https://developer.umeng.com/docs/66632/detail/66976?um_channel=sdk
01-07 11:40:23.452 31042 31256 I BufferQueueProducer: [ViewRootImpl[com.upgadata.up7723/com.upgadata.up7723.main.activity.SplashActivity] #0(BLAST Consumer)0](id:794200000000,api:1,p:31042,c:31042) connect: api=1 producerControlledByApp=true
01-07 11:40:23.464 31042 31256 D hw-ProcessState: Binder ioctl to enable oneway spam detection failed: Invalid argument
01-07 11:40:23.466 31042 31230 W SQLiteLog: (28) double-quoted string literal: "UjftmJwNeB//pVBx7mhtEWsumER1s/R2dD0kgJvz72xquzjv5h9cuXT/0y4zVZYmsYwJzNRPt3w4
01-07 11:40:23.466 31042 31230 W SQLiteLog: Te8PaudjMA==
01-07 11:40:23.466 31042 31230 W SQLiteLog: "
01-07 11:40:23.466 31042 31230 W SQLiteLog: (28) double-quoted string literal: "585539B0127CE131307A2588F3F249E8"
01-07 11:40:23.470 31042 31230 W SQLiteLog: (28) double-quoted string literal: "1704544639154"
01-07 11:40:23.471 31042 31230 W SQLiteLog: (28) double-quoted string literal: "585539B0127CE131307A2588F3F249E8"
01-07 11:40:23.481 31042 31230 W SQLiteLog: (28) double-quoted string literal: "1704544639154"
01-07 11:40:23.481 31042 31230 W SQLiteLog: (28) double-quoted string literal: "0"
01-07 11:40:23.481 31042 31230 W SQLiteLog: (28) double-quoted string literal: ""
01-07 11:40:23.481 31042 31230 W SQLiteLog: (28) double-quoted string literal: ""
01-07 11:40:23.481 31042 31230 W SQLiteLog: (28) double-quoted string literal: "585539B0127CE131307A2588F3F249E8"
01-07 11:40:23.491 31042 31230 D UMLog : 当前发送策略为:启动时发送。详见链接 https://developer.umeng.com/docs/66632/detail/66976?um_channel=sdk
01-07 11:40:23.517 31042 31230 D MobclickAgent: 本次启动会话:{"sessions": [{"id":"739F621E987AF04DC15D7BB2A75A0CA3","start_time":"1704598823282"}]}
01-07 11:40:23.517 31042 31230 D MobclickAgent: 本次启动基础信息: {"sdk_version":"9.4.4","device_id":"DF77F81843FB437AB30B094244C2E69E5f4c26eec1e3b74 ed91f7e786ae6b71c","device_model":"PFTM20","version":483,"appkey":"54055c08fd98c577 d905a0f1","channel":"3G"}
01-07 11:40:23.518 31042 31230 W SQLiteLog: (28) double-quoted string literal: "739F621E987AF04DC15D7BB2A75A0CA3"
01-07 11:40:23.520 31042 31230 W SQLiteLog: (28) double-quoted string literal: "739F621E987AF04DC15D7BB2A75A0CA3"
01-07 11:40:23.520 31042 31230 W SQLiteLog: (28) double-quoted string literal: ""
01-07 11:40:23.520 31042 31230 W SQLiteLog: (28) double-quoted string literal: "739F621E987AF04DC15D7BB2A75A0CA3"
01-07 11:40:23.520 31042 31230 W SQLiteLog: (28) double-quoted string literal: "-1"
01-07 11:40:23.520 31042 31230 D UMLog : 当前发送策略为:启动时发送。详见链接 https://developer.umeng.com/docs/66632/detail/66976?um_channel=sdk
01-07 11:40:23.521 31042 31230 D MobclickAgent: 数据发送策略 : ReportAtLaunch
01-07 11:40:23.521 31042 31230 D UMLog : 当前发送策略为:启动时发送。详见链接 https://developer.umeng.com/docs/66632/detail/66976?um_channel=sdk
01-07 11:40:23.539 31042 31230 D MobclickAgent: 事件:{"ekv": [{"4C3F39A65D7B5D22BEAF6C8FD20EAA26":[{"id":"$ $_onUMengEnterBackground","ts":1704544639158,"reason":"Normal","activityName":"com. upgadata.up7723.main.activity.SplashActivity@60bf44","pid":25516,"isMainProcess":1, "pairUUID":"7f59daab-d845-4ceb-86cc- a2292984b291","ds":0,"pn":"com.upgadata.up7723"}]}, {"585539B0127CE131307A2588F3F249E8": [{"id":"click_splash","ts":1704598823276,"type_mode":"盒子广 告","ds":0,"pn":"com.upgadata.up7723"}, {"id":"click_splash","ts":1704598823276,"type_mode":"启动次 数","ds":0,"pn":"com.upgadata.up7723"},{"id":"$ $_onUMengEnterForeground","ts":1704598823277,"activityName":"com.upgadata.up7723.ma in.activity.SplashActivity@610582d","pid":31042,"isMainProcess":1,"pairUUID":"538b4 6b1-b376-423a-a9b0-b9622fe095ea","ds":0,"pn":"com.upgadata.up7723"}]}]}
01-07 11:40:23.540 31042 31230 D MobclickAgent: 会话:{"sessions": [{"id":"585539B0127CE131307A2588F3F249E8","start_time":"1704544639079","end_time":" 1704544639154","duration":75,"traffic": {"download_traffic":97847,"upload_traffic":182354},"$page_num":0}]}
01-07 11:40:23.540 31042 31230 D MobclickAgent: 基础信息: {"sdk_version":"9.4.4","device_id":"DF77F81843FB437AB30B094244C2E69E5f4c26eec1e3b74 ed91f7e786ae6b71c","device_model":"PFTM20","version":483,"appkey":"54055c08fd98c577 d905a0f1","channel":"3G"}
01-07 11:40:23.545 31042 31230 W SQLiteLog: (28) double-quoted string literal: "585539B0127CE131307A2588F3F249E8"
01-07 11:40:23.550 31042 31230 D MobclickAgent: 创建新会话: 739F621E987AF04DC15D7BB2A75A0CA3
01-07 11:40:23.727 31042 31256 E OpenGLRenderer: fbcNotifyFrameComplete error: undefined symbol: fbcNotifyFrameComplete
01-07 11:40:23.728 31042 31256 E OpenGLRenderer: fbcNotifyNoRender error: undefined symbol: fbcNotifyNoRender
01-07 11:40:23.732 31042 31056 D SurfaceComposerClient: VRR [FRTC] client handle [bufferId:18446744073709551615 framenumber:0] [ffffffff, ffffffff]
01-07 11:40:23.760 31042 31042 E SplashActivity: onWindowFocusChanged hasFocus=true canJump=true isClick=false
01-07 11:40:23.802 31042 31066 W Settings: Setting adb_enabled has moved from android.provider.Settings.Secure to android.provider.Settings.Global.
01-07 11:40:23.930 31042 31231 D MobclickAgent: 本次启动数据: 发送成功!
01-07 11:40:24.120 31042 31231 D MobclickAgent: 普通统计数据: 发送成功!
01-07 11:40:24.388 31042 31283 E BLASTBufferQueue: [ViewRootImpl[com.upgadata.up7723/com.upgadata.up7723.main.activity.SplashActivity] #0](f:0,a:2) isEGL=1, mPendingRelease.size()=1, mMaxAcquiredBuffers=4, currentMaxAcquiredBufferCount=2
01-07 11:40:24.720 31042 31042 V AutofillManager: requestHideFillUi(null): anchor = null
01-07 11:40:24.857 31042 31230 D UMLog : 当前发送策略为:启动时发送。详见链接 https://developer.umeng.com/docs/66632/detail/66976?um_channel=sdk
01-07 11:40:24.867 31042 31042 E SplashActivity: onPause
01-07 11:40:24.873 31042 31368 D libMEOW : meow new tls: 0xb35f6c40
01-07 11:40:24.873 31042 31368 D libMEOW : applied 1 plugins for [com.upgadata.up7723]:
01-07 11:40:24.873 31042 31368 D libMEOW : plugin 1: [libMEOW_gift.so]:
01-07 11:40:24.874 31042 31368 D libMEOW : meow delete tls: 0xb35f6c40
01-07 11:40:24.877 31042 31230 W SQLiteLog: (28) double-quoted string literal: "hggHXs4qBzAxxNF+UcFo5uIb1RGWPZN+fqyRCkVD0ov8Bwwsdhveg9FeFqAhqVlLrijSbjSqPuPt
01-07 11:40:24.877 31042 31230 W SQLiteLog: iojRxevxosz98NbrpXuEfmIKFSj102baApJg4KRIDKdXQtl/e5JJ
01-07 11:40:24.877 31042 31230 W SQLiteLog: "
01-07 11:40:24.877 31042 31230 W SQLiteLog: (28) double-quoted string literal: "739F621E987AF04DC15D7BB2A75A0CA3"
01-07 11:40:24.901 31042 31042 I oplus.android.OplusFrameworkFactoryImpl: get feature:IOplusDynamicVsyncFeature
01-07 11:40:24.901 31042 31042 I oplus.android.OplusFrameworkFactoryImpl: get feature:IOplusDynamicVsyncFeature
01-07 11:40:24.901 31042 31042 I oplus.android.OplusFrameworkFactoryImpl: get feature:IOplusDynamicVsyncFeature
01-07 11:40:25.066 31042 31042 I MMKV : loading [mmkv.default] with 1436302 size in total, file size is 2097152
01-07 11:40:25.082 31042 31042 I MMKV : loading [mmkv.default] with crc 814364437 sequence 9
01-07 11:40:25.084 31042 31042 I MMKV : loaded [mmkv.default] with 296 values
01-07 11:40:25.086 31376 31376 E ta.up7723:blac: Unknown bits set in runtime_flags: 0x40000000
01-07 11:40:25.091 31376 31376 E ta.up7723:blac: Not starting debugger since process cannot load the jdwp agent.
01-07 11:40:25.093 31376 31376 D ProcessState: Binder ioctl to enable oneway spam detection failed: Invalid argument
01-07 11:40:25.096 31376 31376 I OneTrace: Mark active for pid=31376? true
01-07 11:40:25.096 31376 31376 D cutils-dev: otrace_set_tracing_enabled? true
01-07 11:40:25.104 31042 31230 D UMLog : 当前发送策略为:启动时发送。详见链接 https://developer.umeng.com/docs/66632/detail/66976?um_channel=sdk
01-07 11:40:25.108 31376 31389 D cutils-dev: properties changed in otrace_seq_number_changed!
01-07 11:40:25.111 31376 31376 D CompatibilityChangeReporter: Compat change id reported: 171979766; UID 11059; state: DISABLED
01-07 11:40:25.111 31376 31376 I oplus.android.OplusFrameworkFactoryImpl: get feature:IOplusAutoResolutionFeature
01-07 11:40:25.111 31376 31376 I oplus.android.OplusFrameworkFactoryImpl: getOplusAutoResolutionFeature
01-07 11:40:25.118 31376 31376 W libc : Access denied finding property "ro.odm.prev.product.name"
01-07 11:40:25.119 31376 31376 D LoadedApk: mApplicationInfo overrideDisplayId:null
01-07 11:40:25.119 31376 31376 D ApplicationLoaders: Returning zygote-cached class loader: /system/framework/android.test.base.jar
01-07 11:40:25.127 31042 31042 D OplusClipboardManager: getUserPathInfo size = 0
01-07 11:40:25.127 31042 31042 D ClipboardManagerExt: getUserPathInfo success
01-07 11:40:25.128 31042 31042 W System.err: java.lang.ClassNotFoundException: com.huawei.system.BuildEx
01-07 11:40:25.128 31042 31042 W System.err: at java.lang.Class.classForName(Native Method)
01-07 11:40:25.128 31042 31042 W System.err: at java.lang.Class.forName(Class.java:454)
01-07 11:40:25.128 31042 31042 W System.err: at java.lang.Class.forName(Class.java:379)
01-07 11:40:25.128 31042 31042 W System.err: at com.upgadata.up7723.apps.AppUtils.isHarmonyOs(AppUtils.java:3732)
01-07 11:40:25.128 31042 31042 W System.err: at com.upgadata.up7723.main.activity.HomeActivity.getInstallConfig(HomeActivity.java:9 77)
01-07 11:40:25.128 31042 31042 W System.err: at com.upgadata.up7723.main.activity.HomeActivity.onCreate(Native Method)
01-07 11:40:25.128 31042 31042 W System.err: at android.app.Activity.performCreate(Activity.java:8130)
01-07 11:40:25.128 31042 31042 W System.err: at android.app.Activity.performCreate(Activity.java:8110)
01-07 11:40:25.128 31042 31042 W System.err: at android.app.Instrumentation.callActivityOnCreate(Instrumentation.java:1343)
01-07 11:40:25.128 31042 31042 W System.err: at android.app.ActivityThread.performLaunchActivity(ActivityThread.java:3782)
01-07 11:40:25.128 31042 31042 W System.err: at android.app.ActivityThread.handleLaunchActivity(ActivityThread.java:3975)
01-07 11:40:25.128 31042 31042 W System.err: at android.app.servertransaction.LaunchActivityItem.execute(LaunchActivityItem.java:10 3)
01-07 11:40:25.128 31042 31042 W System.err: at android.app.servertransaction.TransactionExecutor.executeCallbacks(TransactionExecu tor.java:135)
01-07 11:40:25.128 31042 31042 W System.err: at android.app.servertransaction.TransactionExecutor.execute(TransactionExecutor.java: 95)
01-07 11:40:25.128 31042 31042 W System.err: at android.app.ActivityThread$H.handleMessage(ActivityThread.java:2377)
01-07 11:40:25.128 31042 31042 W System.err: at android.os.Handler.dispatchMessage(Handler.java:106)
01-07 11:40:25.128 31042 31042 W System.err: at android.os.Looper.loopOnce(Looper.java:233)
01-07 11:40:25.128 31042 31042 W System.err: at android.os.Looper.loop(Looper.java:344)
01-07 11:40:25.128 31042 31042 W System.err: at android.app.ActivityThread.main(ActivityThread.java:8205)
01-07 11:40:25.128 31042 31042 W System.err: at java.lang.reflect.Method.invoke(Native Method)
01-07 11:40:25.128 31042 31042 W System.err: at com.android.internal.os.RuntimeInit$MethodAndArgsCaller.run(RuntimeInit.java:589)
01-07 11:40:25.128 31042 31042 W System.err: at com.android.internal.os.ZygoteInit.main(ZygoteInit.java:1071)
01-07 11:40:25.128 31042 31042 W System.err: Caused by: java.lang.ClassNotFoundException: com.huawei.system.BuildEx
01-07 11:40:25.128 31042 31042 W System.err: ... 22 more
01-07 11:40:25.130 31376 31376 E LoadedApk: Unable to instantiate appComponentFactory
01-07 11:40:25.130 31376 31376 E LoadedApk: java.lang.ClassNotFoundException: Didn't find class "androidx.core.app.CoreComponentFactory" on path: DexPathList[[zip file "/data/app/~~D8z5knoZNCp9TeVSI5Ch8Q==/com.upgadata.up7723- 2Rk8so3wbukyJ_B4YfNXfw==/base.apk"],nativeLibraryDirectories=[/data/app/ ~~D8z5knoZNCp9TeVSI5Ch8Q==/com.upgadata.up7723-2Rk8so3wbukyJ_B4YfNXfw==/lib/arm, /data/app/~~D8z5knoZNCp9TeVSI5Ch8Q==/com.upgadata.up7723-2Rk8so3wbukyJ_B4YfNXfw==/ base.apk!/lib/armeabi-v7a, /system/lib, /system_ext/lib]]
01-07 11:40:25.130 31376 31376 E LoadedApk: at dalvik.system.BaseDexClassLoader.findClass(BaseDexClassLoader.java:218)
01-07 11:40:25.130 31376 31376 E LoadedApk: at java.lang.ClassLoader.loadClass(ClassLoader.java:379)
01-07 11:40:25.130 31376 31376 E LoadedApk: at java.lang.ClassLoader.loadClass(ClassLoader.java:312)
01-07 11:40:25.130 31376 31376 E LoadedApk: at android.app.LoadedApk.createAppFactory(LoadedApk.java:270)
01-07 11:40:25.130 31376 31376 E LoadedApk: at android.app.LoadedApk.createOrUpdateClassLoaderLocked(LoadedApk.java:993)
01-07 11:40:25.130 31376 31376 E LoadedApk: at android.app.LoadedApk.getClassLoader(LoadedApk.java:1084)
01-07 11:40:25.130 31376 31376 E LoadedApk: at android.app.LoadedApk.getResources(LoadedApk.java:1342)
01-07 11:40:25.130 31376 31376 E LoadedApk: at android.app.ContextImpl.createAppContext(ContextImpl.java:3048)
01-07 11:40:25.130 31376 31376 E LoadedApk: at android.app.ContextImpl.createAppContext(ContextImpl.java:3040)
01-07 11:40:25.130 31376 31376 E LoadedApk: at android.app.ActivityThread.handleBindApplication(ActivityThread.java:6968)
01-07 11:40:25.130 31376 31376 E LoadedApk: at android.app.ActivityThread.access$1800(ActivityThread.java:258)
01-07 11:40:25.130 31376 31376 E LoadedApk: at android.app.ActivityThread$H.handleMessage(ActivityThread.java:2207)
01-07 11:40:25.130 31376 31376 E LoadedApk: at android.os.Handler.dispatchMessage(Handler.java:106)
01-07 11:40:25.130 31376 31376 E LoadedApk: at android.os.Looper.loopOnce(Looper.java:233)
01-07 11:40:25.130 31376 31376 E LoadedApk: at android.os.Looper.loop(Looper.java:344)
01-07 11:40:25.130 31376 31376 E LoadedApk: at android.app.ActivityThread.main(ActivityThread.java:8205)
01-07 11:40:25.130 31376 31376 E LoadedApk: at java.lang.reflect.Method.invoke(Native Method)
01-07 11:40:25.130 31376 31376 E LoadedApk: at com.android.internal.os.RuntimeInit$MethodAndArgsCaller.run(RuntimeInit.java:589)
01-07 11:40:25.130 31376 31376 E LoadedApk: at com.android.internal.os.ZygoteInit.main(ZygoteInit.java:1071)
01-07 11:40:25.132 31376 31376 I Quality : LaunchTime2.0: com.upgadata.up7723 createOrUpdateClassLoaderLocked took time: 13
01-07 11:40:25.135 31042 31042 E BzMonitor: monitor code: 100
01-07 11:40:25.145 31376 31376 V GraphicsEnvironment: ANGLE Developer option for 'com.upgadata.up7723' set to: 'default'
01-07 11:40:25.145 31376 31376 V GraphicsEnvironment: App is not on the allowlist for updatable production driver.
01-07 11:40:25.146 31397 31397 D ProcessState: Binder ioctl to enable oneway spam detection failed: Invalid argument
01-07 11:40:25.148 31376 31376 D NetworkSecurityConfig: Using Network Security Config from resource network_security_config debugBuild: false
01-07 11:40:25.148 31397 31397 E Parcel : Attempt to read from protected data in Parcel 0x7ff9230400
01-07 11:40:25.148 31397 31397 E Parcel : Attempt to read from protected data in Parcel 0x7ff9230400
01-07 11:40:25.148 31397 31397 E Parcel : Attempt to read from protected data in Parcel 0x7ff9230400
01-07 11:40:25.148 31397 31397 E Parcel : Attempt to read from protected data in Parcel 0x7ff9230400
01-07 11:40:25.148 31397 31397 E Parcel : Attempt to read from protected data in Parcel 0x7ff9230400
01-07 11:40:25.148 31397 31397 E Parcel : Reading a NULL string not supported here.
01-07 11:40:25.148 31376 31376 D NetworkSecurityConfig: Using Network Security Config from resource network_security_config debugBuild: false
01-07 11:40:25.155 31042 31042 I crashsdk: Unexp log not enabled, skip update unexp info!
01-07 11:40:25.160 31042 31230 D MobclickAgent: 延续上一个会话: 739F621E987AF04DC15D7BB2A75A0CA3
01-07 11:40:25.161 31042 31042 D WindowManager: Add to mViews: DecorView@6aa662d[HomeActivity],pkg= com.upgadata.up7723
01-07 11:40:25.162 31042 31042 D ViewRootImpl[HomeActivity]: hardware acceleration = true, sRendererEnabled = true, forceHwAccelerated = false
01-07 11:40:25.164 31042 31230 W SQLiteLog: (28) double-quoted string literal: "739F621E987AF04DC15D7BB2A75A0CA3"
01-07 11:40:25.164 31042 31230 W SQLiteLog: (28) double-quoted string literal: ""
01-07 11:40:25.165 31042 31230 W SQLiteLog: (28) double-quoted string literal: "739F621E987AF04DC15D7BB2A75A0CA3"
01-07 11:40:25.165 31042 31230 W SQLiteLog: (28) double-quoted string literal: "-1"
01-07 11:40:25.169 31042 31042 I Quality : Skipped: false 6
01-07 11:40:25.171 31042 31230 D UMLog : 当前发送策略为:启动时发送。详见链接 https://developer.umeng.com/docs/66632/detail/66976?um_channel=sdk
01-07 11:40:25.169 31376 31376 W ta.up7723:black: type=1400 audit(0.0:22884): avc: granted { execute } for path="/data/user/0/com.upgadata.up7723/.jiagu/libjiagu.so" dev="dm-27" ino=357262 scontext=u:r:untrusted_app_27:s0:c35,c260,c512,c768 tcontext=u:object_r:app_data_file:s0:c35,c260,c512,c768 tclass=file app=com.upgadata.up7723
01-07 11:40:25.191 31042 31042 I oplus.android.OplusFrameworkFactoryImpl: get feature:IOplusDynamicVsyncFeature
01-07 11:40:25.191 31042 31042 I oplus.android.OplusFrameworkFactoryImpl: get feature:IOplusDynamicVsyncFeature
01-07 11:40:25.191 31042 31042 I oplus.android.OplusFrameworkFactoryImpl: get feature:IOplusDynamicVsyncFeature
01-07 11:40:25.223 31042 31042 D EventBus: No subscribers registered for event class com.upgadata.up7723.bean.HomeGameSelectChangeEventBusBean
01-07 11:40:25.223 31042 31042 D EventBus: No subscribers registered for event class org.greenrobot.eventbus.NoSubscriberEvent
01-07 11:40:25.223 31042 31042 D EventBus: No subscribers registered for event class com.upgadata.up7723.bean.HomeGameSelectChangeEventBusBean
01-07 11:40:25.223 31042 31042 D EventBus: No subscribers registered for event class org.greenrobot.eventbus.NoSubscriberEvent
01-07 11:40:25.224 31042 31042 D EventBus: No subscribers registered for event class com.upgadata.up7723.bean.HomeGameSelectChangeEventBusBean
01-07 11:40:25.224 31042 31042 D EventBus: No subscribers registered for event class org.greenrobot.eventbus.NoSubscriberEvent
01-07 11:40:25.282 31042 31042 I oplus.android.OplusFrameworkFactoryImpl: get feature:IOplusDynamicVsyncFeature
01-07 11:40:25.282 31042 31042 I oplus.android.OplusFrameworkFactoryImpl: get feature:IOplusDynamicVsyncFeature
01-07 11:40:25.282 31042 31042 I oplus.android.OplusFrameworkFactoryImpl: get feature:IOplusDynamicVsyncFeature
01-07 11:40:25.293 31042 31042 I oplus.android.OplusFrameworkFactoryImpl: get feature:IOplusDynamicVsyncFeature
01-07 11:40:25.293 31042 31042 I oplus.android.OplusFrameworkFactoryImpl: get feature:IOplusDynamicVsyncFeature
01-07 11:40:25.293 31042 31042 I oplus.android.OplusFrameworkFactoryImpl: get feature:IOplusDynamicVsyncFeature
01-07 11:40:25.344 31042 31042 D SoLoader: init start
01-07 11:40:25.345 31042 31042 D SoLoader: adding system library source: /vendor/lib
01-07 11:40:25.345 31042 31042 D SoLoader: adding system library source: /system/lib
01-07 11:40:25.345 31042 31042 D SoLoader: adding application source: com.facebook.soloader.DirectorySoSource[root = /data/app/~~D8z5knoZNCp9TeVSI5Ch8Q==/com.upgadata.up7723-2Rk8so3wbukyJ_B4YfNXfw==/ lib/arm flags = 0]
01-07 11:40:25.347 31042 31042 D SoLoader: adding backup source from : com.facebook.soloader.ApkSoSource[root = /data/user/0/com.upgadata.up7723/lib-main flags = 1]
01-07 11:40:25.349 31042 31042 D SoLoader: Preparing SO source: com.facebook.soloader.DirectorySoSource[root = /system/lib flags = 2]
01-07 11:40:25.349 31042 31042 D SoLoader: Preparing SO source: com.facebook.soloader.DirectorySoSource[root = /vendor/lib flags = 2]
01-07 11:40:25.349 31042 31042 D SoLoader: Preparing SO source: com.facebook.soloader.DirectorySoSource[root = /data/app/~~D8z5knoZNCp9TeVSI5Ch8Q==/com.upgadata.up7723-2Rk8so3wbukyJ_B4YfNXfw==/ lib/arm flags = 0]
01-07 11:40:25.349 31042 31042 D SoLoader: Preparing SO source: com.facebook.soloader.ApkSoSource[root = /data/user/0/com.upgadata.up7723/lib-main flags = 1]
01-07 11:40:25.350 31042 31042 V fb-UnpackingSoSource: locked dso store /data/user/0/com.upgadata.up7723/lib-main
01-07 11:40:25.352 31042 31042 I fb-UnpackingSoSource: dso store is up-to-date: /data/user/0/com.upgadata.up7723/lib-main
01-07 11:40:25.352 31042 31042 V fb-UnpackingSoSource: releasing dso store lock for /data/user/0/com.upgadata.up7723/lib-main
01-07 11:40:25.352 31042 31042 D SoLoader: init finish: 4 SO sources prepared
01-07 11:40:25.352 31042 31042 D SoLoader: init exiting
01-07 11:40:25.455 31042 31042 E UMLog : ┌───────────────────问题────────── ───────────────────────────────────────────────── ──────────────────
01-07 11:40:25.455 31042 31042 E UMLog : │ 对于页面 HomeMainTabFragment,请确保 先依序成对调用 onPageStart,onPageEnd 接口,再调用 onPageStart 接口对其它页面进行统计。
01-07 11:40:25.455 31042 31042 E UMLog : ├───────────────────解决方案──────── ───────────────────────────────────────────────── ────────────────────
01-07 11:40:25.455 31042 31042 E UMLog : │ 对于任意一个页面,必须依序成对调用 onPageStart 以及 onPageEnd,不能有遗漏。详见链接 https://developer.umeng.com/docs/66632/detail/66975?um_channel=sdk
01-07 11:40:25.455 31042 31042 E UMLog : └────────────────────────────────────────────────────────────────────────────────── ──────────────────────────────
01-07 11:40:25.491 31042 31042 I oplus.android.OplusFrameworkFactoryImpl: get feature:IOplusDynamicVsyncFeature
01-07 11:40:25.491 31042 31042 I oplus.android.OplusFrameworkFactoryImpl: get feature:IOplusDynamicVsyncFeature
01-07 11:40:25.491 31042 31042 I oplus.android.OplusFrameworkFactoryImpl: get feature:IOplusDynamicVsyncFeature
01-07 11:40:25.493 31042 31042 I oplus.android.OplusFrameworkFactoryImpl: get feature:IOplusDynamicVsyncFeature
01-07 11:40:25.493 31042 31042 I oplus.android.OplusFrameworkFactoryImpl: get feature:IOplusDynamicVsyncFeature
01-07 11:40:25.493 31042 31042 I oplus.android.OplusFrameworkFactoryImpl: get feature:IOplusDynamicVsyncFeature
01-07 11:40:25.494 31042 31042 I oplus.android.OplusFrameworkFactoryImpl: get feature:IOplusDynamicVsyncFeature
01-07 11:40:25.494 31042 31042 I oplus.android.OplusFrameworkFactoryImpl: get feature:IOplusDynamicVsyncFeature
01-07 11:40:25.494 31042 31042 I oplus.android.OplusFrameworkFactoryImpl: get feature:IOplusDynamicVsyncFeature
01-07 11:40:25.536 31042 31042 E UMLog : ┌───────────────────问题────────── ───────────────────────────────────────────────── ──────────────────
01-07 11:40:25.536 31042 31042 E UMLog : │ 对于页面 HomeGameTabFragment,请确保 先依序成对调用 onPageStart,onPageEnd 接口,再调用 onPageStart 接口对其它页面进行统计。
01-07 11:40:25.536 31042 31042 E UMLog : ├───────────────────解决方案──────── ───────────────────────────────────────────────── ────────────────────
01-07 11:40:25.536 31042 31042 E UMLog : │ 对于任意一个页面,必须依序成对调用 onPageStart 以及 onPageEnd,不能有遗漏。详见链接 https://developer.umeng.com/docs/66632/detail/66975?um_channel=sdk
01-07 11:40:25.536 31042 31042 E UMLog : └────────────────────────────────────────────────────────────────────────────────── ──────────────────────────────
01-07 11:40:25.541 31042 31051 I upgadata.up772: Background concurrent copying GC freed 218798(10MB) AllocSpace objects, 151(6732KB) LOS objects, 49% free, 12MB/24MB, paused 95us,108us total 107.829ms
01-07 11:40:25.548 31376 31376 W ta.up7723:blac: Opening an oat file without a class loader. Are you using the deprecated DexFile APIs?
01-07 11:40:25.569 31042 31042 I BufferQueueConsumer: [](id:794200000001,api:0,p:- 1,c:31042) connect: controlledByApp=false
01-07 11:40:25.569 31042 31042 I BLASTBufferQueue: [ViewRootImpl[com.upgadata.up7723/com.upgadata.up7723.main.activity.HomeActivity]#1 ] constructor()
01-07 11:40:25.570 31042 31042 V OplusZoomWindowDecorViewHelper: setLastReportedMergedConfiguration mZoomDisplayHeight: 1612 getDecorView.111830573
01-07 11:40:25.570 31042 31256 I BufferQueueProducer: [ViewRootImpl[com.upgadata.up7723/com.upgadata.up7723.main.activity.HomeActivity]#1 (BLAST Consumer)1](id:794200000001,api:1,p:31042,c:31042) connect: api=1 producerControlledByApp=true
01-07 11:40:25.669 31376 31376 W System.err: Warning: Using deprecated Element constructor. Do not use internal APIs, this constructor will be removed in the future.
01-07 11:40:25.679 31376 31376 W ta.up7723:blac: Accessing hidden field Ljava/lang/reflect/Executable;->accessFlags:I (max-target-o, reflection, denied)
01-07 11:40:25.700 31042 31042 W System.err: android.content.pm.PackageManager$NameNotFoundException: com.tencent.mf.uam
01-07 11:40:25.701 31042 31042 W System.err: at android.app.ApplicationPackageManager.getPackageInfoAsUser(ApplicationPackageManage r.java:258)
01-07 11:40:25.701 31042 31042 W System.err: at android.app.ApplicationPackageManager.getPackageInfo(ApplicationPackageManager.java :225)
01-07 11:40:25.701 31042 31042 W System.err: at com.upgadata.up7723.apps.AppManager.checkApkExist(AppManager.java:232)
01-07 11:40:25.701 31042 31042 W System.err: at com.upgadata.up7723.widget.view.DownLoadView.setData(DownLoadView.java:340)
01-07 11:40:25.701 31042 31042 W System.err: at com.upgadata.up7723.widget.HomeGameNormalView.update(HomeGameNormalView.java:199)
01-07 11:40:25.701 31042 31042 W System.err: at com.upgadata.up7723.base.BaseHolderAdapter.getView(BaseHolderAdapter.java:146)
01-07 11:40:25.701 31042 31042 W System.err: at android.widget.HeaderViewListAdapter.getView(HeaderViewListAdapter.java:224)
01-07 11:40:25.701 31042 31042 W System.err: at android.widget.AbsListView.obtainView(AbsListView.java:2435)
01-07 11:40:25.701 31042 31042 W System.err: at android.widget.ListView.makeAndAddView(ListView.java:2067)
01-07 11:40:25.701 31042 31042 W System.err: at android.widget.ListView.fillDown(ListView.java:793)
01-07 11:40:25.701 31042 31042 W System.err: at android.widget.ListView.fillFromTop(ListView.java:855)
01-07 11:40:25.701 31042 31042 W System.err: at android.widget.ListView.layoutChildren(ListView.java:1810)
01-07 11:40:25.701 31042 31042 W System.err: at android.widget.AbsListView.onLayout(AbsListView.java:2232)
01-07 11:40:25.701 31042 31042 W System.err: at android.view.View.layout(View.java:23482)
01-07 11:40:25.701 31042 31042 W System.err: at android.view.ViewGroup.layout(ViewGroup.java:6575)
01-07 11:40:25.701 31042 31042 W System.err: at android.widget.FrameLayout.layoutChildren(FrameLayout.java:332)
01-07 11:40:25.701 31042 31042 W System.err: at android.widget.FrameLayout.onLayout(FrameLayout.java:270)
01-07 11:40:25.701 31042 31042 W System.err: at android.view.View.layout(View.java:23482)
01-07 11:40:25.701 31042 31042 W System.err: at android.view.ViewGroup.layout(ViewGroup.java:6575)
01-07 11:40:25.701 31042 31042 W System.err: at android.widget.FrameLayout.layoutChildren(FrameLayout.java:332)
01-07 11:40:25.701 31042 31042 W System.err: at android.widget.FrameLayout.onLayout(FrameLayout.java:270)
01-07 11:40:25.701 31042 31042 W System.err: at android.view.View.layout(View.java:23482)
01-07 11:40:25.701 31042 31042 W System.err: at android.view.ViewGroup.layout(ViewGroup.java:6575)
01-07 11:40:25.701 31042 31042 W System.err: at android.widget.RelativeLayout.onLayout(RelativeLayout.java:1103)
01-07 11:40:25.701 31042 31042 W System.err: at android.view.View.layout(View.java:23482)
01-07 11:40:25.701 31042 31042 W System.err: at android.view.ViewGroup.layout(ViewGroup.java:6575)
01-07 11:40:25.701 31042 31042 W System.err: at androidx.viewpager.widget.ViewPager.onLayout(ViewPager.java:1775)
01-07 11:40:25.701 31042 31042 W System.err: at android.view.View.layout(View.java:23482)
01-07 11:40:25.701 31042 31042 W System.err: at android.view.ViewGroup.layout(ViewGroup.java:6575)
01-07 11:40:25.701 31042 31042 W System.err: at android.widget.RelativeLayout.onLayout(RelativeLayout.java:1103)
01-07 11:40:25.701 31042 31042 W System.err: at android.view.View.layout(View.java:23482)
01-07 11:40:25.701 31042 31042 W System.err: at android.view.ViewGroup.layout(ViewGroup.java:6575)
01-07 11:40:25.701 31042 31042 W System.err: at android.widget.FrameLayout.layoutChildren(FrameLayout.java:332)
01-07 11:40:25.701 31042 31042 W System.err: at android.widget.FrameLayout.onLayout(FrameLayout.java:270)
01-07 11:40:25.702 31042 31042 W System.err: at android.view.View.layout(View.java:23482)
01-07 11:40:25.702 31042 31042 W System.err: at android.view.ViewGroup.layout(ViewGroup.java:6575)
01-07 11:40:25.702 31042 31042 W System.err: at android.widget.RelativeLayout.onLayout(RelativeLayout.java:1103)
01-07 11:40:25.702 31042 31042 W System.err: at android.view.View.layout(View.java:23482)
01-07 11:40:25.702 31042 31042 W System.err: at android.view.ViewGroup.layout(ViewGroup.java:6575)
01-07 11:40:25.702 31042 31042 W System.err: at android.widget.FrameLayout.layoutChildren(FrameLayout.java:332)
01-07 11:40:25.702 31042 31042 W System.err: at android.widget.FrameLayout.onLayout(FrameLayout.java:270)
01-07 11:40:25.702 31042 31042 W System.err: at android.view.View.layout(View.java:23482)
01-07 11:40:25.702 31042 31042 W System.err: at android.view.ViewGroup.layout(ViewGroup.java:6575)
01-07 11:40:25.702 31042 31042 W System.err: at android.widget.LinearLayout.setChildFrame(LinearLayout.java:1841)
01-07 11:40:25.702 31042 31042 W System.err: at android.widget.LinearLayout.layoutVertical(LinearLayout.java:1673)
01-07 11:40:25.702 31042 31042 W System.err: at android.widget.LinearLayout.onLayout(LinearLayout.java:1582)
01-07 11:40:25.702 31042 31042 W System.err: at android.view.View.layout(View.java:23482)
01-07 11:40:25.702 31042 31042 W System.err: at android.view.ViewGroup.layout(ViewGroup.java:6575)
01-07 11:40:25.702 31042 31042 W System.err: at android.widget.FrameLayout.layoutChildren(FrameLayout.java:332)
01-07 11:40:25.702 31042 31042 W System.err: at android.widget.FrameLayout.onLayout(FrameLayout.java:270)
01-07 11:40:25.702 31042 31042 W System.err: at android.view.View.layout(View.java:23482)
01-07 11:40:25.702 31042 31042 W System.err: at android.view.ViewGroup.layout(ViewGroup.java:6575)
01-07 11:40:25.702 31042 31042 W System.err: at android.widget.LinearLayout.setChildFrame(LinearLayout.java:1841)
01-07 11:40:25.702 31042 31042 W System.err: at android.widget.LinearLayout.layoutVertical(LinearLayout.java:1673)
01-07 11:40:25.702 31042 31042 W System.err: at android.widget.LinearLayout.onLayout(LinearLayout.java:1582)
01-07 11:40:25.702 31042 31042 W System.err: at android.view.View.layout(View.java:23482)
01-07 11:40:25.702 31042 31042 W System.err: at android.view.ViewGroup.layout(ViewGroup.java:6575)
01-07 11:40:25.702 31042 31042 W System.err: at me.imid.swipebacklayout.lib.SwipeBackLayout.onLayout(SwipeBackLayout.java:386)
01-07 11:40:25.702 31042 31042 W System.err: at android.view.View.layout(View.java:23482)
01-07 11:40:25.702 31042 31042 W System.err: at android.view.ViewGroup.layout(ViewGroup.java:6575)
01-07 11:40:25.702 31042 31042 W System.err: at android.widget.FrameLayout.layoutChildren(FrameLayout.java:332)
01-07 11:40:25.702 31042 31042 W System.err: at android.widget.FrameLayout.onLayout(FrameLayout.java:270)
01-07 11:40:25.702 31042 31042 W System.err: at com.android.internal.policy.DecorView.onLayout(DecorView.java:873)
01-07 11:40:25.702 31042 31042 W System.err: at android.view.View.layout(View.java:23482)
01-07 11:40:25.702 31042 31042 W System.err: at android.view.ViewGroup.layout(ViewGroup.java:6575)
01-07 11:40:25.702 31042 31042 W System.err: at android.view.ViewRootImpl.performLayout(ViewRootImpl.java:4075)
01-07 11:40:25.702 31042 31042 W System.err: at android.view.ViewRootImpl.performTraversals(ViewRootImpl.java:3470)
01-07 11:40:25.702 31042 31042 W System.err: at android.view.ViewRootImpl.doTraversal(ViewRootImpl.java:2398)
01-07 11:40:25.702 31042 31042 W System.err: at android.view.ViewRootImpl$TraversalRunnable.run(ViewRootImpl.java:9407)
01-07 11:40:25.702 31042 31042 W System.err: at android.view.Choreographer$CallbackRecord.run(Choreographer.java:1218)
01-07 11:40:25.702 31042 31042 W System.err: at android.view.Choreographer.doCallbacks(Choreographer.java:972)
01-07 11:40:25.702 31042 31042 W System.err: at android.view.ChoreographerExtImpl.checkScrollOptSceneEnable(ChoreographerExtImpl.ja va:328)
01-07 11:40:25.702 31042 31042 W System.err: at android.view.Choreographer.doFrame(Choreographer.java:859)
01-07 11:40:25.702 31042 31042 W System.err: at android.view.Choreographer$FrameDisplayEventReceiver.run(Choreographer.java:1203)
