01-07 11:40:39.415 31042 31419 W ResourceLoader: Received invalid resource id: 0
01-07 11:40:39.415 31042 31419 W ResourceLoader: android.content.res.Resources$NotFoundException: Unable to find resource ID #0x0
01-07 11:40:39.415 31042 31419 W ResourceLoader: at android.content.res.ResourcesImpl.getResourcePackageName(ResourcesImpl.java:304)
01-07 11:40:39.415 31042 31419 W ResourceLoader: at android.content.res.Resources.getResourcePackageName(Resources.java:2270)
01-07 11:40:39.415 31042 31419 W ResourceLoader: at com.bumptech.glide.load.model.ResourceLoader.getResourceUri(ResourceLoader.java:45)
01-07 11:40:39.415 31042 31419 W ResourceLoader: at com.bumptech.glide.load.model.ResourceLoader.buildLoadData(ResourceLoader.java:35)
01-07 11:40:39.415 31042 31419 W ResourceLoader: at com.bumptech.glide.load.model.ResourceLoader.buildLoadData(ResourceLoader.java:20)
01-07 11:40:39.415 31042 31419 W ResourceLoader: at com.bumptech.glide.load.engine.DecodeHelper.getLoadData(DecodeHelper.java:211)
01-07 11:40:39.415 31042 31419 W ResourceLoader: at com.bumptech.glide.load.engine.DecodeHelper.getCacheKeys(DecodeHelper.java:224)
01-07 11:40:39.415 31042 31419 W ResourceLoader: at com.bumptech.glide.load.engine.ResourceCacheGenerator.startNext(ResourceCacheGenera tor.java:44)
01-07 11:40:39.415 31042 31419 W ResourceLoader: at com.bumptech.glide.load.engine.DecodeJob.runGenerators(DecodeJob.java:310)
01-07 11:40:39.415 31042 31419 W ResourceLoader: at com.bumptech.glide.load.engine.DecodeJob.runWrapped(DecodeJob.java:276)
01-07 11:40:39.415 31042 31419 W ResourceLoader: at com.bumptech.glide.load.engine.DecodeJob.run(DecodeJob.java:234)
01-07 11:40:39.415 31042 31419 W ResourceLoader: at java.util.concurrent.ThreadPoolExecutor.runWorker(ThreadPoolExecutor.java:1167)
01-07 11:40:39.415 31042 31419 W ResourceLoader: at java.util.concurrent.ThreadPoolExecutor$Worker.run(ThreadPoolExecutor.java:641)
01-07 11:40:39.415 31042 31419 W ResourceLoader: at java.lang.Thread.run(Thread.java:920)
01-07 11:40:39.415 31042 31419 W ResourceLoader: at com.bumptech.glide.load.engine.executor.GlideExecutor$DefaultThreadFactory$1.run(Gl ideExecutor.java:393)
01-07 11:40:39.416 31042 31419 E upgadata.up772: Invalid ID 0x00000000.
01-07 11:40:39.416 31042 31281 I libPerfCtl: fbcNotifySbeRescue ret=-1
01-07 11:40:39.416 31042 31419 W ResourceLoader: Received invalid resource id: 0
01-07 11:40:39.416 31042 31419 W ResourceLoader: android.content.res.Resources$NotFoundException: Unable to find resource ID #0x0
01-07 11:40:39.416 31042 31419 W ResourceLoader: at android.content.res.ResourcesImpl.getResourcePackageName(ResourcesImpl.java:304)
01-07 11:40:39.416 31042 31419 W ResourceLoader: at android.content.res.Resources.getResourcePackageName(Resources.java:2270)
01-07 11:40:39.416 31042 31419 W ResourceLoader: at com.bumptech.glide.load.model.ResourceLoader.getResourceUri(ResourceLoader.java:45)
01-07 11:40:39.416 31042 31419 W ResourceLoader: at com.bumptech.glide.load.model.ResourceLoader.buildLoadData(ResourceLoader.java:35)
01-07 11:40:39.416 31042 31419 W ResourceLoader: at com.bumptech.glide.load.model.ResourceLoader.buildLoadData(ResourceLoader.java:20)
01-07 11:40:39.416 31042 31419 W ResourceLoader: at com.bumptech.glide.load.engine.DecodeHelper.getLoadData(DecodeHelper.java:211)
01-07 11:40:39.416 31042 31419 W ResourceLoader: at com.bumptech.glide.load.engine.DecodeHelper.getCacheKeys(DecodeHelper.java:224)
01-07 11:40:39.416 31042 31419 W ResourceLoader: at com.bumptech.glide.load.engine.ResourceCacheGenerator.startNext(ResourceCacheGenera tor.java:44)
01-07 11:40:39.416 31042 31419 W ResourceLoader: at com.bumptech.glide.load.engine.DecodeJob.runGenerators(DecodeJob.java:310)
01-07 11:40:39.416 31042 31419 W ResourceLoader: at com.bumptech.glide.load.engine.DecodeJob.runWrapped(DecodeJob.java:276)
01-07 11:40:39.416 31042 31419 W ResourceLoader: at com.bumptech.glide.load.engine.DecodeJob.run(DecodeJob.java:234)
01-07 11:40:39.416 31042 31419 W ResourceLoader: at java.util.concurrent.ThreadPoolExecutor.runWorker(ThreadPoolExecutor.java:1167)
01-07 11:40:39.416 31042 31419 W ResourceLoader: at java.util.concurrent.ThreadPoolExecutor$Worker.run(ThreadPoolExecutor.java:641)
01-07 11:40:39.416 31042 31419 W ResourceLoader: at java.lang.Thread.run(Thread.java:920)
01-07 11:40:39.416 31042 31419 W ResourceLoader: at com.bumptech.glide.load.engine.executor.GlideExecutor$DefaultThreadFactory$1.run(Gl ideExecutor.java:393)
01-07 11:40:39.423 31042 31281 I libPerfCtl: fbcNotifySbeRescue ret=-1
01-07 11:40:39.423 31042 31042 W Glide : Load failed for 0 with size [32x32]
01-07 11:40:39.423 31042 31042 W Glide : class com.bumptech.glide.load.engine.GlideException: Failed to load resource
01-07 11:40:39.445 31042 31042 W System.err: android.content.pm.PackageManager$NameNotFoundException: com.SimpleSandbox2
01-07 11:40:39.445 31042 31042 W System.err: at android.app.ApplicationPackageManager.getPackageInfoAsUser(ApplicationPackageManage r.java:258)
01-07 11:40:39.446 31042 31042 W System.err: at android.app.ApplicationPackageManager.getPackageInfo(ApplicationPackageManager.java :225)
01-07 11:40:39.446 31042 31042 W System.err: at com.upgadata.up7723.apps.AppManager.checkApkExist(AppManager.java:232)
01-07 11:40:39.446 31042 31042 W System.err: at com.upgadata.up7723.widget.view.DownLoadView.setDownloadState(DownLoadView.java:800 )
01-07 11:40:39.446 31042 31042 W System.err: at com.upgadata.up7723.widget.view.DownLoadView.downState(DownLoadView.java:604)
01-07 11:40:39.446 31042 31042 W System.err: at com.upgadata.up7723.widget.view.DownLoadView.updateView(DownLoadView.java:520)
01-07 11:40:39.446 31042 31042 W System.err: at com.upgadata.up7723.widget.view.DownLoadView.setData(DownLoadView.java:256)
01-07 11:40:39.446 31042 31042 W System.err: at com.upgadata.up7723.widget.GameItemShareAppView.initData(GameItemShareAppView.java: 190)
01-07 11:40:39.446 31042 31042 W System.err: at com.upgadata.up7723.widget.GameItemShareAppView.update(GameItemShareAppView.java:13 9)
01-07 11:40:39.446 31042 31042 W System.err: at com.upgadata.up7723.base.BaseHolderAdapter.getView(BaseHolderAdapter.java:146)
01-07 11:40:39.446 31042 31042 W System.err: at android.widget.HeaderViewListAdapter.getView(HeaderViewListAdapter.java:224)
01-07 11:40:39.446 31042 31042 W System.err: at android.widget.AbsListView.obtainView(AbsListView.java:2435)
01-07 11:40:39.446 31042 31042 W System.err: at android.widget.ListView.makeAndAddView(ListView.java:2067)
01-07 11:40:39.446 31042 31042 W System.err: at android.widget.ListView.fillDown(ListView.java:793)
01-07 11:40:39.446 31042 31042 W System.err: at android.widget.ListView.fillGap(ListView.java:756)
01-07 11:40:39.446 31042 31042 W System.err: at android.widget.AbsListView.trackMotionScroll(AbsListView.java:5494)
01-07 11:40:39.446 31042 31042 W System.err: at android.widget.ListView.trackMotionScroll(ListView.java:1984)
01-07 11:40:39.446 31042 31042 W System.err: at android.widget.AbsListView.scrollIfNeeded(AbsListView.java:3693)
01-07 11:40:39.446 31042 31042 W System.err: at android.widget.AbsListView.onTouchMove(AbsListView.java:4180)
01-07 11:40:39.446 31042 31042 W System.err: at android.widget.AbsListView.onTouchEvent(AbsListView.java:3977)
01-07 11:40:39.446 31042 31042 W System.err: at android.view.View.dispatchTouchEvent(View.java:14668)
01-07 11:40:39.446 31042 31042 W System.err: at android.view.ViewGroup.dispatchTransformedTouchEvent(ViewGroup.java:3216)
01-07 11:40:39.446 31042 31042 W System.err: at android.view.ViewGroup.dispatchTouchEvent(ViewGroup.java:2853)
01-07 11:40:39.446 31042 31042 W System.err: at android.view.ViewGroup.dispatchTransformedTouchEvent(ViewGroup.java:3222)
01-07 11:40:39.446 31042 31042 W System.err: at android.view.ViewGroup.dispatchTouchEvent(ViewGroup.java:2867)
01-07 11:40:39.446 31042 31042 W System.err: at android.view.ViewGroup.dispatchTransformedTouchEvent(ViewGroup.java:3222)
01-07 11:40:39.446 31042 31042 W System.err: at android.view.ViewGroup.dispatchTouchEvent(ViewGroup.java:2867)
01-07 11:40:39.446 31042 31042 W System.err: at android.view.ViewGroup.dispatchTransformedTouchEvent(ViewGroup.java:3222)
01-07 11:40:39.446 31042 31042 W System.err: at android.view.ViewGroup.dispatchTouchEvent(ViewGroup.java:2867)
01-07 11:40:39.446 31042 31042 W System.err: at android.view.ViewGroup.dispatchTransformedTouchEvent(ViewGroup.java:3222)
01-07 11:40:39.446 31042 31042 W System.err: at android.view.ViewGroup.dispatchTouchEvent(ViewGroup.java:2867)
01-07 11:40:39.446 31042 31042 W System.err: at android.view.ViewGroup.dispatchTransformedTouchEvent(ViewGroup.java:3222)
01-07 11:40:39.446 31042 31042 W System.err: at android.view.ViewGroup.dispatchTouchEvent(ViewGroup.java:2867)
01-07 11:40:39.446 31042 31042 W System.err: at android.view.ViewGroup.dispatchTransformedTouchEvent(ViewGroup.java:3222)
01-07 11:40:39.446 31042 31042 W System.err: at android.view.ViewGroup.dispatchTouchEvent(ViewGroup.java:2867)
01-07 11:40:39.446 31042 31042 W System.err: at android.view.ViewGroup.dispatchTransformedTouchEvent(ViewGroup.java:3222)
01-07 11:40:39.446 31042 31042 W System.err: at android.view.ViewGroup.dispatchTouchEvent(ViewGroup.java:2867)
01-07 11:40:39.446 31042 31042 W System.err: at android.view.ViewGroup.dispatchTransformedTouchEvent(ViewGroup.java:3222)
01-07 11:40:39.446 31042 31042 W System.err: at android.view.ViewGroup.dispatchTouchEvent(ViewGroup.java:2867)
01-07 11:40:39.446 31042 31042 W System.err: at android.view.ViewGroup.dispatchTransformedTouchEvent(ViewGroup.java:3222)
01-07 11:40:39.446 31042 31042 W System.err: at android.view.ViewGroup.dispatchTouchEvent(ViewGroup.java:2867)
01-07 11:40:39.446 31042 31042 W System.err: at android.view.ViewGroup.dispatchTransformedTouchEvent(ViewGroup.java:3222)
01-07 11:40:39.446 31042 31042 W System.err: at android.view.ViewGroup.dispatchTouchEvent(ViewGroup.java:2867)
01-07 11:40:39.446 31042 31042 W System.err: at com.android.internal.policy.DecorView.superDispatchTouchEvent(DecorView.java:573)
01-07 11:40:39.446 31042 31042 W System.err: at com.android.internal.policy.PhoneWindow.superDispatchTouchEvent(PhoneWindow.java:19 11)
01-07 11:40:39.446 31042 31042 W System.err: at android.app.Activity.dispatchTouchEvent(Activity.java:4256)
01-07 11:40:39.446 31042 31042 W System.err: at androidx.appcompat.view.WindowCallbackWrapper.dispatchTouchEvent(WindowCallbackWrap per.java:69)
01-07 11:40:39.446 31042 31042 W System.err: at com.android.internal.policy.DecorView.dispatchTouchEvent(DecorView.java:521)
01-07 11:40:39.446 31042 31042 W System.err: at android.view.View.dispatchPointerEvent(View.java:14940)
01-07 11:40:39.446 31042 31042 W System.err: at android.view.ViewRootImpl$ViewPostImeInputStage.processPointerEvent(ViewRootImpl.ja va:6932)
01-07 11:40:39.446 31042 31042 W System.err: at android.view.ViewRootImpl$ViewPostImeInputStage.onProcess(ViewRootImpl.java:6703)
01-07 11:40:39.446 31042 31042 W System.err: at android.view.ViewRootImpl$InputStage.deliver(ViewRootImpl.java:6168)
01-07 11:40:39.446 31042 31042 W System.err: at android.view.ViewRootImpl$InputStage.onDeliverToNext(ViewRootImpl.java:6230)
01-07 11:40:39.446 31042 31042 W System.err: at android.view.ViewRootImpl$InputStage.forward(ViewRootImpl.java:6191)
01-07 11:40:39.446 31042 31042 W System.err: at android.view.ViewRootImpl$AsyncInputStage.forward(ViewRootImpl.java:6365)
01-07 11:40:39.446 31042 31042 W System.err: at android.view.ViewRootImpl$InputStage.apply(ViewRootImpl.java:6199)
01-07 11:40:39.446 31042 31042 W System.err: at android.view.ViewRootImpl$AsyncInputStage.apply(ViewRootImpl.java:6422)
01-07 11:40:39.446 31042 31042 W System.err: at android.view.ViewRootImpl$InputStage.deliver(ViewRootImpl.java:6172)
01-07 11:40:39.446 31042 31042 W System.err: at android.view.ViewRootImpl$InputStage.onDeliverToNext(ViewRootImpl.java:6230)
01-07 11:40:39.446 31042 31042 W System.err: at android.view.ViewRootImpl$InputStage.forward(ViewRootImpl.java:6191)
01-07 11:40:39.446 31042 31042 W System.err: at android.view.ViewRootImpl$InputStage.apply(ViewRootImpl.java:6199)
01-07 11:40:39.446 31042 31042 W System.err: at android.view.ViewRootImpl$InputStage.deliver(ViewRootImpl.java:6172)
01-07 11:40:39.446 31042 31042 W System.err: at android.view.ViewRootImpl.deliverInputEvent(ViewRootImpl.java:9301)
01-07 11:40:39.446 31042 31042 W System.err: at android.view.ViewRootImpl.doProcessInputEvents(ViewRootImpl.java:9241)
01-07 11:40:39.446 31042 31042 W System.err: at android.view.ViewRootImpl.enqueueInputEvent(ViewRootImpl.java:9192)
01-07 11:40:39.446 31042 31042 W System.err: at android.view.ViewRootImpl$WindowInputEventReceiver.onInputEvent(ViewRootImpl.java:9 455)
01-07 11:40:39.446 31042 31042 W System.err: at android.view.InputEventReceiver.dispatchInputEvent(InputEventReceiver.java:259)
01-07 11:40:39.446 31042 31042 W System.err: at android.view.InputEventReceiver.nativeConsumeBatchedInputEvents(Native Method)
01-07 11:40:39.446 31042 31042 W System.err: at android.view.InputEventReceiver.consumeBatchedInputEvents(InputEventReceiver.java:2 39)
01-07 11:40:39.446 31042 31042 W System.err: at android.view.ViewRootImpl.doConsumeBatchedInput(ViewRootImpl.java:9396)
01-07 11:40:39.446 31042 31042 W System.err: at android.view.ViewRootImpl$ConsumeBatchedInputRunnable.run(ViewRootImpl.java:9547)
01-07 11:40:39.446 31042 31042 W System.err: at android.view.Choreographer$CallbackRecord.run(Choreographer.java:1218)
01-07 11:40:39.446 31042 31042 W System.err: at android.view.Choreographer.doCallbacks(Choreographer.java:972)
01-07 11:40:39.446 31042 31042 W System.err: at android.view.ChoreographerExtImpl.checkScrollOptSceneEnable(ChoreographerExtImpl.ja va:311)
01-07 11:40:39.446 31042 31042 W System.err: at android.view.Choreographer.doFrame(Choreographer.java:859)
01-07 11:40:39.446 31042 31042 W System.err: at android.view.Choreographer$FrameDisplayEventReceiver.run(Choreographer.java:1203)
01-07 11:40:39.446 31042 31042 W System.err: at android.os.Handler.handleCallback(Handler.java:938)
01-07 11:40:39.446 31042 31042 W System.err: at android.os.Handler.dispatchMessage(Handler.java:99)
01-07 11:40:39.446 31042 31042 W System.err: at android.os.Looper.loopOnce(Looper.java:233)
01-07 11:40:39.446 31042 31042 W System.err: at android.os.Looper.loop(Looper.java:344)
01-07 11:40:39.446 31042 31042 W System.err: at android.app.ActivityThread.main(ActivityThread.java:8205)
01-07 11:40:39.446 31042 31042 W System.err: at java.lang.reflect.Method.invoke(Native Method)
01-07 11:40:39.446 31042 31042 W System.err: at com.android.internal.os.RuntimeInit$MethodAndArgsCaller.run(RuntimeInit.java:589)
01-07 11:40:39.446 31042 31042 W System.err: at com.android.internal.os.ZygoteInit.main(ZygoteInit.java:1071)
01-07 11:40:39.449 31042 31281 I libPerfCtl: fbcNotifySbeRescue ret=-1
01-07 11:40:39.451 31042 31281 I libPerfCtl: fbcNotifySbeRescue ret=-1
01-07 11:40:39.461 31042 31419 E upgadata.up772: Invalid ID 0x00000000.
01-07 11:40:39.461 31042 31419 W ResourceLoader: Received invalid resource id: 0
01-07 11:40:39.461 31042 31419 W ResourceLoader: android.content.res.Resources$NotFoundException: Unable to find resource ID #0x0
01-07 11:40:39.461 31042 31419 W ResourceLoader: at android.content.res.ResourcesImpl.getResourcePackageName(ResourcesImpl.java:304)
01-07 11:40:39.461 31042 31419 W ResourceLoader: at android.content.res.Resources.getResourcePackageName(Resources.java:2270)
01-07 11:40:39.461 31042 31419 W ResourceLoader: at com.bumptech.glide.load.model.ResourceLoader.getResourceUri(ResourceLoader.java:45)
01-07 11:40:39.461 31042 31419 W ResourceLoader: at com.bumptech.glide.load.model.ResourceLoader.buildLoadData(ResourceLoader.java:35)
01-07 11:40:39.461 31042 31419 W ResourceLoader: at com.bumptech.glide.load.model.ResourceLoader.buildLoadData(ResourceLoader.java:20)
01-07 11:40:39.461 31042 31419 W ResourceLoader: at com.bumptech.glide.load.engine.DecodeHelper.getLoadData(DecodeHelper.java:211)
01-07 11:40:39.461 31042 31419 W ResourceLoader: at com.bumptech.glide.load.engine.DecodeHelper.getCacheKeys(DecodeHelper.java:224)
01-07 11:40:39.461 31042 31419 W ResourceLoader: at com.bumptech.glide.load.engine.ResourceCacheGenerator.startNext(ResourceCacheGenera tor.java:44)
01-07 11:40:39.461 31042 31419 W ResourceLoader: at com.bumptech.glide.load.engine.DecodeJob.runGenerators(DecodeJob.java:310)
01-07 11:40:39.461 31042 31419 W ResourceLoader: at com.bumptech.glide.load.engine.DecodeJob.runWrapped(DecodeJob.java:276)
01-07 11:40:39.461 31042 31419 W ResourceLoader: at com.bumptech.glide.load.engine.DecodeJob.run(DecodeJob.java:234)
01-07 11:40:39.461 31042 31419 W ResourceLoader: at java.util.concurrent.ThreadPoolExecutor.runWorker(ThreadPoolExecutor.java:1167)
01-07 11:40:39.461 31042 31419 W ResourceLoader: at java.util.concurrent.ThreadPoolExecutor$Worker.run(ThreadPoolExecutor.java:641)
01-07 11:40:39.461 31042 31419 W ResourceLoader: at java.lang.Thread.run(Thread.java:920)
01-07 11:40:39.461 31042 31419 W ResourceLoader: at com.bumptech.glide.load.engine.executor.GlideExecutor$DefaultThreadFactory$1.run(Gl ideExecutor.java:393)
01-07 11:40:39.462 31042 31042 W System.err: android.content.pm.PackageManager$NameNotFoundException: com.Srioz.RecurrenceCOOP
01-07 11:40:39.462 31042 31419 E upgadata.up772: Invalid ID 0x00000000.
01-07 11:40:39.462 31042 31042 W System.err: at android.app.ApplicationPackageManager.getPackageInfoAsUser(ApplicationPackageManage r.java:258)
01-07 11:40:39.462 31042 31042 W System.err: at android.app.ApplicationPackageManager.getPackageInfo(ApplicationPackageManager.java :225)
01-07 11:40:39.462 31042 31042 W System.err: at com.upgadata.up7723.apps.AppManager.checkApkExist(AppManager.java:232)
01-07 11:40:39.462 31042 31042 W System.err: at com.upgadata.up7723.widget.view.DownLoadView.setDownloadState(DownLoadView.java:800 )
01-07 11:40:39.462 31042 31042 W System.err: at com.upgadata.up7723.widget.view.DownLoadView.downState(DownLoadView.java:604)
01-07 11:40:39.462 31042 31042 W System.err: at com.upgadata.up7723.widget.view.DownLoadView.updateView(DownLoadView.java:520)
01-07 11:40:39.462 31042 31419 W ResourceLoader: Received invalid resource id: 0
01-07 11:40:39.462 31042 31419 W ResourceLoader: android.content.res.Resources$NotFoundException: Unable to find resource ID #0x0
01-07 11:40:39.462 31042 31419 W ResourceLoader: at android.content.res.ResourcesImpl.getResourcePackageName(ResourcesImpl.java:304)
01-07 11:40:39.462 31042 31419 W ResourceLoader: at android.content.res.Resources.getResourcePackageName(Resources.java:2270)
01-07 11:40:39.462 31042 31419 W ResourceLoader: at com.bumptech.glide.load.model.ResourceLoader.getResourceUri(ResourceLoader.java:45)
01-07 11:40:39.462 31042 31419 W ResourceLoader: at com.bumptech.glide.load.model.ResourceLoader.buildLoadData(ResourceLoader.java:35)
01-07 11:40:39.462 31042 31419 W ResourceLoader: at com.bumptech.glide.load.model.ResourceLoader.buildLoadData(ResourceLoader.java:20)
01-07 11:40:39.462 31042 31419 W ResourceLoader: at com.bumptech.glide.load.engine.DecodeHelper.getLoadData(DecodeHelper.java:211)
01-07 11:40:39.462 31042 31419 W ResourceLoader: at com.bumptech.glide.load.engine.DecodeHelper.getCacheKeys(DecodeHelper.java:224)
01-07 11:40:39.462 31042 31419 W ResourceLoader: at com.bumptech.glide.load.engine.ResourceCacheGenerator.startNext(ResourceCacheGenera tor.java:44)
01-07 11:40:39.462 31042 31419 W ResourceLoader: at com.bumptech.glide.load.engine.DecodeJob.runGenerators(DecodeJob.java:310)
01-07 11:40:39.462 31042 31419 W ResourceLoader: at com.bumptech.glide.load.engine.DecodeJob.runWrapped(DecodeJob.java:276)
01-07 11:40:39.462 31042 31419 W ResourceLoader: at com.bumptech.glide.load.engine.DecodeJob.run(DecodeJob.java:234)
01-07 11:40:39.462 31042 31419 W ResourceLoader: at java.util.concurrent.ThreadPoolExecutor.runWorker(ThreadPoolExecutor.java:1167)
01-07 11:40:39.462 31042 31419 W ResourceLoader: at java.util.concurrent.ThreadPoolExecutor$Worker.run(ThreadPoolExecutor.java:641)
01-07 11:40:39.462 31042 31419 W ResourceLoader: at java.lang.Thread.run(Thread.java:920)
01-07 11:40:39.462 31042 31419 W ResourceLoader: at com.bumptech.glide.load.engine.executor.GlideExecutor$DefaultThreadFactory$1.run(Gl ideExecutor.java:393)
01-07 11:40:39.462 31042 31419 E upgadata.up772: Invalid ID 0x00000000.
01-07 11:40:39.462 31042 31042 W System.err: at com.upgadata.up7723.widget.view.DownLoadView.setData(DownLoadView.java:256)
01-07 11:40:39.462 31042 31042 W System.err: at com.upgadata.up7723.widget.GameItemShareAppView.initData(GameItemShareAppView.java: 190)
01-07 11:40:39.462 31042 31042 W System.err: at com.upgadata.up7723.widget.GameItemShareAppView.update(GameItemShareAppView.java:13 9)
01-07 11:40:39.462 31042 31042 W System.err: at com.upgadata.up7723.base.BaseHolderAdapter.getView(BaseHolderAdapter.java:146)
01-07 11:40:39.462 31042 31042 W System.err: at android.widget.HeaderViewListAdapter.getView(HeaderViewListAdapter.java:224)
01-07 11:40:39.462 31042 31042 W System.err: at android.widget.AbsListView.obtainView(AbsListView.java:2435)
01-07 11:40:39.462 31042 31042 W System.err: at android.widget.ListView.makeAndAddView(ListView.java:2067)
01-07 11:40:39.462 31042 31042 W System.err: at android.widget.ListView.fillDown(ListView.java:793)
01-07 11:40:39.462 31042 31042 W System.err: at android.widget.ListView.fillGap(ListView.java:756)
01-07 11:40:39.462 31042 31042 W System.err: at android.widget.AbsListView.trackMotionScroll(AbsListView.java:5494)
01-07 11:40:39.462 31042 31042 W System.err: at android.widget.ListView.trackMotionScroll(ListView.java:1984)
01-07 11:40:39.462 31042 31042 W System.err: at android.widget.AbsListView.scrollIfNeeded(AbsListView.java:3693)
01-07 11:40:39.462 31042 31042 W System.err: at android.widget.AbsListView.onTouchMove(AbsListView.java:4180)
01-07 11:40:39.462 31042 31042 W System.err: at android.widget.AbsListView.onTouchEvent(AbsListView.java:3977)
01-07 11:40:39.462 31042 31042 W System.err: at android.view.View.dispatchTouchEvent(View.java:14668)
01-07 11:40:39.462 31042 31042 W System.err: at android.view.ViewGroup.dispatchTransformedTouchEvent(ViewGroup.java:3216)
01-07 11:40:39.462 31042 31042 W System.err: at android.view.ViewGroup.dispatchTouchEvent(ViewGroup.java:2853)
01-07 11:40:39.462 31042 31042 W System.err: at android.view.ViewGroup.dispatchTransformedTouchEvent(ViewGroup.java:3222)
01-07 11:40:39.462 31042 31042 W System.err: at android.view.ViewGroup.dispatchTouchEvent(ViewGroup.java:2867)
01-07 11:40:39.462 31042 31042 W System.err: at android.view.ViewGroup.dispatchTransformedTouchEvent(ViewGroup.java:3222)
01-07 11:40:39.462 31042 31042 W System.err: at android.view.ViewGroup.dispatchTouchEvent(ViewGroup.java:2867)
01-07 11:40:39.462 31042 31042 W System.err: at android.view.ViewGroup.dispatchTransformedTouchEvent(ViewGroup.java:3222)
01-07 11:40:39.463 31042 31042 W System.err: at android.view.ViewGroup.dispatchTouchEvent(ViewGroup.java:2867)
01-07 11:40:39.463 31042 31042 W System.err: at android.view.ViewGroup.dispatchTransformedTouchEvent(ViewGroup.java:3222)
01-07 11:40:39.463 31042 31042 W System.err: at android.view.ViewGroup.dispatchTouchEvent(ViewGroup.java:2867)
01-07 11:40:39.463 31042 31419 W ResourceLoader: Received invalid resource id: 0
01-07 11:40:39.463 31042 31419 W ResourceLoader: android.content.res.Resources$NotFoundException: Unable to find resource ID #0x0
01-07 11:40:39.463 31042 31419 W ResourceLoader: at android.content.res.ResourcesImpl.getResourcePackageName(ResourcesImpl.java:304)
01-07 11:40:39.463 31042 31419 W ResourceLoader: at android.content.res.Resources.getResourcePackageName(Resources.java:2270)
01-07 11:40:39.463 31042 31419 W ResourceLoader: at com.bumptech.glide.load.model.ResourceLoader.getResourceUri(ResourceLoader.java:45)
01-07 11:40:39.463 31042 31419 W ResourceLoader: at com.bumptech.glide.load.model.ResourceLoader.buildLoadData(ResourceLoader.java:35)
01-07 11:40:39.463 31042 31419 W ResourceLoader: at com.bumptech.glide.load.model.ResourceLoader.buildLoadData(ResourceLoader.java:20)
01-07 11:40:39.463 31042 31419 W ResourceLoader: at com.bumptech.glide.load.engine.DecodeHelper.getLoadData(DecodeHelper.java:211)
01-07 11:40:39.463 31042 31419 W ResourceLoader: at com.bumptech.glide.load.engine.DecodeHelper.getCacheKeys(DecodeHelper.java:224)
01-07 11:40:39.463 31042 31419 W ResourceLoader: at com.bumptech.glide.load.engine.ResourceCacheGenerator.startNext(ResourceCacheGenera tor.java:44)
01-07 11:40:39.463 31042 31419 W ResourceLoader: at com.bumptech.glide.load.engine.DecodeJob.runGenerators(DecodeJob.java:310)
01-07 11:40:39.463 31042 31419 W ResourceLoader: at com.bumptech.glide.load.engine.DecodeJob.runWrapped(DecodeJob.java:276)
01-07 11:40:39.463 31042 31419 W ResourceLoader: at com.bumptech.glide.load.engine.DecodeJob.run(DecodeJob.java:234)
01-07 11:40:39.463 31042 31419 W ResourceLoader: at java.util.concurrent.ThreadPoolExecutor.runWorker(ThreadPoolExecutor.java:1167)
01-07 11:40:39.463 31042 31419 W ResourceLoader: at java.util.concurrent.ThreadPoolExecutor$Worker.run(ThreadPoolExecutor.java:641)
01-07 11:40:39.463 31042 31419 W ResourceLoader: at java.lang.Thread.run(Thread.java:920)
01-07 11:40:39.463 31042 31419 W ResourceLoader: at com.bumptech.glide.load.engine.executor.GlideExecutor$DefaultThreadFactory$1.run(Gl ideExecutor.java:393)
01-07 11:40:39.463 31042 31042 W System.err: at android.view.ViewGroup.dispatchTransformedTouchEvent(ViewGroup.java:3222)
01-07 11:40:39.463 31042 31042 W System.err: at android.view.ViewGroup.dispatchTouchEvent(ViewGroup.java:2867)
01-07 11:40:39.463 31042 31042 W System.err: at android.view.ViewGroup.dispatchTransformedTouchEvent(ViewGroup.java:3222)
01-07 11:40:39.463 31042 31042 W System.err: at android.view.ViewGroup.dispatchTouchEvent(ViewGroup.java:2867)
01-07 11:40:39.463 31042 31042 W System.err: at android.view.ViewGroup.dispatchTransformedTouchEvent(ViewGroup.java:3222)
01-07 11:40:39.463 31042 31419 E upgadata.up772: Invalid ID 0x00000000.
01-07 11:40:39.463 31042 31042 W System.err: at android.view.ViewGroup.dispatchTouchEvent(ViewGroup.java:2867)
01-07 11:40:39.463 31042 31042 W System.err: at android.view.ViewGroup.dispatchTransformedTouchEvent(ViewGroup.java:3222)
01-07 11:40:39.463 31042 31042 W System.err: at android.view.ViewGroup.dispatchTouchEvent(ViewGroup.java:2867)
01-07 11:40:39.463 31042 31042 W System.err: at android.view.ViewGroup.dispatchTransformedTouchEvent(ViewGroup.java:3222)
01-07 11:40:39.463 31042 31042 W System.err: at android.view.ViewGroup.dispatchTouchEvent(ViewGroup.java:2867)
01-07 11:40:39.463 31042 31042 W System.err: at android.view.ViewGroup.dispatchTransformedTouchEvent(ViewGroup.java:3222)
01-07 11:40:39.463 31042 31042 W System.err: at android.view.ViewGroup.dispatchTouchEvent(ViewGroup.java:2867)
01-07 11:40:39.463 31042 31042 W System.err: at com.android.internal.policy.DecorView.superDispatchTouchEvent(DecorView.java:573)
01-07 11:40:39.463 31042 31042 W System.err: at com.android.internal.policy.PhoneWindow.superDispatchTouchEvent(PhoneWindow.java:19 11)
01-07 11:40:39.463 31042 31042 W System.err: at android.app.Activity.dispatchTouchEvent(Activity.java:4256)
01-07 11:40:39.463 31042 31042 W System.err: at androidx.appcompat.view.WindowCallbackWrapper.dispatchTouchEvent(WindowCallbackWrap per.java:69)
01-07 11:40:39.463 31042 31042 W System.err: at com.android.internal.policy.DecorView.dispatchTouchEvent(DecorView.java:521)
01-07 11:40:39.463 31042 31042 W System.err: at android.view.View.dispatchPointerEvent(View.java:14940)
01-07 11:40:39.463 31042 31042 W System.err: at android.view.ViewRootImpl$ViewPostImeInputStage.processPointerEvent(ViewRootImpl.ja va:6932)
01-07 11:40:39.463 31042 31042 W System.err: at android.view.ViewRootImpl$ViewPostImeInputStage.onProcess(ViewRootImpl.java:6703)
01-07 11:40:39.463 31042 31042 W System.err: at android.view.ViewRootImpl$InputStage.deliver(ViewRootImpl.java:6168)
01-07 11:40:39.463 31042 31042 W System.err: at android.view.ViewRootImpl$InputStage.onDeliverToNext(ViewRootImpl.java:6230)
01-07 11:40:39.463 31042 31042 W System.err: at android.view.ViewRootImpl$InputStage.forward(ViewRootImpl.java:6191)
01-07 11:40:39.463 31042 31042 W System.err: at android.view.ViewRootImpl$AsyncInputStage.forward(ViewRootImpl.java:6365)
01-07 11:40:39.463 31042 31042 W System.err: at android.view.ViewRootImpl$InputStage.apply(ViewRootImpl.java:6199)
01-07 11:40:39.463 31042 31042 W System.err: at android.view.ViewRootImpl$AsyncInputStage.apply(ViewRootImpl.java:6422)
01-07 11:40:39.463 31042 31042 W System.err: at android.view.ViewRootImpl$InputStage.deliver(ViewRootImpl.java:6172)
01-07 11:40:39.463 31042 31042 W System.err: at android.view.ViewRootImpl$InputStage.onDeliverToNext(ViewRootImpl.java:6230)
01-07 11:40:39.463 31042 31042 W System.err: at android.view.ViewRootImpl$InputStage.forward(ViewRootImpl.java:6191)
01-07 11:40:39.463 31042 31042 W System.err: at android.view.ViewRootImpl$InputStage.apply(ViewRootImpl.java:6199)
01-07 11:40:39.463 31042 31042 W System.err: at android.view.ViewRootImpl$InputStage.deliver(ViewRootImpl.java:6172)
01-07 11:40:39.463 31042 31042 W System.err: at android.view.ViewRootImpl.deliverInputEvent(ViewRootImpl.java:9301)
01-07 11:40:39.463 31042 31042 W System.err: at android.view.ViewRootImpl.doProcessInputEvents(ViewRootImpl.java:9241)
01-07 11:40:39.463 31042 31042 W System.err: at android.view.ViewRootImpl.enqueueInputEvent(ViewRootImpl.java:9192)
01-07 11:40:39.463 31042 31042 W System.err: at android.view.ViewRootImpl$WindowInputEventReceiver.onInputEvent(ViewRootImpl.java:9 455)
01-07 11:40:39.463 31042 31042 W System.err: at android.view.InputEventReceiver.dispatchInputEvent(InputEventReceiver.java:259)
01-07 11:40:39.463 31042 31042 W System.err: at android.view.InputEventReceiver.nativeConsumeBatchedInputEvents(Native Method)
01-07 11:40:39.463 31042 31042 W System.err: at android.view.InputEventReceiver.consumeBatchedInputEvents(InputEventReceiver.java:2 39)
01-07 11:40:39.463 31042 31042 W System.err: at android.view.ViewRootImpl.doConsumeBatchedInput(ViewRootImpl.java:9396)
01-07 11:40:39.463 31042 31042 W System.err: at android.view.ViewRootImpl$ConsumeBatchedInputRunnable.run(ViewRootImpl.java:9547)
01-07 11:40:39.463 31042 31042 W System.err: at android.view.Choreographer$CallbackRecord.run(Choreographer.java:1218)
01-07 11:40:39.463 31042 31042 W System.err: at android.view.Choreographer.doCallbacks(Choreographer.java:972)
01-07 11:40:39.463 31042 31042 W System.err: at android.view.ChoreographerExtImpl.checkScrollOptSceneEnable(ChoreographerExtImpl.ja va:311)
01-07 11:40:39.463 31042 31042 W System.err: at android.view.Choreographer.doFrame(Choreographer.java:859)
01-07 11:40:39.463 31042 31419 W ResourceLoader: Received invalid resource id: 0
01-07 11:40:39.463 31042 31419 W ResourceLoader: android.content.res.Resources$NotFoundException: Unable to find resource ID #0x0
01-07 11:40:39.463 31042 31419 W ResourceLoader: at android.content.res.ResourcesImpl.getResourcePackageName(ResourcesImpl.java:304)
01-07 11:40:39.463 31042 31419 W ResourceLoader: at android.content.res.Resources.getResourcePackageName(Resources.java:2270)
01-07 11:40:39.463 31042 31419 W ResourceLoader: at com.bumptech.glide.load.model.ResourceLoader.getResourceUri(ResourceLoader.java:45)
01-07 11:40:39.463 31042 31419 W ResourceLoader: at com.bumptech.glide.load.model.ResourceLoader.buildLoadData(ResourceLoader.java:35)
01-07 11:40:39.463 31042 31419 W ResourceLoader: at com.bumptech.glide.load.model.ResourceLoader.buildLoadData(ResourceLoader.java:20)
01-07 11:40:39.463 31042 31419 W ResourceLoader: at com.bumptech.glide.load.engine.DecodeHelper.getLoadData(DecodeHelper.java:211)
01-07 11:40:39.463 31042 31419 W ResourceLoader: at com.bumptech.glide.load.engine.DecodeHelper.getCacheKeys(DecodeHelper.java:224)
01-07 11:40:39.463 31042 31419 W ResourceLoader: at com.bumptech.glide.load.engine.ResourceCacheGenerator.startNext(ResourceCacheGenera tor.java:44)
01-07 11:40:39.463 31042 31419 W ResourceLoader: at com.bumptech.glide.load.engine.DecodeJob.runGenerators(DecodeJob.java:310)
01-07 11:40:39.463 31042 31419 W ResourceLoader: at com.bumptech.glide.load.engine.DecodeJob.runWrapped(DecodeJob.java:276)
01-07 11:40:39.463 31042 31419 W ResourceLoader: at com.bumptech.glide.load.engine.DecodeJob.run(DecodeJob.java:234)
01-07 11:40:39.463 31042 31419 W ResourceLoader: at java.util.concurrent.ThreadPoolExecutor.runWorker(ThreadPoolExecutor.java:1167)
01-07 11:40:39.463 31042 31419 W ResourceLoader: at java.util.concurrent.ThreadPoolExecutor$Worker.run(ThreadPoolExecutor.java:641)
01-07 11:40:39.463 31042 31419 W ResourceLoader: at java.lang.Thread.run(Thread.java:920)
01-07 11:40:39.463 31042 31419 W ResourceLoader: at com.bumptech.glide.load.engine.executor.GlideExecutor$DefaultThreadFactory$1.run(Gl ideExecutor.java:393)
01-07 11:40:39.463 31042 31042 W System.err: at android.view.Choreographer$FrameDisplayEventReceiver.run(Choreographer.java:1203)
01-07 11:40:39.463 31042 31042 W System.err: at android.os.Handler.handleCallback(Handler.java:938)
01-07 11:40:39.463 31042 31042 W System.err: at android.os.Handler.dispatchMessage(Handler.java:99)
01-07 11:40:39.463 31042 31042 W System.err: at android.os.Looper.loopOnce(Looper.java:233)
01-07 11:40:39.463 31042 31042 W System.err: at android.os.Looper.loop(Looper.java:344)
01-07 11:40:39.463 31042 31042 W System.err: at android.app.ActivityThread.main(ActivityThread.java:8205)
01-07 11:40:39.463 31042 31042 W System.err: at java.lang.reflect.Method.invoke(Native Method)
01-07 11:40:39.463 31042 31042 W System.err: at com.android.internal.os.RuntimeInit$MethodAndArgsCaller.run(RuntimeInit.java:589)
01-07 11:40:39.463 31042 31042 W System.err: at com.android.internal.os.ZygoteInit.main(ZygoteInit.java:1071)
01-07 11:40:39.465 31042 31281 I libPerfCtl: fbcNotifySbeRescue ret=-1
01-07 11:40:39.468 31042 31281 I libPerfCtl: fbcNotifySbeRescue ret=-1
01-07 11:40:39.468 31042 31042 W Glide : Load failed for 0 with size [32x32]
01-07 11:40:39.468 31042 31042 W Glide : class com.bumptech.glide.load.engine.GlideException: Failed to load resource
01-07 11:40:39.714 31042 31042 W System.err: android.content.pm.PackageManager$NameNotFoundException: com.shadowmario8.psychengine
01-07 11:40:39.714 31042 31042 W System.err: at android.app.ApplicationPackageManager.getPackageInfoAsUser(ApplicationPackageManage r.java:258)
01-07 11:40:39.714 31042 31042 W System.err: at android.app.ApplicationPackageManager.getPackageInfo(ApplicationPackageManager.java :225)
01-07 11:40:39.714 31042 31042 W System.err: at com.upgadata.up7723.apps.AppManager.checkApkExist(AppManager.java:232)
01-07 11:40:39.714 31042 31042 W System.err: at com.upgadata.up7723.widget.view.DownLoadView.setDownloadState(DownLoadView.java:800 )
01-07 11:40:39.714 31042 31042 W System.err: at com.upgadata.up7723.widget.view.DownLoadView.downState(DownLoadView.java:604)
01-07 11:40:39.714 31042 31042 W System.err: at com.upgadata.up7723.widget.view.DownLoadView.updateView(DownLoadView.java:520)
01-07 11:40:39.714 31042 31042 W System.err: at com.upgadata.up7723.widget.view.DownLoadView.setData(DownLoadView.java:256)
01-07 11:40:39.714 31042 31042 W System.err: at com.upgadata.up7723.widget.GameItemShareAppView.initData(GameItemShareAppView.java: 190)
01-07 11:40:39.714 31042 31042 W System.err: at com.upgadata.up7723.widget.GameItemShareAppView.update(GameItemShareAppView.java:13 9)
01-07 11:40:39.714 31042 31042 W System.err: at com.upgadata.up7723.base.BaseHolderAdapter.getView(BaseHolderAdapter.java:146)
01-07 11:40:39.714 31042 31042 W System.err: at android.widget.HeaderViewListAdapter.getView(HeaderViewListAdapter.java:224)
01-07 11:40:39.714 31042 31042 W System.err: at android.widget.AbsListView.obtainView(AbsListView.java:2435)
01-07 11:40:39.714 31042 31042 W System.err: at android.widget.ListView.makeAndAddView(ListView.java:2067)
01-07 11:40:39.714 31042 31042 W System.err: at android.widget.ListView.fillSpecific(ListView.java:1492)
01-07 11:40:39.714 31042 31042 W System.err: at android.widget.ListView.layoutChildren(ListView.java:1802)
01-07 11:40:39.714 31042 31042 W System.err: at android.widget.AbsListView.onLayout(AbsListView.java:2232)
01-07 11:40:39.714 31042 31042 W System.err: at android.view.View.layout(View.java:23482)
01-07 11:40:39.715 31042 31042 W System.err: at android.view.ViewGroup.layout(ViewGroup.java:6575)
01-07 11:40:39.715 31042 31042 W System.err: at android.widget.LinearLayout.setChildFrame(LinearLayout.java:1841)
01-07 11:40:39.715 31042 31042 W System.err: at android.widget.LinearLayout.layoutVertical(LinearLayout.java:1673)
01-07 11:40:39.715 31042 31042 W System.err: at android.widget.LinearLayout.onLayout(LinearLayout.java:1582)
01-07 11:40:39.715 31042 31042 W System.err: at android.view.View.layout(View.java:23482)
01-07 11:40:39.715 31042 31042 W System.err: at android.view.ViewGroup.layout(ViewGroup.java:6575)
01-07 11:40:39.715 31042 31042 W System.err: at androidx.viewpager.widget.ViewPager.onLayout(ViewPager.java:1775)
01-07 11:40:39.715 31042 31042 W System.err: at android.view.View.layout(View.java:23482)
01-07 11:40:39.715 31042 31042 W System.err: at android.view.ViewGroup.layout(ViewGroup.java:6575)
01-07 11:40:39.715 31042 31042 W System.err: at android.widget.LinearLayout.setChildFrame(LinearLayout.java:1841)
01-07 11:40:39.715 31042 31042 W System.err: at android.widget.LinearLayout.layoutVertical(LinearLayout.java:1673)
01-07 11:40:39.715 31042 31042 W System.err: at android.widget.LinearLayout.onLayout(LinearLayout.java:1582)
01-07 11:40:39.715 31042 31042 W System.err: at android.view.View.layout(View.java:23482)
01-07 11:40:39.715 31042 31042 W System.err: at android.view.ViewGroup.layout(ViewGroup.java:6575)
01-07 11:40:39.715 31042 31042 W System.err: at android.widget.RelativeLayout.onLayout(RelativeLayout.java:1103)
01-07 11:40:39.715 31042 31042 W System.err: at android.view.View.layout(View.java:23482)
01-07 11:40:39.715 31042 31042 W System.err: at android.view.ViewGroup.layout(ViewGroup.java:6575)
01-07 11:40:39.715 31042 31042 W System.err: at android.widget.FrameLayout.layoutChildren(FrameLayout.java:332)
01-07 11:40:39.715 31042 31042 W System.err: at android.widget.FrameLayout.onLayout(FrameLayout.java:270)
01-07 11:40:39.715 31042 31042 W System.err: at android.view.View.layout(View.java:23482)
01-07 11:40:39.715 31042 31042 W System.err: at android.view.ViewGroup.layout(ViewGroup.java:6575)
01-07 11:40:39.715 31042 31042 W System.err: at android.widget.LinearLayout.setChildFrame(LinearLayout.java:1841)
01-07 11:40:39.715 31042 31042 W System.err: at android.widget.LinearLayout.layoutVertical(LinearLayout.java:1673)
01-07 11:40:39.715 31042 31042 W System.err: at android.widget.LinearLayout.onLayout(LinearLayout.java:1582)
01-07 11:40:39.715 31042 31042 W System.err: at android.view.View.layout(View.java:23482)
01-07 11:40:39.715 31042 31042 W System.err: at android.view.ViewGroup.layout(ViewGroup.java:6575)
01-07 11:40:39.715 31042 31042 W System.err: at android.widget.FrameLayout.layoutChildren(FrameLayout.java:332)
01-07 11:40:39.715 31042 31042 W System.err: at android.widget.FrameLayout.onLayout(FrameLayout.java:270)
01-07 11:40:39.715 31042 31042 W System.err: at android.view.View.layout(View.java:23482)
01-07 11:40:39.715 31042 31042 W System.err: at android.view.ViewGroup.layout(ViewGroup.java:6575)
01-07 11:40:39.715 31042 31042 W System.err: at android.widget.LinearLayout.setChildFrame(LinearLayout.java:1841)
01-07 11:40:39.715 31042 31042 W System.err: at android.widget.LinearLayout.layoutVertical(LinearLayout.java:1673)
01-07 11:40:39.715 31042 31042 W System.err: at android.widget.LinearLayout.onLayout(LinearLayout.java:1582)
01-07 11:40:39.715 31042 31042 W System.err: at android.view.View.layout(View.java:23482)
01-07 11:40:39.715 31042 31042 W System.err: at android.view.ViewGroup.layout(ViewGroup.java:6575)
01-07 11:40:39.715 31042 31042 W System.err: at me.imid.swipebacklayout.lib.SwipeBackLayout.onLayout(SwipeBackLayout.java:386)
01-07 11:40:39.715 31042 31042 W System.err: at android.view.View.layout(View.java:23482)
01-07 11:40:39.715 31042 31042 W System.err: at android.view.ViewGroup.layout(ViewGroup.java:6575)
01-07 11:40:39.715 31042 31042 W System.err: at android.widget.FrameLayout.layoutChildren(FrameLayout.java:332)
01-07 11:40:39.715 31042 31042 W System.err: at android.widget.FrameLayout.onLayout(FrameLayout.java:270)
01-07 11:40:39.715 31042 31042 W System.err: at com.android.internal.policy.DecorView.onLayout(DecorView.java:873)
01-07 11:40:39.715 31042 31042 W System.err: at android.view.View.layout(View.java:23482)
01-07 11:40:39.715 31042 31042 W System.err: at android.view.ViewGroup.layout(ViewGroup.java:6575)
01-07 11:40:39.715 31042 31042 W System.err: at android.view.ViewRootImpl.performLayout(ViewRootImpl.java:4075)
01-07 11:40:39.715 31042 31042 W System.err: at android.view.ViewRootImpl.performTraversals(ViewRootImpl.java:3470)
01-07 11:40:39.715 31042 31042 W System.err: at android.view.ViewRootImpl.doTraversal(ViewRootImpl.java:2398)
01-07 11:40:39.715 31042 31042 W System.err: at android.view.ViewRootImpl$TraversalRunnable.run(ViewRootImpl.java:9407)
01-07 11:40:39.715 31042 31042 W System.err: at android.view.Choreographer$CallbackRecord.run(Choreographer.java:1218)
01-07 11:40:39.715 31042 31042 W System.err: at android.view.Choreographer.doCallbacks(Choreographer.java:972)
01-07 11:40:39.715 31042 31042 W System.err: at android.view.ChoreographerExtImpl.checkScrollOptSceneEnable(ChoreographerExtImpl.ja va:328)
01-07 11:40:39.715 31042 31042 W System.err: at android.view.Choreographer.doFrame(Choreographer.java:859)
01-07 11:40:39.715 31042 31042 W System.err: at android.view.Choreographer$FrameDisplayEventReceiver.run(Choreographer.java:1203)
01-07 11:40:39.715 31042 31042 W System.err: at android.os.Handler.handleCallback(Handler.java:938)
01-07 11:40:39.715 31042 31042 W System.err: at android.os.Handler.dispatchMessage(Handler.java:99)
01-07 11:40:39.715 31042 31042 W System.err: at android.os.Looper.loopOnce(Looper.java:233)
01-07 11:40:39.715 31042 31042 W System.err: at android.os.Looper.loop(Looper.java:344)
01-07 11:40:39.715 31042 31042 W System.err: at android.app.ActivityThread.main(ActivityThread.java:8205)
01-07 11:40:39.715 31042 31042 W System.err: at java.lang.reflect.Method.invoke(Native Method)
01-07 11:40:39.715 31042 31042 W System.err: at com.android.internal.os.RuntimeInit$MethodAndArgsCaller.run(RuntimeInit.java:589)
01-07 11:40:39.716 31042 31042 W System.err: at com.android.internal.os.ZygoteInit.main(ZygoteInit.java:1071)
01-07 11:40:39.724 31042 31042 W System.err: android.content.pm.PackageManager$NameNotFoundException: com.geneildosantos.zlegends2
01-07 11:40:39.725 31042 31042 W System.err: at android.app.ApplicationPackageManager.getPackageInfoAsUser(ApplicationPackageManage r.java:258)
01-07 11:40:39.725 31042 31042 W System.err: at android.app.ApplicationPackageManager.getPackageInfo(ApplicationPackageManager.java :225)
01-07 11:40:39.725 31042 31042 W System.err: at com.upgadata.up7723.apps.AppManager.checkApkExist(AppManager.java:232)
01-07 11:40:39.725 31042 31042 W System.err: at com.upgadata.up7723.widget.view.DownLoadView.setDownloadState(DownLoadView.java:800 )
01-07 11:40:39.725 31042 31042 W System.err: at com.upgadata.up7723.widget.view.DownLoadView.downState(DownLoadView.java:604)
01-07 11:40:39.725 31042 31042 W System.err: at com.upgadata.up7723.widget.view.DownLoadView.updateView(DownLoadView.java:520)
01-07 11:40:39.725 31042 31042 W System.err: at com.upgadata.up7723.widget.view.DownLoadView.setData(DownLoadView.java:256)
01-07 11:40:39.725 31042 31042 W System.err: at com.upgadata.up7723.widget.GameItemShareAppView.initData(GameItemShareAppView.java: 190)
01-07 11:40:39.725 31042 31042 W System.err: at com.upgadata.up7723.widget.GameItemShareAppView.update(GameItemShareAppView.java:13 9)
01-07 11:40:39.725 31042 31042 W System.err: at com.upgadata.up7723.base.BaseHolderAdapter.getView(BaseHolderAdapter.java:146)
01-07 11:40:39.725 31042 31042 W System.err: at android.widget.HeaderViewListAdapter.getView(HeaderViewListAdapter.java:224)
01-07 11:40:39.725 31042 31042 W System.err: at android.widget.AbsListView.obtainView(AbsListView.java:2435)
01-07 11:40:39.725 31042 31042 W System.err: at android.widget.ListView.makeAndAddView(ListView.java:2067)
01-07 11:40:39.725 31042 31042 W System.err: at android.widget.ListView.fillDown(ListView.java:793)
01-07 11:40:39.725 31042 31042 W System.err: at android.widget.ListView.fillSpecific(ListView.java:1504)
01-07 11:40:39.725 31042 31042 W System.err: at android.widget.ListView.layoutChildren(ListView.java:1802)
01-07 11:40:39.725 31042 31042 W System.err: at android.widget.AbsListView.onLayout(AbsListView.java:2232)
01-07 11:40:39.725 31042 31042 W System.err: at android.view.View.layout(View.java:23482)
01-07 11:40:39.725 31042 31042 W System.err: at android.view.ViewGroup.layout(ViewGroup.java:6575)
01-07 11:40:39.725 31042 31042 W System.err: at android.widget.LinearLayout.setChildFrame(LinearLayout.java:1841)
01-07 11:40:39.725 31042 31042 W System.err: at android.widget.LinearLayout.layoutVertical(LinearLayout.java:1673)
01-07 11:40:39.725 31042 31042 W System.err: at android.widget.LinearLayout.onLayout(LinearLayout.java:1582)
01-07 11:40:39.725 31042 31042 W System.err: at android.view.View.layout(View.java:23482)
01-07 11:40:39.725 31042 31042 W System.err: at android.view.ViewGroup.layout(ViewGroup.java:6575)
01-07 11:40:39.725 31042 31042 W System.err: at androidx.viewpager.widget.ViewPager.onLayout(ViewPager.java:1775)
01-07 11:40:39.725 31042 31042 W System.err: at android.view.View.layout(View.java:23482)
01-07 11:40:39.726 31042 31042 W System.err: at android.view.ViewGroup.layout(ViewGroup.java:6575)
01-07 11:40:39.726 31042 31042 W System.err: at android.widget.LinearLayout.setChildFrame(LinearLayout.java:1841)
01-07 11:40:39.726 31042 31042 W System.err: at android.widget.LinearLayout.layoutVertical(LinearLayout.java:1673)
01-07 11:40:39.726 31042 31042 W System.err: at android.widget.LinearLayout.onLayout(LinearLayout.java:1582)
01-07 11:40:39.726 31042 31042 W System.err: at android.view.View.layout(View.java:23482)
01-07 11:40:39.726 31042 31042 W System.err: at android.view.ViewGroup.layout(ViewGroup.java:6575)
01-07 11:40:39.726 31042 31042 W System.err: at android.widget.RelativeLayout.onLayout(RelativeLayout.java:1103)
01-07 11:40:39.726 31042 31042 W System.err: at android.view.View.layout(View.java:23482)
01-07 11:40:39.726 31042 31042 W System.err: at android.view.ViewGroup.layout(ViewGroup.java:6575)
01-07 11:40:39.726 31042 31042 W System.err: at android.widget.FrameLayout.layoutChildren(FrameLayout.java:332)
01-07 11:40:39.726 31042 31042 W System.err: at android.widget.FrameLayout.onLayout(FrameLayout.java:270)
01-07 11:40:39.726 31042 31042 W System.err: at android.view.View.layout(View.java:23482)
01-07 11:40:39.726 31042 31042 W System.err: at android.view.ViewGroup.layout(ViewGroup.java:6575)
01-07 11:40:39.726 31042 31042 W System.err: at android.widget.LinearLayout.setChildFrame(LinearLayout.java:1841)
01-07 11:40:39.726 31042 31042 W System.err: at android.widget.LinearLayout.layoutVertical(LinearLayout.java:1673)
01-07 11:40:39.726 31042 31042 W System.err: at android.widget.LinearLayout.onLayout(LinearLayout.java:1582)
01-07 11:40:39.726 31042 31042 W System.err: at android.view.View.layout(View.java:23482)
01-07 11:40:39.726 31042 31042 W System.err: at android.view.ViewGroup.layout(ViewGroup.java:6575)
01-07 11:40:39.726 31042 31042 W System.err: at android.widget.FrameLayout.layoutChildren(FrameLayout.java:332)
01-07 11:40:39.726 31042 31042 W System.err: at android.widget.FrameLayout.onLayout(FrameLayout.java:270)
01-07 11:40:39.726 31042 31042 W System.err: at android.view.View.layout(View.java:23482)
01-07 11:40:39.726 31042 31042 W System.err: at android.view.ViewGroup.layout(ViewGroup.java:6575)
01-07 11:40:39.726 31042 31042 W System.err: at android.widget.LinearLayout.setChildFrame(LinearLayout.java:1841)
01-07 11:40:39.726 31042 31042 W System.err: at android.widget.LinearLayout.layoutVertical(LinearLayout.java:1673)
01-07 11:40:39.726 31042 31042 W System.err: at android.widget.LinearLayout.onLayout(LinearLayout.java:1582)
01-07 11:40:39.726 31042 31042 W System.err: at android.view.View.layout(View.java:23482)
01-07 11:40:39.727 31042 31042 W System.err: at android.view.ViewGroup.layout(ViewGroup.java:6575)
01-07 11:40:39.727 31042 31042 W System.err: at me.imid.swipebacklayout.lib.SwipeBackLayout.onLayout(SwipeBackLayout.java:386)
01-07 11:40:39.727 31042 31042 W System.err: at android.view.View.layout(View.java:23482)
01-07 11:40:39.727 31042 31042 W System.err: at android.view.ViewGroup.layout(ViewGroup.java:6575)
01-07 11:40:39.727 31042 31042 W System.err: at android.widget.FrameLayout.layoutChildren(FrameLayout.java:332)
01-07 11:40:39.727 31042 31042 W System.err: at android.widget.FrameLayout.onLayout(FrameLayout.java:270)
01-07 11:40:39.727 31042 31042 W System.err: at com.android.internal.policy.DecorView.onLayout(DecorView.java:873)
01-07 11:40:39.727 31042 31042 W System.err: at android.view.View.layout(View.java:23482)
01-07 11:40:39.727 31042 31042 W System.err: at android.view.ViewGroup.layout(ViewGroup.java:6575)
01-07 11:40:39.727 31042 31042 W System.err: at android.view.ViewRootImpl.performLayout(ViewRootImpl.java:4075)
01-07 11:40:39.727 31042 31042 W System.err: at android.view.ViewRootImpl.performTraversals(ViewRootImpl.java:3470)
01-07 11:40:39.727 31042 31042 W System.err: at android.view.ViewRootImpl.doTraversal(ViewRootImpl.java:2398)
