01-07 11:40:26.472 31042 31419 W ResourceLoader: at com.bumptech.glide.load.engine.executor.GlideExecutor$DefaultThreadFactory$1.run(Gl ideExecutor.java:393)
01-07 11:40:26.474 31042 31042 W View : requestLayout() improperly called by android.widget.TextView{9763692 VFED..C.. ..S...ID 0,0-158,80} during layout: running second layout pass
01-07 11:40:26.499 31042 31056 E BLASTBufferQueue: [ViewRootImpl[com.upgadata.up7723/com.upgadata.up7723.main.activity.HomeActivity]#1 ](f:0,a:3) isEGL=1, mPendingRelease.size()=2, mMaxAcquiredBuffers=4, currentMaxAcquiredBufferCount=2
01-07 11:40:26.512 31042 31042 D OplusClipboardManager: getUserPathInfo size = 0
01-07 11:40:26.512 31042 31042 D ClipboardManagerExt: getUserPathInfo success
01-07 11:40:26.513 31042 31042 I Quality : Skipped: false 22
01-07 11:40:26.516 31042 31419 E upgadata.up772: Invalid ID 0x00000000.
01-07 11:40:26.517 31042 31419 W ResourceLoader: Received invalid resource id: 0
01-07 11:40:26.517 31042 31419 W ResourceLoader: android.content.res.Resources$NotFoundException: Unable to find resource ID #0x0
01-07 11:40:26.517 31042 31419 W ResourceLoader: at android.content.res.ResourcesImpl.getResourcePackageName(ResourcesImpl.java:304)
01-07 11:40:26.517 31042 31419 W ResourceLoader: at android.content.res.Resources.getResourcePackageName(Resources.java:2270)
01-07 11:40:26.517 31042 31419 W ResourceLoader: at com.bumptech.glide.load.model.ResourceLoader.getResourceUri(ResourceLoader.java:45)
01-07 11:40:26.517 31042 31419 W ResourceLoader: at com.bumptech.glide.load.model.ResourceLoader.buildLoadData(ResourceLoader.java:35)
01-07 11:40:26.517 31042 31419 W ResourceLoader: at com.bumptech.glide.load.model.ResourceLoader.buildLoadData(ResourceLoader.java:20)
01-07 11:40:26.517 31042 31419 W ResourceLoader: at com.bumptech.glide.load.engine.DecodeHelper.getLoadData(DecodeHelper.java:211)
01-07 11:40:26.517 31042 31419 W ResourceLoader: at com.bumptech.glide.load.engine.DecodeHelper.getCacheKeys(DecodeHelper.java:224)
01-07 11:40:26.517 31042 31419 W ResourceLoader: at com.bumptech.glide.load.engine.ResourceCacheGenerator.startNext(ResourceCacheGenera tor.java:44)
01-07 11:40:26.517 31042 31419 W ResourceLoader: at com.bumptech.glide.load.engine.DecodeJob.runGenerators(DecodeJob.java:310)
01-07 11:40:26.517 31042 31419 W ResourceLoader: at com.bumptech.glide.load.engine.DecodeJob.runWrapped(DecodeJob.java:276)
01-07 11:40:26.517 31042 31419 W ResourceLoader: at com.bumptech.glide.load.engine.DecodeJob.run(DecodeJob.java:234)
01-07 11:40:26.517 31042 31419 W ResourceLoader: at java.util.concurrent.ThreadPoolExecutor.runWorker(ThreadPoolExecutor.java:1167)
01-07 11:40:26.517 31042 31419 W ResourceLoader: at java.util.concurrent.ThreadPoolExecutor$Worker.run(ThreadPoolExecutor.java:641)
01-07 11:40:26.517 31042 31419 W ResourceLoader: at java.lang.Thread.run(Thread.java:920)
01-07 11:40:26.517 31042 31419 W ResourceLoader: at com.bumptech.glide.load.engine.executor.GlideExecutor$DefaultThreadFactory$1.run(Gl ideExecutor.java:393)
01-07 11:40:26.517 31042 31419 E upgadata.up772: Invalid ID 0x00000000.
01-07 11:40:26.517 31042 31419 W ResourceLoader: Received invalid resource id: 0
01-07 11:40:26.517 31042 31419 W ResourceLoader: android.content.res.Resources$NotFoundException: Unable to find resource ID #0x0
01-07 11:40:26.517 31042 31419 W ResourceLoader: at android.content.res.ResourcesImpl.getResourcePackageName(ResourcesImpl.java:304)
01-07 11:40:26.517 31042 31419 W ResourceLoader: at android.content.res.Resources.getResourcePackageName(Resources.java:2270)
01-07 11:40:26.517 31042 31419 W ResourceLoader: at com.bumptech.glide.load.model.ResourceLoader.getResourceUri(ResourceLoader.java:45)
01-07 11:40:26.517 31042 31419 W ResourceLoader: at com.bumptech.glide.load.model.ResourceLoader.buildLoadData(ResourceLoader.java:35)
01-07 11:40:26.517 31042 31419 W ResourceLoader: at com.bumptech.glide.load.model.ResourceLoader.buildLoadData(ResourceLoader.java:20)
01-07 11:40:26.517 31042 31419 W ResourceLoader: at com.bumptech.glide.load.engine.DecodeHelper.getLoadData(DecodeHelper.java:211)
01-07 11:40:26.517 31042 31419 W ResourceLoader: at com.bumptech.glide.load.engine.DecodeHelper.getCacheKeys(DecodeHelper.java:224)
01-07 11:40:26.517 31042 31419 W ResourceLoader: at com.bumptech.glide.load.engine.ResourceCacheGenerator.startNext(ResourceCacheGenera tor.java:44)
01-07 11:40:26.517 31042 31419 W ResourceLoader: at com.bumptech.glide.load.engine.DecodeJob.runGenerators(DecodeJob.java:310)
01-07 11:40:26.517 31042 31419 W ResourceLoader: at com.bumptech.glide.load.engine.DecodeJob.runWrapped(DecodeJob.java:276)
01-07 11:40:26.517 31042 31419 W ResourceLoader: at com.bumptech.glide.load.engine.DecodeJob.run(DecodeJob.java:234)
01-07 11:40:26.517 31042 31419 W ResourceLoader: at java.util.concurrent.ThreadPoolExecutor.runWorker(ThreadPoolExecutor.java:1167)
01-07 11:40:26.517 31042 31419 W ResourceLoader: at java.util.concurrent.ThreadPoolExecutor$Worker.run(ThreadPoolExecutor.java:641)
01-07 11:40:26.517 31042 31419 W ResourceLoader: at java.lang.Thread.run(Thread.java:920)
01-07 11:40:26.517 31042 31419 W ResourceLoader: at com.bumptech.glide.load.engine.executor.GlideExecutor$DefaultThreadFactory$1.run(Gl ideExecutor.java:393)
01-07 11:40:26.517 31042 31419 E upgadata.up772: Invalid ID 0x00000000.
01-07 11:40:26.517 31042 31419 W ResourceLoader: Received invalid resource id: 0
01-07 11:40:26.517 31042 31419 W ResourceLoader: android.content.res.Resources$NotFoundException: Unable to find resource ID #0x0
01-07 11:40:26.517 31042 31419 W ResourceLoader: at android.content.res.ResourcesImpl.getResourcePackageName(ResourcesImpl.java:304)
01-07 11:40:26.517 31042 31419 W ResourceLoader: at android.content.res.Resources.getResourcePackageName(Resources.java:2270)
01-07 11:40:26.517 31042 31419 W ResourceLoader: at com.bumptech.glide.load.model.ResourceLoader.getResourceUri(ResourceLoader.java:45)
01-07 11:40:26.517 31042 31419 W ResourceLoader: at com.bumptech.glide.load.model.ResourceLoader.buildLoadData(ResourceLoader.java:35)
01-07 11:40:26.517 31042 31419 W ResourceLoader: at com.bumptech.glide.load.model.ResourceLoader.buildLoadData(ResourceLoader.java:20)
01-07 11:40:26.517 31042 31419 W ResourceLoader: at com.bumptech.glide.load.engine.DecodeHelper.getLoadData(DecodeHelper.java:211)
01-07 11:40:26.517 31042 31419 W ResourceLoader: at com.bumptech.glide.load.engine.DecodeHelper.getCacheKeys(DecodeHelper.java:224)
01-07 11:40:26.517 31042 31419 W ResourceLoader: at com.bumptech.glide.load.engine.ResourceCacheGenerator.startNext(ResourceCacheGenera tor.java:44)
01-07 11:40:26.517 31042 31419 W ResourceLoader: at com.bumptech.glide.load.engine.DecodeJob.runGenerators(DecodeJob.java:310)
01-07 11:40:26.517 31042 31419 W ResourceLoader: at com.bumptech.glide.load.engine.DecodeJob.runWrapped(DecodeJob.java:276)
01-07 11:40:26.517 31042 31419 W ResourceLoader: at com.bumptech.glide.load.engine.DecodeJob.run(DecodeJob.java:234)
01-07 11:40:26.517 31042 31419 W ResourceLoader: at java.util.concurrent.ThreadPoolExecutor.runWorker(ThreadPoolExecutor.java:1167)
01-07 11:40:26.517 31042 31419 W ResourceLoader: at java.util.concurrent.ThreadPoolExecutor$Worker.run(ThreadPoolExecutor.java:641)
01-07 11:40:26.517 31042 31419 W ResourceLoader: at java.lang.Thread.run(Thread.java:920)
01-07 11:40:26.517 31042 31419 W ResourceLoader: at com.bumptech.glide.load.engine.executor.GlideExecutor$DefaultThreadFactory$1.run(Gl ideExecutor.java:393)
01-07 11:40:26.517 31042 31419 E upgadata.up772: Invalid ID 0x00000000.
01-07 11:40:26.518 31042 31419 W ResourceLoader: Received invalid resource id: 0
01-07 11:40:26.518 31042 31419 W ResourceLoader: android.content.res.Resources$NotFoundException: Unable to find resource ID #0x0
01-07 11:40:26.518 31042 31419 W ResourceLoader: at android.content.res.ResourcesImpl.getResourcePackageName(ResourcesImpl.java:304)
01-07 11:40:26.518 31042 31419 W ResourceLoader: at android.content.res.Resources.getResourcePackageName(Resources.java:2270)
01-07 11:40:26.518 31042 31419 W ResourceLoader: at com.bumptech.glide.load.model.ResourceLoader.getResourceUri(ResourceLoader.java:45)
01-07 11:40:26.518 31042 31419 W ResourceLoader: at com.bumptech.glide.load.model.ResourceLoader.buildLoadData(ResourceLoader.java:35)
01-07 11:40:26.518 31042 31419 W ResourceLoader: at com.bumptech.glide.load.model.ResourceLoader.buildLoadData(ResourceLoader.java:20)
01-07 11:40:26.518 31042 31419 W ResourceLoader: at com.bumptech.glide.load.engine.DecodeHelper.getLoadData(DecodeHelper.java:211)
01-07 11:40:26.518 31042 31419 W ResourceLoader: at com.bumptech.glide.load.engine.DecodeHelper.getCacheKeys(DecodeHelper.java:224)
01-07 11:40:26.518 31042 31419 W ResourceLoader: at com.bumptech.glide.load.engine.ResourceCacheGenerator.startNext(ResourceCacheGenera tor.java:44)
01-07 11:40:26.518 31042 31419 W ResourceLoader: at com.bumptech.glide.load.engine.DecodeJob.runGenerators(DecodeJob.java:310)
01-07 11:40:26.518 31042 31419 W ResourceLoader: at com.bumptech.glide.load.engine.DecodeJob.runWrapped(DecodeJob.java:276)
01-07 11:40:26.518 31042 31419 W ResourceLoader: at com.bumptech.glide.load.engine.DecodeJob.run(DecodeJob.java:234)
01-07 11:40:26.518 31042 31419 W ResourceLoader: at java.util.concurrent.ThreadPoolExecutor.runWorker(ThreadPoolExecutor.java:1167)
01-07 11:40:26.518 31042 31419 W ResourceLoader: at java.util.concurrent.ThreadPoolExecutor$Worker.run(ThreadPoolExecutor.java:641)
01-07 11:40:26.518 31042 31419 W ResourceLoader: at java.lang.Thread.run(Thread.java:920)
01-07 11:40:26.518 31042 31419 W ResourceLoader: at com.bumptech.glide.load.engine.executor.GlideExecutor$DefaultThreadFactory$1.run(Gl ideExecutor.java:393)
01-07 11:40:26.522 31042 31419 E upgadata.up772: Invalid ID 0x00000000.
01-07 11:40:26.527 31042 31419 W ResourceLoader: Received invalid resource id: 0
01-07 11:40:26.527 31042 31419 W ResourceLoader: android.content.res.Resources$NotFoundException: Unable to find resource ID #0x0
01-07 11:40:26.527 31042 31419 W ResourceLoader: at android.content.res.ResourcesImpl.getResourcePackageName(ResourcesImpl.java:304)
01-07 11:40:26.527 31042 31419 W ResourceLoader: at android.content.res.Resources.getResourcePackageName(Resources.java:2270)
01-07 11:40:26.527 31042 31419 W ResourceLoader: at com.bumptech.glide.load.model.ResourceLoader.getResourceUri(ResourceLoader.java:45)
01-07 11:40:26.527 31042 31419 W ResourceLoader: at com.bumptech.glide.load.model.ResourceLoader.buildLoadData(ResourceLoader.java:35)
01-07 11:40:26.527 31042 31419 W ResourceLoader: at com.bumptech.glide.load.model.ResourceLoader.buildLoadData(ResourceLoader.java:20)
01-07 11:40:26.527 31042 31419 W ResourceLoader: at com.bumptech.glide.load.engine.DecodeHelper.getLoadData(DecodeHelper.java:211)
01-07 11:40:26.527 31042 31419 W ResourceLoader: at com.bumptech.glide.load.engine.DecodeHelper.getCacheKeys(DecodeHelper.java:224)
01-07 11:40:26.527 31042 31419 W ResourceLoader: at com.bumptech.glide.load.engine.ResourceCacheGenerator.startNext(ResourceCacheGenera tor.java:44)
01-07 11:40:26.527 31042 31419 W ResourceLoader: at com.bumptech.glide.load.engine.DecodeJob.runGenerators(DecodeJob.java:310)
01-07 11:40:26.527 31042 31419 W ResourceLoader: at com.bumptech.glide.load.engine.DecodeJob.runWrapped(DecodeJob.java:276)
01-07 11:40:26.527 31042 31419 W ResourceLoader: at com.bumptech.glide.load.engine.DecodeJob.run(DecodeJob.java:234)
01-07 11:40:26.527 31042 31419 W ResourceLoader: at java.util.concurrent.ThreadPoolExecutor.runWorker(ThreadPoolExecutor.java:1167)
01-07 11:40:26.527 31042 31419 W ResourceLoader: at java.util.concurrent.ThreadPoolExecutor$Worker.run(ThreadPoolExecutor.java:641)
01-07 11:40:26.527 31042 31419 W ResourceLoader: at java.lang.Thread.run(Thread.java:920)
01-07 11:40:26.527 31042 31419 W ResourceLoader: at com.bumptech.glide.load.engine.executor.GlideExecutor$DefaultThreadFactory$1.run(Gl ideExecutor.java:393)
01-07 11:40:26.527 31042 31419 E upgadata.up772: Invalid ID 0x00000000.
01-07 11:40:26.528 31376 31376 I eup : register native abi method success
01-07 11:40:26.537 31042 31419 W ResourceLoader: Received invalid resource id: 0
01-07 11:40:26.537 31042 31419 W ResourceLoader: android.content.res.Resources$NotFoundException: Unable to find resource ID #0x0
01-07 11:40:26.537 31042 31419 W ResourceLoader: at android.content.res.ResourcesImpl.getResourcePackageName(ResourcesImpl.java:304)
01-07 11:40:26.537 31042 31419 W ResourceLoader: at android.content.res.Resources.getResourcePackageName(Resources.java:2270)
01-07 11:40:26.537 31042 31419 W ResourceLoader: at com.bumptech.glide.load.model.ResourceLoader.getResourceUri(ResourceLoader.java:45)
01-07 11:40:26.537 31042 31419 W ResourceLoader: at com.bumptech.glide.load.model.ResourceLoader.buildLoadData(ResourceLoader.java:35)
01-07 11:40:26.537 31042 31419 W ResourceLoader: at com.bumptech.glide.load.model.ResourceLoader.buildLoadData(ResourceLoader.java:20)
01-07 11:40:26.537 31042 31419 W ResourceLoader: at com.bumptech.glide.load.engine.DecodeHelper.getLoadData(DecodeHelper.java:211)
01-07 11:40:26.537 31042 31419 W ResourceLoader: at com.bumptech.glide.load.engine.DecodeHelper.getCacheKeys(DecodeHelper.java:224)
01-07 11:40:26.537 31042 31419 W ResourceLoader: at com.bumptech.glide.load.engine.ResourceCacheGenerator.startNext(ResourceCacheGenera tor.java:44)
01-07 11:40:26.537 31042 31419 W ResourceLoader: at com.bumptech.glide.load.engine.DecodeJob.runGenerators(DecodeJob.java:310)
01-07 11:40:26.537 31042 31419 W ResourceLoader: at com.bumptech.glide.load.engine.DecodeJob.runWrapped(DecodeJob.java:276)
01-07 11:40:26.537 31042 31419 W ResourceLoader: at com.bumptech.glide.load.engine.DecodeJob.run(DecodeJob.java:234)
01-07 11:40:26.537 31042 31419 W ResourceLoader: at java.util.concurrent.ThreadPoolExecutor.runWorker(ThreadPoolExecutor.java:1167)
01-07 11:40:26.537 31042 31419 W ResourceLoader: at java.util.concurrent.ThreadPoolExecutor$Worker.run(ThreadPoolExecutor.java:641)
01-07 11:40:26.537 31042 31419 W ResourceLoader: at java.lang.Thread.run(Thread.java:920)
01-07 11:40:26.537 31042 31419 W ResourceLoader: at com.bumptech.glide.load.engine.executor.GlideExecutor$DefaultThreadFactory$1.run(Gl ideExecutor.java:393)
01-07 11:40:26.537 31042 31419 E upgadata.up772: Invalid ID 0x00000000.
01-07 11:40:26.538 31042 31419 W ResourceLoader: Received invalid resource id: 0
01-07 11:40:26.538 31042 31419 W ResourceLoader: android.content.res.Resources$NotFoundException: Unable to find resource ID #0x0
01-07 11:40:26.538 31042 31419 W ResourceLoader: at android.content.res.ResourcesImpl.getResourcePackageName(ResourcesImpl.java:304)
01-07 11:40:26.538 31042 31419 W ResourceLoader: at android.content.res.Resources.getResourcePackageName(Resources.java:2270)
01-07 11:40:26.538 31042 31419 W ResourceLoader: at com.bumptech.glide.load.model.ResourceLoader.getResourceUri(ResourceLoader.java:45)
01-07 11:40:26.538 31042 31419 W ResourceLoader: at com.bumptech.glide.load.model.ResourceLoader.buildLoadData(ResourceLoader.java:35)
01-07 11:40:26.538 31042 31419 W ResourceLoader: at com.bumptech.glide.load.model.ResourceLoader.buildLoadData(ResourceLoader.java:20)
01-07 11:40:26.538 31042 31419 W ResourceLoader: at com.bumptech.glide.load.engine.DecodeHelper.getLoadData(DecodeHelper.java:211)
01-07 11:40:26.538 31042 31419 W ResourceLoader: at com.bumptech.glide.load.engine.DecodeHelper.getCacheKeys(DecodeHelper.java:224)
01-07 11:40:26.538 31042 31419 W ResourceLoader: at com.bumptech.glide.load.engine.ResourceCacheGenerator.startNext(ResourceCacheGenera tor.java:44)
01-07 11:40:26.538 31042 31419 W ResourceLoader: at com.bumptech.glide.load.engine.DecodeJob.runGenerators(DecodeJob.java:310)
01-07 11:40:26.538 31042 31419 W ResourceLoader: at com.bumptech.glide.load.engine.DecodeJob.runWrapped(DecodeJob.java:276)
01-07 11:40:26.538 31042 31419 W ResourceLoader: at com.bumptech.glide.load.engine.DecodeJob.run(DecodeJob.java:234)
01-07 11:40:26.538 31042 31419 W ResourceLoader: at java.util.concurrent.ThreadPoolExecutor.runWorker(ThreadPoolExecutor.java:1167)
01-07 11:40:26.538 31042 31419 W ResourceLoader: at java.util.concurrent.ThreadPoolExecutor$Worker.run(ThreadPoolExecutor.java:641)
01-07 11:40:26.538 31042 31419 W ResourceLoader: at java.lang.Thread.run(Thread.java:920)
01-07 11:40:26.538 31042 31419 W ResourceLoader: at com.bumptech.glide.load.engine.executor.GlideExecutor$DefaultThreadFactory$1.run(Gl ideExecutor.java:393)
01-07 11:40:26.538 31042 31419 E upgadata.up772: Invalid ID 0x00000000.
01-07 11:40:26.538 31042 31042 W View : requestLayout() improperly called by android.widget.TextView{9763692 VFED..C.. ..S...ID 0,0-158,80} during layout: running second layout pass
01-07 11:40:26.541 31042 31419 W ResourceLoader: Received invalid resource id: 0
01-07 11:40:26.541 31042 31419 W ResourceLoader: android.content.res.Resources$NotFoundException: Unable to find resource ID #0x0
01-07 11:40:26.541 31042 31419 W ResourceLoader: at android.content.res.ResourcesImpl.getResourcePackageName(ResourcesImpl.java:304)
01-07 11:40:26.541 31042 31419 W ResourceLoader: at android.content.res.Resources.getResourcePackageName(Resources.java:2270)
01-07 11:40:26.541 31042 31419 W ResourceLoader: at com.bumptech.glide.load.model.ResourceLoader.getResourceUri(ResourceLoader.java:45)
01-07 11:40:26.541 31042 31419 W ResourceLoader: at com.bumptech.glide.load.model.ResourceLoader.buildLoadData(ResourceLoader.java:35)
01-07 11:40:26.541 31042 31419 W ResourceLoader: at com.bumptech.glide.load.model.ResourceLoader.buildLoadData(ResourceLoader.java:20)
01-07 11:40:26.541 31042 31419 W ResourceLoader: at com.bumptech.glide.load.engine.DecodeHelper.getLoadData(DecodeHelper.java:211)
01-07 11:40:26.541 31042 31419 W ResourceLoader: at com.bumptech.glide.load.engine.DecodeHelper.getCacheKeys(DecodeHelper.java:224)
01-07 11:40:26.541 31042 31419 W ResourceLoader: at com.bumptech.glide.load.engine.ResourceCacheGenerator.startNext(ResourceCacheGenera tor.java:44)
01-07 11:40:26.541 31042 31419 W ResourceLoader: at com.bumptech.glide.load.engine.DecodeJob.runGenerators(DecodeJob.java:310)
01-07 11:40:26.541 31042 31419 W ResourceLoader: at com.bumptech.glide.load.engine.DecodeJob.runWrapped(DecodeJob.java:276)
01-07 11:40:26.541 31042 31419 W ResourceLoader: at com.bumptech.glide.load.engine.DecodeJob.run(DecodeJob.java:234)
01-07 11:40:26.541 31042 31419 W ResourceLoader: at java.util.concurrent.ThreadPoolExecutor.runWorker(ThreadPoolExecutor.java:1167)
01-07 11:40:26.541 31042 31419 W ResourceLoader: at java.util.concurrent.ThreadPoolExecutor$Worker.run(ThreadPoolExecutor.java:641)
01-07 11:40:26.541 31042 31419 W ResourceLoader: at java.lang.Thread.run(Thread.java:920)
01-07 11:40:26.541 31042 31419 W ResourceLoader: at com.bumptech.glide.load.engine.executor.GlideExecutor$DefaultThreadFactory$1.run(Gl ideExecutor.java:393)
01-07 11:40:26.542 31376 31376 I MMKV : page size:4096
01-07 11:40:26.542 31376 31376 I MMKV : root dir: /data/user/0/com.upgadata.up7723/files/mmkv
01-07 11:40:26.544 31376 31489 D OplusFeatureConfigManager: Milliseconds spent on initOplusFeatureCache(): 2
01-07 11:40:26.550 31042 31042 D OplusClipboardManager: getUserPathInfo size = 0
01-07 11:40:26.550 31042 31042 D ClipboardManagerExt: getUserPathInfo success
01-07 11:40:26.564 31042 31075 E BLASTBufferQueue: [ViewRootImpl[com.upgadata.up7723/com.upgadata.up7723.main.activity.HomeActivity]#2 ](f:0,a:2) isEGL=1, mPendingRelease.size()=1, mMaxAcquiredBuffers=4, currentMaxAcquiredBufferCount=2
01-07 11:40:26.579 31042 31042 E SplashActivity: onDestroy
01-07 11:40:26.579 31042 31042 V OplusZoomWindowDecorViewHelper: removeZoomView
01-07 11:40:26.580 31042 31256 I BufferQueueProducer: [ViewRootImpl[com.upgadata.up7723/com.upgadata.up7723.main.activity.SplashActivity] #0(BLAST Consumer)0](id:794200000000,api:1,p:31042,c:31042) disconnect: api 1
01-07 11:40:26.581 31042 31256 E BLASTBufferQueue: BLASTBufferItemConsumer::onDisconnect()
01-07 11:40:26.581 31042 31256 I BLASTBufferQueue: [ViewRootImpl[com.upgadata.up7723/com.upgadata.up7723.main.activity.SplashActivity] #0] destructor()
01-07 11:40:26.581 31042 31256 I BufferQueueConsumer: [ViewRootImpl[com.upgadata.up7723/com.upgadata.up7723.main.activity.SplashActivity] #0(BLAST Consumer)0](id:794200000000,api:0,p:-1,c:31042) disconnect
01-07 11:40:26.582 31042 31042 D View : [Warning] assignParent to null: this = DecorView@48b471b[SplashActivity]
01-07 11:40:26.591 31042 31042 I Quality : Skipped: false 2
01-07 11:40:26.595 31042 31075 I BLASTBufferQueue: releaseBufferCallbackThunk bufferId:133324374802437 framenumber:2 blastBufferQueue is dead
01-07 11:40:26.595 31042 31042 I oplus.android.OplusFrameworkFactoryImpl: get feature:IOplusDynamicVsyncFeature
01-07 11:40:26.595 31042 31042 I oplus.android.OplusFrameworkFactoryImpl: get feature:IOplusDynamicVsyncFeature
01-07 11:40:26.595 31042 31042 I oplus.android.OplusFrameworkFactoryImpl: get feature:IOplusDynamicVsyncFeature
01-07 11:40:26.605 31042 31042 W View : requestLayout() improperly called by android.widget.TextView{9763692 VFED..C.. ..S...ID 0,0-158,80} during layout: running second layout pass
01-07 11:40:26.635 31042 31042 I Quality : Skipped: false 1
01-07 11:40:26.642 31042 31042 W View : requestLayout() improperly called by android.widget.TextView{9763692 VFED..C.. ..S...ID 0,0-158,80} during layout: running second layout pass
01-07 11:40:26.685 31042 31433 D skia : SkJpegCodec::onGetPixels +
01-07 11:40:26.686 31042 31433 D skia : stream getLength() not supported, use temp buffer for loading stream, buffer addr 0xad720000 length 244462
01-07 11:40:26.686 31042 31433 D skia : LoadInputStreamToMem va 0xad720000 size 246656
01-07 11:40:26.687 31042 31433 D libjpeg-alpha: Huffman Builder run in subthread
01-07 11:40:26.694 31042 31434 D skia : SkJpegCodec::onGetPixels +
01-07 11:40:26.694 31042 31434 D skia : stream getLength() not supported, use temp buffer for loading stream, buffer addr 0xb6a45000 length 227207
01-07 11:40:26.700 31042 31434 D skia : LoadInputStreamToMem va 0xb6a45000 size 229504
01-07 11:40:26.703 31042 31434 D libjpeg-alpha: Huffman Builder run in subthread
01-07 11:40:26.703 31042 31433 D libjpeg-alpha: Tile Decoder (#thread:4, size:256 256 256 432x240, alignment:256x16)
01-07 11:40:26.716 31042 31427 D skia : SkJpegCodec::onGetPixels +
01-07 11:40:26.716 31042 31427 D skia : stream getLength() not supported, use temp buffer for loading stream, buffer addr 0xb373a000 length 247459
01-07 11:40:26.717 31042 31427 D skia : LoadInputStreamToMem va 0xb373a000 size 249728
01-07 11:40:26.718 31042 31427 D libjpeg-alpha: Huffman Builder run in subthread
01-07 11:40:26.719 31042 31434 D libjpeg-alpha: Tile Decoder (#thread:4, size:256 256 256 432x240, alignment:256x16)
01-07 11:40:26.725 31042 31433 D skia : SkJpegCodec::onGetPixels -
01-07 11:40:26.734 31042 31427 D libjpeg-alpha: Tile Decoder (#thread:4, size:256 256 256 432x240, alignment:256x16)
01-07 11:40:26.737 31042 31434 D skia : SkJpegCodec::onGetPixels -
01-07 11:40:26.745 31042 31051 I upgadata.up772: Background concurrent copying GC freed 971705(30MB) AllocSpace objects, 221(19MB) LOS objects, 49% free, 23MB/47MB, paused 1.701ms,207us total 249.619ms
01-07 11:40:26.753 31376 31532 I crashsdk: version unique build id: 71c386fc
01-07 11:40:26.755 31376 31534 D crashsdk: Native log stat thread 31534 setup, waiting
01-07 11:40:26.756 31042 31427 D skia : SkJpegCodec::onGetPixels -
01-07 11:40:26.758 31376 31376 I crashsdk: Catcher mask: 5000, 20480
01-07 11:40:26.759 31376 31376 I crashsdk: Catcher thread 31381
01-07 11:40:26.759 31376 31376 D crashsdk: Register ANR handler ...
01-07 11:40:26.759 31376 31376 I crashsdk: begin hack android.os.Process
01-07 11:40:26.759 31376 31376 I crashsdk: end hack android.os.Process
01-07 11:40:26.759 31376 31376 I crashsdk: LibcMalloc detail: disabled.
01-07 11:40:26.766 31042 31042 W View : requestLayout() improperly called by android.widget.TextView{9763692 VFED..C.. ..S...ID 0,0-158,80} during layout: running second layout pass
01-07 11:40:26.775 31376 31376 E ta.up7723:blac: Invalid ID 0x00000000.
01-07 11:40:26.777 31376 31376 E ta.up7723:blac: Invalid ID 0x00000000.
01-07 11:40:26.785 31376 31376 D WpkPaConfig: un repeat check in 24 hour!
01-07 11:40:26.786 31376 31376 I Matrix.AnrTracer: anrTrace, final mAnrBeatTime:400, mAnrBeatRate:400
01-07 11:40:26.791 31376 31376 E LaunchManager: Non main process !
01-07 11:40:26.793 31376 31537 W efs.send_log: tryFileLock start!
01-07 11:40:26.799 31042 31437 D skia : SkJpegCodec::onGetPixels +
01-07 11:40:26.799 31042 31437 D skia : stream getLength() not supported, use temp buffer for loading stream, buffer addr 0xb3734000 length 270170
01-07 11:40:26.800 31042 31437 D skia : LoadInputStreamToMem va 0xb3734000 size 272384
01-07 11:40:26.801 31376 31376 I UMCrash : inner config : net rate is 0
01-07 11:40:26.801 31042 31437 D libjpeg-alpha: Huffman Builder run in subthread
01-07 11:40:26.801 31376 31376 I UMCrash : inner config : net close.
01-07 11:40:26.801 31376 31537 I efs.config: delete old config is false
01-07 11:40:26.802 31042 31437 D libjpeg-alpha: Tile Decoder (#thread:4, size:256 256 256 432x240, alignment:256x16)
01-07 11:40:26.804 31376 31537 I efs.config: current config version (-1) is older than another (1702451185)
01-07 11:40:26.804 31376 31537 I efs.config: load config from storage and notify observer
01-07 11:40:26.823 31376 31376 I Quality : BindApplication: com.upgadata.up7723:black
01-07 11:40:26.823 31042 31437 D skia : SkJpegCodec::onGetPixels -
01-07 11:40:26.823 31376 31376 E ANR_LOG : >>> msg's executing time is too long
01-07 11:40:26.823 31376 31376 E ANR_LOG : Blocked msg = { when=-1s714ms what=110 target=android.app.ActivityThread$H obj=AppBindData{appInfo=ApplicationInfo{22e21ef com.upgadata.up7723}} } , cost = 1712 ms
01-07 11:40:26.823 31376 31376 E ANR_LOG : >>>Current msg List is:
01-07 11:40:26.823 31376 31376 E ANR_LOG : Current msg <1> = { when=-789ms what=164 target=android.app.ActivityThread$H obj=com.upgadata.up7723 }
01-07 11:40:26.823 31376 31376 E ANR_LOG : Current msg <2> = { when=-557ms what=2 target=android.widget.Toast$TN$1 }
01-07 11:40:26.823 31376 31376 E ANR_LOG : Current msg <3> = { when=-293ms what=0 target=android.os.Handler callback=com.tencent.bugly.proguard.at$1 }
01-07 11:40:26.824 31376 31376 E ANR_LOG : Current msg <4> = { when=-286ms what=0 target=android.app.ActivityThread$H callback=android.app.LoadedApk$ReceiverDispatcher$Args$$ExternalSyntheticLambda0 }
01-07 11:40:26.824 31376 31376 E ANR_LOG : Current msg <5> = { when=-283ms what=0 target=android.os.Handler callback=com.tencent.bugly.proguard.bf }
01-07 11:40:26.837 31376 31376 E ANR_LOG : Current msg <6> = { when=-190ms what=0 target=android.app.ActivityThread$H callback=android.app.LoadedApk$ServiceDispatcher$RunConnection }
01-07 11:40:26.837 31376 31376 E ANR_LOG : Current msg <7> = { when=-73ms what=0 target=android.os.Handler callback=com.uc.crashsdk.a.e }
01-07 11:40:26.837 31376 31376 E ANR_LOG : Current msg <8> = { when=-25ms what=0 target=android.app.ActivityThread$H callback=android.app.LoadedApk$ReceiverDispatcher$Args$$ExternalSyntheticLambda0 }
01-07 11:40:26.837 31376 31376 E ANR_LOG : Current msg <9> = { when=-18ms what=0 target=android.os.Handler callback=com.efs.sdk.base.core.config.a.c$1 }
01-07 11:40:26.837 31376 31376 E ANR_LOG : Current msg <10> = { when=-1ms what=0 target=android.app.ActivityThread$H callback=android.app.LoadedApk$ServiceDispatcher$RunConnection }
01-07 11:40:26.837 31376 31376 E ANR_LOG : >>>CURRENT MSG DUMP OVER<<<
01-07 11:40:26.843 31376 31376 I efs.config: --->>> configCallback key is apm_net_state ## value is 0
01-07 11:40:26.843 31376 31376 I efs.config: callback net rate is 0
01-07 11:40:26.843 31376 31376 I efs.config: --->>> configCallback key is apm_memperf_sampling_rate ## value is 0
01-07 11:40:26.843 31376 31376 I efs.config: --->>> configCallback key is apm_memperf_collect_interval ## value is 5
01-07 11:40:26.844 31376 31376 I efs.config: --->>> configCallback key is apm_memperf_collect_max_period_sec ## value is 600
01-07 11:40:26.844 31376 31376 I efs.config: --->>> configCallback key is apm_patrace_switch_rate ## value is 5
01-07 11:40:26.846 31376 31566 W efs.info.manager: network change: 4g
01-07 11:40:26.860 31042 31042 W View : requestLayout() improperly called by android.widget.TextView{9763692 VFED..C.. ..S...ID 0,0-158,80} during layout: running second layout pass
01-07 11:40:27.044 31042 31042 W View : requestLayout() improperly called by android.widget.TextView{9763692 VFED..C.. ..S...ID 0,0-158,80} during layout: running second layout pass
01-07 11:40:27.094 31042 31434 D skia : SkJpegCodec::onGetPixels +
01-07 11:40:27.094 31042 31434 D skia : stream getLength() not supported, use temp buffer for loading stream, buffer addr 0xbc2f9000 length 218859
01-07 11:40:27.095 31042 31434 D skia : LoadInputStreamToMem va 0xbc2f9000 size 221056
01-07 11:40:27.096 31042 31434 D libjpeg-alpha: Huffman Builder run in subthread
01-07 11:40:27.097 31042 31434 D libjpeg-alpha: Tile Decoder (#thread:4, size:256 256 256 432x240, alignment:256x16)
01-07 11:40:27.103 31042 31434 D skia : SkJpegCodec::onGetPixels -
01-07 11:40:27.127 31042 31042 W View : requestLayout() improperly called by android.widget.TextView{9763692 VFED..C.. ..S...ID 0,0-158,80} during layout: running second layout pass
01-07 11:40:27.943 31042 31042 V AutofillManager: requestHideFillUi(null): anchor = null
01-07 11:40:28.008 31042 31042 V OplusZoomWindowDecorViewHelper: removeZoomView
01-07 11:40:28.009 31042 31256 I BufferQueueProducer: [ViewRootImpl[com.upgadata.up7723/com.upgadata.up7723.main.activity.HomeActivity]#2 (BLAST Consumer)2](id:794200000002,api:1,p:31042,c:31042) disconnect: api 1
01-07 11:40:28.009 31042 31256 E BLASTBufferQueue: BLASTBufferItemConsumer::onDisconnect()
01-07 11:40:28.009 31042 31042 D View : [Warning] assignParent to null: this = DecorView@238411b[HomeActivity]
01-07 11:40:28.009 31042 31042 I BLASTBufferQueue: [ViewRootImpl[com.upgadata.up7723/com.upgadata.up7723.main.activity.HomeActivity]#2 ] destructor()
01-07 11:40:28.009 31042 31042 I BufferQueueConsumer: [ViewRootImpl[com.upgadata.up7723/com.upgadata.up7723.main.activity.HomeActivity]#2 (BLAST Consumer)2](id:794200000002,api:0,p:-1,c:31042) disconnect
01-07 11:40:28.026 31042 31075 I BLASTBufferQueue: releaseBufferCallbackThunk bufferId:133324374802449 framenumber:2 blastBufferQueue is dead
01-07 11:40:28.045 31042 31042 I Quality : Skipped: true 1
01-07 11:40:28.048 31042 31224 D efs.config: app=54055c08fd98c577d905a0f1&cver=1702451185&os=android&sd=0JEb_C243VZpZMomnMHFvQ&s ver=1702451185&tm=1704598828&um_sdk_ver=1.5.2&ver=4.8.3&sign=a14e7e76b439320e199789 958fb599de
01-07 11:40:28.048 31042 31224 I efs.px.api: get config from server, url is https://errlog.umeng.com/apm_cc
01-07 11:40:28.050 31042 31576 W System.err: android.content.pm.PackageManager$NameNotFoundException: com.illumix.fnafar
01-07 11:40:28.050 31042 31576 W System.err: at android.app.ApplicationPackageManager.getPackageInfoAsUser(ApplicationPackageManage r.java:258)
01-07 11:40:28.050 31042 31576 W System.err: at android.app.ApplicationPackageManager.getPackageInfo(ApplicationPackageManager.java :225)
01-07 11:40:28.050 31042 31576 W System.err: at com.upgadata.up7723.apps.AppManager.checkApkExist(AppManager.java:232)
01-07 11:40:28.050 31042 31576 W System.err: at com.upgadata.up7723.apps.AppUtils.getDownTaskCount(AppUtils.java:3155)
01-07 11:40:28.050 31042 31576 W System.err: at com.upgadata.up7723.widget.view.HomeTitleBarView.getUpdateCount(HomeTitleBarView.ja va:237)
01-07 11:40:28.050 31042 31576 W System.err: at com.upgadata.up7723.widget.view.HomeTitleBarView.access$100(HomeTitleBarView.java:4 5)
01-07 11:40:28.050 31042 31576 W System.err: at com.upgadata.up7723.widget.view.HomeTitleBarView$3.run(HomeTitleBarView.java:228)
01-07 11:40:28.050 31042 31576 W System.err: at java.util.concurrent.ThreadPoolExecutor.runWorker(ThreadPoolExecutor.java:1167)
01-07 11:40:28.050 31042 31576 W System.err: at java.util.concurrent.ThreadPoolExecutor$Worker.run(ThreadPoolExecutor.java:641)
01-07 11:40:28.050 31042 31576 W System.err: at java.lang.Thread.run(Thread.java:920)
01-07 11:40:28.051 31042 31576 W System.err: android.content.pm.PackageManager$NameNotFoundException: com.illumix.fnafar
01-07 11:40:28.051 31042 31576 W System.err: at android.app.ApplicationPackageManager.getPackageInfoAsUser(ApplicationPackageManage r.java:258)
01-07 11:40:28.051 31042 31576 W System.err: at android.app.ApplicationPackageManager.getPackageInfo(ApplicationPackageManager.java :225)
01-07 11:40:28.051 31042 31576 W System.err: at com.upgadata.up7723.apps.AppManager.checkApkExist(AppManager.java:232)
01-07 11:40:28.051 31042 31576 W System.err: at com.upgadata.up7723.apps.AppUtils.getDownTaskCount(AppUtils.java:3237)
01-07 11:40:28.051 31042 31576 W System.err: at com.upgadata.up7723.widget.view.HomeTitleBarView.getUpdateCount(HomeTitleBarView.ja va:237)
01-07 11:40:28.051 31042 31576 W System.err: at com.upgadata.up7723.widget.view.HomeTitleBarView.access$100(HomeTitleBarView.java:4 5)
01-07 11:40:28.051 31042 31576 W System.err: at com.upgadata.up7723.widget.view.HomeTitleBarView$3.run(HomeTitleBarView.java:228)
01-07 11:40:28.051 31042 31576 W System.err: at java.util.concurrent.ThreadPoolExecutor.runWorker(ThreadPoolExecutor.java:1167)
01-07 11:40:28.051 31042 31576 W System.err: at java.util.concurrent.ThreadPoolExecutor$Worker.run(ThreadPoolExecutor.java:641)
01-07 11:40:28.051 31042 31576 W System.err: at java.lang.Thread.run(Thread.java:920)
01-07 11:40:28.051 31042 31576 W System.err: android.content.pm.PackageManager$NameNotFoundException: com.scottgames.fnaf2
01-07 11:40:28.051 31042 31576 W System.err: at android.app.ApplicationPackageManager.getPackageInfoAsUser(ApplicationPackageManage r.java:258)
01-07 11:40:28.051 31042 31576 W System.err: at android.app.ApplicationPackageManager.getPackageInfo(ApplicationPackageManager.java :225)
01-07 11:40:28.051 31042 31576 W System.err: at com.upgadata.up7723.apps.AppManager.checkApkExist(AppManager.java:232)
01-07 11:40:28.051 31042 31576 W System.err: at com.upgadata.up7723.apps.AppUtils.getDownTaskCount(AppUtils.java:3155)
01-07 11:40:28.051 31042 31576 W System.err: at com.upgadata.up7723.widget.view.HomeTitleBarView.getUpdateCount(HomeTitleBarView.ja va:237)
01-07 11:40:28.051 31042 31576 W System.err: at com.upgadata.up7723.widget.view.HomeTitleBarView.access$100(HomeTitleBarView.java:4 5)
01-07 11:40:28.051 31042 31576 W System.err: at com.upgadata.up7723.widget.view.HomeTitleBarView$3.run(HomeTitleBarView.java:228)
01-07 11:40:28.051 31042 31576 W System.err: at java.util.concurrent.ThreadPoolExecutor.runWorker(ThreadPoolExecutor.java:1167)
01-07 11:40:28.051 31042 31576 W System.err: at java.util.concurrent.ThreadPoolExecutor$Worker.run(ThreadPoolExecutor.java:641)
01-07 11:40:28.051 31042 31576 W System.err: at java.lang.Thread.run(Thread.java:920)
01-07 11:40:28.052 31042 31576 W System.err: android.content.pm.PackageManager$NameNotFoundException: com.scottgames.fnaf2
01-07 11:40:28.052 31042 31576 W System.err: at android.app.ApplicationPackageManager.getPackageInfoAsUser(ApplicationPackageManage r.java:258)
01-07 11:40:28.052 31042 31576 W System.err: at android.app.ApplicationPackageManager.getPackageInfo(ApplicationPackageManager.java :225)
01-07 11:40:28.052 31042 31576 W System.err: at com.upgadata.up7723.apps.AppManager.checkApkExist(AppManager.java:232)
01-07 11:40:28.052 31042 31576 W System.err: at com.upgadata.up7723.apps.AppUtils.getDownTaskCount(AppUtils.java:3237)
01-07 11:40:28.052 31042 31576 W System.err: at com.upgadata.up7723.widget.view.HomeTitleBarView.getUpdateCount(HomeTitleBarView.ja va:237)
01-07 11:40:28.052 31042 31576 W System.err: at com.upgadata.up7723.widget.view.HomeTitleBarView.access$100(HomeTitleBarView.java:4 5)
01-07 11:40:28.052 31042 31576 W System.err: at com.upgadata.up7723.widget.view.HomeTitleBarView$3.run(HomeTitleBarView.java:228)
01-07 11:40:28.052 31042 31576 W System.err: at java.util.concurrent.ThreadPoolExecutor.runWorker(ThreadPoolExecutor.java:1167)
01-07 11:40:28.052 31042 31576 W System.err: at java.util.concurrent.ThreadPoolExecutor$Worker.run(ThreadPoolExecutor.java:641)
01-07 11:40:28.052 31042 31576 W System.err: at java.lang.Thread.run(Thread.java:920)
01-07 11:40:28.052 31042 31576 W System.err: android.content.pm.PackageManager$NameNotFoundException: com.scottgames.sisterlocation
01-07 11:40:28.052 31042 31576 W System.err: at android.app.ApplicationPackageManager.getPackageInfoAsUser(ApplicationPackageManage r.java:258)
01-07 11:40:28.052 31042 31576 W System.err: at android.app.ApplicationPackageManager.getPackageInfo(ApplicationPackageManager.java :225)
01-07 11:40:28.052 31042 31576 W System.err: at com.upgadata.up7723.apps.AppManager.checkApkExist(AppManager.java:232)
01-07 11:40:28.052 31042 31576 W System.err: at com.upgadata.up7723.apps.AppUtils.getDownTaskCount(AppUtils.java:3155)
01-07 11:40:28.052 31042 31576 W System.err: at com.upgadata.up7723.widget.view.HomeTitleBarView.getUpdateCount(HomeTitleBarView.ja va:237)
01-07 11:40:28.052 31042 31576 W System.err: at com.upgadata.up7723.widget.view.HomeTitleBarView.access$100(HomeTitleBarView.java:4 5)
01-07 11:40:28.052 31042 31576 W System.err: at com.upgadata.up7723.widget.view.HomeTitleBarView$3.run(HomeTitleBarView.java:228)
01-07 11:40:28.052 31042 31576 W System.err: at java.util.concurrent.ThreadPoolExecutor.runWorker(ThreadPoolExecutor.java:1167)
01-07 11:40:28.052 31042 31576 W System.err: at java.util.concurrent.ThreadPoolExecutor$Worker.run(ThreadPoolExecutor.java:641)
01-07 11:40:28.052 31042 31576 W System.err: at java.lang.Thread.run(Thread.java:920)
01-07 11:40:28.053 31042 31576 W System.err: android.content.pm.PackageManager$NameNotFoundException: com.scottgames.sisterlocation
01-07 11:40:28.053 31042 31576 W System.err: at android.app.ApplicationPackageManager.getPackageInfoAsUser(ApplicationPackageManage r.java:258)
01-07 11:40:28.053 31042 31576 W System.err: at android.app.ApplicationPackageManager.getPackageInfo(ApplicationPackageManager.java :225)
01-07 11:40:28.053 31042 31576 W System.err: at com.upgadata.up7723.apps.AppManager.checkApkExist(AppManager.java:232)
01-07 11:40:28.053 31042 31576 W System.err: at com.upgadata.up7723.apps.AppUtils.getDownTaskCount(AppUtils.java:3237)
01-07 11:40:28.053 31042 31576 W System.err: at com.upgadata.up7723.widget.view.HomeTitleBarView.getUpdateCount(HomeTitleBarView.ja va:237)
01-07 11:40:28.053 31042 31576 W System.err: at com.upgadata.up7723.widget.view.HomeTitleBarView.access$100(HomeTitleBarView.java:4 5)
01-07 11:40:28.053 31042 31576 W System.err: at com.upgadata.up7723.widget.view.HomeTitleBarView$3.run(HomeTitleBarView.java:228)
01-07 11:40:28.053 31042 31576 W System.err: at java.util.concurrent.ThreadPoolExecutor.runWorker(ThreadPoolExecutor.java:1167)
01-07 11:40:28.053 31042 31576 W System.err: at java.util.concurrent.ThreadPoolExecutor$Worker.run(ThreadPoolExecutor.java:641)
01-07 11:40:28.053 31042 31576 W System.err: at java.lang.Thread.run(Thread.java:920)
01-07 11:40:28.071 31582 31582 D ProcessState: Binder ioctl to enable oneway spam detection failed: Invalid argument
01-07 11:40:28.073 31582 31582 E Parcel : Attempt to read from protected data in Parcel 0x7fcb652080
01-07 11:40:28.073 31582 31582 E Parcel : Attempt to read from protected data in Parcel 0x7fcb652080
01-07 11:40:28.073 31582 31582 E Parcel : Attempt to read from protected data in Parcel 0x7fcb652080
01-07 11:40:28.073 31582 31582 E Parcel : Attempt to read from protected data in Parcel 0x7fcb652080
01-07 11:40:28.073 31582 31582 E Parcel : Attempt to read from protected data in Parcel 0x7fcb652080
01-07 11:40:28.073 31582 31582 E Parcel : Reading a NULL string not supported here.
01-07 11:40:28.267 31042 31122 D WifiManager: getScanResults check resulttrue
01-07 11:40:28.277 31042 31122 E Parcel : Reading a NULL string not supported here.
01-07 11:40:28.279 31042 31122 E Parcel : Reading a NULL string not supported here.
01-07 11:40:28.281 31042 31122 E Parcel : Reading a NULL string not supported here.
01-07 11:40:28.283 31042 31122 E Parcel : Reading a NULL string not supported here.
01-07 11:40:28.284 31042 31224 I efs.config: config request succ, config is:
01-07 11:40:28.284 31042 31224 I efs.config: {"msg":"成 功","code":0,"cip":"127.0.0.1","config":{"common": {"updateInteval":480,"gate_way_https":true},"sign":"f3NXXQlFfl5UZ18RAw==","app_conf igs":[{"conditions":[{"val":"0.0.0.0","opc":">=","fld":"ver"}],"actions": [{"opt":"apm_mem_state","set":0},{"opt":"apm_netperf_state","set":100}, {"opt":"flutter_dart_exception_state","set":100}, {"opt":"apm_netperf_day_limit","set":100},{"opt":"apm_oom_state","set":0}, {"opt":"flutter_pv_max_count","set":1000},{"opt":"apm_netperf_data_rate","set":10}, {"opt":"apm_native_h5perf_sampling_rate","set":5}, {"opt":"apm_memperf_collect_interval","set":5}, {"opt":"apm_netperf_sampling_rate","set":1},{"opt":"apm_flutter_state","set":100}, {"opt":"flutter_dart_exception_max_count","set":20}, {"opt":"flutter_pv_sampling_rate","set":5}, {"opt":"apm_patrace_switch_rate","set":5}, {"opt":"record_accumulation_time","set":60}, {"opt":"apm_memperf_sampling_rate","set":0}, {"opt":"apm_crash_user_upload_type","set":1}, {"opt":"apm_memperf_collect_max_period_sec","set":600}, {"opt":"apm_net_state","set":0},{"opt":"apm_startperf_sampling_rate","set":5}, {"opt":"apm_crash_user_max_count","set":20}, {"opt":"apm_oom_sampling_rate","set":5},{"opt":"apm_netperf_bd_state","set":0}, {"opt":"apm_native_h5_state","set":0}]}]},"stm":1704598829,"cver":1702451185}
01-07 11:40:28.284 31042 31224 I efs.config: from server. efs config is {"msg":"成 功","code":0,"cip":"127.0.0.1","config":{"common": {"updateInteval":480,"gate_way_https":true},"sign":"f3NXXQlFfl5UZ18RAw==","app_conf igs":[{"conditions":[{"val":"0.0.0.0","opc":">=","fld":"ver"}],"actions": [{"opt":"apm_mem_state","set":0},{"opt":"apm_netperf_state","set":100}, {"opt":"flutter_dart_exception_state","set":100}, {"opt":"apm_netperf_day_limit","set":100},{"opt":"apm_oom_state","set":0}, {"opt":"flutter_pv_max_count","set":1000},{"opt":"apm_netperf_data_rate","set":10}, {"opt":"apm_native_h5perf_sampling_rate","set":5}, {"opt":"apm_memperf_collect_interval","set":5}, {"opt":"apm_netperf_sampling_rate","set":1},{"opt":"apm_flutter_state","set":100}, {"opt":"flutter_dart_exception_max_count","set":20}, {"opt":"flutter_pv_sampling_rate","set":5}, {"opt":"apm_patrace_switch_rate","set":5}, {"opt":"record_accumulation_time","set":60}, {"opt":"apm_memperf_sampling_rate","set":0}, {"opt":"apm_crash_user_upload_type","set":1}, {"opt":"apm_memperf_collect_max_period_sec","set":600}, {"opt":"apm_net_state","set":0},{"opt":"apm_startperf_sampling_rate","set":5}, {"opt":"apm_crash_user_max_count","set":20}, {"opt":"apm_oom_sampling_rate","set":5},{"opt":"apm_netperf_bd_state","set":0}, {"opt":"apm_native_h5_state","set":0}]}]},"stm":1704598829,"cver":1702451185}
01-07 11:40:28.285 31042 31122 E Parcel : Reading a NULL string not supported here.
01-07 11:40:28.287 31042 31122 E Parcel : Reading a NULL string not supported here.
01-07 11:40:28.290 31042 31122 E Parcel : Reading a NULL string not supported here.
01-07 11:40:28.292 31042 31122 E Parcel : Reading a NULL string not supported here.
01-07 11:40:28.623 31042 31042 V AutofillManager: requestHideFillUi(null): anchor = null
01-07 11:40:28.719 31042 31230 D UMLog : 当前发送策略为:启动时发送。详见链接 https://developer.umeng.com/docs/66632/detail/66976?um_channel=sdk
01-07 11:40:28.757 31042 31042 I Quality : Skipped: false 1
01-07 11:40:28.761 31042 31042 E UMLog : ┌───────────────────问题────────── ───────────────────────────────────────────────── ──────────────────
01-07 11:40:28.761 31042 31042 E UMLog : │ 对于页面 HomeGameTabFragment,onPageStart 和 onPageEnd 调用对的参数不一致。
01-07 11:40:28.761 31042 31042 E UMLog : ├───────────────────解决方案──────── ───────────────────────────────────────────────── ────────────────────
01-07 11:40:28.761 31042 31042 E UMLog : │ 对于同一个页面,请先调用 onPageStart, 再调用 onPageEnd。详见链接 https://developer.umeng.com/docs/66632/detail/66975? um_channel=sdk
01-07 11:40:28.761 31042 31042 E UMLog : └────────────────────────────────────────────────────────────────────────────────── ──────────────────────────────
01-07 11:40:28.762 31042 31042 E UMLog : ┌───────────────────问题────────── ───────────────────────────────────────────────── ──────────────────
01-07 11:40:28.762 31042 31042 E UMLog : │ 对于页面 HomeClassicTabFragment,onPageStart 和 onPageEnd 调用对的参数不一致。
01-07 11:40:28.762 31042 31042 E UMLog : ├───────────────────解决方案──────── ───────────────────────────────────────────────── ────────────────────
01-07 11:40:28.762 31042 31042 E UMLog : │ 对于同一个页面,请先调用 onPageStart, 再调用 onPageEnd。详见链接 https://developer.umeng.com/docs/66632/detail/66975? um_channel=sdk
01-07 11:40:28.762 31042 31042 E UMLog : └────────────────────────────────────────────────────────────────────────────────── ──────────────────────────────
01-07 11:40:28.762 31042 31042 E UMLog : ┌───────────────────问题────────── ───────────────────────────────────────────────── ──────────────────
01-07 11:40:28.762 31042 31042 E UMLog : │ 对于页面 HomeGameTabFragment,onPageStart 和 onPageEnd 调用对的参数不一致。
01-07 11:40:28.762 31042 31042 E UMLog : ├───────────────────解决方案──────── ───────────────────────────────────────────────── ────────────────────
01-07 11:40:28.762 31042 31042 E UMLog : │ 对于同一个页面,请先调用 onPageStart, 再调用 onPageEnd。详见链接 https://developer.umeng.com/docs/66632/detail/66975? um_channel=sdk
01-07 11:40:28.762 31042 31042 E UMLog : └────────────────────────────────────────────────────────────────────────────────── ──────────────────────────────
01-07 11:40:28.762 31042 31042 E UMLog : ┌───────────────────问题────────── ───────────────────────────────────────────────── ──────────────────
01-07 11:40:28.762 31042 31042 E UMLog : │ 对于页面 HomeClassicTabFragment,onPageStart 和 onPageEnd 调用对的参数不一致。
01-07 11:40:28.762 31042 31042 E UMLog : ├───────────────────解决方案──────── ───────────────────────────────────────────────── ────────────────────
01-07 11:40:28.762 31042 31042 E UMLog : │ 对于同一个页面,请先调用 onPageStart, 再调用 onPageEnd。详见链接 https://developer.umeng.com/docs/66632/detail/66975? um_channel=sdk
01-07 11:40:28.762 31042 31042 E UMLog : └────────────────────────────────────────────────────────────────────────────────── ──────────────────────────────
01-07 11:40:28.762 31042 31042 E UMLog : ┌───────────────────问题────────── ───────────────────────────────────────────────── ──────────────────
01-07 11:40:28.762 31042 31042 E UMLog : │ 对于页面 HomeMainTabFragment,onPageStart 和 onPageEnd 调用对的参数不一致。
01-07 11:40:28.762 31042 31042 E UMLog : ├───────────────────解决方案──────── ───────────────────────────────────────────────── ────────────────────
01-07 11:40:28.762 31042 31042 E UMLog : │ 对于同一个页面,请先调用 onPageStart, 再调用 onPageEnd。详见链接 https://developer.umeng.com/docs/66632/detail/66975? um_channel=sdk
01-07 11:40:28.762 31042 31042 E UMLog : └────────────────────────────────────────────────────────────────────────────────── ──────────────────────────────
01-07 11:40:28.768 31042 31230 W SQLiteLog: (28) double-quoted string literal: "
01-07 11:40:28.770 31042 31230 W SQLiteLog: (28) double-quoted string literal: "739F621E987AF04DC15D7BB2A75A0CA3"
01-07 11:40:28.775 31042 31587 D libMEOW : meow new tls: 0xaed6d540
01-07 11:40:28.775 31042 31587 D libMEOW : applied 1 plugins for [com.upgadata.up7723]:
01-07 11:40:28.775 31042 31587 D libMEOW : plugin 1: [libMEOW_gift.so]:
01-07 11:40:28.776 31042 31587 D libMEOW : meow delete tls: 0xaed6d540
01-07 11:40:28.786 31042 31042 I oplus.android.OplusFrameworkFactoryImpl: get feature:IOplusDynamicVsyncFeature
01-07 11:40:28.786 31042 31042 I oplus.android.OplusFrameworkFactoryImpl: get feature:IOplusDynamicVsyncFeature
01-07 11:40:28.786 31042 31042 I oplus.android.OplusFrameworkFactoryImpl: get feature:IOplusDynamicVsyncFeature
01-07 11:40:28.851 31042 31042 I crashsdk: Unexp log not enabled, skip update unexp info!
01-07 11:40:28.855 31042 31042 D WindowManager: Add to mViews: DecorView@a489aae[NewVUpResourceActivity],pkg= com.upgadata.up7723
01-07 11:40:28.856 31042 31042 D ViewRootImpl[NewVUpResourceActivity]: hardware acceleration = true, sRendererEnabled = true, forceHwAccelerated = false
01-07 11:40:28.856 31042 31230 D MobclickAgent: 延续上一个会话: 739F621E987AF04DC15D7BB2A75A0CA3
01-07 11:40:28.858 31042 31230 W SQLiteLog: (28) double-quoted string literal: "739F621E987AF04DC15D7BB2A75A0CA3"
01-07 11:40:28.859 31042 31230 W SQLiteLog: (28) double-quoted string literal: ""
01-07 11:40:28.859 31042 31230 W SQLiteLog: (28) double-quoted string literal: "739F621E987AF04DC15D7BB2A75A0CA3"
01-07 11:40:28.859 31042 31230 W SQLiteLog: (28) double-quoted string literal: "-1"
01-07 11:40:28.860 31042 31230 D UMLog : 当前发送策略为:启动时发送。详见链接 https://developer.umeng.com/docs/66632/detail/66976?um_channel=sdk
01-07 11:40:28.861 31042 31042 I Quality : Skipped: false 4
01-07 11:40:28.877 31042 31042 E UMLog : ┌───────────────────问题────────── ───────────────────────────────────────────────── ──────────────────
01-07 11:40:28.877 31042 31042 E UMLog : │ 对于页面 HomeGameTabFragment,请确保 先依序成对调用 onPageStart,onPageEnd 接口,再调用 onPageStart 接口对其它页面进行统计。
01-07 11:40:28.877 31042 31042 E UMLog : ├───────────────────解决方案──────── ───────────────────────────────────────────────── ────────────────────
