01-07 11:40:29.202 31042 31042 W System.err: at android.widget.FrameLayout.layoutChildren(FrameLayout.java:332)
01-07 11:40:29.202 31042 31042 W System.err: at android.widget.FrameLayout.onLayout(FrameLayout.java:270)
01-07 11:40:29.202 31042 31042 W System.err: at android.view.View.layout(View.java:23482)
01-07 11:40:29.202 31042 31042 W System.err: at android.view.ViewGroup.layout(ViewGroup.java:6575)
01-07 11:40:29.202 31042 31042 W System.err: at android.widget.LinearLayout.setChildFrame(LinearLayout.java:1841)
01-07 11:40:29.202 31042 31042 W System.err: at android.widget.LinearLayout.layoutVertical(LinearLayout.java:1673)
01-07 11:40:29.202 31042 31042 W System.err: at android.widget.LinearLayout.onLayout(LinearLayout.java:1582)
01-07 11:40:29.202 31042 31042 W System.err: at android.view.View.layout(View.java:23482)
01-07 11:40:29.202 31042 31042 W System.err: at android.view.ViewGroup.layout(ViewGroup.java:6575)
01-07 11:40:29.202 31042 31042 W System.err: at android.widget.FrameLayout.layoutChildren(FrameLayout.java:332)
01-07 11:40:29.202 31042 31042 W System.err: at android.widget.FrameLayout.onLayout(FrameLayout.java:270)
01-07 11:40:29.202 31042 31042 W System.err: at android.view.View.layout(View.java:23482)
01-07 11:40:29.202 31042 31042 W System.err: at android.view.ViewGroup.layout(ViewGroup.java:6575)
01-07 11:40:29.202 31042 31042 W System.err: at android.widget.LinearLayout.setChildFrame(LinearLayout.java:1841)
01-07 11:40:29.202 31042 31042 W System.err: at android.widget.LinearLayout.layoutVertical(LinearLayout.java:1673)
01-07 11:40:29.202 31042 31042 W System.err: at android.widget.LinearLayout.onLayout(LinearLayout.java:1582)
01-07 11:40:29.202 31042 31042 W System.err: at android.view.View.layout(View.java:23482)
01-07 11:40:29.202 31042 31042 W System.err: at android.view.ViewGroup.layout(ViewGroup.java:6575)
01-07 11:40:29.202 31042 31042 W System.err: at me.imid.swipebacklayout.lib.SwipeBackLayout.onLayout(SwipeBackLayout.java:386)
01-07 11:40:29.202 31042 31042 W System.err: at android.view.View.layout(View.java:23482)
01-07 11:40:29.202 31042 31042 W System.err: at android.view.ViewGroup.layout(ViewGroup.java:6575)
01-07 11:40:29.202 31042 31042 W System.err: at android.widget.FrameLayout.layoutChildren(FrameLayout.java:332)
01-07 11:40:29.202 31042 31042 W System.err: at android.widget.FrameLayout.onLayout(FrameLayout.java:270)
01-07 11:40:29.202 31042 31042 W System.err: at com.android.internal.policy.DecorView.onLayout(DecorView.java:873)
01-07 11:40:29.202 31042 31042 W System.err: at android.view.View.layout(View.java:23482)
01-07 11:40:29.202 31042 31042 W System.err: at android.view.ViewGroup.layout(ViewGroup.java:6575)
01-07 11:40:29.202 31042 31042 W System.err: at android.view.ViewRootImpl.performLayout(ViewRootImpl.java:4075)
01-07 11:40:29.202 31042 31042 W System.err: at android.view.ViewRootImpl.performTraversals(ViewRootImpl.java:3470)
01-07 11:40:29.202 31042 31042 W System.err: at android.view.ViewRootImpl.doTraversal(ViewRootImpl.java:2398)
01-07 11:40:29.202 31042 31042 W System.err: at android.view.ViewRootImpl$TraversalRunnable.run(ViewRootImpl.java:9407)
01-07 11:40:29.202 31042 31042 W System.err: at android.view.Choreographer$CallbackRecord.run(Choreographer.java:1218)
01-07 11:40:29.202 31042 31042 W System.err: at android.view.Choreographer.doCallbacks(Choreographer.java:972)
01-07 11:40:29.202 31042 31042 W System.err: at android.view.ChoreographerExtImpl.checkScrollOptSceneEnable(ChoreographerExtImpl.ja va:328)
01-07 11:40:29.202 31042 31042 W System.err: at android.view.Choreographer.doFrame(Choreographer.java:859)
01-07 11:40:29.202 31042 31042 W System.err: at android.view.Choreographer$FrameDisplayEventReceiver.run(Choreographer.java:1203)
01-07 11:40:29.202 31042 31042 W System.err: at android.os.Handler.handleCallback(Handler.java:938)
01-07 11:40:29.202 31042 31042 W System.err: at android.os.Handler.dispatchMessage(Handler.java:99)
01-07 11:40:29.202 31042 31042 W System.err: at android.os.Looper.loopOnce(Looper.java:233)
01-07 11:40:29.202 31042 31042 W System.err: at android.os.Looper.loop(Looper.java:344)
01-07 11:40:29.202 31042 31042 W System.err: at android.app.ActivityThread.main(ActivityThread.java:8205)
01-07 11:40:29.202 31042 31042 W System.err: at java.lang.reflect.Method.invoke(Native Method)
01-07 11:40:29.202 31042 31042 W System.err: at com.android.internal.os.RuntimeInit$MethodAndArgsCaller.run(RuntimeInit.java:589)
01-07 11:40:29.202 31042 31042 W System.err: at com.android.internal.os.ZygoteInit.main(ZygoteInit.java:1071)
01-07 11:40:29.208 31042 31419 E upgadata.up772: Invalid ID 0x00000000.
01-07 11:40:29.209 31042 31419 W ResourceLoader: Received invalid resource id: 0
01-07 11:40:29.209 31042 31419 W ResourceLoader: android.content.res.Resources$NotFoundException: Unable to find resource ID #0x0
01-07 11:40:29.209 31042 31419 W ResourceLoader: at android.content.res.ResourcesImpl.getResourcePackageName(ResourcesImpl.java:304)
01-07 11:40:29.209 31042 31419 W ResourceLoader: at android.content.res.Resources.getResourcePackageName(Resources.java:2270)
01-07 11:40:29.209 31042 31419 W ResourceLoader: at com.bumptech.glide.load.model.ResourceLoader.getResourceUri(ResourceLoader.java:45)
01-07 11:40:29.209 31042 31419 W ResourceLoader: at com.bumptech.glide.load.model.ResourceLoader.buildLoadData(ResourceLoader.java:35)
01-07 11:40:29.209 31042 31419 W ResourceLoader: at com.bumptech.glide.load.model.ResourceLoader.buildLoadData(ResourceLoader.java:20)
01-07 11:40:29.209 31042 31419 W ResourceLoader: at com.bumptech.glide.load.engine.DecodeHelper.getLoadData(DecodeHelper.java:211)
01-07 11:40:29.209 31042 31419 W ResourceLoader: at com.bumptech.glide.load.engine.DecodeHelper.getCacheKeys(DecodeHelper.java:224)
01-07 11:40:29.209 31042 31419 W ResourceLoader: at com.bumptech.glide.load.engine.ResourceCacheGenerator.startNext(ResourceCacheGenera tor.java:44)
01-07 11:40:29.209 31042 31419 W ResourceLoader: at com.bumptech.glide.load.engine.DecodeJob.runGenerators(DecodeJob.java:310)
01-07 11:40:29.209 31042 31419 W ResourceLoader: at com.bumptech.glide.load.engine.DecodeJob.runWrapped(DecodeJob.java:276)
01-07 11:40:29.209 31042 31419 W ResourceLoader: at com.bumptech.glide.load.engine.DecodeJob.run(DecodeJob.java:234)
01-07 11:40:29.209 31042 31419 W ResourceLoader: at java.util.concurrent.ThreadPoolExecutor.runWorker(ThreadPoolExecutor.java:1167)
01-07 11:40:29.209 31042 31419 W ResourceLoader: at java.util.concurrent.ThreadPoolExecutor$Worker.run(ThreadPoolExecutor.java:641)
01-07 11:40:29.209 31042 31419 W ResourceLoader: at java.lang.Thread.run(Thread.java:920)
01-07 11:40:29.209 31042 31419 W ResourceLoader: at com.bumptech.glide.load.engine.executor.GlideExecutor$DefaultThreadFactory$1.run(Gl ideExecutor.java:393)
01-07 11:40:29.209 31042 31419 E upgadata.up772: Invalid ID 0x00000000.
01-07 11:40:29.209 31042 31419 W ResourceLoader: Received invalid resource id: 0
01-07 11:40:29.209 31042 31419 W ResourceLoader: android.content.res.Resources$NotFoundException: Unable to find resource ID #0x0
01-07 11:40:29.209 31042 31419 W ResourceLoader: at android.content.res.ResourcesImpl.getResourcePackageName(ResourcesImpl.java:304)
01-07 11:40:29.209 31042 31419 W ResourceLoader: at android.content.res.Resources.getResourcePackageName(Resources.java:2270)
01-07 11:40:29.209 31042 31419 W ResourceLoader: at com.bumptech.glide.load.model.ResourceLoader.getResourceUri(ResourceLoader.java:45)
01-07 11:40:29.209 31042 31419 W ResourceLoader: at com.bumptech.glide.load.model.ResourceLoader.buildLoadData(ResourceLoader.java:35)
01-07 11:40:29.209 31042 31419 W ResourceLoader: at com.bumptech.glide.load.model.ResourceLoader.buildLoadData(ResourceLoader.java:20)
01-07 11:40:29.209 31042 31419 W ResourceLoader: at com.bumptech.glide.load.engine.DecodeHelper.getLoadData(DecodeHelper.java:211)
01-07 11:40:29.209 31042 31419 W ResourceLoader: at com.bumptech.glide.load.engine.DecodeHelper.getCacheKeys(DecodeHelper.java:224)
01-07 11:40:29.209 31042 31419 W ResourceLoader: at com.bumptech.glide.load.engine.ResourceCacheGenerator.startNext(ResourceCacheGenera tor.java:44)
01-07 11:40:29.209 31042 31419 W ResourceLoader: at com.bumptech.glide.load.engine.DecodeJob.runGenerators(DecodeJob.java:310)
01-07 11:40:29.209 31042 31419 W ResourceLoader: at com.bumptech.glide.load.engine.DecodeJob.runWrapped(DecodeJob.java:276)
01-07 11:40:29.209 31042 31419 W ResourceLoader: at com.bumptech.glide.load.engine.DecodeJob.run(DecodeJob.java:234)
01-07 11:40:29.209 31042 31419 W ResourceLoader: at java.util.concurrent.ThreadPoolExecutor.runWorker(ThreadPoolExecutor.java:1167)
01-07 11:40:29.209 31042 31419 W ResourceLoader: at java.util.concurrent.ThreadPoolExecutor$Worker.run(ThreadPoolExecutor.java:641)
01-07 11:40:29.209 31042 31419 W ResourceLoader: at java.lang.Thread.run(Thread.java:920)
01-07 11:40:29.209 31042 31419 W ResourceLoader: at com.bumptech.glide.load.engine.executor.GlideExecutor$DefaultThreadFactory$1.run(Gl ideExecutor.java:393)
01-07 11:40:29.209 31042 31419 E upgadata.up772: Invalid ID 0x00000000.
01-07 11:40:29.209 31042 31419 W ResourceLoader: Received invalid resource id: 0
01-07 11:40:29.209 31042 31419 W ResourceLoader: android.content.res.Resources$NotFoundException: Unable to find resource ID #0x0
01-07 11:40:29.209 31042 31419 W ResourceLoader: at android.content.res.ResourcesImpl.getResourcePackageName(ResourcesImpl.java:304)
01-07 11:40:29.209 31042 31419 W ResourceLoader: at android.content.res.Resources.getResourcePackageName(Resources.java:2270)
01-07 11:40:29.209 31042 31419 W ResourceLoader: at com.bumptech.glide.load.model.ResourceLoader.getResourceUri(ResourceLoader.java:45)
01-07 11:40:29.209 31042 31419 W ResourceLoader: at com.bumptech.glide.load.model.ResourceLoader.buildLoadData(ResourceLoader.java:35)
01-07 11:40:29.209 31042 31419 W ResourceLoader: at com.bumptech.glide.load.model.ResourceLoader.buildLoadData(ResourceLoader.java:20)
01-07 11:40:29.209 31042 31419 W ResourceLoader: at com.bumptech.glide.load.engine.DecodeHelper.getLoadData(DecodeHelper.java:211)
01-07 11:40:29.209 31042 31419 W ResourceLoader: at com.bumptech.glide.load.engine.DecodeHelper.getCacheKeys(DecodeHelper.java:224)
01-07 11:40:29.209 31042 31419 W ResourceLoader: at com.bumptech.glide.load.engine.ResourceCacheGenerator.startNext(ResourceCacheGenera tor.java:44)
01-07 11:40:29.209 31042 31419 W ResourceLoader: at com.bumptech.glide.load.engine.DecodeJob.runGenerators(DecodeJob.java:310)
01-07 11:40:29.209 31042 31419 W ResourceLoader: at com.bumptech.glide.load.engine.DecodeJob.runWrapped(DecodeJob.java:276)
01-07 11:40:29.209 31042 31419 W ResourceLoader: at com.bumptech.glide.load.engine.DecodeJob.run(DecodeJob.java:234)
01-07 11:40:29.209 31042 31419 W ResourceLoader: at java.util.concurrent.ThreadPoolExecutor.runWorker(ThreadPoolExecutor.java:1167)
01-07 11:40:29.209 31042 31419 W ResourceLoader: at java.util.concurrent.ThreadPoolExecutor$Worker.run(ThreadPoolExecutor.java:641)
01-07 11:40:29.209 31042 31419 W ResourceLoader: at java.lang.Thread.run(Thread.java:920)
01-07 11:40:29.209 31042 31419 W ResourceLoader: at com.bumptech.glide.load.engine.executor.GlideExecutor$DefaultThreadFactory$1.run(Gl ideExecutor.java:393)
01-07 11:40:29.209 31042 31419 E upgadata.up772: Invalid ID 0x00000000.
01-07 11:40:29.210 31042 31419 W ResourceLoader: Received invalid resource id: 0
01-07 11:40:29.210 31042 31419 W ResourceLoader: android.content.res.Resources$NotFoundException: Unable to find resource ID #0x0
01-07 11:40:29.210 31042 31419 W ResourceLoader: at android.content.res.ResourcesImpl.getResourcePackageName(ResourcesImpl.java:304)
01-07 11:40:29.210 31042 31419 W ResourceLoader: at android.content.res.Resources.getResourcePackageName(Resources.java:2270)
01-07 11:40:29.210 31042 31419 W ResourceLoader: at com.bumptech.glide.load.model.ResourceLoader.getResourceUri(ResourceLoader.java:45)
01-07 11:40:29.210 31042 31419 W ResourceLoader: at com.bumptech.glide.load.model.ResourceLoader.buildLoadData(ResourceLoader.java:35)
01-07 11:40:29.210 31042 31419 W ResourceLoader: at com.bumptech.glide.load.model.ResourceLoader.buildLoadData(ResourceLoader.java:20)
01-07 11:40:29.210 31042 31419 W ResourceLoader: at com.bumptech.glide.load.engine.DecodeHelper.getLoadData(DecodeHelper.java:211)
01-07 11:40:29.210 31042 31419 W ResourceLoader: at com.bumptech.glide.load.engine.DecodeHelper.getCacheKeys(DecodeHelper.java:224)
01-07 11:40:29.210 31042 31419 W ResourceLoader: at com.bumptech.glide.load.engine.ResourceCacheGenerator.startNext(ResourceCacheGenera tor.java:44)
01-07 11:40:29.210 31042 31419 W ResourceLoader: at com.bumptech.glide.load.engine.DecodeJob.runGenerators(DecodeJob.java:310)
01-07 11:40:29.210 31042 31419 W ResourceLoader: at com.bumptech.glide.load.engine.DecodeJob.runWrapped(DecodeJob.java:276)
01-07 11:40:29.210 31042 31419 W ResourceLoader: at com.bumptech.glide.load.engine.DecodeJob.run(DecodeJob.java:234)
01-07 11:40:29.210 31042 31419 W ResourceLoader: at java.util.concurrent.ThreadPoolExecutor.runWorker(ThreadPoolExecutor.java:1167)
01-07 11:40:29.210 31042 31419 W ResourceLoader: at java.util.concurrent.ThreadPoolExecutor$Worker.run(ThreadPoolExecutor.java:641)
01-07 11:40:29.210 31042 31419 W ResourceLoader: at java.lang.Thread.run(Thread.java:920)
01-07 11:40:29.210 31042 31419 W ResourceLoader: at com.bumptech.glide.load.engine.executor.GlideExecutor$DefaultThreadFactory$1.run(Gl ideExecutor.java:393)
01-07 11:40:29.222 31042 31419 E upgadata.up772: Invalid ID 0x00000000.
01-07 11:40:29.223 31042 31419 W ResourceLoader: Received invalid resource id: 0
01-07 11:40:29.223 31042 31419 W ResourceLoader: android.content.res.Resources$NotFoundException: Unable to find resource ID #0x0
01-07 11:40:29.223 31042 31419 W ResourceLoader: at android.content.res.ResourcesImpl.getResourcePackageName(ResourcesImpl.java:304)
01-07 11:40:29.223 31042 31419 W ResourceLoader: at android.content.res.Resources.getResourcePackageName(Resources.java:2270)
01-07 11:40:29.223 31042 31419 W ResourceLoader: at com.bumptech.glide.load.model.ResourceLoader.getResourceUri(ResourceLoader.java:45)
01-07 11:40:29.223 31042 31419 W ResourceLoader: at com.bumptech.glide.load.model.ResourceLoader.buildLoadData(ResourceLoader.java:35)
01-07 11:40:29.223 31042 31419 W ResourceLoader: at com.bumptech.glide.load.model.ResourceLoader.buildLoadData(ResourceLoader.java:20)
01-07 11:40:29.223 31042 31419 W ResourceLoader: at com.bumptech.glide.load.engine.DecodeHelper.getLoadData(DecodeHelper.java:211)
01-07 11:40:29.223 31042 31419 W ResourceLoader: at com.bumptech.glide.load.engine.DecodeHelper.getCacheKeys(DecodeHelper.java:224)
01-07 11:40:29.223 31042 31419 W ResourceLoader: at com.bumptech.glide.load.engine.ResourceCacheGenerator.startNext(ResourceCacheGenera tor.java:44)
01-07 11:40:29.223 31042 31419 W ResourceLoader: at com.bumptech.glide.load.engine.DecodeJob.runGenerators(DecodeJob.java:310)
01-07 11:40:29.223 31042 31419 W ResourceLoader: at com.bumptech.glide.load.engine.DecodeJob.runWrapped(DecodeJob.java:276)
01-07 11:40:29.223 31042 31419 W ResourceLoader: at com.bumptech.glide.load.engine.DecodeJob.run(DecodeJob.java:234)
01-07 11:40:29.223 31042 31419 W ResourceLoader: at java.util.concurrent.ThreadPoolExecutor.runWorker(ThreadPoolExecutor.java:1167)
01-07 11:40:29.223 31042 31419 W ResourceLoader: at java.util.concurrent.ThreadPoolExecutor$Worker.run(ThreadPoolExecutor.java:641)
01-07 11:40:29.223 31042 31419 W ResourceLoader: at java.lang.Thread.run(Thread.java:920)
01-07 11:40:29.223 31042 31419 W ResourceLoader: at com.bumptech.glide.load.engine.executor.GlideExecutor$DefaultThreadFactory$1.run(Gl ideExecutor.java:393)
01-07 11:40:29.223 31042 31419 E upgadata.up772: Invalid ID 0x00000000.
01-07 11:40:29.223 31042 31042 W System.err: android.content.pm.PackageManager$NameNotFoundException: com.jioka.lastplay
01-07 11:40:29.224 31042 31419 W ResourceLoader: Received invalid resource id: 0
01-07 11:40:29.224 31042 31419 W ResourceLoader: android.content.res.Resources$NotFoundException: Unable to find resource ID #0x0
01-07 11:40:29.224 31042 31419 W ResourceLoader: at android.content.res.ResourcesImpl.getResourcePackageName(ResourcesImpl.java:304)
01-07 11:40:29.224 31042 31419 W ResourceLoader: at android.content.res.Resources.getResourcePackageName(Resources.java:2270)
01-07 11:40:29.224 31042 31419 W ResourceLoader: at com.bumptech.glide.load.model.ResourceLoader.getResourceUri(ResourceLoader.java:45)
01-07 11:40:29.224 31042 31419 W ResourceLoader: at com.bumptech.glide.load.model.ResourceLoader.buildLoadData(ResourceLoader.java:35)
01-07 11:40:29.224 31042 31419 W ResourceLoader: at com.bumptech.glide.load.model.ResourceLoader.buildLoadData(ResourceLoader.java:20)
01-07 11:40:29.224 31042 31419 W ResourceLoader: at com.bumptech.glide.load.engine.DecodeHelper.getLoadData(DecodeHelper.java:211)
01-07 11:40:29.224 31042 31419 W ResourceLoader: at com.bumptech.glide.load.engine.DecodeHelper.getCacheKeys(DecodeHelper.java:224)
01-07 11:40:29.224 31042 31419 W ResourceLoader: at com.bumptech.glide.load.engine.ResourceCacheGenerator.startNext(ResourceCacheGenera tor.java:44)
01-07 11:40:29.224 31042 31419 W ResourceLoader: at com.bumptech.glide.load.engine.DecodeJob.runGenerators(DecodeJob.java:310)
01-07 11:40:29.224 31042 31419 W ResourceLoader: at com.bumptech.glide.load.engine.DecodeJob.runWrapped(DecodeJob.java:276)
01-07 11:40:29.224 31042 31419 W ResourceLoader: at com.bumptech.glide.load.engine.DecodeJob.run(DecodeJob.java:234)
01-07 11:40:29.224 31042 31419 W ResourceLoader: at java.util.concurrent.ThreadPoolExecutor.runWorker(ThreadPoolExecutor.java:1167)
01-07 11:40:29.224 31042 31419 W ResourceLoader: at java.util.concurrent.ThreadPoolExecutor$Worker.run(ThreadPoolExecutor.java:641)
01-07 11:40:29.224 31042 31419 W ResourceLoader: at java.lang.Thread.run(Thread.java:920)
01-07 11:40:29.224 31042 31419 W ResourceLoader: at com.bumptech.glide.load.engine.executor.GlideExecutor$DefaultThreadFactory$1.run(Gl ideExecutor.java:393)
01-07 11:40:29.224 31042 31042 W System.err: at android.app.ApplicationPackageManager.getPackageInfoAsUser(ApplicationPackageManage r.java:258)
01-07 11:40:29.224 31042 31042 W System.err: at android.app.ApplicationPackageManager.getPackageInfo(ApplicationPackageManager.java :225)
01-07 11:40:29.224 31042 31042 W System.err: at com.upgadata.up7723.apps.AppManager.checkApkExist(AppManager.java:232)
01-07 11:40:29.224 31042 31042 W System.err: at com.upgadata.up7723.widget.view.DownLoadView.setDownloadState(DownLoadView.java:800 )
01-07 11:40:29.224 31042 31042 W System.err: at com.upgadata.up7723.widget.view.DownLoadView.downState(DownLoadView.java:604)
01-07 11:40:29.224 31042 31042 W System.err: at com.upgadata.up7723.widget.view.DownLoadView.updateView(DownLoadView.java:520)
01-07 11:40:29.224 31042 31042 W System.err: at com.upgadata.up7723.widget.view.DownLoadView.setData(DownLoadView.java:256)
01-07 11:40:29.224 31042 31042 W System.err: at com.upgadata.up7723.widget.GameItemShareAppView.initData(GameItemShareAppView.java: 190)
01-07 11:40:29.224 31042 31042 W System.err: at com.upgadata.up7723.widget.GameItemShareAppView.update(GameItemShareAppView.java:13 9)
01-07 11:40:29.224 31042 31042 W System.err: at com.upgadata.up7723.base.BaseHolderAdapter.getView(BaseHolderAdapter.java:146)
01-07 11:40:29.224 31042 31042 W System.err: at android.widget.HeaderViewListAdapter.getView(HeaderViewListAdapter.java:224)
01-07 11:40:29.224 31042 31042 W System.err: at android.widget.AbsListView.obtainView(AbsListView.java:2435)
01-07 11:40:29.224 31042 31042 W System.err: at android.widget.ListView.makeAndAddView(ListView.java:2067)
01-07 11:40:29.224 31042 31042 W System.err: at android.widget.ListView.fillDown(ListView.java:793)
01-07 11:40:29.224 31042 31042 W System.err: at android.widget.ListView.fillSpecific(ListView.java:1504)
01-07 11:40:29.224 31042 31042 W System.err: at android.widget.ListView.layoutChildren(ListView.java:1815)
01-07 11:40:29.224 31042 31042 W System.err: at android.widget.AbsListView.onLayout(AbsListView.java:2232)
01-07 11:40:29.224 31042 31042 W System.err: at android.view.View.layout(View.java:23482)
01-07 11:40:29.224 31042 31042 W System.err: at android.view.ViewGroup.layout(ViewGroup.java:6575)
01-07 11:40:29.224 31042 31419 E upgadata.up772: Invalid ID 0x00000000.
01-07 11:40:29.224 31042 31042 W System.err: at android.widget.LinearLayout.setChildFrame(LinearLayout.java:1841)
01-07 11:40:29.224 31042 31042 W System.err: at android.widget.LinearLayout.layoutVertical(LinearLayout.java:1673)
01-07 11:40:29.224 31042 31042 W System.err: at android.widget.LinearLayout.onLayout(LinearLayout.java:1582)
01-07 11:40:29.224 31042 31042 W System.err: at android.view.View.layout(View.java:23482)
01-07 11:40:29.224 31042 31042 W System.err: at android.view.ViewGroup.layout(ViewGroup.java:6575)
01-07 11:40:29.224 31042 31042 W System.err: at androidx.viewpager.widget.ViewPager.onLayout(ViewPager.java:1775)
01-07 11:40:29.224 31042 31042 W System.err: at android.view.View.layout(View.java:23482)
01-07 11:40:29.224 31042 31042 W System.err: at android.view.ViewGroup.layout(ViewGroup.java:6575)
01-07 11:40:29.224 31042 31042 W System.err: at android.widget.LinearLayout.setChildFrame(LinearLayout.java:1841)
01-07 11:40:29.224 31042 31042 W System.err: at android.widget.LinearLayout.layoutVertical(LinearLayout.java:1673)
01-07 11:40:29.224 31042 31042 W System.err: at android.widget.LinearLayout.onLayout(LinearLayout.java:1582)
01-07 11:40:29.224 31042 31042 W System.err: at android.view.View.layout(View.java:23482)
01-07 11:40:29.224 31042 31042 W System.err: at android.view.ViewGroup.layout(ViewGroup.java:6575)
01-07 11:40:29.224 31042 31042 W System.err: at android.widget.RelativeLayout.onLayout(RelativeLayout.java:1103)
01-07 11:40:29.224 31042 31042 W System.err: at android.view.View.layout(View.java:23482)
01-07 11:40:29.224 31042 31042 W System.err: at android.view.ViewGroup.layout(ViewGroup.java:6575)
01-07 11:40:29.224 31042 31042 W System.err: at android.widget.FrameLayout.layoutChildren(FrameLayout.java:332)
01-07 11:40:29.224 31042 31042 W System.err: at android.widget.FrameLayout.onLayout(FrameLayout.java:270)
01-07 11:40:29.224 31042 31042 W System.err: at android.view.View.layout(View.java:23482)
01-07 11:40:29.224 31042 31042 W System.err: at android.view.ViewGroup.layout(ViewGroup.java:6575)
01-07 11:40:29.224 31042 31042 W System.err: at android.widget.LinearLayout.setChildFrame(LinearLayout.java:1841)
01-07 11:40:29.224 31042 31042 W System.err: at android.widget.LinearLayout.layoutVertical(LinearLayout.java:1673)
01-07 11:40:29.224 31042 31042 W System.err: at android.widget.LinearLayout.onLayout(LinearLayout.java:1582)
01-07 11:40:29.224 31042 31042 W System.err: at android.view.View.layout(View.java:23482)
01-07 11:40:29.224 31042 31042 W System.err: at android.view.ViewGroup.layout(ViewGroup.java:6575)
01-07 11:40:29.224 31042 31042 W System.err: at android.widget.FrameLayout.layoutChildren(FrameLayout.java:332)
01-07 11:40:29.224 31042 31042 W System.err: at android.widget.FrameLayout.onLayout(FrameLayout.java:270)
01-07 11:40:29.224 31042 31042 W System.err: at android.view.View.layout(View.java:23482)
01-07 11:40:29.224 31042 31042 W System.err: at android.view.ViewGroup.layout(ViewGroup.java:6575)
01-07 11:40:29.224 31042 31042 W System.err: at android.widget.LinearLayout.setChildFrame(LinearLayout.java:1841)
01-07 11:40:29.224 31042 31419 W ResourceLoader: Received invalid resource id: 0
01-07 11:40:29.224 31042 31419 W ResourceLoader: android.content.res.Resources$NotFoundException: Unable to find resource ID #0x0
01-07 11:40:29.224 31042 31419 W ResourceLoader: at android.content.res.ResourcesImpl.getResourcePackageName(ResourcesImpl.java:304)
01-07 11:40:29.224 31042 31419 W ResourceLoader: at android.content.res.Resources.getResourcePackageName(Resources.java:2270)
01-07 11:40:29.224 31042 31419 W ResourceLoader: at com.bumptech.glide.load.model.ResourceLoader.getResourceUri(ResourceLoader.java:45)
01-07 11:40:29.224 31042 31419 W ResourceLoader: at com.bumptech.glide.load.model.ResourceLoader.buildLoadData(ResourceLoader.java:35)
01-07 11:40:29.224 31042 31419 W ResourceLoader: at com.bumptech.glide.load.model.ResourceLoader.buildLoadData(ResourceLoader.java:20)
01-07 11:40:29.224 31042 31419 W ResourceLoader: at com.bumptech.glide.load.engine.DecodeHelper.getLoadData(DecodeHelper.java:211)
01-07 11:40:29.224 31042 31419 W ResourceLoader: at com.bumptech.glide.load.engine.DecodeHelper.getCacheKeys(DecodeHelper.java:224)
01-07 11:40:29.224 31042 31419 W ResourceLoader: at com.bumptech.glide.load.engine.ResourceCacheGenerator.startNext(ResourceCacheGenera tor.java:44)
01-07 11:40:29.224 31042 31419 W ResourceLoader: at com.bumptech.glide.load.engine.DecodeJob.runGenerators(DecodeJob.java:310)
01-07 11:40:29.224 31042 31419 W ResourceLoader: at com.bumptech.glide.load.engine.DecodeJob.runWrapped(DecodeJob.java:276)
01-07 11:40:29.224 31042 31419 W ResourceLoader: at com.bumptech.glide.load.engine.DecodeJob.run(DecodeJob.java:234)
01-07 11:40:29.224 31042 31419 W ResourceLoader: at java.util.concurrent.ThreadPoolExecutor.runWorker(ThreadPoolExecutor.java:1167)
01-07 11:40:29.224 31042 31419 W ResourceLoader: at java.util.concurrent.ThreadPoolExecutor$Worker.run(ThreadPoolExecutor.java:641)
01-07 11:40:29.224 31042 31419 W ResourceLoader: at java.lang.Thread.run(Thread.java:920)
01-07 11:40:29.224 31042 31419 W ResourceLoader: at com.bumptech.glide.load.engine.executor.GlideExecutor$DefaultThreadFactory$1.run(Gl ideExecutor.java:393)
01-07 11:40:29.224 31042 31042 W System.err: at android.widget.LinearLayout.layoutVertical(LinearLayout.java:1673)
01-07 11:40:29.224 31042 31042 W System.err: at android.widget.LinearLayout.onLayout(LinearLayout.java:1582)
01-07 11:40:29.224 31042 31419 E upgadata.up772: Invalid ID 0x00000000.
01-07 11:40:29.224 31042 31042 W System.err: at android.view.View.layout(View.java:23482)
01-07 11:40:29.224 31042 31042 W System.err: at android.view.ViewGroup.layout(ViewGroup.java:6575)
01-07 11:40:29.224 31042 31042 W System.err: at me.imid.swipebacklayout.lib.SwipeBackLayout.onLayout(SwipeBackLayout.java:386)
01-07 11:40:29.224 31042 31042 W System.err: at android.view.View.layout(View.java:23482)
01-07 11:40:29.224 31042 31042 W System.err: at android.view.ViewGroup.layout(ViewGroup.java:6575)
01-07 11:40:29.224 31042 31042 W System.err: at android.widget.FrameLayout.layoutChildren(FrameLayout.java:332)
01-07 11:40:29.224 31042 31042 W System.err: at android.widget.FrameLayout.onLayout(FrameLayout.java:270)
01-07 11:40:29.224 31042 31042 W System.err: at com.android.internal.policy.DecorView.onLayout(DecorView.java:873)
01-07 11:40:29.224 31042 31042 W System.err: at android.view.View.layout(View.java:23482)
01-07 11:40:29.224 31042 31042 W System.err: at android.view.ViewGroup.layout(ViewGroup.java:6575)
01-07 11:40:29.224 31042 31042 W System.err: at android.view.ViewRootImpl.performLayout(ViewRootImpl.java:4075)
01-07 11:40:29.225 31042 31042 W System.err: at android.view.ViewRootImpl.performTraversals(ViewRootImpl.java:3470)
01-07 11:40:29.225 31042 31042 W System.err: at android.view.ViewRootImpl.doTraversal(ViewRootImpl.java:2398)
01-07 11:40:29.225 31042 31042 W System.err: at android.view.ViewRootImpl$TraversalRunnable.run(ViewRootImpl.java:9407)
01-07 11:40:29.225 31042 31042 W System.err: at android.view.Choreographer$CallbackRecord.run(Choreographer.java:1218)
01-07 11:40:29.225 31042 31042 W System.err: at android.view.Choreographer.doCallbacks(Choreographer.java:972)
01-07 11:40:29.225 31042 31042 W System.err: at android.view.ChoreographerExtImpl.checkScrollOptSceneEnable(ChoreographerExtImpl.ja va:328)
01-07 11:40:29.225 31042 31042 W System.err: at android.view.Choreographer.doFrame(Choreographer.java:859)
01-07 11:40:29.225 31042 31042 W System.err: at android.view.Choreographer$FrameDisplayEventReceiver.run(Choreographer.java:1203)
01-07 11:40:29.225 31042 31042 W System.err: at android.os.Handler.handleCallback(Handler.java:938)
01-07 11:40:29.225 31042 31042 W System.err: at android.os.Handler.dispatchMessage(Handler.java:99)
01-07 11:40:29.225 31042 31042 W System.err: at android.os.Looper.loopOnce(Looper.java:233)
01-07 11:40:29.225 31042 31042 W System.err: at android.os.Looper.loop(Looper.java:344)
01-07 11:40:29.225 31042 31042 W System.err: at android.app.ActivityThread.main(ActivityThread.java:8205)
01-07 11:40:29.225 31042 31042 W System.err: at java.lang.reflect.Method.invoke(Native Method)
01-07 11:40:29.225 31042 31042 W System.err: at com.android.internal.os.RuntimeInit$MethodAndArgsCaller.run(RuntimeInit.java:589)
01-07 11:40:29.225 31042 31042 W System.err: at com.android.internal.os.ZygoteInit.main(ZygoteInit.java:1071)
01-07 11:40:29.225 31042 31419 W ResourceLoader: Received invalid resource id: 0
01-07 11:40:29.225 31042 31419 W ResourceLoader: android.content.res.Resources$NotFoundException: Unable to find resource ID #0x0
01-07 11:40:29.225 31042 31419 W ResourceLoader: at android.content.res.ResourcesImpl.getResourcePackageName(ResourcesImpl.java:304)
01-07 11:40:29.225 31042 31419 W ResourceLoader: at android.content.res.Resources.getResourcePackageName(Resources.java:2270)
01-07 11:40:29.225 31042 31419 W ResourceLoader: at com.bumptech.glide.load.model.ResourceLoader.getResourceUri(ResourceLoader.java:45)
01-07 11:40:29.225 31042 31419 W ResourceLoader: at com.bumptech.glide.load.model.ResourceLoader.buildLoadData(ResourceLoader.java:35)
01-07 11:40:29.225 31042 31419 W ResourceLoader: at com.bumptech.glide.load.model.ResourceLoader.buildLoadData(ResourceLoader.java:20)
01-07 11:40:29.225 31042 31419 W ResourceLoader: at com.bumptech.glide.load.engine.DecodeHelper.getLoadData(DecodeHelper.java:211)
01-07 11:40:29.225 31042 31419 W ResourceLoader: at com.bumptech.glide.load.engine.DecodeHelper.getCacheKeys(DecodeHelper.java:224)
01-07 11:40:29.225 31042 31419 W ResourceLoader: at com.bumptech.glide.load.engine.ResourceCacheGenerator.startNext(ResourceCacheGenera tor.java:44)
01-07 11:40:29.225 31042 31419 W ResourceLoader: at com.bumptech.glide.load.engine.DecodeJob.runGenerators(DecodeJob.java:310)
01-07 11:40:29.225 31042 31419 W ResourceLoader: at com.bumptech.glide.load.engine.DecodeJob.runWrapped(DecodeJob.java:276)
01-07 11:40:29.225 31042 31419 W ResourceLoader: at com.bumptech.glide.load.engine.DecodeJob.run(DecodeJob.java:234)
01-07 11:40:29.225 31042 31419 W ResourceLoader: at java.util.concurrent.ThreadPoolExecutor.runWorker(ThreadPoolExecutor.java:1167)
01-07 11:40:29.225 31042 31419 W ResourceLoader: at java.util.concurrent.ThreadPoolExecutor$Worker.run(ThreadPoolExecutor.java:641)
01-07 11:40:29.225 31042 31419 W ResourceLoader: at java.lang.Thread.run(Thread.java:920)
01-07 11:40:29.225 31042 31419 W ResourceLoader: at com.bumptech.glide.load.engine.executor.GlideExecutor$DefaultThreadFactory$1.run(Gl ideExecutor.java:393)
01-07 11:40:29.241 31042 31042 W System.err: android.content.pm.PackageManager$NameNotFoundException: org.tokuproject.kuuga
01-07 11:40:29.241 31042 31042 W System.err: at android.app.ApplicationPackageManager.getPackageInfoAsUser(ApplicationPackageManage r.java:258)
01-07 11:40:29.241 31042 31042 W System.err: at android.app.ApplicationPackageManager.getPackageInfo(ApplicationPackageManager.java :225)
01-07 11:40:29.241 31042 31042 W System.err: at com.upgadata.up7723.apps.AppManager.checkApkExist(AppManager.java:232)
01-07 11:40:29.241 31042 31042 W System.err: at com.upgadata.up7723.widget.view.DownLoadView.setDownloadState(DownLoadView.java:800 )
01-07 11:40:29.241 31042 31042 W System.err: at com.upgadata.up7723.widget.view.DownLoadView.downState(DownLoadView.java:604)
01-07 11:40:29.241 31042 31042 W System.err: at com.upgadata.up7723.widget.view.DownLoadView.updateView(DownLoadView.java:520)
01-07 11:40:29.241 31042 31042 W System.err: at com.upgadata.up7723.widget.view.DownLoadView.setData(DownLoadView.java:256)
01-07 11:40:29.241 31042 31042 W System.err: at com.upgadata.up7723.widget.GameItemShareAppView.initData(GameItemShareAppView.java: 190)
01-07 11:40:29.241 31042 31042 W System.err: at com.upgadata.up7723.widget.GameItemShareAppView.update(GameItemShareAppView.java:13 9)
01-07 11:40:29.241 31042 31042 W System.err: at com.upgadata.up7723.base.BaseHolderAdapter.getView(BaseHolderAdapter.java:146)
01-07 11:40:29.241 31042 31042 W System.err: at android.widget.HeaderViewListAdapter.getView(HeaderViewListAdapter.java:224)
01-07 11:40:29.241 31042 31042 W System.err: at android.widget.AbsListView.obtainView(AbsListView.java:2435)
01-07 11:40:29.241 31042 31042 W System.err: at android.widget.ListView.makeAndAddView(ListView.java:2067)
01-07 11:40:29.241 31042 31042 W System.err: at android.widget.ListView.fillDown(ListView.java:793)
01-07 11:40:29.241 31042 31042 W System.err: at android.widget.ListView.fillSpecific(ListView.java:1504)
01-07 11:40:29.241 31042 31042 W System.err: at android.widget.ListView.layoutChildren(ListView.java:1815)
01-07 11:40:29.241 31042 31042 W System.err: at android.widget.AbsListView.onLayout(AbsListView.java:2232)
01-07 11:40:29.241 31042 31042 W System.err: at android.view.View.layout(View.java:23482)
01-07 11:40:29.241 31042 31042 W System.err: at android.view.ViewGroup.layout(ViewGroup.java:6575)
01-07 11:40:29.241 31042 31042 W System.err: at android.widget.LinearLayout.setChildFrame(LinearLayout.java:1841)
01-07 11:40:29.241 31042 31042 W System.err: at android.widget.LinearLayout.layoutVertical(LinearLayout.java:1673)
01-07 11:40:29.241 31042 31042 W System.err: at android.widget.LinearLayout.onLayout(LinearLayout.java:1582)
01-07 11:40:29.241 31042 31042 W System.err: at android.view.View.layout(View.java:23482)
01-07 11:40:29.241 31042 31042 W System.err: at android.view.ViewGroup.layout(ViewGroup.java:6575)
01-07 11:40:29.241 31042 31042 W System.err: at androidx.viewpager.widget.ViewPager.onLayout(ViewPager.java:1775)
01-07 11:40:29.241 31042 31042 W System.err: at android.view.View.layout(View.java:23482)
01-07 11:40:29.241 31042 31042 W System.err: at android.view.ViewGroup.layout(ViewGroup.java:6575)
01-07 11:40:29.241 31042 31042 W System.err: at android.widget.LinearLayout.setChildFrame(LinearLayout.java:1841)
01-07 11:40:29.241 31042 31042 W System.err: at android.widget.LinearLayout.layoutVertical(LinearLayout.java:1673)
01-07 11:40:29.241 31042 31042 W System.err: at android.widget.LinearLayout.onLayout(LinearLayout.java:1582)
01-07 11:40:29.241 31042 31042 W System.err: at android.view.View.layout(View.java:23482)
01-07 11:40:29.241 31042 31042 W System.err: at android.view.ViewGroup.layout(ViewGroup.java:6575)
01-07 11:40:29.241 31042 31042 W System.err: at android.widget.RelativeLayout.onLayout(RelativeLayout.java:1103)
01-07 11:40:29.241 31042 31042 W System.err: at android.view.View.layout(View.java:23482)
01-07 11:40:29.242 31042 31042 W System.err: at android.view.ViewGroup.layout(ViewGroup.java:6575)
01-07 11:40:29.242 31042 31042 W System.err: at android.widget.FrameLayout.layoutChildren(FrameLayout.java:332)
01-07 11:40:29.242 31042 31042 W System.err: at android.widget.FrameLayout.onLayout(FrameLayout.java:270)
01-07 11:40:29.242 31042 31042 W System.err: at android.view.View.layout(View.java:23482)
01-07 11:40:29.242 31042 31042 W System.err: at android.view.ViewGroup.layout(ViewGroup.java:6575)
01-07 11:40:29.242 31042 31042 W System.err: at android.widget.LinearLayout.setChildFrame(LinearLayout.java:1841)
01-07 11:40:29.242 31042 31042 W System.err: at android.widget.LinearLayout.layoutVertical(LinearLayout.java:1673)
01-07 11:40:29.242 31042 31042 W System.err: at android.widget.LinearLayout.onLayout(LinearLayout.java:1582)
01-07 11:40:29.242 31042 31042 W System.err: at android.view.View.layout(View.java:23482)
01-07 11:40:29.242 31042 31042 W System.err: at android.view.ViewGroup.layout(ViewGroup.java:6575)
01-07 11:40:29.242 31042 31042 W System.err: at android.widget.FrameLayout.layoutChildren(FrameLayout.java:332)
01-07 11:40:29.242 31042 31042 W System.err: at android.widget.FrameLayout.onLayout(FrameLayout.java:270)
01-07 11:40:29.242 31042 31042 W System.err: at android.view.View.layout(View.java:23482)
01-07 11:40:29.242 31042 31042 W System.err: at android.view.ViewGroup.layout(ViewGroup.java:6575)
01-07 11:40:29.242 31042 31042 W System.err: at android.widget.LinearLayout.setChildFrame(LinearLayout.java:1841)
01-07 11:40:29.242 31042 31042 W System.err: at android.widget.LinearLayout.layoutVertical(LinearLayout.java:1673)
01-07 11:40:29.242 31042 31042 W System.err: at android.widget.LinearLayout.onLayout(LinearLayout.java:1582)
01-07 11:40:29.242 31042 31042 W System.err: at android.view.View.layout(View.java:23482)
01-07 11:40:29.242 31042 31042 W System.err: at android.view.ViewGroup.layout(ViewGroup.java:6575)
01-07 11:40:29.242 31042 31042 W System.err: at me.imid.swipebacklayout.lib.SwipeBackLayout.onLayout(SwipeBackLayout.java:386)
01-07 11:40:29.242 31042 31042 W System.err: at android.view.View.layout(View.java:23482)
01-07 11:40:29.242 31042 31042 W System.err: at android.view.ViewGroup.layout(ViewGroup.java:6575)
01-07 11:40:29.242 31042 31042 W System.err: at android.widget.FrameLayout.layoutChildren(FrameLayout.java:332)
01-07 11:40:29.242 31042 31042 W System.err: at android.widget.FrameLayout.onLayout(FrameLayout.java:270)
01-07 11:40:29.242 31042 31042 W System.err: at com.android.internal.policy.DecorView.onLayout(DecorView.java:873)
01-07 11:40:29.242 31042 31042 W System.err: at android.view.View.layout(View.java:23482)
01-07 11:40:29.242 31042 31042 W System.err: at android.view.ViewGroup.layout(ViewGroup.java:6575)
01-07 11:40:29.242 31042 31042 W System.err: at android.view.ViewRootImpl.performLayout(ViewRootImpl.java:4075)
01-07 11:40:29.242 31042 31042 W System.err: at android.view.ViewRootImpl.performTraversals(ViewRootImpl.java:3470)
01-07 11:40:29.242 31042 31042 W System.err: at android.view.ViewRootImpl.doTraversal(ViewRootImpl.java:2398)
01-07 11:40:29.242 31042 31042 W System.err: at android.view.ViewRootImpl$TraversalRunnable.run(ViewRootImpl.java:9407)
01-07 11:40:29.242 31042 31042 W System.err: at android.view.Choreographer$CallbackRecord.run(Choreographer.java:1218)
01-07 11:40:29.242 31042 31042 W System.err: at android.view.Choreographer.doCallbacks(Choreographer.java:972)
01-07 11:40:29.242 31042 31042 W System.err: at android.view.ChoreographerExtImpl.checkScrollOptSceneEnable(ChoreographerExtImpl.ja va:328)
01-07 11:40:29.242 31042 31042 W System.err: at android.view.Choreographer.doFrame(Choreographer.java:859)
01-07 11:40:29.242 31042 31042 W System.err: at android.view.Choreographer$FrameDisplayEventReceiver.run(Choreographer.java:1203)
01-07 11:40:29.242 31042 31042 W System.err: at android.os.Handler.handleCallback(Handler.java:938)
01-07 11:40:29.242 31042 31042 W System.err: at android.os.Handler.dispatchMessage(Handler.java:99)
01-07 11:40:29.242 31042 31042 W System.err: at android.os.Looper.loopOnce(Looper.java:233)
01-07 11:40:29.242 31042 31042 W System.err: at android.os.Looper.loop(Looper.java:344)
01-07 11:40:29.242 31042 31042 W System.err: at android.app.ActivityThread.main(ActivityThread.java:8205)
01-07 11:40:29.242 31042 31042 W System.err: at java.lang.reflect.Method.invoke(Native Method)
01-07 11:40:29.242 31042 31042 W System.err: at com.android.internal.os.RuntimeInit$MethodAndArgsCaller.run(RuntimeInit.java:589)
01-07 11:40:29.242 31042 31042 W System.err: at com.android.internal.os.ZygoteInit.main(ZygoteInit.java:1071)
01-07 11:40:29.258 31042 31419 E upgadata.up772: Invalid ID 0x00000000.
01-07 11:40:29.258 31042 31042 W System.err: android.content.pm.PackageManager$NameNotFoundException: com.dvloper.granny
01-07 11:40:29.259 31042 31042 W System.err: at android.app.ApplicationPackageManager.getPackageInfoAsUser(ApplicationPackageManage r.java:258)
01-07 11:40:29.259 31042 31042 W System.err: at android.app.ApplicationPackageManager.getPackageInfo(ApplicationPackageManager.java :225)
01-07 11:40:29.259 31042 31042 W System.err: at com.upgadata.up7723.apps.AppManager.checkApkExist(AppManager.java:232)
01-07 11:40:29.259 31042 31042 W System.err: at com.upgadata.up7723.widget.view.DownLoadView.setDownloadState(DownLoadView.java:800 )
01-07 11:40:29.259 31042 31042 W System.err: at com.upgadata.up7723.widget.view.DownLoadView.downState(DownLoadView.java:604)
01-07 11:40:29.259 31042 31042 W System.err: at com.upgadata.up7723.widget.view.DownLoadView.updateView(DownLoadView.java:520)
01-07 11:40:29.259 31042 31042 W System.err: at com.upgadata.up7723.widget.view.DownLoadView.setData(DownLoadView.java:256)
01-07 11:40:29.259 31042 31042 W System.err: at com.upgadata.up7723.widget.GameItemShareAppView.initData(GameItemShareAppView.java: 190)
01-07 11:40:29.259 31042 31042 W System.err: at com.upgadata.up7723.widget.GameItemShareAppView.update(GameItemShareAppView.java:13 9)
01-07 11:40:29.259 31042 31042 W System.err: at com.upgadata.up7723.base.BaseHolderAdapter.getView(BaseHolderAdapter.java:146)
01-07 11:40:29.259 31042 31042 W System.err: at android.widget.HeaderViewListAdapter.getView(HeaderViewListAdapter.java:224)
01-07 11:40:29.259 31042 31042 W System.err: at android.widget.AbsListView.obtainView(AbsListView.java:2435)
01-07 11:40:29.259 31042 31419 W ResourceLoader: Received invalid resource id: 0
01-07 11:40:29.259 31042 31419 W ResourceLoader: android.content.res.Resources$NotFoundException: Unable to find resource ID #0x0
01-07 11:40:29.259 31042 31419 W ResourceLoader: at android.content.res.ResourcesImpl.getResourcePackageName(ResourcesImpl.java:304)
01-07 11:40:29.259 31042 31419 W ResourceLoader: at android.content.res.Resources.getResourcePackageName(Resources.java:2270)
01-07 11:40:29.259 31042 31419 W ResourceLoader: at com.bumptech.glide.load.model.ResourceLoader.getResourceUri(ResourceLoader.java:45)
01-07 11:40:29.259 31042 31419 W ResourceLoader: at com.bumptech.glide.load.model.ResourceLoader.buildLoadData(ResourceLoader.java:35)
01-07 11:40:29.259 31042 31419 W ResourceLoader: at com.bumptech.glide.load.model.ResourceLoader.buildLoadData(ResourceLoader.java:20)
01-07 11:40:29.259 31042 31419 W ResourceLoader: at com.bumptech.glide.load.engine.DecodeHelper.getLoadData(DecodeHelper.java:211)
01-07 11:40:29.259 31042 31419 W ResourceLoader: at com.bumptech.glide.load.engine.DecodeHelper.getCacheKeys(DecodeHelper.java:224)
01-07 11:40:29.259 31042 31419 W ResourceLoader: at com.bumptech.glide.load.engine.ResourceCacheGenerator.startNext(ResourceCacheGenera tor.java:44)
01-07 11:40:29.259 31042 31419 W ResourceLoader: at com.bumptech.glide.load.engine.DecodeJob.runGenerators(DecodeJob.java:310)
01-07 11:40:29.259 31042 31419 W ResourceLoader: at com.bumptech.glide.load.engine.DecodeJob.runWrapped(DecodeJob.java:276)
01-07 11:40:29.259 31042 31419 W ResourceLoader: at com.bumptech.glide.load.engine.DecodeJob.run(DecodeJob.java:234)
01-07 11:40:29.259 31042 31419 W ResourceLoader: at java.util.concurrent.ThreadPoolExecutor.runWorker(ThreadPoolExecutor.java:1167)
01-07 11:40:29.259 31042 31419 W ResourceLoader: at java.util.concurrent.ThreadPoolExecutor$Worker.run(ThreadPoolExecutor.java:641)
01-07 11:40:29.259 31042 31419 W ResourceLoader: at java.lang.Thread.run(Thread.java:920)
01-07 11:40:29.259 31042 31419 W ResourceLoader: at com.bumptech.glide.load.engine.executor.GlideExecutor$DefaultThreadFactory$1.run(Gl ideExecutor.java:393)
01-07 11:40:29.259 31042 31042 W System.err: at android.widget.ListView.makeAndAddView(ListView.java:2067)
01-07 11:40:29.259 31042 31042 W System.err: at android.widget.ListView.fillDown(ListView.java:793)
01-07 11:40:29.259 31042 31042 W System.err: at android.widget.ListView.fillSpecific(ListView.java:1504)
01-07 11:40:29.259 31042 31042 W System.err: at android.widget.ListView.layoutChildren(ListView.java:1815)
01-07 11:40:29.259 31042 31419 E upgadata.up772: Invalid ID 0x00000000.
01-07 11:40:29.259 31042 31042 W System.err: at android.widget.AbsListView.onLayout(AbsListView.java:2232)
01-07 11:40:29.259 31042 31042 W System.err: at android.view.View.layout(View.java:23482)
01-07 11:40:29.259 31042 31042 W System.err: at android.view.ViewGroup.layout(ViewGroup.java:6575)
01-07 11:40:29.259 31042 31042 W System.err: at android.widget.LinearLayout.setChildFrame(LinearLayout.java:1841)
01-07 11:40:29.259 31042 31042 W System.err: at android.widget.LinearLayout.layoutVertical(LinearLayout.java:1673)
01-07 11:40:29.259 31042 31042 W System.err: at android.widget.LinearLayout.onLayout(LinearLayout.java:1582)
01-07 11:40:29.259 31042 31042 W System.err: at android.view.View.layout(View.java:23482)
01-07 11:40:29.259 31042 31042 W System.err: at android.view.ViewGroup.layout(ViewGroup.java:6575)
01-07 11:40:29.259 31042 31042 W System.err: at androidx.viewpager.widget.ViewPager.onLayout(ViewPager.java:1775)
01-07 11:40:29.259 31042 31042 W System.err: at android.view.View.layout(View.java:23482)
01-07 11:40:29.259 31042 31042 W System.err: at android.view.ViewGroup.layout(ViewGroup.java:6575)
01-07 11:40:29.259 31042 31042 W System.err: at android.widget.LinearLayout.setChildFrame(LinearLayout.java:1841)
01-07 11:40:29.259 31042 31042 W System.err: at android.widget.LinearLayout.layoutVertical(LinearLayout.java:1673)
01-07 11:40:29.259 31042 31042 W System.err: at android.widget.LinearLayout.onLayout(LinearLayout.java:1582)
01-07 11:40:29.259 31042 31042 W System.err: at android.view.View.layout(View.java:23482)
01-07 11:40:29.259 31042 31042 W System.err: at android.view.ViewGroup.layout(ViewGroup.java:6575)
01-07 11:40:29.259 31042 31042 W System.err: at android.widget.RelativeLayout.onLayout(RelativeLayout.java:1103)
01-07 11:40:29.259 31042 31042 W System.err: at android.view.View.layout(View.java:23482)
01-07 11:40:29.259 31042 31042 W System.err: at android.view.ViewGroup.layout(ViewGroup.java:6575)
01-07 11:40:29.259 31042 31042 W System.err: at android.widget.FrameLayout.layoutChildren(FrameLayout.java:332)
01-07 11:40:29.259 31042 31042 W System.err: at android.widget.FrameLayout.onLayout(FrameLayout.java:270)
01-07 11:40:29.259 31042 31042 W System.err: at android.view.View.layout(View.java:23482)
01-07 11:40:29.259 31042 31042 W System.err: at android.view.ViewGroup.layout(ViewGroup.java:6575)
01-07 11:40:29.259 31042 31042 W System.err: at android.widget.LinearLayout.setChildFrame(LinearLayout.java:1841)
01-07 11:40:29.259 31042 31042 W System.err: at android.widget.LinearLayout.layoutVertical(LinearLayout.java:1673)
01-07 11:40:29.259 31042 31042 W System.err: at android.widget.LinearLayout.onLayout(LinearLayout.java:1582)
01-07 11:40:29.259 31042 31042 W System.err: at android.view.View.layout(View.java:23482)
01-07 11:40:29.259 31042 31419 W ResourceLoader: Received invalid resource id: 0
01-07 11:40:29.259 31042 31419 W ResourceLoader: android.content.res.Resources$NotFoundException: Unable to find resource ID #0x0
01-07 11:40:29.259 31042 31419 W ResourceLoader: at android.content.res.ResourcesImpl.getResourcePackageName(ResourcesImpl.java:304)
01-07 11:40:29.259 31042 31419 W ResourceLoader: at android.content.res.Resources.getResourcePackageName(Resources.java:2270)
01-07 11:40:29.259 31042 31419 W ResourceLoader: at com.bumptech.glide.load.model.ResourceLoader.getResourceUri(ResourceLoader.java:45)
01-07 11:40:29.259 31042 31419 W ResourceLoader: at com.bumptech.glide.load.model.ResourceLoader.buildLoadData(ResourceLoader.java:35)
01-07 11:40:29.259 31042 31419 W ResourceLoader: at com.bumptech.glide.load.model.ResourceLoader.buildLoadData(ResourceLoader.java:20)
01-07 11:40:29.259 31042 31419 W ResourceLoader: at com.bumptech.glide.load.engine.DecodeHelper.getLoadData(DecodeHelper.java:211)
01-07 11:40:29.259 31042 31419 W ResourceLoader: at com.bumptech.glide.load.engine.DecodeHelper.getCacheKeys(DecodeHelper.java:224)
01-07 11:40:29.259 31042 31419 W ResourceLoader: at com.bumptech.glide.load.engine.ResourceCacheGenerator.startNext(ResourceCacheGenera tor.java:44)
01-07 11:40:29.259 31042 31419 W ResourceLoader: at com.bumptech.glide.load.engine.DecodeJob.runGenerators(DecodeJob.java:310)
01-07 11:40:29.259 31042 31419 W ResourceLoader: at com.bumptech.glide.load.engine.DecodeJob.runWrapped(DecodeJob.java:276)
01-07 11:40:29.259 31042 31419 W ResourceLoader: at com.bumptech.glide.load.engine.DecodeJob.run(DecodeJob.java:234)
01-07 11:40:29.259 31042 31419 W ResourceLoader: at java.util.concurrent.ThreadPoolExecutor.runWorker(ThreadPoolExecutor.java:1167)
01-07 11:40:29.259 31042 31419 W ResourceLoader: at java.util.concurrent.ThreadPoolExecutor$Worker.run(ThreadPoolExecutor.java:641)
01-07 11:40:29.259 31042 31419 W ResourceLoader: at java.lang.Thread.run(Thread.java:920)
01-07 11:40:29.259 31042 31419 W ResourceLoader: at com.bumptech.glide.load.engine.executor.GlideExecutor$DefaultThreadFactory$1.run(Gl ideExecutor.java:393)
01-07 11:40:29.259 31042 31042 W System.err: at android.view.ViewGroup.layout(ViewGroup.java:6575)
01-07 11:40:29.259 31042 31042 W System.err: at android.widget.FrameLayout.layoutChildren(FrameLayout.java:332)
01-07 11:40:29.259 31042 31042 W System.err: at android.widget.FrameLayout.onLayout(FrameLayout.java:270)
01-07 11:40:29.259 31042 31042 W System.err: at android.view.View.layout(View.java:23482)
01-07 11:40:29.259 31042 31042 W System.err: at android.view.ViewGroup.layout(ViewGroup.java:6575)
01-07 11:40:29.259 31042 31419 E upgadata.up772: Invalid ID 0x00000000.
01-07 11:40:29.259 31042 31042 W System.err: at android.widget.LinearLayout.setChildFrame(LinearLayout.java:1841)
01-07 11:40:29.259 31042 31042 W System.err: at android.widget.LinearLayout.layoutVertical(LinearLayout.java:1673)
