06-08 15:56:06.134 I/SensorsHub( 721): name LSM6DSOTR
06-08 15:56:06.134 I/SensorsHub( 721): vendor STM
06-08 15:56:06.134 I/SensorsHub( 721): version 1
06-08 15:56:06.134 I/SensorsHub( 721): maxRage 17.453293
06-08 15:56:06.134 I/SensorsHub( 721): resolution 0.000611
06-08 15:56:06.134 I/SensorsHub( 721): Delay min 2000 Max 160000
06-08 15:56:06.134 I/SensorsHub( 721): fifo 0 0
06-08 15:56:06.134 I/SensorsHub( 721): wakeup 0 flags 0
06-08 15:56:06.135 W/libc ( 477): Unable to set property "ctl.interface_start"
to "[email protected]::ISehThermal/default": error code: 0x20,
try count : 2
06-08 15:56:06.135 W/libc ( 477): Unable to set property "ctl.interface_start"
to "[email protected]::ISehThermal/default": error code: 0x20,
try count : 3
06-08 15:56:06.136 I/SensorsHub( 721): UncalGyroSensor
06-08 15:56:06.136 I/hwservicemanager( 477): Tried to start
[email protected]::ISehThermal/default as a lazy service, but was
unable to. Usually this happens when a service is not installed, but if the service
is intended to be used as a lazy service, then it may be configured incorrectly.
06-08 15:56:06.136 I/SensorsHub( 721): sensor_name LSM6DSOTR Gyroscope
Uncalibrated mSensorInfo.name LSM6DSOTR Gyroscope Uncalibrated
06-08 15:56:06.136 I/SensorsHub( 721): injection path /dev/shub_data_injection
06-08 15:56:06.136 I/SensorsHub( 721): index 5, LSM6DSOTR
06-08 15:56:06.136 I/SensorsHub( 721): handle 17
06-08 15:56:06.136 I/SensorsHub( 721): name
06-08 15:56:06.136 I/SensorsHub( 721): vendor Samsung Inc.
06-08 15:56:06.136 I/SensorsHub( 721): version 2
06-08 15:56:06.136 I/SensorsHub( 721): maxRage 1.000000
06-08 15:56:06.136 I/SensorsHub( 721): resolution 1.000000
06-08 15:56:06.136 I/SensorsHub( 721): Delay min -1 Max 0
06-08 15:56:06.136 I/SensorsHub( 721): fifo 0 0
06-08 15:56:06.136 I/SensorsHub( 721): wakeup 1 flags 1
06-08 15:56:06.137 I/SensorsHub( 721): SigMotionSensor
06-08 15:56:06.137 I/SensorsHub( 721): sensor_name Significant Motion
mSensorInfo.name Significant Motion
06-08 15:56:06.137 I/[email protected]( 748): SEC
Thermal HAL Service 1.0 starting...
06-08 15:56:06.137 I/SensorsHub( 721): injection path /dev/shub_data_injection
06-08 15:56:06.137 E/[email protected]( 748): init seh-thermal
HAL
06-08 15:56:06.137 I/SensorsHub( 721): index 6,
06-08 15:56:06.137 I/SensorsHub( 721): handle 18
06-08 15:56:06.138 I/SensorsHub( 721): name
06-08 15:56:06.138 I/SensorsHub( 721): vendor Samsung Inc.
06-08 15:56:06.138 I/SensorsHub( 721): version 1
06-08 15:56:06.138 I/SensorsHub( 721): maxRage 1.000000
06-08 15:56:06.138 I/SensorsHub( 721): resolution 1.000000
06-08 15:56:06.138 I/SensorsHub( 721): Delay min 0 Max 0
06-08 15:56:06.138 I/SensorsHub( 721): fifo 0 0
06-08 15:56:06.138 I/SensorsHub( 721): wakeup 0 flags 0
06-08 15:56:06.139 I/SensorsHub( 721): StepDetectorSensor
06-08 15:56:06.139 I/SensorsHub( 721): sensor_name Step Detector mSensorInfo.name
Step Detector
06-08 15:56:06.139 I/SensorsHub( 721): injection path /dev/shub_data_injection
06-08 15:56:06.139 I/SensorsHub( 721): index 7,
06-08 15:56:06.140 I/SensorsHub( 721): handle 19
06-08 15:56:06.140 I/SensorsHub( 721): name
06-08 15:56:06.140 I/SensorsHub( 721): vendor Samsung Inc.
06-08 15:56:06.140 I/SensorsHub( 721): version 1
06-08 15:56:06.140 I/SensorsHub( 721): maxRage 4294967296.000000
06-08 15:56:06.140 I/SensorsHub( 721): resolution 1.000000
06-08 15:56:06.140 I/SensorsHub( 721): Delay min 0 Max 0
06-08 15:56:06.140 I/SensorsHub( 721): fifo 0 0
06-08 15:56:06.140 I/SensorsHub( 721): wakeup 0 flags 0
06-08 15:56:06.140 E/SehThermal-HAL( 748): Fail to retry to connect. (4)
06-08 15:56:06.144 I/SensorsHub( 721): StepCounterSensor
06-08 15:56:06.144 I/SensorsHub( 721): sensor_name Step Counter mSensorInfo.name
Step Counter
06-08 15:56:06.144 I/SensorsHub( 721): injection path /dev/shub_data_injection
06-08 15:56:06.144 I/SensorsHub( 721): index 8,
06-08 15:56:06.144 I/SensorsHub( 721): handle 22
06-08 15:56:06.144 I/SensorsHub( 721): name
06-08 15:56:06.144 I/SensorsHub( 721): vendor Samsung Inc.
06-08 15:56:06.144 I/SensorsHub( 721): version 1
06-08 15:56:06.144 I/SensorsHub( 721): maxRage 1.000000
06-08 15:56:06.144 I/SensorsHub( 721): resolution 1.000000
06-08 15:56:06.144 I/SensorsHub( 721): Delay min 0 Max 0
06-08 15:56:06.144 I/SensorsHub( 721): fifo 0 0
06-08 15:56:06.144 I/SensorsHub( 721): wakeup 1 flags 1
06-08 15:56:06.145 I/SensorsHub( 721): TiltDetector
06-08 15:56:06.145 I/SensorsHub( 721): sensor_name Tilt Detector mSensorInfo.name
Tilt Detector
06-08 15:56:06.145 I/SensorsHub( 721): injection path /dev/shub_data_injection
06-08 15:56:06.145 I/SensorsHub( 721): index 9,
06-08 15:56:06.145 I/SensorsHub( 721): handle 25
06-08 15:56:06.145 I/SensorsHub( 721): name
06-08 15:56:06.145 I/SensorsHub( 721): vendor Samsung Inc.
06-08 15:56:06.145 I/SensorsHub( 721): version 1
06-08 15:56:06.145 I/SensorsHub( 721): maxRage 1.000000
06-08 15:56:06.145 I/SensorsHub( 721): resolution 1.000000
06-08 15:56:06.145 I/SensorsHub( 721): Delay min -1 Max 0
06-08 15:56:06.145 I/SensorsHub( 721): fifo 0 0
06-08 15:56:06.145 I/SensorsHub( 721): wakeup 1 flags 1
06-08 15:56:06.147 I/SensorsHub( 721): PickupGesture
06-08 15:56:06.147 I/SensorsHub( 721): sensor_name Pick Up Gesture
mSensorInfo.name Pick Up Gesture
06-08 15:56:06.147 I/SensorsHub( 721): injection path /dev/shub_data_injection
06-08 15:56:06.147 I/SensorsHub( 721): index 10,
06-08 15:56:06.147 I/SensorsHub( 721): handle 27
06-08 15:56:06.147 I/SensorsHub( 721): name
06-08 15:56:06.147 I/SensorsHub( 721): vendor Samsung Inc.
06-08 15:56:06.147 I/SensorsHub( 721): version 16
06-08 15:56:06.147 I/SensorsHub( 721): maxRage 3.000000
06-08 15:56:06.147 I/SensorsHub( 721): resolution 1.000000
06-08 15:56:06.147 I/SensorsHub( 721): Delay min 0 Max 0
06-08 15:56:06.147 I/SensorsHub( 721): fifo 0 0
06-08 15:56:06.147 I/SensorsHub( 721): wakeup 0 flags 0
06-08 15:56:06.148 I/SensorsHub( 721): DeviceOrientation
06-08 15:56:06.148 I/SensorsHub( 721): sensor_name Device Orientataion
mSensorInfo.name Device Orientataion
06-08 15:56:06.148 I/SensorsHub( 721): injection path /dev/shub_data_injection
06-08 15:56:06.148 I/SensorsHub( 721): index 11,
06-08 15:56:06.148 I/SensorsHub( 721): handle 31
06-08 15:56:06.148 I/SensorsHub( 721): name
06-08 15:56:06.148 I/SensorsHub( 721): vendor Samsung Inc.
06-08 15:56:06.148 I/SensorsHub( 721): version 1
06-08 15:56:06.148 I/SensorsHub( 721): maxRage 17.453293
06-08 15:56:06.148 I/SensorsHub( 721): resolution 0.000611
06-08 15:56:06.148 I/SensorsHub( 721): Delay min 20000 Max 20000
06-08 15:56:06.148 I/SensorsHub( 721): fifo 0 0
06-08 15:56:06.148 I/SensorsHub( 721): wakeup 0 flags 0
06-08 15:56:06.151 I/SensorsHub( 721): IntGyroSensor
06-08 15:56:06.152 I/SensorsHub( 721): sensor_name Interrupt Gyroscope
mSensorInfo.name Interrupt Gyroscope
06-08 15:56:06.152 I/SensorsHub( 721): injection path /dev/shub_data_injection
06-08 15:56:06.152 I/SensorsHub( 721): index 12,
06-08 15:56:06.152 I/SensorsHub( 721): handle 34
06-08 15:56:06.152 I/SensorsHub( 721): name TCS3701
06-08 15:56:06.152 I/SensorsHub( 721): vendor AMS, Inc.
06-08 15:56:06.152 I/SensorsHub( 721): version 1000
06-08 15:56:06.152 I/SensorsHub( 721): maxRage 60000.000000
06-08 15:56:06.152 I/SensorsHub( 721): resolution 1.000000
06-08 15:56:06.152 I/SensorsHub( 721): Delay min 200000 Max 200000
06-08 15:56:06.152 I/SensorsHub( 721): fifo 0 0
06-08 15:56:06.152 I/SensorsHub( 721): wakeup 0 flags 0
06-08 15:56:06.153 I/SensorsHub( 721): LightCCT_Sensor
06-08 15:56:06.153 I/SensorsHub( 721): sensor_name TCS3701 Light CCT
mSensorInfo.name TCS3701 Light CCT
06-08 15:56:06.153 I/SensorsHub( 721): injection path /dev/shub_data_injection
06-08 15:56:06.153 I/SensorsHub( 721): index 13, TCS3701
06-08 15:56:06.153 I/SensorsHub( 721): handle 35
06-08 15:56:06.153 I/SensorsHub( 721): name
06-08 15:56:06.153 I/SensorsHub( 721): vendor Samsung Inc.
06-08 15:56:06.153 I/SensorsHub( 721): version 1
06-08 15:56:06.153 I/SensorsHub( 721): maxRage 1.000000
06-08 15:56:06.153 I/SensorsHub( 721): resolution 1.000000
06-08 15:56:06.153 I/SensorsHub( 721): Delay min 0 Max 0
06-08 15:56:06.153 I/SensorsHub( 721): fifo 0 0
06-08 15:56:06.153 I/SensorsHub( 721): wakeup 1 flags 1
06-08 15:56:06.155 I/SensorsHub( 721): CallGesture
06-08 15:56:06.155 I/SensorsHub( 721): sensor_name Call Gesture mSensorInfo.name
Call Gesture
06-08 15:56:06.155 I/SensorsHub( 721): injection path /dev/shub_data_injection
06-08 15:56:06.155 I/SensorsHub( 721): index 14,
06-08 15:56:06.155 I/SensorsHub( 721): handle 36
06-08 15:56:06.155 I/SensorsHub( 721): name
06-08 15:56:06.155 I/SensorsHub( 721): vendor Samsung Inc.
06-08 15:56:06.156 I/SensorsHub( 721): version 2
06-08 15:56:06.156 I/SensorsHub( 721): maxRage 1.000000
06-08 15:56:06.156 I/SensorsHub( 721): resolution 1.000000
06-08 15:56:06.156 I/SensorsHub( 721): Delay min 0 Max 0
06-08 15:56:06.156 I/SensorsHub( 721): fifo 0 0
06-08 15:56:06.156 I/SensorsHub( 721): wakeup 1 flags 1
06-08 15:56:06.156 I/SensorsHub( 721): WakeUpMotion
06-08 15:56:06.157 I/SensorsHub( 721): sensor_name Wake Up Motion mSensorInfo.name
Wake Up Motion
06-08 15:56:06.157 I/SensorsHub( 721): injection path /dev/shub_data_injection
06-08 15:56:06.157 I/SensorsHub( 721): index 15,
06-08 15:56:06.157 I/SensorsHub( 721): handle 37
06-08 15:56:06.157 I/SensorsHub( 721): name TCS3701
06-08 15:56:06.157 I/SensorsHub( 721): vendor AMS, Inc.
06-08 15:56:06.157 I/SensorsHub( 721): version 1
06-08 15:56:06.157 I/SensorsHub( 721): maxRage 60000.000000
06-08 15:56:06.157 I/SensorsHub( 721): resolution 1.000000
06-08 15:56:06.157 I/SensorsHub( 721): Delay min 200000 Max 200000
06-08 15:56:06.157 I/SensorsHub( 721): fifo 0 0
06-08 15:56:06.157 I/SensorsHub( 721): wakeup 0 flags 0
06-08 15:56:06.157 D/libdpuhdr10p( 713): Loading HDR10 preset from no hdr10 preset
file
06-08 15:56:06.157 I/SensorsHub( 721): AutoBrightnessSensor
06-08 15:56:06.158 I/SensorsHub( 721): sensor_name TCS3701 Auto Brightness Sensor
mSensorInfo.name TCS3701 Auto Brightness Sensor
06-08 15:56:06.158 I/SensorsHub( 721): injection path /dev/shub_data_injection
06-08 15:56:06.158 I/SensorsHub( 721): index 16, TCS3701
06-08 15:56:06.158 I/SensorsHub( 721): handle 38
06-08 15:56:06.158 I/SensorsHub( 721): name
06-08 15:56:06.158 I/SensorsHub( 721): vendor Samsung Inc.
06-08 15:56:06.158 I/SensorsHub( 721): version 1
06-08 15:56:06.158 I/SensorsHub( 721): maxRage 17.453293
06-08 15:56:06.158 I/SensorsHub( 721): resolution 0.000611
06-08 15:56:06.158 I/SensorsHub( 721): Delay min 10000 Max 10000
06-08 15:56:06.158 I/SensorsHub( 721): fifo 0 0
06-08 15:56:06.158 I/SensorsHub( 721): wakeup 0 flags 0
06-08 15:56:06.159 I/SensorsHub( 721): VdisGyroSensor
06-08 15:56:06.160 I/SensorsHub( 721): sensor_name VDIS Gyroscope mSensorInfo.name
VDIS Gyroscope
06-08 15:56:06.160 I/SensorsHub( 721): injection path /dev/shub_data_injection
06-08 15:56:06.160 I/SensorsHub( 721): index 17,
06-08 15:56:06.160 I/SensorsHub( 721): handle 42
06-08 15:56:06.160 I/SensorsHub( 721): name
06-08 15:56:06.160 I/SensorsHub( 721): vendor Samsung Inc.
06-08 15:56:06.160 I/SensorsHub( 721): version 1
06-08 15:56:06.160 I/SensorsHub( 721): maxRage 1.000000
06-08 15:56:06.160 I/SensorsHub( 721): resolution 1.000000
06-08 15:56:06.160 I/SensorsHub( 721): Delay min 240000 Max 240000
06-08 15:56:06.160 I/SensorsHub( 721): fifo 0 0
06-08 15:56:06.160 I/SensorsHub( 721): wakeup 1 flags 1
06-08 15:56:06.160 I/SensorsHub( 721): FlipCoverDetector
06-08 15:56:06.160 I/AudioDump( 754): AudioDump: enter: version is 1.3
06-08 15:56:06.161 I/SensorsHub( 721): sensor_name Flip Cover Detector
mSensorInfo.name Flip Cover Detector
06-08 15:56:06.161 I/SensorsHub( 721): injection path /dev/shub_data_injection
06-08 15:56:06.161 I/SensorsHub( 721): index 18,
06-08 15:56:06.161 I/SensorsHub( 721): handle 43
06-08 15:56:06.161 I/SensorsHub( 721): name LSM6DSOTR
06-08 15:56:06.161 I/SensorsHub( 721): vendor STM
06-08 15:56:06.161 I/SensorsHub( 721): version 81469
06-08 15:56:06.161 I/SensorsHub( 721): maxRage 78.453201
06-08 15:56:06.161 I/SensorsHub( 721): resolution 0.002394
06-08 15:56:06.161 I/SensorsHub( 721): Delay min 2000 Max 160000
06-08 15:56:06.161 I/SensorsHub( 721): fifo 0 0
06-08 15:56:06.161 I/SensorsHub( 721): wakeup 0 flags 0
06-08 15:56:06.162 I/SensorsHub( 721): UncalAccSensor
06-08 15:56:06.162 I/HidlServiceManagement( 706): Registered
[email protected]::IDevicesFactory/default
06-08 15:56:06.162 I/SensorsHub( 721): sensor_name LSM6DSOTR Accelerometer
Uncalibrated mSensorInfo.name LSM6DSOTR Accelerometer Uncalibrated
06-08 15:56:06.162 I/SensorsHub( 721): injection path /dev/shub_data_injection
06-08 15:56:06.162 I/SensorsHub( 721): index 19, LSM6DSOTR
06-08 15:56:06.162 I/SensorsHub( 721): handle 52
06-08 15:56:06.162 I/SensorsHub( 721): name
06-08 15:56:06.162 I/SensorsHub( 721): vendor Samsung Inc.
06-08 15:56:06.162 I/SensorsHub( 721): version 16
06-08 15:56:06.162 I/SensorsHub( 721): maxRage 3.000000
06-08 15:56:06.162 I/SensorsHub( 721): resolution 1.000000
06-08 15:56:06.162 I/SensorsHub( 721): Delay min 0 Max 0
06-08 15:56:06.162 I/SensorsHub( 721): fifo 0 0
06-08 15:56:06.162 I/SensorsHub( 721): wakeup 1 flags 1
06-08 15:56:06.163 I/HidlServiceManagement( 706): Removing namespace from process
name android.hardware.audio.service to audio.service.
06-08 15:56:06.163 I/LegacySupport( 706): Registration complete for
[email protected]::IDevicesFactory/default.
06-08 15:56:06.164 I/HidlServiceManagement( 754): Registered
[email protected]::IAudioDump/default
06-08 15:56:06.164 I/HidlServiceManagement( 754): Removing namespace from process
name [email protected] to [email protected].
06-08 15:56:06.164 I/hwservicemanager( 477): getTransport: Cannot find entry
[email protected]::IEffectsFactory/default in either framework or
device VINTF manifest.
06-08 15:56:06.164 I/[email protected]( 754):
Default service is ready.
06-08 15:56:06.164 I/SensorsHub( 721): DeviceOrientation
06-08 15:56:06.165 I/SensorsHub( 721): sensor_name Device Orientataion Wake Up
mSensorInfo.name Device Orientataion Wake Up
06-08 15:56:06.165 I/SensorsHub( 721): injection path /dev/shub_data_injection
06-08 15:56:06.165 I/SensorsHub( 721): index 20,
06-08 15:56:06.165 I/SensorsHub( 721): handle 54
06-08 15:56:06.165 I/SensorsHub( 721): name
06-08 15:56:06.165 I/SensorsHub( 721): vendor Samsung Inc.
06-08 15:56:06.165 I/SensorsHub( 721): version 1
06-08 15:56:06.165 I/SensorsHub( 721): maxRage 1.000000
06-08 15:56:06.165 I/SensorsHub( 721): resolution 1.000000
06-08 15:56:06.165 I/SensorsHub( 721): Delay min -1 Max 0
06-08 15:56:06.165 I/SensorsHub( 721): fifo 0 0
06-08 15:56:06.165 I/SensorsHub( 721): wakeup 1 flags 1
06-08 15:56:06.165 E/LegacySupport( 706): Could not get passthrough implementation
for [email protected]::IEffectsFactory/default.
06-08 15:56:06.166 I/SensorsHub( 721): SarBackoffMotion
06-08 15:56:06.166 I/SensorsHub( 721): sensor_name SBM mSensorInfo.name SBM
06-08 15:56:06.166 I/SensorsHub( 721): injection path /dev/shub_data_injection
06-08 15:56:06.167 I/SensorsHub( 721): index 21,
06-08 15:56:06.168 I/SensorsHub( 721): SContextSensor
06-08 15:56:06.168 I/SensorsHub( 721): sensor_name Scontext mSensorInfo.name
Scontext
06-08 15:56:06.168 I/SensorsHub( 721): injection path /dev/shub_data_injection
06-08 15:56:06.168 I/SensorsHub( 721): SensorHubDataWriter::SensorHubDataWriter()
06-08 15:56:06.168 E/SensorsHub( 721): SensorHubDataWriter: open sensorhub device
failed(-1) No such file or directory
06-08 15:56:06.168 E/SensorsHub( 721): SensorHubDataWriter: open sensorhub device
success(30)
06-08 15:56:06.168 I/SensorsHub( 721): index 22, Scontext
06-08 15:56:06.169 D/libdpuhdr10p( 753): Loading HDR10 preset from no hdr10 preset
file
06-08 15:56:06.169 D/hwcomposer( 713): HWC module_api_version(2),
hal_api_version(0)
06-08 15:56:06.169 D/display ( 713): ExynosDevice : interface type(2)
06-08 15:56:06.169 I/display ( 713): otfMPP type(0, 1), physical_index(0),
logical_index(0)
06-08 15:56:06.170 I/display ( 713): otfMPP type(0, 1), physical_index(1),
logical_index(0)
06-08 15:56:06.170 I/display ( 713): DPP_G0 threadLoop is started
06-08 15:56:06.170 I/SensorsHub( 721): SensorHubSensor
06-08 15:56:06.170 I/display ( 713): otfMPP type(1, 2), physical_index(0),
logical_index(0)
06-08 15:56:06.170 I/SensorsHub( 721): sensor_name SensorHub mSensorInfo.name
SensorHub
06-08 15:56:06.170 I/SensorsHub( 721): injection path /dev/shub_data_injection
06-08 15:56:06.170 I/SensorsHub( 721): index 23, SensorHub
06-08 15:56:06.170 I/display ( 713): otfMPP type(1, 2), physical_index(1),
logical_index(0)
06-08 15:56:06.171 I/SensorsHub( 721): (AccSensor)SensorBase::isShownSensorList()
06-08 15:56:06.171 I/SensorsHub( 721): index 0, ishown 1
06-08 15:56:06.171 I/SensorsHub( 721): (AccSensor)SensorBase::isShownSensorList()
06-08 15:56:06.171 I/SensorsHub( 721):
(MagneticSensor)SensorBase::isShownSensorList()
06-08 15:56:06.171 I/SensorsHub( 721): index 1, ishown 1
06-08 15:56:06.171 I/SensorsHub( 721):
(MagneticSensor)SensorBase::isShownSensorList()
06-08 15:56:06.171 I/SensorsHub( 721): (GyroSensor)SensorBase::isShownSensorList()
06-08 15:56:06.171 I/SensorsHub( 721): index 2, ishown 1
06-08 15:56:06.171 I/SensorsHub( 721): (GyroSensor)SensorBase::isShownSensorList()
06-08 15:56:06.171 I/SensorsHub( 721):
(LightSensor)SensorBase::isShownSensorList()
06-08 15:56:06.171 I/SensorsHub( 721): index 3, ishown 1
06-08 15:56:06.171 I/SensorsHub( 721):
(LightSensor)SensorBase::isShownSensorList()
06-08 15:56:06.171 I/SensorsHub( 721):
(UncalMagneticSensor)SensorBase::isShownSensorList()
06-08 15:56:06.171 I/SensorsHub( 721): index 4, ishown 1
06-08 15:56:06.171 I/SensorsHub( 721):
(UncalMagneticSensor)SensorBase::isShownSensorList()
06-08 15:56:06.171 I/SensorsHub( 721):
(UncalGyroSensor)SensorBase::isShownSensorList()
06-08 15:56:06.171 I/SensorsHub( 721): index 5, ishown 1
06-08 15:56:06.171 I/SensorsHub( 721):
(UncalGyroSensor)SensorBase::isShownSensorList()
06-08 15:56:06.171 I/display ( 713): otfMPP type(2, 4), physical_index(0),
logical_index(0)
06-08 15:56:06.171 I/SensorsHub( 721):
(SigMotionSensor)SensorBase::isShownSensorList()
06-08 15:56:06.171 I/SensorsHub( 721): index 6, ishown 1
06-08 15:56:06.171 I/SensorsHub( 721):
(SigMotionSensor)SensorBase::isShownSensorList()
06-08 15:56:06.171 I/display ( 713): DPP_GF1 threadLoop is started
06-08 15:56:06.171 I/SensorsHub( 721):
(StepDetectorSensor)SensorBase::isShownSensorList()
06-08 15:56:06.171 I/SensorsHub( 721): index 7, ishown 1
06-08 15:56:06.171 I/SensorsHub( 721):
(StepDetectorSensor)SensorBase::isShownSensorList()
06-08 15:56:06.171 I/SensorsHub( 721):
(StepCounterSensor)SensorBase::isShownSensorList()
06-08 15:56:06.171 I/SensorsHub( 721): index 8, ishown 1
06-08 15:56:06.171 I/SensorsHub( 721):
(StepCounterSensor)SensorBase::isShownSensorList()
06-08 15:56:06.171 I/display ( 713): DPP_G1 threadLoop is started
06-08 15:56:06.171 I/SensorsHub( 721):
(TiltDetector)SensorBase::isShownSensorList()
06-08 15:56:06.171 I/SensorsHub( 721): index 9, ishown 1
06-08 15:56:06.171 I/SensorsHub( 721):
(TiltDetector)SensorBase::isShownSensorList()
06-08 15:56:06.171 I/SensorsHub( 721):
(PickupGesture)SensorBase::isShownSensorList()
06-08 15:56:06.171 I/SensorsHub( 721): index 10, ishown 1
06-08 15:56:06.171 I/SensorsHub( 721):
(PickupGesture)SensorBase::isShownSensorList()
06-08 15:56:06.171 I/display ( 713): otfMPP type(3, 8), physical_index(0),
logical_index(0)
06-08 15:56:06.171 I/SensorsHub( 721):
(DeviceOrientation)SensorBase::isShownSensorList()
06-08 15:56:06.171 I/SensorsHub( 721): index 11, ishown 1
06-08 15:56:06.171 I/SensorsHub( 721):
(DeviceOrientation)SensorBase::isShownSensorList()
06-08 15:56:06.171 I/SensorsHub( 721):
(IntGyroSensor)SensorBase::isShownSensorList()
06-08 15:56:06.171 I/SensorsHub( 721): index 12, ishown 1
06-08 15:56:06.171 I/SensorsHub( 721):
(IntGyroSensor)SensorBase::isShownSensorList()
06-08 15:56:06.171 I/SensorsHub( 721):
(LightCCT_Sensor)SensorBase::isShownSensorList()
06-08 15:56:06.171 I/SensorsHub( 721): index 13, ishown 1
06-08 15:56:06.171 I/SensorsHub( 721):
(LightCCT_Sensor)SensorBase::isShownSensorList()
06-08 15:56:06.171 I/SensorsHub( 721):
(CallGesture)SensorBase::isShownSensorList()
06-08 15:56:06.171 I/SensorsHub( 721): index 14, ishown 1
06-08 15:56:06.171 I/SensorsHub( 721):
(CallGesture)SensorBase::isShownSensorList()
06-08 15:56:06.171 I/SensorsHub( 721):
(WakeUpMotion)SensorBase::isShownSensorList()
06-08 15:56:06.171 I/SensorsHub( 721): index 15, ishown 1
06-08 15:56:06.171 I/SensorsHub( 721):
(WakeUpMotion)SensorBase::isShownSensorList()
06-08 15:56:06.171 I/SensorsHub( 721):
(AutoBrightnessSensor)SensorBase::isShownSensorList()
06-08 15:56:06.171 I/SensorsHub( 721): index 16, ishown 1
06-08 15:56:06.171 I/SensorsHub( 721):
(AutoBrightnessSensor)SensorBase::isShownSensorList()
06-08 15:56:06.171 I/SensorsHub( 721):
(VdisGyroSensor)SensorBase::isShownSensorList()
06-08 15:56:06.171 I/SensorsHub( 721): index 17, ishown 1
06-08 15:56:06.171 I/SensorsHub( 721):
(VdisGyroSensor)SensorBase::isShownSensorList()
06-08 15:56:06.171 I/display ( 713): otfMPP type(5, 32), physical_index(0),
logical_index(0)
06-08 15:56:06.171 I/SensorsHub( 721): index 18, ishown 1
06-08 15:56:06.171 I/display ( 713): otfMPP type(6, 64), physical_index(0),
logical_index(0)
06-08 15:56:06.171 I/SensorsHub( 721):
(UncalAccSensor)SensorBase::isShownSensorList()
06-08 15:56:06.171 I/SensorsHub( 721): index 19, ishown 1
06-08 15:56:06.172 I/SensorsHub( 721):
(UncalAccSensor)SensorBase::isShownSensorList()
06-08 15:56:06.172 I/SensorsHub( 721):
(DeviceOrientation)SensorBase::isShownSensorList()
06-08 15:56:06.172 I/SensorsHub( 721): index 20, ishown 1
06-08 15:56:06.172 I/SensorsHub( 721):
(DeviceOrientation)SensorBase::isShownSensorList()
06-08 15:56:06.172 I/SensorsHub( 721):
(SarBackoffMotion)SensorBase::isShownSensorList()
06-08 15:56:06.172 I/SensorsHub( 721): index 21, ishown 1
06-08 15:56:06.172 I/display ( 713): DPP_VGFS0 threadLoop is started
06-08 15:56:06.172 I/SensorsHub( 721):
(SarBackoffMotion)SensorBase::isShownSensorList()
06-08 15:56:06.172 I/SensorsHub( 721):
(SContextSensor)SensorBase::isShownSensorList()
06-08 15:56:06.172 I/SensorsHub( 721): index 22, ishown 1
06-08 15:56:06.172 I/SensorsHub( 721):
(SContextSensor)SensorBase::isShownSensorList()
06-08 15:56:06.172 I/SensorsHub( 721): index 23, ishown 0
06-08 15:56:06.172 I/display ( 713): m2mMPP type(20, 256), physical_index(0),
logical_index(0)
06-08 15:56:06.172 I/display ( 713): [MSC0_PRI][0] mAcrylicHandle is created:
0xb4000074b34cded0
06-08 15:56:06.172 I/display ( 713): m2mMPP type(20, 512), physical_index(0),
logical_index(1)
06-08 15:56:06.172 I/display ( 713): DPP_VGRFS0 threadLoop is started
06-08 15:56:06.172 I/SensorsHub( 721): threadLoop: starting
06-08 15:56:06.173 I/display ( 713): [MSC0_VIR][1] mAcrylicHandle is created:
0xb4000074b34cc090
06-08 15:56:06.173 I/SensorsHub( 721): SensorHubSensor::ready: send FM READY
06-08 15:56:06.173 I/SensorsHub( 721): SensorHubSensor::fileManager: READ
06-08 15:56:06.173 I/display ( 713): mOtfMPPs(8), mM2mMPPs(2)
06-08 15:56:06.173 I/SensorsHub( 721): SensorHubSensor::fileManager:
/efs/FactoryApp/calibration_data open failed(-2) No such file or directory
06-08 15:56:06.173 I/SensorsHub( 721): SensorHubSensor::fileManager: result -2,
sendLen 5
06-08 15:56:06.173 I/display ( 713): MSC0_VIR threadLoop is started
06-08 15:56:06.174 I/SensorsHub( 721): SensorHubSensor::fileManager: READ
06-08 15:56:06.175 I/SensorsHub( 721): SensorHubSensor::fileManager: result 13,
sendLen 18
06-08 15:56:06.175 I/SensorsHub( 721): SensorHubSensor::fileManager: READ
06-08 15:56:06.176 I/display ( 713): Initial errlog size: 64 bytes
06-08 15:56:06.176 D/hwc-resource-manager( 713): Init /dev/dri/card0 trying..
06-08 15:56:06.176 I/SensorsHub( 721): SensorHubSensor::fileManager: result 6,
sendLen 11
06-08 15:56:06.176 I/servicemanager( 476): Adding 'u:r:gpuservice:s0' service
(gpu:760)
06-08 15:56:06.176 I/SensorsInputVirtual( 721): create HoverProximity
06-08 15:56:06.177 I/hwc-drm-crtc( 713): Failed to get cgc_lut property
06-08 15:56:06.177 I/hwc-drm-crtc( 713): Failed to get &degamma_lut property
06-08 15:56:06.177 I/hwc-drm-crtc( 713): Failed to get &degamma_lut_size property
06-08 15:56:06.177 I/hwc-drm-crtc( 713): Failed to get &gamma_lut property
06-08 15:56:06.177 I/hwc-drm-crtc( 713): Failed to get &gamma_lut_size property
06-08 15:56:06.177 I/hwc-drm-crtc( 713): Failed to get &linear_matrix property
06-08 15:56:06.177 I/hwc-drm-crtc( 713): Failed to get &gamma_matrix property
06-08 15:56:06.178 I/hwc-drm-crtc( 713): Failed to get &force_bpc_property_
06-08 15:56:06.178 I/hwc-drm-crtc( 713): Failed to get &disp_dither property
06-08 15:56:06.178 I/hwc-drm-crtc( 713): Failed to get &cgc_dither property
06-08 15:56:06.178 I/SensorsInputVirtual( 721):
HoverProximity::HoverProximitySensor enable path 1
06-08 15:56:06.178 I/SensorsInputVirtual( 721): create TouchPocket
06-08 15:56:06.179 I/hwc-drm-crtc( 713): Failed to get &partial_region_property
06-08 15:56:06.179 I/hwc-drm-crtc( 713): Failed to get cgc_lut property
06-08 15:56:06.179 I/hwc-drm-crtc( 713): Failed to get &degamma_lut property
06-08 15:56:06.179 I/hwc-drm-crtc( 713): Failed to get &degamma_lut_size property
06-08 15:56:06.179 I/hwc-drm-crtc( 713): Failed to get &gamma_lut property
06-08 15:56:06.179 I/hwc-drm-crtc( 713): Failed to get &gamma_lut_size property
06-08 15:56:06.179 I/hwc-drm-crtc( 713): Failed to get &linear_matrix property
06-08 15:56:06.179 I/hwc-drm-crtc( 713): Failed to get &gamma_matrix property
06-08 15:56:06.179 I/hwc-drm-crtc( 713): Failed to get &force_bpc_property_
06-08 15:56:06.179 I/hwc-drm-crtc( 713): Failed to get &disp_dither property
06-08 15:56:06.179 I/hwc-drm-crtc( 713): Failed to get &cgc_dither property
06-08 15:56:06.179 I/hwc-drm-crtc( 713): Failed to get &adjusted_vblank property
06-08 15:56:06.179 I/hwc-drm-crtc( 713): Failed to get &operation_mode_property
06-08 15:56:06.179 I/hwc-drm-crtc( 713): Failed to get &dsr_status_property
06-08 15:56:06.179 I/SensorsInputVirtual( 721): create HallICSensor
06-08 15:56:06.179 I/hwc-drm-crtc( 713): Failed to get &color_mode_property
06-08 15:56:06.179 I/hwc-drm-crtc( 713): Failed to get &dqe_fd_property
06-08 15:56:06.179 I/hwc-drm-crtc( 713): Failed to get &render_intent_property
06-08 15:56:06.179 I/hwc-drm-crtc( 713): Failed to get &modeset_only_property
06-08 15:56:06.179 I/hwc-drm-crtc( 713): Failed to get &bts_fps_property
06-08 15:56:06.180 W/hwc-drm-connector( 713): Could not get EDID property
06-08 15:56:06.180 E/hwc-drm-connector( 713): Could not get
WRITEBACK_USE_REPEATER_BUFFER property
06-08 15:56:06.180 E/hwc-drm-connector( 713): Could not get max_luminance property
06-08 15:56:06.181 E/hwc-drm-connector( 713): Could not get max_avg_luminance
property
06-08 15:56:06.181 E/hwc-drm-connector( 713): Could not get min_luminance property
06-08 15:56:06.181 E/hwc-drm-connector( 713): Could not get hdr_formats property
06-08 15:56:06.181 E/hwc-drm-connector( 713): Could not get adjusted_fps property
06-08 15:56:06.181 E/hwc-drm-connector( 713): Could not get hdr_output_meta
property
06-08 15:56:06.181 E/hwc-drm-connector( 713): Could not get lp_mode property
06-08 15:56:06.181 E/hwc-drm-connector( 713): Could not get hdr_sink_connected
property
06-08 15:56:06.181 E/hwc-drm-connector( 713): Could not get fingerprint_mask
property
06-08 15:56:06.182 E/hwc-drm-connector( 713): Could not get hdr_output_meta
property
06-08 15:56:06.182 E/hwc-drm-connector( 713): Could not get hdr_sink_connected
property
06-08 15:56:06.182 I/hwc-drm-connector( 713): get fingerprint_mask property
06-08 15:56:06.183 E/hwc-drm-plane( 713): get IN_FORMATS property
06-08 15:56:06.184 I/hwc-drm-plane( 713): Could not get virtual8k_split property
06-08 15:56:06.184 I/hwc-drm-plane( 713): Could not get eotf_lut property
06-08 15:56:06.184 I/hwc-drm-plane( 713): Could not get oetf_lut property
06-08 15:56:06.185 I/hwc-drm-plane( 713): Could not get gammut_matrix property
06-08 15:56:06.185 I/hwc-drm-plane( 713): Could not get tone_mapping property
06-08 15:56:06.185 E/SensorsInputVirtual( 721): couldn't find
'samsung_mobile_device:hall_ic' input device
06-08 15:56:06.186 E/hwc-drm-plane( 713): get IN_FORMATS property
06-08 15:56:06.187 I/hwc-drm-plane( 713): Could not get eotf_lut property
06-08 15:56:06.187 I/hwc-drm-plane( 713): Could not get oetf_lut property
06-08 15:56:06.187 I/hwc-drm-plane( 713): Could not get gammut_matrix property
06-08 15:56:06.187 I/hwc-drm-plane( 713): Could not get tone_mapping property
06-08 15:56:06.188 E/hwc-drm-plane( 713): get IN_FORMATS property
06-08 15:56:06.190 I/hwc-drm-plane( 713): Could not get virtual8k_split property
06-08 15:56:06.190 I/hwc-drm-plane( 713): Could not get eotf_lut property
06-08 15:56:06.190 I/hwc-drm-plane( 713): Could not get oetf_lut property
06-08 15:56:06.190 I/hwc-drm-plane( 713): Could not get gammut_matrix property
06-08 15:56:06.190 D/[email protected]
service( 753): ExynosHWC HIDL start
06-08 15:56:06.190 I/hwc-drm-plane( 713): Could not get tone_mapping property
06-08 15:56:06.191 E/hwc-drm-plane( 713): get IN_FORMATS property
06-08 15:56:06.192 I/SensorsInputVirtual( 721): makeSensorList size 3
06-08 15:56:06.192 I/hwc-drm-plane( 713): Could not get eotf_lut property
06-08 15:56:06.193 I/hwc-drm-plane( 713): Could not get oetf_lut property
06-08 15:56:06.193 I/hwc-drm-plane( 713): Could not get gammut_matrix property
06-08 15:56:06.193 I/hwc-drm-plane( 713): Could not get tone_mapping property
06-08 15:56:06.194 E/hwc-drm-plane( 713): get IN_FORMATS property
06-08 15:56:06.194 E/[email protected]
service( 753): Can not get ExynosHWCService
06-08 15:56:06.195 I/hwc-drm-plane( 713): Could not get virtual8k_split property
06-08 15:56:06.195 I/hwc-drm-plane( 713): Could not get eotf_lut property
06-08 15:56:06.195 I/hwc-drm-plane( 713): Could not get oetf_lut property
06-08 15:56:06.195 I/hwc-drm-plane( 713): Could not get gammut_matrix property
06-08 15:56:06.196 I/hwc-drm-plane( 713): Could not get tone_mapping property
06-08 15:56:06.196 D/SensorsGrip( 721): SensorBase:SensorBase: chip path:
/sys/class/sensors/grip_sensor/name
06-08 15:56:06.196 E/hwc-drm-plane( 713): get IN_FORMATS property
06-08 15:56:06.197 D/SensorsGrip( 721): SensorBase:SensorBase: chip name: SX9380
06-08 15:56:06.197 I/SensorsGrip( 721): [grip_sensor] GripSensor: GripSensor:
generated
06-08 15:56:06.197 E/SensorsGrip( 721): SensorBase:openLink: open failed, path
/sys/class/sensor_event/symlink/grip_notifier -2(No such file or directory)
06-08 15:56:06.197 D/SensorsGrip( 721): SensorBase:SensorBase: chip path:
/sys/class/sensors/grip_notifier/name
06-08 15:56:06.197 E/SensorsGrip( 721): SensorBase:SensorBase: open failed,
path /sys/class/sensors/grip_notifier/name -2(No such file or directory)
06-08 15:56:06.198 I/SensorsGrip( 721): [grip_notifier] addSensorList:
GripNotifierSensor::addsensorlist
06-08 15:56:06.198 I/hwc-drm-plane( 713): Could not get eotf_lut property
06-08 15:56:06.198 I/hwc-drm-plane( 713): Could not get oetf_lut property
06-08 15:56:06.198 E/Sensors ( 721): Get sensor list: 2
06-08 15:56:06.198 I/Sensors ( 721): set wakeup flag: 0,SX9380 Grip Sensor
06-08 15:56:06.198 I/Sensors ( 721): set wakeup flag: 1,Grip Notifier Sensor
06-08 15:56:06.198 I/hwc-drm-plane( 713): Could not get gammut_matrix property
06-08 15:56:06.198 I/hwc-drm-plane( 713): Could not get tone_mapping property
06-08 15:56:06.199 E/hwc-drm-plane( 713): get IN_FORMATS property
06-08 15:56:06.200 I/hwc-drm-plane( 713): Could not get virtual8k_split property
06-08 15:56:06.200 I/hwc-drm-plane( 713): Could not get eotf_lut property
06-08 15:56:06.201 I/hwc-drm-plane( 713): Could not get oetf_lut property
06-08 15:56:06.201 I/hwc-drm-plane( 713): Could not get gammut_matrix property
06-08 15:56:06.201 I/hwc-drm-plane( 713): Could not get tone_mapping property
06-08 15:56:06.201 I/HidlServiceManagement( 753): Registered
[email protected]::IExynosHWCServiceTW/default
06-08 15:56:06.202 I/HidlServiceManagement( 753): Removing namespace from process
name [email protected] to
[email protected].
06-08 15:56:06.202 E/hwc-drm-plane( 713): get IN_FORMATS property
06-08 15:56:06.203 I/hwc-drm-plane( 713): Could not get eotf_lut property
06-08 15:56:06.203 I/SehThermal-HAL( 748): btcon disable :
06-08 15:56:06.203 I/hwc-drm-plane( 713): Could not get oetf_lut property
06-08 15:56:06.204 I/hwc-drm-plane( 713): Could not get gammut_matrix property
06-08 15:56:06.204 I/SensorsGrip( 721): SensorBase:startThread: start
06-08 15:56:06.204 I/hwc-drm-plane( 713): Could not get tone_mapping property
06-08 15:56:06.204 I/SensorsGrip( 721): meta_event.0 always run!
06-08 15:56:06.204 D/hwc-resource-manager( 713): Init /dev/dri/card1 trying..
06-08 15:56:06.204 E/hwc-drm-device( 713): Failed to open dri /dev/dri/card1: No
such file or directory
06-08 15:56:06.205 I/display ( 713): initDrmDevice:: drmDisplayId(0), type(0)
06-08 15:56:06.205 E/hwc-drm-device( 713): Display 0 cannot has writeback
connector
06-08 15:56:06.205 I/display ( 713): writeback is not supported
06-08 15:56:06.205 D/display ( 713): lp mode count : 1, length 68
06-08 15:56:06.205 D/display ( 713): Doze mode id(1): width :1080, height : 2400,
vsync : 30.000000
06-08 15:56:06.205 D/display ( 713): Init blend enums
06-08 15:56:06.205 D/display ( 713): blend [hal: 3, drm: 1]
06-08 15:56:06.205 D/display ( 713): blend [hal: 2, drm: 0]
06-08 15:56:06.205 D/display ( 713): blend [hal: 1, drm: 2]
06-08 15:56:06.205 D/display ( 713): Init standard enums
06-08 15:56:06.205 D/display ( 713): standard [hal: 11, drm: 11]
06-08 15:56:06.205 D/display ( 713): standard [hal: 10, drm: 10]
06-08 15:56:06.205 D/display ( 713): standard [hal: 9, drm: 9]
06-08 15:56:06.205 D/display ( 713): standard [hal: 8, drm: 8]
06-08 15:56:06.205 D/display ( 713): standard [hal: 7, drm: 7]
06-08 15:56:06.206 D/display ( 713): standard [hal: 6, drm: 6]
06-08 15:56:06.206 D/display ( 713): standard [hal: 5, drm: 5]
06-08 15:56:06.206 D/display ( 713): standard [hal: 4, drm: 4]
06-08 15:56:06.206 D/display ( 713): standard [hal: 3, drm: 3]
06-08 15:56:06.206 D/display ( 713): standard [hal: 2, drm: 2]
06-08 15:56:06.206 D/display ( 713): standard [hal: 1, drm: 1]
06-08 15:56:06.206 D/display ( 713): standard [hal: 0, drm: 0]
06-08 15:56:06.206 D/display ( 713): Init transfer enums
06-08 15:56:06.206 D/display ( 713): transfer [hal: 8, drm: 8]
06-08 15:56:06.206 D/display ( 713): transfer [hal: 7, drm: 7]
06-08 15:56:06.206 D/display ( 713): transfer [hal: 6, drm: 6]
06-08 15:56:06.206 D/display ( 713): transfer [hal: 5, drm: 5]
06-08 15:56:06.206 D/display ( 713): transfer [hal: 4, drm: 4]
06-08 15:56:06.206 D/display ( 713): transfer [hal: 3, drm: 3]
06-08 15:56:06.206 D/display ( 713): transfer [hal: 2, drm: 2]
06-08 15:56:06.206 D/display ( 713): transfer [hal: 1, drm: 1]
06-08 15:56:06.206 D/display ( 713): transfer [hal: 0, drm: 0]
06-08 15:56:06.206 D/display ( 713): Init range enums
06-08 15:56:06.206 D/display ( 713): range [hal: 3, drm: 3]
06-08 15:56:06.206 D/display ( 713): range [hal: 2, drm: 2]
06-08 15:56:06.206 D/display ( 713): range [hal: 1, drm: 1]
06-08 15:56:06.206 D/display ( 713): range [hal: 0, drm: 0]
06-08 15:56:06.206 D/display ( 713): Init virtual 8k enums
06-08 15:56:06.206 E/display ( 713): Fail to find enum value with name No Split
06-08 15:56:06.206 E/display ( 713): Fail to find enum value with name Split Left
06-08 15:56:06.206 E/display ( 713): Fail to find enum value with name Split Right
06-08 15:56:06.206 E/display ( 713): Fail to find enum value with name Split Top
06-08 15:56:06.206 E/display ( 713): Fail to find enum value with name Split
Bottom
06-08 15:56:06.206 D/display ( 713): PrimaryDisplay display config[0]
1080x2400@120hs:: id(2), clock(313113), flags(0), type(72), hfr(1)
06-08 15:56:06.206 D/display ( 713): h_display(1080), h_sync_start(1080),
h_sync_end(1080), h_total(1080), h_skew(0)
06-08 15:56:06.206 D/display ( 713): v_display(2400), v_sync_start(2400),
v_sync_end(2400), v_total(2416), v_scan(0), v_refresh(120.000000)
06-08 15:56:06.206 D/display ( 713): PrimaryDisplay display config[1]
1080x2400@60hs:: id(3), clock(313113), flags(0), type(64), hfr(1)
06-08 15:56:06.206 D/display ( 713): h_display(1080), h_sync_start(1080),
h_sync_end(1080), h_total(1080), h_skew(0)
06-08 15:56:06.206 D/display ( 713): v_display(2400), v_sync_start(2400),
v_sync_end(2400), v_total(4832), v_scan(0), v_refresh(60.000000)
06-08 15:56:06.206 D/display ( 713): config group(0), w(1080), h(2400),
vsync(8333333), xdpi(409432), ydpi(406400)
06-08 15:56:06.206 D/display ( 713): config group(0), w(1080), h(2400),
vsync(16666667), xdpi(409432), ydpi(406400)
06-08 15:56:06.206 I/display ( 713): Preferred mode id: 2
06-08 15:56:06.206 D/display ( 713): setActiveConfig:: PrimaryDisplay config(2)
06-08 15:56:06.206 I/display ( 713): Current VRR MODE is 0
06-08 15:56:06.206 I/display ( 713): setActiveConfig:: HFR match - config: 2,
base: 2, try: 2
06-08 15:56:06.206 I/display ( 713): setActiveConfig::update 1080x2400@120hs
06-08 15:56:06.207 D/display ( 713): setActiveDrmMode, commit 0 -> 2
06-08 15:56:06.208 I/SensorsGrip( 721): SensorBase:startThread: start
06-08 15:56:06.208 I/SensorsGrip( 721): run grip_sensor.1
06-08 15:56:06.208 I/display ( 713): setActiveConfig:: PrimaryDisplay config(2)
06-08 15:56:06.208 D/display ( 713): Init color mode enums
06-08 15:56:06.208 D/display ( 713): Colormode [hal: 7, drm: 7]
06-08 15:56:06.208 D/display ( 713): Colormode [hal: 6, drm: 6]
06-08 15:56:06.208 D/display ( 713): Colormode [hal: 0, drm: 0]
06-08 15:56:06.208 D/display ( 713): Init Panel Type enums
06-08 15:56:06.208 D/display ( 713): PanelType [hal: 1, drm: 1]
06-08 15:56:06.208 D/display ( 713): PanelType [hal: 0, drm: 0]
06-08 15:56:06.208 D/display ( 713): PrimaryDisplay: panel type property enum ID 1
06-08 15:56:06.208 I/display ( 713): initDrmDevice:: drmDisplayId(1), type(2)
06-08 15:56:06.208 D/display ( 713): supported writeback format[0] AB24, 1
06-08 15:56:06.208 D/display ( 713): supported writeback format[1] NV12, 261
06-08 15:56:06.208 E/display ( 713): Fail to get blob id for lp mode
06-08 15:56:06.208 E/display ( 713): Fail to get blob for lp mode(0)
06-08 15:56:06.208 D/display ( 713): Init blend enums
06-08 15:56:06.208 D/display ( 713): blend [hal: 3, drm: 1]
06-08 15:56:06.208 D/display ( 713): blend [hal: 2, drm: 0]
06-08 15:56:06.208 D/display ( 713): blend [hal: 1, drm: 2]
06-08 15:56:06.208 D/display ( 713): Init standard enums
06-08 15:56:06.208 D/display ( 713): standard [hal: 11, drm: 11]
06-08 15:56:06.208 D/display ( 713): standard [hal: 10, drm: 10]
06-08 15:56:06.208 D/display ( 713): standard [hal: 9, drm: 9]
06-08 15:56:06.208 D/display ( 713): standard [hal: 8, drm: 8]
06-08 15:56:06.208 D/display ( 713): standard [hal: 7, drm: 7]
06-08 15:56:06.208 D/display ( 713): standard [hal: 6, drm: 6]
06-08 15:56:06.208 D/display ( 713): standard [hal: 5, drm: 5]
06-08 15:56:06.208 D/display ( 713): standard [hal: 4, drm: 4]
06-08 15:56:06.208 D/display ( 713): standard [hal: 3, drm: 3]
06-08 15:56:06.208 D/display ( 713): standard [hal: 2, drm: 2]
06-08 15:56:06.208 D/display ( 713): standard [hal: 1, drm: 1]
06-08 15:56:06.208 D/display ( 713): standard [hal: 0, drm: 0]
06-08 15:56:06.208 D/display ( 713): Init transfer enums
06-08 15:56:06.208 D/display ( 713): transfer [hal: 8, drm: 8]
06-08 15:56:06.209 D/display ( 713): transfer [hal: 7, drm: 7]
06-08 15:56:06.209 D/display ( 713): transfer [hal: 6, drm: 6]
06-08 15:56:06.209 D/display ( 713): transfer [hal: 5, drm: 5]
06-08 15:56:06.209 D/display ( 713): transfer [hal: 4, drm: 4]
06-08 15:56:06.209 D/display ( 713): transfer [hal: 3, drm: 3]
06-08 15:56:06.209 D/display ( 713): transfer [hal: 2, drm: 2]
06-08 15:56:06.209 D/display ( 713): transfer [hal: 1, drm: 1]
06-08 15:56:06.209 D/display ( 713): transfer [hal: 0, drm: 0]
06-08 15:56:06.209 D/display ( 713): Init range enums
06-08 15:56:06.209 D/display ( 713): range [hal: 3, drm: 3]
06-08 15:56:06.209 D/display ( 713): range [hal: 2, drm: 2]
06-08 15:56:06.209 D/display ( 713): range [hal: 1, drm: 1]
06-08 15:56:06.209 D/display ( 713): range [hal: 0, drm: 0]
06-08 15:56:06.209 D/display ( 713): Init virtual 8k enums
06-08 15:56:06.209 E/display ( 713): Fail to find enum value with name No Split
06-08 15:56:06.209 E/display ( 713): Fail to find enum value with name Split Left
06-08 15:56:06.209 E/display ( 713): Fail to find enum value with name Split Right
06-08 15:56:06.209 E/display ( 713): Fail to find enum value with name Split Top
06-08 15:56:06.209 E/display ( 713): Fail to find enum value with name Split
Bottom
06-08 15:56:06.209 D/display ( 713): Init color mode enums
06-08 15:56:06.209 E/display ( 713): Fail to find enum value with name Native
06-08 15:56:06.209 E/display ( 713): Fail to find enum value with name DCI-P3
06-08 15:56:06.209 E/display ( 713): Fail to find enum value with name SRGB
06-08 15:56:06.209 D/display ( 713): Init Panel Type enums
06-08 15:56:06.209 E/display ( 713): Fail to find enum value with name video_mode
06-08 15:56:06.209 E/display ( 713): Fail to find enum value with name
command_mode
06-08 15:56:06.209 D/display ( 713): VirtualDisplay: panel type property is not
supported
06-08 15:56:06.209 I/HidlServiceManagement( 721): Registered
[email protected]::ISensors/default
06-08 15:56:06.209 I/SensorsGrip( 721): SensorBase:startThread: start
06-08 15:56:06.209 I/SensorsGrip( 721): run grip_notifier.1
06-08 15:56:06.209 I/HidlServiceManagement( 721): Removing namespace from process
name [email protected] to [email protected].
06-08 15:56:06.210 D/display ( 713): PrimaryDisplay display config[0]
1080x2400@120hs:: id(2), clock(313113), flags(0), type(72), hfr(1)
06-08 15:56:06.210 D/display ( 713): h_display(1080), h_sync_start(1080),
h_sync_end(1080), h_total(1080), h_skew(0)
06-08 15:56:06.210 D/display ( 713): v_display(2400), v_sync_start(2400),
v_sync_end(2400), v_total(2416), v_scan(0), v_refresh(120.000000)
06-08 15:56:06.210 D/display ( 713): PrimaryDisplay display config[1]
1080x2400@60hs:: id(3), clock(313113), flags(0), type(64), hfr(1)
06-08 15:56:06.210 D/display ( 713): h_display(1080), h_sync_start(1080),
h_sync_end(1080), h_total(1080), h_skew(0)
06-08 15:56:06.210 D/display ( 713): v_display(2400), v_sync_start(2400),
v_sync_end(2400), v_total(4832), v_scan(0), v_refresh(60.000000)
06-08 15:56:06.210 D/display ( 713): config group(0), w(1080), h(2400),
vsync(8333333), xdpi(409432), ydpi(406400)
06-08 15:56:06.210 D/display ( 713): config group(0), w(1080), h(2400),
vsync(16666667), xdpi(409432), ydpi(406400)
06-08 15:56:06.210 I/display ( 713): Current VRR MODE is 0
06-08 15:56:06.210 I/display ( 713): PrimaryDisplay: supported hdr types : 2
06-08 15:56:06.210 I/display ( 713): PrimaryDisplay: supported hdr types : 3
06-08 15:56:06.210 I/display ( 713): get hdrCapabilities info
max_luminance(4500000), max_avg_luminance(1200000), min_luminance(5),
hdr_formats(0xc)
06-08 15:56:06.210 I/display ( 713): hdrTypeNum(2), maxLuminance(450.000000),
maxAverageLuminance(120.000000), minLuminance(0.000500)
06-08 15:56:06.210 I/display ( 713): getHdrCapabilities: hdrTypeNum(2),
maxLuminance(450.000000), maxAverageLuminance(120.000000), minLuminance(0.000500)
06-08 15:56:06.211 D/libhdrinterface( 713): docname_t :
/vendor/etc/dqe/HDR_coef_data_s6e3fc3_a53x.xml
06-08 15:56:06.211 D/libhdrinterface( 713): OS VERSION : 12
06-08 15:56:06.212 I/display ( 713): DPP_GF0 threadLoop is started
06-08 15:56:06.212 I/display ( 713): DPP_VG0 threadLoop is started
06-08 15:56:06.212 I/display ( 713): DPP_VGS0 threadLoop is started
06-08 15:56:06.212 I/display ( 713): MSC0_PRI threadLoop is started
06-08 15:56:06.216 I/HidlServiceManagement( 748): Registered
[email protected]::ISehThermal/default
06-08 15:56:06.217 I/HidlServiceManagement( 748): Removing namespace from process
name [email protected] to [email protected].
06-08 15:56:06.217 I/[email protected]( 748): Thermal
Service started successfully.
06-08 15:56:06.221 D/libhdrinterface( 713): no default document or can not parse
document(/vendor/etc/dqe/HDR_coef_data_default_HDR.xml)
06-08 15:56:06.221 E/libhdrinterface( 713): no document or can not parse
document(/vendor/etc/dqe/HDR_coef_data_s6e3fc3_a53x_HDR.xml)
06-08 15:56:06.221 D/[email protected]( 713): target
name(s6e3fc3_a53x.xml) confirmed
06-08 15:56:06.221 D/[email protected]( 713): no
document or can not parse the
document(/vendor/etc/dqe/calib_data_colormode0_s6e3fc3_a53x.xml)
06-08 15:56:06.227 D/[email protected]( 713):
DisplayColorImplementation init completed
06-08 15:56:06.228 I/display ( 713): window configs size(8)
06-08 15:56:06.228 I/display ( 713): window configs size(8)
06-08 15:56:06.228 D/libhdrinterface( 713): docname_t :
/vendor/etc/dqe/HDR_coef_data_s6e3fc3_a53x.xml
06-08 15:56:06.228 D/libhdrinterface( 713): OS VERSION : 12
06-08 15:56:06.229 D/libhdrinterface( 713): no default document or can not parse
document(/vendor/etc/dqe/HDR_coef_data_default_HDR.xml)
06-08 15:56:06.229 E/libhdrinterface( 713): no document or can not parse
document(/vendor/etc/dqe/HDR_coef_data_s6e3fc3_a53x_HDR.xml)
06-08 15:56:06.229 D/display ( 713): version 1, count_formats : 14,
format_offset : 18, count_modifiers : 2, modifiers offset : 50
06-08 15:56:06.229 D/display ( 713): prop modifier : drm format[3](BA24)
06-08 15:56:06.229 D/display ( 713): ch : 0, prop : modifiers[0] : formats[8],
offset[0], pad[0], modifier[400000000000004]
06-08 15:56:06.229 D/display ( 713): prop modifier : drm format[0](AR24)
06-08 15:56:06.229 D/display ( 713): prop modifier : drm format[1](AB24)
06-08 15:56:06.229 D/display ( 713): prop modifier : drm format[2](RA24)
06-08 15:56:06.229 D/display ( 713): prop modifier : drm format[3](BA24)
06-08 15:56:06.229 D/display ( 713): prop modifier : drm format[4](XR24)
06-08 15:56:06.229 D/display ( 713): prop modifier : drm format[5](XB24)
06-08 15:56:06.229 D/display ( 713): prop modifier : drm format[6](RX24)
06-08 15:56:06.229 D/display ( 713): prop modifier : drm format[7](BX24)
06-08 15:56:06.229 D/display ( 713): prop modifier : drm format[8](RG16)
06-08 15:56:06.229 D/display ( 713): prop modifier : drm format[9](BG16)
06-08 15:56:06.229 D/display ( 713): prop modifier : drm format[10](AR30)
06-08 15:56:06.229 D/display ( 713): prop modifier : drm format[11](AB30)
06-08 15:56:06.229 D/display ( 713): prop modifier : drm format[12](RA30)
06-08 15:56:06.229 D/display ( 713): prop modifier : drm format[13](BA30)
06-08 15:56:06.229 D/display ( 713): ch : 0, prop : modifiers[1] : formats[16383],
offset[0], pad[0], modifier[8000000000000]
06-08 15:56:06.229 D/display ( 713): prop : drm format[0](AR24),
halFormat(BGRA_8888)
06-08 15:56:06.229 D/display ( 713): prop : drm format[1](AB24),
halFormat(RGBA_8888)
06-08 15:56:06.229 D/display ( 713): prop : drm format[3](BA24),
halFormat(EXYNOS_ARGB_8888)
06-08 15:56:06.229 D/display ( 713): prop : drm format[5](XB24),
halFormat(RGBx_8888)
06-08 15:56:06.229 D/display ( 713): prop : drm format[8](RG16),
halFormat(RGB_565)
06-08 15:56:06.229 D/display ( 713): prop : drm format[9](BG16),
halFormat(RGB_565)
06-08 15:56:06.229 D/display ( 713): prop : drm format[11](AB30),
halFormat(RGBA_1010102)
06-08 15:56:06.229 D/display ( 713): version 1, count_formats : 17,
format_offset : 18, count_modifiers : 4, modifiers offset : 60
06-08 15:56:06.229 D/display ( 713): prop modifier : drm format[3](BA24)
06-08 15:56:06.229 D/display ( 713): ch : 1, prop : modifiers[0] : formats[8],
offset[0], pad[0], modifier[400000000000004]
06-08 15:56:06.229 D/display ( 713): prop modifier : drm format[0](AR24)
06-08 15:56:06.229 D/display ( 713): prop modifier : drm format[1](AB24)
06-08 15:56:06.229 D/display ( 713): prop modifier : drm format[2](RA24)
06-08 15:56:06.229 D/display ( 713): prop modifier : drm format[3](BA24)
06-08 15:56:06.229 D/display ( 713): prop modifier : drm format[4](XR24)
06-08 15:56:06.229 D/display ( 713): prop modifier : drm format[5](XB24)
06-08 15:56:06.229 D/display ( 713): prop modifier : drm format[6](RX24)
06-08 15:56:06.229 D/display ( 713): prop modifier : drm format[7](BX24)
06-08 15:56:06.229 D/display ( 713): prop modifier : drm format[8](RG16)
06-08 15:56:06.229 D/display ( 713): prop modifier : drm format[9](BG16)
06-08 15:56:06.229 D/display ( 713): prop modifier : drm format[10](AR30)
06-08 15:56:06.229 D/display ( 713): prop modifier : drm format[11](AB30)
06-08 15:56:06.229 D/display ( 713): prop modifier : drm format[12](RA30)
06-08 15:56:06.229 D/display ( 713): prop modifier : drm format[13](BA30)
06-08 15:56:06.229 D/display ( 713): prop modifier : drm format[14](NV12)
06-08 15:56:06.229 D/display ( 713): prop modifier : drm format[15](NV21)
06-08 15:56:06.229 D/display ( 713): prop modifier : drm format[16](P010)
06-08 15:56:06.229 D/display ( 713): ch : 1, prop : modifiers[1] :
formats[131071], offset[0], pad[0], modifier[8000000000000]
06-08 15:56:06.229 W/[email protected]( 739):
libminijail[739]: failed to get path of fd 3: No such file or directory
06-08 15:56:06.229 D/display ( 713): prop modifier : drm format[0](AR24)
06-08 15:56:06.229 D/display ( 713): prop modifier : drm format[1](AB24)
06-08 15:56:06.229 D/display ( 713): prop modifier : drm format[2](RA24)
06-08 15:56:06.229 D/display ( 713): prop modifier : drm format[3](BA24)
06-08 15:56:06.229 D/display ( 713): prop modifier : drm format[4](XR24)
06-08 15:56:06.229 W/[email protected]( 739):
libminijail[739]: allowing syscall: connect
06-08 15:56:06.229 D/display ( 713): prop modifier : drm format[5](XB24)
06-08 15:56:06.230 D/display ( 713): prop modifier : drm format[6](RX24)
06-08 15:56:06.230 W/[email protected]( 739):
libminijail[739]: allowing syscall: fcntl
06-08 15:56:06.230 D/display ( 713): prop modifier : drm format[7](BX24)
