The document contains log entries from an Android application. It shows:
1) The application starting up and various components like the graphics driver and framework initializing.
2) It registers callbacks for drawing frames and receives callbacks indicating frames were committed to display.
3) As the application runs it registers for additional callbacks, receives callbacks about completed frames, and logs messages around drawing operations.
We take content rights seriously. If you suspect this is your content, claim it here.
Available Formats
Download as TXT, PDF, TXT or read online on Scribd
0 ratings0% found this document useful (0 votes)
21 views7 pages
Com - Magic.solitairegame Logcat
The document contains log entries from an Android application. It shows:
1) The application starting up and various components like the graphics driver and framework initializing.
2) It registers callbacks for drawing frames and receives callbacks indicating frames were committed to display.
3) As the application runs it registers for additional callbacks, receives callbacks about completed frames, and logs messages around drawing operations.
We take content rights seriously. If you suspect this is your content, claim it here.
Available Formats
Download as TXT, PDF, TXT or read online on Scribd
You are on page 1/ 7
--------- beginning of main
10-13 06:30:15.641 32634 32634 D BufferQueueConsumer: [](id:7f7a00000000,api:0,p:-
1,c:32634) connect: controlledByApp=false
10-13 06:30:15.641 32634 32634 D ExtensionsLoader: createInstance(64bit) : createExtendedFactory
10-13 06:30:15.641 32634 32634 D ExtensionsLoader: Opened libSchedAssistExtImpl.so --------- beginning of system
10-13 06:30:15.642 32634 32634 V ZoomWindowDecorView: setLastReportedMergedConfiguration mZoomDisplayHeight: 1612 getDecorView.62411617
10-13 06:30:15.643 32634 32658 I AdrenoGLES-0: QUALCOMM build : 3d24e2bbef, I3c0bc64a9d
10-13 06:30:15.643 32634 32658 I AdrenoGLES-0: Build Date : 11/10/21
10-13 06:30:15.643 32634 32658 I AdrenoGLES-0: OpenGL ES Shader Compiler Version: EV031.32.02.16
10-13 06:30:15.643 32634 32658 I AdrenoGLES-0: Local Branch :
10-13 06:30:15.643 32634 32658 I AdrenoGLES-0: Remote Branch :
10-13 06:30:15.643 32634 32658 I AdrenoGLES-0: Remote Branch :
10-13 06:30:15.643 32634 32658 I AdrenoGLES-0: Reconstruct Branch :
10-13 06:30:15.643 32634 32658 I AdrenoGLES-0: Build Config : S P 10.0.7 AArch64
10-13 06:30:15.644 32634 32658 I AdrenoGLES-0: Driver Path : /vendor/lib64/egl/libGLESv2_adreno.so
10-13 06:30:15.644 32634 32634 D VRI[EfdkferwLauActivity]: registerCallbacksForSync syncBuffer=false
10-13 06:30:15.650 32634 32658 I AdrenoGLES-0: PFP: 0x016ee197, ME: 0x00000000
10-13 06:30:15.672 32634 32658 D BufferQueueProducer: [VRI[EfdkferwLauActivity]#0(BLAST Consumer)0] (id:7f7a00000000,api:1,p:32634,c:32634) connect: api=1 producerControlledByApp=true
10-13 06:30:15.683 32634 32658 D VRI[EfdkferwLauActivity]: Received frameCommittedCallback lastAttemptedDrawFrameNum=1 didProduceBuffer=true syncBuffer=false
10-13 06:30:15.686 32634 32658 W Parcel : Expecting binder but got null!
10-13 06:30:15.686 32634 32634 D VRI[EfdkferwLauActivity]: draw finished.
10-13 06:30:15.687 32634 32634 I Quality : Skipped: false 5 cost 59.449142 refreshRate 11118156 bit true processName com.magic.solitairegame
10-13 06:30:15.687 32634 32634 D VRI[EfdkferwLauActivity]: registerCallbacksForSync syncBuffer=false
10-13 06:30:15.687 32634 32658 D VRI[EfdkferwLauActivity]: Received frameCommittedCallback lastAttemptedDrawFrameNum=2 didProduceBuffer=false syncBuffer=false
10-13 06:30:15.687 32634 32634 D VRI[EfdkferwLauActivity]: draw finished.
10-13 06:30:15.695 32634 32634 D VRI[EfdkferwLauActivity]: registerCallbacksForSync syncBuffer=false
10-13 06:30:15.697 32634 32658 D VRI[EfdkferwLauActivity]: Received frameCommittedCallback lastAttemptedDrawFrameNum=2 didProduceBuffer=false syncBuffer=false
10-13 06:30:15.697 32634 32634 D VRI[EfdkferwLauActivity]: draw finished.
10-13 06:30:15.702 32634 32634 D VRI[EfdkferwLauActivity]: onFocusEvent true
10-13 06:30:16.679 32634 32634 D WindowManager: Add to mViews: DecorView@77f4c79[Rrincawq],pkg= com.magic.solitairegame
10-13 06:30:16.684 32634 32634 D InputEventReceiver: Input log is disabled
10-13 06:30:16.685 32634 32634 D VRI[EfdkferwLauActivity]: onFocusEvent false
10-13 06:30:16.700 32634 32634 D BufferQueueConsumer: [](id:7f7a00000001,api:0,p:- 1,c:32634) connect: controlledByApp=false
10-13 06:30:16.701 32634 32634 V ZoomWindowDecorView: setLastReportedMergedConfiguration mZoomDisplayHeight: 1612 getDecorView.125783161
10-13 06:30:16.701 32634 32634 D VRI[Rrincawq]: registerCallbacksForSync syncBuffer=false
10-13 06:30:16.702 32634 32658 D BufferQueueProducer: [VRI[Rrincawq]#1(BLAST Consumer)1](id:7f7a00000001,api:1,p:32634,c:32634) connect: api=1 producerControlledByApp=true
10-13 06:30:16.707 32634 32658 D VRI[Rrincawq]: Received frameCommittedCallback lastAttemptedDrawFrameNum=1 didProduceBuffer=true syncBuffer=false
10-13 06:30:16.707 32634 32658 W Parcel : Expecting binder but got null!
10-13 06:30:16.708 32634 32634 D VRI[Rrincawq]: draw finished.
10-13 06:30:16.709 32634 32634 D VRI[Rrincawq]: registerCallbacksForSync syncBuffer=false
10-13 06:30:16.709 32634 32658 D VRI[Rrincawq]: Received frameCommittedCallback lastAttemptedDrawFrameNum=2 didProduceBuffer=false syncBuffer=false
10-13 06:30:16.709 32634 32634 D VRI[Rrincawq]: draw finished.
10-13 06:30:16.719 32683 32683 E olitairegame:p0: Unknown bits set in runtime_flags: 0x40000000
10-13 06:30:16.719 32683 32683 I olitairegame:p0: Using CollectorTypeCC GC.
10-13 06:30:16.723 32683 32683 E olitairegame:p0: Not starting debugger since process cannot load the jdwp agent.
10-13 06:30:16.728 32634 32634 D VRI[Rrincawq]: registerCallbacksForSync syncBuffer=false
10-13 06:30:16.728 32683 32683 I OneTrace: Mark active for pid=32683? true
10-13 06:30:16.729 32683 32683 D cutils-dev: otrace_set_tracing_enabled? true
10-13 06:30:16.729 32634 32658 D VRI[Rrincawq]: Received frameCommittedCallback lastAttemptedDrawFrameNum=2 didProduceBuffer=false syncBuffer=false
10-13 06:30:16.729 32634 32634 D VRI[Rrincawq]: draw finished.
10-13 06:30:16.730 32683 32683 D cutils-dev: properties changed in otrace_seq_number_changed!
10-13 06:30:16.742 32683 32683 D CompatibilityChangeReporter: Compat change id reported: 171979766; UID 10753; state: ENABLED
10-13 06:30:16.742 32683 32683 I oplus.android.OplusFrameworkFactoryImpl: get feature:IOplusAutoResolutionFeature
10-13 06:30:16.742 32683 32683 I oplus.android.OplusFrameworkFactoryImpl: getOplusAutoResolutionFeature
10-13 06:30:16.748 32683 32683 I OplusFeatureCache: Milliseconds spent on init(): 6
10-13 06:30:16.748 32683 32683 D CompactWindowAppManager: initCompactApplicationInfo
10-13 06:30:16.755 32683 32683 W libc : Access denied finding property "ro.odm.prev.product.name"
10-13 06:30:16.756 32683 32683 D LoadedApk: mApplicationInfo overrideDisplayId:null
10-13 06:30:16.759 32683 32683 W ziparchive: Unable to open '/data/app/~~HZFPAXgV4uzIf8yi1VBB0Q==/com.magic.solitairegame- RxsgIfHw13ML43FvNNKG9Q==/split_config.arm64_v8a.dm': No such file or directory
10-13 06:30:16.759 32683 32683 W ziparchive: Unable to open '/data/app/~~HZFPAXgV4uzIf8yi1VBB0Q==/com.magic.solitairegame- RxsgIfHw13ML43FvNNKG9Q==/split_config.arm64_v8a.dm': No such file or directory
10-13 06:30:16.759 32683 32683 W olitairegame:p0: Entry not found
10-13 06:30:16.759 32683 32683 W ziparchive: Unable to open '/data/app/~~HZFPAXgV4uzIf8yi1VBB0Q==/com.magic.solitairegame- RxsgIfHw13ML43FvNNKG9Q==/split_config.en.dm': No such file or directory
10-13 06:30:16.759 32683 32683 W ziparchive: Unable to open '/data/app/~~HZFPAXgV4uzIf8yi1VBB0Q==/com.magic.solitairegame- RxsgIfHw13ML43FvNNKG9Q==/split_config.en.dm': No such file or directory
10-13 06:30:16.759 32683 32683 W olitairegame:p0: Entry not found
10-13 06:30:16.760 32683 32683 W ziparchive: Unable to open '/data/app/~~HZFPAXgV4uzIf8yi1VBB0Q==/com.magic.solitairegame- RxsgIfHw13ML43FvNNKG9Q==/split_config.xhdpi.dm': No such file or directory
10-13 06:30:16.760 32683 32683 W ziparchive: Unable to open '/data/app/~~HZFPAXgV4uzIf8yi1VBB0Q==/com.magic.solitairegame- RxsgIfHw13ML43FvNNKG9Q==/split_config.xhdpi.dm': No such file or directory
10-13 06:30:16.760 32683 32683 W olitairegame:p0: Entry not found
10-13 06:30:16.761 32683 32683 D nativeloader: Configuring clns-4 for other apk /data/app/~~HZFPAXgV4uzIf8yi1VBB0Q==/com.magic.solitairegame- RxsgIfHw13ML43FvNNKG9Q==/base.apk:/data/app/~~HZFPAXgV4uzIf8yi1VBB0Q==/ com.magic.solitairegame-RxsgIfHw13ML43FvNNKG9Q==/split_config.arm64_v8a.apk:/data/ app/~~HZFPAXgV4uzIf8yi1VBB0Q==/com.magic.solitairegame-RxsgIfHw13ML43FvNNKG9Q==/ split_config.en.apk:/data/app/~~HZFPAXgV4uzIf8yi1VBB0Q==/com.magic.solitairegame- RxsgIfHw13ML43FvNNKG9Q==/split_config.xhdpi.apk. target_sdk_version=31, uses_libraries=, library_path=/data/app/~~HZFPAXgV4uzIf8yi1VBB0Q==/com.magic.solitairegame- RxsgIfHw13ML43FvNNKG9Q==/lib/arm64:/data/app/~~HZFPAXgV4uzIf8yi1VBB0Q==/ com.magic.solitairegame-RxsgIfHw13ML43FvNNKG9Q==/base.apk!/lib/arm64-v8a:/data/ app/~~HZFPAXgV4uzIf8yi1VBB0Q==/com.magic.solitairegame-RxsgIfHw13ML43FvNNKG9Q==/ split_config.arm64_v8a.apk!/lib/arm64-v8a:/data/app/~~HZFPAXgV4uzIf8yi1VBB0Q==/ com.magic.solitairegame-RxsgIfHw13ML43FvNNKG9Q==/split_config.en.apk!/lib/arm64- v8a:/data/app/~~HZFPAXgV4uzIf8yi1VBB0Q==/com.magic.solitairega
10-13 06:30:16.771 32683 32683 V GraphicsEnvironment: ANGLE Developer option for 'com.magic.solitairegame' set to: 'default'
10-13 06:30:16.771 32683 32683 V GraphicsEnvironment: ANGLE GameManagerService for com.magic.solitairegame: false
10-13 06:30:16.771 32683 32683 V GraphicsEnvironment: Neither updatable production driver nor prerelease driver is supported.
10-13 06:30:16.773 32683 32683 D NetworkSecurityConfig: No Network Security Config specified, using platform default
10-13 06:30:16.773 32683 32683 D NetworkSecurityConfig: No Network Security Config specified, using platform default
10-13 06:30:16.812 32634 32634 D VRI[Rrincawq]: onFocusEvent true
10-13 06:30:16.823 32683 32683 E olitairegame:p0: Attempt to load writable dex file: /data/user/0/com.magic.solitairegame/app_webview/trohscvufexm.db
10-13 06:30:16.831 32683 32683 D nativeloader: Configuring clns-5 for other apk . target_sdk_version=31, uses_libraries=ALL, library_path=/data/user/0/com.magic.solitairegame/app_webview, permitted_path=/data:/mnt/expand
10-13 06:30:16.831 32683 32683 D nativeloader: Extending system_exposed_libraries: libbinauralrenderer_wrapper.qti.so:libhoaeffects.qti.so:libSloganJni.oplus.so:libsu perNight.oplus.so:libupdateprof.qti.so:libQOC.qti.so:libthermalclient.qti.so:libdia g_system.qti.so:libqape.qti.so:liblistenjni.qti.so
10-13 06:30:16.836 32683 32703 D native : Found attached 0
10-13 06:30:16.836 32683 32703 D native : Calling class is: java.lang.Class
10-13 06:30:16.836 32683 32704 D native : Found attached 0
10-13 06:30:16.836 32683 32704 D native : Calling class is: java.lang.Class
10-13 06:30:16.980 32683 32683 D OplusActivityManager: get AMS extension: android.os.BinderProxy@220aa61
10-13 06:30:17.012 32634 32634 D VRI[Rrincawq]: onFocusEvent false
10-13 06:30:17.033 32683 32683 E olitairegame:p0: Attempt to load writable dex file: /data/user/0/com.magic.solitairegame/app_hfeooe/data/app/win.game.crash.cl/ pthcaeaf.db
10-13 06:30:17.055 32683 32683 D nativeloader: Configuring clns-6 for other apk /data/user/0/com.magic.solitairegame/app_hfeooe/data/app/win.game.crash.cl/ pthcaeaf.db. target_sdk_version=31, uses_libraries=, library_path=/data/user/0/com.magic.solitairegame/app_hfeooe/data/app/ win.game.crash.cl/lib:/data/user/0/com.magic.solitairegame/app_hfeooe/data/app/ win.game.crash.cl/pthcaeaf.db!/lib/arm64-v8a, permitted_path=/data:/mnt/expand:/data/user/0/com.magic.solitairegame/app_hfeooe/ data/user/0/win.game.crash.cl
10-13 06:30:17.059 32683 32683 D LoadedApk: mApplicationInfo overrideDisplayId:null
10-13 06:30:17.060 32683 32683 D NetworkSecurityConfig: No Network Security Config specified, using platform default
10-13 06:30:17.060 32683 32683 D NetworkSecurityConfig: No Network Security Config specified, using platform default
10-13 06:30:17.077 32683 32683 W com.facebook.d0: Please set a value for AutoLogAppEventsEnabled. Set the flag to TRUE if you want to collect app install, app launch and in-app purchase events automatically. To request user consent before collecting data, set the flag value to FALSE, then change to TRUE once user consent is received. Learn more: https://developers.facebook.com/docs/app-events/getting- started-app-events-android#disable-auto-events.
10-13 06:30:17.077 32683 32683 W com.facebook.d0: You haven't set a value for AdvertiserIDCollectionEnabled. Set the flag to TRUE if you want to collect Advertiser ID for better advertising and analytics results. To request user consent before collecting data, set the flag value to FALSE, then change to TRUE once user consent is received. Learn more: https://developers.facebook.com/docs/app-events/getting-started-app-events- android#disable-auto-events.
10-13 06:30:17.088 32683 32713 E ActivityThread: Failed to find provider info for com.facebook.katana.provider.PlatformProvider
10-13 06:30:17.090 32683 32708 D TrafficStats: tagSocket(90) with statsTag=0xffffffff, statsUid=-1
10-13 06:30:17.091 32683 32710 D TrafficStats: tagSocket(92) with statsTag=0xffffffff, statsUid=-1
10-13 06:30:17.093 32683 32711 D TrafficStats: tagSocket(91) with statsTag=0xffffffff, statsUid=-1
10-13 06:30:17.098 32683 32728 D OplusGraphicsEvent: OplusGraphicsEventListener create now!
10-13 06:30:17.098 32683 32728 D OplusGraphicsEvent: addEventListener success!
10-13 06:30:17.127 32683 32683 I oplus.android.OplusFrameworkFactoryImpl: Unknow feature:IOplusTextViewRTLUtilForUG
10-13 06:30:17.131 32683 32683 D OplusWindowManager: get WMS extension: com.virtual.box.fake.service.IWindowManagerProxy@5f49865
10-13 06:30:17.201 32634 32647 D VRI[EfdkferwLauActivity]: dispatchAppVisibility visible:false
10-13 06:30:17.207 32634 32658 D BufferQueueProducer: [VRI[EfdkferwLauActivity]#0(BLAST Consumer)0] (id:7f7a00000000,api:1,p:32634,c:32634) disconnect: api 1
10-13 06:30:17.210 32683 32683 D JniHelper: JniHelper::setJavaVM(0xb400007af58ad380), pthread_self() = 530776487168
10-13 06:30:17.210 32683 32683 D main : cocos_jni_env_init
10-13 06:30:17.210 32683 32683 D Cocos2dxHelper: isSupportLowLatency:true
10-13 06:30:17.212 32634 32634 D BufferQueueConsumer: [VRI[EfdkferwLauActivity]#0(BLAST Consumer)0](id:7f7a00000000,api:0,p:-1,c:32634) disconnect
10-13 06:30:17.212 32683 32683 D Cocos2dxHelper: sampleRate: 48000, framesPerBuffer: 192
10-13 06:30:17.213 32683 32683 D JniImp : nativeSetAudioDeviceInfo: sampleRate: 48000, bufferSizeInFrames: 192
10-13 06:30:17.222 32683 32683 D Vibrator: SystemVibrator Created
10-13 06:30:17.228 32683 32683 D Cocos2dxActivity: model=CPH2375
10-13 06:30:17.228 32683 32683 D Cocos2dxActivity: product=CPH2375T2
10-13 06:30:17.228 32683 32683 D Cocos2dxActivity: isEmulator=false
10-13 06:30:17.231 32683 32683 E OplusCustomizeRestrictionManager: sInstance is null, start a new sInstance
10-13 06:30:17.233 32683 32683 D CompatibilityChangeReporter: Compat change id reported: 210923482; UID 10001; state: DISABLED
10-13 06:30:17.233 32683 32683 D CompatibilityChangeReporter: Compat change id reported: 37756858; UID 10001; state: ENABLED
10-13 06:30:17.233 32683 32683 D OplusInputMethodUtil: init sDebug to false, init sDebugIme to false, init sAlwaysOn to false
10-13 06:30:17.233 32683 32683 D OplusInputMethodUtil: updateDebugToClass InputMethodManager.DEBUG = false
10-13 06:30:17.234 32683 32683 D OplusInputMethodUtil: updateDebugToClass ImeFocusController.DEBUG = false
10-13 06:30:17.234 32683 32683 D OplusInputMethodUtil: updateDebugToClass BaseInputConnection.DEBUG = false
10-13 06:30:17.234 32683 32683 D OplusInputMethodUtil: updateDebugToClass ImeFocusController.sDebugIme = false
10-13 06:30:17.245 32683 32683 W Adjust : PRODUCTION: Adjust is running in Production mode. Use this setting only for the build that you want to publish. Set the environment to `sandbox` if you want to test your app!
10-13 06:30:17.246 32683 32683 W Adjust : PRODUCTION: Adjust is running in Production mode. Use this setting only for the build that you want to publish. Set the environment to `sandbox` if you want to test your app!
10-13 06:30:17.249 32683 32683 D Cocos2dxActivity: onResume()
10-13 06:30:17.251 32683 32683 D ExtensionsLoader: createInstance(64bit) : createExtendedFactory
10-13 06:30:17.251 32683 32683 D ExtensionsLoader: Opened libSchedAssistExtImpl.so
10-13 06:30:17.251 32683 32683 E olitairegame:p0: ofbOpen failed with error=No such file or directory
10-13 06:30:17.251 32683 32683 E olitairegame:p0: sysOpen failed with error=No such file or directory
10-13 06:30:17.258 32683 32683 D WindowManager: Add to mViews: DecorView@fdc69ab[AppActivity],pkg= win.game.crash.cl
10-13 06:30:17.260 32683 32713 I OplusSlideAnimOptHelper: checkListMode: is blacklist mode = true
10-13 06:30:17.262 32683 32713 D OplusSlideAnimOptHelper: win.game.crash.cl scrollEffectOpt enable = true
10-13 06:30:17.264 32683 32728 D ExtensionsLoader: createInstance(64bit) : createExtendedFactory
10-13 06:30:17.270 32683 32728 D ExtensionsLoader: Opened libhwuiextimpl.so
10-13 06:30:17.271 32683 32683 D ExtensionsLoader: createInstance(64bit) : createExtendedFactory
10-13 06:30:17.271 32683 32683 D ExtensionsLoader: Opened libSchedAssistExtImpl.so
10-13 06:30:17.287 32683 32683 D InputEventReceiver: Input log is disabled
10-13 06:30:17.292 32683 32683 I SurfaceView: 118251281 onAttachedToWindow
10-13 06:30:17.314 32683 32683 D BufferQueueConsumer: [](id:7fab00000000,api:0,p:- 1,c:32683) connect: controlledByApp=false
10-13 06:30:17.315 32683 32683 D ExtensionsLoader: createInstance(64bit) : createExtendedFactory
10-13 06:30:17.315 32683 32683 D ExtensionsLoader: Opened libSchedAssistExtImpl.so
10-13 06:30:17.316 32683 32683 V ZoomWindowDecorView: setLastReportedMergedConfiguration mZoomDisplayHeight: 1612 getDecorView.266103211
10-13 06:30:17.324 32683 32728 I AdrenoGLES-0: QUALCOMM build : 3d24e2bbef, I3c0bc64a9d
10-13 06:30:17.324 32683 32728 I AdrenoGLES-0: Build Date : 11/10/21
10-13 06:30:17.324 32683 32728 I AdrenoGLES-0: OpenGL ES Shader Compiler Version: EV031.32.02.16
10-13 06:30:17.324 32683 32728 I AdrenoGLES-0: Local Branch :
10-13 06:30:17.324 32683 32728 I AdrenoGLES-0: Remote Branch :
10-13 06:30:17.324 32683 32728 I AdrenoGLES-0: Remote Branch :
10-13 06:30:17.324 32683 32728 I AdrenoGLES-0: Reconstruct Branch :
10-13 06:30:17.324 32683 32728 I AdrenoGLES-0: Build Config : S P 10.0.7 AArch64
10-13 06:30:17.324 32683 32728 I AdrenoGLES-0: Driver Path : /vendor/lib64/egl/libGLESv2_adreno.so
10-13 06:30:17.328 32683 32719 W b : initStore should have been called before calling setUserID
10-13 06:30:17.330 32683 32683 D BufferQueueConsumer: [](id:7fab00000001,api:0,p:- 1,c:32683) connect: controlledByApp=false
10-13 06:30:17.331 32683 32683 I SurfaceView: 118251281 visibleChanged -- surfaceCreated
10-13 06:30:17.332 32683 32683 I SurfaceView: 118251281 surfaceChanged -- format=4 w=720 h=1612
10-13 06:30:17.334 32683 32728 I AdrenoGLES-0: PFP: 0x016ee197, ME: 0x00000000
10-13 06:30:17.359 32683 32748 D TrafficStats: tagSocket(123) with statsTag=0xffffffff, statsUid=-1
10-13 06:30:17.365 32683 32719 D TrafficStats: tagSocket(125) with statsTag=0xffffffff, statsUid=-1
10-13 06:30:17.368 32683 32683 D VRI[AppActivity]: registerCallbacksForSync syncBuffer=false
10-13 06:30:17.368 32683 32736 D BufferQueueProducer: [SurfaceView[win.game.crash.cl/org.cocos2dx.javascript.AppActivity]#1(BLAST Consumer)1](id:7fab00000001,api:1,p:32683,c:32683) connect: api=1 producerControlledByApp=true
10-13 06:30:17.370 32683 32736 D main : cocos_android_app_init
10-13 06:30:17.370 32683 32736 D JniImp : nativeInit: 720, 1612,
10-13 06:30:17.374 32683 32728 D BufferQueueProducer: [VRI[AppActivity]#0(BLAST Consumer)0](id:7fab00000000,api:1,p:32683,c:32683) connect: api=1 producerControlledByApp=true
10-13 06:30:17.374 32683 32728 I Quality : ActivityThread: setSurface delay 57 com.magic.solitairegame 32683
10-13 06:30:17.381 32683 32736 D jswrapper: Initializing V8, version: 8.0.426.16
10-13 06:30:17.385 32683 32728 D VRI[AppActivity]: Received frameCommittedCallback lastAttemptedDrawFrameNum=1 didProduceBuffer=true syncBuffer=false
10-13 06:30:17.387 32683 32728 W Parcel : Expecting binder but got null!
10-13 06:30:17.388 32683 32683 I Quality : Skipped: false 8 cost 93.46795 refreshRate 11117325 bit true processName win.game.crash.cl
10-13 06:30:17.396 32683 32683 D VRI[AppActivity]: registerCallbacksForSync syncBuffer=false
10-13 06:30:17.396 32683 32728 D VRI[AppActivity]: Received frameCommittedCallback lastAttemptedDrawFrameNum=2 didProduceBuffer=false syncBuffer=false
10-13 06:30:17.399 32634 32634 D VRI[EfdkferwLauActivity]: setWindowStopped stopped:true
10-13 06:30:17.403 32634 32634 D OplusScrollToTopManager: unregisterGuidePopupDismissReceiverInSystemUI
10-13 06:30:17.404 32634 32634 D OplusScrollToTopManager: Receiver not registered: android.view.OplusScrollToTopManager$1@60c1e70
10-13 06:30:17.404 32634 32634 D OplusScrollToTopManager: unregisterSystemUIBroadcastReceiver
10-13 06:30:17.404 32634 32634 D OplusScrollToTopManager: java.lang.IllegalArgumentException: Receiver not registered: android.view.OplusScrollToTopManager$2@f0f45e9
10-13 06:30:17.405 32634 32634 V ZoomWindowDecorView: removeZoomView
10-13 06:30:17.494 32683 32736 D jswrapper: JS: Enable batch GL commands optimization!
10-13 06:30:18.130 32683 32736 D renderer: (616): Device caps: maxVextexTextures: 16, maxFragUniforms: 256, maxTextureUints: 16, maxVertexAttributes: 16, maxDrawBuffers: 1, maxColorAttatchments: 1
10-13 06:30:18.189 32683 32736 D VRI[AppActivity]: draw finished.
10-13 06:30:18.189 32683 32736 D VRI[AppActivity]: draw finished.
10-13 06:30:18.227 32683 32683 D VRI[AppActivity]: onFocusEvent true
10-13 06:30:18.227 32683 32683 D Cocos2dxActivity: onWindowFocusChanged() hasFocus=true
10-13 06:30:18.616 32683 32736 D JniHelper: JniHelper::getJavaVM(), pthread_self() = 525675826352
10-13 06:30:18.633 32683 32736 D jswrapper: JS: [ERROR]: 1234 https://fffgame.s3- accelerate.amazonaws.com/ver.json
10-13 06:30:18.666 32683 318 D TrafficStats: tagSocket(149) with statsTag=0xffffffff, statsUid=-1
10-13 06:30:18.802 32634 32647 D VRI[Rrincawq]: dispatchAppVisibility visible:false
10-13 06:30:18.809 32634 32658 D BufferQueueProducer: [VRI[Rrincawq]#1(BLAST Consumer)1](id:7f7a00000001,api:1,p:32634,c:32634) disconnect: api 1
10-13 06:30:18.826 32634 32634 D BufferQueueConsumer: [VRI[Rrincawq]#1(BLAST Consumer)1](id:7f7a00000001,api:0,p:-1,c:32634) disconnect
10-13 06:30:18.827 32634 32634 D VRI[Rrincawq]: setWindowStopped stopped:true
10-13 06:30:18.828 32634 32634 D OplusScrollToTopManager: unregisterGuidePopupDismissReceiverInSystemUI
10-13 06:30:18.828 32634 32634 D OplusScrollToTopManager: Receiver not registered: android.view.OplusScrollToTopManager$1@6ecb19c
10-13 06:30:18.828 32634 32634 D OplusScrollToTopManager: unregisterSystemUIBroadcastReceiver
10-13 06:30:18.828 32634 32634 D OplusScrollToTopManager: java.lang.IllegalArgumentException: Receiver not registered: android.view.OplusScrollToTopManager$2@b8d57a5
10-13 06:30:18.829 32634 32634 V ZoomWindowDecorView: removeZoomView
10-13 06:30:18.845 32683 326 D TrafficStats: tagSocket(155) with statsTag=0xffffffff, statsUid=-1
10-13 06:30:18.895 32683 32736 D JniHelper: JniHelper::getJavaVM(), pthread_self() = 525675826352
10-13 06:30:18.934 32683 332 D TrafficStats: tagSocket(142) with statsTag=0xffffffff, statsUid=-1
10-13 06:30:20.400 32634 32634 D ActivityThread: do gfx trim 40 success
10-13 06:30:25.372 32683 32683 D OplusInputMethodManagerInternal: get inputMethodManager extension: com.android.internal.view.IInputMethodManager$Stub$Proxy@50787c6
10-13 06:30:25.760 32683 318 W System.err: java.net.SocketTimeoutException: timeout
10-13 06:30:25.770 32683 318 W System.err: at com.android.okhttp.okio.Okio$3.newTimeoutException(Okio.java:214)
10-13 06:30:25.770 32683 318 W System.err: at com.android.okhttp.okio.AsyncTimeout.exit(AsyncTimeout.java:263)
10-13 06:30:25.770 32683 318 W System.err: at com.android.okhttp.okio.AsyncTimeout$2.read(AsyncTimeout.java:217)
10-13 06:30:25.770 32683 318 W System.err: at com.android.okhttp.okio.RealBufferedSource.indexOf(RealBufferedSource.java:307)
10-13 06:30:25.770 32683 318 W System.err: at com.android.okhttp.okio.RealBufferedSource.indexOf(RealBufferedSource.java:301)
10-13 06:30:25.770 32683 318 W System.err: at com.android.okhttp.okio.RealBufferedSource.readUtf8LineStrict(RealBufferedSource.ja va:197)
10-13 06:30:25.770 32683 318 W System.err: at com.android.okhttp.internal.http.Http1xStream.readResponse(Http1xStream.java:188)
10-13 06:30:25.770 32683 318 W System.err: at com.android.okhttp.internal.http.Http1xStream.readResponseHeaders(Http1xStream.java :129)
10-13 06:30:25.770 32683 318 W System.err: at com.android.okhttp.internal.http.HttpEngine.readNetworkResponse(HttpEngine.java:750 )
10-13 06:30:25.770 32683 318 W System.err: at com.android.okhttp.internal.http.HttpEngine.readResponse(HttpEngine.java:622)
10-13 06:30:25.770 32683 318 W System.err: at com.android.okhttp.internal.huc.HttpURLConnectionImpl.execute(HttpURLConnectionImpl .java:475)
10-13 06:30:25.770 32683 318 W System.err: