06-10 13:34:33.495 D/IptablesRestoreController( 4609): [iptables debug]iptables-
restore execute done, res : 0
06-10 13:34:33.495 D/IptablesRestoreController( 4609): [iptables debug]iptables-
restore execute *filter
06-10 13:34:33.495 D/IptablesRestoreController( 4609): :input_dos -
06-10 13:34:33.495 D/IptablesRestoreController( 4609): -A input_dos -p tcp -m
conntrack --ctstate NEW -m limit --limit 50/sec --limit-burst 50 -j ACCEPT
06-10 13:34:33.495 D/IptablesRestoreController( 4609): -A input_dos -p tcp -m
conntrack --ctstate NEW -j DROP
06-10 13:34:33.495 D/IptablesRestoreController( 4609): COMMIT
06-10 13:34:33.497 D/IptablesRestoreController( 4609): [iptables debug]iptables-
restore execute done, res : 0
06-10 13:34:33.497 I/netd ( 4609): Setting up FirewallController hooks: 2980us
06-10 13:34:33.497 D/IptablesRestoreController( 4609): [iptables debug]iptables-
restore execute *filter
06-10 13:34:33.497 D/IptablesRestoreController( 4609): :tetherctrl_FORWARD -
06-10 13:34:33.497 D/IptablesRestoreController( 4609): -A tetherctrl_FORWARD -j
DROP
06-10 13:34:33.497 D/IptablesRestoreController( 4609): COMMIT
06-10 13:34:33.497 D/IptablesRestoreController( 4609): *nat
06-10 13:34:33.497 D/IptablesRestoreController( 4609): :tetherctrl_nat_POSTROUTING
-
06-10 13:34:33.497 D/IptablesRestoreController( 4609): :tetherctrl_nat_PREROUTING -
06-10 13:34:33.497 D/IptablesRestoreController( 4609): COMMIT
06-10 13:34:33.498 D/IptablesRestoreController( 4609): [iptables debug]iptables-
restore execute done, res : 0
06-10 13:34:33.498 D/IptablesRestoreController( 4609): [iptables debug]iptables-
restore execute *filter
06-10 13:34:33.498 D/IptablesRestoreController( 4609): :tetherctrl_FORWARD -
06-10 13:34:33.498 D/IptablesRestoreController( 4609): COMMIT
06-10 13:34:33.498 D/IptablesRestoreController( 4609): *raw
06-10 13:34:33.498 D/IptablesRestoreController( 4609): :tetherctrl_raw_PREROUTING -
06-10 13:34:33.498 D/IptablesRestoreController( 4609): COMMIT
06-10 13:34:33.499 D/IptablesRestoreController( 4609): [iptables debug]iptables-
restore execute done, res : 0
06-10 13:34:33.499 D/IptablesRestoreController( 4609): [iptables debug]iptables-
restore execute *mangle
06-10 13:34:33.499 D/IptablesRestoreController( 4609): -A tetherctrl_mangle_FORWARD
-p tcp --tcp-flags SYN SYN -j TCPMSS --clamp-mss-to-pmtu
06-10 13:34:33.499 D/IptablesRestoreController( 4609): COMMIT
06-10 13:34:33.499 D/IptablesRestoreController( 4609): [iptables debug]iptables-
restore execute done, res : 0
06-10 13:34:33.499 D/IptablesRestoreController( 4609): [iptables debug]iptables-
restore execute *filter
06-10 13:34:33.499 D/IptablesRestoreController( 4609): :tetherctrl_counters -
06-10 13:34:33.499 D/IptablesRestoreController( 4609): COMMIT
06-10 13:34:33.500 D/IptablesRestoreController( 4609): [iptables debug]iptables-
restore execute done, res : 0
06-10 13:34:33.500 I/netd ( 4609): Setting up TetherController hooks: 3404us
06-10 13:34:33.500 D/IptablesRestoreController( 4609): [iptables debug]iptables-
restore execute *filter
06-10 13:34:33.500 D/IptablesRestoreController( 4609): -S
06-10 13:34:33.500 D/IptablesRestoreController( 4609): COMMIT
06-10 13:34:33.501 D/IptablesRestoreController( 4609): [iptables debug]iptables-
restore execute done, res : 0
06-10 13:34:33.501 D/IptablesRestoreController( 4609): [iptables debug]iptables-
restore execute *filter
06-10 13:34:33.501 D/IptablesRestoreController( 4609): :bw_INPUT -
06-10 13:34:33.501 D/IptablesRestoreController( 4609): :bw_OUTPUT -
06-10 13:34:33.501 D/IptablesRestoreController( 4609): :bw_FORWARD -
06-10 13:34:33.501 D/IptablesRestoreController( 4609): :bw_happy_box -
06-10 13:34:33.501 D/IptablesRestoreController( 4609): :bw_penalty_box -
06-10 13:34:33.501 D/IptablesRestoreController( 4609): :bw_data_saver -
06-10 13:34:33.501 D/IptablesRestoreController( 4609): :bw_costly_shared -
06-10 13:34:33.501 D/IptablesRestoreController( 4609): :bw_global_alert -
06-10 13:34:33.501 D/IptablesRestoreController( 4609): :bw_foc_box -
06-10 13:34:33.501 D/IptablesRestoreController( 4609): COMMIT
06-10 13:34:33.501 D/IptablesRestoreController( 4609): *raw
06-10 13:34:33.501 D/IptablesRestoreController( 4609): :bw_raw_PREROUTING -
06-10 13:34:33.501 D/IptablesRestoreController( 4609): COMMIT
06-10 13:34:33.501 D/IptablesRestoreController( 4609): *mangle
06-10 13:34:33.501 D/IptablesRestoreController( 4609): :bw_mangle_POSTROUTING -
06-10 13:34:33.501 D/IptablesRestoreController( 4609): COMMIT
06-10 13:34:33.503 D/IptablesRestoreController( 4609): [iptables debug]iptables-
restore execute done, res : 0
06-10 13:34:33.503 I/netd ( 4609): Setting up BandwidthController hooks: 2587us
06-10 13:34:33.503 I/netd ( 4609): Setting up IdletimerController hooks: 79us
06-10 13:34:33.503 D/IptablesRestoreController( 4609): [iptables debug]iptables-
restore execute *filter
06-10 13:34:33.503 D/IptablesRestoreController( 4609): :st_OUTPUT -
06-10 13:34:33.503 D/IptablesRestoreController( 4609): :st_penalty_log -
06-10 13:34:33.503 D/IptablesRestoreController( 4609): :st_penalty_reject -
06-10 13:34:33.503 D/IptablesRestoreController( 4609): :st_clear_caught -
06-10 13:34:33.503 D/IptablesRestoreController( 4609): :st_clear_detect -
06-10 13:34:33.503 D/IptablesRestoreController( 4609): COMMIT
06-10 13:34:33.504 D/IptablesRestoreController( 4609): [iptables debug]iptables-
restore execute done, res : 0
06-10 13:34:33.504 D/IptablesRestoreController( 4609): [iptables debug]iptables-
restore execute *filter
06-10 13:34:33.504 D/IptablesRestoreController( 4609): -A st_penalty_log -j
CONNMARK --or-mark 0x1000000
06-10 13:34:33.504 D/IptablesRestoreController( 4609): -A st_penalty_log -j NFLOG
--nflog-group 0
06-10 13:34:33.504 D/IptablesRestoreController( 4609): -A st_penalty_reject -j
CONNMARK --or-mark 0x2000000
06-10 13:34:33.504 D/IptablesRestoreController( 4609): -A st_penalty_reject -j
NFLOG --nflog-group 0
06-10 13:34:33.504 D/IptablesRestoreController( 4609): -A st_penalty_reject -j
REJECT
06-10 13:34:33.504 D/IptablesRestoreController( 4609): -A st_clear_detect -m
connmark --mark 0x2000000/0x2000000 -j REJECT
06-10 13:34:33.504 D/IptablesRestoreController( 4609): -A st_clear_detect -m
connmark --mark 0x1000000/0x1000000 -j RETURN
06-10 13:34:33.504 D/IptablesRestoreController( 4609): -A st_clear_detect -p tcp -m
u32 --u32 "0>>22&0x3C@ 12>>26&0x3C@ 0&0xFFFF0000=0x16030000 &&0>>22&0x3C@
12>>26&0x3C@ 4&0x00FF0000=0x00010000" -j CONNMARK --or-mark 0x1000000
06-10 13:34:33.504 D/IptablesRestoreController( 4609): -A st_clear_detect -p udp -m
u32 --u32 "0>>22&0x3C@ 8&0xFFFF0000=0x16FE0000 &&0>>22&0x3C@
20&0x00FF0000=0x00010000" -j CONNMARK --or-mark 0x1000000
06-10 13:34:33.504 D/IptablesRestoreController( 4609): -A st_clear_detect -m
connmark --mark 0x1000000/0x1000000 -j RETURN
06-10 13:34:33.504 D/IptablesRestoreController( 4609): -A st_clear_detect -p tcp -m
state --state ESTABLISHED -m u32 --u32 "0>>22&0x3C@ 12>>26&0x3C@ 0&0x0=0x0" -j
st_clear_caught
06-10 13:34:33.504 D/IptablesRestoreController( 4609): -A st_clear_detect -p udp -j
st_clear_caught
06-10 13:34:33.504 D/IptablesRestoreController( 4609): COMMIT
06-10 13:34:33.506 D/IptablesRestoreController( 4609): [iptables debug]iptables-
restore execute done, res : 0
06-10 13:34:33.506 D/IptablesRestoreController( 4609): [iptables debug]iptables-
restore execute *filter
06-10 13:34:33.506 D/IptablesRestoreController( 4609): -A st_penalty_log -j
CONNMARK --or-mark 0x1000000
06-10 13:34:33.506 D/IptablesRestoreController( 4609): -A st_penalty_log -j NFLOG
--nflog-group 0
06-10 13:34:33.506 D/IptablesRestoreController( 4609): -A st_penalty_reject -j
CONNMARK --or-mark 0x2000000
06-10 13:34:33.506 D/IptablesRestoreController( 4609): -A st_penalty_reject -j
NFLOG --nflog-group 0
06-10 13:34:33.506 D/IptablesRestoreController( 4609): -A st_penalty_reject -j
REJECT
06-10 13:34:33.506 D/IptablesRestoreController( 4609): -A st_clear_detect -m
connmark --mark 0x2000000/0x2000000 -j REJECT
06-10 13:34:33.506 D/IptablesRestoreController( 4609): -A st_clear_detect -m
connmark --mark 0x1000000/0x1000000 -j RETURN
06-10 13:34:33.506 D/IptablesRestoreController( 4609): -A st_clear_detect -p tcp -m
u32 --u32 "52>>26&0x3C@ 40&0xFFFF0000=0x16030000 &&52>>26&0x3C@
44&0x00FF0000=0x00010000" -j CONNMARK --or-mark 0x1000000
06-10 13:34:33.506 D/IptablesRestoreController( 4609): -A st_clear_detect -p udp -m
u32 --u32 "48&0xFFFF0000=0x16FE0000 &&60&0x00FF0000=0x00010000" -j CONNMARK --or-
mark 0x1000000
06-10 13:34:33.506 D/IptablesRestoreController( 4609): -A st_clear_detect -m
connmark --mark 0x1000000/0x1000000 -j RETURN
06-10 13:34:33.506 D/IptablesRestoreController( 4609): -A st_clear_detect -p tcp -m
state --state ESTABLISHED -m u32 --u32 "52>>26&0x3C@ 40&0x0=0x0" -j st_clear_caught
06-10 13:34:33.506 D/IptablesRestoreController( 4609): -A st_clear_detect -p udp -j
st_clear_caught
06-10 13:34:33.506 D/IptablesRestoreController( 4609): COMMIT
06-10 13:34:33.508 D/IptablesRestoreController( 4609): [iptables debug]iptables-
restore execute done, res : 0
06-10 13:34:33.508 I/netd ( 4609): Setting up StrictController hooks: 4765us
06-10 13:34:33.508 D/IptablesRestoreController( 4609): [iptables debug]iptables-
restore execute *nat
06-10 13:34:33.508 D/IptablesRestoreController( 4609): :mec_nat_OUTPUT -
06-10 13:34:33.508 D/IptablesRestoreController( 4609): COMMIT
06-10 13:34:33.509 D/IptablesRestoreController( 4609): [iptables debug]iptables-
restore execute done, res : 0
06-10 13:34:33.509 I/netd ( 4609): Setting up MecController::makeMecChain()
hooks: 990us
06-10 13:34:33.509 D/IptablesRestoreController( 4609): [iptables debug]iptables-
restore execute *filter
06-10 13:34:33.509 D/IptablesRestoreController( 4609): :limit -
06-10 13:34:33.509 D/IptablesRestoreController( 4609): -A limit -p tcp ! --tcp-
flags FIN,SYN,RST NONE -j RETURN
06-10 13:34:33.509 D/IptablesRestoreController( 4609): -A limit -p tcp --tcp-flags
ACK ACK -m length --length 0:53 -j RETURN
06-10 13:34:33.509 D/IptablesRestoreController( 4609): -A limit -p tcp --dport 53 -
j RETURN
06-10 13:34:33.509 D/IptablesRestoreController( 4609): -A limit -p udp --dport 53 -
j RETURN
06-10 13:34:33.509 D/IptablesRestoreController( 4609): -A INPUT -p all -j limit
06-10 13:34:33.509 D/IptablesRestoreController( 4609): COMMIT
06-10 13:34:33.511 D/IptablesRestoreController( 4609): [iptables debug]iptables-
restore execute done, res : 0
06-10 13:34:33.511 I/netd ( 4609): Setting up NetlimitControl hooks: 2272us
06-10 13:34:33.511 I/ClatdController( 4609): 4.9+ kernel and device shipped with Q+
clat ebpf should work.
06-10 13:34:33.511 I/netd ( 4609): Initializing ClatdController: 273us
06-10 13:34:33.513 I/netd ( 4609): Initializing traffic control: 1789us
06-10 13:34:33.513 D/IptablesRestoreController( 4609): [iptables debug]iptables-
restore execute *filter
06-10 13:34:33.513 D/IptablesRestoreController( 4609): -S
06-10 13:34:33.513 D/IptablesRestoreController( 4609): COMMIT
06-10 13:34:33.514 D/IptablesRestoreController( 4609): [iptables debug]iptables-
restore execute done, res : 0
06-10 13:34:33.515 D/IptablesRestoreController( 4609): [iptables debug]iptables-
restore execute *filter
06-10 13:34:33.515 D/IptablesRestoreController( 4609): :bw_INPUT -
06-10 13:34:33.515 D/IptablesRestoreController( 4609): :bw_OUTPUT -
06-10 13:34:33.515 D/IptablesRestoreController( 4609): :bw_FORWARD -
06-10 13:34:33.515 D/IptablesRestoreController( 4609): :bw_happy_box -
06-10 13:34:33.515 D/IptablesRestoreController( 4609): :bw_penalty_box -
06-10 13:34:33.515 D/IptablesRestoreController( 4609): :bw_data_saver -
06-10 13:34:33.515 D/IptablesRestoreController( 4609): :bw_costly_shared -
06-10 13:34:33.515 D/IptablesRestoreController( 4609): :bw_global_alert -
06-10 13:34:33.515 D/IptablesRestoreController( 4609): :bw_foc_box -
06-10 13:34:33.515 D/IptablesRestoreController( 4609): COMMIT
06-10 13:34:33.515 D/IptablesRestoreController( 4609): *raw
06-10 13:34:33.515 D/IptablesRestoreController( 4609): :bw_raw_PREROUTING -
06-10 13:34:33.515 D/IptablesRestoreController( 4609): COMMIT
06-10 13:34:33.515 D/IptablesRestoreController( 4609): *mangle
06-10 13:34:33.515 D/IptablesRestoreController( 4609): :bw_mangle_POSTROUTING -
06-10 13:34:33.515 D/IptablesRestoreController( 4609): COMMIT
06-10 13:34:33.516 D/IptablesRestoreController( 4609): [iptables debug]iptables-
restore execute done, res : 0
06-10 13:34:33.517 D/IptablesRestoreController( 4609): [iptables debug]iptables-
restore execute *filter
06-10 13:34:33.517 D/IptablesRestoreController( 4609): -A bw_INPUT -j
bw_global_alert
06-10 13:34:33.517 D/IptablesRestoreController( 4609): -A bw_INPUT -p esp -j RETURN
06-10 13:34:33.517 D/IptablesRestoreController( 4609): -A bw_INPUT -m mark --mark
0x100000/0x100000 -j RETURN
06-10 13:34:33.517 D/IptablesRestoreController( 4609):
06-10 13:34:33.517 D/IptablesRestoreController( 4609): -A bw_INPUT -j MARK --or-
mark 0x100000
06-10 13:34:33.517 D/IptablesRestoreController( 4609): -A bw_OUTPUT -j
bw_global_alert
06-10 13:34:33.517 D/IptablesRestoreController( 4609):
06-10 13:34:33.517 D/IptablesRestoreController( 4609):
06-10 13:34:33.517 D/IptablesRestoreController( 4609):
06-10 13:34:33.517 D/IptablesRestoreController( 4609):
06-10 13:34:33.517 D/IptablesRestoreController( 4609): -A bw_costly_shared -j
bw_penalty_box
06-10 13:34:33.517 D/IptablesRestoreController( 4609): -I bw_penalty_box -m bpf --
object-pinned /sys/fs/bpf/prog_netd_skfilter_blacklist_xtbpf -j REJECT
06-10 13:34:33.517 D/IptablesRestoreController( 4609): -A bw_penalty_box -j
bw_happy_box
06-10 13:34:33.517 D/IptablesRestoreController( 4609): -A bw_happy_box -j
bw_data_saver
06-10 13:34:33.517 D/IptablesRestoreController( 4609): -A bw_data_saver -j RETURN
06-10 13:34:33.517 D/IptablesRestoreController( 4609): -I bw_happy_box -m bpf --
object-pinned /sys/fs/bpf/prog_netd_skfilter_whitelist_xtbpf -j RETURN
06-10 13:34:33.517 D/IptablesRestoreController( 4609): COMMIT
06-10 13:34:33.517 D/IptablesRestoreController( 4609): *raw
06-10 13:34:33.517 D/IptablesRestoreController( 4609): -A bw_raw_PREROUTING -i
ipsec+ -j RETURN
06-10 13:34:33.517 D/IptablesRestoreController( 4609): -A bw_raw_PREROUTING -m
policy --pol ipsec --dir in -j RETURN
06-10 13:34:33.517 D/IptablesRestoreController( 4609): -A bw_raw_PREROUTING -m bpf
--object-pinned /sys/fs/bpf/prog_netd_skfilter_ingress_xtbpf
06-10 13:34:33.517 D/IptablesRestoreController( 4609): COMMIT
06-10 13:34:33.517 D/IptablesRestoreController( 4609): *mangle
06-10 13:34:33.517 D/IptablesRestoreController( 4609): -A bw_mangle_POSTROUTING -o
ipsec+ -j RETURN
06-10 13:34:33.517 D/IptablesRestoreController( 4609): -A bw_mangle_POSTROUTING -m
policy --pol ipsec --dir out -j RETURN
06-10 13:34:33.517 D/IptablesRestoreController( 4609): -A bw_mangle_POSTROUTING -j
MARK --set-mark 0x0/0x100000
06-10 13:34:33.517 D/IptablesRestoreController( 4609): -A bw_mangle_POSTROUTING -m
owner --uid-owner clat -j RETURN
06-10 13:34:33.517 D/IptablesRestoreController( 4609): -A bw_ma
06-10 13:34:33.518 I/ServiceManager( 4608): Waiting for service 'statscompanion' on
'/dev/binder'...
06-10 13:34:33.520 E/audit ( 4577): type=1400 audit(1686422073.515:22): avc:
denied { write } for pid=1 comm="init" name="wakeup_keys" dev="sysfs" ino=39755
scontext=u:r:init:s0 tcontext=u:object_r:sysfs_ski_key_writable:s0 tclass=file
permissive=0 SEPF_SM-A217M_11_0009 audit_filtered
06-10 13:34:33.521 D/IptablesRestoreController( 4609): [iptables debug]iptables-
restore execute done, res : 0
06-10 13:34:33.522 I/netd ( 4609): Enabling bandwidth control: 8259us
06-10 13:34:33.523 E/Netd ( 4609): cannot find interface dummy0: No such device
06-10 13:34:33.523 I/netd ( 4609): Initializing RouteController: 1755us
06-10 13:34:33.524 D/XfrmController( 4609): XfrmController::ipSecAddXfrmInterface,
line=1377
06-10 13:34:33.527 D/XfrmController( 4609):
XfrmController::ipSecRemoveTunnelInterface, line=1590
06-10 13:34:33.527 D/XfrmController( 4609): deviceName=ipsec_test
06-10 13:34:33.541 I/engmode_tlc( 4591): Wait for ta response(300/3000)
06-10 13:34:33.552 I/HidlServiceManagement( 4628): Registered
[email protected]::IAllocator/ashmem
06-10 13:34:33.553 I/HidlServiceManagement( 4628): Removing namespace from process
name [email protected] to [email protected].
06-10 13:34:33.554 D/XfrmController( 4609): Sending Netlink XFRM Message:
XFRM_MSG_FLUSHSA
06-10 13:34:33.554 D/XfrmController( 4609): Sending Netlink XFRM Message:
XFRM_MSG_FLUSHPOLICY
06-10 13:34:33.554 I/netd ( 4609): Initializing XfrmController: 30862us
06-10 13:34:33.561 I/libnetd_resolv( 4609): resolv_init: Initializing resolver
06-10 13:34:33.566 I/servicemanager( 4300): Adding 'u:r:netd:s0' service
(dnsresolver:4609)
06-10 13:34:33.571 I/[email protected]( 4630): registering
IBluetoothHCI services
06-10 13:34:33.572 I/engmode_tlc( 4591): em_tlc_send_teegris : Invoke Command
Done..(0x00000000)
06-10 13:34:33.572 I/engmode_tlc( 4591): em_tlc_send_teegris : Release
SharedMemory(req_buf) Done..
06-10 13:34:33.573 I/engmode_tlc( 4591): em_tlc_send_teegris : Release
SharedMemory(rsp_buf) Done..
06-10 13:34:33.574 I/engmode_tlc( 4591): em_tlc_send_teegris : Close Session Done..
06-10 13:34:33.574 I/servicemanager( 4300): Adding 'u:r:netd:s0' service
(netd:4609)
06-10 13:34:33.575 I/engmode_tlc( 4591): em_tlc_send_teegris : Finalize Context
Done..
06-10 13:34:33.575 I/engmode_tlc( 4591): Nwd api = 0x00000000, Swd internal =
0x00000000
06-10 13:34:33.575 I/engmode_tlc( 4591): Wait kill signal
06-10 13:34:33.586 I/HidlServiceManagement( 4630): Registered
[email protected]::IBluetoothHci/default
06-10 13:34:33.587 I/HidlServiceManagement( 4630): Removing namespace from process
name [email protected] to [email protected].
06-10 13:34:33.587 I/LegacySupport( 4630): Registration complete for
[email protected]::IBluetoothHci/default.
06-10 13:34:33.587 I/[email protected]( 4630): First OS
version = 29
06-10 13:34:33.587 I/[email protected]( 4630): registering
Bluetooth Vendor HIDL services
06-10 13:34:33.588 I/HidlServiceManagement( 4630): Registered
[email protected]::ISehBluetooth/default
06-10 13:34:33.591 I/engmode_tlc( 4591): TA reply response, pass waiting
06-10 13:34:33.592 I/engmode_tlc( 4591): Done waiting thread(isTimeOut:FALSE)
06-10 13:34:33.592 I/engmode_tlc( 4591): em tlc send result 0x00000000
06-10 13:34:33.592 I/engmode_tlc( 4591): kill thread (488806268096)
06-10 13:34:33.592 I/engmode_tlc( 4591): Got signal 10, tid: 488806268096
06-10 13:34:33.592 I/engmode_tlc( 4591): tlc thr cleanup
06-10 13:34:33.598 W/[email protected]( 4632):
libminijail[4632]: allowing syscall: connect
06-10 13:34:33.598 W/[email protected]( 4632):
libminijail[4632]: allowing syscall: fcntl
06-10 13:34:33.598 W/[email protected]( 4632):
libminijail[4632]: allowing syscall: sendto
06-10 13:34:33.598 W/[email protected]( 4632):
libminijail[4632]: allowing syscall: socket
06-10 13:34:33.598 W/[email protected]( 4632):
libminijail[4632]: allowing syscall: writev
06-10 13:34:33.601 W/[email protected]( 4632):
libminijail[4632]: logging seccomp filter failures
06-10 13:34:33.603 I/engmode_steady( 4591): ready from steady(11264)
06-10 13:34:33.606 I/HidlServiceManagement( 4632): Registered
[email protected]::ISurfaceFlingerConfigs/default
06-10 13:34:33.606 I/HidlServiceManagement( 4632): Removing namespace from process
name [email protected] to [email protected].
06-10 13:34:33.610 D/gatekeeper( 4640): GATEKEEPER gk_device_open
06-10 13:34:33.610 D/gatekeeper( 4640): Gatekeeper checked vendor.tzts_daemon :
Ready property
06-10 13:34:33.618 I/ServiceManager( 4608): Waiting for service 'statscompanion' on
'/dev/binder'...
06-10 13:34:33.625 D/gatekeeper( 4640): GATEKEEPER OpenSession is success
06-10 13:34:33.626 D/gatekeeper( 4640): GATEKEEPER open success
06-10 13:34:33.628 I/engmode_steady( 4591): ready from steady(69632)
06-10 13:34:33.629 I/engmode_world( 4591): No server time
06-10 13:34:33.629 I/engmode_tlc( 4591): EM version = 30.1.02
06-10 13:34:33.629 I/engmode_tlc( 4591): EM C/C : 00000003/00000002
06-10 13:34:33.629 I/HidlServiceManagement( 4640): Registered
[email protected]::IGatekeeper/default
06-10 13:34:33.629 I/engmode_tlc( 4591): TA Thread is running(488806268096/0)
06-10 13:34:33.629 I/engmode_tlc( 4591): em_tlc_send_teegris : Try initialize
context..
06-10 13:34:33.630 I/HidlServiceManagement( 4640): Removing namespace from process
name [email protected] to [email protected].
06-10 13:34:33.630 I/engmode_tlc( 4591): em_tlc_send_teegris : Initilize Context
Done..
06-10 13:34:33.636 I/HidlServiceManagement( 4654): Registered
[email protected]::IMemtrack/default
06-10 13:34:33.637 I/HidlServiceManagement( 4654): Removing namespace from process
name [email protected] to [email protected].
06-10 13:34:33.637 I/LegacySupport( 4654): Registration complete for
[email protected]::IMemtrack/default.
06-10 13:34:33.643 I/vaultkeeper( 4485): runCommand Success.(TA ret = 0)
06-10 13:34:33.645 I/vaultkeeper( 4485): VAULTKEEPER SERVICE READY!
06-10 13:34:33.648 I/engmode_tlc( 4591): em_tlc_send_teegris : OpenSession Done..
06-10 13:34:33.648 I/engmode_tlc( 4591): em_tlc_send_teegris : Allocate
SharedMemory(req_buf) Done..
06-10 13:34:33.648 I/engmode_tlc( 4591): em_tlc_send_teegris : Allocate
SharedMemory(rsp_buf) Done..
06-10 13:34:33.651 W/[email protected]( 4652): main
06-10 13:34:33.662 I/engmode_tlc( 4591): em_tlc_send_teegris : Invoke Command
Done..(0x00000000)
06-10 13:34:33.661 I/vendor.samsung.hardware.light-service( 4665): Start Lights
AIDL!
06-10 13:34:33.662 W/[email protected]( 4652):
HIDL_FETCH_IHealth: default
06-10 13:34:33.662 I/engmode_tlc( 4591): em_tlc_send_teegris : Release
SharedMemory(req_buf) Done..
06-10 13:34:33.662 I/engmode_tlc( 4591): em_tlc_send_teegris : Release
SharedMemory(rsp_buf) Done..
06-10 13:34:33.663 I/SehLight( 4665): Found sysfs :
/sys/class/backlight/panel/brightness
06-10 13:34:33.663 I/SehLight( 4665): updateSupportedLights : 0
06-10 13:34:33.664 I/engmode_tlc( 4591): em_tlc_send_teegris : Close Session Done..
06-10 13:34:33.665 I/engmode_tlc( 4591): em_tlc_send_teegris : Finalize Context
Done..
06-10 13:34:33.665 I/engmode_tlc( 4591): Nwd api = 0x00000000, Swd internal =
0xf02d0010
06-10 13:34:33.665 I/engmode_tlc( 4591): Wait kill signal
06-10 13:34:33.666 I/servicemanager( 4300): getDeviceHalManifest: Reading VINTF
information.
06-10 13:34:33.666 I/audiohalservice( 4629): Start audio hidl service
06-10 13:34:33.667 I/HidlServiceManagement( 4658): Registered
[email protected]::IUsb/default
06-10 13:34:33.668 I/HidlServiceManagement( 4658): Removing namespace from process
name [email protected] to [email protected].
06-10 13:34:33.668 I/[email protected]( 4658): USB HAL
Ready.
06-10 13:34:33.670 I/hwservicemanager( 4301): getTransport: Cannot find entry
[email protected]::IDevicesFactory/default in either framework or device
manifest.
06-10 13:34:33.671 I/gralloc ( 4644): Arm Module v1.0
06-10 13:34:33.671 D/HYPER-HAL( 4663): sec-hyper-aidl start!
06-10 13:34:33.672 E/LegacySupport( 4629): Could not get passthrough implementation
for [email protected]::IDevicesFactory/default.
06-10 13:34:33.674 I/HidlServiceManagement( 4631): Registered
[email protected]::IMediaCasService/default
06-10 13:34:33.675 I/HidlServiceManagement( 4631): Removing namespace from process
name [email protected] to [email protected].
06-10 13:34:33.676 I/servicemanager( 4300): getDeviceHalManifest: Successfully
processed VINTF information
06-10 13:34:33.676 I/servicemanager( 4300): getFrameworkHalManifest: Reading VINTF
information.
06-10 13:34:33.678 E/audit ( 4577): type=1400 audit(1686422073.675:23): avc:
denied { read } for pid=4652 comm="android.hardwar" name="type" dev="sysfs"
ino=44124 scontext=u:r:hal_health_default:s0 tcontext=u:object_r:sysfs:s0
tclass=file permissive=0 SEPF_SM-A217M_11_0009 audit_filtered
06-10 13:34:33.678 I/HidlServiceManagement( 4633): Registered
[email protected]::IDrmFactory/clearkey
06-10 13:34:33.678 I/HidlServiceManagement( 4633): Removing namespace from process
name [email protected] to [email protected].
06-10 13:34:33.680 I/engmode_tlc( 4591): TA reply response, pass waiting
06-10 13:34:33.680 I/engmode_tlc( 4591): Done waiting thread(isTimeOut:FALSE)
06-10 13:34:33.680 I/engmode_tlc( 4591): em tlc send result 0x00000000
06-10 13:34:33.680 I/engmode_tlc( 4591): kill thread (488806268096)
06-10 13:34:33.680 I/HidlServiceManagement( 4644): Registered
[email protected]::IAllocator/default
06-10 13:34:33.680 I/engmode_tlc( 4591): Got signal 10, tid: 488806268096
06-10 13:34:33.680 I/engmode_tlc( 4591): tlc thr cleanup
06-10 13:34:33.680 I/HidlServiceManagement( 4644): Removing namespace from process
name [email protected] to [email protected].
06-10 13:34:33.680 I/LegacySupport( 4644): Registration complete for
[email protected]::IAllocator/default.
06-10 13:34:33.680 E/engmode_world( 4591): Failed emIsTokenInstalled(0xf02d0010)
06-10 13:34:33.680 I/engmode_binder_server( 4591): VERSION = 20/0xf02d0010
06-10 13:34:33.680 I/engmode_cache_list( 4591): clist created(20)
06-10 13:34:33.680 I/engmode_binder_server( 4591): Notify To Cp count (0)
06-10 13:34:33.681 E/engmode_ril_command( 4591): Failed to Connect_RILD, ret : 4
06-10 13:34:33.681 E/engmode_ril_command( 4591): Connect to fail(-803209197).
06-10 13:34:33.681 I/engmode_binder_server( 4591): Notify To Cp count (1)
06-10 13:34:33.681 E/engmode_ril_command( 4591): Failed to Connect_RILD, ret : 4
06-10 13:34:33.681 E/engmode_ril_command( 4591): Connect to fail(-803209197).
06-10 13:34:33.681 I/engmode_binder_server( 4591): Notify To Cp count (2)
06-10 13:34:33.681 E/engmode_ril_command( 4591): Failed to Connect_RILD, ret : 4
06-10 13:34:33.681 E/engmode_ril_command( 4591): Connect to fail(-803209197).
06-10 13:34:33.681 I/engmode_binder_server( 4591): Notify To Cp count (3)
06-10 13:34:33.681 I/servicemanager( 4300): getFrameworkHalManifest: Successfully
processed VINTF information
06-10 13:34:33.681 E/engmode_ril_command( 4591): Failed to Connect_RILD, ret : 4
06-10 13:34:33.681 E/engmode_ril_command( 4591): Connect to fail(-803209197).
06-10 13:34:33.681 I/engmode_binder_server( 4591): Notify To Cp count (4)
06-10 13:34:33.681 I/servicemanager( 4300): Found
android.hardware.light.ILights/default in device VINTF manifest.
06-10 13:34:33.681 I/HidlServiceManagement( 4633): Registered
[email protected]::ICryptoFactory/clearkey
06-10 13:34:33.681 E/engmode_ril_command( 4591): Failed to Connect_RILD, ret : 4
06-10 13:34:33.681 E/engmode_ril_command( 4591): Connect to fail(-803209197).
06-10 13:34:33.681 I/engmode_binder_server( 4591): Notify To Cp count (5)
06-10 13:34:33.681 E/engmode_ril_command( 4591): Failed to Connect_RILD, ret : 4
06-10 13:34:33.681 E/engmode_ril_command( 4591): Connect to fail(-803209197).
06-10 13:34:33.681 I/engmode_binder_server( 4591): Notify To Cp count (6)
06-10 13:34:33.681 I/HidlServiceManagement( 4633): Removing namespace from process
name [email protected] to [email protected].
06-10 13:34:33.681 E/engmode_ril_command( 4591): Failed to Connect_RILD, ret : 4
06-10 13:34:33.681 E/engmode_ril_command( 4591): Connect to fail(-803209197).
06-10 13:34:33.682 I/servicemanager( 4300): Adding 'u:r:hal_light_default:s0'
service (android.hardware.light.ILights/default:4665)
06-10 13:34:33.682 I/engmode_binder_server( 4591): Notify To Cp count (7)
06-10 13:34:33.682 E/engmode_ril_command( 4591): Failed to Connect_RILD, ret : 4
06-10 13:34:33.682 E/engmode_ril_command( 4591): Connect to fail(-803209197).
06-10 13:34:33.682 I/engmode_binder_server( 4591): Notify To Cp count (8)
06-10 13:34:33.682 E/engmode_ril_command( 4591): Failed to Connect_RILD, ret : 4
06-10 13:34:33.682 E/engmode_ril_command( 4591): Connect to fail(-803209197).
06-10 13:34:33.682 I/engmode_binder_server( 4591): Notify To Cp count (9)
06-10 13:34:33.682 E/engmode_ril_command( 4591): Failed to Connect_RILD, ret : 4
06-10 13:34:33.682 E/engmode_ril_command( 4591): Connect to fail(-803209197).
06-10 13:34:33.683 I/vndservicemanager( 4302): Adding 'u:r:emservice:s0' service
(EngineeringModeService:4591)
06-10 13:34:33.683 I/engmode_binder_server( 4591): EngineeringModeHandlerService =
0
06-10 13:34:33.684 I/engmode_binder_server( 4591): EngineeringModeHandler is now
ready
06-10 13:34:33.691 I/SensorsHub( 4657): SensorList size 792 num 18 unitsize 44
06-10 13:34:33.691 I/SensorsHub( 4657): handle 1
06-10 13:34:33.691 I/SensorsHub( 4657): name LSM6DSL
06-10 13:34:33.691 I/SensorsHub( 4657): vendor STM
06-10 13:34:33.691 I/SensorsHub( 4657): version 1
06-10 13:34:33.691 I/SensorsHub( 4657): maxRage 78.453201
06-10 13:34:33.691 I/SensorsHub( 4657): resolution 0.002394
06-10 13:34:33.691 I/SensorsHub( 4657): Delay min 5000 Max 160000
06-10 13:34:33.691 I/SensorsHub( 4657): fifo 0 0
06-10 13:34:33.691 I/SensorsHub( 4657): wakeup 0 flags b
06-10 13:34:33.694 E/HYPER-HAL( 4663): [JsonParser.cpp]ParseHints(): targetResource
of LPMBias is null
06-10 13:34:33.695 E/HYPER-HAL( 4663): [JsonParser.cpp]ParseHints(): targetResource
of LPMBias is null
06-10 13:34:33.695 I/SensorsHub( 4657): AccSensor
06-10 13:34:33.695 I/SensorsHub( 4657): sensor_name LSM6DSL Accelerometer
mSensorInfo.name LSM6DSL Accelerometer
06-10 13:34:33.695 I/SensorsHub( 4657): injection path /dev/ssp_data_injection
06-10 13:34:33.695 I/SensorsHub( 4657): index 0, LSM6DSL
06-10 13:34:33.695 I/SensorsHub( 4657): handle 2
06-10 13:34:33.695 I/SensorsHub( 4657): name AK09918C
06-10 13:34:33.695 I/SensorsHub( 4657): vendor Asahi Kasei Microdevices
06-10 13:34:33.695 I/SensorsHub( 4657): version 1
06-10 13:34:33.695 I/SensorsHub( 4657): maxRage 4900.000000
06-10 13:34:33.695 I/SensorsHub( 4657): resolution 0.060000
06-10 13:34:33.695 I/SensorsHub( 4657): Delay min 10000 Max 160000
06-10 13:34:33.695 I/SensorsHub( 4657): fifo 0 0
06-10 13:34:33.695 I/SensorsHub( 4657): wakeup 0 flags b
06-10 13:34:33.695 E/HYPER-HAL( 4663): [JsonParser.cpp]ParseHints(): targetResource
of DDRMinFreq is null
06-10 13:34:33.700 I/SensorsHub( 4657): MagneticSensor
06-10 13:34:33.700 I/SensorsHub( 4657): sensor_name AK09918C Magnetometer
mSensorInfo.name AK09918C Magnetometer
06-10 13:34:33.700 I/SensorsHub( 4657): injection path /dev/ssp_data_injection
06-10 13:34:33.700 I/SensorsHub( 4657): index 1, AK09918C
06-10 13:34:33.700 I/SensorsHub( 4657): handle 4
06-10 13:34:33.700 I/SensorsHub( 4657): name LSM6DSL
06-10 13:34:33.700 I/SensorsHub( 4657): vendor STM
06-10 13:34:33.700 I/SensorsHub( 4657): version 1
06-10 13:34:33.700 I/SensorsHub( 4657): maxRage 17.453293
06-10 13:34:33.700 I/SensorsHub( 4657): resolution 0.000611
06-10 13:34:33.700 I/SensorsHub( 4657): Delay min 5000 Max 160000
06-10 13:34:33.700 I/SensorsHub( 4657): fifo 0 0
06-10 13:34:33.700 I/SensorsHub( 4657): wakeup 0 flags b
06-10 13:34:33.701 I/SensorsHub( 4657): GyroSensor
06-10 13:34:33.701 I/SensorsHub( 4657): sensor_name LSM6DSL Gyroscope
mSensorInfo.name LSM6DSL Gyroscope
06-10 13:34:33.701 I/SensorsHub( 4657): injection path /dev/ssp_data_injection
06-10 13:34:33.701 I/SensorsHub( 4657): index 2, LSM6DSL
06-10 13:34:33.701 I/SensorsHub( 4657): handle 8
06-10 13:34:33.701 I/SensorsHub( 4657): name GP2AP110S
06-10 13:34:33.701 I/SensorsHub( 4657): vendor Sharp
06-10 13:34:33.701 I/SensorsHub( 4657): version 1
06-10 13:34:33.701 I/SensorsHub( 4657): maxRage 8.000000
06-10 13:34:33.701 I/SensorsHub( 4657): resolution 1.000000
06-10 13:34:33.701 I/SensorsHub( 4657): Delay min 0 Max 0
06-10 13:34:33.701 I/SensorsHub( 4657): fifo 0 0
06-10 13:34:33.701 I/SensorsHub( 4657): wakeup 1 flags b
06-10 13:34:33.702 I/SensorsHub( 4657): ProximitySensor
06-10 13:34:33.702 I/SensorsHub( 4657): sensor_name GP2AP110S Proximity
mSensorInfo.name GP2AP110S Proximity
06-10 13:34:33.702 I/SensorsHub( 4657): injection path /dev/ssp_data_injection
06-10 13:34:33.702 I/SensorsHub( 4657): index 3, GP2AP110S
06-10 13:34:33.702 I/SensorsHub( 4657): handle 14
06-10 13:34:33.702 I/SensorsHub( 4657): name AK09918C
06-10 13:34:33.702 I/SensorsHub( 4657): vendor Asahi Kasei Microdevices
06-10 13:34:33.702 I/SensorsHub( 4657): version 1
06-10 13:34:33.702 I/SensorsHub( 4657): maxRage 4900.000000
06-10 13:34:33.702 I/SensorsHub( 4657): resolution 0.060000
06-10 13:34:33.702 I/SensorsHub( 4657): Delay min 10000 Max 160000
06-10 13:34:33.702 I/SensorsHub( 4657): fifo 0 0
06-10 13:34:33.702 I/SensorsHub( 4657): wakeup 0 flags b
06-10 13:34:33.703 I/SensorsHub( 4657): UncalMagneticSensor
06-10 13:34:33.703 I/SensorsHub( 4657): sensor_name AK09918C Magnetometer
Uncalibrated mSensorInfo.name AK09918C Magnetometer Uncalibrated
06-10 13:34:33.703 I/SensorsHub( 4657): injection path /dev/ssp_data_injection
06-10 13:34:33.703 I/SensorsHub( 4657): index 4, AK09918C
06-10 13:34:33.703 I/SensorsHub( 4657): handle 16
06-10 13:34:33.703 I/SensorsHub( 4657): name LSM6DSL
06-10 13:34:33.703 I/SensorsHub( 4657): vendor STM
06-10 13:34:33.703 I/SensorsHub( 4657): version 1
06-10 13:34:33.703 I/SensorsHub( 4657): maxRage 17.453293
06-10 13:34:33.703 I/SensorsHub( 4657): resolution 0.000611
06-10 13:34:33.703 I/SensorsHub( 4657): Delay min 5000 Max 160000
06-10 13:34:33.703 I/SensorsHub( 4657): fifo 0 0
06-10 13:34:33.703 I/SensorsHub( 4657): wakeup 0 flags b
06-10 13:34:33.704 I/SensorsHub( 4657): UncalGyroSensor
06-10 13:34:33.704 I/SensorsHub( 4657): sensor_name LSM6DSL Gyroscope Uncalibrated
mSensorInfo.name LSM6DSL Gyroscope Uncalibrated
06-10 13:34:33.704 I/SensorsHub( 4657): injection path /dev/ssp_data_injection
06-10 13:34:33.704 I/SensorsHub( 4657): index 5, LSM6DSL
06-10 13:34:33.704 I/SensorsHub( 4657): handle 17
06-10 13:34:33.704 I/SensorsHub( 4657): name
06-10 13:34:33.704 I/SensorsHub( 4657): vendor Samsung Inc.
06-10 13:34:33.704 I/SensorsHub( 4657): version 2
06-10 13:34:33.704 I/SensorsHub( 4657): maxRage 1.000000
06-10 13:34:33.704 I/SensorsHub( 4657): resolution 1.000000
06-10 13:34:33.704 I/SensorsHub( 4657): Delay min -1 Max 0
06-10 13:34:33.704 I/SensorsHub( 4657): fifo 0 0
06-10 13:34:33.704 I/SensorsHub( 4657): wakeup 1 flags b
06-10 13:34:33.704 I/SensorsHub( 4657): SigMotionSensor
06-10 13:34:33.704 I/SensorsHub( 4657): sensor_name Significant Motion
mSensorInfo.name Significant Motion
06-10 13:34:33.704 I/SensorsHub( 4657): injection path /dev/ssp_data_injection
06-10 13:34:33.704 I/SensorsHub( 4657): index 6,
06-10 13:34:33.704 I/SensorsHub( 4657): handle 18
06-10 13:34:33.704 I/SensorsHub( 4657): name
06-10 13:34:33.704 I/SensorsHub( 4657): vendor Samsung Inc.
06-10 13:34:33.704 I/SensorsHub( 4657): version 1
06-10 13:34:33.704 I/SensorsHub( 4657): maxRage 1.000000
06-10 13:34:33.704 I/SensorsHub( 4657): resolution 1.000000
06-10 13:34:33.704 I/SensorsHub( 4657): Delay min 0 Max 0
06-10 13:34:33.704 I/SensorsHub( 4657): fifo 0 0
06-10 13:34:33.704 I/SensorsHub( 4657): wakeup 0 flags b
06-10 13:34:33.705 I/SensorsHub( 4657): StepDetectorSensor
06-10 13:34:33.705 I/SensorsHub( 4657): sensor_name Step Detector mSensorInfo.name
Step Detector
06-10 13:34:33.705 I/SensorsHub( 4657): injection path /dev/ssp_data_injection
06-10 13:34:33.705 I/SensorsHub( 4657): index 7,
06-10 13:34:33.705 I/SensorsHub( 4657): handle 19
06-10 13:34:33.705 I/SensorsHub( 4657): name
06-10 13:34:33.705 I/SensorsHub( 4657): vendor Samsung Inc.
06-10 13:34:33.705 I/SensorsHub( 4657): version 1
06-10 13:34:33.705 I/SensorsHub( 4657): maxRage 4294967296.000000
06-10 13:34:33.705 I/SensorsHub( 4657): resolution 1.000000
06-10 13:34:33.705 I/SensorsHub( 4657): Delay min 0 Max 0
06-10 13:34:33.705 I/SensorsHub( 4657): fifo 0 0
06-10 13:34:33.705 I/SensorsHub( 4657): wakeup 0 flags b
06-10 13:34:33.708 I/SensorsHub( 4657): StepCounterSensor
06-10 13:34:33.708 I/SensorsHub( 4657): sensor_name Step Counter mSensorInfo.name
Step Counter
06-10 13:34:33.708 I/SensorsHub( 4657): injection path /dev/ssp_data_injection
06-10 13:34:33.708 I/SensorsHub( 4657): index 8,
06-10 13:34:33.708 I/SensorsHub( 4657): handle 22
06-10 13:34:33.708 I/SensorsHub( 4657): name
06-10 13:34:33.708 I/SensorsHub( 4657): vendor Samsung Inc.
06-10 13:34:33.708 I/SensorsHub( 4657): version 1
06-10 13:34:33.708 I/SensorsHub( 4657): maxRage 1.000000
06-10 13:34:33.708 I/SensorsHub( 4657): resolution 1.000000
06-10 13:34:33.708 I/SensorsHub( 4657): Delay min 0 Max 0
06-10 13:34:33.708 I/SensorsHub( 4657): fifo 0 0
06-10 13:34:33.708 I/SensorsHub( 4657): wakeup 1 flags b
06-10 13:34:33.708 I/SensorsHub( 4657): TiltDetector
06-10 13:34:33.709 I/SensorsHub( 4657): sensor_name Tilt Detector mSensorInfo.name
Tilt Detector
06-10 13:34:33.709 I/SensorsHub( 4657): injection path /dev/ssp_data_injection
06-10 13:34:33.709 I/SensorsHub( 4657): index 9,
06-10 13:34:33.709 I/SensorsHub( 4657): handle 25
06-10 13:34:33.709 I/SensorsHub( 4657): name
06-10 13:34:33.709 I/SensorsHub( 4657): vendor Samsung Inc.
06-10 13:34:33.709 I/SensorsHub( 4657): version 1
06-10 13:34:33.709 I/SensorsHub( 4657): maxRage 1.000000
06-10 13:34:33.709 I/SensorsHub( 4657): resolution 1.000000
06-10 13:34:33.709 I/SensorsHub( 4657): Delay min -1 Max 0
06-10 13:34:33.709 I/SensorsHub( 4657): fifo 0 0
06-10 13:34:33.709 I/SensorsHub( 4657): wakeup 1 flags b
06-10 13:34:33.709 I/SensorsHub( 4657): PickupGesture
06-10 13:34:33.709 I/SensorsHub( 4657): sensor_name Pick Up Gesture
mSensorInfo.name Pick Up Gesture
06-10 13:34:33.709 I/SensorsHub( 4657): injection path /dev/ssp_data_injection
06-10 13:34:33.710 I/servicemanager( 4300): Found
android.hardware.power.IPower/default in device VINTF manifest.
06-10 13:34:33.711 I/servicemanager( 4300): Adding 'u:r:hal_power_default:s0'
service (android.hardware.power.IPower/default:4667)
06-10 13:34:33.711 I/SensorsHub( 4657): index 10,
06-10 13:34:33.711 I/SensorsHub( 4657): handle 29
06-10 13:34:33.711 I/SensorsHub( 4657): name GP2AP110S
06-10 13:34:33.711 I/SensorsHub( 4657): vendor Sharp
06-10 13:34:33.711 I/SensorsHub( 4657): version 1
06-10 13:34:33.711 I/SensorsHub( 4657): maxRage 8.000000
06-10 13:34:33.711 I/SensorsHub( 4657): resolution 1.000000
06-10 13:34:33.711 I/SensorsHub( 4657): Delay min 0 Max 0
06-10 13:34:33.711 I/SensorsHub( 4657): fifo 0 0
06-10 13:34:33.711 I/SensorsHub( 4657): wakeup 1 flags b
06-10 13:34:33.711 E/SensorsHub( 4657): pushSensorList invalid handle 29
06-10 13:34:33.711 I/SensorsHub( 4657): handle 31
06-10 13:34:33.711 I/SensorsHub( 4657): name
06-10 13:34:33.711 I/SensorsHub( 4657): vendor Samsung Inc.
06-10 13:34:33.711 I/SensorsHub( 4657): version 1
06-10 13:34:33.711 I/SensorsHub( 4657): maxRage 17.453293
06-10 13:34:33.711 I/SensorsHub( 4657): resolution 0.000611
06-10 13:34:33.711 I/SensorsHub( 4657): Delay min 20000 Max 20000
06-10 13:34:33.711 I/SensorsHub( 4657): fifo 0 0
06-10 13:34:33.711 I/SensorsHub( 4657): wakeup 0 flags b
06-10 13:34:33.712 I/SensorsHub( 4657): IntGyroSensor
06-10 13:34:33.712 I/SensorsHub( 4657): sensor_name Interrupt Gyroscope
mSensorInfo.name Interrupt Gyroscope
06-10 13:34:33.712 I/SensorsHub( 4657): injection path /dev/ssp_data_injection
06-10 13:34:33.712 I/SensorsHub( 4657): index 11,
06-10 13:34:33.712 I/SensorsHub( 4657): handle 35
06-10 13:34:33.712 I/SensorsHub( 4657): name
06-10 13:34:33.712 I/SensorsHub( 4657): vendor Samsung Inc.
06-10 13:34:33.712 I/SensorsHub( 4657): version 1
06-10 13:34:33.712 I/SensorsHub( 4657): maxRage 1.000000
06-10 13:34:33.712 I/SensorsHub( 4657): resolution 1.000000
06-10 13:34:33.712 I/SensorsHub( 4657): Delay min 0 Max 0
06-10 13:34:33.712 I/SensorsHub( 4657): fifo 0 0
06-10 13:34:33.712 I/SensorsHub( 4657): wakeup 1 flags b
06-10 13:34:33.713 I/SensorsHub( 4657): CallGesture
06-10 13:34:33.713 I/SensorsHub( 4657): sensor_name Call Gesture mSensorInfo.name
Call Gesture
06-10 13:34:33.713 I/SensorsHub( 4657): injection path /dev/ssp_data_injection
06-10 13:34:33.713 I/SensorsHub( 4657): index 12,
06-10 13:34:33.713 I/SensorsHub( 4657): handle 36
06-10 13:34:33.713 I/SensorsHub( 4657): name
06-10 13:34:33.713 I/SensorsHub( 4657): vendor Samsung Inc.
06-10 13:34:33.713 I/SensorsHub( 4657): version 2
06-10 13:34:33.713 I/SensorsHub( 4657): maxRage 1.000000
06-10 13:34:33.713 I/SensorsHub( 4657): resolution 1.000000
06-10 13:34:33.713 I/SensorsHub( 4657): Delay min 0 Max 0
06-10 13:34:33.713 I/SensorsHub( 4657): fifo 0 0
06-10 13:34:33.713 I/SensorsHub( 4657): wakeup 1 flags b
06-10 13:34:33.714 I/SensorsHub( 4657): WakeUpMotion
06-10 13:34:33.714 I/SensorsHub( 4657): sensor_name Wake Up Motion mSensorInfo.name
Wake Up Motion
06-10 13:34:33.714 I/SensorsHub( 4657): injection path /dev/ssp_data_injection
06-10 13:34:33.714 I/SensorsHub( 4657): index 13,
06-10 13:34:33.714 I/SensorsHub( 4657): handle 39
06-10 13:34:33.714 I/SensorsHub( 4657): name
06-10 13:34:33.714 I/SensorsHub( 4657): vendor Samsung Inc.
06-10 13:34:33.714 I/SensorsHub( 4657): version 1
06-10 13:34:33.714 I/SensorsHub( 4657): maxRage 1.000000
06-10 13:34:33.714 I/SensorsHub( 4657): resolution 1.000000
06-10 13:34:33.714 I/SensorsHub( 4657): Delay min 0 Max 0
06-10 13:34:33.714 I/SensorsHub( 4657): fifo 0 0
06-10 13:34:33.714 I/SensorsHub( 4657): wakeup 0 flags b
06-10 13:34:33.715 E/HYPER-HAL( 4663): [JsonParser.cpp]ParseHints(): targetResource
of CoreNumBigMin is null
06-10 13:34:33.715 E/HYPER-HAL( 4663): [JsonParser.cpp]ParseHints(): targetResource
of CoreNumBigMin is null
06-10 13:34:33.716 I/SensorsHub( 4657): PocketModeLiteSensor
06-10 13:34:33.716 I/SensorsHub( 4657): sensor_name Pocket Mode mSensorInfo.name
Pocket Mode
06-10 13:34:33.716 I/SensorsHub( 4657): injection path /dev/ssp_data_injection
06-10 13:34:33.716 I/SensorsHub( 4657): index 14,
06-10 13:34:33.716 I/SensorsHub( 4657): handle 40
06-10 13:34:33.716 I/SensorsHub( 4657): name GP2AP110S
06-10 13:34:33.716 I/SensorsHub( 4657): vendor Sharp
06-10 13:34:33.716 I/SensorsHub( 4657): version 1
06-10 13:34:33.716 I/SensorsHub( 4657): maxRage 8.000000
06-10 13:34:33.716 I/SensorsHub( 4657): resolution 1.000000
06-10 13:34:33.716 I/SensorsHub( 4657): Delay min 0 Max 0
06-10 13:34:33.716 I/SensorsHub( 4657): fifo 0 0
06-10 13:34:33.716 I/SensorsHub( 4657): wakeup 1 flags b
06-10 13:34:33.716 E/SensorsHub( 4657): pushSensorList invalid handle 40
06-10 13:34:33.716 E/HYPER-HAL( 4663): [JsonParser.cpp]parseConfigFile(): Json File
NO Exist : /vendor/etc/config_model.json
06-10 13:34:33.716 E/HYPER-HAL( 4663): [JsonParser.cpp]JsonInit(): Skip Model
Config Parsing
06-10 13:34:33.717 E/HYPER-HAL( 4663): [HandlerQC.cpp]HandlerQC(): unable to open
vendor/lib64/libqti-perfd-client.so: dlopen failed: library "libqti-perfd-
client.so" not found
06-10 13:34:33.717 E/HYPER-HAL( 4663): [HandlerMtk.cpp]HandlerMtk(): dlopen error:
dlopen failed: library "libmtkperf_client_vendor.so" not found
06-10 13:34:33.718 I/SensorsHub( 4657): SContextSensor
06-10 13:34:33.718 I/SensorsHub( 4657): sensor_name Scontext mSensorInfo.name
Scontext
06-10 13:34:33.718 I/SensorsHub( 4657): injection path /dev/ssp_data_injection
06-10 13:34:33.718 I/SensorsHub( 4657): SensorHubDataWriter::SensorHubDataWriter()
06-10 13:34:33.718 E/SensorsHub( 4657): SensorHubDataWriter: open sensorhub device
success(23)
06-10 13:34:33.719 E/HYPER-HAL( 4663): [ResourceManager.cpp]isValidResourceData():
resourceData basic data null or empty
06-10 13:34:33.719 I/SensorsHub( 4657): SensorHubSensor
06-10 13:34:33.719 E/HYPER-HAL( 4663): [ResourceManager.cpp]ResourceManager():
resourceData null
06-10 13:34:33.719 E/HYPER-HAL( 4663): [ResourceManager.cpp]isValidResourceData():
resourceData basic data null or empty
06-10 13:34:33.719 E/HYPER-HAL( 4663): [ResourceManager.cpp]ResourceManager():
resourceData null
06-10 13:34:33.719 E/HYPER-HAL( 4663): [HandlerSysfs.cpp]doResourceHandling():
Couldn't Open Sysfs - /sys/power/cstate_control
06-10 13:34:33.719 E/HYPER-HAL( 4663): [ResourceManager.cpp]isValidResourceData():
resourceData basic data null or empty
06-10 13:34:33.719 E/HYPER-HAL( 4663): [ResourceManager.cpp]ResourceManager():
resourceData null
06-10 13:34:33.719 I/SensorsHub( 4657): sensor_name SensorHub mSensorInfo.name
SensorHub
06-10 13:34:33.719 I/SensorsHub( 4657): injection path /dev/ssp_data_injection
06-10 13:34:33.719 I/SensorsHub( 4657): (AccSensor)SensorBase::isShownSensorList()
06-10 13:34:33.719 I/SensorsHub( 4657): index 0, ishown 1
06-10 13:34:33.719 I/SensorsHub( 4657): (AccSensor)SensorBase::isShownSensorList()
06-10 13:34:33.719 I/SensorsHub( 4657):
(MagneticSensor)SensorBase::isShownSensorList()
06-10 13:34:33.719 I/SensorsHub( 4657): index 1, ishown 1
06-10 13:34:33.719 I/SensorsHub( 4657):
(MagneticSensor)SensorBase::isShownSensorList()
06-10 13:34:33.719 I/SensorsHub( 4657): (GyroSensor)SensorBase::isShownSensorList()
06-10 13:34:33.719 I/SensorsHub( 4657): index 2, ishown 1
06-10 13:34:33.719 I/SensorsHub( 4657): (GyroSensor)SensorBase::isShownSensorList()
06-10 13:34:33.719 I/SensorsHub( 4657):
(ProximitySensor)SensorBase::isShownSensorList()
06-10 13:34:33.719 I/SensorsHub( 4657): index 3, ishown 1
06-10 13:34:33.719 E/HYPER-HAL( 4663): [HandlerSysfs.cpp]doResourceHandling():
Couldn't Open Sysfs - /proc/sys/vm/kswapd_perftune_cpumask
06-10 13:34:33.719 I/SensorsHub( 4657):
(ProximitySensor)SensorBase::isShownSensorList()
06-10 13:34:33.719 I/SensorsHub( 4657):
(UncalMagneticSensor)SensorBase::isShownSensorList()
06-10 13:34:33.719 I/SensorsHub( 4657): index 4, ishown 1
06-10 13:34:33.719 I/SensorsHub( 4657):
(UncalMagneticSensor)SensorBase::isShownSensorList()
06-10 13:34:33.719 E/HYPER-HAL( 4663): [ResourceManager.cpp]ResourceManager():
Cannot read path : /sys/devices/platform/exynos-ufcc/ufc/cpufreq_table
06-10 13:34:33.719 I/SensorsHub( 4657):
(UncalGyroSensor)SensorBase::isShownSensorList()
06-10 13:34:33.719 I/SensorsHub( 4657): index 5, ishown 1
06-10 13:34:33.719 I/SensorsHub( 4657):
(UncalGyroSensor)SensorBase::isShownSensorList()
06-10 13:34:33.719 I/HYPER-HAL( 4663): [RequestManager.cpp]initHintData(): Hint ::
Start Hint Initializing - AMS_RESUME (1)
06-10 13:34:33.719 I/SensorsHub( 4657):
(SigMotionSensor)SensorBase::isShownSensorList()
06-10 13:34:33.719 I/SensorsHub( 4657): index 6, ishown 1
06-10 13:34:33.719 I/SensorsHub( 4657):
(SigMotionSensor)SensorBase::isShownSensorList()
06-10 13:34:33.719 I/SensorsHub( 4657):
(StepDetectorSensor)SensorBase::isShownSensorList()
06-10 13:34:33.719 I/SensorsHub( 4657): index 7, ishown 1
06-10 13:34:33.719 I/SensorsHub( 4657):
(StepDetectorSensor)SensorBase::isShownSensorList()
06-10 13:34:33.719 I/ServiceManager( 4608): Waiting for service 'statscompanion' on
'/dev/binder'...
06-10 13:34:33.719 I/SensorsHub( 4657):
(StepCounterSensor)SensorBase::isShownSensorList()
06-10 13:34:33.719 I/SensorsHub( 4657): index 8, ishown 1
06-10 13:34:33.719 I/HYPER-HAL( 4663): [RequestManager.cpp]initHintData(): Hint ::
Resource Id : 0x12001001 Value : 1456000
06-10 13:34:33.719 I/SensorsHub( 4657):
(StepCounterSensor)SensorBase::isShownSensorList()
06-10 13:34:33.719 I/SensorsHub( 4657):
(TiltDetector)SensorBase::isShownSensorList()
06-10 13:34:33.719 I/HYPER-HAL( 4663): [RequestManager.cpp]initHintData(): Hint ::
Resource Id : 0x20001001 Value : 433000
06-10 13:34:33.719 I/SensorsHub( 4657): index 9, ishown 1
06-10 13:34:33.719 I/SensorsHub( 4657):
(TiltDetector)SensorBase::isShownSensorList()
06-10 13:34:33.719 I/HYPER-HAL( 4663): [RequestManager.cpp]initHintData(): Hint ::
Resource Id : 0x30001001 Value : 421000
06-10 13:34:33.719 I/SensorsHub( 4657):
(PickupGesture)SensorBase::isShownSensorList()
06-10 13:34:33.719 I/HYPER-HAL( 4663): [ResourceManager.cpp]getResourceManager():
Resouce not supported on this device - resourceID : 0x10002001
06-10 13:34:33.719 I/SensorsHub( 4657): index 10, ishown 1
06-10 13:34:33.719 I/SensorsHub( 4657):
(PickupGesture)SensorBase::isShownSensorList()
06-10 13:34:33.719 E/HYPER-HAL( 4663): [RequestManager.cpp]initHintData(): [Error]
Couldn't find Resource ID : 0x10002001
06-10 13:34:33.719 I/SensorsHub( 4657):
(IntGyroSensor)SensorBase::isShownSensorList()
06-10 13:34:33.719 I/SensorsHub( 4657): index 11, ishown 1
06-10 13:34:33.719 I/HYPER-HAL( 4663): [RequestManager.cpp]initHintData(): Hint ::
Resource Id : 0x10003000 Value : 1
06-10 13:34:33.719 I/SensorsHub( 4657):
(IntGyroSensor)SensorBase::isShownSensorList()
06-10 13:34:33.719 I/SensorsHub( 4657):
(CallGesture)SensorBase::isShownSensorList()
06-10 13:34:33.719 I/HYPER-HAL( 4663): [RequestManager.cpp]initHintData(): Hint ::
Start Hint Initializing - AMS_RELAUNCH_RESUME (2)
06-10 13:34:33.719 I/SensorsHub( 4657): index 12, ishown 1
06-10 13:34:33.719 I/SensorsHub( 4657):
(CallGesture)SensorBase::isShownSensorList()
06-10 13:34:33.719 I/SensorsHub( 4657):
(WakeUpMotion)SensorBase::isShownSensorList()
06-10 13:34:33.719 I/SensorsHub( 4657): index 13, ishown 1
06-10 13:34:33.719 I/HYPER-HAL( 4663): [RequestManager.cpp]initHintData(): Hint ::
Resource Id : 0x12001001 Value : 1456000
06-10 13:34:33.719 I/SensorsHub( 4657):
(WakeUpMotion)SensorBase::isShownSensorList()
06-10 13:34:33.719 I/HYPER-HAL( 4663): [ResourceManager.cpp]getResourceManager():
Resouce not supported on this device - resourceID : 0x10002001
06-10 13:34:33.719 I/SensorsHub( 4657):
(PocketModeLiteSensor)SensorBase::isShownSensorList()
06-10 13:34:33.719 I/SensorsHub( 4657): index 14, ishown 1
06-10 13:34:33.719 I/SensorsHub( 4657):
(PocketModeLiteSensor)SensorBase::isShownSensorList()
06-10 13:34:33.719 E/HYPER-HAL( 4663): [RequestManager.cpp]initHintData(): [Error]
Couldn't find Resource ID : 0x10002001
06-10 13:34:33.719 I/SensorsHub( 4657):
(SContextSensor)SensorBase::isShownSensorList()
06-10 13:34:33.719 I/SensorsHub( 4657): index 15, ishown 1
06-10 13:34:33.719 I/HYPER-HAL( 4663): [RequestManager.cpp]initHintData(): Hint ::
Resource Id : 0x10003000 Value : 1
06-10 13:34:33.719 I/SensorsHub( 4657):
(SContextSensor)SensorBase::isShownSensorList()
06-10 13:34:33.719 I/HYPER-HAL( 4663): [RequestManager.cpp]initHintData(): Hint ::
Duration : 1000
06-10 13:34:33.719 I/SensorsHub( 4657): index 16, ishown 0
06-10 13:34:33.719 I/HYPER-HAL( 4663): [RequestManager.cpp]initHintData(): Hint ::
Start Hint Initializing - AMS_ACT_RESUME (3)
