03-17 15:00:12.431 16476 16564 I ViewRootImpl@d6d2f93[CameraActivity]: mWNT: t=0x7044326dd0 mBlastBufferQueue=0x7084323410 fn= 1 caller= android.view.SurfaceView.applyOrMergeTransaction:1455 android.view.SurfaceView.-$ $Nest$mapplyOrMergeTransaction:0 android.view.SurfaceView$SurfaceViewPositionUpdateListener.positionChanged:1537
03-17 15:00:12.438 16476 16563 I ViewRootImpl@d6d2f93[CameraActivity]: mWNT: t=0x704430c7f0 mBlastBufferQueue=0x7084323410 fn= 1 caller= android.view.ViewRootImpl.lambda$applyTransactionOnDraw$11$android-view- ViewRootImpl:12865 android.view.ViewRootImpl$ $ExternalSyntheticLambda1.onFrameDraw:4 android.graphics.HardwareRenderer$FrameDrawingCallback.onFrameDraw:924
03-17 15:00:12.438 16476 16563 I ViewRootImpl@d6d2f93[CameraActivity]: mWNT: t=0x7044316c30 mBlastBufferQueue=0x7084323410 fn= 1 caller= android.view.ViewRootImpl.lambda$applyTransactionOnDraw$11$android-view- ViewRootImpl:12865 android.view.ViewRootImpl$ $ExternalSyntheticLambda1.onFrameDraw:4 android.graphics.HardwareRenderer$FrameDrawingCallback.onFrameDraw:924
03-17 15:00:12.438 16476 16563 I ViewRootImpl@d6d2f93[CameraActivity]: Received frameDrawingCallback syncResult=0 frameNum=1.
03-17 15:00:12.438 16476 16563 I ViewRootImpl@d6d2f93[CameraActivity]: Setting up sync and frameCommitCallback
03-17 15:00:12.448 16476 16507 I BLASTBufferQueue: [ViewRootImpl@d6d2f93[CameraActivity]#2](f:0,a:0) onFrameAvailable the first frame is available
03-17 15:00:12.450 16476 16507 I ViewRootImpl@d6d2f93[CameraActivity]: Received frameCommittedCallback lastAttemptedDrawFrameNum=1 didProduceBuffer=true
03-17 15:00:12.452 16476 16476 I ViewRootImpl@d6d2f93[CameraActivity]: onSyncComplete
03-17 15:00:12.452 16476 16476 I ViewRootImpl@d6d2f93[CameraActivity]: setupSync seqId=0 mSyncId=1 fn=1 caller=android.view.ViewRootImpl$ $ExternalSyntheticLambda11.accept:6 android.window.SurfaceSyncer.lambda$setupSync$1$android-window-SurfaceSyncer:128 android.window.SurfaceSyncer$$ExternalSyntheticLambda1.accept:8 android.window.SurfaceSyncer$SyncSet.checkIfSyncIsComplete:382 android.window.SurfaceSyncer$SyncSet.markSyncReady:359 android.window.SurfaceSyncer.markSyncReady:151 android.view.ViewRootImpl.performTraversals:4503
03-17 15:00:12.453 16476 16476 I ViewRootImpl@d6d2f93[CameraActivity]: reportDrawFinished seqId=0 mSyncId=-1 fn=1 mSurfaceChangedTransaction=0x70443131b0
03-17 15:00:12.460 16476 16476 I SurfaceView@87c8cec: onWindowVisibilityChanged(8) false android.view.SurfaceView{87c8cec V.E...... ........ 0,312-1440,2232} of ViewRootImpl@d6d2f93[CameraActivity]
03-17 15:00:12.461 16476 16476 I SurfaceView@87c8cec: Changes: creating=false format=false size=false visible=true alpha=false hint=false mUseAlpha=false visible=true left=false top=false
03-17 15:00:12.461 16476 16476 I SurfaceView@87c8cec: 142380268 Cur surface: Surface(name=null)/@0xafdaafa
03-17 15:00:12.461 16476 16476 I SurfaceView@87c8cec: applyTransactionOnVriDraw: vri = ViewRootImpl@d6d2f93[CameraActivity] fRS = false t = 0x704434ab90 android.view.SurfaceView.performSurfaceTransaction:959 android.view.SurfaceView.updateSurface:1105 android.view.SurfaceView.onWindowVisibilityChanged:371
03-17 15:00:12.461 16476 16476 I ViewRootImpl@d6d2f93[CameraActivity]: applyTransactionOnDraw: mRemoved = false isHardwareEnabled = true t = 0x704434ab90android.view.SurfaceView.applyTransactionOnVriDraw:2048 android.view.SurfaceView.performSurfaceTransaction:959 android.view.SurfaceView.updateSurface:1105 android.view.SurfaceView.onWindowVisibilityChanged:371 android.view.View.dispatchDetachedFromWindow:22529
03-17 15:00:12.461 16476 16476 I SurfaceView@87c8cec: surfaceDestroyed
03-17 15:00:12.461 16476 16476 I SurfaceView@87c8cec: surfaceDestroyed callback.size 1 #2 android.view.SurfaceView{87c8cec V.E...... ........ 0,312- 1440,2232}
03-17 15:00:12.461 16476 16476 I SurfaceView@87c8cec: updateSurface: mVisible = false mSurface.isValid() = true
03-17 15:00:12.461 16476 16476 I SurfaceView@87c8cec: releaseSurfaces: viewRoot = ViewRootImpl@d6d2f93[CameraActivity]
03-17 15:00:12.462 16476 16476 I SurfaceView@87c8cec: applyTransactionOnVriDraw: vri = ViewRootImpl@d6d2f93[CameraActivity] fRS = true t = 0x7044328330 android.view.SurfaceView.releaseSurfaces:858 android.view.SurfaceView.updateSurface:1172 android.view.SurfaceView.onWindowVisibilityChanged:371
03-17 15:00:12.462 16476 16476 I SurfaceView@87c8cec: applyTransactionOnVriDraw: viewRoot.applyTransactionOnDrawFromReleaseSurfaces
03-17 15:00:12.462 16476 16476 I ViewRootImpl@d6d2f93[CameraActivity]: applyTransactionOnDraw: mRemoved = false isHardwareEnabled = true t = 0x7044328330android.view.ViewRootImpl.applyTransactionOnDrawFromReleaseSurfaces:128 50 android.view.SurfaceView.applyTransactionOnVriDraw:2046 android.view.SurfaceView.releaseSurfaces:858 android.view.SurfaceView.updateSurface:1172 android.view.SurfaceView.onWindowVisibilityChanged:371
03-17 15:00:12.462 16476 16476 I SurfaceView@87c8cec: onDetachedFromWindow: tryReleaseSurfaces()
03-17 15:00:12.462 16476 16476 I SurfaceView@87c8cec: releaseSurfaces: viewRoot = ViewRootImpl@d6d2f93[CameraActivity]
03-17 15:00:12.462 16476 16476 I SurfaceView@87c8cec: applyTransactionOnVriDraw: vri = ViewRootImpl@d6d2f93[CameraActivity] fRS = true t = 0x7044316f90 android.view.SurfaceView.releaseSurfaces:858 android.view.SurfaceView.onDetachedFromWindow:500 android.view.View.dispatchDetachedFromWindow:22538
03-17 15:00:12.462 16476 16476 I SurfaceView@87c8cec: applyTransactionOnVriDraw: viewRoot.applyTransactionOnDrawFromReleaseSurfaces
03-17 15:00:12.462 16476 16476 I ViewRootImpl@d6d2f93[CameraActivity]: applyTransactionOnDraw: mRemoved = false isHardwareEnabled = true t = 0x7044316f90android.view.ViewRootImpl.applyTransactionOnDrawFromReleaseSurfaces:128 50 android.view.SurfaceView.applyTransactionOnVriDraw:2046 android.view.SurfaceView.releaseSurfaces:858 android.view.SurfaceView.onDetachedFromWindow:500 android.view.View.dispatchDetachedFromWindow:22538
03-17 15:00:12.464 16476 16476 I SurfaceView@9202401: onWindowVisibilityChanged(0) true android.view.SurfaceView{9202401 V.E...... ......I. 0,0-0,0} of ViewRootImpl@d6d2f93[CameraActivity]
03-17 15:00:12.520 16476 16476 I SurfaceView@9202401: Changes: creating=true format=true size=true visible=true alpha=false hint=false mUseAlpha=false visible=true left=true top=true
03-17 15:00:12.521 16476 16476 I BLASTBufferQueue: update, w= 1440 h= 1080 mName = null mNativeObject= 0x708433b150 sc.mNativeObject= 0x70143acc90 format= 4 caller= android.view.SurfaceView.createBlastSurfaceControls:1383 android.view.SurfaceView.updateSurface:1079 android.view.SurfaceView.lambda$new$0$android-view-SurfaceView:200 android.view.SurfaceView$$ExternalSyntheticLambda5.onPreDraw:2 android.view.ViewTreeObserver.dispatchOnPreDraw:1121 android.view.ViewRootImpl.performTraversals:4442
03-17 15:00:12.521 16476 16476 I SurfaceView@9202401: 153101313 Cur surface: Surface(name=null)/@0x7205848
03-17 15:00:12.521 16476 16476 I SurfaceView@9202401: pST: sr = Rect(0, 312 - 1440, 2232) sw = 1440 sh = 1080
03-17 15:00:12.522 16476 16476 I SurfaceView@9202401: applyTransactionOnVriDraw: vri = ViewRootImpl@d6d2f93[CameraActivity] fRS = false t = 0x7044330250 android.view.SurfaceView.performSurfaceTransaction:959 android.view.SurfaceView.updateSurface:1105 android.view.SurfaceView.lambda$new$0$android-view-SurfaceView:200
03-17 15:00:12.522 16476 16476 I ViewRootImpl@d6d2f93[CameraActivity]: applyTransactionOnDraw: mRemoved = false isHardwareEnabled = true t = 0x7044330250android.view.SurfaceView.applyTransactionOnVriDraw:2048 android.view.SurfaceView.performSurfaceTransaction:959 android.view.SurfaceView.updateSurface:1105 android.view.SurfaceView.lambda$new$0$android-view-SurfaceView:200 android.view.SurfaceView$$ExternalSyntheticLambda5.onPreDraw:2
03-17 15:00:12.522 16476 16476 I SurfaceView@9202401: updateSurface: mVisible = true mSurface.isValid() = true
03-17 15:00:12.522 16476 16476 I SurfaceView@9202401: updateSurface: mSurfaceCreated = false surfaceChanged = true visibleChanged = true
03-17 15:00:12.522 16476 16476 I SurfaceView@9202401: visibleChanged -- surfaceCreated
03-17 15:00:12.522 16476 16476 I SurfaceView@9202401: surfaceCreated 2 #8 android.view.SurfaceView{9202401 V.E...... ......ID 0,312-1440,2232}
03-17 15:00:12.522 16476 16476 I SurfaceView@9202401: surfaceChanged -- format=4 w=1440 h=1080
03-17 15:00:12.522 16476 16476 I SurfaceView@9202401: surfaceChanged (1440,1080) 2 #8 android.view.SurfaceView{9202401 V.E...... ......ID 0,312-1440,2232}
03-17 15:00:12.522 16476 16476 I SurfaceView@9202401: surfaceRedrawNeeded
03-17 15:00:12.527 16476 16564 I SurfaceView@9202401: uSP: rtp = Rect(0, 312 - 1440, 2232) rtsw = 1440 rtsh = 1080
03-17 15:00:12.527 16476 16564 I SurfaceView@9202401: onSSPAndSRT: pl = 0 pt = 312 sx = 1.0 sy = 1.7777778
03-17 15:00:12.528 16476 16564 I SurfaceView@9202401: aOrMT: ViewRootImpl@d6d2f93[CameraActivity] t = android.view.SurfaceControl$Transaction@cdf72c7 fN = 2 android.view.SurfaceView.-$ $Nest$mapplyOrMergeTransaction:0 android.view.SurfaceView$SurfaceViewPositionUpdateListener.positionChanged:1537 android.graphics.RenderNode$CompositePositionUpdateListener.positionChanged:373
03-17 15:00:12.528 16476 16564 I ViewRootImpl@d6d2f93[CameraActivity]: mWNT: t=0x70443292f0 mBlastBufferQueue=0x7084323410 fn= 2 caller= android.view.SurfaceView.applyOrMergeTransaction:1455 android.view.SurfaceView.-$ $Nest$mapplyOrMergeTransaction:0 android.view.SurfaceView$SurfaceViewPositionUpdateListener.positionChanged:1537
03-17 15:00:12.531 16476 16563 I ViewRootImpl@d6d2f93[CameraActivity]: mWNT: t=0x704434ab90 mBlastBufferQueue=0x7084323410 fn= 2 caller= android.view.ViewRootImpl.lambda$applyTransactionOnDraw$11$android-view- ViewRootImpl:12865 android.view.ViewRootImpl$ $ExternalSyntheticLambda1.onFrameDraw:4 android.graphics.HardwareRenderer$FrameDrawingCallback.onFrameDraw:924
03-17 15:00:12.531 16476 16563 I ViewRootImpl@d6d2f93[CameraActivity]: mWNT: t=0x7044328330 mBlastBufferQueue=0x7084323410 fn= 2 caller= android.view.ViewRootImpl.lambda$applyTransactionOnDraw$11$android-view- ViewRootImpl:12865 android.view.ViewRootImpl$ $ExternalSyntheticLambda1.onFrameDraw:4 android.graphics.HardwareRenderer$FrameDrawingCallback.onFrameDraw:924
03-17 15:00:12.531 16476 16563 I ViewRootImpl@d6d2f93[CameraActivity]: mWNT: t=0x7044316f90 mBlastBufferQueue=0x7084323410 fn= 2 caller= android.view.ViewRootImpl.lambda$applyTransactionOnDraw$11$android-view- ViewRootImpl:12865 android.view.ViewRootImpl$ $ExternalSyntheticLambda1.onFrameDraw:4 android.graphics.HardwareRenderer$FrameDrawingCallback.onFrameDraw:924
03-17 15:00:12.531 16476 16563 I ViewRootImpl@d6d2f93[CameraActivity]: mWNT: t=0x7044330250 mBlastBufferQueue=0x7084323410 fn= 2 caller= android.view.ViewRootImpl.lambda$applyTransactionOnDraw$11$android-view- ViewRootImpl:12865 android.view.ViewRootImpl$ $ExternalSyntheticLambda1.onFrameDraw:4 android.graphics.HardwareRenderer$FrameDrawingCallback.onFrameDraw:924
03-17 15:00:12.537 16476 16544 W .android.scan3d: Long monitor contention with owner Camera-Ex (16545) at void android.hardware.camera2.impl.CameraDeviceImpl.waitUntilIdle() (CameraDeviceImpl.java:1402) waiters=0 in void android.hardware.camera2.impl.CameraDeviceImpl$4.run() for 132ms
03-17 15:00:12.537 16476 16545 W CAM_SimpleReqProcessor: Failed to add Stream-7 to CaptureRequest for Request-46. The surface (null) was not valid.
03-17 15:00:12.538 16476 16476 I ViewRootImpl@d6d2f93[CameraActivity]: handleResized, msg = 5 frames=ClientWindowFrames{frame=[0,0][1440,3040] display=[0,0][1440,3040] parentFrame=[0,0][0,0] parentClippedByDisplayCutout=false} forceNextWindowRelayout=false displayId=0 resizeMode=-1 frameChanged=false displayFrameChanged=false configChanged=false displayChanged=false
03-17 15:00:12.538 16476 16476 I ViewRootImpl@d6d2f93[CameraActivity]: handleResized mSyncSeqId = 0
03-17 15:00:12.538 16476 16476 I ViewRootImpl@d6d2f93[CameraActivity]: reportNextDraw android.view.ViewRootImpl.handleResized:2450 android.view.ViewRootImpl.-$$Nest$mhandleResized:0 android.view.ViewRootImpl$ViewRootHandler.handleMessageImpl:6728 android.view.ViewRootImpl$ViewRootHandler.handleMessage:6697 android.os.Handler.dispatchMessage:106
03-17 15:00:12.538 16476 16476 I SurfaceView@87c8cec: finishedDrawing
03-17 15:00:12.540 16476 16476 I ViewRootImpl@d6d2f93[CameraActivity]: MSG_WINDOW_FOCUS_CHANGED 1 0
03-17 15:00:12.540 16476 16476 I ViewRootImpl@d6d2f93[CameraActivity]: mThreadedRenderer.initializeIfNeeded()#2 mSurface={isValid=true 0x71143a08b0}
03-17 15:00:12.544 16476 16476 I InputMethodManager: startInputInner - mService.startInputOrWindowGainedFocus
03-17 15:00:12.550 16476 16476 I ViewRootImpl@d6d2f93[CameraActivity]: Setup new sync id=2
03-17 15:00:12.550 16476 16476 I ViewRootImpl@d6d2f93[CameraActivity]: Setting syncFrameCallback
03-17 15:00:12.551 16476 16476 E SurfaceSyncer: Failed to find sync for id=0
03-17 15:00:12.551 16476 16476 I ViewRootImpl@d6d2f93[CameraActivity]: registerCallbacksForSync syncBuffer=false
03-17 15:00:12.551 16476 16582 I CameraManagerGlobal: Camera 0 facing CAMERA_FACING_BACK state now CAMERA_STATE_ACTIVE for client com.samsung.android.scan3d API Level 2
03-17 15:00:12.552 16476 16545 W CAM_SimpleReqProcessor: Failed to add Stream-7 to CaptureRequest for Request-47. The surface (null) was not valid.
03-17 15:00:12.559 16476 16564 I ViewRootImpl@d6d2f93[CameraActivity]: Received frameDrawingCallback syncResult=0 frameNum=3.
03-17 15:00:12.560 16476 16564 I ViewRootImpl@d6d2f93[CameraActivity]: Setting up sync and frameCommitCallback
03-17 15:00:12.562 16476 16488 W MessageQueue: Handler (android.os.Handler) {9be6378} sending message to a Handler on a dead thread
03-17 15:00:12.562 16476 16488 W MessageQueue: java.lang.IllegalStateException: Handler (android.os.Handler) {9be6378} sending message to a Handler on a dead thread
03-17 15:00:12.562 16476 16488 W MessageQueue: at android.os.MessageQueue.enqueueMessage(MessageQueue.java:560)
03-17 15:00:12.562 16476 16488 W MessageQueue: at android.os.Handler.enqueueMessage(Handler.java:778)
03-17 15:00:12.562 16476 16488 W MessageQueue: at android.os.Handler.sendMessageAtTime(Handler.java:727)
03-17 15:00:12.562 16476 16488 W MessageQueue: at android.os.Handler.sendMessageDelayed(Handler.java:697)
03-17 15:00:12.562 16476 16488 W MessageQueue: at android.os.Handler.post(Handler.java:427)
03-17 15:00:12.562 16476 16488 W MessageQueue: at lih.execute(Unknown Source:2)
03-17 15:00:12.562 16476 16488 W MessageQueue: at android.hardware.camera2.impl.CallbackProxies$SessionStateCallbackProxy.onClosed(Ca llbackProxies.java:104)
03-17 15:00:12.562 16476 16488 W MessageQueue: at android.hardware.camera2.impl.CameraCaptureSessionImpl.close(CameraCaptureSessionIm pl.java:588)
03-17 15:00:12.562 16476 16488 W MessageQueue: at android.hardware.camera2.impl.CameraCaptureSessionImpl.finalize(CameraCaptureSessio nImpl.java:879)
03-17 15:00:12.562 16476 16488 W MessageQueue: at java.lang.Daemons$FinalizerDaemon.doFinalize(Daemons.java:319)
03-17 15:00:12.562 16476 16488 W MessageQueue: at java.lang.Daemons$FinalizerDaemon.runInternal(Daemons.java:306)
03-17 15:00:12.562 16476 16488 W MessageQueue: at java.lang.Daemons$Daemon.run(Daemons.java:140)
03-17 15:00:12.562 16476 16488 W MessageQueue: at java.lang.Thread.run(Thread.java:1012)
03-17 15:00:12.563 16476 16507 I ViewRootImpl@d6d2f93[CameraActivity]: Received frameCommittedCallback lastAttemptedDrawFrameNum=3 didProduceBuffer=true
03-17 15:00:12.563 16476 16476 I ViewRootImpl@d6d2f93[CameraActivity]: onSyncComplete
03-17 15:00:12.563 16476 16476 I ViewRootImpl@d6d2f93[CameraActivity]: setupSync seqId=0 mSyncId=2 fn=3 caller=android.view.ViewRootImpl$ $ExternalSyntheticLambda11.accept:6 android.window.SurfaceSyncer.lambda$setupSync$1$android-window-SurfaceSyncer:128 android.window.SurfaceSyncer$$ExternalSyntheticLambda1.accept:8 android.window.SurfaceSyncer$SyncSet.checkIfSyncIsComplete:382 android.window.SurfaceSyncer$SyncSet.markSyncReady:359 android.window.SurfaceSyncer.markSyncReady:151 android.view.ViewRootImpl.performTraversals:4503
03-17 15:00:12.564 16476 16476 I ViewRootImpl@d6d2f93[CameraActivity]: reportDrawFinished seqId=0 mSyncId=-1 fn=3 mSurfaceChangedTransaction=0x70443131b0
03-17 15:00:12.564 16476 16476 I SurfaceView@9202401: finishedDrawing
03-17 15:00:12.565 16476 17329 W CAM_SurfaceMap: Surface(name=null)/@0x7205848 is valid but deferred streams are not yet available for CaptureSession-1
03-17 15:00:12.565 16476 17329 W CAM_SimpleReqProcessor: Failed to add Stream-7 to CaptureRequest for Request-48. The surface is not yet available.
03-17 15:00:12.572 16476 16476 W CAM_ModeSwitcher: ModeSwitcher WAS ALREADY ENABLED!
03-17 15:00:12.791 16476 16476 I ViewRootImpl@bfedeec[PopupWindow:f343d9f]: setView = android.widget.PopupWindow$PopupDecorView@470fdd8 TM=true
03-17 15:00:12.794 16476 16476 I ViewRootImpl@bfedeec[PopupWindow:f343d9f]: performTraversals params={(0,0)(1x1) gr=TOP START CENTER sim={state=unchanged adjust=pan} ty=APPLICATION_PANEL fmt=TRANSLUCENT surfaceInsets=Rect(0, 0 - 0, 0) (manual)
03-17 15:00:12.794 16476 16476 I ViewRootImpl@bfedeec[PopupWindow:f343d9f]: fl=41840208
03-17 15:00:12.794 16476 16476 I ViewRootImpl@bfedeec[PopupWindow:f343d9f]: pfl=42018000
03-17 15:00:12.794 16476 16476 I ViewRootImpl@bfedeec[PopupWindow:f343d9f]: bhv=DEFAULT
03-17 15:00:12.794 16476 16476 I ViewRootImpl@bfedeec[PopupWindow:f343d9f]: fitTypes=STATUS_BARS NAVIGATION_BARS CAPTION_BAR naviIconColor=0
03-17 15:00:12.794 16476 16476 I ViewRootImpl@bfedeec[PopupWindow:f343d9f]: sfl=20000}
03-17 15:00:12.795 16476 16476 I ViewRootImpl@bfedeec[PopupWindow:f343d9f]: performTraversals mFirst=true windowShouldResize=true viewVisibilityChanged=false mForceNextWindowRelayout=false params={(0,0)(1x1) gr=TOP START CENTER sim={state=unchanged adjust=pan} ty=APPLICATION_PANEL fmt=TRANSLUCENT surfaceInsets=Rect(0, 0 - 0, 0) (manual)
03-17 15:00:12.795 16476 16476 I ViewRootImpl@bfedeec[PopupWindow:f343d9f]: fl=41840208
03-17 15:00:12.795 16476 16476 I ViewRootImpl@bfedeec[PopupWindow:f343d9f]: pfl=42018000
03-17 15:00:12.795 16476 16476 I ViewRootImpl@bfedeec[PopupWindow:f343d9f]: bhv=DEFAULT
03-17 15:00:12.795 16476 16476 I ViewRootImpl@bfedeec[PopupWindow:f343d9f]: fitTypes=STATUS_BARS NAVIGATION_BARS CAPTION_BAR naviIconColor=0
03-17 15:00:12.795 16476 16476 I ViewRootImpl@bfedeec[PopupWindow:f343d9f]: sfl=20000}
03-17 15:00:12.797 16476 16582 I ViewRootImpl@bfedeec[PopupWindow:f343d9f]: Resizing android.view.ViewRootImpl@e841531: frame = [0,0][1,1] reportDraw = true forceLayout = false syncSeqId = 0
03-17 15:00:12.799 16476 16476 I ViewRootImpl@bfedeec[PopupWindow:f343d9f]: updateBlastSurfaceIfNeeded mBlastBufferQueue=null isSameSurfaceControl=false
03-17 15:00:12.799 16476 16476 I BLASTBufferQueue: new BLASTBufferQueue, mName= ViewRootImpl@bfedeec[PopupWindow:f343d9f] mNativeObject= 0x7084340bf0 sc.mNativeObject= 0x70143819a0 caller= android.view.ViewRootImpl.updateBlastSurfaceIfNeeded:2909 android.view.ViewRootImpl.relayoutWindow:9847 android.view.ViewRootImpl.performTraversals:3884 android.view.ViewRootImpl.doTraversal:3116 android.view.ViewRootImpl$TraversalRunnable.run:10885 android.view.Choreographer$CallbackRecord.run:1301 android.view.Choreographer$CallbackRecord.run:1309 android.view.Choreographer.doCallbacks:923 android.view.Choreographer.doFrame:852 android.view.Choreographer$FrameDisplayEventReceiver.run:1283
03-17 15:00:12.799 16476 16476 I BLASTBufferQueue: update, w= 1 h= 1 mName = ViewRootImpl@bfedeec[PopupWindow:f343d9f] mNativeObject= 0x7084340bf0 sc.mNativeObject= 0x70143819a0 format= -3 caller= android.graphics.BLASTBufferQueue.<init>:84 android.view.ViewRootImpl.updateBlastSurfaceIfNeeded:2909 android.view.ViewRootImpl.relayoutWindow:9847 android.view.ViewRootImpl.performTraversals:3884 android.view.ViewRootImpl.doTraversal:3116 android.view.ViewRootImpl$TraversalRunnable.run:10885
03-17 15:00:12.799 16476 16476 I ViewRootImpl@bfedeec[PopupWindow:f343d9f]: Relayout returned: old=(0,0,1,1) new=(0,0,1,1) req=(1,1)0 dur=4 res=0x3 s={true 0x71143c4bc0} ch=true seqId=0
03-17 15:00:12.800 16476 16476 I ViewRootImpl@bfedeec[PopupWindow:f343d9f]: mThreadedRenderer.initialize() mSurface={isValid=true 0x71143c4bc0} hwInitialized=true
03-17 15:00:12.801 16476 16476 I ViewRootImpl@bfedeec[PopupWindow:f343d9f]: reportNextDraw android.view.ViewRootImpl.performTraversals:4438 android.view.ViewRootImpl.doTraversal:3116 android.view.ViewRootImpl$TraversalRunnable.run:10885 android.view.Choreographer$CallbackRecord.run:1301 android.view.Choreographer$CallbackRecord.run:1309
03-17 15:00:12.801 16476 16476 I ViewRootImpl@bfedeec[PopupWindow:f343d9f]: Setup new sync id=0
03-17 15:00:12.801 16476 16476 I ViewRootImpl@bfedeec[PopupWindow:f343d9f]: Setting syncFrameCallback
03-17 15:00:12.801 16476 16476 I ViewRootImpl@bfedeec[PopupWindow:f343d9f]: registerCallbacksForSync syncBuffer=false
03-17 15:00:12.802 16476 16563 I ViewRootImpl@bfedeec[PopupWindow:f343d9f]: Received frameDrawingCallback syncResult=0 frameNum=1.
03-17 15:00:12.802 16476 16563 I ViewRootImpl@bfedeec[PopupWindow:f343d9f]: Setting up sync and frameCommitCallback
03-17 15:00:12.802 16476 16507 I BLASTBufferQueue: [ViewRootImpl@bfedeec[PopupWindow:f343d9f]#5](f:0,a:0) onFrameAvailable the first frame is available
03-17 15:00:12.803 16476 16507 I ViewRootImpl@bfedeec[PopupWindow:f343d9f]: Received frameCommittedCallback lastAttemptedDrawFrameNum=1 didProduceBuffer=true
03-17 15:00:12.803 16476 16507 W Parcel : Expecting binder but got null!
03-17 15:00:12.803 16476 16476 I ViewRootImpl@bfedeec[PopupWindow:f343d9f]: onSyncComplete
03-17 15:00:12.804 16476 16476 I ViewRootImpl@bfedeec[PopupWindow:f343d9f]: setupSync seqId=0 mSyncId=0 fn=1 caller=android.view.ViewRootImpl$ $ExternalSyntheticLambda11.accept:6 android.window.SurfaceSyncer.lambda$setupSync$1$android-window-SurfaceSyncer:128 android.window.SurfaceSyncer$$ExternalSyntheticLambda1.accept:8 android.window.SurfaceSyncer$SyncSet.checkIfSyncIsComplete:382 android.window.SurfaceSyncer$SyncSet.markSyncReady:359 android.window.SurfaceSyncer.markSyncReady:151 android.view.ViewRootImpl.performTraversals:4503
03-17 15:00:12.804 16476 16476 I ViewRootImpl@bfedeec[PopupWindow:f343d9f]: reportDrawFinished seqId=0 mSyncId=-1 fn=1 mSurfaceChangedTransaction=0x7044328450
03-17 15:00:12.804 16476 16476 I ViewRootImpl@bfedeec[PopupWindow:f343d9f]: handleResized, msg = 5 frames=ClientWindowFrames{frame=[0,0][1,1] display=[- 100000,-100000][100000,100000] parentFrame=[0,0][0,0] parentClippedByDisplayCutout=false} forceNextWindowRelayout=false displayId=0 resizeMode=-1 frameChanged=false displayFrameChanged=false configChanged=false displayChanged=false
03-17 15:00:12.804 16476 16476 I ViewRootImpl@bfedeec[PopupWindow:f343d9f]: handleResized mSyncSeqId = 0
03-17 15:00:12.804 16476 16476 I ViewRootImpl@bfedeec[PopupWindow:f343d9f]: reportNextDraw android.view.ViewRootImpl.handleResized:2450 android.view.ViewRootImpl.-$$Nest$mhandleResized:0 android.view.ViewRootImpl$ViewRootHandler.handleMessageImpl:6728 android.view.ViewRootImpl$ViewRootHandler.handleMessage:6697 android.os.Handler.dispatchMessage:106
03-17 15:00:12.804 16476 16476 I ViewRootImpl@bfedeec[PopupWindow:f343d9f]: Setup new sync id=1
03-17 15:00:12.804 16476 16476 I ViewRootImpl@bfedeec[PopupWindow:f343d9f]: Setting syncFrameCallback
03-17 15:00:12.804 16476 16476 I ViewRootImpl@bfedeec[PopupWindow:f343d9f]: registerCallbacksForSync syncBuffer=false
03-17 15:00:12.805 16476 16564 I ViewRootImpl@bfedeec[PopupWindow:f343d9f]: Received frameDrawingCallback syncResult=0 frameNum=2.
03-17 15:00:12.805 16476 16564 I ViewRootImpl@bfedeec[PopupWindow:f343d9f]: Setting up sync and frameCommitCallback
03-17 15:00:12.805 16476 16507 I ViewRootImpl@bfedeec[PopupWindow:f343d9f]: Received frameCommittedCallback lastAttemptedDrawFrameNum=2 didProduceBuffer=false
03-17 15:00:12.805 16476 16507 I BLASTBufferQueue: syncNextTransaction, mName= ViewRootImpl@bfedeec[PopupWindow:f343d9f] acquireSingleBuffer= true mNativeObject= 0x7084340bf0 callback= null caller= android.graphics.BLASTBufferQueue.syncNextTransaction:147 android.view.ViewRootImpl$12.lambda$onFrameDraw$0$android-view- ViewRootImpl$12:13399 android.view.ViewRootImpl$12$ $ExternalSyntheticLambda1.onFrameCommit:9 android.view.ThreadedRenderer$1.lambda$onFrameDraw$0:813 android.view.ThreadedRenderer$1$$ExternalSyntheticLambda0.onFrameCommit:2 <bottom of call stack>
03-17 15:00:12.805 16476 16507 I BLASTBufferQueue: [ViewRootImpl@bfedeec[PopupWindow:f343d9f]#5](f:0,a:1) syncNextTransaction callback: 0, acquireSingleBuffer: 1, mTransactionReadyCallback: 0
03-17 15:00:12.805 16476 16507 I BLASTBufferQueue: gatherPendingTransactions, mName= ViewRootImpl@bfedeec[PopupWindow:f343d9f] mNativeObject= 0x7084340bf0 frameNumber= 2 caller= android.view.ViewRootImpl$12.lambda$onFrameDraw$0$android- view-ViewRootImpl$12:13406 android.view.ViewRootImpl$12$ $ExternalSyntheticLambda1.onFrameCommit:9 android.view.ThreadedRenderer$1.lambda$onFrameDraw$0:813 android.view.ThreadedRenderer$1$$ExternalSyntheticLambda0.onFrameCommit:2 <bottom of call stack> <bottom of call stack>
03-17 15:00:12.805 16476 16476 I ViewRootImpl@bfedeec[PopupWindow:f343d9f]: onSyncComplete
03-17 15:00:12.805 16476 16476 I ViewRootImpl@bfedeec[PopupWindow:f343d9f]: setupSync seqId=0 mSyncId=1 fn=2 caller=android.view.ViewRootImpl$ $ExternalSyntheticLambda11.accept:6 android.window.SurfaceSyncer.lambda$setupSync$1$android-window-SurfaceSyncer:128 android.window.SurfaceSyncer$$ExternalSyntheticLambda1.accept:8 android.window.SurfaceSyncer$SyncSet.checkIfSyncIsComplete:382 android.window.SurfaceSyncer$SyncSet.markSyncReady:359 android.window.SurfaceSyncer.markSyncReady:151 android.view.ViewRootImpl.performTraversals:4503
03-17 15:00:12.805 16476 16476 I ViewRootImpl@bfedeec[PopupWindow:f343d9f]: reportDrawFinished seqId=0 mSyncId=-1 fn=2 mSurfaceChangedTransaction=0x7044328450
03-17 15:00:12.891 16476 16649 E OisListener: Null pointer for OIS data. OIS API version: 2
03-17 15:00:12.892 16476 17327 W CameraMetadataJV: Expect face scores and rectangles to be non-null
03-17 15:00:12.892 16476 16650 W CameraMetadataJV: Expect face scores and rectangles to be non-null
03-17 15:00:12.893 16476 17327 W CameraMetadataJV: Expect face scores and rectangles to be non-null
03-17 15:00:12.893 16476 17327 W CameraMetadataJV: Expect face scores and rectangles to be non-null
03-17 15:00:12.893 16476 17327 W CameraMetadataJV: Expect face scores and rectangles to be non-null
03-17 15:00:12.893 16476 17327 W CameraMetadataJV: Expect face scores and rectangles to be non-null
03-17 15:00:12.893 16476 17327 W CameraMetadataJV: Expect face scores and rectangles to be non-null
03-17 15:00:12.893 16476 17327 W CameraMetadataJV: Expect face scores and rectangles to be non-null
03-17 15:00:12.895 16476 17327 W JankMonitorFacade: PHOTO > abs Δ(result sensor timestamp) = 7162.59 ms > 70.00 ms
03-17 15:00:12.895 16476 17327 W JankMonitorFacade: PHOTO > rel Δ(result sensor timestamp) = 213.91 > 0.25
03-17 15:00:12.895 16476 17327 W JankMonitorFacade: PHOTO > result sensor delay = 214.88 > 1.10
03-17 15:00:12.952 16476 16649 E OisListener: Null pointer for OIS data. OIS API version: 2
03-17 15:00:12.952 16476 17327 W CameraMetadataJV: Expect face scores and rectangles to be non-null
03-17 15:00:12.952 16476 16650 W CameraMetadataJV: Expect face scores and rectangles to be non-null
03-17 15:00:12.953 16476 17327 W CameraMetadataJV: Expect face scores and rectangles to be non-null
03-17 15:00:12.953 16476 17327 W CameraMetadataJV: Expect face scores and rectangles to be non-null
03-17 15:00:12.953 16476 17327 W CameraMetadataJV: Expect face scores and rectangles to be non-null
03-17 15:00:12.953 16476 17327 W CameraMetadataJV: Expect face scores and rectangles to be non-null
03-17 15:00:12.953 16476 17327 W CameraMetadataJV: Expect face scores and rectangles to be non-null
03-17 15:00:12.953 16476 17327 W CameraMetadataJV: Expect face scores and rectangles to be non-null
03-17 15:00:12.953 16476 17327 W JankMonitorFacade: PHOTO > rel Δ(result sensor timestamp) = 0.99 > 0.25
03-17 15:00:12.953 16476 17327 W JankMonitorFacade: PHOTO > result sensor delay = 2.00 > 1.10
03-17 15:00:12.958 16476 17315 I BLASTBufferQueue: [SurfaceView[com.samsung.android.scan3d/com.google.android.apps.camera.legacy.app.a ctivity.main.CameraActivity]@0#4](f:0,a:0) onFrameAvailable the first frame is available
03-17 15:00:12.987 16476 17327 W CameraMetadataJV: Expect face scores and rectangles to be non-null
03-17 15:00:12.987 16476 17327 W CameraMetadataJV: Expect face scores and rectangles to be non-null
03-17 15:00:12.987 16476 17327 W CameraMetadataJV: Expect face scores and rectangles to be non-null
03-17 15:00:12.987 16476 17327 W CameraMetadataJV: Expect face scores and rectangles to be non-null
03-17 15:00:12.987 16476 17327 W CameraMetadataJV: Expect face scores and rectangles to be non-null
03-17 15:00:12.987 16476 17327 W CameraMetadataJV: Expect face scores and rectangles to be non-null
03-17 15:00:12.987 16476 17327 W CameraMetadataJV: Expect face scores and rectangles to be non-null
03-17 15:00:12.988 16476 17327 W JankMonitorFacade: PHOTO > rel Δ(result sensor timestamp) = 0.50 > 0.25
03-17 15:00:12.988 16476 16649 E OisListener: Null pointer for OIS data. OIS API version: 2
03-17 15:00:12.988 16476 16650 W CameraMetadataJV: Expect face scores and rectangles to be non-null
03-17 15:00:13.018 16476 17327 W CameraMetadataJV: Expect face scores and rectangles to be non-null
03-17 15:00:13.018 16476 17327 W CameraMetadataJV: Expect face scores and rectangles to be non-null
03-17 15:00:13.018 16476 17327 W CameraMetadataJV: Expect face scores and rectangles to be non-null
03-17 15:00:13.018 16476 17327 W CameraMetadataJV: Expect face scores and rectangles to be non-null
03-17 15:00:13.018 16476 17327 W CameraMetadataJV: Expect face scores and rectangles to be non-null
03-17 15:00:13.018 16476 17327 W CameraMetadataJV: Expect face scores and rectangles to be non-null
03-17 15:00:13.018 16476 17327 W CameraMetadataJV: Expect face scores and rectangles to be non-null
03-17 15:00:13.018 16476 16649 E OisListener: Null pointer for OIS data. OIS API version: 2
03-17 15:00:13.019 16476 16650 W CameraMetadataJV: Expect face scores and rectangles to be non-null
03-17 15:00:13.061 16476 16649 E OisListener: Null pointer for OIS data. OIS API version: 2
03-17 15:00:13.061 16476 17327 W CameraMetadataJV: Expect face scores and rectangles to be non-null
03-17 15:00:13.062 16476 16650 W CameraMetadataJV: Expect face scores and rectangles to be non-null
03-17 15:00:13.063 16476 17327 W CameraMetadataJV: Expect face scores and rectangles to be non-null
03-17 15:00:13.063 16476 17327 W CameraMetadataJV: Expect face scores and rectangles to be non-null
03-17 15:00:13.063 16476 17327 W CameraMetadataJV: Expect face scores and rectangles to be non-null
03-17 15:00:13.063 16476 17327 W CameraMetadataJV: Expect face scores and rectangles to be non-null
03-17 15:00:13.063 16476 17327 W CameraMetadataJV: Expect face scores and rectangles to be non-null
03-17 15:00:13.063 16476 17327 W CameraMetadataJV: Expect face scores and rectangles to be non-null
03-17 15:00:13.112 16476 16476 I ViewRootImpl@bfedeec[PopupWindow:f343d9f]: dispatchDetachedFromWindow
03-17 15:00:13.118 16476 16476 W InputEventReceiver: Attempted to finish an input event but the input event receiver has already been disposed.
03-17 15:00:13.120 16476 16476 I ViewRootImpl@d6d2f93[CameraActivity]: ViewPostIme pointer 0
03-17 15:00:13.121 16476 16476 I GestureDetector: obtain mCurrentDownEvent. id: 506143742 caller: gnh.onTouch:4 android.view.View.dispatchTouchEvent:15540 android.view.ViewGroup.dispatchTransformedTouchEvent:3310
03-17 15:00:13.121 16476 17327 W CameraMetadataJV: Expect face scores and rectangles to be non-null
03-17 15:00:13.121 16476 16649 E OisListener: Null pointer for OIS data. OIS API version: 2
03-17 15:00:13.122 16476 17327 W CameraMetadataJV: Expect face scores and rectangles to be non-null
03-17 15:00:13.122 16476 17327 W CameraMetadataJV: Expect face scores and rectangles to be non-null
03-17 15:00:13.122 16476 17327 W CameraMetadataJV: Expect face scores and rectangles to be non-null
03-17 15:00:13.122 16476 17327 W CameraMetadataJV: Expect face scores and rectangles to be non-null
03-17 15:00:13.122 16476 17327 W CameraMetadataJV: Expect face scores and rectangles to be non-null
03-17 15:00:13.122 16476 17327 W CameraMetadataJV: Expect face scores and rectangles to be non-null
03-17 15:00:13.123 16476 17327 W JankMonitorFacade: PHOTO > rel Δ(result sensor timestamp) = 1.00 > 0.25
03-17 15:00:13.123 16476 16476 I GestureDetector: obtain mCurrentDownEvent. id: 506143742 caller: com.google.android.apps.camera.ui.wirers.PreviewOverlay.onTouchEvent:128 android.view.View.dispatchTouchEvent:15544 android.view.ViewGroup.dispatchTransformedTouchEvent:3316
03-17 15:00:13.123 16476 16650 W CameraMetadataJV: Expect face scores and rectangles to be non-null
03-17 15:00:13.123 16476 17327 W JankMonitorFacade: PHOTO > result sensor delay = 2.00 > 1.10
03-17 15:00:13.152 16476 16476 I GestureDetector: obtain mCurrentMotionEventRaw. action: 2 id: 662375601
03-17 15:00:13.176 16476 17315 I ViewRootImpl@d6d2f93[CameraActivity]: Resizing android.view.ViewRootImpl@6243e2: frame = [0,0][1440,3040] reportDraw = false forceLayout = false syncSeqId = 0
03-17 15:00:13.177 16476 16476 I ViewRootImpl@d6d2f93[CameraActivity]: handleResized, msg = 4 frames=ClientWindowFrames{frame=[0,0][1440,3040] display=[0,0][1440,3040] parentFrame=[0,0][0,0] parentClippedByDisplayCutout=false} forceNextWindowRelayout=false displayId=0 resizeMode=-1 frameChanged=false displayFrameChanged=false configChanged=false displayChanged=false
03-17 15:00:13.188 16476 16649 E OisListener: Null pointer for OIS data. OIS API version: 2
03-17 15:00:13.188 16476 17327 W CameraMetadataJV: Expect face scores and rectangles to be non-null
03-17 15:00:13.188 16476 17327 W CameraMetadataJV: Expect face scores and rectangles to be non-null
03-17 15:00:13.188 16476 17327 W CameraMetadataJV: Expect face scores and rectangles to be non-null
03-17 15:00:13.188 16476 17327 W CameraMetadataJV: Expect face scores and rectangles to be non-null
03-17 15:00:13.188 16476 17327 W CameraMetadataJV: Expect face scores and rectangles to be non-null
03-17 15:00:13.189 16476 17327 W CameraMetadataJV: Expect face scores and rectangles to be non-null
03-17 15:00:13.189 16476 17327 W CameraMetadataJV: Expect face scores and rectangles to be non-null
03-17 15:00:13.189 16476 17327 W JankMonitorFacade: PHOTO > result sensor delay = 2.00 > 1.10
03-17 15:00:13.190 16476 16650 W CameraMetadataJV: Expect face scores and rectangles to be non-null
03-17 15:00:13.192 16476 16535 W CameraMetadataJV: Expect face scores and rectangles to be non-null
03-17 15:00:13.227 16476 16649 E OisListener: Null pointer for OIS data. OIS API version: 2
03-17 15:00:13.227 16476 17327 W CameraMetadataJV: Expect face scores and rectangles to be non-null
03-17 15:00:13.228 16476 16650 W CameraMetadataJV: Expect face scores and rectangles to be non-null
03-17 15:00:13.228 16476 17327 W CameraMetadataJV: Expect face scores and rectangles to be non-null
03-17 15:00:13.228 16476 17327 W CameraMetadataJV: Expect face scores and rectangles to be non-null
03-17 15:00:13.228 16476 17327 W CameraMetadataJV: Expect face scores and rectangles to be non-null
03-17 15:00:13.228 16476 17327 W CameraMetadataJV: Expect face scores and rectangles to be non-null
03-17 15:00:13.228 16476 17327 W CameraMetadataJV: Expect face scores and rectangles to be non-null
03-17 15:00:13.228 16476 17327 W CameraMetadataJV: Expect face scores and rectangles to be non-null
03-17 15:00:13.229 16476 17327 W JankMonitorFacade: PHOTO > rel Δ(result sensor timestamp) = 0.50 > 0.25
03-17 15:00:13.266 16476 16649 E OisListener: Null pointer for OIS data. OIS API version: 2
03-17 15:00:13.266 16476 16650 W CameraMetadataJV: Expect face scores and rectangles to be non-null
03-17 15:00:13.267 16476 17327 W CameraMetadataJV: Expect face scores and rectangles to be non-null
03-17 15:00:13.267 16476 17327 W CameraMetadataJV: Expect face scores and rectangles to be non-null
03-17 15:00:13.267 16476 17327 W CameraMetadataJV: Expect face scores and rectangles to be non-null
03-17 15:00:13.267 16476 17327 W CameraMetadataJV: Expect face scores and rectangles to be non-null
03-17 15:00:13.267 16476 17327 W CameraMetadataJV: Expect face scores and rectangles to be non-null
03-17 15:00:13.267 16476 17327 W CameraMetadataJV: Expect face scores and rectangles to be non-null
03-17 15:00:13.267 16476 17327 W CameraMetadataJV: Expect face scores and rectangles to be non-null
03-17 15:00:13.287 16476 16476 W CAM_Log : Tag OptionsMenuAnimation is 1 chars longer than limit.
03-17 15:00:13.297 16476 17327 W CameraMetadataJV: Expect face scores and rectangles to be non-null
03-17 15:00:13.297 16476 17327 W CameraMetadataJV: Expect face scores and rectangles to be non-null
03-17 15:00:13.297 16476 17327 W CameraMetadataJV: Expect face scores and rectangles to be non-null
03-17 15:00:13.297 16476 17327 W CameraMetadataJV: Expect face scores and rectangles to be non-null
03-17 15:00:13.297 16476 17327 W CameraMetadataJV: Expect face scores and rectangles to be non-null
03-17 15:00:13.298 16476 17327 W CameraMetadataJV: Expect face scores and rectangles to be non-null
03-17 15:00:13.298 16476 17327 W CameraMetadataJV: Expect face scores and rectangles to be non-null
03-17 15:00:13.298 16476 16649 E OisListener: Null pointer for OIS data. OIS API version: 2
03-17 15:00:13.298 16476 16650 W CameraMetadataJV: Expect face scores and rectangles to be non-null
03-17 15:00:13.307 16476 16476 I ViewRootImpl@d6d2f93[CameraActivity]: ViewPostIme pointer 1
03-17 15:00:13.355 16476 17327 W CameraMetadataJV: Expect face scores and rectangles to be non-null
03-17 15:00:13.356 16476 17327 W CameraMetadataJV: Expect face scores and rectangles to be non-null
03-17 15:00:13.356 16476 17327 W CameraMetadataJV: Expect face scores and rectangles to be non-null
03-17 15:00:13.357 16476 17327 W CameraMetadataJV: Expect face scores and rectangles to be non-null
03-17 15:00:13.357 16476 16649 E OisListener: Null pointer for OIS data. OIS API version: 2
03-17 15:00:13.358 16476 17327 W CameraMetadataJV: Expect face scores and rectangles to be non-null
03-17 15:00:13.358 16476 17327 W CameraMetadataJV: Expect face scores and rectangles to be non-null
03-17 15:00:13.358 16476 16650 W CameraMetadataJV: Expect face scores and rectangles to be non-null
03-17 15:00:13.358 16476 17327 W CameraMetadataJV: Expect face scores and rectangles to be non-null
03-17 15:00:13.359 16476 17327 W JankMonitorFacade: PHOTO > rel Δ(result sensor timestamp) = 1.00 > 0.25
03-17 15:00:13.360 16476 17327 W JankMonitorFacade: PHOTO > result sensor delay = 2.00 > 1.10
03-17 15:00:13.427 16476 17327 W CameraMetadataJV: Expect face scores and rectangles to be non-null
03-17 15:00:13.427 16476 17327 W CameraMetadataJV: Expect face scores and rectangles to be non-null
03-17 15:00:13.427 16476 17327 W CameraMetadataJV: Expect face scores and rectangles to be non-null
03-17 15:00:13.427 16476 17327 W CameraMetadataJV: Expect face scores and rectangles to be non-null
03-17 15:00:13.427 16476 17327 W CameraMetadataJV: Expect face scores and rectangles to be non-null
03-17 15:00:13.427 16476 17327 W CameraMetadataJV: Expect face scores and rectangles to be non-null
03-17 15:00:13.427 16476 17327 W CameraMetadataJV: Expect face scores and rectangles to be non-null
03-17 15:00:13.428 16476 17327 W JankMonitorFacade: PHOTO > result sensor delay = 2.00 > 1.10
03-17 15:00:13.428 16476 16649 E OisListener: Null pointer for OIS data. OIS API version: 2
03-17 15:00:13.429 16476 16650 W CameraMetadataJV: Expect face scores and rectangles to be non-null
03-17 15:00:13.458 16476 17327 W CameraMetadataJV: Expect face scores and rectangles to be non-null
03-17 15:00:13.458 16476 16649 E OisListener: Null pointer for OIS data. OIS API version: 2
03-17 15:00:13.459 16476 17327 W CameraMetadataJV: Expect face scores and rectangles to be non-null
03-17 15:00:13.459 16476 17327 W CameraMetadataJV: Expect face scores and rectangles to be non-null
03-17 15:00:13.459 16476 17327 W CameraMetadataJV: Expect face scores and rectangles to be non-null
03-17 15:00:13.459 16476 16650 W CameraMetadataJV: Expect face scores and rectangles to be non-null
03-17 15:00:13.459 16476 17327 W CameraMetadataJV: Expect face scores and rectangles to be non-null
03-17 15:00:13.459 16476 17327 W CameraMetadataJV: Expect face scores and rectangles to be non-null
03-17 15:00:13.459 16476 17327 W CameraMetadataJV: Expect face scores and rectangles to be non-null
03-17 15:00:13.459 16476 17327 W JankMonitorFacade: PHOTO > rel Δ(result sensor timestamp) = 0.50 > 0.25
03-17 15:00:13.461 16476 16530 W CameraMetadataJV: Expect face scores and rectangles to be non-null
03-17 15:00:13.492 16476 17327 W CameraMetadataJV: Expect face scores and rectangles to be non-null
03-17 15:00:13.492 16476 16649 E OisListener: Null pointer for OIS data. OIS API version: 2
03-17 15:00:13.493 16476 16650 W CameraMetadataJV: Expect face scores and rectangles to be non-null
03-17 15:00:13.493 16476 17327 W CameraMetadataJV: Expect face scores and rectangles to be non-null
03-17 15:00:13.493 16476 17327 W CameraMetadataJV: Expect face scores and rectangles to be non-null
03-17 15:00:13.493 16476 17327 W CameraMetadataJV: Expect face scores and rectangles to be non-null
03-17 15:00:13.493 16476 17327 W CameraMetadataJV: Expect face scores and rectangles to be non-null
03-17 15:00:13.493 16476 17327 W CameraMetadataJV: Expect face scores and rectangles to be non-null
03-17 15:00:13.493 16476 17327 W CameraMetadataJV: Expect face scores and rectangles to be non-null
03-17 15:00:13.524 16476 17327 W CameraMetadataJV: Expect face scores and rectangles to be non-null
03-17 15:00:13.525 16476 16649 E OisListener: Null pointer for OIS data. OIS API version: 2
03-17 15:00:13.525 16476 17327 W CameraMetadataJV: Expect face scores and rectangles to be non-null
03-17 15:00:13.525 16476 16650 W CameraMetadataJV: Expect face scores and rectangles to be non-null
03-17 15:00:13.525 16476 17327 W CameraMetadataJV: Expect face scores and rectangles to be non-null
03-17 15:00:13.525 16476 17327 W CameraMetadataJV: Expect face scores and rectangles to be non-null
03-17 15:00:13.525 16476 17327 W CameraMetadataJV: Expect face scores and rectangles to be non-null
03-17 15:00:13.525 16476 17327 W CameraMetadataJV: Expect face scores and rectangles to be non-null
03-17 15:00:13.525 16476 17327 W CameraMetadataJV: Expect face scores and rectangles to be non-null
03-17 15:00:13.588 16476 17327 W CameraMetadataJV: Expect face scores and rectangles to be non-null
03-17 15:00:13.588 16476 17327 W CameraMetadataJV: Expect face scores and rectangles to be non-null
03-17 15:00:13.588 16476 17327 W CameraMetadataJV: Expect face scores and rectangles to be non-null
03-17 15:00:13.589 16476 17327 W CameraMetadataJV: Expect face scores and rectangles to be non-null
03-17 15:00:13.589 16476 17327 W CameraMetadataJV: Expect face scores and rectangles to be non-null
03-17 15:00:13.589 16476 17327 W CameraMetadataJV: Expect face scores and rectangles to be non-null
03-17 15:00:13.589 16476 17327 W CameraMetadataJV: Expect face scores and rectangles to be non-null
03-17 15:00:13.589 16476 17327 W JankMonitorFacade: PHOTO > rel Δ(result sensor timestamp) = 1.00 > 0.25
03-17 15:00:13.590 16476 17327 W JankMonitorFacade: PHOTO > result sensor delay = 2.00 > 1.10
03-17 15:00:13.590 16476 16649 E OisListener: Null pointer for OIS data. OIS API version: 2
03-17 15:00:13.591 16476 16650 W CameraMetadataJV: Expect face scores and rectangles to be non-null
03-17 15:00:13.636 16476 16476 I GestureDetector: handleMessage LONG_PRESS
03-17 15:00:13.652 16476 16649 E OisListener: Null pointer for OIS data. OIS API version: 2
03-17 15:00:13.653 16476 17327 W CameraMetadataJV: Expect face scores and rectangles to be non-null
03-17 15:00:13.654 16476 17327 W CameraMetadataJV: Expect face scores and rectangles to be non-null
03-17 15:00:13.654 16476 17327 W CameraMetadataJV: Expect face scores and rectangles to be non-null
03-17 15:00:13.654 16476 17327 W CameraMetadataJV: Expect face scores and rectangles to be non-null
03-17 15:00:13.654 16476 17327 W CameraMetadataJV: Expect face scores and rectangles to be non-null
03-17 15:00:13.654 16476 17327 W CameraMetadataJV: Expect face scores and rectangles to be non-null
03-17 15:00:13.654 16476 17327 W CameraMetadataJV: Expect face scores and rectangles to be non-null
03-17 15:00:13.654 16476 16650 W CameraMetadataJV: Expect face scores and rectangles to be non-null
03-17 15:00:13.655 16476 17327 W JankMonitorFacade: PHOTO > result sensor delay = 2.00 > 1.10
03-17 15:00:13.682 16476 17327 W CameraMetadataJV: Expect face scores and rectangles to be non-null
03-17 15:00:13.682 16476 16649 E OisListener: Null pointer for OIS data. OIS API version: 2
03-17 15:00:13.683 16476 16650 W CameraMetadataJV: Expect face scores and rectangles to be non-null
03-17 15:00:13.683 16476 17327 W CameraMetadataJV: Expect face scores and rectangles to be non-null
03-17 15:00:13.683 16476 17327 W CameraMetadataJV: Expect face scores and rectangles to be non-null
03-17 15:00:13.683 16476 17327 W CameraMetadataJV: Expect face scores and rectangles to be non-null
03-17 15:00:13.683 16476 17327 W CameraMetadataJV: Expect face scores and rectangles to be non-null
03-17 15:00:13.683 16476 17327 W CameraMetadataJV: Expect face scores and rectangles to be non-null
03-17 15:00:13.683 16476 17327 W CameraMetadataJV: Expect face scores and rectangles to be non-null
03-17 15:00:13.683 16476 17327 W JankMonitorFacade: PHOTO > rel Δ(result sensor timestamp) = 0.50 > 0.25
03-17 15:00:13.719 16476 16649 E OisListener: Null pointer for OIS data. OIS API version: 2
03-17 15:00:13.720 16476 16650 W CameraMetadataJV: Expect face scores and rectangles to be non-null
03-17 15:00:13.720 16476 17327 W CameraMetadataJV: Expect face scores and rectangles to be non-null
03-17 15:00:13.721 16476 17327 W CameraMetadataJV: Expect face scores and rectangles to be non-null
03-17 15:00:13.721 16476 17327 W CameraMetadataJV: Expect face scores and rectangles to be non-null
03-17 15:00:13.721 16476 17327 W CameraMetadataJV: Expect face scores and rectangles to be non-null
03-17 15:00:13.721 16476 17327 W CameraMetadataJV: Expect face scores and rectangles to be non-null
03-17 15:00:13.721 16476 17327 W CameraMetadataJV: Expect face scores and rectangles to be non-null
03-17 15:00:13.721 16476 17327 W CameraMetadataJV: Expect face scores and rectangles to be non-null
03-17 15:00:13.725 16476 16538 W CameraMetadataJV: Expect face scores and rectangles to be non-null
03-17 15:00:13.756 16476 17327 W CameraMetadataJV: Expect face scores and rectangles to be non-null
03-17 15:00:13.756 16476 17327 W CameraMetadataJV: Expect face scores and rectangles to be non-null
03-17 15:00:13.756 16476 17327 W CameraMetadataJV: Expect face scores and rectangles to be non-null
03-17 15:00:13.756 16476 17327 W CameraMetadataJV: Expect face scores and rectangles to be non-null
03-17 15:00:13.756 16476 17327 W CameraMetadataJV: Expect face scores and rectangles to be non-null
03-17 15:00:13.756 16476 17327 W CameraMetadataJV: Expect face scores and rectangles to be non-null
03-17 15:00:13.756 16476 17327 W CameraMetadataJV: Expect face scores and rectangles to be non-null
03-17 15:00:13.757 16476 16649 E OisListener: Null pointer for OIS data. OIS API version: 2
03-17 15:00:13.758 16476 16650 W CameraMetadataJV: Expect face scores and rectangles to be non-null
03-17 15:00:13.791 16476 17327 W CameraMetadataJV: Expect face scores and rectangles to be non-null
03-17 15:00:13.791 16476 16649 E OisListener: Null pointer for OIS data. OIS API version: 2
03-17 15:00:13.792 16476 17327 W CameraMetadataJV: Expect face scores and rectangles to be non-null
03-17 15:00:13.792 16476 17327 W CameraMetadataJV: Expect face scores and rectangles to be non-null
03-17 15:00:13.792 16476 16650 W CameraMetadataJV: Expect face scores and rectangles to be non-null
03-17 15:00:13.792 16476 17327 W CameraMetadataJV: Expect face scores and rectangles to be non-null
03-17 15:00:13.792 16476 17327 W CameraMetadataJV: Expect face scores and rectangles to be non-null
03-17 15:00:13.793 16476 17327 W CameraMetadataJV: Expect face scores and rectangles to be non-null
03-17 15:00:13.793 16476 17327 W CameraMetadataJV: Expect face scores and rectangles to be non-null
03-17 15:00:13.857 16476 17327 W CameraMetadataJV: Expect face scores and rectangles to be non-null
03-17 15:00:13.857 16476 16649 E OisListener: Null pointer for OIS data. OIS API version: 2
03-17 15:00:13.858 16476 17327 W CameraMetadataJV: Expect face scores and rectangles to be non-null
03-17 15:00:13.858 16476 17327 W CameraMetadataJV: Expect face scores and rectangles to be non-null
03-17 15:00:13.858 16476 17327 W CameraMetadataJV: Expect face scores and rectangles to be non-null
03-17 15:00:13.858 16476 17327 W CameraMetadataJV: Expect face scores and rectangles to be non-null
03-17 15:00:13.858 16476 17327 W CameraMetadataJV: Expect face scores and rectangles to be non-null
03-17 15:00:13.858 16476 17327 W CameraMetadataJV: Expect face scores and rectangles to be non-null
03-17 15:00:13.859 16476 16650 W CameraMetadataJV: Expect face scores and rectangles to be non-null
03-17 15:00:13.859 16476 17327 W JankMonitorFacade: PHOTO > rel Δ(result sensor timestamp) = 1.00 > 0.25
03-17 15:00:13.859 16476 17327 W JankMonitorFacade: PHOTO > result sensor delay = 2.00 > 1.10
