03-17 15:00:05.043 16476 16559 W CameraMetadataJV: Expect face scores and rectangles to be non-null
03-17 15:00:05.070 16476 16559 W CameraMetadataJV: Expect face scores and rectangles to be non-null
03-17 15:00:05.072 16476 16559 W CameraMetadataJV: Expect face scores and rectangles to be non-null
03-17 15:00:05.072 16476 16559 W CameraMetadataJV: Expect face scores and rectangles to be non-null
03-17 15:00:05.072 16476 16559 W CameraMetadataJV: Expect face scores and rectangles to be non-null
03-17 15:00:05.073 16476 16559 W CameraMetadataJV: Expect face scores and rectangles to be non-null
03-17 15:00:05.073 16476 16649 E OisListener: Null pointer for OIS data. OIS API version: 2
03-17 15:00:05.073 16476 16559 W CameraMetadataJV: Expect face scores and rectangles to be non-null
03-17 15:00:05.073 16476 16559 W CameraMetadataJV: Expect face scores and rectangles to be non-null
03-17 15:00:05.074 16476 16650 W CameraMetadataJV: Expect face scores and rectangles to be non-null
03-17 15:00:05.101 16476 16476 I ViewRootImpl@d6d2f93[CameraActivity]: ViewPostIme pointer 0
03-17 15:00:05.103 16476 16476 I DecorView: notifyKeepScreenOnChanged: keepScreenOn=true
03-17 15:00:05.104 16476 16476 I GestureDetector: obtain mCurrentDownEvent. id: 85149277 caller: idj.onTouch:2 android.view.View.dispatchTouchEvent:15540 com.google.android.apps.camera.bottombar.RoundedThumbnailView.dispatchTouchEvent:24
03-17 15:00:05.106 16476 16476 I ViewRootImpl@d6d2f93[CameraActivity]: performTraversals params={(0,0)(fillxfill) sim={state=always_hidden adjust=pan} layoutInDisplayCutoutMode=shortEdges ty=BASE_APPLICATION fmt=TRANSLUCENT wanim=0x1030309 rotAnim=SEAMLESS
03-17 15:00:05.106 16476 16476 I ViewRootImpl@d6d2f93[CameraActivity]: fl=81810580
03-17 15:00:05.106 16476 16476 I ViewRootImpl@d6d2f93[CameraActivity]: pfl=12020040
03-17 15:00:05.106 16476 16476 I ViewRootImpl@d6d2f93[CameraActivity]: vsysui=705
03-17 15:00:05.106 16476 16476 I ViewRootImpl@d6d2f93[CameraActivity]: apr=LOW_PROFILE_BARS
03-17 15:00:05.106 16476 16476 I ViewRootImpl@d6d2f93[CameraActivity]: bhv=SHOW_TRANSIENT_BARS_BY_SWIPE
03-17 15:00:05.106 16476 16476 I ViewRootImpl@d6d2f93[CameraActivity]: fitSides= naviIconColor=0}
03-17 15:00:05.108 16476 16476 I ViewRootImpl@d6d2f93[CameraActivity]: performTraversals mFirst=false windowShouldResize=false viewVisibilityChanged=false mForceNextWindowRelayout=false params={(0,0)(fillxfill) sim={state=always_hidden adjust=pan} layoutInDisplayCutoutMode=shortEdges ty=BASE_APPLICATION fmt=TRANSLUCENT wanim=0x1030309 rotAnim=SEAMLESS
03-17 15:00:05.108 16476 16476 I ViewRootImpl@d6d2f93[CameraActivity]: fl=81810580
03-17 15:00:05.108 16476 16476 I ViewRootImpl@d6d2f93[CameraActivity]: pfl=12020040
03-17 15:00:05.108 16476 16476 I ViewRootImpl@d6d2f93[CameraActivity]: vsysui=705
03-17 15:00:05.108 16476 16476 I ViewRootImpl@d6d2f93[CameraActivity]: apr=LOW_PROFILE_BARS
03-17 15:00:05.108 16476 16476 I ViewRootImpl@d6d2f93[CameraActivity]: bhv=SHOW_TRANSIENT_BARS_BY_SWIPE
03-17 15:00:05.108 16476 16476 I ViewRootImpl@d6d2f93[CameraActivity]: fitSides= naviIconColor=0}
03-17 15:00:05.120 16476 16476 I ViewRootImpl@d6d2f93[CameraActivity]: updateBlastSurfaceIfNeeded mBlastBufferQueue=0x70843249f0 isSameSurfaceControl=true
03-17 15:00:05.121 16476 16476 I BLASTBufferQueue: update, w= 1440 h= 3040 mName = ViewRootImpl@d6d2f93[CameraActivity] mNativeObject= 0x70843249f0 sc.mNativeObject= 0x701435cc70 format= -3 caller= android.view.ViewRootImpl.updateBlastSurfaceIfNeeded:2898 android.view.ViewRootImpl.relayoutWindow:9847 android.view.ViewRootImpl.performTraversals:3884 android.view.ViewRootImpl.doTraversal:3116 android.view.ViewRootImpl$TraversalRunnable.run:10885 android.view.Choreographer$CallbackRecord.run:1301
03-17 15:00:05.122 16476 16476 I ViewRootImpl@d6d2f93[CameraActivity]: Relayout returned: old=(0,0,1440,3040) new=(0,0,1440,3040) req=(1440,3040)0 dur=12 res=0x0 s={true 0x71143162a0} ch=false seqId=0
03-17 15:00:05.122 16476 16476 I ViewRootImpl@d6d2f93[CameraActivity]: updateBoundsLayer: t = android.view.SurfaceControl$Transaction@e6e3828 sc = Surface(name=Bounds for - com.samsung.android.scan3d/com.google.android.apps.camera.legacy.app.activity.main. CameraActivity@0)/@0xfa4941 frame = 109
03-17 15:00:05.122 16476 16476 I ViewRootImpl@d6d2f93[CameraActivity]: mWNT: t=0x704430f4f0 mBlastBufferQueue=0x70843249f0 fn= 109 caller= android.view.ViewRootImpl.prepareSurfaces:2985 android.view.ViewRootImpl.performTraversals:4233 android.view.ViewRootImpl.doTraversal:3116
03-17 15:00:05.123 16476 16559 W CameraMetadataJV: Expect face scores and rectangles to be non-null
03-17 15:00:05.124 16476 16649 E OisListener: Null pointer for OIS data. OIS API version: 2
03-17 15:00:05.124 16476 16559 W JankMonitorFacade: PHOTO > rel Δ(result sensor timestamp) = 1.00 > 0.25
03-17 15:00:05.124 16476 16650 W CameraMetadataJV: Expect face scores and rectangles to be non-null
03-17 15:00:05.124 16476 16559 W JankMonitorFacade: PHOTO > result sensor delay = 2.00 > 1.10
03-17 15:00:05.124 16476 16559 W CameraMetadataJV: Expect face scores and rectangles to be non-null
03-17 15:00:05.124 16476 16559 W CameraMetadataJV: Expect face scores and rectangles to be non-null
03-17 15:00:05.125 16476 16559 W CameraMetadataJV: Expect face scores and rectangles to be non-null
03-17 15:00:05.125 16476 16559 W CameraMetadataJV: Expect face scores and rectangles to be non-null
03-17 15:00:05.125 16476 16559 W CameraMetadataJV: Expect face scores and rectangles to be non-null
03-17 15:00:05.125 16476 16559 W CameraMetadataJV: Expect face scores and rectangles to be non-null
03-17 15:00:05.156 16476 16476 I GestureDetector: obtain mCurrentMotionEventRaw. action: 2 id: 239355370
03-17 15:00:05.157 16476 16908 W CAM_Log : Tag RectifaceWarpfieldImpl is 3 chars longer than limit.
03-17 15:00:05.157 16476 16908 W CAM_RectifaceWarpfieldI: Ignored Rectiface warpfield re-initialization.
03-17 15:00:05.158 16476 16559 W CameraMetadataJV: Expect face scores and rectangles to be non-null
03-17 15:00:05.159 16476 16649 E OisListener: Null pointer for OIS data. OIS API version: 2
03-17 15:00:05.159 16476 16650 W CameraMetadataJV: Expect face scores and rectangles to be non-null
03-17 15:00:05.159 16476 16476 I ViewRootImpl@d6d2f93[CameraActivity]: ViewPostIme pointer 1
03-17 15:00:05.160 16476 16559 W JankMonitorFacade: PHOTO > rel Δ(result sensor timestamp) = 0.50 > 0.25
03-17 15:00:05.160 16476 16559 W CameraMetadataJV: Expect face scores and rectangles to be non-null
03-17 15:00:05.160 16476 16559 W CameraMetadataJV: Expect face scores and rectangles to be non-null
03-17 15:00:05.160 16476 16559 W CameraMetadataJV: Expect face scores and rectangles to be non-null
03-17 15:00:05.160 16476 16559 W CameraMetadataJV: Expect face scores and rectangles to be non-null
03-17 15:00:05.160 16476 16559 W CameraMetadataJV: Expect face scores and rectangles to be non-null
03-17 15:00:05.160 16476 16559 W CameraMetadataJV: Expect face scores and rectangles to be non-null
03-17 15:00:05.200 16476 16559 W CameraMetadataJV: Expect face scores and rectangles to be non-null
03-17 15:00:05.200 16476 16649 E OisListener: Null pointer for OIS data. OIS API version: 2
03-17 15:00:05.201 16476 16559 W CameraMetadataJV: Expect face scores and rectangles to be non-null
03-17 15:00:05.201 16476 16559 W CameraMetadataJV: Expect face scores and rectangles to be non-null
03-17 15:00:05.201 16476 16559 W CameraMetadataJV: Expect face scores and rectangles to be non-null
03-17 15:00:05.201 16476 16650 W CameraMetadataJV: Expect face scores and rectangles to be non-null
03-17 15:00:05.201 16476 16559 W CameraMetadataJV: Expect face scores and rectangles to be non-null
03-17 15:00:05.201 16476 16559 W CameraMetadataJV: Expect face scores and rectangles to be non-null
03-17 15:00:05.201 16476 16559 W CameraMetadataJV: Expect face scores and rectangles to be non-null
03-17 15:00:05.252 16476 16559 W CameraMetadataJV: Expect face scores and rectangles to be non-null
03-17 15:00:05.252 16476 16559 W JankMonitorFacade: PHOTO > rel Δ(result sensor timestamp) = 1.00 > 0.25
03-17 15:00:05.252 16476 16559 W JankMonitorFacade: PHOTO > result sensor delay = 2.00 > 1.10
03-17 15:00:05.252 16476 16559 W CameraMetadataJV: Expect face scores and rectangles to be non-null
03-17 15:00:05.252 16476 16559 W CameraMetadataJV: Expect face scores and rectangles to be non-null
03-17 15:00:05.252 16476 16559 W CameraMetadataJV: Expect face scores and rectangles to be non-null
03-17 15:00:05.253 16476 16559 W CameraMetadataJV: Expect face scores and rectangles to be non-null
03-17 15:00:05.253 16476 16559 W CameraMetadataJV: Expect face scores and rectangles to be non-null
03-17 15:00:05.253 16476 16559 W CameraMetadataJV: Expect face scores and rectangles to be non-null
03-17 15:00:05.253 16476 16649 E OisListener: Null pointer for OIS data. OIS API version: 2
03-17 15:00:05.253 16476 16650 W CameraMetadataJV: Expect face scores and rectangles to be non-null
03-17 15:00:05.254 16476 16529 W CameraMetadataJV: Expect face scores and rectangles to be non-null
03-17 15:00:05.287 16476 16559 W CameraMetadataJV: Expect face scores and rectangles to be non-null
03-17 15:00:05.287 16476 16649 E OisListener: Null pointer for OIS data. OIS API version: 2
03-17 15:00:05.288 16476 16559 W JankMonitorFacade: PHOTO > rel Δ(result sensor timestamp) = 0.50 > 0.25
03-17 15:00:05.288 16476 16559 W CameraMetadataJV: Expect face scores and rectangles to be non-null
03-17 15:00:05.288 16476 16559 W CameraMetadataJV: Expect face scores and rectangles to be non-null
03-17 15:00:05.288 16476 16559 W CameraMetadataJV: Expect face scores and rectangles to be non-null
03-17 15:00:05.288 16476 16650 W CameraMetadataJV: Expect face scores and rectangles to be non-null
03-17 15:00:05.288 16476 16559 W CameraMetadataJV: Expect face scores and rectangles to be non-null
03-17 15:00:05.288 16476 16559 W CameraMetadataJV: Expect face scores and rectangles to be non-null
03-17 15:00:05.288 16476 16559 W CameraMetadataJV: Expect face scores and rectangles to be non-null
03-17 15:00:05.319 16476 16559 W CameraMetadataJV: Expect face scores and rectangles to be non-null
03-17 15:00:05.319 16476 16559 W CameraMetadataJV: Expect face scores and rectangles to be non-null
03-17 15:00:05.319 16476 16559 W CameraMetadataJV: Expect face scores and rectangles to be non-null
03-17 15:00:05.319 16476 16559 W CameraMetadataJV: Expect face scores and rectangles to be non-null
03-17 15:00:05.319 16476 16559 W CameraMetadataJV: Expect face scores and rectangles to be non-null
03-17 15:00:05.319 16476 16559 W CameraMetadataJV: Expect face scores and rectangles to be non-null
03-17 15:00:05.319 16476 16559 W CameraMetadataJV: Expect face scores and rectangles to be non-null
03-17 15:00:05.320 16476 16649 E OisListener: Null pointer for OIS data. OIS API version: 2
03-17 15:00:05.320 16476 16650 W CameraMetadataJV: Expect face scores and rectangles to be non-null
03-17 15:00:05.354 16476 16559 W CameraMetadataJV: Expect face scores and rectangles to be non-null
03-17 15:00:05.354 16476 16559 W CameraMetadataJV: Expect face scores and rectangles to be non-null
03-17 15:00:05.355 16476 16559 W CameraMetadataJV: Expect face scores and rectangles to be non-null
03-17 15:00:05.355 16476 16559 W CameraMetadataJV: Expect face scores and rectangles to be non-null
03-17 15:00:05.355 16476 16559 W CameraMetadataJV: Expect face scores and rectangles to be non-null
03-17 15:00:05.355 16476 16559 W CameraMetadataJV: Expect face scores and rectangles to be non-null
03-17 15:00:05.355 16476 16559 W CameraMetadataJV: Expect face scores and rectangles to be non-null
03-17 15:00:05.355 16476 16649 E OisListener: Null pointer for OIS data. OIS API version: 2
03-17 15:00:05.355 16476 16650 W CameraMetadataJV: Expect face scores and rectangles to be non-null
03-17 15:00:05.360 16476 16476 I DecorView: notifyKeepScreenOnChanged: keepScreenOn=true
03-17 15:00:05.361 16476 16476 I ViewRootImpl@d6d2f93[CameraActivity]: performTraversals mFirst=false windowShouldResize=false viewVisibilityChanged=false mForceNextWindowRelayout=false params={(0,0)(fillxfill) sim={state=always_hidden adjust=pan} layoutInDisplayCutoutMode=shortEdges ty=BASE_APPLICATION fmt=TRANSLUCENT wanim=0x1030309 rotAnim=SEAMLESS sysuil=true
03-17 15:00:05.361 16476 16476 I ViewRootImpl@d6d2f93[CameraActivity]: fl=81810580
03-17 15:00:05.361 16476 16476 I ViewRootImpl@d6d2f93[CameraActivity]: pfl=12020040
03-17 15:00:05.361 16476 16476 I ViewRootImpl@d6d2f93[CameraActivity]: vsysui=705
03-17 15:00:05.361 16476 16476 I ViewRootImpl@d6d2f93[CameraActivity]: apr=LOW_PROFILE_BARS
03-17 15:00:05.361 16476 16476 I ViewRootImpl@d6d2f93[CameraActivity]: bhv=SHOW_TRANSIENT_BARS_BY_SWIPE
03-17 15:00:05.361 16476 16476 I ViewRootImpl@d6d2f93[CameraActivity]: fitSides= naviIconColor=0}
03-17 15:00:05.366 16476 16476 I ViewRootImpl@d6d2f93[CameraActivity]: updateBlastSurfaceIfNeeded mBlastBufferQueue=0x70843249f0 isSameSurfaceControl=true
03-17 15:00:05.367 16476 16476 I BLASTBufferQueue: update, w= 1440 h= 3040 mName = ViewRootImpl@d6d2f93[CameraActivity] mNativeObject= 0x70843249f0 sc.mNativeObject= 0x70143abed0 format= -3 caller= android.view.ViewRootImpl.updateBlastSurfaceIfNeeded:2898 android.view.ViewRootImpl.relayoutWindow:9847 android.view.ViewRootImpl.performTraversals:3884 android.view.ViewRootImpl.doTraversal:3116 android.view.ViewRootImpl$TraversalRunnable.run:10885 android.view.Choreographer$CallbackRecord.run:1301
03-17 15:00:05.367 16476 16476 I ViewRootImpl@d6d2f93[CameraActivity]: Relayout returned: old=(0,0,1440,3040) new=(0,0,1440,3040) req=(1440,3040)0 dur=5 res=0x0 s={true 0x71143162a0} ch=false seqId=0
03-17 15:00:05.380 16476 16537 I CAM_UsageStats: onCapturePersisted-API2_HDR_PLUS 7292907603651
03-17 15:00:05.403 16476 16476 I GestureDetector: handleMessage TAP
03-17 15:00:05.433 16476 16559 W CameraMetadataJV: Expect face scores and rectangles to be non-null
03-17 15:00:05.434 16476 16649 E OisListener: Null pointer for OIS data. OIS API version: 2
03-17 15:00:05.434 16476 16559 W JankMonitorFacade: PHOTO > rel Δ(result sensor timestamp) = 1.00 > 0.25
03-17 15:00:05.434 16476 16559 W JankMonitorFacade: PHOTO > result sensor delay = 2.00 > 1.10
03-17 15:00:05.434 16476 16650 W CameraMetadataJV: Expect face scores and rectangles to be non-null
03-17 15:00:05.434 16476 16559 W CameraMetadataJV: Expect face scores and rectangles to be non-null
03-17 15:00:05.434 16476 16559 W CameraMetadataJV: Expect face scores and rectangles to be non-null
03-17 15:00:05.434 16476 16559 W CameraMetadataJV: Expect face scores and rectangles to be non-null
03-17 15:00:05.434 16476 16559 W CameraMetadataJV: Expect face scores and rectangles to be non-null
03-17 15:00:05.434 16476 16559 W CameraMetadataJV: Expect face scores and rectangles to be non-null
03-17 15:00:05.434 16476 16559 W CameraMetadataJV: Expect face scores and rectangles to be non-null
03-17 15:00:05.460 16476 16559 W CameraMetadataJV: Expect face scores and rectangles to be non-null
03-17 15:00:05.460 16476 16559 W JankMonitorFacade: PHOTO > rel Δ(result sensor timestamp) = 0.50 > 0.25
03-17 15:00:05.460 16476 16559 W CameraMetadataJV: Expect face scores and rectangles to be non-null
03-17 15:00:05.460 16476 16559 W CameraMetadataJV: Expect face scores and rectangles to be non-null
03-17 15:00:05.460 16476 16559 W CameraMetadataJV: Expect face scores and rectangles to be non-null
03-17 15:00:05.461 16476 16559 W CameraMetadataJV: Expect face scores and rectangles to be non-null
03-17 15:00:05.461 16476 16559 W CameraMetadataJV: Expect face scores and rectangles to be non-null
03-17 15:00:05.461 16476 16559 W CameraMetadataJV: Expect face scores and rectangles to be non-null
03-17 15:00:05.461 16476 16649 E OisListener: Null pointer for OIS data. OIS API version: 2
03-17 15:00:05.461 16476 16650 W CameraMetadataJV: Expect face scores and rectangles to be non-null
03-17 15:00:05.489 16476 16559 W CameraMetadataJV: Expect face scores and rectangles to be non-null
03-17 15:00:05.492 16476 16559 W CameraMetadataJV: Expect face scores and rectangles to be non-null
03-17 15:00:05.492 16476 16559 W CameraMetadataJV: Expect face scores and rectangles to be non-null
03-17 15:00:05.493 16476 16559 W CameraMetadataJV: Expect face scores and rectangles to be non-null
03-17 15:00:05.493 16476 16649 E OisListener: Null pointer for OIS data. OIS API version: 2
03-17 15:00:05.493 16476 16559 W CameraMetadataJV: Expect face scores and rectangles to be non-null
03-17 15:00:05.493 16476 16559 W CameraMetadataJV: Expect face scores and rectangles to be non-null
03-17 15:00:05.493 16476 16559 W CameraMetadataJV: Expect face scores and rectangles to be non-null
03-17 15:00:05.493 16476 16650 W CameraMetadataJV: Expect face scores and rectangles to be non-null
03-17 15:00:05.502 16476 16538 W CameraMetadataJV: Expect face scores and rectangles to be non-null
03-17 15:00:05.525 16476 16559 W CameraMetadataJV: Expect face scores and rectangles to be non-null
03-17 15:00:05.526 16476 16559 W CameraMetadataJV: Expect face scores and rectangles to be non-null
03-17 15:00:05.526 16476 16649 E OisListener: Null pointer for OIS data. OIS API version: 2
03-17 15:00:05.526 16476 16559 W CameraMetadataJV: Expect face scores and rectangles to be non-null
03-17 15:00:05.526 16476 16559 W CameraMetadataJV: Expect face scores and rectangles to be non-null
03-17 15:00:05.526 16476 16559 W CameraMetadataJV: Expect face scores and rectangles to be non-null
03-17 15:00:05.526 16476 16559 W CameraMetadataJV: Expect face scores and rectangles to be non-null
03-17 15:00:05.526 16476 16559 W CameraMetadataJV: Expect face scores and rectangles to be non-null
03-17 15:00:05.527 16476 16650 W CameraMetadataJV: Expect face scores and rectangles to be non-null
03-17 15:00:05.555 16476 16559 W CameraMetadataJV: Expect face scores and rectangles to be non-null
03-17 15:00:05.556 16476 16649 E OisListener: Null pointer for OIS data. OIS API version: 2
03-17 15:00:05.556 16476 16559 W CameraMetadataJV: Expect face scores and rectangles to be non-null
03-17 15:00:05.556 16476 16559 W CameraMetadataJV: Expect face scores and rectangles to be non-null
03-17 15:00:05.556 16476 16559 W CameraMetadataJV: Expect face scores and rectangles to be non-null
03-17 15:00:05.556 16476 16559 W CameraMetadataJV: Expect face scores and rectangles to be non-null
03-17 15:00:05.557 16476 16650 W CameraMetadataJV: Expect face scores and rectangles to be non-null
03-17 15:00:05.558 16476 16559 W CameraMetadataJV: Expect face scores and rectangles to be non-null
03-17 15:00:05.558 16476 16559 W CameraMetadataJV: Expect face scores and rectangles to be non-null
03-17 15:00:05.655 16476 16559 W CameraMetadataJV: Expect face scores and rectangles to be non-null
03-17 15:00:05.656 16476 16649 E OisListener: Null pointer for OIS data. OIS API version: 2
03-17 15:00:05.656 16476 16559 W JankMonitorFacade: PHOTO > abs Δ(result sensor timestamp) = 99.98 ms > 70.00 ms
03-17 15:00:05.656 16476 16559 W JankMonitorFacade: PHOTO > rel Δ(result sensor timestamp) = 2.00 > 0.25
03-17 15:00:05.656 16476 16559 W JankMonitorFacade: PHOTO > result sensor delay = 3.00 > 1.10
03-17 15:00:05.656 16476 16559 W CameraMetadataJV: Expect face scores and rectangles to be non-null
03-17 15:00:05.656 16476 16559 W CameraMetadataJV: Expect face scores and rectangles to be non-null
03-17 15:00:05.656 16476 16559 W CameraMetadataJV: Expect face scores and rectangles to be non-null
03-17 15:00:05.656 16476 16559 W CameraMetadataJV: Expect face scores and rectangles to be non-null
03-17 15:00:05.656 16476 16559 W CameraMetadataJV: Expect face scores and rectangles to be non-null
03-17 15:00:05.657 16476 16559 W CameraMetadataJV: Expect face scores and rectangles to be non-null
03-17 15:00:05.658 16476 16650 W CameraMetadataJV: Expect face scores and rectangles to be non-null
03-17 15:00:05.692 16476 16559 W CameraMetadataJV: Expect face scores and rectangles to be non-null
03-17 15:00:05.692 16476 16559 W JankMonitorFacade: PHOTO > rel Δ(result sensor timestamp) = 0.67 > 0.25
03-17 15:00:05.692 16476 16559 W CameraMetadataJV: Expect face scores and rectangles to be non-null
03-17 15:00:05.692 16476 16559 W CameraMetadataJV: Expect face scores and rectangles to be non-null
03-17 15:00:05.692 16476 16559 W CameraMetadataJV: Expect face scores and rectangles to be non-null
03-17 15:00:05.692 16476 16559 W CameraMetadataJV: Expect face scores and rectangles to be non-null
03-17 15:00:05.692 16476 16559 W CameraMetadataJV: Expect face scores and rectangles to be non-null
03-17 15:00:05.692 16476 16559 W CameraMetadataJV: Expect face scores and rectangles to be non-null
03-17 15:00:05.693 16476 16649 E OisListener: Null pointer for OIS data. OIS API version: 2
03-17 15:00:05.693 16476 16650 W CameraMetadataJV: Expect face scores and rectangles to be non-null
03-17 15:00:05.718 16476 16476 W CAM_CameraActivity: Disconnecting the camera device because filmstrip was launched.
03-17 15:00:05.719 16476 16476 I DecorView: notifyKeepScreenOnChanged: keepScreenOn=false
03-17 15:00:05.724 16476 16476 I DecorView: notifyKeepScreenOnChanged: keepScreenOn=false
03-17 15:00:05.724 16476 16531 E PhenotypeFlagCommitter: Retrieving snapshot for com.google.android.apps.camera#com.samsung.android.scan3d failed
03-17 15:00:05.724 16476 16531 E PhenotypeFlagCommitter: java.util.concurrent.ExecutionException: java.lang.SecurityException: GoogleCertificatesRslt: not allowed: pkg=com.samsung.android.scan3d, sha256=[144e0735b48b4b395e820d53e9a49aa6d308645d42cc69a030aaf8528c51f1ef], atk=false, ver=230914044.true (go/gsrlt)
03-17 15:00:05.724 16476 16531 E PhenotypeFlagCommitter: at lbu.a(Unknown Source:31)
03-17 15:00:05.724 16476 16531 E PhenotypeFlagCommitter: at lbu.a(Unknown Source:57)
03-17 15:00:05.724 16476 16531 E PhenotypeFlagCommitter: at lab.a(Unknown Source:23)
03-17 15:00:05.724 16476 16531 E PhenotypeFlagCommitter: at lab.a(Unknown Source:35)
03-17 15:00:05.724 16476 16531 E PhenotypeFlagCommitter: at gon.c(Unknown Source:41)
03-17 15:00:05.724 16476 16531 E PhenotypeFlagCommitter: at dxk.run(Unknown Source:11)
03-17 15:00:05.724 16476 16531 E PhenotypeFlagCommitter: at lis.run(Unknown Source:2)
03-17 15:00:05.724 16476 16531 E PhenotypeFlagCommitter: at java.util.concurrent.Executors$RunnableAdapter.call(Executors.java:463)
03-17 15:00:05.724 16476 16531 E PhenotypeFlagCommitter: at oye.b(Unknown Source:2)
03-17 15:00:05.724 16476 16531 E PhenotypeFlagCommitter: at oxi.run(Unknown Source:22)
03-17 15:00:05.724 16476 16531 E PhenotypeFlagCommitter: at oyf.run(Unknown Source:4)
03-17 15:00:05.724 16476 16531 E PhenotypeFlagCommitter: at java.util.concurrent.Executors$RunnableAdapter.call(Executors.java:463)
03-17 15:00:05.724 16476 16531 E PhenotypeFlagCommitter: at java.util.concurrent.FutureTask.run(FutureTask.java:264)
03-17 15:00:05.724 16476 16531 E PhenotypeFlagCommitter: at java.util.concurrent.ScheduledThreadPoolExecutor$ScheduledFutureTask.run(ScheduledT hreadPoolExecutor.java:307)
03-17 15:00:05.724 16476 16531 E PhenotypeFlagCommitter: at ljd.run(Unknown Source:2)
03-17 15:00:05.724 16476 16531 E PhenotypeFlagCommitter: at ljc.run(Unknown Source:0)
03-17 15:00:05.724 16476 16531 E PhenotypeFlagCommitter: at java.util.concurrent.ThreadPoolExecutor.runWorker(ThreadPoolExecutor.java:1137)
03-17 15:00:05.724 16476 16531 E PhenotypeFlagCommitter: at java.util.concurrent.ThreadPoolExecutor$Worker.run(ThreadPoolExecutor.java:637)
03-17 15:00:05.724 16476 16531 E PhenotypeFlagCommitter: at java.lang.Thread.run(Thread.java:1012)
03-17 15:00:05.724 16476 16531 E PhenotypeFlagCommitter: at lhu.run(Unknown Source:5)
03-17 15:00:05.724 16476 16531 E PhenotypeFlagCommitter: Caused by: java.lang.SecurityException: GoogleCertificatesRslt: not allowed: pkg=com.samsung.android.scan3d, sha256=[144e0735b48b4b395e820d53e9a49aa6d308645d42cc69a030aaf8528c51f1ef], atk=false, ver=230914044.true (go/gsrlt)
03-17 15:00:05.724 16476 16531 E PhenotypeFlagCommitter: at android.os.Parcel.createExceptionOrNull(Parcel.java:3023)
03-17 15:00:05.724 16476 16531 E PhenotypeFlagCommitter: at android.os.Parcel.createException(Parcel.java:3007)
03-17 15:00:05.724 16476 16531 E PhenotypeFlagCommitter: at android.os.Parcel.readException(Parcel.java:2990)
03-17 15:00:05.724 16476 16531 E PhenotypeFlagCommitter: at android.os.Parcel.readException(Parcel.java:2932)
03-17 15:00:05.724 16476 16531 E PhenotypeFlagCommitter: at azi.b(Unknown Source:10)
03-17 15:00:05.724 16476 16531 E PhenotypeFlagCommitter: at kzz.a(Unknown Source:38)
03-17 15:00:05.724 16476 16531 E PhenotypeFlagCommitter: at krj.a(Unknown Source:4)
03-17 15:00:05.724 16476 16531 E PhenotypeFlagCommitter: at kpf.c(Unknown Source:6)
03-17 15:00:05.724 16476 16531 E PhenotypeFlagCommitter: at kqd.c(Unknown Source:9)
03-17 15:00:05.724 16476 16531 E PhenotypeFlagCommitter: at kqd.b(Unknown Source:22)
03-17 15:00:05.724 16476 16531 E PhenotypeFlagCommitter: at kqd.a(Unknown Source:17)
03-17 15:00:05.724 16476 16531 E PhenotypeFlagCommitter: at kqh.handleMessage(Unknown Source:776)
03-17 15:00:05.724 16476 16531 E PhenotypeFlagCommitter: at android.os.Handler.dispatchMessage(Handler.java:102)
03-17 15:00:05.724 16476 16531 E PhenotypeFlagCommitter: at kxo.a(Unknown Source:0)
03-17 15:00:05.724 16476 16531 E PhenotypeFlagCommitter: at kxo.dispatchMessage(Unknown Source:0)
03-17 15:00:05.724 16476 16531 E PhenotypeFlagCommitter: at android.os.Looper.loopOnce(Looper.java:226)
03-17 15:00:05.724 16476 16531 E PhenotypeFlagCommitter: at android.os.Looper.loop(Looper.java:313)
03-17 15:00:05.724 16476 16531 E PhenotypeFlagCommitter: at android.os.HandlerThread.run(HandlerThread.java:67)
03-17 15:00:05.725 16476 16476 I ViewRootImpl@d6d2f93[CameraActivity]: performTraversals params={(0,0)(fillxfill) sim={state=always_hidden adjust=pan} layoutInDisplayCutoutMode=shortEdges ty=BASE_APPLICATION fmt=TRANSLUCENT wanim=0x1030309 rotAnim=SEAMLESS sysuil=true
03-17 15:00:05.725 16476 16476 I ViewRootImpl@d6d2f93[CameraActivity]: fl=81810500
03-17 15:00:05.725 16476 16476 I ViewRootImpl@d6d2f93[CameraActivity]: pfl=12020040
03-17 15:00:05.725 16476 16476 I ViewRootImpl@d6d2f93[CameraActivity]: vsysui=705
03-17 15:00:05.725 16476 16476 I ViewRootImpl@d6d2f93[CameraActivity]: apr=LOW_PROFILE_BARS
03-17 15:00:05.725 16476 16476 I ViewRootImpl@d6d2f93[CameraActivity]: bhv=SHOW_TRANSIENT_BARS_BY_SWIPE
03-17 15:00:05.725 16476 16476 I ViewRootImpl@d6d2f93[CameraActivity]: fitSides= naviIconColor=0}
03-17 15:00:05.726 16476 16476 I ViewRootImpl@d6d2f93[CameraActivity]: performTraversals mFirst=false windowShouldResize=false viewVisibilityChanged=false mForceNextWindowRelayout=false params={(0,0)(fillxfill) sim={state=always_hidden adjust=pan} layoutInDisplayCutoutMode=shortEdges ty=BASE_APPLICATION fmt=TRANSLUCENT wanim=0x1030309 rotAnim=SEAMLESS sysuil=true
03-17 15:00:05.726 16476 16476 I ViewRootImpl@d6d2f93[CameraActivity]: fl=81810500
03-17 15:00:05.726 16476 16476 I ViewRootImpl@d6d2f93[CameraActivity]: pfl=12020040
03-17 15:00:05.726 16476 16476 I ViewRootImpl@d6d2f93[CameraActivity]: vsysui=705
03-17 15:00:05.726 16476 16476 I ViewRootImpl@d6d2f93[CameraActivity]: apr=LOW_PROFILE_BARS
03-17 15:00:05.726 16476 16476 I ViewRootImpl@d6d2f93[CameraActivity]: bhv=SHOW_TRANSIENT_BARS_BY_SWIPE
03-17 15:00:05.726 16476 16476 I ViewRootImpl@d6d2f93[CameraActivity]: fitSides= naviIconColor=0}
03-17 15:00:05.731 16476 16476 I ViewRootImpl@d6d2f93[CameraActivity]: updateBlastSurfaceIfNeeded mBlastBufferQueue=0x70843249f0 isSameSurfaceControl=true
03-17 15:00:05.731 16476 16476 I BLASTBufferQueue: update, w= 1440 h= 3040 mName = ViewRootImpl@d6d2f93[CameraActivity] mNativeObject= 0x70843249f0 sc.mNativeObject= 0x70143adfd0 format= -3 caller= android.view.ViewRootImpl.updateBlastSurfaceIfNeeded:2898 android.view.ViewRootImpl.relayoutWindow:9847 android.view.ViewRootImpl.performTraversals:3884 android.view.ViewRootImpl.doTraversal:3116 android.view.ViewRootImpl$TraversalRunnable.run:10885 android.view.Choreographer$CallbackRecord.run:1301
03-17 15:00:05.732 16476 16476 I ViewRootImpl@d6d2f93[CameraActivity]: Relayout returned: old=(0,0,1440,3040) new=(0,0,1440,3040) req=(1440,3040)0 dur=5 res=0x0 s={true 0x71143162a0} ch=false seqId=0
03-17 15:00:05.732 16476 16476 I ViewRootImpl@d6d2f93[CameraActivity]: updateBoundsLayer: t = android.view.SurfaceControl$Transaction@e6e3828 sc = Surface(name=Bounds for - com.samsung.android.scan3d/com.google.android.apps.camera.legacy.app.activity.main. CameraActivity@0)/@0xfa4941 frame = 136
03-17 15:00:05.732 16476 16476 I ViewRootImpl@d6d2f93[CameraActivity]: mWNT: t=0x704430f4f0 mBlastBufferQueue=0x70843249f0 fn= 136 caller= android.view.ViewRootImpl.prepareSurfaces:2985 android.view.ViewRootImpl.performTraversals:4233 android.view.ViewRootImpl.doTraversal:3116
03-17 15:00:05.744 16476 16476 I ViewRootImpl@d6d2f93[CameraActivity]: MSG_WINDOW_FOCUS_CHANGED 0 0
03-17 15:00:05.752 16476 16538 W native : tracking_jni.cc:73 Unknown tracker
03-17 15:00:05.752 16476 16538 W native : tracking_jni.cc:258 Stop tracking: tracker cannot be null
03-17 15:00:05.758 16476 16777 E native : jni_environment.cc:95 Failed to detach current thread from the JVM. JavaVM::DetachCurrentThread returned: -1
03-17 15:00:05.844 16476 16582 I CameraManagerGlobal: Camera 0 facing CAMERA_FACING_BACK state now CAMERA_STATE_IDLE for client com.samsung.android.scan3d API Level 2
03-17 15:00:05.852 16476 16544 W .android.scan3d: Long monitor contention with owner Camera-Ex (16545) at void android.hardware.camera2.impl.CameraDeviceImpl.flush()(CameraDeviceImpl.java:1425) waiters=0 in void android.hardware.camera2.impl.CameraDeviceImpl$4.run() for 131ms
03-17 15:00:05.853 16476 16559 W CameraMetadataJV: Expect face scores and rectangles to be non-null
03-17 15:00:05.853 16476 16649 E OisListener: Null pointer for OIS data. OIS API version: 2
03-17 15:00:05.853 16476 16559 W CameraMetadataJV: Expect face scores and rectangles to be non-null
03-17 15:00:05.853 16476 16559 W CameraMetadataJV: Expect face scores and rectangles to be non-null
03-17 15:00:05.853 16476 16559 W CameraMetadataJV: Expect face scores and rectangles to be non-null
03-17 15:00:05.853 16476 16559 W CameraMetadataJV: Expect face scores and rectangles to be non-null
03-17 15:00:05.853 16476 16559 W CameraMetadataJV: Expect face scores and rectangles to be non-null
03-17 15:00:05.853 16476 16559 W CameraMetadataJV: Expect face scores and rectangles to be non-null
03-17 15:00:05.932 16476 16491 I CameraManagerGlobal: Camera 0 facing CAMERA_FACING_BACK state now CAMERA_STATE_CLOSED for client com.samsung.android.scan3d API Level 2
03-17 15:00:06.378 16476 16476 I ViewRootImpl@d6d2f93[CameraActivity]: handleAppVisibility mAppVisible = true visible = false
03-17 15:00:06.393 16476 16476 I SurfaceView@87c8cec: onWindowVisibilityChanged(8) false android.view.SurfaceView{87c8cec V.E...... ........ 0,312-1440,2232} of ViewRootImpl@d6d2f93[CameraActivity]
03-17 15:00:06.393 16476 16476 I SurfaceView@87c8cec: Changes: creating=false format=false size=false visible=true alpha=false hint=false mUseAlpha=false visible=true left=false top=false
03-17 15:00:06.393 16476 16476 I SurfaceView@87c8cec: 142380268 Cur surface: Surface(name=null)/@0xafdaafa
03-17 15:00:06.394 16476 16476 I SurfaceView@87c8cec: applyTransactionOnVriDraw: vri = ViewRootImpl@d6d2f93[CameraActivity] fRS = false t = 0x704430c7f0 android.view.SurfaceView.performSurfaceTransaction:959 android.view.SurfaceView.updateSurface:1105 android.view.SurfaceView.onWindowVisibilityChanged:371
03-17 15:00:06.395 16476 16476 I ViewRootImpl@d6d2f93[CameraActivity]: applyTransactionOnDraw: mRemoved = false isHardwareEnabled = true t = 0x704430c7f0android.view.SurfaceView.applyTransactionOnVriDraw:2048 android.view.SurfaceView.performSurfaceTransaction:959 android.view.SurfaceView.updateSurface:1105 android.view.SurfaceView.onWindowVisibilityChanged:371 android.view.View.dispatchWindowVisibilityChanged:15943
03-17 15:00:06.397 16476 16476 I SurfaceView@87c8cec: surfaceDestroyed
03-17 15:00:06.397 16476 16476 I SurfaceView@87c8cec: surfaceDestroyed callback.size 2 #2 android.view.SurfaceView{87c8cec V.E...... ........ 0,312- 1440,2232}
03-17 15:00:06.399 16476 16476 I SurfaceView@87c8cec: updateSurface: mVisible = false mSurface.isValid() = true
03-17 15:00:06.400 16476 16476 I SurfaceView@87c8cec: releaseSurfaces: viewRoot = ViewRootImpl@d6d2f93[CameraActivity]
03-17 15:00:06.400 16476 16476 I SurfaceView@87c8cec: applyTransactionOnVriDraw: vri = ViewRootImpl@d6d2f93[CameraActivity] fRS = true t = 0x70443442f0 android.view.SurfaceView.releaseSurfaces:858 android.view.SurfaceView.updateSurface:1172 android.view.SurfaceView.onWindowVisibilityChanged:371
03-17 15:00:06.400 16476 16476 I SurfaceView@87c8cec: applyTransactionOnVriDraw: viewRoot.applyTransactionOnDrawFromReleaseSurfaces
03-17 15:00:06.400 16476 16476 I ViewRootImpl@d6d2f93[CameraActivity]: from releaseSurfaces t.apply t = 0x70443442f0
03-17 15:00:06.407 16476 16476 I ViewRootImpl@d6d2f93[CameraActivity]: performTraversals mFirst=false windowShouldResize=false viewVisibilityChanged=true mForceNextWindowRelayout=false params=null
03-17 15:00:06.415 16476 16476 I ViewRootImpl@d6d2f93[CameraActivity]: Relayout returned: old=(0,0,1440,3040) new=(0,0,1440,3040) req=(1440,3040)8 dur=7 res=0x2 s={false 0x0} ch=true seqId=0
03-17 15:00:06.416 16476 16476 I SurfaceView@87c8cec: windowStopped(true) false android.view.SurfaceView{87c8cec V.E...... ........ 0,312-1440,2232} of ViewRootImpl@d6d2f93[CameraActivity]
03-17 15:00:06.416 16476 16476 I SurfaceView@87c8cec: releaseSurfaces: viewRoot = ViewRootImpl@d6d2f93[CameraActivity]
03-17 15:00:06.416 16476 16476 I SurfaceView@87c8cec: applyTransactionOnVriDraw: vri = ViewRootImpl@d6d2f93[CameraActivity] fRS = true t = 0x7044333cd0 android.view.SurfaceView.releaseSurfaces:858 android.view.SurfaceView.updateSurface:998 android.view.SurfaceView.setWindowStopped:335
03-17 15:00:06.416 16476 16476 I SurfaceView@87c8cec: applyTransactionOnVriDraw: viewRoot.applyTransactionOnDrawFromReleaseSurfaces
03-17 15:00:06.416 16476 16476 I ViewRootImpl@d6d2f93[CameraActivity]: from releaseSurfaces t.apply t = 0x7044333cd0
03-17 15:00:06.417 16476 16476 I SurfaceView@87c8cec: releaseSurfaces: viewRoot = ViewRootImpl@d6d2f93[CameraActivity]
03-17 15:00:06.417 16476 16476 I SurfaceView@87c8cec: applyTransactionOnVriDraw: vri = ViewRootImpl@d6d2f93[CameraActivity] fRS = true t = 0x7044317f50 android.view.SurfaceView.releaseSurfaces:858 android.view.SurfaceView.updateSurface:998 android.view.SurfaceView.lambda$new$0$android-view-SurfaceView:200
03-17 15:00:06.417 16476 16476 I SurfaceView@87c8cec: applyTransactionOnVriDraw: viewRoot.applyTransactionOnDrawFromReleaseSurfaces
03-17 15:00:06.417 16476 16476 I ViewRootImpl@d6d2f93[CameraActivity]: from releaseSurfaces t.apply t = 0x7044317f50
03-17 15:00:06.421 16476 16476 I ViewRootImpl@d6d2f93[CameraActivity]: stopped(true) old = false
03-17 15:00:06.421 16476 16476 I ViewRootImpl@d6d2f93[CameraActivity]: WindowStopped on com.samsung.android.scan3d/com.google.android.apps.camera.legacy.app.activity.main. CameraActivity set to true
03-17 15:00:06.461 16476 16476 I MSHandlerLifeCycle: check: return. Multi-window not supported pkg=com.samsung.android.scan3d
03-17 15:00:06.461 16476 16476 I MSHandlerLifeCycle: removeMultiSplitHandler: no exist. decor=DecorView@f1a67f2[CameraActivity]
03-17 15:00:06.464 16476 16476 I SurfaceView@87c8cec: releaseSurfaces: viewRoot = ViewRootImpl@d6d2f93[CameraActivity]
03-17 15:00:06.464 16476 16476 I SurfaceView@87c8cec: applyTransactionOnVriDraw: vri = ViewRootImpl@d6d2f93[CameraActivity] fRS = true t = 0x7044323470 android.view.SurfaceView.releaseSurfaces:858 android.view.SurfaceView.updateSurface:998 android.view.SurfaceView.lambda$new$0$android-view-SurfaceView:200
03-17 15:00:06.464 16476 16476 I SurfaceView@87c8cec: applyTransactionOnVriDraw: viewRoot.applyTransactionOnDrawFromReleaseSurfaces
03-17 15:00:06.464 16476 16476 I ViewRootImpl@d6d2f93[CameraActivity]: from releaseSurfaces t.apply t = 0x7044323470
03-17 15:00:06.762 16476 16476 I SurfaceView@87c8cec: releaseSurfaces: viewRoot = ViewRootImpl@d6d2f93[CameraActivity]
03-17 15:00:06.763 16476 16476 I SurfaceView@87c8cec: applyTransactionOnVriDraw: vri = ViewRootImpl@d6d2f93[CameraActivity] fRS = true t = 0x7044318f10 android.view.SurfaceView.releaseSurfaces:858 android.view.SurfaceView.updateSurface:998 android.view.SurfaceView.lambda$new$0$android-view-SurfaceView:200
03-17 15:00:06.763 16476 16476 I SurfaceView@87c8cec: applyTransactionOnVriDraw: viewRoot.applyTransactionOnDrawFromReleaseSurfaces
03-17 15:00:06.763 16476 16476 I ViewRootImpl@d6d2f93[CameraActivity]: from releaseSurfaces t.apply t = 0x7044318f10
03-17 15:00:11.519 16476 16561 W libc : Access denied finding property "sys.perf.boostopt"
03-17 15:00:12.338 16476 16476 I ViewRootImpl@d6d2f93[CameraActivity]: handleAppVisibility mAppVisible = false visible = true
03-17 15:00:12.342 16476 16476 I ViewRootImpl@d6d2f93[CameraActivity]: stopped(false) old = true
03-17 15:00:12.342 16476 16476 I ViewRootImpl@d6d2f93[CameraActivity]: WindowStopped on com.samsung.android.scan3d/com.google.android.apps.camera.legacy.app.activity.main. CameraActivity set to false
03-17 15:00:12.361 16476 16476 I MSHandlerLifeCycle: check: return. Multi-window not supported pkg=com.samsung.android.scan3d
03-17 15:00:12.361 16476 16476 I MSHandlerLifeCycle: removeMultiSplitHandler: no exist. decor=DecorView@f1a67f2[CameraActivity]
03-17 15:00:12.372 16476 16476 W CAM_ModeSwitcher: ModeSwitcher WAS ALREADY ENABLED!
03-17 15:00:12.375 16476 16545 I CameraManager: registerAvailabilityCallback: Is device callback = false
03-17 15:00:12.375 16476 16545 I CameraManagerGlobal: postSingleUpdate device: camera id 0 status STATUS_PRESENT
03-17 15:00:12.375 16476 16545 I CameraManagerGlobal: postSingleUpdate device: camera id 1 status STATUS_PRESENT
03-17 15:00:12.375 16476 16545 I CameraManagerGlobal: postSingleUpdate device: camera id 2 status STATUS_PRESENT
03-17 15:00:12.375 16476 16545 I CameraManagerGlobal: postSingleUpdate device: camera id 3 status STATUS_PRESENT
03-17 15:00:12.375 16476 16545 I CameraManagerGlobal: postSingleUpdate device: camera id 4 status STATUS_PRESENT
03-17 15:00:12.375 16476 16545 I CameraManagerGlobal: postSingleUpdate device: camera id 5 status STATUS_PRESENT
03-17 15:00:12.375 16476 16545 I CameraManagerGlobal: postSingleUpdate device: camera id 20 status STATUS_PRESENT
03-17 15:00:12.375 16476 16545 I CameraManagerGlobal: postSingleUpdate device: camera id 21 status STATUS_PRESENT
03-17 15:00:12.375 16476 16545 I CameraManagerGlobal: postSingleUpdate device: camera id 23 status STATUS_PRESENT
03-17 15:00:12.375 16476 16545 I CameraManagerGlobal: postSingleUpdate device: camera id 40 status STATUS_PRESENT
03-17 15:00:12.375 16476 16545 I CameraManagerGlobal: postSingleUpdate device: camera id 41 status STATUS_PRESENT
03-17 15:00:12.375 16476 16545 I CameraManagerGlobal: postSingleUpdate device: camera id 50 status STATUS_PRESENT
03-17 15:00:12.375 16476 16545 I CameraManagerGlobal: postSingleUpdate device: camera id 52 status STATUS_PRESENT
03-17 15:00:12.375 16476 16545 I CameraManagerGlobal: postSingleUpdate device: camera id 80 status STATUS_PRESENT
03-17 15:00:12.375 16476 16545 I CameraManagerGlobal: postSingleUpdate device: camera id 81 status STATUS_PRESENT
03-17 15:00:12.375 16476 16545 I CameraManagerGlobal: postSingleUpdate device: camera id 91 status STATUS_PRESENT
03-17 15:00:12.379 16476 16476 I ViewRootImpl@d6d2f93[CameraActivity]: stopped(false) old = false
03-17 15:00:12.386 16476 16476 I DecorView: notifyKeepScreenOnChanged: keepScreenOn=true
03-17 15:00:12.388 16476 16476 I DecorView: notifyKeepScreenOnChanged: keepScreenOn=true
03-17 15:00:12.388 16476 16561 I CameraManagerGlobal: postSingleUpdate device: camera id 20 status STATUS_NOT_AVAILABLE
03-17 15:00:12.388 16476 16561 I CameraManagerGlobal: postSingleUpdate device: camera id 21 status STATUS_NOT_AVAILABLE
03-17 15:00:12.388 16476 16476 I MSHandlerLifeCycle: check: return. Multi-window not supported pkg=com.samsung.android.scan3d
03-17 15:00:12.388 16476 16476 I MSHandlerLifeCycle: removeMultiSplitHandler: no exist. decor=DecorView@f1a67f2[CameraActivity]
03-17 15:00:12.388 16476 16561 I CameraManagerGlobal: postSingleUpdate device: camera id 23 status STATUS_NOT_AVAILABLE
03-17 15:00:12.388 16476 16561 I CameraManagerGlobal: postSingleUpdate device: camera id 0 status STATUS_NOT_AVAILABLE
03-17 15:00:12.389 16476 16476 I SurfaceView@87c8cec: onWindowVisibilityChanged(0) false android.view.SurfaceView{87c8cec V.E...... ........ 0,312-1440,2232} of ViewRootImpl@d6d2f93[CameraActivity]
03-17 15:00:12.389 16476 16476 I SurfaceView@87c8cec: releaseSurfaces: viewRoot = ViewRootImpl@d6d2f93[CameraActivity]
03-17 15:00:12.389 16476 16476 I SurfaceView@87c8cec: applyTransactionOnVriDraw: vri = ViewRootImpl@d6d2f93[CameraActivity] fRS = true t = 0x7044342250 android.view.SurfaceView.releaseSurfaces:858 android.view.SurfaceView.updateSurface:998 android.view.SurfaceView.onWindowVisibilityChanged:371
03-17 15:00:12.389 16476 16476 I SurfaceView@87c8cec: applyTransactionOnVriDraw: viewRoot.applyTransactionOnDrawFromReleaseSurfaces
03-17 15:00:12.389 16476 16476 I ViewRootImpl@d6d2f93[CameraActivity]: applyTransactionOnDraw: mRemoved = false isHardwareEnabled = false t = 0x7044342250android.view.ViewRootImpl.applyTransactionOnDrawFromReleaseSurfaces:128 50 android.view.SurfaceView.applyTransactionOnVriDraw:2046 android.view.SurfaceView.releaseSurfaces:858 android.view.SurfaceView.updateSurface:998 android.view.SurfaceView.onWindowVisibilityChanged:371
03-17 15:00:12.392 16476 16476 I DecorView: notifyKeepScreenOnChanged: keepScreenOn=true
03-17 15:00:12.393 16476 16476 I ViewRootImpl@d6d2f93[CameraActivity]: performTraversals params={(0,0)(fillxfill) sim={state=always_hidden adjust=pan forwardNavigation} layoutInDisplayCutoutMode=shortEdges ty=BASE_APPLICATION fmt=TRANSLUCENT wanim=0x1030309 rotAnim=SEAMLESS sysuil=true
03-17 15:00:12.393 16476 16476 I ViewRootImpl@d6d2f93[CameraActivity]: fl=81810580
03-17 15:00:12.393 16476 16476 I ViewRootImpl@d6d2f93[CameraActivity]: pfl=12020040
03-17 15:00:12.393 16476 16476 I ViewRootImpl@d6d2f93[CameraActivity]: vsysui=705
03-17 15:00:12.393 16476 16476 I ViewRootImpl@d6d2f93[CameraActivity]: apr=LOW_PROFILE_BARS
03-17 15:00:12.393 16476 16476 I ViewRootImpl@d6d2f93[CameraActivity]: bhv=SHOW_TRANSIENT_BARS_BY_SWIPE
03-17 15:00:12.393 16476 16476 I ViewRootImpl@d6d2f93[CameraActivity]: fitSides= naviIconColor=0}
03-17 15:00:12.395 16476 16476 I ViewRootImpl@d6d2f93[CameraActivity]: performTraversals mFirst=false windowShouldResize=false viewVisibilityChanged=true mForceNextWindowRelayout=false params={(0,0)(fillxfill) sim={state=always_hidden adjust=pan forwardNavigation} layoutInDisplayCutoutMode=shortEdges ty=BASE_APPLICATION fmt=TRANSLUCENT wanim=0x1030309 rotAnim=SEAMLESS sysuil=true
03-17 15:00:12.395 16476 16476 I ViewRootImpl@d6d2f93[CameraActivity]: fl=81810580
03-17 15:00:12.395 16476 16476 I ViewRootImpl@d6d2f93[CameraActivity]: pfl=12020040
03-17 15:00:12.395 16476 16476 I ViewRootImpl@d6d2f93[CameraActivity]: vsysui=705
03-17 15:00:12.395 16476 16476 I ViewRootImpl@d6d2f93[CameraActivity]: apr=LOW_PROFILE_BARS
03-17 15:00:12.395 16476 16476 I ViewRootImpl@d6d2f93[CameraActivity]: bhv=SHOW_TRANSIENT_BARS_BY_SWIPE
03-17 15:00:12.395 16476 16476 I ViewRootImpl@d6d2f93[CameraActivity]: fitSides= naviIconColor=0}
03-17 15:00:12.396 16476 17315 I CameraManagerGlobal: Camera 0 facing CAMERA_FACING_BACK state now CAMERA_STATE_OPEN for client com.samsung.android.scan3d API Level 2
03-17 15:00:12.407 16476 17315 I ViewRootImpl@d6d2f93[CameraActivity]: Resizing android.view.ViewRootImpl@6243e2: frame = [0,0][1440,3040] reportDraw = true forceLayout = false syncSeqId = 0
03-17 15:00:12.411 16476 16476 I ViewRootImpl@d6d2f93[CameraActivity]: updateBlastSurfaceIfNeeded mBlastBufferQueue=null isSameSurfaceControl=false
03-17 15:00:12.411 16476 16476 I BLASTBufferQueue: new BLASTBufferQueue, mName= ViewRootImpl@d6d2f93[CameraActivity] mNativeObject= 0x7084323410 sc.mNativeObject= 0x701431b560 caller= android.view.ViewRootImpl.updateBlastSurfaceIfNeeded:2909 android.view.ViewRootImpl.relayoutWindow:9847 android.view.ViewRootImpl.performTraversals:3884 android.view.ViewRootImpl.doTraversal:3116 android.view.ViewRootImpl$TraversalRunnable.run:10885 android.view.Choreographer$CallbackRecord.run:1301 android.view.Choreographer$CallbackRecord.run:1309 android.view.Choreographer.doCallbacks:923 android.view.Choreographer.doFrame:852 android.view.Choreographer$FrameDisplayEventReceiver.run:1283
03-17 15:00:12.411 16476 16476 I BLASTBufferQueue: update, w= 1440 h= 3040 mName = ViewRootImpl@d6d2f93[CameraActivity] mNativeObject= 0x7084323410 sc.mNativeObject= 0x701431b560 format= -3 caller= android.graphics.BLASTBufferQueue.<init>:84 android.view.ViewRootImpl.updateBlastSurfaceIfNeeded:2909 android.view.ViewRootImpl.relayoutWindow:9847 android.view.ViewRootImpl.performTraversals:3884 android.view.ViewRootImpl.doTraversal:3116 android.view.ViewRootImpl$TraversalRunnable.run:10885
03-17 15:00:12.411 16476 16476 I ViewRootImpl@d6d2f93[CameraActivity]: Relayout returned: old=(0,0,1440,3040) new=(0,0,1440,3040) req=(1440,3040)0 dur=15 res=0x3 s={true 0x71143a08b0} ch=true seqId=0
03-17 15:00:12.412 16476 16476 I ViewRootImpl@d6d2f93[CameraActivity]: mThreadedRenderer.initialize() mSurface={isValid=true 0x71143a08b0} hwInitialized=true
03-17 15:00:12.414 16476 16476 I SurfaceView@87c8cec: windowStopped(false) true android.view.SurfaceView{87c8cec V.E...... ........ 0,312-1440,2232} of ViewRootImpl@d6d2f93[CameraActivity]
03-17 15:00:12.414 16476 16476 I SurfaceView@87c8cec: Changes: creating=true format=false size=false visible=true alpha=false hint=false mUseAlpha=false visible=true left=false top=false
03-17 15:00:12.421 16476 16476 I BLASTBufferQueue: update, w= 1440 h= 1080 mName = null mNativeObject= 0x70843149b0 sc.mNativeObject= 0x7014358020 format= 4 caller= android.view.SurfaceView.createBlastSurfaceControls:1383 android.view.SurfaceView.updateSurface:1079 android.view.SurfaceView.setWindowStopped:335 android.view.SurfaceView.surfaceCreated:1853 android.view.ViewRootImpl.notifySurfaceCreated:2820 android.view.ViewRootImpl.performTraversals:4293
03-17 15:00:12.421 16476 16476 I SurfaceView@87c8cec: 142380268 Cur surface: Surface(name=null)/@0xafdaafa
03-17 15:00:12.421 16476 16476 I SurfaceView@87c8cec: pST: sr = Rect(0, 312 - 1440, 2232) sw = 1440 sh = 1080
03-17 15:00:12.422 16476 16476 I SurfaceView@87c8cec: applyTransactionOnVriDraw: vri = ViewRootImpl@d6d2f93[CameraActivity] fRS = false t = 0x7044316c30 android.view.SurfaceView.performSurfaceTransaction:959 android.view.SurfaceView.updateSurface:1105 android.view.SurfaceView.setWindowStopped:335
03-17 15:00:12.422 16476 16476 I ViewRootImpl@d6d2f93[CameraActivity]: applyTransactionOnDraw: mRemoved = false isHardwareEnabled = true t = 0x7044316c30android.view.SurfaceView.applyTransactionOnVriDraw:2048 android.view.SurfaceView.performSurfaceTransaction:959 android.view.SurfaceView.updateSurface:1105 android.view.SurfaceView.setWindowStopped:335 android.view.SurfaceView.surfaceCreated:1853
03-17 15:00:12.422 16476 16476 I SurfaceView@87c8cec: updateSurface: mVisible = true mSurface.isValid() = true
03-17 15:00:12.422 16476 16476 I SurfaceView@87c8cec: updateSurface: mSurfaceCreated = false surfaceChanged = true visibleChanged = true
03-17 15:00:12.422 16476 16476 I SurfaceView@87c8cec: visibleChanged -- surfaceCreated
03-17 15:00:12.422 16476 16476 I SurfaceView@87c8cec: surfaceCreated 2 #1 android.view.SurfaceView{87c8cec V.E...... ........ 0,312-1440,2232}
03-17 15:00:12.422 16476 16476 I SurfaceView@87c8cec: surfaceChanged -- format=4 w=1440 h=1080
03-17 15:00:12.422 16476 16476 I SurfaceView@87c8cec: surfaceChanged (1440,1080) 2 #1 android.view.SurfaceView{87c8cec V.E...... ........ 0,312-1440,2232}
03-17 15:00:12.422 16476 16476 I SurfaceView@87c8cec: surfaceRedrawNeeded
03-17 15:00:12.423 16476 16476 I ViewRootImpl@d6d2f93[CameraActivity]: reportNextDraw android.view.ViewRootImpl.performTraversals:4438 android.view.ViewRootImpl.doTraversal:3116 android.view.ViewRootImpl$TraversalRunnable.run:10885 android.view.Choreographer$CallbackRecord.run:1301 android.view.Choreographer$CallbackRecord.run:1309
03-17 15:00:12.424 16476 16476 I ViewRootImpl@d6d2f93[CameraActivity]: Setup new sync id=1
03-17 15:00:12.424 16476 16476 I ViewRootImpl@d6d2f93[CameraActivity]: Setting syncFrameCallback
03-17 15:00:12.424 16476 16476 E SurfaceSyncer: Failed to find sync for id=0
03-17 15:00:12.424 16476 16476 E SurfaceSyncer: Failed to find sync for id=1
03-17 15:00:12.424 16476 16476 I ViewRootImpl@d6d2f93[CameraActivity]: registerCallbacksForSync syncBuffer=false
03-17 15:00:12.430 16476 16564 I SurfaceView@87c8cec: uSP: rtp = Rect(0, 312 - 1440, 2232) rtsw = 1440 rtsh = 1080
03-17 15:00:12.431 16476 16564 I SurfaceView@87c8cec: onSSPAndSRT: pl = 0 pt = 312 sx = 1.0 sy = 1.7777778
03-17 15:00:12.431 16476 16564 I SurfaceView@87c8cec: aOrMT: ViewRootImpl@d6d2f93[CameraActivity] t = android.view.SurfaceControl$Transaction@2f2c485 fN = 1 android.view.SurfaceView.-$ $Nest$mapplyOrMergeTransaction:0 android.view.SurfaceView$SurfaceViewPositionUpdateListener.positionChanged:1537 android.graphics.RenderNode$CompositePositionUpdateListener.positionChanged:373
