03-17 14:55:22.096 10923 10923 I BLASTBufferQueue: update, w= 1440 h= 2901 mName = ViewRootImpl@105d3eb[CameraSettingsActivity] mNativeObject= 0x708437c830 sc.mNativeObject= 0x701437e8d0 format= -1 caller= android.graphics.BLASTBufferQueue.<init>:84 android.view.ViewRootImpl.updateBlastSurfaceIfNeeded:2909 android.view.ViewRootImpl.relayoutWindow:9847 android.view.ViewRootImpl.performTraversals:3884 android.view.ViewRootImpl.doTraversal:3116 android.view.ViewRootImpl$TraversalRunnable.run:10885
03-17 14:55:22.096 10923 10923 I ViewRootImpl@105d3eb[CameraSettingsActivity]: Relayout returned: old=(0,139,1440,3040) new=(0,139,1440,3040) req=(1440,2901)0 dur=10 res=0x3 s={true 0x71143a4cd0} ch=true seqId=0
03-17 14:55:22.096 10923 10923 I ViewRootImpl@105d3eb[CameraSettingsActivity]: mThreadedRenderer.initialize() mSurface={isValid=true 0x71143a4cd0} hwInitialized=true
03-17 14:55:22.100 10923 10923 W FontsContract: Platform version of downloadable fonts is deprecated. Please use androidx version instead.
03-17 14:55:22.118 10923 11052 W JankMonitorFacade: PHOTO > rel Δ(result sensor timestamp) = 0.50 > 0.25
03-17 14:55:22.118 10923 11052 W CameraMetadataJV: Expect face scores and rectangles to be non-null
03-17 14:55:22.120 10923 11052 W CameraMetadataJV: Expect face scores and rectangles to be non-null
03-17 14:55:22.120 10923 11052 W CameraMetadataJV: Expect face scores and rectangles to be non-null
03-17 14:55:22.120 10923 11052 W CameraMetadataJV: Expect face scores and rectangles to be non-null
03-17 14:55:22.120 10923 11052 W CameraMetadataJV: Expect face scores and rectangles to be non-null
03-17 14:55:22.121 10923 11052 W CameraMetadataJV: Expect face scores and rectangles to be non-null
03-17 14:55:22.121 10923 11052 W CameraMetadataJV: Expect face scores and rectangles to be non-null
03-17 14:55:22.123 10923 11186 E OisListener: Null pointer for OIS data. OIS API version: 2
03-17 14:55:22.123 10923 11187 W CameraMetadataJV: Expect face scores and rectangles to be non-null
03-17 14:55:22.153 10923 11052 W CameraMetadataJV: Expect face scores and rectangles to be non-null
03-17 14:55:22.154 10923 11052 W CameraMetadataJV: Expect face scores and rectangles to be non-null
03-17 14:55:22.154 10923 11052 W CameraMetadataJV: Expect face scores and rectangles to be non-null
03-17 14:55:22.154 10923 11052 W CameraMetadataJV: Expect face scores and rectangles to be non-null
03-17 14:55:22.154 10923 11052 W CameraMetadataJV: Expect face scores and rectangles to be non-null
03-17 14:55:22.154 10923 11052 W CameraMetadataJV: Expect face scores and rectangles to be non-null
03-17 14:55:22.154 10923 11052 W CameraMetadataJV: Expect face scores and rectangles to be non-null
03-17 14:55:22.154 10923 11186 E OisListener: Null pointer for OIS data. OIS API version: 2
03-17 14:55:22.155 10923 11187 W CameraMetadataJV: Expect face scores and rectangles to be non-null
03-17 14:55:22.168 10923 10923 I ViewRootImpl@105d3eb[CameraSettingsActivity]: reportNextDraw android.view.ViewRootImpl.performTraversals:4438 android.view.ViewRootImpl.doTraversal:3116 android.view.ViewRootImpl$TraversalRunnable.run:10885 android.view.Choreographer$CallbackRecord.run:1301 android.view.Choreographer$CallbackRecord.run:1309
03-17 14:55:22.168 10923 10923 I ViewRootImpl@105d3eb[CameraSettingsActivity]: Setup new sync id=0
03-17 14:55:22.168 10923 10923 I ViewRootImpl@105d3eb[CameraSettingsActivity]: Setting syncFrameCallback
03-17 14:55:22.168 10923 10923 I ViewRootImpl@105d3eb[CameraSettingsActivity]: registerCallbacksForSync syncBuffer=false
03-17 14:55:22.172 10923 11104 I ViewRootImpl@105d3eb[CameraSettingsActivity]: Received frameDrawingCallback syncResult=0 frameNum=1.
03-17 14:55:22.172 10923 11104 I ViewRootImpl@105d3eb[CameraSettingsActivity]: Setting up sync and frameCommitCallback
03-17 14:55:22.176 10923 10957 I BLASTBufferQueue: [ViewRootImpl@105d3eb[CameraSettingsActivity]#3](f:0,a:0) onFrameAvailable the first frame is available
03-17 14:55:22.176 10923 10957 I ViewRootImpl@105d3eb[CameraSettingsActivity]: Received frameCommittedCallback lastAttemptedDrawFrameNum=1 didProduceBuffer=true
03-17 14:55:22.177 10923 10957 W Parcel : Expecting binder but got null!
03-17 14:55:22.177 10923 10923 I ViewRootImpl@105d3eb[CameraSettingsActivity]: onSyncComplete
03-17 14:55:22.177 10923 10923 I ViewRootImpl@105d3eb[CameraSettingsActivity]: setupSync seqId=0 mSyncId=0 fn=1 caller=android.view.ViewRootImpl$ $ExternalSyntheticLambda11.accept:6 android.window.SurfaceSyncer.lambda$setupSync$1$android-window-SurfaceSyncer:128 android.window.SurfaceSyncer$$ExternalSyntheticLambda1.accept:8 android.window.SurfaceSyncer$SyncSet.checkIfSyncIsComplete:382 android.window.SurfaceSyncer$SyncSet.markSyncReady:359 android.window.SurfaceSyncer.markSyncReady:151 android.view.ViewRootImpl.performTraversals:4503
03-17 14:55:22.185 10923 11052 W CameraMetadataJV: Expect face scores and rectangles to be non-null
03-17 14:55:22.185 10923 11052 W CameraMetadataJV: Expect face scores and rectangles to be non-null
03-17 14:55:22.185 10923 11052 W CameraMetadataJV: Expect face scores and rectangles to be non-null
03-17 14:55:22.185 10923 11052 W CameraMetadataJV: Expect face scores and rectangles to be non-null
03-17 14:55:22.185 10923 11052 W CameraMetadataJV: Expect face scores and rectangles to be non-null
03-17 14:55:22.185 10923 11052 W CameraMetadataJV: Expect face scores and rectangles to be non-null
03-17 14:55:22.185 10923 11052 W CameraMetadataJV: Expect face scores and rectangles to be non-null
03-17 14:55:22.185 10923 11186 E OisListener: Null pointer for OIS data. OIS API version: 2
03-17 14:55:22.185 10923 11187 W CameraMetadataJV: Expect face scores and rectangles to be non-null
03-17 14:55:22.193 10923 10923 I ViewRootImpl@105d3eb[CameraSettingsActivity]: reportDrawFinished seqId=0 mSyncId=-1 fn=1 mSurfaceChangedTransaction=0x704431d710
03-17 14:55:22.195 10923 10923 I ViewRootImpl@28344fc[CameraLauncher]: MSG_WINDOW_FOCUS_CHANGED 0 0
03-17 14:55:22.221 10923 11052 W CameraMetadataJV: Expect face scores and rectangles to be non-null
03-17 14:55:22.222 10923 11052 W CameraMetadataJV: Expect face scores and rectangles to be non-null
03-17 14:55:22.223 10923 11052 W CameraMetadataJV: Expect face scores and rectangles to be non-null
03-17 14:55:22.223 10923 11052 W CameraMetadataJV: Expect face scores and rectangles to be non-null
03-17 14:55:22.223 10923 11052 W CameraMetadataJV: Expect face scores and rectangles to be non-null
03-17 14:55:22.223 10923 11052 W CameraMetadataJV: Expect face scores and rectangles to be non-null
03-17 14:55:22.223 10923 11052 W CameraMetadataJV: Expect face scores and rectangles to be non-null
03-17 14:55:22.223 10923 11186 E OisListener: Null pointer for OIS data. OIS API version: 2
03-17 14:55:22.223 10923 11187 W CameraMetadataJV: Expect face scores and rectangles to be non-null
03-17 14:55:22.224 10923 10988 W CameraMetadataJV: Expect face scores and rectangles to be non-null
03-17 14:55:22.228 10923 10923 I ViewRootImpl@240be2e[Toast]: dispatchDetachedFromWindow
03-17 14:55:22.244 10923 10923 I ViewRootImpl@db9f4ac[Toast]: setView = android.widget.LinearLayout@2ca1afe TM=true
03-17 14:55:22.248 10923 10923 I ViewRootImpl@db9f4ac[Toast]: performTraversals params={(0,224)(wrapxwrap) gr=BOTTOM CENTER sim={adjust=pan} ty=TOAST fmt=TRANSLUCENT wanim=0x1030004
03-17 14:55:22.248 10923 10923 I ViewRootImpl@db9f4ac[Toast]: fl=1000098
03-17 14:55:22.248 10923 10923 I ViewRootImpl@db9f4ac[Toast]: pfl=12000000
03-17 14:55:22.248 10923 10923 I ViewRootImpl@db9f4ac[Toast]: bhv=DEFAULT
03-17 14:55:22.248 10923 10923 I ViewRootImpl@db9f4ac[Toast]: fitTypes=STATUS_BARS NAVIGATION_BARS CAPTION_BAR
03-17 14:55:22.248 10923 10923 I ViewRootImpl@db9f4ac[Toast]: fitIgnoreVis naviIconColor=0
03-17 14:55:22.248 10923 10923 I ViewRootImpl@db9f4ac[Toast]: sfl=20000}
03-17 14:55:22.249 10923 10923 I ViewRootImpl@db9f4ac[Toast]: performTraversals mFirst=true windowShouldResize=false viewVisibilityChanged=false mForceNextWindowRelayout=false params={(0,224)(wrapxwrap) gr=BOTTOM CENTER sim={adjust=pan} ty=TOAST fmt=TRANSLUCENT wanim=0x1030004
03-17 14:55:22.249 10923 10923 I ViewRootImpl@db9f4ac[Toast]: fl=1000098
03-17 14:55:22.249 10923 10923 I ViewRootImpl@db9f4ac[Toast]: pfl=12000000
03-17 14:55:22.249 10923 10923 I ViewRootImpl@db9f4ac[Toast]: bhv=DEFAULT
03-17 14:55:22.249 10923 10923 I ViewRootImpl@db9f4ac[Toast]: fitTypes=STATUS_BARS NAVIGATION_BARS CAPTION_BAR
03-17 14:55:22.249 10923 10923 I ViewRootImpl@db9f4ac[Toast]: fitIgnoreVis naviIconColor=0
03-17 14:55:22.249 10923 10923 I ViewRootImpl@db9f4ac[Toast]: sfl=20000}
03-17 14:55:22.252 10923 10923 I ViewRootImpl@db9f4ac[Toast]: updateBlastSurfaceIfNeeded mBlastBufferQueue=null isSameSurfaceControl=false
03-17 14:55:22.252 10923 10923 I BLASTBufferQueue: new BLASTBufferQueue, mName= ViewRootImpl@db9f4ac[Toast] mNativeObject= 0x708433ab10 sc.mNativeObject= 0x7014390e60 caller= android.view.ViewRootImpl.updateBlastSurfaceIfNeeded:2909 android.view.ViewRootImpl.relayoutWindow:9847 android.view.ViewRootImpl.performTraversals:3884 android.view.ViewRootImpl.doTraversal:3116 android.view.ViewRootImpl$TraversalRunnable.run:10885 android.view.Choreographer$CallbackRecord.run:1301 android.view.Choreographer$CallbackRecord.run:1309 android.view.Choreographer.doCallbacks:923 android.view.Choreographer.doFrame:852 android.view.Choreographer$FrameDisplayEventReceiver.run:1283
03-17 14:55:22.252 10923 10923 I BLASTBufferQueue: update, w= 618 h= 145 mName = ViewRootImpl@db9f4ac[Toast] mNativeObject= 0x708433ab10 sc.mNativeObject= 0x7014390e60 format= -3 caller= android.graphics.BLASTBufferQueue.<init>:84 android.view.ViewRootImpl.updateBlastSurfaceIfNeeded:2909 android.view.ViewRootImpl.relayoutWindow:9847 android.view.ViewRootImpl.performTraversals:3884 android.view.ViewRootImpl.doTraversal:3116 android.view.ViewRootImpl$TraversalRunnable.run:10885
03-17 14:55:22.252 10923 10923 I ViewRootImpl@db9f4ac[Toast]: Relayout returned: old=(0,139,1440,2872) new=(411,2503,1029,2648) req=(618,145)0 dur=3 res=0x3 s={true 0x7114360ad0} ch=true seqId=0
03-17 14:55:22.253 10923 10923 I ViewRootImpl@db9f4ac[Toast]: mThreadedRenderer.initialize() mSurface={isValid=true 0x7114360ad0} hwInitialized=true
03-17 14:55:22.254 10923 10923 I ViewRootImpl@db9f4ac[Toast]: reportNextDraw android.view.ViewRootImpl.performTraversals:4438 android.view.ViewRootImpl.doTraversal:3116 android.view.ViewRootImpl$TraversalRunnable.run:10885 android.view.Choreographer$CallbackRecord.run:1301 android.view.Choreographer$CallbackRecord.run:1309
03-17 14:55:22.254 10923 10923 I ViewRootImpl@db9f4ac[Toast]: Setup new sync id=0
03-17 14:55:22.254 10923 10923 I ViewRootImpl@db9f4ac[Toast]: Setting syncFrameCallback
03-17 14:55:22.254 10923 10923 I ViewRootImpl@db9f4ac[Toast]: registerCallbacksForSync syncBuffer=false
03-17 14:55:22.254 10923 11105 I ViewRootImpl@db9f4ac[Toast]: Received frameDrawingCallback syncResult=0 frameNum=1.
03-17 14:55:22.254 10923 11105 I ViewRootImpl@db9f4ac[Toast]: Setting up sync and frameCommitCallback
03-17 14:55:22.256 10923 10957 I BLASTBufferQueue: [ViewRootImpl@db9f4ac[Toast]#4] (f:0,a:0) onFrameAvailable the first frame is available
03-17 14:55:22.256 10923 10957 I ViewRootImpl@db9f4ac[Toast]: Received frameCommittedCallback lastAttemptedDrawFrameNum=1 didProduceBuffer=true
03-17 14:55:22.257 10923 10957 W Parcel : Expecting binder but got null!
03-17 14:55:22.258 10923 10923 I ViewRootImpl@db9f4ac[Toast]: onSyncComplete
03-17 14:55:22.258 10923 10923 I ViewRootImpl@db9f4ac[Toast]: setupSync seqId=0 mSyncId=0 fn=1 caller=android.view.ViewRootImpl$$ExternalSyntheticLambda11.accept:6 android.window.SurfaceSyncer.lambda$setupSync$1$android-window-SurfaceSyncer:128 android.window.SurfaceSyncer$$ExternalSyntheticLambda1.accept:8 android.window.SurfaceSyncer$SyncSet.checkIfSyncIsComplete:382 android.window.SurfaceSyncer$SyncSet.markSyncReady:359 android.window.SurfaceSyncer.markSyncReady:151 android.view.ViewRootImpl.performTraversals:4503
03-17 14:55:22.261 10923 10923 I ViewRootImpl@db9f4ac[Toast]: reportDrawFinished seqId=0 mSyncId=-1 fn=1 mSurfaceChangedTransaction=0x7044335e90
03-17 14:55:22.264 10923 10923 I ViewRootImpl@105d3eb[CameraSettingsActivity]: MSG_WINDOW_FOCUS_CHANGED 1 0
03-17 14:55:22.265 10923 10923 I ViewRootImpl@105d3eb[CameraSettingsActivity]: mThreadedRenderer.initializeIfNeeded()#2 mSurface={isValid=true 0x71143a4cd0}
03-17 14:55:22.267 10923 10923 I InputMethodManager: startInputInner - mService.startInputOrWindowGainedFocus
03-17 14:55:22.284 10923 11052 W JankMonitorFacade: PHOTO > rel Δ(result sensor timestamp) = 1.00 > 0.25
03-17 14:55:22.284 10923 11052 W JankMonitorFacade: PHOTO > result sensor delay = 2.00 > 1.10
03-17 14:55:22.284 10923 11052 W CameraMetadataJV: Expect face scores and rectangles to be non-null
03-17 14:55:22.284 10923 11052 W CameraMetadataJV: Expect face scores and rectangles to be non-null
03-17 14:55:22.284 10923 11052 W CameraMetadataJV: Expect face scores and rectangles to be non-null
03-17 14:55:22.284 10923 11052 W CameraMetadataJV: Expect face scores and rectangles to be non-null
03-17 14:55:22.284 10923 11052 W CameraMetadataJV: Expect face scores and rectangles to be non-null
03-17 14:55:22.284 10923 11052 W CameraMetadataJV: Expect face scores and rectangles to be non-null
03-17 14:55:22.284 10923 11052 W CameraMetadataJV: Expect face scores and rectangles to be non-null
03-17 14:55:22.285 10923 11186 E OisListener: Null pointer for OIS data. OIS API version: 2
03-17 14:55:22.285 10923 11187 W CameraMetadataJV: Expect face scores and rectangles to be non-null
03-17 14:55:22.319 10923 11052 W JankMonitorFacade: PHOTO > rel Δ(result sensor timestamp) = 0.50 > 0.25
03-17 14:55:22.320 10923 11052 W CameraMetadataJV: Expect face scores and rectangles to be non-null
03-17 14:55:22.320 10923 11052 W CameraMetadataJV: Expect face scores and rectangles to be non-null
03-17 14:55:22.320 10923 11052 W CameraMetadataJV: Expect face scores and rectangles to be non-null
03-17 14:55:22.320 10923 11052 W CameraMetadataJV: Expect face scores and rectangles to be non-null
03-17 14:55:22.320 10923 11052 W CameraMetadataJV: Expect face scores and rectangles to be non-null
03-17 14:55:22.320 10923 11052 W CameraMetadataJV: Expect face scores and rectangles to be non-null
03-17 14:55:22.320 10923 11052 W CameraMetadataJV: Expect face scores and rectangles to be non-null
03-17 14:55:22.320 10923 11186 E OisListener: Null pointer for OIS data. OIS API version: 2
03-17 14:55:22.320 10923 11187 W CameraMetadataJV: Expect face scores and rectangles to be non-null
03-17 14:55:22.349 10923 11052 W CameraMetadataJV: Expect face scores and rectangles to be non-null
03-17 14:55:22.349 10923 11052 W CameraMetadataJV: Expect face scores and rectangles to be non-null
03-17 14:55:22.349 10923 11052 W CameraMetadataJV: Expect face scores and rectangles to be non-null
03-17 14:55:22.349 10923 11052 W CameraMetadataJV: Expect face scores and rectangles to be non-null
03-17 14:55:22.349 10923 11052 W CameraMetadataJV: Expect face scores and rectangles to be non-null
03-17 14:55:22.349 10923 11052 W CameraMetadataJV: Expect face scores and rectangles to be non-null
03-17 14:55:22.350 10923 11052 W CameraMetadataJV: Expect face scores and rectangles to be non-null
03-17 14:55:22.350 10923 11186 E OisListener: Null pointer for OIS data. OIS API version: 2
03-17 14:55:22.350 10923 11187 W CameraMetadataJV: Expect face scores and rectangles to be non-null
03-17 14:55:22.386 10923 11052 W CameraMetadataJV: Expect face scores and rectangles to be non-null
03-17 14:55:22.386 10923 11052 W CameraMetadataJV: Expect face scores and rectangles to be non-null
03-17 14:55:22.386 10923 11052 W CameraMetadataJV: Expect face scores and rectangles to be non-null
03-17 14:55:22.386 10923 11052 W CameraMetadataJV: Expect face scores and rectangles to be non-null
03-17 14:55:22.386 10923 11052 W CameraMetadataJV: Expect face scores and rectangles to be non-null
03-17 14:55:22.386 10923 11052 W CameraMetadataJV: Expect face scores and rectangles to be non-null
03-17 14:55:22.386 10923 11052 W CameraMetadataJV: Expect face scores and rectangles to be non-null
03-17 14:55:22.387 10923 11186 E OisListener: Null pointer for OIS data. OIS API version: 2
03-17 14:55:22.387 10923 11187 W CameraMetadataJV: Expect face scores and rectangles to be non-null
03-17 14:55:22.451 10923 11052 W JankMonitorFacade: PHOTO > rel Δ(result sensor timestamp) = 1.00 > 0.25
03-17 14:55:22.451 10923 11052 W JankMonitorFacade: PHOTO > result sensor delay = 2.00 > 1.10
03-17 14:55:22.451 10923 11052 W CameraMetadataJV: Expect face scores and rectangles to be non-null
03-17 14:55:22.452 10923 11052 W CameraMetadataJV: Expect face scores and rectangles to be non-null
03-17 14:55:22.452 10923 11052 W CameraMetadataJV: Expect face scores and rectangles to be non-null
03-17 14:55:22.452 10923 11052 W CameraMetadataJV: Expect face scores and rectangles to be non-null
03-17 14:55:22.452 10923 11052 W CameraMetadataJV: Expect face scores and rectangles to be non-null
03-17 14:55:22.452 10923 11052 W CameraMetadataJV: Expect face scores and rectangles to be non-null
03-17 14:55:22.452 10923 11052 W CameraMetadataJV: Expect face scores and rectangles to be non-null
03-17 14:55:22.452 10923 11186 E OisListener: Null pointer for OIS data. OIS API version: 2
03-17 14:55:22.452 10923 11187 W CameraMetadataJV: Expect face scores and rectangles to be non-null
03-17 14:55:22.487 10923 11052 W JankMonitorFacade: PHOTO > rel Δ(result sensor timestamp) = 0.50 > 0.25
03-17 14:55:22.487 10923 11052 W CameraMetadataJV: Expect face scores and rectangles to be non-null
03-17 14:55:22.487 10923 11052 W CameraMetadataJV: Expect face scores and rectangles to be non-null
03-17 14:55:22.487 10923 11052 W CameraMetadataJV: Expect face scores and rectangles to be non-null
03-17 14:55:22.487 10923 11052 W CameraMetadataJV: Expect face scores and rectangles to be non-null
03-17 14:55:22.487 10923 11052 W CameraMetadataJV: Expect face scores and rectangles to be non-null
03-17 14:55:22.487 10923 11052 W CameraMetadataJV: Expect face scores and rectangles to be non-null
03-17 14:55:22.487 10923 11052 W CameraMetadataJV: Expect face scores and rectangles to be non-null
03-17 14:55:22.488 10923 11186 E OisListener: Null pointer for OIS data. OIS API version: 2
03-17 14:55:22.488 10923 11187 W CameraMetadataJV: Expect face scores and rectangles to be non-null
03-17 14:55:22.495 10923 10997 W CameraMetadataJV: Expect face scores and rectangles to be non-null
03-17 14:55:22.520 10923 11052 W CameraMetadataJV: Expect face scores and rectangles to be non-null
03-17 14:55:22.520 10923 11052 W CameraMetadataJV: Expect face scores and rectangles to be non-null
03-17 14:55:22.520 10923 11052 W CameraMetadataJV: Expect face scores and rectangles to be non-null
03-17 14:55:22.520 10923 11052 W CameraMetadataJV: Expect face scores and rectangles to be non-null
03-17 14:55:22.520 10923 11052 W CameraMetadataJV: Expect face scores and rectangles to be non-null
03-17 14:55:22.520 10923 11052 W CameraMetadataJV: Expect face scores and rectangles to be non-null
03-17 14:55:22.520 10923 11052 W CameraMetadataJV: Expect face scores and rectangles to be non-null
03-17 14:55:22.522 10923 11186 E OisListener: Null pointer for OIS data. OIS API version: 2
03-17 14:55:22.523 10923 11187 W CameraMetadataJV: Expect face scores and rectangles to be non-null
03-17 14:55:22.554 10923 11052 W CameraMetadataJV: Expect face scores and rectangles to be non-null
03-17 14:55:22.554 10923 11052 W CameraMetadataJV: Expect face scores and rectangles to be non-null
03-17 14:55:22.554 10923 11052 W CameraMetadataJV: Expect face scores and rectangles to be non-null
03-17 14:55:22.554 10923 11052 W CameraMetadataJV: Expect face scores and rectangles to be non-null
03-17 14:55:22.554 10923 11052 W CameraMetadataJV: Expect face scores and rectangles to be non-null
03-17 14:55:22.554 10923 11052 W CameraMetadataJV: Expect face scores and rectangles to be non-null
03-17 14:55:22.554 10923 11052 W CameraMetadataJV: Expect face scores and rectangles to be non-null
03-17 14:55:22.555 10923 11186 E OisListener: Null pointer for OIS data. OIS API version: 2
03-17 14:55:22.555 10923 11187 W CameraMetadataJV: Expect face scores and rectangles to be non-null
03-17 14:55:22.586 10923 11052 W CameraMetadataJV: Expect face scores and rectangles to be non-null
03-17 14:55:22.589 10923 11052 W CameraMetadataJV: Expect face scores and rectangles to be non-null
03-17 14:55:22.589 10923 11052 W CameraMetadataJV: Expect face scores and rectangles to be non-null
03-17 14:55:22.589 10923 11052 W CameraMetadataJV: Expect face scores and rectangles to be non-null
03-17 14:55:22.589 10923 11052 W CameraMetadataJV: Expect face scores and rectangles to be non-null
03-17 14:55:22.589 10923 11052 W CameraMetadataJV: Expect face scores and rectangles to be non-null
03-17 14:55:22.589 10923 11052 W CameraMetadataJV: Expect face scores and rectangles to be non-null
03-17 14:55:22.590 10923 11186 E OisListener: Null pointer for OIS data. OIS API version: 2
03-17 14:55:22.591 10923 11187 W CameraMetadataJV: Expect face scores and rectangles to be non-null
03-17 14:55:22.624 10923 10923 I ViewRootImpl@28344fc[CameraLauncher]: handleAppVisibility mAppVisible = true visible = false
03-17 14:55:22.641 10923 10923 I SurfaceView@f6c68cb: onWindowVisibilityChanged(8) false android.view.SurfaceView{f6c68cb V.E...... ........ 0,312-1440,2232} of ViewRootImpl@28344fc[CameraLauncher]
03-17 14:55:22.641 10923 10923 I SurfaceView@f6c68cb: Changes: creating=false format=false size=false visible=true alpha=false hint=false mUseAlpha=false visible=true left=false top=false
03-17 14:55:22.641 10923 10923 I SurfaceView@f6c68cb: 258762955 Cur surface: Surface(name=null)/@0x51089a2
03-17 14:55:22.642 10923 10923 I SurfaceView@f6c68cb: applyTransactionOnVriDraw: vri = ViewRootImpl@28344fc[CameraLauncher] fRS = false t = 0x7044307150 android.view.SurfaceView.performSurfaceTransaction:959 android.view.SurfaceView.updateSurface:1105 android.view.SurfaceView.onWindowVisibilityChanged:371
03-17 14:55:22.647 10923 10923 I ViewRootImpl@28344fc[CameraLauncher]: applyTransactionOnDraw: mRemoved = false isHardwareEnabled = true t = 0x7044307150android.view.SurfaceView.applyTransactionOnVriDraw:2048 android.view.SurfaceView.performSurfaceTransaction:959 android.view.SurfaceView.updateSurface:1105 android.view.SurfaceView.onWindowVisibilityChanged:371 android.view.View.dispatchWindowVisibilityChanged:15943
03-17 14:55:22.648 10923 10923 I SurfaceView@f6c68cb: surfaceDestroyed
03-17 14:55:22.648 10923 10923 I SurfaceView@f6c68cb: surfaceDestroyed callback.size 2 #2 android.view.SurfaceView{f6c68cb V.E...... ........ 0,312- 1440,2232}
03-17 14:55:22.651 10923 10923 I SurfaceView@f6c68cb: updateSurface: mVisible = false mSurface.isValid() = true
03-17 14:55:22.659 10923 10923 I SurfaceView@f6c68cb: releaseSurfaces: viewRoot = ViewRootImpl@28344fc[CameraLauncher]
03-17 14:55:22.660 10923 10923 I SurfaceView@f6c68cb: applyTransactionOnVriDraw: vri = ViewRootImpl@28344fc[CameraLauncher] fRS = true t = 0x70443248b0 android.view.SurfaceView.releaseSurfaces:858 android.view.SurfaceView.updateSurface:1172 android.view.SurfaceView.onWindowVisibilityChanged:371
03-17 14:55:22.660 10923 10923 I SurfaceView@f6c68cb: applyTransactionOnVriDraw: viewRoot.applyTransactionOnDrawFromReleaseSurfaces
03-17 14:55:22.660 10923 10923 I ViewRootImpl@28344fc[CameraLauncher]: from releaseSurfaces t.apply t = 0x70443248b0
03-17 14:55:22.667 10923 10923 I DecorView: notifyKeepScreenOnChanged: keepScreenOn=false
03-17 14:55:22.668 10923 10923 I ViewRootImpl@28344fc[CameraLauncher]: performTraversals mFirst=false windowShouldResize=false viewVisibilityChanged=true mForceNextWindowRelayout=false params={(0,0)(fillxfill) sim={state=always_hidden adjust=pan} layoutInDisplayCutoutMode=shortEdges ty=BASE_APPLICATION fmt=TRANSLUCENT wanim=0x1030309 rotAnim=SEAMLESS sysuil=true
03-17 14:55:22.668 10923 10923 I ViewRootImpl@28344fc[CameraLauncher]: fl=81810500
03-17 14:55:22.668 10923 10923 I ViewRootImpl@28344fc[CameraLauncher]: pfl=12020040
03-17 14:55:22.668 10923 10923 I ViewRootImpl@28344fc[CameraLauncher]: vsysui=705
03-17 14:55:22.668 10923 10923 I ViewRootImpl@28344fc[CameraLauncher]: apr=LOW_PROFILE_BARS
03-17 14:55:22.668 10923 10923 I ViewRootImpl@28344fc[CameraLauncher]: bhv=SHOW_TRANSIENT_BARS_BY_SWIPE
03-17 14:55:22.668 10923 10923 I ViewRootImpl@28344fc[CameraLauncher]: fitSides= naviIconColor=0}
03-17 14:55:22.687 10923 10923 I ViewRootImpl@28344fc[CameraLauncher]: Relayout returned: old=(0,0,1440,3040) new=(0,0,1440,3040) req=(1440,3040)8 dur=18 res=0x2 s={false 0x0} ch=true seqId=0
03-17 14:55:22.687 10923 10923 I SurfaceView@f6c68cb: windowStopped(true) false android.view.SurfaceView{f6c68cb V.E...... ........ 0,312-1440,2232} of ViewRootImpl@28344fc[CameraLauncher]
03-17 14:55:22.687 10923 10923 I SurfaceView@f6c68cb: releaseSurfaces: viewRoot = ViewRootImpl@28344fc[CameraLauncher]
03-17 14:55:22.688 10923 10923 I SurfaceView@f6c68cb: applyTransactionOnVriDraw: vri = ViewRootImpl@28344fc[CameraLauncher] fRS = true t = 0x7044310150 android.view.SurfaceView.releaseSurfaces:858 android.view.SurfaceView.updateSurface:998 android.view.SurfaceView.setWindowStopped:335
03-17 14:55:22.688 10923 10923 I SurfaceView@f6c68cb: applyTransactionOnVriDraw: viewRoot.applyTransactionOnDrawFromReleaseSurfaces
03-17 14:55:22.688 10923 10923 I ViewRootImpl@28344fc[CameraLauncher]: from releaseSurfaces t.apply t = 0x7044310150
03-17 14:55:22.688 10923 10923 I SurfaceView@f6c68cb: releaseSurfaces: viewRoot = ViewRootImpl@28344fc[CameraLauncher]
03-17 14:55:22.688 10923 10923 I SurfaceView@f6c68cb: applyTransactionOnVriDraw: vri = ViewRootImpl@28344fc[CameraLauncher] fRS = true t = 0x7044317bf0 android.view.SurfaceView.releaseSurfaces:858 android.view.SurfaceView.updateSurface:998 android.view.SurfaceView.lambda$new$0$android-view-SurfaceView:200
03-17 14:55:22.688 10923 10923 I SurfaceView@f6c68cb: applyTransactionOnVriDraw: viewRoot.applyTransactionOnDrawFromReleaseSurfaces
03-17 14:55:22.688 10923 10923 I ViewRootImpl@28344fc[CameraLauncher]: from releaseSurfaces t.apply t = 0x7044317bf0
03-17 14:55:22.690 10923 10923 I ViewRootImpl@28344fc[CameraLauncher]: stopped(true) old = false
03-17 14:55:22.690 10923 10923 I ViewRootImpl@28344fc[CameraLauncher]: WindowStopped on com.samsung.android.scan3d/com.android.camera.CameraLauncher set to true
03-17 14:55:22.713 10923 10996 W native : tracking_jni.cc:73 Unknown tracker
03-17 14:55:22.713 10923 10996 W native : tracking_jni.cc:258 Stop tracking: tracker cannot be null
03-17 14:55:22.718 10923 10923 I MSHandlerLifeCycle: check: return. Multi-window not supported pkg=com.samsung.android.scan3d
03-17 14:55:22.718 10923 10923 I MSHandlerLifeCycle: removeMultiSplitHandler: no exist. decor=DecorView@7ed4ea7[CameraLauncher]
03-17 14:55:22.720 10923 10923 I ViewRootImpl@105d3eb[CameraSettingsActivity]: ViewPostIme pointer 0
03-17 14:55:22.725 10923 10923 I SurfaceView@f6c68cb: releaseSurfaces: viewRoot = ViewRootImpl@28344fc[CameraLauncher]
03-17 14:55:22.725 10923 10923 I SurfaceView@f6c68cb: applyTransactionOnVriDraw: vri = ViewRootImpl@28344fc[CameraLauncher] fRS = true t = 0x7044332530 android.view.SurfaceView.releaseSurfaces:858 android.view.SurfaceView.updateSurface:998 android.view.SurfaceView.lambda$new$0$android-view-SurfaceView:200
03-17 14:55:22.725 10923 10923 I SurfaceView@f6c68cb: applyTransactionOnVriDraw: viewRoot.applyTransactionOnDrawFromReleaseSurfaces
03-17 14:55:22.725 10923 10923 I ViewRootImpl@28344fc[CameraLauncher]: from releaseSurfaces t.apply t = 0x7044332530
03-17 14:55:22.741 10923 10923 I SurfaceView@f6c68cb: releaseSurfaces: viewRoot = ViewRootImpl@28344fc[CameraLauncher]
03-17 14:55:22.741 10923 10923 I SurfaceView@f6c68cb: applyTransactionOnVriDraw: vri = ViewRootImpl@28344fc[CameraLauncher] fRS = true t = 0x704433f310 android.view.SurfaceView.releaseSurfaces:858 android.view.SurfaceView.updateSurface:998 android.view.SurfaceView.lambda$new$0$android-view-SurfaceView:200
03-17 14:55:22.741 10923 10923 I SurfaceView@f6c68cb: applyTransactionOnVriDraw: viewRoot.applyTransactionOnDrawFromReleaseSurfaces
03-17 14:55:22.741 10923 10923 I ViewRootImpl@28344fc[CameraLauncher]: from releaseSurfaces t.apply t = 0x704433f310
03-17 14:55:22.767 10923 11053 E BufferQueueProducer: [SurfaceView[com.samsung.android.scan3d/com.android.camera.CameraLauncher]@0#1(BLAS T Consumer)1](id:2aab00000004,api:4,p:6117,c:10923) cancelBuffer: BufferQueue has been abandoned
03-17 14:55:22.768 10923 11053 E BufferQueueProducer: [SurfaceView[com.samsung.android.scan3d/com.android.camera.CameraLauncher]@0#1(BLAS T Consumer)1](id:2aab00000004,api:4,p:6117,c:10923) cancelBuffer: BufferQueue has been abandoned
03-17 14:55:22.769 10923 11053 E BufferQueueProducer: [SurfaceView[com.samsung.android.scan3d/com.android.camera.CameraLauncher]@0#1(BLAS T Consumer)1](id:2aab00000004,api:4,p:6117,c:10923) cancelBuffer: BufferQueue has been abandoned
03-17 14:55:22.770 10923 11053 E BufferQueueProducer: [SurfaceView[com.samsung.android.scan3d/com.android.camera.CameraLauncher]@0#1(BLAS T Consumer)1](id:2aab00000004,api:4,p:6117,c:10923) cancelBuffer: BufferQueue has been abandoned
03-17 14:55:22.771 10923 11053 E BufferQueueProducer: [SurfaceView[com.samsung.android.scan3d/com.android.camera.CameraLauncher]@0#1(BLAS T Consumer)1](id:2aab00000004,api:4,p:6117,c:10923) cancelBuffer: BufferQueue has been abandoned
03-17 14:55:22.775 10923 10991 E BufferQueueProducer: [SurfaceView[com.samsung.android.scan3d/com.android.camera.CameraLauncher]@0#1(BLAS T Consumer)1](id:2aab00000004,api:4,p:6117,c:10923) cancelBuffer: BufferQueue has been abandoned
03-17 14:55:22.781 10923 10991 I CameraManagerGlobal: Camera 0 facing CAMERA_FACING_BACK state now CAMERA_STATE_IDLE for client com.samsung.android.scan3d API Level 2
03-17 14:55:22.790 10923 11006 W .android.scan3d: Long monitor contention with owner Session-Handler (11053) at void android.hardware.camera2.impl.CameraDeviceImpl.flush()(CameraDeviceImpl.java:1425) waiters=0 in void android.hardware.camera2.impl.CameraDeviceImpl$4.run() for 136ms
03-17 14:55:22.792 10923 10948 W libc : Access denied finding property "sys.perf.boostopt"
03-17 14:55:22.793 10923 11053 W CAM_MetadataDst: onCaptureFailed for Frame 94 (images were captured)
03-17 14:55:22.794 10923 11053 W CAM_RAW_SENSORw4032: Distributing null to Stream-2 for frame 94 at 7014722858081 because the buffer was lost.
03-17 14:55:22.794 10923 11053 W CAM_YUV_420_888w640: Distributing null to Stream-1 for frame 94 at 7014722858081 because the buffer was lost.
03-17 14:55:22.794 10923 11053 W CAM_MetadataDst: onCaptureFailed for Frame 95
03-17 14:55:22.794 10923 11053 W CAM_MetadataDst: onCaptureFailed for Frame 96
03-17 14:55:22.795 10923 11053 W CAM_MetadataDst: onCaptureFailed for Frame 97
03-17 14:55:22.795 10923 11053 W CAM_MetadataDst: onCaptureFailed for Frame 98
03-17 14:55:22.795 10923 11053 W CAM_MetadataDst: onCaptureFailed for Frame 99
03-17 14:55:22.811 10923 10923 I ViewRootImpl@105d3eb[CameraSettingsActivity]: ViewPostIme pointer 1
03-17 14:55:23.205 10923 10923 I ViewRootImpl@105d3eb[CameraSettingsActivity]: ViewPostIme pointer 0
03-17 14:55:23.254 10923 10923 I ViewRootImpl@105d3eb[CameraSettingsActivity]: ViewPostIme pointer 1
03-17 14:55:23.806 10923 10991 I CameraManagerGlobal: Camera 0 facing CAMERA_FACING_BACK state now CAMERA_STATE_CLOSED for client com.samsung.android.scan3d API Level 2
03-17 14:55:23.848 10923 10923 I ViewRootImpl@105d3eb[CameraSettingsActivity]: ViewPostIme pointer 0
03-17 14:55:24.065 10923 10923 I ViewRootImpl@105d3eb[CameraSettingsActivity]: ViewPostIme pointer 1
03-17 14:55:24.535 10923 10923 I ViewRootImpl@105d3eb[CameraSettingsActivity]: ViewPostIme pointer 0
03-17 14:55:24.576 10923 10923 I ViewRootImpl@105d3eb[CameraSettingsActivity]: ViewPostIme pointer 1
03-17 14:55:24.672 10923 10923 I DecorView: [INFO] isPopOver=false config=true
03-17 14:55:24.672 10923 10923 I DecorView: updateCaptionType: isFloating=false isApplication=true hasWindowDecorCaption=false this=DecorView@109c289[]
03-17 14:55:24.672 10923 10923 I DecorView: getCurrentDensityDpi: from real metrics. densityDpi=560 msg=resources_loaded
03-17 14:55:24.673 10923 10923 I DecorView: setWindowBackground: isPopOver=false color=ff202124 d=android.graphics.drawable.ColorDrawable@c954aaf
03-17 14:55:24.734 10923 10923 I MSHandlerLifeCycle: check: return. pkg=com.samsung.android.scan3d parent=null callers=com.android.internal.policy.DecorView.setVisibility:4411 android.app.ActivityThread.handleResumeActivity:5476 android.app.servertransaction.ResumeActivityItem.execute:54 android.app.servertransaction.ActivityTransactionItem.execute:45 android.app.servertransaction.TransactionExecutor.executeLifecycleState:176
03-17 14:55:24.734 10923 10923 I MSHandlerLifeCycle: removeMultiSplitHandler: no exist. decor=DecorView@109c289[]
03-17 14:55:24.737 10923 10923 I DecorView: onImmersiveModeChanged: isStatusBarHidden=true
03-17 14:55:24.741 10923 10923 I ViewRootImpl@13a03ba[CameraSettingsActivity]: setView = com.android.internal.policy.DecorView@109c289 TM=true
03-17 14:55:24.742 10923 10923 I MSHandlerLifeCycle: check: return. Multi-window not supported pkg=com.samsung.android.scan3d
03-17 14:55:24.742 10923 10923 I MSHandlerLifeCycle: removeMultiSplitHandler: no exist. decor=DecorView@109c289[CameraSettingsActivity]
03-17 14:55:24.746 10923 10923 I ViewRootImpl@13a03ba[CameraSettingsActivity]: performTraversals params={(0,0)(fillxfill) sim={adjust=resize forwardNavigation} ty=BASE_APPLICATION wanim=0x1030309
03-17 14:55:24.746 10923 10923 I ViewRootImpl@13a03ba[CameraSettingsActivity]: fl=81810500
03-17 14:55:24.746 10923 10923 I ViewRootImpl@13a03ba[CameraSettingsActivity]: pfl=12020040
03-17 14:55:24.746 10923 10923 I ViewRootImpl@13a03ba[CameraSettingsActivity]: bhv=SHOW_TRANSIENT_BARS_BY_SWIPE
03-17 14:55:24.746 10923 10923 I ViewRootImpl@13a03ba[CameraSettingsActivity]: fitSides= naviIconColor=0}
03-17 14:55:24.747 10923 10923 I ViewRootImpl@13a03ba[CameraSettingsActivity]: performTraversals mFirst=true windowShouldResize=true viewVisibilityChanged=false mForceNextWindowRelayout=false params={(0,0)(fillxfill) sim={adjust=resize forwardNavigation} ty=BASE_APPLICATION wanim=0x1030309
03-17 14:55:24.747 10923 10923 I ViewRootImpl@13a03ba[CameraSettingsActivity]: fl=81810500
03-17 14:55:24.747 10923 10923 I ViewRootImpl@13a03ba[CameraSettingsActivity]: pfl=12020040
03-17 14:55:24.747 10923 10923 I ViewRootImpl@13a03ba[CameraSettingsActivity]: bhv=SHOW_TRANSIENT_BARS_BY_SWIPE
03-17 14:55:24.747 10923 10923 I ViewRootImpl@13a03ba[CameraSettingsActivity]: fitSides= naviIconColor=0}
03-17 14:55:24.755 10923 10923 I ViewRootImpl@13a03ba[CameraSettingsActivity]: updateBlastSurfaceIfNeeded mBlastBufferQueue=null isSameSurfaceControl=false
03-17 14:55:24.755 10923 10923 I BLASTBufferQueue: new BLASTBufferQueue, mName= ViewRootImpl@13a03ba[CameraSettingsActivity] mNativeObject= 0x708434dd50 sc.mNativeObject= 0x7014376b00 caller= android.view.ViewRootImpl.updateBlastSurfaceIfNeeded:2909 android.view.ViewRootImpl.relayoutWindow:9847 android.view.ViewRootImpl.performTraversals:3884 android.view.ViewRootImpl.doTraversal:3116 android.view.ViewRootImpl$TraversalRunnable.run:10885 android.view.Choreographer$CallbackRecord.run:1301 android.view.Choreographer$CallbackRecord.run:1309 android.view.Choreographer.doCallbacks:923 android.view.Choreographer.doFrame:852 android.view.Choreographer$FrameDisplayEventReceiver.run:1283
03-17 14:55:24.755 10923 10923 I BLASTBufferQueue: update, w= 1440 h= 2901 mName = ViewRootImpl@13a03ba[CameraSettingsActivity] mNativeObject= 0x708434dd50 sc.mNativeObject= 0x7014376b00 format= -1 caller= android.graphics.BLASTBufferQueue.<init>:84 android.view.ViewRootImpl.updateBlastSurfaceIfNeeded:2909 android.view.ViewRootImpl.relayoutWindow:9847 android.view.ViewRootImpl.performTraversals:3884 android.view.ViewRootImpl.doTraversal:3116 android.view.ViewRootImpl$TraversalRunnable.run:10885
03-17 14:55:24.756 10923 10923 I ViewRootImpl@13a03ba[CameraSettingsActivity]: Relayout returned: old=(0,139,1440,3040) new=(0,139,1440,3040) req=(1440,2901)0 dur=8 res=0x3 s={true 0x711430b850} ch=true seqId=0
03-17 14:55:24.756 10923 10923 I ViewRootImpl@13a03ba[CameraSettingsActivity]: mThreadedRenderer.initialize() mSurface={isValid=true 0x711430b850} hwInitialized=true
03-17 14:55:24.786 10923 10923 I ViewRootImpl@13a03ba[CameraSettingsActivity]: reportNextDraw android.view.ViewRootImpl.performTraversals:4438 android.view.ViewRootImpl.doTraversal:3116 android.view.ViewRootImpl$TraversalRunnable.run:10885 android.view.Choreographer$CallbackRecord.run:1301 android.view.Choreographer$CallbackRecord.run:1309
03-17 14:55:24.786 10923 10923 I ViewRootImpl@13a03ba[CameraSettingsActivity]: Setup new sync id=0
03-17 14:55:24.786 10923 10923 I ViewRootImpl@13a03ba[CameraSettingsActivity]: Setting syncFrameCallback
03-17 14:55:24.786 10923 10923 I ViewRootImpl@13a03ba[CameraSettingsActivity]: registerCallbacksForSync syncBuffer=false
03-17 14:55:24.788 10923 11104 I ViewRootImpl@13a03ba[CameraSettingsActivity]: Received frameDrawingCallback syncResult=0 frameNum=1.
03-17 14:55:24.788 10923 11104 I ViewRootImpl@13a03ba[CameraSettingsActivity]: Setting up sync and frameCommitCallback
03-17 14:55:24.792 10923 10957 I BLASTBufferQueue: [ViewRootImpl@13a03ba[CameraSettingsActivity]#5](f:0,a:0) onFrameAvailable the first frame is available
03-17 14:55:24.792 10923 10957 I ViewRootImpl@13a03ba[CameraSettingsActivity]: Received frameCommittedCallback lastAttemptedDrawFrameNum=1 didProduceBuffer=true
03-17 14:55:24.793 10923 10957 W Parcel : Expecting binder but got null!
03-17 14:55:24.793 10923 10923 I ViewRootImpl@13a03ba[CameraSettingsActivity]: onSyncComplete
03-17 14:55:24.793 10923 10923 I ViewRootImpl@13a03ba[CameraSettingsActivity]: setupSync seqId=0 mSyncId=0 fn=1 caller=android.view.ViewRootImpl$ $ExternalSyntheticLambda11.accept:6 android.window.SurfaceSyncer.lambda$setupSync$1$android-window-SurfaceSyncer:128 android.window.SurfaceSyncer$$ExternalSyntheticLambda1.accept:8 android.window.SurfaceSyncer$SyncSet.checkIfSyncIsComplete:382 android.window.SurfaceSyncer$SyncSet.markSyncReady:359 android.window.SurfaceSyncer.markSyncReady:151 android.view.ViewRootImpl.performTraversals:4503
03-17 14:55:24.793 10923 10923 I ViewRootImpl@13a03ba[CameraSettingsActivity]: reportDrawFinished seqId=0 mSyncId=-1 fn=1 mSurfaceChangedTransaction=0x704430e890
03-17 14:55:24.794 10923 10923 I ViewRootImpl@105d3eb[CameraSettingsActivity]: MSG_WINDOW_FOCUS_CHANGED 0 0
03-17 14:55:24.865 10923 10923 I ViewRootImpl@13a03ba[CameraSettingsActivity]: MSG_WINDOW_FOCUS_CHANGED 1 0
03-17 14:55:24.865 10923 10923 I ViewRootImpl@13a03ba[CameraSettingsActivity]: mThreadedRenderer.initializeIfNeeded()#2 mSurface={isValid=true 0x711430b850}
03-17 14:55:24.866 10923 10923 I InputMethodManager: startInputInner - mService.startInputOrWindowGainedFocus
03-17 14:55:25.218 10923 10923 I ViewRootImpl@105d3eb[CameraSettingsActivity]: handleAppVisibility mAppVisible = true visible = false
03-17 14:55:25.236 10923 10923 I ViewRootImpl@105d3eb[CameraSettingsActivity]: performTraversals mFirst=false windowShouldResize=false viewVisibilityChanged=true mForceNextWindowRelayout=false params=null
03-17 14:55:25.242 10923 10923 I ViewRootImpl@105d3eb[CameraSettingsActivity]: Relayout returned: old=(0,139,1440,3040) new=(0,139,1440,3040) req=(1440,2901)8 dur=4 res=0x2 s={false 0x0} ch=true seqId=0
03-17 14:55:25.242 10923 10923 I ViewRootImpl@105d3eb[CameraSettingsActivity]: stopped(true) old = false
03-17 14:55:25.242 10923 10923 I ViewRootImpl@105d3eb[CameraSettingsActivity]: WindowStopped on com.samsung.android.scan3d/com.google.android.apps.camera.legacy.app.settings.Camer aSettingsActivity set to true
03-17 14:55:25.246 10923 10923 I MSHandlerLifeCycle: check: return. Multi-window not supported pkg=com.samsung.android.scan3d
03-17 14:55:25.247 10923 10923 I MSHandlerLifeCycle: removeMultiSplitHandler: no exist. decor=DecorView@7b6350b[CameraSettingsActivity]
03-17 14:55:25.251 10923 10923 I ViewRootImpl@105d3eb[CameraSettingsActivity]: performTraversals mFirst=false windowShouldResize=false viewVisibilityChanged=false mForceNextWindowRelayout=false params={(0,0)(fillxfill) sim={adjust=pan} ty=BASE_APPLICATION wanim=0x1030309
03-17 14:55:25.251 10923 10923 I ViewRootImpl@105d3eb[CameraSettingsActivity]: fl=81810500
03-17 14:55:25.251 10923 10923 I ViewRootImpl@105d3eb[CameraSettingsActivity]: pfl=12020040
03-17 14:55:25.251 10923 10923 I ViewRootImpl@105d3eb[CameraSettingsActivity]: bhv=SHOW_TRANSIENT_BARS_BY_SWIPE
03-17 14:55:25.251 10923 10923 I ViewRootImpl@105d3eb[CameraSettingsActivity]: fitSides= naviIconColor=0}
03-17 14:55:25.256 10923 10923 I ViewRootImpl@105d3eb[CameraSettingsActivity]: Relayout returned: old=(0,139,1440,3040) new=(0,139,1440,3040) req=(1440,2901)8 dur=5 res=0x2 s={false 0x0} ch=false seqId=0
03-17 14:55:25.655 10923 10923 I ViewRootImpl@db9f4ac[Toast]: dispatchDetachedFromWindow
03-17 14:55:25.677 10923 10923 I ViewRootImpl@e3d6922[Toast]: setView = android.widget.LinearLayout@ec88104 TM=true
03-17 14:55:25.682 10923 10923 I ViewRootImpl@e3d6922[Toast]: performTraversals params={(0,224)(wrapxwrap) gr=BOTTOM CENTER sim={adjust=pan} ty=TOAST fmt=TRANSLUCENT wanim=0x1030004
03-17 14:55:25.682 10923 10923 I ViewRootImpl@e3d6922[Toast]: fl=1000098
03-17 14:55:25.682 10923 10923 I ViewRootImpl@e3d6922[Toast]: pfl=12000000
03-17 14:55:25.682 10923 10923 I ViewRootImpl@e3d6922[Toast]: bhv=DEFAULT
03-17 14:55:25.682 10923 10923 I ViewRootImpl@e3d6922[Toast]: fitTypes=STATUS_BARS NAVIGATION_BARS CAPTION_BAR
03-17 14:55:25.682 10923 10923 I ViewRootImpl@e3d6922[Toast]: fitIgnoreVis naviIconColor=0
03-17 14:55:25.682 10923 10923 I ViewRootImpl@e3d6922[Toast]: sfl=20000}
03-17 14:55:25.684 10923 10923 I ViewRootImpl@e3d6922[Toast]: performTraversals mFirst=true windowShouldResize=false viewVisibilityChanged=false mForceNextWindowRelayout=false params={(0,224)(wrapxwrap) gr=BOTTOM CENTER sim={adjust=pan} ty=TOAST fmt=TRANSLUCENT wanim=0x1030004
03-17 14:55:25.684 10923 10923 I ViewRootImpl@e3d6922[Toast]: fl=1000098
03-17 14:55:25.684 10923 10923 I ViewRootImpl@e3d6922[Toast]: pfl=12000000
03-17 14:55:25.684 10923 10923 I ViewRootImpl@e3d6922[Toast]: bhv=DEFAULT
03-17 14:55:25.684 10923 10923 I ViewRootImpl@e3d6922[Toast]: fitTypes=STATUS_BARS NAVIGATION_BARS CAPTION_BAR
03-17 14:55:25.684 10923 10923 I ViewRootImpl@e3d6922[Toast]: fitIgnoreVis naviIconColor=0
03-17 14:55:25.684 10923 10923 I ViewRootImpl@e3d6922[Toast]: sfl=20000}
03-17 14:55:25.694 10923 10923 I ViewRootImpl@e3d6922[Toast]: updateBlastSurfaceIfNeeded mBlastBufferQueue=null isSameSurfaceControl=false
03-17 14:55:25.695 10923 10923 I BLASTBufferQueue: new BLASTBufferQueue, mName= ViewRootImpl@e3d6922[Toast] mNativeObject= 0x7084374b30 sc.mNativeObject= 0x701437e8d0 caller= android.view.ViewRootImpl.updateBlastSurfaceIfNeeded:2909 android.view.ViewRootImpl.relayoutWindow:9847 android.view.ViewRootImpl.performTraversals:3884 android.view.ViewRootImpl.doTraversal:3116 android.view.ViewRootImpl$TraversalRunnable.run:10885 android.view.Choreographer$CallbackRecord.run:1301 android.view.Choreographer$CallbackRecord.run:1309 android.view.Choreographer.doCallbacks:923 android.view.Choreographer.doFrame:852 android.view.Choreographer$FrameDisplayEventReceiver.run:1283
03-17 14:55:25.695 10923 10923 I BLASTBufferQueue: update, w= 618 h= 145 mName = ViewRootImpl@e3d6922[Toast] mNativeObject= 0x7084374b30 sc.mNativeObject= 0x701437e8d0 format= -3 caller= android.graphics.BLASTBufferQueue.<init>:84 android.view.ViewRootImpl.updateBlastSurfaceIfNeeded:2909 android.view.ViewRootImpl.relayoutWindow:9847 android.view.ViewRootImpl.performTraversals:3884 android.view.ViewRootImpl.doTraversal:3116 android.view.ViewRootImpl$TraversalRunnable.run:10885
03-17 14:55:25.695 10923 10923 I ViewRootImpl@e3d6922[Toast]: Relayout returned: old=(0,139,1440,2872) new=(411,2503,1029,2648) req=(618,145)0 dur=10 res=0x3 s={true 0x7114360ad0} ch=true seqId=0
03-17 14:55:25.697 10923 10923 I ViewRootImpl@e3d6922[Toast]: mThreadedRenderer.initialize() mSurface={isValid=true 0x7114360ad0} hwInitialized=true
03-17 14:55:25.697 10923 10923 I ViewRootImpl@e3d6922[Toast]: reportNextDraw android.view.ViewRootImpl.performTraversals:4438 android.view.ViewRootImpl.doTr--------- beginning of main
03-17 14:55:27.967 11717 11758 I CameraManagerGlobal: Connecting to camera service
03-17 14:55:27.971 11717 11731 I CameraManagerGlobal: Camera 0 facing CAMERA_FACING_BACK state now CAMERA_STATE_CLOSED for client com.samsung.android.scan3d API Level 2
03-17 14:55:27.971 11717 11731 I CameraManagerGlobal: Camera 1 facing CAMERA_FACING_FRONT state now CAMERA_STATE_CLOSED for client com.sec.android.app.camera API Level 2
03-17 14:55:27.972 11717 11731 I CameraManagerGlobal: Camera 2 facing CAMERA_FACING_BACK state now CAMERA_STATE_CLOSED for client org.telegram.messenger API Level 1
03-17 14:55:27.972 11717 11731 W libc : Access denied finding property "sys.perf.boostopt"
03-17 14:55:27.972 11717 11731 I CameraManagerGlobal: Camera 20 facing CAMERA_FACING_BACK state now CAMERA_STATE_CLOSED for client com.sec.android.app.camera API Level 2
03-17 14:55:27.972 11717 11731 I CameraManagerGlobal: Camera 21 facing CAMERA_FACING_BACK state now CAMERA_STATE_CLOSED for client android.system API Level 2
03-17 14:55:27.972 11717 11731 I CameraManagerGlobal: Camera 23 facing CAMERA_FACING_BACK state now CAMERA_STATE_CLOSED for client android.system API Level 2
03-17 14:55:27.972 11717 11731 I CameraManagerGlobal: Camera 3 facing CAMERA_FACING_FRONT state now CAMERA_STATE_CLOSED for client org.telegram.messenger API Level 1
03-17 14:55:27.973 11717 11731 I CameraManagerGlobal: Camera 4 facing CAMERA_FACING_BACK state now CAMERA_STATE_CLOSED for client android.system API Level 2
03-17 14:55:27.973 11717 11731 I CameraManagerGlobal: Camera 40 facing CAMERA_FACING_BACK state now CAMERA_STATE_CLOSED for client android.system API Level 2
03-17 14:55:27.973 11717 11731 I CameraManagerGlobal: Camera 41 facing CAMERA_FACING_FRONT state now CAMERA_STATE_CLOSED for client android.system API Level 2
03-17 14:55:27.973 11717 11731 I CameraManagerGlobal: Camera 5 facing CAMERA_FACING_FRONT state now CAMERA_STATE_CLOSED for client android.system API Level 2
03-17 14:55:27.973 11717 11731 I CameraManagerGlobal: Camera 50 facing CAMERA_FACING_BACK state now CAMERA_STATE_CLOSED for client android.system API Level 2
03-17 14:55:27.973 11717 11731 I CameraManagerGlobal: Camera 52 facing CAMERA_FACING_BACK state now CAMERA_STATE_CLOSED for client android.system API Level 2
03-17 14:55:27.973 11717 11731 I CameraManagerGlobal: Camera 80 facing CAMERA_FACING_BACK state now CAMERA_STATE_CLOSED for client android.system API Level 2
03-17 14:55:27.974 11717 11731 I CameraManagerGlobal: Camera 81 facing CAMERA_FACING_FRONT state now CAMERA_STATE_CLOSED for client android.system API Level 2
03-17 14:55:27.974 11717 11731 I CameraManagerGlobal: Camera 91 facing CAMERA_FACING_FRONT state now CAMERA_STATE_CLOSED for client android.system API Level 2
03-17 14:55:28.003 11717 11717 W .android.scan3d: Accessing hidden method Landroid/os/SystemProperties;->set(Ljava/lang/String;Ljava/lang/String;)V (unsupported, reflection, allowed)
03-17 14:55:28.004 11717 11717 W CAM_Log : Tag ConfigGserviceSource is 1 chars longer than limit.
03-17 14:55:28.079 11717 11717 I DecorView: [INFO] isPopOver=false config=true
03-17 14:55:28.079 11717 11717 I DecorView: updateCaptionType: isFloating=false isApplication=true hasWindowDecorCaption=false this=DecorView@92fcefd[]
03-17 14:55:28.083 11717 11717 I DecorView: getCurrentDensityDpi: from real metrics. densityDpi=560 msg=resources_loaded
03-17 14:55:28.083 11717 11717 I DecorView: setWindowBackground: isPopOver=false color=fff6f6f6 d=android.graphics.drawable.LayerDrawable@a2f5df9
03-17 14:55:28.086 11717 11717 W .android.scan3d: Accessing hidden method Landroid/view/View;->computeFitSystemWindows(Landroid/graphics/Rect;Landroid/ graphics/Rect;)Z (unsupported, reflection, allowed)
03-17 14:55:28.086 11717 11717 W .android.scan3d: Accessing hidden method Landroid/view/ViewGroup;->makeOptionalFitsSystemWindows()V (unsupported, reflection, allowed)
03-17 14:55:28.094 11717 11771 W AudioCapabilities: Unsupported mime audio/x-ape
03-17 14:55:28.095 11717 11771 W AudioCapabilities: Unsupported mime audio/x-ima
03-17 14:55:28.095 11717 11771 W AudioCapabilities: Unsupported mime audio/mpeg-L1
03-17 14:55:28.095 11717 11771 W AudioCapabilities: Unsupported mime audio/mpeg-L2
03-17 14:55:28.095 11717 11771 W VideoCapabilities: Unsupported mime video/mp43
03-17 14:55:28.096 11717 11771 W VideoCapabilities: Unsupported mime video/wvc1
03-17 14:55:28.096 11717 11771 W VideoCapabilities: Unsupported mime video/x-ms-wmv
03-17 14:55:28.096 11717 11771 W AudioCapabilities: Unsupported mime audio/x-ms-wma
03-17 14:55:28.096 11717 11771 W VideoCapabilities: Unsupported mime video/x-ms- wmv7
03-17 14:55:28.097 11717 11771 W VideoCapabilities: Unsupported mime video/x-ms- wmv8
03-17 14:55:28.125 11717 11717 W FontsContract: Platform version of downloadable fonts is deprecated. Please use androidx version instead.
03-17 14:55:28.138 11717 11779 I CameraManager: registerAvailabilityCallback: Is device callback = false
03-17 14:55:28.138 11717 11779 I CameraManagerGlobal: postSingleUpdate device: camera id 0 status STATUS_PRESENT
03-17 14:55:28.138 11717 11779 I CameraManagerGlobal: postSingleUpdate device: camera id 1 status STATUS_PRESENT
