03-17 15:00:15.924 16476 17327 W CameraMetadataJV: Expect face scores and rectangles to be non-null
03-17 15:00:15.924 16476 16650 W CameraMetadataJV: Expect face scores and rectangles to be non-null
03-17 15:00:15.925 16476 17661 E libgcam : [camera_motion_blur_estimator.cc:54]: EstimateCameraMotionBlur: Can't estimate camera motion blur, because gyro data is missing.
03-17 15:00:15.926 16476 17661 E libgcam : [camera_motion_blur_estimator.cc:54]: EstimateCameraMotionBlur: Can't estimate camera motion blur, because gyro data is missing.
03-17 15:00:15.938 16476 16486 W .android.scan3d: Cleared Reference was only reachable from finalizer (only reported once)
03-17 15:00:15.945 16476 17661 W libgcam : [raw_finish.cc:561]: FinishRaw: wb.gains[0] (0.018027) was less than unity.
03-17 15:00:15.945 16476 17661 W libgcam : [raw_finish.cc:572]: FinishRaw: Net gain for channel 0 (0.222076) is less than the minimum (1.000000) to preserve clipped highlights (safe underexposure 1.000000).
03-17 15:00:15.945 16476 17661 W libgcam : [raw_finish.cc:561]: FinishRaw: wb.gains[1] (0.010000) was less than unity.
03-17 15:00:15.945 16476 17661 W libgcam : [raw_finish.cc:572]: FinishRaw: Net gain for channel 1 (0.123188) is less than the minimum (1.000000) to preserve clipped highlights (safe underexposure 1.000000).
03-17 15:00:15.945 16476 17661 W libgcam : [raw_finish.cc:561]: FinishRaw: wb.gains[2] (0.016787) was less than unity.
03-17 15:00:15.945 16476 17661 W libgcam : [raw_finish.cc:572]: FinishRaw: Net gain for channel 2 (0.206798) is less than the minimum (1.000000) to preserve clipped highlights (safe underexposure 1.000000).
03-17 15:00:15.993 16476 16476 W CAM_SocialShare: CaptureSessionListener.onSessionCaptureIndicatorUpdate
03-17 15:00:15.993 16476 16877 E CAM_CAM_InflFallbackSvr: Could not create directory /storage/emulated/0/DCIM/Camera/.inflight_lowres
03-17 15:00:15.994 16476 17661 E libgcam : [camera_motion_blur_estimator.cc:54]: EstimateCameraMotionBlur: Can't estimate camera motion blur, because gyro data is missing.
03-17 15:00:15.995 16476 17661 E libgcam : [camera_motion_blur_estimator.cc:54]: EstimateCameraMotionBlur: Can't estimate camera motion blur, because gyro data is missing.
03-17 15:00:15.996 16476 17661 E libgcam : [camera_motion_blur_estimator.cc:54]: EstimateCameraMotionBlur: Can't estimate camera motion blur, because gyro data is missing.
03-17 15:00:15.999 16476 17661 E libgcam : [camera_motion_blur_estimator.cc:54]: EstimateCameraMotionBlur: Can't estimate camera motion blur, because gyro data is missing.
03-17 15:00:16.014 16476 16649 E OisListener: Null pointer for OIS data. OIS API version: 2
03-17 15:00:16.014 16476 17327 W CameraMetadataJV: Expect face scores and rectangles to be non-null
03-17 15:00:16.014 16476 16650 W CameraMetadataJV: Expect face scores and rectangles to be non-null
03-17 15:00:16.016 16476 17327 W CameraMetadataJV: Expect face scores and rectangles to be non-null
03-17 15:00:16.016 16476 17327 W CameraMetadataJV: Expect face scores and rectangles to be non-null
03-17 15:00:16.016 16476 17327 W CameraMetadataJV: Expect face scores and rectangles to be non-null
03-17 15:00:16.016 16476 17327 W CameraMetadataJV: Expect face scores and rectangles to be non-null
03-17 15:00:16.016 16476 17327 W CameraMetadataJV: Expect face scores and rectangles to be non-null
03-17 15:00:16.016 16476 17327 W CameraMetadataJV: Expect face scores and rectangles to be non-null
03-17 15:00:16.017 16476 17327 W JankMonitorFacade: PHOTO > abs Δ(result sensor timestamp) = 99.99 ms > 70.00 ms
03-17 15:00:16.017 16476 17327 W JankMonitorFacade: PHOTO > rel Δ(result sensor timestamp) = 2.00 > 0.25
03-17 15:00:16.017 16476 17327 W JankMonitorFacade: PHOTO > result sensor delay = 3.00 > 1.10
03-17 15:00:16.058 16476 16649 E OisListener: Null pointer for OIS data. OIS API version: 2
03-17 15:00:16.058 16476 17327 W CameraMetadataJV: Expect face scores and rectangles to be non-null
03-17 15:00:16.058 16476 16650 W CameraMetadataJV: Expect face scores and rectangles to be non-null
03-17 15:00:16.059 16476 17327 W CameraMetadataJV: Expect face scores and rectangles to be non-null
03-17 15:00:16.059 16476 17327 W CameraMetadataJV: Expect face scores and rectangles to be non-null
03-17 15:00:16.059 16476 17327 W CameraMetadataJV: Expect face scores and rectangles to be non-null
03-17 15:00:16.059 16476 17327 W CameraMetadataJV: Expect face scores and rectangles to be non-null
03-17 15:00:16.059 16476 17327 W CameraMetadataJV: Expect face scores and rectangles to be non-null
03-17 15:00:16.059 16476 17327 W CameraMetadataJV: Expect face scores and rectangles to be non-null
03-17 15:00:16.063 16476 17327 W JankMonitorFacade: PHOTO > rel Δ(result sensor timestamp) = 0.67 > 0.25
03-17 15:00:16.102 16476 16649 E OisListener: Null pointer for OIS data. OIS API version: 2
03-17 15:00:16.102 16476 17327 W CameraMetadataJV: Expect face scores and rectangles to be non-null
03-17 15:00:16.102 16476 16650 W CameraMetadataJV: Expect face scores and rectangles to be non-null
03-17 15:00:16.102 16476 17327 W CameraMetadataJV: Expect face scores and rectangles to be non-null
03-17 15:00:16.103 16476 17327 W CameraMetadataJV: Expect face scores and rectangles to be non-null
03-17 15:00:16.103 16476 17327 W CameraMetadataJV: Expect face scores and rectangles to be non-null
03-17 15:00:16.103 16476 17327 W CameraMetadataJV: Expect face scores and rectangles to be non-null
03-17 15:00:16.103 16476 17327 W CameraMetadataJV: Expect face scores and rectangles to be non-null
03-17 15:00:16.103 16476 17327 W CameraMetadataJV: Expect face scores and rectangles to be non-null
03-17 15:00:16.126 16476 16649 E OisListener: Null pointer for OIS data. OIS API version: 2
03-17 15:00:16.126 16476 17327 W CameraMetadataJV: Expect face scores and rectangles to be non-null
03-17 15:00:16.126 16476 16650 W CameraMetadataJV: Expect face scores and rectangles to be non-null
03-17 15:00:16.126 16476 17327 W CameraMetadataJV: Expect face scores and rectangles to be non-null
03-17 15:00:16.126 16476 17327 W CameraMetadataJV: Expect face scores and rectangles to be non-null
03-17 15:00:16.126 16476 17327 W CameraMetadataJV: Expect face scores and rectangles to be non-null
03-17 15:00:16.126 16476 17327 W CameraMetadataJV: Expect face scores and rectangles to be non-null
03-17 15:00:16.127 16476 17327 W CameraMetadataJV: Expect face scores and rectangles to be non-null
03-17 15:00:16.127 16476 17327 W CameraMetadataJV: Expect face scores and rectangles to be non-null
03-17 15:00:16.131 16476 16529 W CameraMetadataJV: Expect face scores and rectangles to be non-null
03-17 15:00:16.158 16476 16649 E OisListener: Null pointer for OIS data. OIS API version: 2
03-17 15:00:16.159 16476 17327 W CameraMetadataJV: Expect face scores and rectangles to be non-null
03-17 15:00:16.159 16476 16650 W CameraMetadataJV: Expect face scores and rectangles to be non-null
03-17 15:00:16.159 16476 17327 W CameraMetadataJV: Expect face scores and rectangles to be non-null
03-17 15:00:16.159 16476 17327 W CameraMetadataJV: Expect face scores and rectangles to be non-null
03-17 15:00:16.159 16476 17327 W CameraMetadataJV: Expect face scores and rectangles to be non-null
03-17 15:00:16.160 16476 17327 W CameraMetadataJV: Expect face scores and rectangles to be non-null
03-17 15:00:16.160 16476 17327 W CameraMetadataJV: Expect face scores and rectangles to be non-null
03-17 15:00:16.160 16476 17327 W CameraMetadataJV: Expect face scores and rectangles to be non-null
03-17 15:00:16.200 16476 16476 W Resources: Drawable com.samsung.android.scan3d:drawable/notification_dot has unresolved theme attributes! Consider using Resources.getDrawable(int, Theme) or Context.getDrawable(int).
03-17 15:00:16.200 16476 16476 W Resources: java.lang.RuntimeException
03-17 15:00:16.200 16476 16476 W Resources: at android.content.res.Resources.getDrawable(Resources.java:967)
03-17 15:00:16.200 16476 16476 W Resources: at jiw.a(Unknown Source:38)
03-17 15:00:16.200 16476 16476 W Resources: at ibw.onLayoutChange(Unknown Source:58)
03-17 15:00:16.200 16476 16476 W Resources: at android.view.View.layout(View.java:24992)
03-17 15:00:16.200 16476 16476 W Resources: at android.widget.LinearLayout.setChildFrame(LinearLayout.java:1829)
03-17 15:00:16.200 16476 16476 W Resources: at android.widget.LinearLayout.layoutVertical(LinearLayout.java:1673)
03-17 15:00:16.200 16476 16476 W Resources: at android.widget.LinearLayout.onLayout(LinearLayout.java:1582)
03-17 15:00:16.200 16476 16476 W Resources: at android.view.View.layout(View.java:24969)
03-17 15:00:16.200 16476 16476 W Resources: at android.view.ViewGroup.layout(ViewGroup.java:6784)
03-17 15:00:16.200 16476 16476 W Resources: at android.widget.FrameLayout.layoutChildren(FrameLayout.java:332)
03-17 15:00:16.200 16476 16476 W Resources: at android.widget.FrameLayout.onLayout(FrameLayout.java:270)
03-17 15:00:16.200 16476 16476 W Resources: at android.view.View.layout(View.java:24969)
03-17 15:00:16.200 16476 16476 W Resources: at android.view.ViewGroup.layout(ViewGroup.java:6784)
03-17 15:00:16.200 16476 16476 W Resources: at android.support.constraint.ConstraintLayout.onLayout(Unknown Source:57)
03-17 15:00:16.200 16476 16476 W Resources: at android.view.View.layout(View.java:24969)
03-17 15:00:16.200 16476 16476 W Resources: at android.view.ViewGroup.layout(ViewGroup.java:6784)
03-17 15:00:16.200 16476 16476 W Resources: at android.widget.FrameLayout.layoutChildren(FrameLayout.java:332)
03-17 15:00:16.200 16476 16476 W Resources: at android.widget.FrameLayout.onLayout(FrameLayout.java:270)
03-17 15:00:16.200 16476 16476 W Resources: at com.google.android.apps.camera.ui.layout.GcaLayout.onLayout(Unknown Source:21)
03-17 15:00:16.200 16476 16476 W Resources: at android.view.View.layout(View.java:24969)
03-17 15:00:16.200 16476 16476 W Resources: at android.view.ViewGroup.layout(ViewGroup.java:6784)
03-17 15:00:16.200 16476 16476 W Resources: at android.widget.FrameLayout.layoutChildren(FrameLayout.java:332)
03-17 15:00:16.200 16476 16476 W Resources: at android.widget.FrameLayout.onLayout(FrameLayout.java:270)
03-17 15:00:16.200 16476 16476 W Resources: at com.google.android.apps.camera.ui.layout.GcaLayout.onLayout(Unknown Source:21)
03-17 15:00:16.200 16476 16476 W Resources: at com.google.android.apps.camera.ui.views.MainActivityLayout.onLayout(Unknown Source:0)
03-17 15:00:16.200 16476 16476 W Resources: at android.view.View.layout(View.java:24969)
03-17 15:00:16.200 16476 16476 W Resources: at android.view.ViewGroup.layout(ViewGroup.java:6784)
03-17 15:00:16.200 16476 16476 W Resources: at android.widget.FrameLayout.layoutChildren(FrameLayout.java:332)
03-17 15:00:16.200 16476 16476 W Resources: at android.widget.FrameLayout.onLayout(FrameLayout.java:270)
03-17 15:00:16.200 16476 16476 W Resources: at android.view.View.layout(View.java:24969)
03-17 15:00:16.200 16476 16476 W Resources: at android.view.ViewGroup.layout(ViewGroup.java:6784)
03-17 15:00:16.200 16476 16476 W Resources: at android.widget.LinearLayout.setChildFrame(LinearLayout.java:1829)
03-17 15:00:16.200 16476 16476 W Resources: at android.widget.LinearLayout.layoutVertical(LinearLayout.java:1673)
03-17 15:00:16.200 16476 16476 W Resources: at android.widget.LinearLayout.onLayout(LinearLayout.java:1582)
03-17 15:00:16.200 16476 16476 W Resources: at android.view.View.layout(View.java:24969)
03-17 15:00:16.200 16476 16476 W Resources: at android.view.ViewGroup.layout(ViewGroup.java:6784)
03-17 15:00:16.200 16476 16476 W Resources: at android.widget.FrameLayout.layoutChildren(FrameLayout.java:332)
03-17 15:00:16.200 16476 16476 W Resources: at android.widget.FrameLayout.onLayout(FrameLayout.java:270)
03-17 15:00:16.200 16476 16476 W Resources: at android.view.View.layout(View.java:24969)
03-17 15:00:16.200 16476 16476 W Resources: at android.view.ViewGroup.layout(ViewGroup.java:6784)
03-17 15:00:16.200 16476 16476 W Resources: at android.widget.LinearLayout.setChildFrame(LinearLayout.java:1829)
03-17 15:00:16.200 16476 16476 W Resources: at android.widget.LinearLayout.layoutVertical(LinearLayout.java:1673)
03-17 15:00:16.200 16476 16476 W Resources: at android.widget.LinearLayout.onLayout(LinearLayout.java:1582)
03-17 15:00:16.200 16476 16476 W Resources: at android.view.View.layout(View.java:24969)
03-17 15:00:16.200 16476 16476 W Resources: at android.view.ViewGroup.layout(ViewGroup.java:6784)
03-17 15:00:16.200 16476 16476 W Resources: at android.widget.FrameLayout.layoutChildren(FrameLayout.java:332)
03-17 15:00:16.200 16476 16476 W Resources: at android.widget.FrameLayout.onLayout(FrameLayout.java:270)
03-17 15:00:16.200 16476 16476 W Resources: at com.android.internal.policy.DecorView.onLayout(DecorView.java:1427)
03-17 15:00:16.200 16476 16476 W Resources: at android.view.View.layout(View.java:24969)
03-17 15:00:16.200 16476 16476 W Resources: at android.view.ViewGroup.layout(ViewGroup.java:6784)
03-17 15:00:16.200 16476 16476 W Resources: at android.view.ViewRootImpl.performLayout(ViewRootImpl.java:4917)
03-17 15:00:16.200 16476 16476 W Resources: at android.view.ViewRootImpl.performTraversals(ViewRootImpl.java:4240)
03-17 15:00:16.200 16476 16476 W Resources: at android.view.ViewRootImpl.doTraversal(ViewRootImpl.java:3116)
03-17 15:00:16.200 16476 16476 W Resources: at android.view.ViewRootImpl$TraversalRunnable.run(ViewRootImpl.java:10885)
03-17 15:00:16.200 16476 16476 W Resources: at android.view.Choreographer$CallbackRecord.run(Choreographer.java:1301)
03-17 15:00:16.200 16476 16476 W Resources: at android.view.Choreographer$CallbackRecord.run(Choreographer.java:1309)
03-17 15:00:16.200 16476 16476 W Resources: at android.view.Choreographer.doCallbacks(Choreographer.java:923)
03-17 15:00:16.200 16476 16476 W Resources: at android.view.Choreographer.doFrame(Choreographer.java:852)
03-17 15:00:16.200 16476 16476 W Resources: at android.view.Choreographer$FrameDisplayEventReceiver.run(Choreographer.java:1283)
03-17 15:00:16.200 16476 16476 W Resources: at android.os.Handler.handleCallback(Handler.java:942)
03-17 15:00:16.200 16476 16476 W Resources: at android.os.Handler.dispatchMessage(Handler.java:99)
03-17 15:00:16.200 16476 16476 W Resources: at android.os.Looper.loopOnce(Looper.java:226)
03-17 15:00:16.200 16476 16476 W Resources: at android.os.Looper.loop(Looper.java:313)
03-17 15:00:16.200 16476 16476 W Resources: at android.app.ActivityThread.main(ActivityThread.java:8757)
03-17 15:00:16.200 16476 16476 W Resources: at java.lang.reflect.Method.invoke(Native Method)
03-17 15:00:16.200 16476 16476 W Resources: at com.android.internal.os.RuntimeInit$MethodAndArgsCaller.run(RuntimeInit.java:571)
03-17 15:00:16.200 16476 16476 W Resources: at com.android.internal.os.ZygoteInit.main(ZygoteInit.java:1067)
03-17 15:00:16.225 16476 16649 E OisListener: Null pointer for OIS data. OIS API version: 2
03-17 15:00:16.225 16476 17327 W CameraMetadataJV: Expect face scores and rectangles to be non-null
03-17 15:00:16.225 16476 16650 W CameraMetadataJV: Expect face scores and rectangles to be non-null
03-17 15:00:16.228 16476 17327 W CameraMetadataJV: Expect face scores and rectangles to be non-null
03-17 15:00:16.228 16476 17327 W CameraMetadataJV: Expect face scores and rectangles to be non-null
03-17 15:00:16.228 16476 17327 W CameraMetadataJV: Expect face scores and rectangles to be non-null
03-17 15:00:16.228 16476 17327 W CameraMetadataJV: Expect face scores and rectangles to be non-null
03-17 15:00:16.228 16476 17327 W CameraMetadataJV: Expect face scores and rectangles to be non-null
03-17 15:00:16.228 16476 17327 W CameraMetadataJV: Expect face scores and rectangles to be non-null
03-17 15:00:16.229 16476 17327 W JankMonitorFacade: PHOTO > rel Δ(result sensor timestamp) = 1.00 > 0.25
03-17 15:00:16.230 16476 17327 W JankMonitorFacade: PHOTO > result sensor delay = 2.00 > 1.10
03-17 15:00:16.266 16476 16649 E OisListener: Null pointer for OIS data. OIS API version: 2
03-17 15:00:16.266 16476 17327 W CameraMetadataJV: Expect face scores and rectangles to be non-null
03-17 15:00:16.267 16476 16650 W CameraMetadataJV: Expect face scores and rectangles to be non-null
03-17 15:00:16.268 16476 17327 W CameraMetadataJV: Expect face scores and rectangles to be non-null
03-17 15:00:16.268 16476 17327 W CameraMetadataJV: Expect face scores and rectangles to be non-null
03-17 15:00:16.268 16476 17327 W CameraMetadataJV: Expect face scores and rectangles to be non-null
03-17 15:00:16.268 16476 17327 W CameraMetadataJV: Expect face scores and rectangles to be non-null
03-17 15:00:16.268 16476 17327 W CameraMetadataJV: Expect face scores and rectangles to be non-null
03-17 15:00:16.268 16476 17327 W CameraMetadataJV: Expect face scores and rectangles to be non-null
03-17 15:00:16.269 16476 17327 W JankMonitorFacade: PHOTO > rel Δ(result sensor timestamp) = 0.50 > 0.25
03-17 15:00:16.325 16476 16649 E OisListener: Null pointer for OIS data. OIS API version: 2
03-17 15:00:16.325 16476 17327 W CameraMetadataJV: Expect face scores and rectangles to be non-null
03-17 15:00:16.325 16476 16650 W CameraMetadataJV: Expect face scores and rectangles to be non-null
03-17 15:00:16.325 16476 17327 W CameraMetadataJV: Expect face scores and rectangles to be non-null
03-17 15:00:16.325 16476 17327 W CameraMetadataJV: Expect face scores and rectangles to be non-null
03-17 15:00:16.326 16476 17327 W CameraMetadataJV: Expect face scores and rectangles to be non-null
03-17 15:00:16.326 16476 17327 W CameraMetadataJV: Expect face scores and rectangles to be non-null
03-17 15:00:16.326 16476 17327 W CameraMetadataJV: Expect face scores and rectangles to be non-null
03-17 15:00:16.326 16476 17327 W CameraMetadataJV: Expect face scores and rectangles to be non-null
03-17 15:00:16.326 16476 17327 W JankMonitorFacade: PHOTO > rel Δ(result sensor timestamp) = 1.00 > 0.25
03-17 15:00:16.327 16476 17327 W JankMonitorFacade: PHOTO > result sensor delay = 2.00 > 1.10
03-17 15:00:16.372 16476 16649 E OisListener: Null pointer for OIS data. OIS API version: 2
03-17 15:00:16.372 16476 17327 W CameraMetadataJV: Expect face scores and rectangles to be non-null
03-17 15:00:16.372 16476 16650 W CameraMetadataJV: Expect face scores and rectangles to be non-null
03-17 15:00:16.373 16476 17327 W CameraMetadataJV: Expect face scores and rectangles to be non-null
03-17 15:00:16.373 16476 17327 W CameraMetadataJV: Expect face scores and rectangles to be non-null
03-17 15:00:16.373 16476 17327 W CameraMetadataJV: Expect face scores and rectangles to be non-null
03-17 15:00:16.373 16476 17327 W CameraMetadataJV: Expect face scores and rectangles to be non-null
03-17 15:00:16.373 16476 17327 W CameraMetadataJV: Expect face scores and rectangles to be non-null
03-17 15:00:16.373 16476 17327 W CameraMetadataJV: Expect face scores and rectangles to be non-null
03-17 15:00:16.377 16476 17327 W JankMonitorFacade: PHOTO > rel Δ(result sensor timestamp) = 0.50 > 0.25
03-17 15:00:16.399 16476 16649 E OisListener: Null pointer for OIS data. OIS API version: 2
03-17 15:00:16.399 16476 17327 W CameraMetadataJV: Expect face scores and rectangles to be non-null
03-17 15:00:16.399 16476 16650 W CameraMetadataJV: Expect face scores and rectangles to be non-null
03-17 15:00:16.400 16476 17327 W CameraMetadataJV: Expect face scores and rectangles to be non-null
03-17 15:00:16.400 16476 17327 W CameraMetadataJV: Expect face scores and rectangles to be non-null
03-17 15:00:16.400 16476 17327 W CameraMetadataJV: Expect face scores and rectangles to be non-null
03-17 15:00:16.400 16476 17327 W CameraMetadataJV: Expect face scores and rectangles to be non-null
03-17 15:00:16.400 16476 17327 W CameraMetadataJV: Expect face scores and rectangles to be non-null
03-17 15:00:16.401 16476 17327 W CameraMetadataJV: Expect face scores and rectangles to be non-null
03-17 15:00:16.402 16476 16536 W CameraMetadataJV: Expect face scores and rectangles to be non-null
03-17 15:00:16.468 16476 16649 E OisListener: Null pointer for OIS data. OIS API version: 2
03-17 15:00:16.468 16476 16650 W CameraMetadataJV: Expect face scores and rectangles to be non-null
03-17 15:00:16.471 16476 17327 W CameraMetadataJV: Expect face scores and rectangles to be non-null
03-17 15:00:16.475 16476 17327 W CameraMetadataJV: Expect face scores and rectangles to be non-null
03-17 15:00:16.475 16476 17327 W CameraMetadataJV: Expect face scores and rectangles to be non-null
03-17 15:00:16.475 16476 17327 W CameraMetadataJV: Expect face scores and rectangles to be non-null
03-17 15:00:16.475 16476 17327 W CameraMetadataJV: Expect face scores and rectangles to be non-null
03-17 15:00:16.476 16476 17327 W CameraMetadataJV: Expect face scores and rectangles to be non-null
03-17 15:00:16.476 16476 17327 W CameraMetadataJV: Expect face scores and rectangles to be non-null
03-17 15:00:16.477 16476 17327 W JankMonitorFacade: PHOTO > rel Δ(result sensor timestamp) = 1.00 > 0.25
03-17 15:00:16.478 16476 17327 W JankMonitorFacade: PHOTO > result sensor delay = 2.00 > 1.10
03-17 15:00:16.504 16476 16649 E OisListener: Null pointer for OIS data. OIS API version: 2
03-17 15:00:16.504 16476 17327 W CameraMetadataJV: Expect face scores and rectangles to be non-null
03-17 15:00:16.504 16476 16650 W CameraMetadataJV: Expect face scores and rectangles to be non-null
03-17 15:00:16.505 16476 17327 W CameraMetadataJV: Expect face scores and rectangles to be non-null
03-17 15:00:16.505 16476 17327 W CameraMetadataJV: Expect face scores and rectangles to be non-null
03-17 15:00:16.505 16476 17327 W CameraMetadataJV: Expect face scores and rectangles to be non-null
03-17 15:00:16.505 16476 17327 W CameraMetadataJV: Expect face scores and rectangles to be non-null
03-17 15:00:16.505 16476 17327 W CameraMetadataJV: Expect face scores and rectangles to be non-null
03-17 15:00:16.505 16476 17327 W CameraMetadataJV: Expect face scores and rectangles to be non-null
03-17 15:00:16.506 16476 17327 W JankMonitorFacade: PHOTO > rel Δ(result sensor timestamp) = 0.50 > 0.25
03-17 15:00:16.564 16476 16649 E OisListener: Null pointer for OIS data. OIS API version: 2
03-17 15:00:16.564 16476 17327 W CameraMetadataJV: Expect face scores and rectangles to be non-null
03-17 15:00:16.564 16476 16650 W CameraMetadataJV: Expect face scores and rectangles to be non-null
03-17 15:00:16.565 16476 17327 W CameraMetadataJV: Expect face scores and rectangles to be non-null
03-17 15:00:16.565 16476 17327 W CameraMetadataJV: Expect face scores and rectangles to be non-null
03-17 15:00:16.566 16476 17327 W CameraMetadataJV: Expect face scores and rectangles to be non-null
03-17 15:00:16.566 16476 17327 W CameraMetadataJV: Expect face scores and rectangles to be non-null
03-17 15:00:16.566 16476 17327 W CameraMetadataJV: Expect face scores and rectangles to be non-null
03-17 15:00:16.566 16476 17327 W CameraMetadataJV: Expect face scores and rectangles to be non-null
03-17 15:00:16.567 16476 17327 W JankMonitorFacade: PHOTO > rel Δ(result sensor timestamp) = 1.00 > 0.25
03-17 15:00:16.568 16476 17327 W JankMonitorFacade: PHOTO > result sensor delay = 2.00 > 1.10
03-17 15:00:16.600 16476 17327 W CameraMetadataJV: Expect face scores and rectangles to be non-null
03-17 15:00:16.601 16476 17327 W CameraMetadataJV: Expect face scores and rectangles to be non-null
03-17 15:00:16.601 16476 17327 W CameraMetadataJV: Expect face scores and rectangles to be non-null
03-17 15:00:16.601 16476 17327 W CameraMetadataJV: Expect face scores and rectangles to be non-null
03-17 15:00:16.601 16476 17327 W CameraMetadataJV: Expect face scores and rectangles to be non-null
03-17 15:00:16.602 16476 17327 W CameraMetadataJV: Expect face scores and rectangles to be non-null
03-17 15:00:16.602 16476 17327 W CameraMetadataJV: Expect face scores and rectangles to be non-null
03-17 15:00:16.602 16476 16649 E OisListener: Null pointer for OIS data. OIS API version: 2
03-17 15:00:16.603 16476 17327 W JankMonitorFacade: PHOTO > rel Δ(result sensor timestamp) = 0.50 > 0.25
03-17 15:00:16.603 16476 16650 W CameraMetadataJV: Expect face scores and rectangles to be non-null
03-17 15:00:16.632 16476 17327 W CameraMetadataJV: Expect face scores and rectangles to be non-null
03-17 15:00:16.632 16476 16649 E OisListener: Null pointer for OIS data. OIS API version: 2
03-17 15:00:16.633 16476 17327 W CameraMetadataJV: Expect face scores and rectangles to be non-null
03-17 15:00:16.633 16476 17327 W CameraMetadataJV: Expect face scores and rectangles to be non-null
03-17 15:00:16.634 16476 17327 W CameraMetadataJV: Expect face scores and rectangles to be non-null
03-17 15:00:16.634 16476 17327 W CameraMetadataJV: Expect face scores and rectangles to be non-null
03-17 15:00:16.634 16476 17327 W CameraMetadataJV: Expect face scores and rectangles to be non-null
03-17 15:00:16.635 16476 17327 W CameraMetadataJV: Expect face scores and rectangles to be non-null
03-17 15:00:16.636 16476 16650 W CameraMetadataJV: Expect face scores and rectangles to be non-null
03-17 15:00:16.662 16476 16476 I ViewRootImpl@d6d2f93[CameraActivity]: ViewPostIme pointer 0
03-17 15:00:16.665 16476 16476 I GestureDetector: obtain mCurrentDownEvent. id: 288191715 caller: idj.onTouch:2 android.view.View.dispatchTouchEvent:15540 com.google.android.apps.camera.bottombar.RoundedThumbnailView.dispatchTouchEvent:24
03-17 15:00:16.682 16476 16476 I GestureDetector: obtain mCurrentMotionEventRaw. action: 2 id: 754148669
03-17 15:00:16.691 16476 16649 E OisListener: Null pointer for OIS data. OIS API version: 2
03-17 15:00:16.691 16476 17327 W CameraMetadataJV: Expect face scores and rectangles to be non-null
03-17 15:00:16.691 16476 16650 W CameraMetadataJV: Expect face scores and rectangles to be non-null
03-17 15:00:16.692 16476 17327 W CameraMetadataJV: Expect face scores and rectangles to be non-null
03-17 15:00:16.692 16476 17327 W CameraMetadataJV: Expect face scores and rectangles to be non-null
03-17 15:00:16.692 16476 17327 W CameraMetadataJV: Expect face scores and rectangles to be non-null
03-17 15:00:16.692 16476 17327 W CameraMetadataJV: Expect face scores and rectangles to be non-null
03-17 15:00:16.693 16476 17327 W CameraMetadataJV: Expect face scores and rectangles to be non-null
03-17 15:00:16.693 16476 17327 W CameraMetadataJV: Expect face scores and rectangles to be non-null
03-17 15:00:16.699 16476 17327 W JankMonitorFacade: PHOTO > rel Δ(result sensor timestamp) = 1.00 > 0.25
03-17 15:00:16.699 16476 17327 W JankMonitorFacade: PHOTO > result sensor delay = 2.00 > 1.10
03-17 15:00:16.700 16476 16535 W CameraMetadataJV: Expect face scores and rectangles to be non-null
03-17 15:00:16.719 16476 16649 E OisListener: Null pointer for OIS data. OIS API version: 2
03-17 15:00:16.719 16476 17327 W CameraMetadataJV: Expect face scores and rectangles to be non-null
03-17 15:00:16.720 16476 16650 W CameraMetadataJV: Expect face scores and rectangles to be non-null
03-17 15:00:16.720 16476 17327 W CameraMetadataJV: Expect face scores and rectangles to be non-null
03-17 15:00:16.720 16476 17327 W CameraMetadataJV: Expect face scores and rectangles to be non-null
03-17 15:00:16.720 16476 17327 W CameraMetadataJV: Expect face scores and rectangles to be non-null
03-17 15:00:16.720 16476 17327 W CameraMetadataJV: Expect face scores and rectangles to be non-null
03-17 15:00:16.720 16476 17327 W CameraMetadataJV: Expect face scores and rectangles to be non-null
03-17 15:00:16.721 16476 16476 I ViewRootImpl@d6d2f93[CameraActivity]: ViewPostIme pointer 1
03-17 15:00:16.721 16476 17327 W CameraMetadataJV: Expect face scores and rectangles to be non-null
03-17 15:00:16.721 16476 17327 W JankMonitorFacade: PHOTO > rel Δ(result sensor timestamp) = 0.50 > 0.25
03-17 15:00:16.752 16476 17724 W libgcam : [raw_finish.cc:561]: FinishRaw: wb.gains[0] (0.018027) was less than unity.
03-17 15:00:16.752 16476 17724 W libgcam : [raw_finish.cc:572]: FinishRaw: Net gain for channel 0 (0.222076) is less than the minimum (1.000000) to preserve clipped highlights (safe underexposure 1.000000).
03-17 15:00:16.752 16476 17724 W libgcam : [raw_finish.cc:561]: FinishRaw: wb.gains[1] (0.010000) was less than unity.
03-17 15:00:16.752 16476 17724 W libgcam : [raw_finish.cc:572]: FinishRaw: Net gain for channel 1 (0.123188) is less than the minimum (1.000000) to preserve clipped highlights (safe underexposure 1.000000).
03-17 15:00:16.753 16476 17724 W libgcam : [raw_finish.cc:561]: FinishRaw: wb.gains[2] (0.010000) was less than unity.
03-17 15:00:16.753 16476 17724 W libgcam : [raw_finish.cc:572]: FinishRaw: Net gain for channel 2 (0.123188) is less than the minimum (1.000000) to preserve clipped highlights (safe underexposure 1.000000).
03-17 15:00:16.753 16476 17724 W libgcam : [raw_finish.cc:561]: FinishRaw: wb.gains[3] (0.016787) was less than unity.
03-17 15:00:16.753 16476 17724 W libgcam : [raw_finish.cc:572]: FinishRaw: Net gain for channel 3 (0.206798) is less than the minimum (1.000000) to preserve clipped highlights (safe underexposure 1.000000).
03-17 15:00:16.791 16476 17327 W CameraMetadataJV: Expect face scores and rectangles to be non-null
03-17 15:00:16.792 16476 16649 E OisListener: Null pointer for OIS data. OIS API version: 2
03-17 15:00:16.792 16476 16650 W CameraMetadataJV: Expect face scores and rectangles to be non-null
03-17 15:00:16.795 16476 17327 W CameraMetadataJV: Expect face scores and rectangles to be non-null
03-17 15:00:16.795 16476 17327 W CameraMetadataJV: Expect face scores and rectangles to be non-null
03-17 15:00:16.795 16476 17327 W CameraMetadataJV: Expect face scores and rectangles to be non-null
03-17 15:00:16.796 16476 17327 W CameraMetadataJV: Expect face scores and rectangles to be non-null
03-17 15:00:16.796 16476 17327 W CameraMetadataJV: Expect face scores and rectangles to be non-null
03-17 15:00:16.796 16476 17327 W CameraMetadataJV: Expect face scores and rectangles to be non-null
03-17 15:00:16.797 16476 17327 W JankMonitorFacade: PHOTO > rel Δ(result sensor timestamp) = 1.00 > 0.25
03-17 15:00:16.797 16476 17327 W JankMonitorFacade: PHOTO > result sensor delay = 2.00 > 1.10
03-17 15:00:16.841 16476 16649 E OisListener: Null pointer for OIS data. OIS API version: 2
03-17 15:00:16.841 16476 17327 W CameraMetadataJV: Expect face scores and rectangles to be non-null
03-17 15:00:16.841 16476 16650 W CameraMetadataJV: Expect face scores and rectangles to be non-null
03-17 15:00:16.842 16476 17327 W CameraMetadataJV: Expect face scores and rectangles to be non-null
03-17 15:00:16.842 16476 17327 W CameraMetadataJV: Expect face scores and rectangles to be non-null
03-17 15:00:16.842 16476 17327 W CameraMetadataJV: Expect face scores and rectangles to be non-null
03-17 15:00:16.842 16476 17327 W CameraMetadataJV: Expect face scores and rectangles to be non-null
03-17 15:00:16.842 16476 17327 W CameraMetadataJV: Expect face scores and rectangles to be non-null
03-17 15:00:16.842 16476 17327 W CameraMetadataJV: Expect face scores and rectangles to be non-null
03-17 15:00:16.843 16476 17327 W JankMonitorFacade: PHOTO > rel Δ(result sensor timestamp) = 0.50 > 0.25
03-17 15:00:16.875 16476 17327 W CameraMetadataJV: Expect face scores and rectangles to be non-null
03-17 15:00:16.876 16476 16649 E OisListener: Null pointer for OIS data. OIS API version: 2
03-17 15:00:16.876 16476 16650 W CameraMetadataJV: Expect face scores and rectangles to be non-null
03-17 15:00:16.876 16476 17327 W CameraMetadataJV: Expect face scores and rectangles to be non-null
03-17 15:00:16.877 16476 17327 W CameraMetadataJV: Expect face scores and rectangles to be non-null
03-17 15:00:16.877 16476 17327 W CameraMetadataJV: Expect face scores and rectangles to be non-null
03-17 15:00:16.877 16476 17327 W CameraMetadataJV: Expect face scores and rectangles to be non-null
03-17 15:00:16.877 16476 17327 W CameraMetadataJV: Expect face scores and rectangles to be non-null
03-17 15:00:16.877 16476 17327 W CameraMetadataJV: Expect face scores and rectangles to be non-null
03-17 15:00:16.911 16476 17327 W CameraMetadataJV: Expect face scores and rectangles to be non-null
03-17 15:00:16.911 16476 17327 W CameraMetadataJV: Expect face scores and rectangles to be non-null
03-17 15:00:16.911 16476 17327 W CameraMetadataJV: Expect face scores and rectangles to be non-null
03-17 15:00:16.911 16476 17327 W CameraMetadataJV: Expect face scores and rectangles to be non-null
03-17 15:00:16.911 16476 17327 W CameraMetadataJV: Expect face scores and rectangles to be non-null
03-17 15:00:16.911 16476 17327 W CameraMetadataJV: Expect face scores and rectangles to be non-null
03-17 15:00:16.911 16476 17327 W CameraMetadataJV: Expect face scores and rectangles to be non-null
03-17 15:00:16.911 16476 16649 E OisListener: Null pointer for OIS data. OIS API version: 2
03-17 15:00:16.912 16476 16650 W CameraMetadataJV: Expect face scores and rectangles to be non-null
03-17 15:00:16.941 16476 17327 W CameraMetadataJV: Expect face scores and rectangles to be non-null
03-17 15:00:16.942 16476 17327 W CameraMetadataJV: Expect face scores and rectangles to be non-null
03-17 15:00:16.942 16476 17327 W CameraMetadataJV: Expect face scores and rectangles to be non-null
03-17 15:00:16.942 16476 17327 W CameraMetadataJV: Expect face scores and rectangles to be non-null
03-17 15:00:16.942 16476 17327 W CameraMetadataJV: Expect face scores and rectangles to be non-null
03-17 15:00:16.942 16476 17327 W CameraMetadataJV: Expect face scores and rectangles to be non-null
03-17 15:00:16.942 16476 17327 W CameraMetadataJV: Expect face scores and rectangles to be non-null
03-17 15:00:16.942 16476 16649 E OisListener: Null pointer for OIS data. OIS API version: 2
03-17 15:00:16.943 16476 16537 W CameraMetadataJV: Expect face scores and rectangles to be non-null
03-17 15:00:16.944 16476 16650 W CameraMetadataJV: Expect face scores and rectangles to be non-null
03-17 15:00:16.964 16476 16476 I GestureDetector: handleMessage TAP
03-17 15:00:17.007 16476 16649 E OisListener: Null pointer for OIS data. OIS API version: 2
03-17 15:00:17.008 16476 17327 W CameraMetadataJV: Expect face scores and rectangles to be non-null
03-17 15:00:17.008 16476 16650 W CameraMetadataJV: Expect face scores and rectangles to be non-null
03-17 15:00:17.011 16476 17327 W CameraMetadataJV: Expect face scores and rectangles to be non-null
03-17 15:00:17.011 16476 17327 W CameraMetadataJV: Expect face scores and rectangles to be non-null
03-17 15:00:17.011 16476 17327 W CameraMetadataJV: Expect face scores and rectangles to be non-null
03-17 15:00:17.011 16476 17327 W CameraMetadataJV: Expect face scores and rectangles to be non-null
03-17 15:00:17.011 16476 17327 W CameraMetadataJV: Expect face scores and rectangles to be non-null
03-17 15:00:17.011 16476 17327 W CameraMetadataJV: Expect face scores and rectangles to be non-null
03-17 15:00:17.012 16476 17327 W JankMonitorFacade: PHOTO > rel Δ(result sensor timestamp) = 1.00 > 0.25
03-17 15:00:17.013 16476 17327 W JankMonitorFacade: PHOTO > result sensor delay = 2.00 > 1.10
03-17 15:00:17.049 16476 16649 E OisListener: Null pointer for OIS data. OIS API version: 2
03-17 15:00:17.049 16476 17327 W CameraMetadataJV: Expect face scores and rectangles to be non-null
03-17 15:00:17.049 16476 16650 W CameraMetadataJV: Expect face scores and rectangles to be non-null
03-17 15:00:17.050 16476 17327 W CameraMetadataJV: Expect face scores and rectangles to be non-null
03-17 15:00:17.050 16476 17327 W CameraMetadataJV: Expect face scores and rectangles to be non-null
03-17 15:00:17.050 16476 17327 W CameraMetadataJV: Expect face scores and rectangles to be non-null
03-17 15:00:17.050 16476 17327 W CameraMetadataJV: Expect face scores and rectangles to be non-null
03-17 15:00:17.050 16476 17327 W CameraMetadataJV: Expect face scores and rectangles to be non-null
03-17 15:00:17.050 16476 17327 W CameraMetadataJV: Expect face scores and rectangles to be non-null
03-17 15:00:17.051 16476 17327 W JankMonitorFacade: PHOTO > result sensor delay = 2.00 > 1.10
03-17 15:00:17.089 16476 16649 E OisListener: Null pointer for OIS data. OIS API version: 2
03-17 15:00:17.089 16476 17327 W CameraMetadataJV: Expect face scores and rectangles to be non-null
03-17 15:00:17.089 16476 16650 W CameraMetadataJV: Expect face scores and rectangles to be non-null
03-17 15:00:17.090 16476 17327 W CameraMetadataJV: Expect face scores and rectangles to be non-null
03-17 15:00:17.090 16476 17327 W CameraMetadataJV: Expect face scores and rectangles to be non-null
03-17 15:00:17.090 16476 17327 W CameraMetadataJV: Expect face scores and rectangles to be non-null
03-17 15:00:17.090 16476 17327 W CameraMetadataJV: Expect face scores and rectangles to be non-null
03-17 15:00:17.090 16476 17327 W CameraMetadataJV: Expect face scores and rectangles to be non-null
03-17 15:00:17.090 16476 17327 W CameraMetadataJV: Expect face scores and rectangles to be non-null
03-17 15:00:17.091 16476 17327 W JankMonitorFacade: PHOTO > rel Δ(result sensor timestamp) = 0.50 > 0.25
03-17 15:00:17.122 16476 16649 E OisListener: Null pointer for OIS data. OIS API version: 2
03-17 15:00:17.122 16476 17327 W CameraMetadataJV: Expect face scores and rectangles to be non-null
03-17 15:00:17.122 16476 16650 W CameraMetadataJV: Expect face scores and rectangles to be non-null
03-17 15:00:17.124 16476 17327 W CameraMetadataJV: Expect face scores and rectangles to be non-null
03-17 15:00:17.124 16476 17327 W CameraMetadataJV: Expect face scores and rectangles to be non-null
03-17 15:00:17.124 16476 17327 W CameraMetadataJV: Expect face scores and rectangles to be non-null
03-17 15:00:17.124 16476 17327 W CameraMetadataJV: Expect face scores and rectangles to be non-null
03-17 15:00:17.124 16476 17327 W CameraMetadataJV: Expect face scores and rectangles to be non-null
03-17 15:00:17.124 16476 17327 W CameraMetadataJV: Expect face scores and rectangles to be non-null
03-17 15:00:17.155 16476 16649 E OisListener: Null pointer for OIS data. OIS API version: 2
03-17 15:00:17.155 16476 17327 W CameraMetadataJV: Expect face scores and rectangles to be non-null
03-17 15:00:17.155 16476 17327 W CameraMetadataJV: Expect face scores and rectangles to be non-null
03-17 15:00:17.155 16476 17327 W CameraMetadataJV: Expect face scores and rectangles to be non-null
03-17 15:00:17.155 16476 16650 W CameraMetadataJV: Expect face scores and rectangles to be non-null
03-17 15:00:17.155 16476 17327 W CameraMetadataJV: Expect face scores and rectangles to be non-null
03-17 15:00:17.155 16476 17327 W CameraMetadataJV: Expect face scores and rectangles to be non-null
03-17 15:00:17.156 16476 17327 W CameraMetadataJV: Expect face scores and rectangles to be non-null
03-17 15:00:17.156 16476 17327 W CameraMetadataJV: Expect face scores and rectangles to be non-null
03-17 15:00:17.182 16476 16528 E libgcam : [pipeline_manager.cc:927]: LimitShotCpuUsage: In flight shot with id 0 not found!
03-17 15:00:17.221 16476 17327 W CameraMetadataJV: Expect face scores and rectangles to be non-null
03-17 15:00:17.221 16476 17327 W CameraMetadataJV: Expect face scores and rectangles to be non-null
03-17 15:00:17.221 16476 17327 W CameraMetadataJV: Expect face scores and rectangles to be non-null
03-17 15:00:17.221 16476 17327 W CameraMetadataJV: Expect face scores and rectangles to be non-null
03-17 15:00:17.221 16476 17327 W CameraMetadataJV: Expect face scores and rectangles to be non-null
03-17 15:00:17.221 16476 17327 W CameraMetadataJV: Expect face scores and rectangles to be non-null
03-17 15:00:17.221 16476 17327 W CameraMetadataJV: Expect face scores and rectangles to be non-null
03-17 15:00:17.222 16476 16649 E OisListener: Null pointer for OIS data. OIS API version: 2
03-17 15:00:17.222 16476 17327 W JankMonitorFacade: PHOTO > rel Δ(result sensor timestamp) = 1.00 > 0.25
03-17 15:00:17.222 16476 16650 W CameraMetadataJV: Expect face scores and rectangles to be non-null
03-17 15:00:17.222 16476 17327 W JankMonitorFacade: PHOTO > result sensor delay = 2.00 > 1.10
03-17 15:00:17.224 16476 16530 W CameraMetadataJV: Expect face scores and rectangles to be non-null
03-17 15:00:17.260 16476 16476 W CAM_CameraActivity: Disconnecting the camera device because filmstrip was launched.
03-17 15:00:17.264 16476 16476 I DecorView: notifyKeepScreenOnChanged: keepScreenOn=false
03-17 15:00:17.268 16476 16476 I ViewRootImpl@d6d2f93[CameraActivity]: MSG_WINDOW_FOCUS_CHANGED 0 0
03-17 15:00:17.273 16476 16476 I DecorView: notifyKeepScreenOnChanged: keepScreenOn=false
03-17 15:00:17.280 16476 16529 E PhenotypeFlagCommitter: Retrieving snapshot for com.google.android.apps.camera#com.samsung.android.scan3d failed
03-17 15:00:17.280 16476 16529 E PhenotypeFlagCommitter: java.util.concurrent.ExecutionException: java.lang.SecurityException: GoogleCertificatesRslt: not allowed: pkg=com.samsung.android.scan3d, sha256=[144e0735b48b4b395e820d53e9a49aa6d308645d42cc69a030aaf8528c51f1ef], atk=false, ver=230914044.true (go/gsrlt)
03-17 15:00:17.280 16476 16529 E PhenotypeFlagCommitter: at lbu.a(Unknown Source:31)
03-17 15:00:17.280 16476 16529 E PhenotypeFlagCommitter: at lbu.a(Unknown Source:57)
03-17 15:00:17.280 16476 16529 E PhenotypeFlagCommitter: at lab.a(Unknown Source:23)
03-17 15:00:17.280 16476 16529 E PhenotypeFlagCommitter: at lab.a(Unknown Source:35)
03-17 15:00:17.280 16476 16529 E PhenotypeFlagCommitter: at gon.c(Unknown Source:41)
03-17 15:00:17.280 16476 16529 E PhenotypeFlagCommitter: at dxk.run(Unknown Source:11)
03-17 15:00:17.280 16476 16529 E PhenotypeFlagCommitter: at lis.run(Unknown Source:2)
03-17 15:00:17.280 16476 16529 E PhenotypeFlagCommitter: at java.util.concurrent.Executors$RunnableAdapter.call(Executors.java:463)
03-17 15:00:17.280 16476 16529 E PhenotypeFlagCommitter: at oye.b(Unknown Source:2)
03-17 15:00:17.280 16476 16529 E PhenotypeFlagCommitter: at oxi.run(Unknown Source:22)
03-17 15:00:17.280 16476 16529 E PhenotypeFlagCommitter: at oyf.run(Unknown Source:4)
03-17 15:00:17.280 16476 16529 E PhenotypeFlagCommitter: at java.util.concurrent.Executors$RunnableAdapter.call(Executors.java:463)
03-17 15:00:17.280 16476 16529 E PhenotypeFlagCommitter: at java.util.concurrent.FutureTask.run(FutureTask.java:264)
03-17 15:00:17.280 16476 16529 E PhenotypeFlagCommitter: at java.util.concurrent.ScheduledThreadPoolExecutor$ScheduledFutureTask.run(ScheduledT hreadPoolExecutor.java:307)
03-17 15:00:17.280 16476 16529 E PhenotypeFlagCommitter: at ljd.run(Unknown Source:2)
03-17 15:00:17.280 16476 16529 E PhenotypeFlagCommitter: at ljc.run(Unknown Source:0)
03-17 15:00:17.280 16476 16529 E PhenotypeFlagCommitter: at java.util.concurrent.ThreadPoolExecutor.runWorker(ThreadPoolExecutor.java:1137)
03-17 15:00:17.280 16476 16529 E PhenotypeFlagCommitter: at java.util.concurrent.ThreadPoolExecutor$Worker.run(ThreadPoolExecutor.java:637)
03-17 15:00:17.280 16476 16529 E PhenotypeFlagCommitter: at java.lang.Thread.run(Thread.java:1012)
03-17 15:00:17.280 16476 16529 E PhenotypeFlagCommitter: at lhu.run(Unknown Source:5)
03-17 15:00:17.280 16476 16529 E PhenotypeFlagCommitter: Caused by: java.lang.SecurityException: GoogleCertificatesRslt: not allowed: pkg=com.samsung.android.scan3d, sha256=[144e0735b48b4b395e820d53e9a49aa6d308645d42cc69a030aaf8528c51f1ef], atk=false, ver=230914044.true (go/gsrlt)
03-17 15:00:17.280 16476 16529 E PhenotypeFlagCommitter: at android.os.Parcel.createExceptionOrNull(Parcel.java:3023)
03-17 15:00:17.280 16476 16529 E PhenotypeFlagCommitter: at android.os.Parcel.createException(Parcel.java:3007)
03-17 15:00:17.280 16476 16529 E PhenotypeFlagCommitter: at android.os.Parcel.readException(Parcel.java:2990)
03-17 15:00:17.280 16476 16529 E PhenotypeFlagCommitter: at android.os.Parcel.readException(Parcel.java:2932)
03-17 15:00:17.280 16476 16529 E PhenotypeFlagCommitter: at azi.b(Unknown Source:10)
03-17 15:00:17.280 16476 16529 E PhenotypeFlagCommitter: at kzz.a(Unknown Source:38)
03-17 15:00:17.280 16476 16529 E PhenotypeFlagCommitter: at krj.a(Unknown Source:4)
03-17 15:00:17.280 16476 16529 E PhenotypeFlagCommitter: at kpf.c(Unknown Source:6)
03-17 15:00:17.280 16476 16529 E PhenotypeFlagCommitter: at kqd.c(Unknown Source:9)
03-17 15:00:17.280 16476 16529 E PhenotypeFlagCommitter: at kqd.b(Unknown Source:22)
03-17 15:00:17.280 16476 16529 E PhenotypeFlagCommitter: at kqd.a(Unknown Source:17)
03-17 15:00:17.280 16476 16529 E PhenotypeFlagCommitter: at kqh.handleMessage(Unknown Source:776)
03-17 15:00:17.280 16476 16529 E PhenotypeFlagCommitter: at android.os.Handler.dispatchMessage(Handler.java:102)
03-17 15:00:17.280 16476 16529 E PhenotypeFlagCommitter: at kxo.a(Unknown Source:0)
03-17 15:00:17.280 16476 16529 E PhenotypeFlagCommitter: at kxo.dispatchMessage(Unknown Source:0)
03-17 15:00:17.280 16476 16529 E PhenotypeFlagCommitter: at android.os.Looper.loopOnce(Looper.java:226)
03-17 15:00:17.280 16476 16529 E PhenotypeFlagCommitter: at android.os.Looper.loop(Looper.java:313)
03-17 15:00:17.280 16476 16529 E PhenotypeFlagCommitter: at android.os.HandlerThread.run(HandlerThread.java:67)
03-17 15:00:17.280 16476 16476 I ViewRootImpl@d6d2f93[CameraActivity]: performTraversals params={(0,0)(fillxfill) sim={state=always_hidden adjust=pan} layoutInDisplayCutoutMode=shortEdges ty=BASE_APPLICATION fmt=TRANSLUCENT wanim=0x1030309 rotAnim=SEAMLESS sysuil=true
03-17 15:00:17.280 16476 16476 I ViewRootImpl@d6d2f93[CameraActivity]: fl=81810500
03-17 15:00:17.280 16476 16476 I ViewRootImpl@d6d2f93[CameraActivity]: pfl=12020040
03-17 15:00:17.280 16476 16476 I ViewRootImpl@d6d2f93[CameraActivity]: vsysui=705
03-17 15:00:17.280 16476 16476 I ViewRootImpl@d6d2f93[CameraActivity]: apr=LOW_PROFILE_BARS
03-17 15:00:17.280 16476 16476 I ViewRootImpl@d6d2f93[CameraActivity]: bhv=SHOW_TRANSIENT_BARS_BY_SWIPE
03-17 15:00:17.280 16476 16476 I ViewRootImpl@d6d2f93[CameraActivity]: fitSides= naviIconColor=0}
03-17 15:00:17.281 16476 16476 I ViewRootImpl@d6d2f93[CameraActivity]: performTraversals mFirst=false windowShouldResize=false viewVisibilityChanged=false mForceNextWindowRelayout=false params={(0,0)(fillxfill) sim={state=always_hidden adjust=pan} layoutInDisplayCutoutMode=shortEdges ty=BASE_APPLICATION fmt=TRANSLUCENT wanim=0x1030309 rotAnim=SEAMLESS sysuil=true
03-17 15:00:17.281 16476 16476 I ViewRootImpl@d6d2f93[CameraActivity]: fl=81810500
03-17 15:00:17.281 16476 16476 I ViewRootImpl@d6d2f93[CameraActivity]: pfl=12020040
03-17 15:00:17.281 16476 16476 I ViewRootImpl@d6d2f93[CameraActivity]: vsysui=705
03-17 15:00:17.281 16476 16476 I ViewRootImpl@d6d2f93[CameraActivity]: apr=LOW_PROFILE_BARS
03-17 15:00:17.281 16476 16476 I ViewRootImpl@d6d2f93[CameraActivity]: bhv=SHOW_TRANSIENT_BARS_BY_SWIPE
03-17 15:00:17.281 16476 16476 I ViewRootImpl@d6d2f93[CameraActivity]: fitSides= naviIconColor=0}
03-17 15:00:17.295 16476 16476 I ViewRootImpl@d6d2f93[CameraActivity]: updateBlastSurfaceIfNeeded mBlastBufferQueue=0x7084323410 isSameSurfaceControl=true
03-17 15:00:17.295 16476 16476 I BLASTBufferQueue: update, w= 1440 h= 3040 mName = ViewRootImpl@d6d2f93[CameraActivity] mNativeObject= 0x7084323410 sc.mNativeObject= 0x7014344e30 format= -3 caller= android.view.ViewRootImpl.updateBlastSurfaceIfNeeded:2898 android.view.ViewRootImpl.relayoutWindow:9847 android.view.ViewRootImpl.performTraversals:3884 android.view.ViewRootImpl.doTraversal:3116 android.view.ViewRootImpl$TraversalRunnable.run:10885 android.view.Choreographer$CallbackRecord.run:1301
03-17 15:00:17.296 16476 16476 I ViewRootImpl@d6d2f93[CameraActivity]: Relayout returned: old=(0,0,1440,3040) new=(0,0,1440,3040) req=(1440,3040)0 dur=14 res=0x0 s={true 0x71143a08b0} ch=false seqId=0
03-17 15:00:17.296 16476 16476 I ViewRootImpl@d6d2f93[CameraActivity]: updateBoundsLayer: t = android.view.SurfaceControl$Transaction@e6e3828 sc = Surface(name=Bounds for - com.samsung.android.scan3d/com.google.android.apps.camera.legacy.app.activity.main. CameraActivity@1)/@0xa264bee frame = 158
03-17 15:00:17.296 16476 16476 I ViewRootImpl@d6d2f93[CameraActivity]: mWNT: t=0x704430f4f0 mBlastBufferQueue=0x7084323410 fn= 158 caller= android.view.ViewRootImpl.prepareSurfaces:2985 android.view.ViewRootImpl.performTraversals:4233 android.view.ViewRootImpl.doTraversal:3116
03-17 15:00:17.351 16476 16536 W native : tracking_jni.cc:73 Unknown tracker
03-17 15:00:17.352 16476 16536 W native : tracking_jni.cc:258 Stop tracking: tracker cannot be null
03-17 15:00:17.362 16476 17649 E native : jni_environment.cc:95 Failed to detach current thread from the JVM. JavaVM::DetachCurrentThread returned: -1
03-17 15:00:17.374 16476 16582 I CameraManagerGlobal: Camera 0 facing CAMERA_FACING_BACK state now CAMERA_STATE_IDLE for client com.samsung.android.scan3d API Level 2
03-17 15:00:17.548 16476 16561 I CameraManagerGlobal: Camera 0 facing CAMERA_FACING_BACK state now CAMERA_STATE_CLOSED for client com.samsung.android.scan3d API Level 2
03-17 15:00:17.549 16476 16492 W .android.scan3d: Long monitor contention with owner Camera-Ex (16545) at void android.hardware.camera2.impl.CameraDeviceImpl.close()(CameraDeviceImpl.java:1463) waiters=0 in void android.hardware.camera2.impl.CameraDeviceImpl$CameraDeviceCallbacks.onResultReceiv ed(android.hardware.camera2.impl.CameraMetadataNative, android.hardware.camera2.impl.CaptureResultExtras, android.hardware.camera2.impl.PhysicalCaptureResultInfo[]) for 168ms
03-17 15:00:17.589 16476 17724 W CAM_RectifaceWarpfieldI: Ignored Rectiface warpfield re-initialization.
03-17 15:00:17.757 16476 16476 I ViewRootImpl@d6d2f93[CameraActivity]: handleAppVisibility mAppVisible = true visible = false
03-17 15:00:17.770 16476 16476 I SurfaceView@9202401: onWindowVisibilityChanged(8) false android.view.SurfaceView{9202401 V.E...... ........ 0,312-1440,2232} of ViewRootImpl@d6d2f93[CameraActivity]
