03-17 14:55:35.167 11717 11717 W .android.scan3d: Method void com.google.android.apps.camera.processing.ProcessingService.onDestroy() failed lock verification and will run slower.
03-17 14:55:35.167 11717 11717 W .android.scan3d: Common causes for lock verification issues are non-optimized dex code
03-17 14:55:35.167 11717 11717 W .android.scan3d: and incorrect proguard optimizations.
03-17 14:55:35.176 11717 11717 I ViewRootImpl@eb7977[CameraSettingsActivity]: handleAppVisibility mAppVisible = false visible = true
03-17 14:55:35.176 11717 11717 I ViewRootImpl@eb7977[CameraSettingsActivity]: stopped(false) old = true
03-17 14:55:35.176 11717 11717 I ViewRootImpl@eb7977[CameraSettingsActivity]: WindowStopped on com.samsung.android.scan3d/com.google.android.apps.camera.legacy.app.settings.Camer aSettingsActivity set to false
03-17 14:55:35.179 11717 11717 I MSHandlerLifeCycle: check: return. Multi-window not supported pkg=com.samsung.android.scan3d
03-17 14:55:35.179 11717 11717 I MSHandlerLifeCycle: removeMultiSplitHandler: no exist. decor=DecorView@cfd2a3e[CameraSettingsActivity]
03-17 14:55:35.179 11717 11717 I ViewRootImpl@eb7977[CameraSettingsActivity]: stopped(false) old = false
03-17 14:55:35.185 11717 11717 I MSHandlerLifeCycle: check: return. Multi-window not supported pkg=com.samsung.android.scan3d
03-17 14:55:35.185 11717 11717 I MSHandlerLifeCycle: removeMultiSplitHandler: no exist. decor=DecorView@cfd2a3e[CameraSettingsActivity]
03-17 14:55:35.188 11717 11717 I ViewRootImpl@eb7977[CameraSettingsActivity]: performTraversals mFirst=false windowShouldResize=false viewVisibilityChanged=true mForceNextWindowRelayout=false params={(0,0)(fillxfill) sim={adjust=resize} ty=BASE_APPLICATION wanim=0x1030309
03-17 14:55:35.188 11717 11717 I ViewRootImpl@eb7977[CameraSettingsActivity]: fl=81810500
03-17 14:55:35.188 11717 11717 I ViewRootImpl@eb7977[CameraSettingsActivity]: pfl=12020040
03-17 14:55:35.188 11717 11717 I ViewRootImpl@eb7977[CameraSettingsActivity]: bhv=SHOW_TRANSIENT_BARS_BY_SWIPE
03-17 14:55:35.188 11717 11717 I ViewRootImpl@eb7977[CameraSettingsActivity]: fitSides= naviIconColor=0}
03-17 14:55:35.196 11717 11717 I ViewRootImpl@eb7977[CameraSettingsActivity]: updateBlastSurfaceIfNeeded mBlastBufferQueue=null isSameSurfaceControl=false
03-17 14:55:35.196 11717 11717 I BLASTBufferQueue: new BLASTBufferQueue, mName= ViewRootImpl@eb7977[CameraSettingsActivity] mNativeObject= 0x708434a1f0 sc.mNativeObject= 0x7014376f20 caller= android.view.ViewRootImpl.updateBlastSurfaceIfNeeded:2909 android.view.ViewRootImpl.relayoutWindow:9847 android.view.ViewRootImpl.performTraversals:3884 android.view.ViewRootImpl.doTraversal:3116 android.view.ViewRootImpl$TraversalRunnable.run:10885 android.view.Choreographer$CallbackRecord.run:1301 android.view.Choreographer$CallbackRecord.run:1309 android.view.Choreographer.doCallbacks:923 android.view.Choreographer.doFrame:852 android.view.Choreographer$FrameDisplayEventReceiver.run:1283
03-17 14:55:35.197 11717 11717 I BLASTBufferQueue: update, w= 1440 h= 2901 mName = ViewRootImpl@eb7977[CameraSettingsActivity] mNativeObject= 0x708434a1f0 sc.mNativeObject= 0x7014376f20 format= -1 caller= android.graphics.BLASTBufferQueue.<init>:84 android.view.ViewRootImpl.updateBlastSurfaceIfNeeded:2909 android.view.ViewRootImpl.relayoutWindow:9847 android.view.ViewRootImpl.performTraversals:3884 android.view.ViewRootImpl.doTraversal:3116 android.view.ViewRootImpl$TraversalRunnable.run:10885
03-17 14:55:35.197 11717 11717 I ViewRootImpl@eb7977[CameraSettingsActivity]: Relayout returned: old=(0,139,1440,3040) new=(0,139,1440,3040) req=(1440,2901)0 dur=8 res=0x3 s={true 0x71143b3b40} ch=true seqId=0
03-17 14:55:35.197 11717 11717 I ViewRootImpl@eb7977[CameraSettingsActivity]: mThreadedRenderer.initialize() mSurface={isValid=true 0x71143b3b40} hwInitialized=true
03-17 14:55:35.198 11717 11717 I ViewRootImpl@eb7977[CameraSettingsActivity]: reportNextDraw android.view.ViewRootImpl.performTraversals:4438 android.view.ViewRootImpl.doTraversal:3116 android.view.ViewRootImpl$TraversalRunnable.run:10885 android.view.Choreographer$CallbackRecord.run:1301 android.view.Choreographer$CallbackRecord.run:1309
03-17 14:55:35.198 11717 11717 I ViewRootImpl@eb7977[CameraSettingsActivity]: Setup new sync id=1
03-17 14:55:35.198 11717 11717 I ViewRootImpl@eb7977[CameraSettingsActivity]: Setting syncFrameCallback
03-17 14:55:35.198 11717 11717 I ViewRootImpl@eb7977[CameraSettingsActivity]: registerCallbacksForSync syncBuffer=false
03-17 14:55:35.201 11717 11799 I ViewRootImpl@eb7977[CameraSettingsActivity]: Received frameDrawingCallback syncResult=0 frameNum=1.
03-17 14:55:35.201 11717 11799 I ViewRootImpl@eb7977[CameraSettingsActivity]: Setting up sync and frameCommitCallback
03-17 14:55:35.203 11717 11739 I BLASTBufferQueue: [ViewRootImpl@eb7977[CameraSettingsActivity]#5](f:0,a:0) onFrameAvailable the first frame is available
03-17 14:55:35.203 11717 11739 I ViewRootImpl@eb7977[CameraSettingsActivity]: Received frameCommittedCallback lastAttemptedDrawFrameNum=1 didProduceBuffer=true
03-17 14:55:35.204 11717 11717 I ViewRootImpl@eb7977[CameraSettingsActivity]: onSyncComplete
03-17 14:55:35.205 11717 11717 I ViewRootImpl@eb7977[CameraSettingsActivity]: setupSync seqId=0 mSyncId=1 fn=1 caller=android.view.ViewRootImpl$ $ExternalSyntheticLambda11.accept:6 android.window.SurfaceSyncer.lambda$setupSync$1$android-window-SurfaceSyncer:128 android.window.SurfaceSyncer$$ExternalSyntheticLambda1.accept:8 android.window.SurfaceSyncer$SyncSet.checkIfSyncIsComplete:382 android.window.SurfaceSyncer$SyncSet.markSyncReady:359 android.window.SurfaceSyncer.markSyncReady:151 android.view.ViewRootImpl.performTraversals:4503
03-17 14:55:35.205 11717 11717 I ViewRootImpl@eb7977[CameraSettingsActivity]: reportDrawFinished seqId=0 mSyncId=-1 fn=1 mSurfaceChangedTransaction=0x704431b790
03-17 14:55:35.205 11717 11717 I ViewRootImpl@982650f[CameraSettingsActivity]: MSG_WINDOW_FOCUS_CHANGED 0 0
03-17 14:55:35.272 11717 11717 I ViewRootImpl@eb7977[CameraSettingsActivity]: MSG_WINDOW_FOCUS_CHANGED 1 0
03-17 14:55:35.272 11717 11717 I ViewRootImpl@eb7977[CameraSettingsActivity]: mThreadedRenderer.initializeIfNeeded()#2 mSurface={isValid=true 0x71143b3b40}
03-17 14:55:35.274 11717 11717 I InputMethodManager: startInputInner - mService.startInputOrWindowGainedFocus
03-17 14:55:35.539 11717 11717 I ViewRootImpl@982650f[CameraSettingsActivity]: handleAppVisibility mAppVisible = true visible = false
03-17 14:55:35.557 11717 11717 I ViewRootImpl@982650f[CameraSettingsActivity]: performTraversals mFirst=false windowShouldResize=false viewVisibilityChanged=true mForceNextWindowRelayout=false params=null
03-17 14:55:35.563 11717 11717 I ViewRootImpl@982650f[CameraSettingsActivity]: Relayout returned: old=(0,139,1440,3040) new=(0,139,1440,3040) req=(1440,2901)8 dur=5 res=0x2 s={false 0x0} ch=true seqId=0
03-17 14:55:35.563 11717 11717 I ViewRootImpl@982650f[CameraSettingsActivity]: stopped(true) old = false
03-17 14:55:35.563 11717 11717 I ViewRootImpl@982650f[CameraSettingsActivity]: WindowStopped on com.samsung.android.scan3d/com.google.android.apps.camera.legacy.app.settings.Camer aSettingsActivity set to true
03-17 14:55:35.565 11717 11717 I MSHandlerLifeCycle: check: return. Multi-window not supported pkg=com.samsung.android.scan3d
03-17 14:55:35.565 11717 11717 I MSHandlerLifeCycle: removeMultiSplitHandler: no exist. decor=DecorView@f369a76[CameraSettingsActivity]
03-17 14:55:35.567 11717 11717 I MSHandlerLifeCycle: removeMultiSplitHandler: no exist. decor=DecorView@f369a76[CameraSettingsActivity]
03-17 14:55:35.567 11717 11717 I ViewRootImpl@982650f[CameraSettingsActivity]: dispatchDetachedFromWindow
03-17 14:55:35.752 11717 11717 I ViewRootImpl@eb7977[CameraSettingsActivity]: ViewPostIme pointer 0
03-17 14:55:35.827 11717 11717 I ViewRootImpl@eb7977[CameraSettingsActivity]: ViewPostIme pointer 1
03-17 14:55:35.920 11717 11717 I DecorView: [INFO] isPopOver=false config=true
03-17 14:55:35.920 11717 11717 I DecorView: updateCaptionType: isFloating=false isApplication=true hasWindowDecorCaption=false this=DecorView@a279fee[]
03-17 14:55:35.921 11717 11717 I DecorView: getCurrentDensityDpi: from real metrics. densityDpi=560 msg=resources_loaded
03-17 14:55:35.921 11717 11717 I DecorView: setWindowBackground: isPopOver=false color=ff202124 d=android.graphics.drawable.ColorDrawable@4eddb1c
03-17 14:55:35.985 11717 11717 I MSHandlerLifeCycle: check: return. pkg=com.samsung.android.scan3d parent=null callers=com.android.internal.policy.DecorView.setVisibility:4411 android.app.ActivityThread.handleResumeActivity:5476 android.app.servertransaction.ResumeActivityItem.execute:54 android.app.servertransaction.ActivityTransactionItem.execute:45 android.app.servertransaction.TransactionExecutor.executeLifecycleState:176
03-17 14:55:35.985 11717 11717 I MSHandlerLifeCycle: removeMultiSplitHandler: no exist. decor=DecorView@a279fee[]
03-17 14:55:35.988 11717 11717 I DecorView: onImmersiveModeChanged: isStatusBarHidden=true
03-17 14:55:35.995 11717 11717 I ViewRootImpl@723f827[CameraSettingsActivity]: setView = com.android.internal.policy.DecorView@a279fee TM=true
03-17 14:55:35.995 11717 11717 I MSHandlerLifeCycle: check: return. Multi-window not supported pkg=com.samsung.android.scan3d
03-17 14:55:35.995 11717 11717 I MSHandlerLifeCycle: removeMultiSplitHandler: no exist. decor=DecorView@a279fee[CameraSettingsActivity]
03-17 14:55:36.001 11717 11717 I ViewRootImpl@723f827[CameraSettingsActivity]: performTraversals params={(0,0)(fillxfill) sim={adjust=resize forwardNavigation} ty=BASE_APPLICATION wanim=0x1030309
03-17 14:55:36.001 11717 11717 I ViewRootImpl@723f827[CameraSettingsActivity]: fl=81810500
03-17 14:55:36.001 11717 11717 I ViewRootImpl@723f827[CameraSettingsActivity]: pfl=12020040
03-17 14:55:36.001 11717 11717 I ViewRootImpl@723f827[CameraSettingsActivity]: bhv=SHOW_TRANSIENT_BARS_BY_SWIPE
03-17 14:55:36.001 11717 11717 I ViewRootImpl@723f827[CameraSettingsActivity]: fitSides= naviIconColor=0}
03-17 14:55:36.002 11717 11717 I ViewRootImpl@723f827[CameraSettingsActivity]: performTraversals mFirst=true windowShouldResize=true viewVisibilityChanged=false mForceNextWindowRelayout=false params={(0,0)(fillxfill) sim={adjust=resize forwardNavigation} ty=BASE_APPLICATION wanim=0x1030309
03-17 14:55:36.002 11717 11717 I ViewRootImpl@723f827[CameraSettingsActivity]: fl=81810500
03-17 14:55:36.002 11717 11717 I ViewRootImpl@723f827[CameraSettingsActivity]: pfl=12020040
03-17 14:55:36.002 11717 11717 I ViewRootImpl@723f827[CameraSettingsActivity]: bhv=SHOW_TRANSIENT_BARS_BY_SWIPE
03-17 14:55:36.002 11717 11717 I ViewRootImpl@723f827[CameraSettingsActivity]: fitSides= naviIconColor=0}
03-17 14:55:36.009 11717 11717 I ViewRootImpl@723f827[CameraSettingsActivity]: updateBlastSurfaceIfNeeded mBlastBufferQueue=null isSameSurfaceControl=false
03-17 14:55:36.009 11717 11717 I BLASTBufferQueue: new BLASTBufferQueue, mName= ViewRootImpl@723f827[CameraSettingsActivity] mNativeObject= 0x708434a510 sc.mNativeObject= 0x70143b0650 caller= android.view.ViewRootImpl.updateBlastSurfaceIfNeeded:2909 android.view.ViewRootImpl.relayoutWindow:9847 android.view.ViewRootImpl.performTraversals:3884 android.view.ViewRootImpl.doTraversal:3116 android.view.ViewRootImpl$TraversalRunnable.run:10885 android.view.Choreographer$CallbackRecord.run:1301 android.view.Choreographer$CallbackRecord.run:1309 android.view.Choreographer.doCallbacks:923 android.view.Choreographer.doFrame:852 android.view.Choreographer$FrameDisplayEventReceiver.run:1283
03-17 14:55:36.009 11717 11717 I BLASTBufferQueue: update, w= 1440 h= 2901 mName = ViewRootImpl@723f827[CameraSettingsActivity] mNativeObject= 0x708434a510 sc.mNativeObject= 0x70143b0650 format= -1 caller= android.graphics.BLASTBufferQueue.<init>:84 android.view.ViewRootImpl.updateBlastSurfaceIfNeeded:2909 android.view.ViewRootImpl.relayoutWindow:9847 android.view.ViewRootImpl.performTraversals:3884 android.view.ViewRootImpl.doTraversal:3116 android.view.ViewRootImpl$TraversalRunnable.run:10885
03-17 14:55:36.009 11717 11717 I ViewRootImpl@723f827[CameraSettingsActivity]: Relayout returned: old=(0,139,1440,3040) new=(0,139,1440,3040) req=(1440,2901)0 dur=7 res=0x3 s={true 0x7114382bd0} ch=true seqId=0
03-17 14:55:36.010 11717 11717 I ViewRootImpl@723f827[CameraSettingsActivity]: mThreadedRenderer.initialize() mSurface={isValid=true 0x7114382bd0} hwInitialized=true
03-17 14:55:36.039 11717 11717 I ViewRootImpl@723f827[CameraSettingsActivity]: reportNextDraw android.view.ViewRootImpl.performTraversals:4438 android.view.ViewRootImpl.doTraversal:3116 android.view.ViewRootImpl$TraversalRunnable.run:10885 android.view.Choreographer$CallbackRecord.run:1301 android.view.Choreographer$CallbackRecord.run:1309
03-17 14:55:36.039 11717 11717 I ViewRootImpl@723f827[CameraSettingsActivity]: Setup new sync id=0
03-17 14:55:36.039 11717 11717 I ViewRootImpl@723f827[CameraSettingsActivity]: Setting syncFrameCallback
03-17 14:55:36.039 11717 11717 I ViewRootImpl@723f827[CameraSettingsActivity]: registerCallbacksForSync syncBuffer=false
03-17 14:55:36.044 11717 11800 I ViewRootImpl@723f827[CameraSettingsActivity]: Received frameDrawingCallback syncResult=0 frameNum=1.
03-17 14:55:36.044 11717 11800 I ViewRootImpl@723f827[CameraSettingsActivity]: Setting up sync and frameCommitCallback
03-17 14:55:36.044 11717 11739 I BLASTBufferQueue: [ViewRootImpl@723f827[CameraSettingsActivity]#6](f:0,a:0) onFrameAvailable the first frame is available
03-17 14:55:36.044 11717 11739 I ViewRootImpl@723f827[CameraSettingsActivity]: Received frameCommittedCallback lastAttemptedDrawFrameNum=1 didProduceBuffer=true
03-17 14:55:36.045 11717 11739 W Parcel : Expecting binder but got null!
03-17 14:55:36.045 11717 11717 I ViewRootImpl@723f827[CameraSettingsActivity]: onSyncComplete
03-17 14:55:36.045 11717 11717 I ViewRootImpl@723f827[CameraSettingsActivity]: setupSync seqId=0 mSyncId=0 fn=1 caller=android.view.ViewRootImpl$ $ExternalSyntheticLambda11.accept:6 android.window.SurfaceSyncer.lambda$setupSync$1$android-window-SurfaceSyncer:128 android.window.SurfaceSyncer$$ExternalSyntheticLambda1.accept:8 android.window.SurfaceSyncer$SyncSet.checkIfSyncIsComplete:382 android.window.SurfaceSyncer$SyncSet.markSyncReady:359 android.window.SurfaceSyncer.markSyncReady:151 android.view.ViewRootImpl.performTraversals:4503
03-17 14:55:36.045 11717 11717 I ViewRootImpl@723f827[CameraSettingsActivity]: reportDrawFinished seqId=0 mSyncId=-1 fn=1 mSurfaceChangedTransaction=0x7044327d90
03-17 14:55:36.047 11717 11717 I ViewRootImpl@eb7977[CameraSettingsActivity]: MSG_WINDOW_FOCUS_CHANGED 0 0
03-17 14:55:36.092 11717 11717 I ViewRootImpl@723f827[CameraSettingsActivity]: MSG_WINDOW_FOCUS_CHANGED 1 0
03-17 14:55:36.092 11717 11717 I ViewRootImpl@723f827[CameraSettingsActivity]: mThreadedRenderer.initializeIfNeeded()#2 mSurface={isValid=true 0x7114382bd0}
03-17 14:55:36.093 11717 11717 I InputMethodManager: startInputInner - mService.startInputOrWindowGainedFocus
03-17 14:55:36.460 11717 11717 I ViewRootImpl@eb7977[CameraSettingsActivity]: handleAppVisibility mAppVisible = true visible = false
03-17 14:55:36.479 11717 11717 I ViewRootImpl@eb7977[CameraSettingsActivity]: performTraversals mFirst=false windowShouldResize=false viewVisibilityChanged=true mForceNextWindowRelayout=false params=null
03-17 14:55:36.483 11717 11717 I ViewRootImpl@eb7977[CameraSettingsActivity]: Relayout returned: old=(0,139,1440,3040) new=(0,139,1440,3040) req=(1440,2901)8 dur=4 res=0x2 s={false 0x0} ch=true seqId=0
03-17 14:55:36.484 11717 11717 I ViewRootImpl@eb7977[CameraSettingsActivity]: stopped(true) old = false
03-17 14:55:36.484 11717 11717 I ViewRootImpl@eb7977[CameraSettingsActivity]: WindowStopped on com.samsung.android.scan3d/com.google.android.apps.camera.legacy.app.settings.Camer aSettingsActivity set to true
03-17 14:55:36.487 11717 11717 I MSHandlerLifeCycle: check: return. Multi-window not supported pkg=com.samsung.android.scan3d
03-17 14:55:36.487 11717 11717 I MSHandlerLifeCycle: removeMultiSplitHandler: no exist. decor=DecorView@cfd2a3e[CameraSettingsActivity]
03-17 14:55:36.492 11717 11717 I ViewRootImpl@eb7977[CameraSettingsActivity]: performTraversals mFirst=false windowShouldResize=false viewVisibilityChanged=false mForceNextWindowRelayout=false params={(0,0)(fillxfill) sim={adjust=pan} ty=BASE_APPLICATION wanim=0x1030309
03-17 14:55:36.492 11717 11717 I ViewRootImpl@eb7977[CameraSettingsActivity]: fl=81810500
03-17 14:55:36.492 11717 11717 I ViewRootImpl@eb7977[CameraSettingsActivity]: pfl=12020040
03-17 14:55:36.492 11717 11717 I ViewRootImpl@eb7977[CameraSettingsActivity]: bhv=SHOW_TRANSIENT_BARS_BY_SWIPE
03-17 14:55:36.492 11717 11717 I ViewRootImpl@eb7977[CameraSettingsActivity]: fitSides= naviIconColor=0}
03-17 14:55:36.499 11717 11717 I ViewRootImpl@eb7977[CameraSettingsActivity]: Relayout returned: old=(0,139,1440,3040) new=(0,139,1440,3040) req=(1440,2901)8 dur=7 res=0x2 s={false 0x0} ch=false seqId=0
03-17 14:55:37.059 11717 11717 I ViewRootImpl@723f827[CameraSettingsActivity]: ViewPostIme pointer 0
03-17 14:55:37.156 11717 11717 I ViewRootImpl@723f827[CameraSettingsActivity]: ViewPostIme pointer 1
03-17 14:55:43.433 11717 11717 I ViewRootImpl@723f827[CameraSettingsActivity]: ViewPostIme pointer 0
03-17 14:55:43.535 11717 11717 I ViewRootImpl@723f827[CameraSettingsActivity]: ViewPostIme pointer 1
03-17 14:55:43.946 11717 11717 I ViewRootImpl@723f827[CameraSettingsActivity]: ViewPostIme pointer 0
03-17 14:55:44.030 11717 11717 I ViewRootImpl@723f827[CameraSettingsActivity]: ViewPostIme pointer 1
03-17 14:55:44.893 11717 11717 I ViewRootImpl@723f827[CameraSettingsActivity]: ViewPostIme pointer 0
03-17 14:55:44.974 11717 11717 I ViewRootImpl@723f827[CameraSettingsActivity]: ViewPostIme pointer 1
03-17 14:55:45.105 11717 11717 I ViewRootImpl@723f827[CameraSettingsActivity]: MSG_WINDOW_FOCUS_CHANGED 0 0
03-17 14:55:45.707 11717 11717 I ViewRootImpl@723f827[CameraSettingsActivity]: handleAppVisibility mAppVisible = true visible = false
03-17 14:55:45.736 11717 11717 I ViewRootImpl@723f827[CameraSettingsActivity]: performTraversals mFirst=false windowShouldResize=false viewVisibilityChanged=true mForceNextWindowRelayout=false params=null
03-17 14:55:45.749 11717 11717 I ViewRootImpl@723f827[CameraSettingsActivity]: Relayout returned: old=(0,139,1440,3040) new=(0,139,1440,3040) req=(1440,2901)8 dur=9 res=0x2 s={false 0x0} ch=true seqId=0
03-17 14:55:45.755 11717 11717 I ViewRootImpl@723f827[CameraSettingsActivity]: stopped(true) old = false
03-17 14:55:45.755 11717 11717 I ViewRootImpl@723f827[CameraSettingsActivity]: WindowStopped on com.samsung.android.scan3d/com.google.android.apps.camera.legacy.app.settings.Camer aSettingsActivity set to true
03-17 14:55:45.767 11717 11717 I MSHandlerLifeCycle: check: return. Multi-window not supported pkg=com.samsung.android.scan3d
03-17 14:55:45.768 11717 11717 I MSHandlerLifeCycle: removeMultiSplitHandler: no exist. decor=DecorView@a279fee[CameraSettingsActivity]
03-17 14:55:45.776 11717 11717 I ViewRootImpl@723f827[CameraSettingsActivity]: performTraversals mFirst=false windowShouldResize=false viewVisibilityChanged=false mForceNextWindowRelayout=false params={(0,0)(fillxfill) sim={adjust=pan} ty=BASE_APPLICATION wanim=0x1030309
03-17 14:55:45.776 11717 11717 I ViewRootImpl@723f827[CameraSettingsActivity]: fl=81810500
03-17 14:55:45.776 11717 11717 I ViewRootImpl@723f827[CameraSettingsActivity]: pfl=12020040
03-17 14:55:45.776 11717 11717 I ViewRootImpl@723f827[CameraSettingsActivity]: bhv=SHOW_TRANSIENT_BARS_BY_SWIPE
03-17 14:55:45.776 11717 11717 I ViewRootImpl@723f827[CameraSettingsActivity]: fitSides= naviIconColor=0}
03-17 14:55:45.784 11717 11717 I ViewRootImpl@723f827[CameraSettingsActivity]: Relayout returned: old=(0,139,1440,3040) new=(0,139,1440,3040) req=(1440,2901)8 dur=7 res=0x2 s={false 0x0} ch=false seqId=0
03-17 14:55:45.884 11717 11717 I ViewRootImpl@723f827[CameraSettingsActivity]: handleAppVisibility mAppVisible = false visible = true
03-17 14:55:45.924 11717 11717 I ViewRootImpl@723f827[CameraSettingsActivity]: stopped(false) old = true
03-17 14:55:45.924 11717 11717 I ViewRootImpl@723f827[CameraSettingsActivity]: WindowStopped on com.samsung.android.scan3d/com.google.android.apps.camera.legacy.app.settings.Camer aSettingsActivity set to false
03-17 14:55:45.929 11717 11717 I MSHandlerLifeCycle: check: return. Multi-window not supported pkg=com.samsung.android.scan3d
03-17 14:55:45.930 11717 11717 I MSHandlerLifeCycle: removeMultiSplitHandler: no exist. decor=DecorView@a279fee[CameraSettingsActivity]
03-17 14:55:45.930 11717 11717 I ViewRootImpl@723f827[CameraSettingsActivity]: stopped(false) old = false
03-17 14:55:45.943 11717 11717 I DecorView: notifyKeepScreenOnChanged: keepScreenOn=false
03-17 14:55:45.945 11717 11717 I MSHandlerLifeCycle: check: return. Multi-window not supported pkg=com.samsung.android.scan3d
03-17 14:55:45.945 11717 11717 I MSHandlerLifeCycle: removeMultiSplitHandler: no exist. decor=DecorView@a279fee[CameraSettingsActivity]
03-17 14:55:45.947 11717 11717 I ViewRootImpl@723f827[CameraSettingsActivity]: performTraversals params={(0,0)(fillxfill) sim={adjust=resize forwardNavigation} ty=BASE_APPLICATION wanim=0x1030309
03-17 14:55:45.947 11717 11717 I ViewRootImpl@723f827[CameraSettingsActivity]: fl=81810500
03-17 14:55:45.947 11717 11717 I ViewRootImpl@723f827[CameraSettingsActivity]: pfl=12020040
03-17 14:55:45.947 11717 11717 I ViewRootImpl@723f827[CameraSettingsActivity]: bhv=SHOW_TRANSIENT_BARS_BY_SWIPE
03-17 14:55:45.947 11717 11717 I ViewRootImpl@723f827[CameraSettingsActivity]: fitSides= naviIconColor=0}
03-17 14:55:45.949 11717 11717 I ViewRootImpl@723f827[CameraSettingsActivity]: performTraversals mFirst=false windowShouldResize=false viewVisibilityChanged=true mForceNextWindowRelayout=false params={(0,0)(fillxfill) sim={adjust=resize forwardNavigation} ty=BASE_APPLICATION wanim=0x1030309
03-17 14:55:45.949 11717 11717 I ViewRootImpl@723f827[CameraSettingsActivity]: fl=81810500
03-17 14:55:45.949 11717 11717 I ViewRootImpl@723f827[CameraSettingsActivity]: pfl=12020040
03-17 14:55:45.949 11717 11717 I ViewRootImpl@723f827[CameraSettingsActivity]: bhv=SHOW_TRANSIENT_BARS_BY_SWIPE
03-17 14:55:45.949 11717 11717 I ViewRootImpl@723f827[CameraSettingsActivity]: fitSides= naviIconColor=0}
03-17 14:55:45.968 11717 11717 I ViewRootImpl@723f827[CameraSettingsActivity]: updateBlastSurfaceIfNeeded mBlastBufferQueue=null isSameSurfaceControl=false
03-17 14:55:45.968 11717 11717 I BLASTBufferQueue: new BLASTBufferQueue, mName= ViewRootImpl@723f827[CameraSettingsActivity] mNativeObject= 0x708434a510 sc.mNativeObject= 0x701431c110 caller= android.view.ViewRootImpl.updateBlastSurfaceIfNeeded:2909 android.view.ViewRootImpl.relayoutWindow:9847 android.view.ViewRootImpl.performTraversals:3884 android.view.ViewRootImpl.doTraversal:3116 android.view.ViewRootImpl$TraversalRunnable.run:10885 android.view.Choreographer$CallbackRecord.run:1301 android.view.Choreographer$CallbackRecord.run:1309 android.view.Choreographer.doCallbacks:923 android.view.Choreographer.doFrame:852 android.view.Choreographer$FrameDisplayEventReceiver.run:1283
03-17 14:55:45.969 11717 11717 I BLASTBufferQueue: update, w= 1440 h= 2901 mName = ViewRootImpl@723f827[CameraSettingsActivity] mNativeObject= 0x708434a510 sc.mNativeObject= 0x701431c110 format= -1 caller= android.graphics.BLASTBufferQueue.<init>:84 android.view.ViewRootImpl.updateBlastSurfaceIfNeeded:2909 android.view.ViewRootImpl.relayoutWindow:9847 android.view.ViewRootImpl.performTraversals:3884 android.view.ViewRootImpl.doTraversal:3116 android.view.ViewRootImpl$TraversalRunnable.run:10885
03-17 14:55:45.969 11717 11732 I ViewRootImpl@723f827[CameraSettingsActivity]: Resizing android.view.ViewRootImpl@3f4bb79: frame = [0,139][1440,3040] reportDraw = true forceLayout = false syncSeqId = 0
03-17 14:55:45.969 11717 11717 I ViewRootImpl@723f827[CameraSettingsActivity]: Relayout returned: old=(0,139,1440,3040) new=(0,139,1440,3040) req=(1440,2901)0 dur=18 res=0x3 s={true 0x7114382bd0} ch=true seqId=0
03-17 14:55:45.971 11717 11717 I ViewRootImpl@723f827[CameraSettingsActivity]: mThreadedRenderer.initialize() mSurface={isValid=true 0x7114382bd0} hwInitialized=true
03-17 14:55:45.976 11717 11717 I ViewRootImpl@723f827[CameraSettingsActivity]: reportNextDraw android.view.ViewRootImpl.performTraversals:4438 android.view.ViewRootImpl.doTraversal:3116 android.view.ViewRootImpl$TraversalRunnable.run:10885 android.view.Choreographer$CallbackRecord.run:1301 android.view.Choreographer$CallbackRecord.run:1309
03-17 14:55:45.977 11717 11717 I ViewRootImpl@723f827[CameraSettingsActivity]: Setup new sync id=1
03-17 14:55:45.977 11717 11717 I ViewRootImpl@723f827[CameraSettingsActivity]: Setting syncFrameCallback
03-17 14:55:45.977 11717 11717 I ViewRootImpl@723f827[CameraSettingsActivity]: registerCallbacksForSync syncBuffer=false
03-17 14:55:45.981 11717 11799 I ViewRootImpl@723f827[CameraSettingsActivity]: Received frameDrawingCallback syncResult=0 frameNum=1.
03-17 14:55:45.981 11717 11799 I ViewRootImpl@723f827[CameraSettingsActivity]: Setting up sync and frameCommitCallback
03-17 14:55:45.984 11717 11739 I BLASTBufferQueue: [ViewRootImpl@723f827[CameraSettingsActivity]#7](f:0,a:0) onFrameAvailable the first frame is available
03-17 14:55:45.987 11717 11739 I ViewRootImpl@723f827[CameraSettingsActivity]: Received frameCommittedCallback lastAttemptedDrawFrameNum=1 didProduceBuffer=true
03-17 14:55:45.988 11717 11717 I ViewRootImpl@723f827[CameraSettingsActivity]: onSyncComplete
03-17 14:55:45.988 11717 11717 I ViewRootImpl@723f827[CameraSettingsActivity]: setupSync seqId=0 mSyncId=1 fn=1 caller=android.view.ViewRootImpl$ $ExternalSyntheticLambda11.accept:6 android.window.SurfaceSyncer.lambda$setupSync$1$android-window-SurfaceSyncer:128 android.window.SurfaceSyncer$$ExternalSyntheticLambda1.accept:8 android.window.SurfaceSyncer$SyncSet.checkIfSyncIsComplete:382 android.window.SurfaceSyncer$SyncSet.markSyncReady:359 android.window.SurfaceSyncer.markSyncReady:151 android.view.ViewRootImpl.performTraversals:4503
03-17 14:55:45.989 11717 11717 I ViewRootImpl@723f827[CameraSettingsActivity]: reportDrawFinished seqId=0 mSyncId=-1 fn=1 mSurfaceChangedTransaction=0x7044327d90
03-17 14:55:46.010 11717 11717 I ViewRootImpl@723f827[CameraSettingsActivity]: handleResized, msg = 5 frames=ClientWindowFrames{frame=[0,139][1440,3040] display=[0,139][1440,3040] parentFrame=[0,0][0,0] parentClippedByDisplayCutout=false} forceNextWindowRelayout=false displayId=0 resizeMode=-1 frameChanged=false displayFrameChanged=false configChanged=false displayChanged=false
03-17 14:55:46.010 11717 11717 I ViewRootImpl@723f827[CameraSettingsActivity]: handleResized mSyncSeqId = 0
03-17 14:55:46.010 11717 11717 I ViewRootImpl@723f827[CameraSettingsActivity]: reportNextDraw android.view.ViewRootImpl.handleResized:2450 android.view.ViewRootImpl.-$$Nest$mhandleResized:0 android.view.ViewRootImpl$ViewRootHandler.handleMessageImpl:6728 android.view.ViewRootImpl$ViewRootHandler.handleMessage:6697 android.os.Handler.dispatchMessage:106
03-17 14:55:46.024 11717 11717 I ViewRootImpl@723f827[CameraSettingsActivity]: Setup new sync id=2
03-17 14:55:46.024 11717 11717 I ViewRootImpl@723f827[CameraSettingsActivity]: Setting syncFrameCallback
03-17 14:55:46.024 11717 11717 I ViewRootImpl@723f827[CameraSettingsActivity]: registerCallbacksForSync syncBuffer=false
03-17 14:55:46.026 11717 11800 I ViewRootImpl@723f827[CameraSettingsActivity]: Received frameDrawingCallback syncResult=0 frameNum=2.
03-17 14:55:46.026 11717 11800 I ViewRootImpl@723f827[CameraSettingsActivity]: Setting up sync and frameCommitCallback
03-17 14:55:46.027 11717 11739 I ViewRootImpl@723f827[CameraSettingsActivity]: Received frameCommittedCallback lastAttemptedDrawFrameNum=2 didProduceBuffer=false
03-17 14:55:46.027 11717 11739 I BLASTBufferQueue: syncNextTransaction, mName= ViewRootImpl@723f827[CameraSettingsActivity] acquireSingleBuffer= true mNativeObject= 0x708434a510 callback= null caller= android.graphics.BLASTBufferQueue.syncNextTransaction:147 android.view.ViewRootImpl$12.lambda$onFrameDraw$0$android-view- ViewRootImpl$12:13399 android.view.ViewRootImpl$12$ $ExternalSyntheticLambda1.onFrameCommit:9 android.view.ThreadedRenderer$1.lambda$onFrameDraw$0:813 android.view.ThreadedRenderer$1$$ExternalSyntheticLambda0.onFrameCommit:2 <bottom of call stack>
03-17 14:55:46.027 11717 11739 I BLASTBufferQueue: [ViewRootImpl@723f827[CameraSettingsActivity]#7](f:0,a:1) syncNextTransaction callback: 0, acquireSingleBuffer: 1, mTransactionReadyCallback: 0
03-17 14:55:46.027 11717 11739 I BLASTBufferQueue: gatherPendingTransactions, mName= ViewRootImpl@723f827[CameraSettingsActivity] mNativeObject= 0x708434a510 frameNumber= 2 caller= android.view.ViewRootImpl$12.lambda$onFrameDraw$0$android- view-ViewRootImpl$12:13406 android.view.ViewRootImpl$12$ $ExternalSyntheticLambda1.onFrameCommit:9 android.view.ThreadedRenderer$1.lambda$onFrameDraw$0:813 android.view.ThreadedRenderer$1$$ExternalSyntheticLambda0.onFrameCommit:2 <bottom of call stack> <bottom of call stack>
03-17 14:55:46.027 11717 11717 I ViewRootImpl@723f827[CameraSettingsActivity]: onSyncComplete
03-17 14:55:46.027 11717 11717 I ViewRootImpl@723f827[CameraSettingsActivity]: setupSync seqId=0 mSyncId=2 fn=2 caller=android.view.ViewRootImpl$ $ExternalSyntheticLambda11.accept:6 android.window.SurfaceSyncer.lambda$setupSync$1$android-window-SurfaceSyncer:128 android.window.SurfaceSyncer$$ExternalSyntheticLambda1.accept:8 android.window.SurfaceSyncer$SyncSet.checkIfSyncIsComplete:382 android.window.SurfaceSyncer$SyncSet.markSyncReady:359 android.window.SurfaceSyncer.markSyncReady:151 android.view.ViewRootImpl.performTraversals:4503
03-17 14:55:46.028 11717 11717 I ViewRootImpl@723f827[CameraSettingsActivity]: reportDrawFinished seqId=0 mSyncId=-1 fn=2 mSurfaceChangedTransaction=0x7044327d90
03-17 14:55:46.076 11717 11717 I ViewRootImpl@723f827[CameraSettingsActivity]: MSG_WINDOW_FOCUS_CHANGED 1 0
03-17 14:55:46.076 11717 11717 I ViewRootImpl@723f827[CameraSettingsActivity]: mThreadedRenderer.initializeIfNeeded()#2 mSurface={isValid=true 0x7114382bd0}
03-17 14:55:46.079 11717 11717 I InputMethodManager: startInputInner - mService.startInputOrWindowGainedFocus
03-17 14:55:46.564 11717 11717 I ViewRootImpl@723f827[CameraSettingsActivity]: ViewPostIme pointer 0
03-17 14:55:46.638 11717 11717 I ViewRootImpl@723f827[CameraSettingsActivity]: ViewPostIme pointer 1
03-17 14:55:46.712 11717 11717 I Dialog : mIsDeviceDefault = false, mIsSamsungBasicInteraction = false, isMetaDataInActivity = false
03-17 14:55:46.717 11717 11717 I DecorView: [INFO] isPopOver=false config=false
03-17 14:55:46.717 11717 11717 I DecorView: updateCaptionType: isFloating=true isApplication=true hasWindowDecorCaption=false this=DecorView@94ba671[]
03-17 14:55:46.718 11717 11717 I DecorView: setWindowBackground: isPopOver=false color=ff010101 d=android.graphics.drawable.InsetDrawable@b8554d7
03-17 14:55:46.738 11717 11717 W Settings: Setting show_button_background has moved from android.provider.Settings.System to android.provider.Settings.Global, returning read-only value.
03-17 14:55:46.745 11717 11717 I DecorView: onImmersiveModeChanged: isStatusBarHidden=true
03-17 14:55:46.756 11717 11717 I ViewRootImpl@f8633f4[CameraSettingsActivity]: setView = com.android.internal.policy.DecorView@94ba671 TM=true
03-17 14:55:46.758 11717 11717 I IMM_LC : ris()
03-17 14:55:46.758 11717 11717 I IMM_LC : ris() ignore mServedView == null or mServedView.getWindowToken() != windowToken, mServedView :DecorView@a279fee[CameraSettingsActivity]
03-17 14:55:46.772 11717 11717 I ViewRootImpl@f8633f4[CameraSettingsActivity]: performTraversals params={(0,0)(wrapxwrap) gr=CENTER sim={adjust=pan forwardNavigation} ty=APPLICATION fmt=TRANSLUCENT wanim=0x103030a surfaceInsets=Rect(140, 140 - 140, 140)
03-17 14:55:46.772 11717 11717 I ViewRootImpl@f8633f4[CameraSettingsActivity]: fl=1800402
03-17 14:55:46.772 11717 11717 I ViewRootImpl@f8633f4[CameraSettingsActivity]: pfl=42000000
03-17 14:55:46.772 11717 11717 I ViewRootImpl@f8633f4[CameraSettingsActivity]: bhv=SHOW_TRANSIENT_BARS_BY_SWIPE
03-17 14:55:46.772 11717 11717 I ViewRootImpl@f8633f4[CameraSettingsActivity]: fitTypes=STATUS_BARS NAVIGATION_BARS CAPTION_BAR
03-17 14:55:46.772 11717 11717 I ViewRootImpl@f8633f4[CameraSettingsActivity]: dimAmount=0.6 naviIconColor=0}
03-17 14:55:46.773 11717 11717 I ViewRootImpl@f8633f4[CameraSettingsActivity]: performTraversals mFirst=true windowShouldResize=false viewVisibilityChanged=false mForceNextWindowRelayout=false params={(0,0)(wrapxwrap) gr=CENTER sim={adjust=pan forwardNavigation} ty=APPLICATION fmt=TRANSLUCENT wanim=0x103030a surfaceInsets=Rect(140, 140 - 140, 140)
03-17 14:55:46.773 11717 11717 I ViewRootImpl@f8633f4[CameraSettingsActivity]: fl=1800402
03-17 14:55:46.773 11717 11717 I ViewRootImpl@f8633f4[CameraSettingsActivity]: pfl=42000000
03-17 14:55:46.773 11717 11717 I ViewRootImpl@f8633f4[CameraSettingsActivity]: bhv=SHOW_TRANSIENT_BARS_BY_SWIPE
03-17 14:55:46.773 11717 11717 I ViewRootImpl@f8633f4[CameraSettingsActivity]: fitTypes=STATUS_BARS NAVIGATION_BARS CAPTION_BAR
03-17 14:55:46.773 11717 11717 I ViewRootImpl@f8633f4[CameraSettingsActivity]: dimAmount=0.6 naviIconColor=0}
03-17 14:55:46.777 11717 11717 I ViewRootImpl@f8633f4[CameraSettingsActivity]: updateBlastSurfaceIfNeeded mBlastBufferQueue=null isSameSurfaceControl=false
03-17 14:55:46.777 11717 11717 I BLASTBufferQueue: new BLASTBufferQueue, mName= ViewRootImpl@f8633f4[CameraSettingsActivity] mNativeObject= 0x70843052d0 sc.mNativeObject= 0x7014316d30 caller= android.view.ViewRootImpl.updateBlastSurfaceIfNeeded:2909 android.view.ViewRootImpl.relayoutWindow:9847 android.view.ViewRootImpl.performTraversals:3884 android.view.ViewRootImpl.doTraversal:3116 android.view.ViewRootImpl$TraversalRunnable.run:10885 android.view.Choreographer$CallbackRecord.run:1301 android.view.Choreographer$CallbackRecord.run:1309 android.view.Choreographer.doCallbacks:923 android.view.Choreographer.doFrame:852 android.view.Choreographer$FrameDisplayEventReceiver.run:1283
03-17 14:55:46.777 11717 11717 I BLASTBufferQueue: update, w= 1646 h= 914 mName = ViewRootImpl@f8633f4[CameraSettingsActivity] mNativeObject= 0x70843052d0 sc.mNativeObject= 0x7014316d30 format= -3 caller= android.graphics.BLASTBufferQueue.<init>:84 android.view.ViewRootImpl.updateBlastSurfaceIfNeeded:2909 android.view.ViewRootImpl.relayoutWindow:9847 android.view.ViewRootImpl.performTraversals:3884 android.view.ViewRootImpl.doTraversal:3116 android.view.ViewRootImpl$TraversalRunnable.run:10885
03-17 14:55:46.778 11717 11717 I ViewRootImpl@f8633f4[CameraSettingsActivity]: Relayout returned: old=(0,139,1440,2872) new=(37,1188,1403,1822) req=(1366,634)0 dur=4 res=0x3 s={true 0x7114314090} ch=true seqId=0
03-17 14:55:46.778 11717 11717 I ViewRootImpl@f8633f4[CameraSettingsActivity]: mThreadedRenderer.initialize() mSurface={isValid=true 0x7114314090} hwInitialized=true
03-17 14:55:46.783 11717 11717 I ViewRootImpl@f8633f4[CameraSettingsActivity]: reportNextDraw android.view.ViewRootImpl.performTraversals:4438 android.view.ViewRootImpl.doTraversal:3116 android.view.ViewRootImpl$TraversalRunnable.run:10885 android.view.Choreographer$CallbackRecord.run:1301 android.view.Choreographer$CallbackRecord.run:1309
03-17 14:55:46.784 11717 11717 I ViewRootImpl@f8633f4[CameraSettingsActivity]: Setup new sync id=0
03-17 14:55:46.784 11717 11717 I ViewRootImpl@f8633f4[CameraSettingsActivity]: Setting syncFrameCallback
03-17 14:55:46.784 11717 11717 I ViewRootImpl@f8633f4[CameraSettingsActivity]: registerCallbacksForSync syncBuffer=false
03-17 14:55:46.788 11717 11799 I ViewRootImpl@f8633f4[CameraSettingsActivity]: Received frameDrawingCallback syncResult=0 frameNum=1.
03-17 14:55:46.788 11717 11799 I ViewRootImpl@f8633f4[CameraSettingsActivity]: Setting up sync and frameCommitCallback
03-17 14:55:46.798 11717 11739 I BLASTBufferQueue: [ViewRootImpl@f8633f4[CameraSettingsActivity]#8](f:0,a:0) onFrameAvailable the first frame is available
03-17 14:55:46.799 11717 11739 I ViewRootImpl@f8633f4[CameraSettingsActivity]: Received frameCommittedCallback lastAttemptedDrawFrameNum=1 didProduceBuffer=true
03-17 14:55:46.799 11717 11739 W Parcel : Expecting binder but got null!
03-17 14:55:46.799 11717 11717 I ViewRootImpl@f8633f4[CameraSettingsActivity]: onSyncComplete
03-17 14:55:46.800 11717 11717 I ViewRootImpl@f8633f4[CameraSettingsActivity]: setupSync seqId=0 mSyncId=0 fn=1 caller=android.view.ViewRootImpl$ $ExternalSyntheticLambda11.accept:6 android.window.SurfaceSyncer.lambda$setupSync$1$android-window-SurfaceSyncer:128 android.window.SurfaceSyncer$$ExternalSyntheticLambda1.accept:8 android.window.SurfaceSyncer$SyncSet.checkIfSyncIsComplete:382 android.window.SurfaceSyncer$SyncSet.markSyncReady:359 android.window.SurfaceSyncer.markSyncReady:151 android.view.ViewRootImpl.performTraversals:4503
03-17 14:55:46.800 11717 11717 I ViewRootImpl@f8633f4[CameraSettingsActivity]: reportDrawFinished seqId=0 mSyncId=-1 fn=1 mSurfaceChangedTransaction=0x70442fa5b0
03-17 14:55:46.809 11717 11717 I AssistStructure: Flattened final assist data: 5416 bytes, containing 2 windows, 39 views
03-17 14:55:46.809 11717 11717 I ViewRootImpl@723f827[CameraSettingsActivity]: MSG_WINDOW_FOCUS_CHANGED 0 0
03-17 14:55:46.846 11717 11717 I ViewRootImpl@f8633f4[CameraSettingsActivity]: MSG_WINDOW_FOCUS_CHANGED 1 0
03-17 14:55:46.846 11717 11717 I ViewRootImpl@f8633f4[CameraSettingsActivity]: mThreadedRenderer.initializeIfNeeded()#2 mSurface={isValid=true 0x7114314090}
03-17 14:55:46.847 11717 11717 I InputMethodManager: startInputInner - mService.startInputOrWindowGainedFocus
03-17 14:55:46.862 11717 11717 I IMM_LC : ris()
03-17 14:55:46.862 11717 11717 I IMM_LC : ssi() - flag : 0 view : com.samsung.android.scan3d reason = SHOW_SOFT_INPUT_BY_INSETS_API
03-17 14:55:46.896 11717 11717 W OnBackInvokedCallback: OnBackInvokedCallback is not enabled for the application.
03-17 14:55:46.896 11717 11717 W OnBackInvokedCallback: Set 'android:enableOnBackInvokedCallback="true"' in the application manifest.
03-17 14:55:46.917 11717 11732 I ViewRootImpl@723f827[CameraSettingsActivity]: Resizing android.view.ViewRootImpl@3f4bb79: frame = [0,139][1440,3040] reportDraw = false forceLayout = false syncSeqId = 0
03-17 14:55:46.918 11717 11717 I ViewRootImpl@723f827[CameraSettingsActivity]: handleResized, msg = 4 frames=ClientWindowFrames{frame=[0,139][1440,3040] display=[0,139][1440,3040] parentFrame=[0,0][0,0] parentClippedByDisplayCutout=false} forceNextWindowRelayout=false displayId=0 resizeMode=-1 frameChanged=false displayFrameChanged=false configChanged=false displayChanged=false
03-17 14:55:46.918 11717 12148 I ViewRootImpl@f8633f4[CameraSettingsActivity]: Resizing android.view.ViewRootImpl@1cc9b60: frame = [37,1188][1403,1822] reportDraw = false forceLayout = false syncSeqId = 0
03-17 14:55:46.920 11717 11717 I ViewRootImpl@f8633f4[CameraSettingsActivity]: handleResized, msg = 4 frames=ClientWindowFrames{frame=[37,1188][1403,1822] display=[0,139][1440,2872] parentFrame=[0,0][0,0] parentClippedByDisplayCutout=false} forceNextWindowRelayout=false displayId=0 resizeMode=-1 frameChanged=false displayFrameChanged=false configChanged=false displayChanged=false
03-17 14:55:46.946 11717 11732 I ViewRootImpl@723f827[CameraSettingsActivity]: Resizing android.view.ViewRootImpl@3f4bb79: frame = [0,139][1440,3040] reportDraw = false forceLayout = false syncSeqId = 0
03-17 14:55:46.947 11717 12148 I ViewRootImpl@f8633f4[CameraSettingsActivity]: Resizing android.view.ViewRootImpl@1cc9b60: frame = [37,611][1403,1245] reportDraw = false forceLayout = false syncSeqId = 0
03-17 14:55:46.960 11717 11717 I ViewRootImpl@f8633f4[CameraSettingsActivity]: performTraversals mFirst=false windowShouldResize=false viewVisibilityChanged=false mForceNextWindowRelayout=true params=null
03-17 14:55:46.967 11717 11717 I ViewRootImpl@f8633f4[CameraSettingsActivity]: updateBlastSurfaceIfNeeded mBlastBufferQueue=0x70843052d0 isSameSurfaceControl=true
03-17 14:55:46.967 11717 11717 I BLASTBufferQueue: update, w= 1646 h= 914 mName = ViewRootImpl@f8633f4[CameraSettingsActivity] mNativeObject= 0x70843052d0 sc.mNativeObject= 0x701437d380 format= -3 caller= android.view.ViewRootImpl.updateBlastSurfaceIfNeeded:2898 android.view.ViewRootImpl.relayoutWindow:9847 android.view.ViewRootImpl.performTraversals:3884 android.view.ViewRootImpl.doTraversal:3116 android.view.ViewRootImpl$TraversalRunnable.run:10885 android.view.Choreographer$CallbackRecord.run:1301
03-17 14:55:46.967 11717 11717 I ViewRootImpl@f8633f4[CameraSettingsActivity]: Relayout returned: old=(37,611,1403,1245) new=(37,611,1403,1245) req=(1366,634)0 dur=7 res=0x0 s={true 0x7114314090} ch=false seqId=0
03-17 14:55:46.967 11717 11717 I ViewRootImpl@f8633f4[CameraSettingsActivity]: mThreadedRenderer.updateSurface() mSurface={isValid=true 0x7114314090}
03-17 14:55:46.969 11717 11717 I ViewRootImpl@723f827[CameraSettingsActivity]: handleResized, msg = 4 frames=ClientWindowFrames{frame=[0,139][1440,3040] display=[0,139][1440,3040] parentFrame=[0,0][0,0] parentClippedByDisplayCutout=false} forceNextWindowRelayout=false displayId=0 resizeMode=-1 frameChanged=false displayFrameChanged=false configChanged=false displayChanged=false
03-17 14:55:46.969 11717 11717 I ViewRootImpl@f8633f4[CameraSettingsActivity]: handleResized, msg = 4 frames=ClientWindowFrames{frame=[37,611][1403,1245] display=[0,139][1440,2872] parentFrame=[0,0][0,0] parentClippedByDisplayCutout=false} forceNextWindowRelayout=false displayId=0 resizeMode=-1 frameChanged=false displayFrameChanged=false configChanged=false displayChanged=false
03-17 14:55:47.162 11717 11800 I ViewRootImpl@f8633f4[CameraSettingsActivity]: mWNT: t=0x704433f310 mBlastBufferQueue=0x70843052d0 fn= 5 caller= android.view.SyncRtSurfaceTransactionApplier.applyTransaction:96 android.view.SyncRtSurfaceTransactionApplier.lambda$scheduleApply$0$android-view- SyncRtSurfaceTransactionApplier:69 android.view.SyncRtSurfaceTransactionApplier$ $ExternalSyntheticLambda0.onFrameDraw:4
03-17 14:55:47.748 11717 11717 I ViewRootImpl@f8633f4[CameraSettingsActivity]: The input has been finished in ImeInputStage.
03-17 14:55:47.808 11717 11717 I ViewRootImpl@f8633f4[CameraSettingsActivity]: The input has been finished in ImeInputStage.
03-17 14:55:47.823 11717 11731 I ViewRootImpl@f8633f4[CameraSettingsActivity]: Resizing android.view.ViewRootImpl@1cc9b60: frame = [37,1188][1403,1822] reportDraw = false forceLayout = false syncSeqId = 0
03-17 14:55:47.824 11717 11730 I ViewRootImpl@723f827[CameraSettingsActivity]: Resizing android.view.ViewRootImpl@3f4bb79: frame = [0,139][1440,3040] reportDraw = false forceLayout = false syncSeqId = 0
03-17 14:55:47.831 11717 11717 I ViewRootImpl@f8633f4[CameraSettingsActivity]: performTraversals mFirst=false windowShouldResize=false viewVisibilityChanged=false mForceNextWindowRelayout=true params=null
03-17 14:55:47.839 11717 11717 I ViewRootImpl@f8633f4[CameraSettingsActivity]: updateBlastSurfaceIfNeeded mBlastBufferQueue=0x70843052d0 isSameSurfaceControl=true
03-17 14:55:47.839 11717 11717 I BLASTBufferQueue: update, w= 1646 h= 914 mName = ViewRootImpl@f8633f4[CameraSettingsActivity] mNativeObject= 0x70843052d0 sc.mNativeObject= 0x70143644c0 format= -3 caller= android.view.ViewRootImpl.updateBlastSurfaceIfNeeded:2898 android.view.ViewRootImpl.relayoutWindow:9847 android.view.ViewRootImpl.performTraversals:3884 android.view.ViewRootImpl.doTraversal:3116 android.view.ViewRootImpl$TraversalRunnable.run:10885 android.view.Choreographer$CallbackRecord.run:1301
03-17 14:55:47.839 11717 11717 I ViewRootImpl@f8633f4[CameraSettingsActivity]: Relayout returned: old=(37,1188,1403,1822) new=(37,1188,1403,1822) req=(1366,634)0 dur=8 res=0x0 s={true 0x7114314090} ch=false seqId=0
03-17 14:55:47.839 11717 11717 I ViewRootImpl@f8633f4[CameraSettingsActivity]: mThreadedRenderer.updateSurface() mSurface={isValid=true 0x7114314090}
03-17 14:55:47.841 11717 11717 I ViewRootImpl@f8633f4[CameraSettingsActivity]: handleResized, msg = 4 frames=ClientWindowFrames{frame=[37,1188][1403,1822] display=[0,139][1440,2872] parentFrame=[0,0][0,0] parentClippedByDisplayCutout=false} forceNextWindowRelayout=false displayId=0 resizeMode=-1 frameChanged=false displayFrameChanged=false configChanged=false displayChanged=false
03-17 14:55:47.842 11717 11717 I ViewRootImpl@723f827[CameraSettingsActivity]: handleResized, msg = 4 frames=ClientWindowFrames{frame=[0,139][1440,3040] display=[0,139][1440,3040] parentFrame=[0,0][0,0] parentClippedByDisplayCutout=false} forceNextWindowRelayout=false displayId=0 resizeMode=-1 frameChanged=false displayFrameChanged=false configChanged=false displayChanged=false
03-17 14:55:48.017 11717 11717 I IMM_LC : notifyImeHidden: mService.hideSoftInput
03-17 14:55:48.041 11717 11730 I ViewRootImpl@723f827[CameraSettingsActivity]: Resizing android.view.ViewRootImpl@3f4bb79: frame = [0,139][1440,3040] reportDraw = false forceLayout = false syncSeqId = 0
03-17 14:55:48.041 11717 11731 I ViewRootImpl@f8633f4[CameraSettingsActivity]: Resizing android.view.ViewRootImpl@1cc9b60: frame = [37,1188][1403,1822] reportDraw = false forceLayout = false syncSeqId = 0
03-17 14:55:48.042 11717 11717 I ViewRootImpl@723f827[CameraSettingsActivity]: handleResized, msg = 4 frames=ClientWindowFrames{frame=[0,139][1440,3040] display=[0,139][1440,3040] parentFrame=[0,0][0,0] parentClippedByDisplayCutout=false} forceNextWindowRelayout=false displayId=0 resizeMode=-1 frameChanged=false displayFrameChanged=false configChanged=false displayChanged=false
03-17 14:55:48.043 11717 11717 I ViewRootImpl@f8633f4[CameraSettingsActivity]: handleResized, msg = 4 frames=ClientWindowFrames{frame=[37,1188][1403,1822] display=[0,139][1440,2872] parentFrame=[0,0][0,0] parentClippedByDisplayCutout=false} forceNextWindowRelayout=false displayId=0 resizeMode=-1 frameChanged=false displayFrameChanged=false configChanged=false displayChanged=false
03-17 14:55:48.735 11717 11717 I ViewRootImpl@f8633f4[CameraSettingsActivity]: ViewPostIme pointer 0
03-17 14:55:48.781 11717 11717 I ViewRootImpl@f8633f4[CameraSettingsActivity]: ViewPostIme pointer 1
03-17 14:55:48.790 11717 11717 I MSHandlerLifeCycle: removeMultiSplitHandler: no exist. decor=DecorView@94ba671[CameraSettingsActivity]
03-17 14:55:48.808 11717 11717 I ViewRootImpl@f8633f4[CameraSettingsActivity]: dispatchDetachedFromWindow
03-17 14:55:48.873 11717 11717 I ViewRootImpl@723f827[CameraSettingsActivity]: MSG_WINDOW_FOCUS_CHANGED 1 0
03-17 14:55:48.873 11717 11717 I ViewRootImpl@723f827[CameraSettingsActivity]: mThreadedRenderer.initializeIfNeeded()#2 mSurface={isValid=true 0x7114382bd0}
03-17 14:55:48.874 11717 11717 I InputMethodManager: startInputInner - mService.startInputOrWindowGainedFocus
03-17 14:55:50.006 11717 11717 I ViewRootImpl@723f827[CameraSettingsActivity]: ViewPostIme pointer 0
03-17 14:55:50.068 11717 11717 I ViewRootImpl@723f827[CameraSettingsActivity]: ViewPostIme pointer 1
03-17 14:55:50.146 11717 11717 I Dialog : mIsDeviceDefault = false, mIsSamsungBasicInteraction = false, isMetaDataInActivity = false
03-17 14:55:50.149 11717 11717 I DecorView: [INFO] isPopOver=false config=false
03-17 14:55:50.149 11717 11717 I DecorView: updateCaptionType: isFloating=true isApplication=true hasWindowDecorCaption=false this=DecorView@ce903a1[]
03-17 14:55:50.150 11717 11717 I DecorView: setWindowBackground: isPopOver=false color=ff010101 d=android.graphics.drawable.InsetDrawable@97f6d87
03-17 14:55:50.166 11717 11717 W Settings: Setting show_button_background has moved from android.provider.Settings.System to android.provider.Settings.Global, returning read-only value.
03-17 14:55:50.170 11717 11717 I DecorView: onImmersiveModeChanged: isStatusBarHidden=true
03-17 14:55:50.177 11717 11717 I ViewRootImpl@d7e867f[CameraSettingsActivity]: setView = com.android.internal.policy.DecorView@ce903a1 TM=true
03-17 14:55:50.180 11717 11717 I IMM_LC : ris()
03-17 14:55:50.180 11717 11717 I IMM_LC : ris() ignore mServedView == null or mServedView.getWindowToken() != windowToken, mServedView :DecorView@a279fee[CameraSettingsActivity]
03-17 14:55:50.196 11717 11717 I ViewRootImpl@d7e867f[CameraSettingsActivity]: performTraversals params={(0,0)(wrapxwrap) gr=CENTER sim={adjust=pan forwardNavigation} ty=APPLICATION fmt=TRANSLUCENT wanim=0x103030a surfaceInsets=Rect(140, 140 - 140, 140)
03-17 14:55:50.196 11717 11717 I ViewRootImpl@d7e867f[CameraSettingsActivity]: fl=1800402
03-17 14:55:50.196 11717 11717 I ViewRootImpl@d7e867f[CameraSettingsActivity]: pfl=42000000
03-17 14:55:50.196 11717 11717 I ViewRootImpl@d7e867f[CameraSettingsActivity]: bhv=SHOW_TRANSIENT_BARS_BY_SWIPE
03-17 14:55:50.196 11717 11717 I ViewRootImpl@d7e867f[CameraSettingsActivity]: fitTypes=STATUS_BARS NAVIGATION_BARS CAPTION_BAR
03-17 14:55:50.196 11717 11717 I ViewRootImpl@d7e867f[CameraSettingsActivity]: dimAmount=0.6 naviIconColor=0}
03-17 14:55:50.197 11717 11717 I ViewRootImpl@d7e867f[CameraSettingsActivity]: performTraversals mFirst=true windowShouldResize=false viewVisibilityChanged=false mForceNextWindowRelayout=false params={(0,0)(wrapxwrap) gr=CENTER sim={adjust=pan forwardNavigation} ty=APPLICATION fmt=TRANSLUCENT wanim=0x103030a surfaceInsets=Rect(140, 140 - 140, 140)
03-17 14:55:50.197 11717 11717 I ViewRootImpl@d7e867f[CameraSettingsActivity]: fl=1800402
03-17 14:55:50.197 11717 11717 I ViewRootImpl@d7e867f[CameraSettingsActivity]: pfl=42000000
03-17 14:55:50.197 11717 11717 I ViewRootImpl@d7e867f[CameraSettingsActivity]: bhv=SHOW_TRANSIENT_BARS_BY_SWIPE
03-17 14:55:50.197 11717 11717 I ViewRootImpl@d7e867f[CameraSettingsActivity]: fitTypes=STATUS_BARS NAVIGATION_BARS CAPTION_BAR
