03-17 14:55:31.418 11717 11795 W CameraMetadataJV: Expect face scores and rectangles to be non-null
03-17 14:55:31.418 11717 11795 W CameraMetadataJV: Expect face scores and rectangles to be non-null
03-17 14:55:31.418 11717 11795 W CameraMetadataJV: Expect face scores and rectangles to be non-null
03-17 14:55:31.418 11717 11795 W CameraMetadataJV: Expect face scores and rectangles to be non-null
03-17 14:55:31.418 11717 11795 W CameraMetadataJV: Expect face scores and rectangles to be non-null
03-17 14:55:31.419 11717 11795 W CameraMetadataJV: Expect face scores and rectangles to be non-null
03-17 14:55:31.419 11717 11795 W CameraMetadataJV: Expect face scores and rectangles to be non-null
03-17 14:55:31.419 11717 11912 E OisListener: Null pointer for OIS data. OIS API version: 2
03-17 14:55:31.420 11717 11917 W CameraMetadataJV: Expect face scores and rectangles to be non-null
03-17 14:55:31.431 11717 11717 I DecorView: [INFO] isPopOver=false config=true
03-17 14:55:31.431 11717 11717 I DecorView: updateCaptionType: isFloating=false isApplication=true hasWindowDecorCaption=false this=DecorView@cfd2a3e[]
03-17 14:55:31.432 11717 11717 I DecorView: getCurrentDensityDpi: from real metrics. densityDpi=560 msg=resources_loaded
03-17 14:55:31.432 11717 11717 I DecorView: setWindowBackground: isPopOver=false color=ff202124 d=android.graphics.drawable.ColorDrawable@a57b5ec
03-17 14:55:31.444 11717 11717 W CAM_Log : Tag DevPrefScreenController is 4 chars longer than limit.
03-17 14:55:31.483 11717 11795 W JankMonitorFacade: PHOTO > rel Δ(result sensor timestamp) = 1.00 > 0.25
03-17 14:55:31.483 11717 11795 W JankMonitorFacade: PHOTO > result sensor delay = 2.00 > 1.10
03-17 14:55:31.483 11717 11795 W CameraMetadataJV: Expect face scores and rectangles to be non-null
03-17 14:55:31.483 11717 11795 W CameraMetadataJV: Expect face scores and rectangles to be non-null
03-17 14:55:31.483 11717 11795 W CameraMetadataJV: Expect face scores and rectangles to be non-null
03-17 14:55:31.483 11717 11795 W CameraMetadataJV: Expect face scores and rectangles to be non-null
03-17 14:55:31.483 11717 11795 W CameraMetadataJV: Expect face scores and rectangles to be non-null
03-17 14:55:31.483 11717 11795 W CameraMetadataJV: Expect face scores and rectangles to be non-null
03-17 14:55:31.483 11717 11795 W CameraMetadataJV: Expect face scores and rectangles to be non-null
03-17 14:55:31.484 11717 11912 E OisListener: Null pointer for OIS data. OIS API version: 2
03-17 14:55:31.484 11717 11917 W CameraMetadataJV: Expect face scores and rectangles to be non-null
03-17 14:55:31.501 11717 11717 W Glide : Failed to find GeneratedAppGlideModule. You should include an annotationProcessor compile dependency on com.github.bumptech.glide:compiler in your application and a @GlideModule annotated AppGlideModule implementation or LibraryGlideModules will be silently ignored
03-17 14:55:31.514 11717 11717 I AppIconSolution: night mode is changed to true
03-17 14:55:31.515 11717 11795 W JankMonitorFacade: PHOTO > rel Δ(result sensor timestamp) = 0.50 > 0.25
03-17 14:55:31.515 11717 11912 E OisListener: Null pointer for OIS data. OIS API version: 2
03-17 14:55:31.515 11717 11795 W CameraMetadataJV: Expect face scores and rectangles to be non-null
03-17 14:55:31.515 11717 11917 W CameraMetadataJV: Expect face scores and rectangles to be non-null
03-17 14:55:31.515 11717 11795 W CameraMetadataJV: Expect face scores and rectangles to be non-null
03-17 14:55:31.515 11717 11795 W CameraMetadataJV: Expect face scores and rectangles to be non-null
03-17 14:55:31.516 11717 11795 W CameraMetadataJV: Expect face scores and rectangles to be non-null
03-17 14:55:31.516 11717 11795 W CameraMetadataJV: Expect face scores and rectangles to be non-null
03-17 14:55:31.516 11717 11795 W CameraMetadataJV: Expect face scores and rectangles to be non-null
03-17 14:55:31.516 11717 11795 W CameraMetadataJV: Expect face scores and rectangles to be non-null
03-17 14:55:31.518 11717 11757 W CameraMetadataJV: Expect face scores and rectangles to be non-null
03-17 14:55:31.577 11717 11717 I MSHandlerLifeCycle: check: return. pkg=com.samsung.android.scan3d parent=null callers=com.android.internal.policy.DecorView.setVisibility:4411 android.app.ActivityThread.handleResumeActivity:5476 android.app.servertransaction.ResumeActivityItem.execute:54 android.app.servertransaction.ActivityTransactionItem.execute:45 android.app.servertransaction.TransactionExecutor.executeLifecycleState:176
03-17 14:55:31.577 11717 11717 I MSHandlerLifeCycle: removeMultiSplitHandler: no exist. decor=DecorView@cfd2a3e[]
03-17 14:55:31.580 11717 11795 W JankMonitorFacade: PHOTO > rel Δ(result sensor timestamp) = 1.00 > 0.25
03-17 14:55:31.581 11717 11795 W JankMonitorFacade: PHOTO > result sensor delay = 2.00 > 1.10
03-17 14:55:31.581 11717 11912 E OisListener: Null pointer for OIS data. OIS API version: 2
03-17 14:55:31.581 11717 11717 I DecorView: onImmersiveModeChanged: isStatusBarHidden=true
03-17 14:55:31.581 11717 11795 W CameraMetadataJV: Expect face scores and rectangles to be non-null
03-17 14:55:31.581 11717 11795 W CameraMetadataJV: Expect face scores and rectangles to be non-null
03-17 14:55:31.581 11717 11795 W CameraMetadataJV: Expect face scores and rectangles to be non-null
03-17 14:55:31.581 11717 11795 W CameraMetadataJV: Expect face scores and rectangles to be non-null
03-17 14:55:31.581 11717 11795 W CameraMetadataJV: Expect face scores and rectangles to be non-null
03-17 14:55:31.581 11717 11795 W CameraMetadataJV: Expect face scores and rectangles to be non-null
03-17 14:55:31.581 11717 11795 W CameraMetadataJV: Expect face scores and rectangles to be non-null
03-17 14:55:31.581 11717 11917 W CameraMetadataJV: Expect face scores and rectangles to be non-null
03-17 14:55:31.588 11717 11717 I ViewRootImpl@eb7977[CameraSettingsActivity]: setView = com.android.internal.policy.DecorView@cfd2a3e TM=true
03-17 14:55:31.588 11717 11717 I MSHandlerLifeCycle: check: return. Multi-window not supported pkg=com.samsung.android.scan3d
03-17 14:55:31.588 11717 11717 I MSHandlerLifeCycle: removeMultiSplitHandler: no exist. decor=DecorView@cfd2a3e[CameraSettingsActivity]
03-17 14:55:31.600 11717 11765 E PhenotypeFlagCommitter: Retrieving snapshot for com.google.android.apps.camera#com.samsung.android.scan3d failed
03-17 14:55:31.600 11717 11765 E PhenotypeFlagCommitter: java.util.concurrent.ExecutionException: java.lang.SecurityException: GoogleCertificatesRslt: not allowed: pkg=com.samsung.android.scan3d, sha256=[144e0735b48b4b395e820d53e9a49aa6d308645d42cc69a030aaf8528c51f1ef], atk=false, ver=230914044.true (go/gsrlt)
03-17 14:55:31.600 11717 11765 E PhenotypeFlagCommitter: at lbu.a(Unknown Source:31)
03-17 14:55:31.600 11717 11765 E PhenotypeFlagCommitter: at lbu.a(Unknown Source:57)
03-17 14:55:31.600 11717 11765 E PhenotypeFlagCommitter: at lab.a(Unknown Source:23)
03-17 14:55:31.600 11717 11765 E PhenotypeFlagCommitter: at lab.a(Unknown Source:35)
03-17 14:55:31.600 11717 11765 E PhenotypeFlagCommitter: at gon.c(Unknown Source:41)
03-17 14:55:31.600 11717 11765 E PhenotypeFlagCommitter: at dxk.run(Unknown Source:11)
03-17 14:55:31.600 11717 11765 E PhenotypeFlagCommitter: at lis.run(Unknown Source:2)
03-17 14:55:31.600 11717 11765 E PhenotypeFlagCommitter: at java.util.concurrent.Executors$RunnableAdapter.call(Executors.java:463)
03-17 14:55:31.600 11717 11765 E PhenotypeFlagCommitter: at oye.b(Unknown Source:2)
03-17 14:55:31.600 11717 11765 E PhenotypeFlagCommitter: at oxi.run(Unknown Source:22)
03-17 14:55:31.600 11717 11765 E PhenotypeFlagCommitter: at oyf.run(Unknown Source:4)
03-17 14:55:31.600 11717 11765 E PhenotypeFlagCommitter: at java.util.concurrent.Executors$RunnableAdapter.call(Executors.java:463)
03-17 14:55:31.600 11717 11765 E PhenotypeFlagCommitter: at java.util.concurrent.FutureTask.run(FutureTask.java:264)
03-17 14:55:31.600 11717 11765 E PhenotypeFlagCommitter: at java.util.concurrent.ScheduledThreadPoolExecutor$ScheduledFutureTask.run(ScheduledT hreadPoolExecutor.java:307)
03-17 14:55:31.600 11717 11765 E PhenotypeFlagCommitter: at ljd.run(Unknown Source:2)
03-17 14:55:31.600 11717 11765 E PhenotypeFlagCommitter: at ljc.run(Unknown Source:0)
03-17 14:55:31.600 11717 11765 E PhenotypeFlagCommitter: at java.util.concurrent.ThreadPoolExecutor.runWorker(ThreadPoolExecutor.java:1137)
03-17 14:55:31.600 11717 11765 E PhenotypeFlagCommitter: at java.util.concurrent.ThreadPoolExecutor$Worker.run(ThreadPoolExecutor.java:637)
03-17 14:55:31.600 11717 11765 E PhenotypeFlagCommitter: at java.lang.Thread.run(Thread.java:1012)
03-17 14:55:31.600 11717 11765 E PhenotypeFlagCommitter: at lhu.run(Unknown Source:5)
03-17 14:55:31.600 11717 11765 E PhenotypeFlagCommitter: Caused by: java.lang.SecurityException: GoogleCertificatesRslt: not allowed: pkg=com.samsung.android.scan3d, sha256=[144e0735b48b4b395e820d53e9a49aa6d308645d42cc69a030aaf8528c51f1ef], atk=false, ver=230914044.true (go/gsrlt)
03-17 14:55:31.600 11717 11765 E PhenotypeFlagCommitter: at android.os.Parcel.createExceptionOrNull(Parcel.java:3023)
03-17 14:55:31.600 11717 11765 E PhenotypeFlagCommitter: at android.os.Parcel.createException(Parcel.java:3007)
03-17 14:55:31.600 11717 11765 E PhenotypeFlagCommitter: at android.os.Parcel.readException(Parcel.java:2990)
03-17 14:55:31.600 11717 11765 E PhenotypeFlagCommitter: at android.os.Parcel.readException(Parcel.java:2932)
03-17 14:55:31.600 11717 11765 E PhenotypeFlagCommitter: at azi.b(Unknown Source:10)
03-17 14:55:31.600 11717 11765 E PhenotypeFlagCommitter: at kzz.a(Unknown Source:38)
03-17 14:55:31.600 11717 11765 E PhenotypeFlagCommitter: at krj.a(Unknown Source:4)
03-17 14:55:31.600 11717 11765 E PhenotypeFlagCommitter: at kpf.c(Unknown Source:6)
03-17 14:55:31.600 11717 11765 E PhenotypeFlagCommitter: at kqd.c(Unknown Source:9)
03-17 14:55:31.600 11717 11765 E PhenotypeFlagCommitter: at kqd.b(Unknown Source:22)
03-17 14:55:31.600 11717 11765 E PhenotypeFlagCommitter: at kqd.e(Unknown Source:28)
03-17 14:55:31.600 11717 11765 E PhenotypeFlagCommitter: at kqd.c(Unknown Source:73)
03-17 14:55:31.600 11717 11765 E PhenotypeFlagCommitter: at kqd.a(Unknown Source:16)
03-17 14:55:31.600 11717 11765 E PhenotypeFlagCommitter: at kse.a(Unknown Source:117)
03-17 14:55:31.600 11717 11765 E PhenotypeFlagCommitter: at kry.c(Unknown Source:89)
03-17 14:55:31.600 11717 11765 E PhenotypeFlagCommitter: at krz.handleMessage(Unknown Source:286)
03-17 14:55:31.600 11717 11765 E PhenotypeFlagCommitter: at android.os.Handler.dispatchMessage(Handler.java:106)
03-17 14:55:31.600 11717 11765 E PhenotypeFlagCommitter: at kxo.a(Unknown Source:0)
03-17 14:55:31.600 11717 11765 E PhenotypeFlagCommitter: at kxo.dispatchMessage(Unknown Source:0)
03-17 14:55:31.600 11717 11765 E PhenotypeFlagCommitter: at android.os.Looper.loopOnce(Looper.java:226)
03-17 14:55:31.600 11717 11765 E PhenotypeFlagCommitter: at android.os.Looper.loop(Looper.java:313)
03-17 14:55:31.600 11717 11765 E PhenotypeFlagCommitter: at android.os.HandlerThread.run(HandlerThread.java:67)
03-17 14:55:31.601 11717 11717 I ViewRootImpl@eb7977[CameraSettingsActivity]: performTraversals params={(0,0)(fillxfill) sim={adjust=resize forwardNavigation} ty=BASE_APPLICATION wanim=0x1030309
03-17 14:55:31.601 11717 11717 I ViewRootImpl@eb7977[CameraSettingsActivity]: fl=81810500
03-17 14:55:31.601 11717 11717 I ViewRootImpl@eb7977[CameraSettingsActivity]: pfl=12020040
03-17 14:55:31.601 11717 11717 I ViewRootImpl@eb7977[CameraSettingsActivity]: bhv=SHOW_TRANSIENT_BARS_BY_SWIPE
03-17 14:55:31.601 11717 11717 I ViewRootImpl@eb7977[CameraSettingsActivity]: fitSides= naviIconColor=0}
03-17 14:55:31.601 11717 11717 I ViewRootImpl@eb7977[CameraSettingsActivity]: performTraversals mFirst=true windowShouldResize=true viewVisibilityChanged=false mForceNextWindowRelayout=false params={(0,0)(fillxfill) sim={adjust=resize forwardNavigation} ty=BASE_APPLICATION wanim=0x1030309
03-17 14:55:31.601 11717 11717 I ViewRootImpl@eb7977[CameraSettingsActivity]: fl=81810500
03-17 14:55:31.601 11717 11717 I ViewRootImpl@eb7977[CameraSettingsActivity]: pfl=12020040
03-17 14:55:31.601 11717 11717 I ViewRootImpl@eb7977[CameraSettingsActivity]: bhv=SHOW_TRANSIENT_BARS_BY_SWIPE
03-17 14:55:31.601 11717 11717 I ViewRootImpl@eb7977[CameraSettingsActivity]: fitSides= naviIconColor=0}
03-17 14:55:31.607 11717 11717 I ViewRootImpl@eb7977[CameraSettingsActivity]: updateBlastSurfaceIfNeeded mBlastBufferQueue=null isSameSurfaceControl=false
03-17 14:55:31.608 11717 11717 I BLASTBufferQueue: new BLASTBufferQueue, mName= ViewRootImpl@eb7977[CameraSettingsActivity] mNativeObject= 0x708434a1f0 sc.mNativeObject= 0x7014357b50 caller= android.view.ViewRootImpl.updateBlastSurfaceIfNeeded:2909 android.view.ViewRootImpl.relayoutWindow:9847 android.view.ViewRootImpl.performTraversals:3884 android.view.ViewRootImpl.doTraversal:3116 android.view.ViewRootImpl$TraversalRunnable.run:10885 android.view.Choreographer$CallbackRecord.run:1301 android.view.Choreographer$CallbackRecord.run:1309 android.view.Choreographer.doCallbacks:923 android.view.Choreographer.doFrame:852 android.view.Choreographer$FrameDisplayEventReceiver.run:1283
03-17 14:55:31.608 11717 11717 I BLASTBufferQueue: update, w= 1440 h= 2901 mName = ViewRootImpl@eb7977[CameraSettingsActivity] mNativeObject= 0x708434a1f0 sc.mNativeObject= 0x7014357b50 format= -1 caller= android.graphics.BLASTBufferQueue.<init>:84 android.view.ViewRootImpl.updateBlastSurfaceIfNeeded:2909 android.view.ViewRootImpl.relayoutWindow:9847 android.view.ViewRootImpl.performTraversals:3884 android.view.ViewRootImpl.doTraversal:3116 android.view.ViewRootImpl$TraversalRunnable.run:10885
03-17 14:55:31.608 11717 11717 I ViewRootImpl@eb7977[CameraSettingsActivity]: Relayout returned: old=(0,139,1440,3040) new=(0,139,1440,3040) req=(1440,2901)0 dur=6 res=0x3 s={true 0x71143b3b40} ch=true seqId=0
03-17 14:55:31.610 11717 11717 I ViewRootImpl@eb7977[CameraSettingsActivity]: mThreadedRenderer.initialize() mSurface={isValid=true 0x71143b3b40} hwInitialized=true
03-17 14:55:31.612 11717 11717 W FontsContract: Platform version of downloadable fonts is deprecated. Please use androidx version instead.
03-17 14:55:31.614 11717 11795 W JankMonitorFacade: PHOTO > rel Δ(result sensor timestamp) = 0.50 > 0.25
03-17 14:55:31.615 11717 11795 W CameraMetadataJV: Expect face scores and rectangles to be non-null
03-17 14:55:31.615 11717 11795 W CameraMetadataJV: Expect face scores and rectangles to be non-null
03-17 14:55:31.615 11717 11795 W CameraMetadataJV: Expect face scores and rectangles to be non-null
03-17 14:55:31.615 11717 11795 W CameraMetadataJV: Expect face scores and rectangles to be non-null
03-17 14:55:31.615 11717 11795 W CameraMetadataJV: Expect face scores and rectangles to be non-null
03-17 14:55:31.615 11717 11795 W CameraMetadataJV: Expect face scores and rectangles to be non-null
03-17 14:55:31.615 11717 11912 E OisListener: Null pointer for OIS data. OIS API version: 2
03-17 14:55:31.615 11717 11795 W CameraMetadataJV: Expect face scores and rectangles to be non-null
03-17 14:55:31.616 11717 11917 W CameraMetadataJV: Expect face scores and rectangles to be non-null
03-17 14:55:31.652 11717 11795 W CameraMetadataJV: Expect face scores and rectangles to be non-null
03-17 14:55:31.652 11717 11795 W CameraMetadataJV: Expect face scores and rectangles to be non-null
03-17 14:55:31.652 11717 11795 W CameraMetadataJV: Expect face scores and rectangles to be non-null
03-17 14:55:31.652 11717 11795 W CameraMetadataJV: Expect face scores and rectangles to be non-null
03-17 14:55:31.652 11717 11795 W CameraMetadataJV: Expect face scores and rectangles to be non-null
03-17 14:55:31.652 11717 11795 W CameraMetadataJV: Expect face scores and rectangles to be non-null
03-17 14:55:31.652 11717 11795 W CameraMetadataJV: Expect face scores and rectangles to be non-null
03-17 14:55:31.652 11717 11912 E OisListener: Null pointer for OIS data. OIS API version: 2
03-17 14:55:31.652 11717 11917 W CameraMetadataJV: Expect face scores and rectangles to be non-null
03-17 14:55:31.681 11717 11717 I ViewRootImpl@eb7977[CameraSettingsActivity]: reportNextDraw android.view.ViewRootImpl.performTraversals:4438 android.view.ViewRootImpl.doTraversal:3116 android.view.ViewRootImpl$TraversalRunnable.run:10885 android.view.Choreographer$CallbackRecord.run:1301 android.view.Choreographer$CallbackRecord.run:1309
03-17 14:55:31.681 11717 11717 I ViewRootImpl@eb7977[CameraSettingsActivity]: Setup new sync id=0
03-17 14:55:31.681 11717 11717 I ViewRootImpl@eb7977[CameraSettingsActivity]: Setting syncFrameCallback
03-17 14:55:31.681 11717 11717 I ViewRootImpl@eb7977[CameraSettingsActivity]: registerCallbacksForSync syncBuffer=false
03-17 14:55:31.683 11717 11912 E OisListener: Null pointer for OIS data. OIS API version: 2
03-17 14:55:31.683 11717 11795 W CameraMetadataJV: Expect face scores and rectangles to be non-null
03-17 14:55:31.683 11717 11917 W CameraMetadataJV: Expect face scores and rectangles to be non-null
03-17 14:55:31.683 11717 11795 W CameraMetadataJV: Expect face scores and rectangles to be non-null
03-17 14:55:31.683 11717 11795 W CameraMetadataJV: Expect face scores and rectangles to be non-null
03-17 14:55:31.683 11717 11795 W CameraMetadataJV: Expect face scores and rectangles to be non-null
03-17 14:55:31.683 11717 11795 W CameraMetadataJV: Expect face scores and rectangles to be non-null
03-17 14:55:31.683 11717 11795 W CameraMetadataJV: Expect face scores and rectangles to be non-null
03-17 14:55:31.683 11717 11795 W CameraMetadataJV: Expect face scores and rectangles to be non-null
03-17 14:55:31.685 11717 11799 I ViewRootImpl@eb7977[CameraSettingsActivity]: Received frameDrawingCallback syncResult=0 frameNum=1.
03-17 14:55:31.685 11717 11799 I ViewRootImpl@eb7977[CameraSettingsActivity]: Setting up sync and frameCommitCallback
03-17 14:55:31.694 11717 11739 I BLASTBufferQueue: [ViewRootImpl@eb7977[CameraSettingsActivity]#3](f:0,a:0) onFrameAvailable the first frame is available
03-17 14:55:31.695 11717 11739 I ViewRootImpl@eb7977[CameraSettingsActivity]: Received frameCommittedCallback lastAttemptedDrawFrameNum=1 didProduceBuffer=true
03-17 14:55:31.696 11717 11739 W Parcel : Expecting binder but got null!
03-17 14:55:31.696 11717 11717 I ViewRootImpl@eb7977[CameraSettingsActivity]: onSyncComplete
03-17 14:55:31.696 11717 11717 I ViewRootImpl@eb7977[CameraSettingsActivity]: setupSync seqId=0 mSyncId=0 fn=1 caller=android.view.ViewRootImpl$ $ExternalSyntheticLambda11.accept:6 android.window.SurfaceSyncer.lambda$setupSync$1$android-window-SurfaceSyncer:128 android.window.SurfaceSyncer$$ExternalSyntheticLambda1.accept:8 android.window.SurfaceSyncer$SyncSet.checkIfSyncIsComplete:382 android.window.SurfaceSyncer$SyncSet.markSyncReady:359 android.window.SurfaceSyncer.markSyncReady:151 android.view.ViewRootImpl.performTraversals:4503
03-17 14:55:31.706 11717 11717 I ViewRootImpl@eb7977[CameraSettingsActivity]: reportDrawFinished seqId=0 mSyncId=-1 fn=1 mSurfaceChangedTransaction=0x704431b790
03-17 14:55:31.707 11717 11717 I ViewRootImpl@54907c9[CameraActivity]: MSG_WINDOW_FOCUS_CHANGED 0 0
03-17 14:55:31.717 11717 11912 E OisListener: Null pointer for OIS data. OIS API version: 2
03-17 14:55:31.718 11717 11917 W CameraMetadataJV: Expect face scores and rectangles to be non-null
03-17 14:55:31.718 11717 11795 W CameraMetadataJV: Expect face scores and rectangles to be non-null
03-17 14:55:31.718 11717 11795 W CameraMetadataJV: Expect face scores and rectangles to be non-null
03-17 14:55:31.719 11717 11795 W CameraMetadataJV: Expect face scores and rectangles to be non-null
03-17 14:55:31.719 11717 11795 W CameraMetadataJV: Expect face scores and rectangles to be non-null
03-17 14:55:31.719 11717 11795 W CameraMetadataJV: Expect face scores and rectangles to be non-null
03-17 14:55:31.720 11717 11795 W CameraMetadataJV: Expect face scores and rectangles to be non-null
03-17 14:55:31.721 11717 11795 W CameraMetadataJV: Expect face scores and rectangles to be non-null
03-17 14:55:31.759 11717 11717 I ViewRootImpl@eb7977[CameraSettingsActivity]: MSG_WINDOW_FOCUS_CHANGED 1 0
03-17 14:55:31.759 11717 11717 I ViewRootImpl@eb7977[CameraSettingsActivity]: mThreadedRenderer.initializeIfNeeded()#2 mSurface={isValid=true 0x71143b3b40}
03-17 14:55:31.760 11717 11717 I InputMethodManager: startInputInner - mService.startInputOrWindowGainedFocus
03-17 14:55:31.783 11717 11795 W JankMonitorFacade: PHOTO > rel Δ(result sensor timestamp) = 1.00 > 0.25
03-17 14:55:31.783 11717 11795 W JankMonitorFacade: PHOTO > result sensor delay = 2.00 > 1.10
03-17 14:55:31.783 11717 11912 E OisListener: Null pointer for OIS data. OIS API version: 2
03-17 14:55:31.783 11717 11795 W CameraMetadataJV: Expect face scores and rectangles to be non-null
03-17 14:55:31.783 11717 11795 W CameraMetadataJV: Expect face scores and rectangles to be non-null
03-17 14:55:31.783 11717 11795 W CameraMetadataJV: Expect face scores and rectangles to be non-null
03-17 14:55:31.783 11717 11795 W CameraMetadataJV: Expect face scores and rectangles to be non-null
03-17 14:55:31.783 11717 11795 W CameraMetadataJV: Expect face scores and rectangles to be non-null
03-17 14:55:31.783 11717 11795 W CameraMetadataJV: Expect face scores and rectangles to be non-null
03-17 14:55:31.784 11717 11795 W CameraMetadataJV: Expect face scores and rectangles to be non-null
03-17 14:55:31.784 11717 11917 W CameraMetadataJV: Expect face scores and rectangles to be non-null
03-17 14:55:31.786 11717 11760 W CameraMetadataJV: Expect face scores and rectangles to be non-null
03-17 14:55:31.817 11717 11795 W JankMonitorFacade: PHOTO > rel Δ(result sensor timestamp) = 0.50 > 0.25
03-17 14:55:31.817 11717 11912 E OisListener: Null pointer for OIS data. OIS API version: 2
03-17 14:55:31.817 11717 11917 W CameraMetadataJV: Expect face scores and rectangles to be non-null
03-17 14:55:31.817 11717 11795 W CameraMetadataJV: Expect face scores and rectangles to be non-null
03-17 14:55:31.817 11717 11795 W CameraMetadataJV: Expect face scores and rectangles to be non-null
03-17 14:55:31.817 11717 11795 W CameraMetadataJV: Expect face scores and rectangles to be non-null
03-17 14:55:31.818 11717 11795 W CameraMetadataJV: Expect face scores and rectangles to be non-null
03-17 14:55:31.818 11717 11795 W CameraMetadataJV: Expect face scores and rectangles to be non-null
03-17 14:55:31.818 11717 11795 W CameraMetadataJV: Expect face scores and rectangles to be non-null
03-17 14:55:31.818 11717 11795 W CameraMetadataJV: Expect face scores and rectangles to be non-null
03-17 14:55:31.853 11717 11912 E OisListener: Null pointer for OIS data. OIS API version: 2
03-17 14:55:31.853 11717 11795 W CameraMetadataJV: Expect face scores and rectangles to be non-null
03-17 14:55:31.853 11717 11795 W CameraMetadataJV: Expect face scores and rectangles to be non-null
03-17 14:55:31.853 11717 11795 W CameraMetadataJV: Expect face scores and rectangles to be non-null
03-17 14:55:31.853 11717 11917 W CameraMetadataJV: Expect face scores and rectangles to be non-null
03-17 14:55:31.853 11717 11795 W CameraMetadataJV: Expect face scores and rectangles to be non-null
03-17 14:55:31.853 11717 11795 W CameraMetadataJV: Expect face scores and rectangles to be non-null
03-17 14:55:31.853 11717 11795 W CameraMetadataJV: Expect face scores and rectangles to be non-null
03-17 14:55:31.853 11717 11795 W CameraMetadataJV: Expect face scores and rectangles to be non-null
03-17 14:55:31.885 11717 11912 E OisListener: Null pointer for OIS data. OIS API version: 2
03-17 14:55:31.885 11717 11795 W CameraMetadataJV: Expect face scores and rectangles to be non-null
03-17 14:55:31.885 11717 11795 W CameraMetadataJV: Expect face scores and rectangles to be non-null
03-17 14:55:31.885 11717 11795 W CameraMetadataJV: Expect face scores and rectangles to be non-null
03-17 14:55:31.885 11717 11795 W CameraMetadataJV: Expect face scores and rectangles to be non-null
03-17 14:55:31.885 11717 11795 W CameraMetadataJV: Expect face scores and rectangles to be non-null
03-17 14:55:31.885 11717 11795 W CameraMetadataJV: Expect face scores and rectangles to be non-null
03-17 14:55:31.886 11717 11917 W CameraMetadataJV: Expect face scores and rectangles to be non-null
03-17 14:55:31.886 11717 11795 W CameraMetadataJV: Expect face scores and rectangles to be non-null
03-17 14:55:31.919 11717 11912 E OisListener: Null pointer for OIS data. OIS API version: 2
03-17 14:55:31.919 11717 11795 W CameraMetadataJV: Expect face scores and rectangles to be non-null
03-17 14:55:31.919 11717 11795 W CameraMetadataJV: Expect face scores and rectangles to be non-null
03-17 14:55:31.919 11717 11795 W CameraMetadataJV: Expect face scores and rectangles to be non-null
03-17 14:55:31.919 11717 11795 W CameraMetadataJV: Expect face scores and rectangles to be non-null
03-17 14:55:31.919 11717 11795 W CameraMetadataJV: Expect face scores and rectangles to be non-null
03-17 14:55:31.919 11717 11795 W CameraMetadataJV: Expect face scores and rectangles to be non-null
03-17 14:55:31.919 11717 11917 W CameraMetadataJV: Expect face scores and rectangles to be non-null
03-17 14:55:31.919 11717 11795 W CameraMetadataJV: Expect face scores and rectangles to be non-null
03-17 14:55:31.990 11717 11795 W JankMonitorFacade: PHOTO > rel Δ(result sensor timestamp) = 1.00 > 0.25
03-17 14:55:31.990 11717 11795 W JankMonitorFacade: PHOTO > result sensor delay = 2.00 > 1.10
03-17 14:55:31.990 11717 11912 E OisListener: Null pointer for OIS data. OIS API version: 2
03-17 14:55:31.990 11717 11795 W CameraMetadataJV: Expect face scores and rectangles to be non-null
03-17 14:55:31.990 11717 11795 W CameraMetadataJV: Expect face scores and rectangles to be non-null
03-17 14:55:31.990 11717 11795 W CameraMetadataJV: Expect face scores and rectangles to be non-null
03-17 14:55:31.991 11717 11795 W CameraMetadataJV: Expect face scores and rectangles to be non-null
03-17 14:55:31.991 11717 11795 W CameraMetadataJV: Expect face scores and rectangles to be non-null
03-17 14:55:31.991 11717 11917 W CameraMetadataJV: Expect face scores and rectangles to be non-null
03-17 14:55:31.991 11717 11795 W CameraMetadataJV: Expect face scores and rectangles to be non-null
03-17 14:55:31.991 11717 11795 W CameraMetadataJV: Expect face scores and rectangles to be non-null
03-17 14:55:32.019 11717 11795 W JankMonitorFacade: PHOTO > rel Δ(result sensor timestamp) = 0.50 > 0.25
03-17 14:55:32.019 11717 11795 W CameraMetadataJV: Expect face scores and rectangles to be non-null
03-17 14:55:32.019 11717 11795 W CameraMetadataJV: Expect face scores and rectangles to be non-null
03-17 14:55:32.019 11717 11795 W CameraMetadataJV: Expect face scores and rectangles to be non-null
03-17 14:55:32.019 11717 11795 W CameraMetadataJV: Expect face scores and rectangles to be non-null
03-17 14:55:32.019 11717 11795 W CameraMetadataJV: Expect face scores and rectangles to be non-null
03-17 14:55:32.019 11717 11795 W CameraMetadataJV: Expect face scores and rectangles to be non-null
03-17 14:55:32.019 11717 11795 W CameraMetadataJV: Expect face scores and rectangles to be non-null
03-17 14:55:32.020 11717 11912 E OisListener: Null pointer for OIS data. OIS API version: 2
03-17 14:55:32.021 11717 11917 W CameraMetadataJV: Expect face scores and rectangles to be non-null
03-17 14:55:32.021 11717 11765 W CameraMetadataJV: Expect face scores and rectangles to be non-null
03-17 14:55:32.061 11717 11795 W CameraMetadataJV: Expect face scores and rectangles to be non-null
03-17 14:55:32.061 11717 11795 W CameraMetadataJV: Expect face scores and rectangles to be non-null
03-17 14:55:32.061 11717 11795 W CameraMetadataJV: Expect face scores and rectangles to be non-null
03-17 14:55:32.062 11717 11912 E OisListener: Null pointer for OIS data. OIS API version: 2
03-17 14:55:32.062 11717 11795 W CameraMetadataJV: Expect face scores and rectangles to be non-null
03-17 14:55:32.062 11717 11795 W CameraMetadataJV: Expect face scores and rectangles to be non-null
03-17 14:55:32.062 11717 11795 W CameraMetadataJV: Expect face scores and rectangles to be non-null
03-17 14:55:32.062 11717 11917 W CameraMetadataJV: Expect face scores and rectangles to be non-null
03-17 14:55:32.063 11717 11795 W CameraMetadataJV: Expect face scores and rectangles to be non-null
03-17 14:55:32.071 11717 11717 I ViewRootImpl@eb7977[CameraSettingsActivity]: ViewPostIme pointer 0
03-17 14:55:32.098 11717 11912 E OisListener: Null pointer for OIS data. OIS API version: 2
03-17 14:55:32.098 11717 11917 W CameraMetadataJV: Expect face scores and rectangles to be non-null
03-17 14:55:32.098 11717 11795 W CameraMetadataJV: Expect face scores and rectangles to be non-null
03-17 14:55:32.098 11717 11795 W CameraMetadataJV: Expect face scores and rectangles to be non-null
03-17 14:55:32.098 11717 11795 W CameraMetadataJV: Expect face scores and rectangles to be non-null
03-17 14:55:32.099 11717 11795 W CameraMetadataJV: Expect face scores and rectangles to be non-null
03-17 14:55:32.099 11717 11795 W CameraMetadataJV: Expect face scores and rectangles to be non-null
03-17 14:55:32.099 11717 11795 W CameraMetadataJV: Expect face scores and rectangles to be non-null
03-17 14:55:32.099 11717 11795 W CameraMetadataJV: Expect face scores and rectangles to be non-null
03-17 14:55:32.120 11717 11795 W CameraMetadataJV: Expect face scores and rectangles to be non-null
03-17 14:55:32.120 11717 11795 W CameraMetadataJV: Expect face scores and rectangles to be non-null
03-17 14:55:32.120 11717 11795 W CameraMetadataJV: Expect face scores and rectangles to be non-null
03-17 14:55:32.120 11717 11912 E OisListener: Null pointer for OIS data. OIS API version: 2
03-17 14:55:32.120 11717 11795 W CameraMetadataJV: Expect face scores and rectangles to be non-null
03-17 14:55:32.120 11717 11795 W CameraMetadataJV: Expect face scores and rectangles to be non-null
03-17 14:55:32.120 11717 11795 W CameraMetadataJV: Expect face scores and rectangles to be non-null
03-17 14:55:32.120 11717 11795 W CameraMetadataJV: Expect face scores and rectangles to be non-null
03-17 14:55:32.121 11717 11917 W CameraMetadataJV: Expect face scores and rectangles to be non-null
03-17 14:55:32.127 11717 11717 I ViewRootImpl@54907c9[CameraActivity]: handleAppVisibility mAppVisible = true visible = false
03-17 14:55:32.141 11717 11717 I ViewRootImpl@eb7977[CameraSettingsActivity]: ViewPostIme pointer 1
03-17 14:55:32.142 11717 11717 I SurfaceView@f6c68cb: onWindowVisibilityChanged(8) false android.view.SurfaceView{f6c68cb V.E...... ........ 0,312-1440,2232} of ViewRootImpl@54907c9[CameraActivity]
03-17 14:55:32.142 11717 11717 I SurfaceView@f6c68cb: Changes: creating=false format=false size=false visible=true alpha=false hint=false mUseAlpha=false visible=true left=false top=false
03-17 14:55:32.143 11717 11717 I SurfaceView@f6c68cb: 258762955 Cur surface: Surface(name=null)/@0xfa98d84
03-17 14:55:32.143 11717 11717 I SurfaceView@f6c68cb: applyTransactionOnVriDraw: vri = ViewRootImpl@54907c9[CameraActivity] fRS = false t = 0x704431a8f0 android.view.SurfaceView.performSurfaceTransaction:959 android.view.SurfaceView.updateSurface:1105 android.view.SurfaceView.onWindowVisibilityChanged:371
03-17 14:55:32.143 11717 11717 I ViewRootImpl@54907c9[CameraActivity]: applyTransactionOnDraw: mRemoved = false isHardwareEnabled = true t = 0x704431a8f0android.view.SurfaceView.applyTransactionOnVriDraw:2048 android.view.SurfaceView.performSurfaceTransaction:959 android.view.SurfaceView.updateSurface:1105 android.view.SurfaceView.onWindowVisibilityChanged:371 android.view.View.dispatchWindowVisibilityChanged:15943
03-17 14:55:32.143 11717 11717 I SurfaceView@f6c68cb: surfaceDestroyed
03-17 14:55:32.143 11717 11717 I SurfaceView@f6c68cb: surfaceDestroyed callback.size 2 #2 android.view.SurfaceView{f6c68cb V.E...... ........ 0,312- 1440,2232}
03-17 14:55:32.144 11717 11717 I SurfaceView@f6c68cb: updateSurface: mVisible = false mSurface.isValid() = true
03-17 14:55:32.144 11717 11717 I SurfaceView@f6c68cb: releaseSurfaces: viewRoot = ViewRootImpl@54907c9[CameraActivity]
03-17 14:55:32.145 11717 11717 I SurfaceView@f6c68cb: applyTransactionOnVriDraw: vri = ViewRootImpl@54907c9[CameraActivity] fRS = true t = 0x704431def0 android.view.SurfaceView.releaseSurfaces:858 android.view.SurfaceView.updateSurface:1172 android.view.SurfaceView.onWindowVisibilityChanged:371
03-17 14:55:32.145 11717 11717 I SurfaceView@f6c68cb: applyTransactionOnVriDraw: viewRoot.applyTransactionOnDrawFromReleaseSurfaces
03-17 14:55:32.145 11717 11717 I ViewRootImpl@54907c9[CameraActivity]: from releaseSurfaces t.apply t = 0x704431def0
03-17 14:55:32.151 11717 11717 I DecorView: notifyKeepScreenOnChanged: keepScreenOn=false
03-17 14:55:32.153 11717 11717 I ViewRootImpl@54907c9[CameraActivity]: performTraversals mFirst=false windowShouldResize=false viewVisibilityChanged=true mForceNextWindowRelayout=false params={(0,0)(fillxfill) sim={state=always_hidden adjust=pan} layoutInDisplayCutoutMode=shortEdges ty=BASE_APPLICATION fmt=TRANSLUCENT wanim=0x1030309 rotAnim=SEAMLESS sysuil=true
03-17 14:55:32.153 11717 11717 I ViewRootImpl@54907c9[CameraActivity]: fl=81810500
03-17 14:55:32.153 11717 11717 I ViewRootImpl@54907c9[CameraActivity]: pfl=12020040
03-17 14:55:32.153 11717 11717 I ViewRootImpl@54907c9[CameraActivity]: vsysui=705
03-17 14:55:32.153 11717 11717 I ViewRootImpl@54907c9[CameraActivity]: apr=LOW_PROFILE_BARS
03-17 14:55:32.153 11717 11717 I ViewRootImpl@54907c9[CameraActivity]: bhv=SHOW_TRANSIENT_BARS_BY_SWIPE
03-17 14:55:32.153 11717 11717 I ViewRootImpl@54907c9[CameraActivity]: fitSides= naviIconColor=0}
03-17 14:55:32.157 11717 11717 I ViewRootImpl@54907c9[CameraActivity]: Relayout returned: old=(0,0,1440,3040) new=(0,0,1440,3040) req=(1440,3040)8 dur=3 res=0x2 s={false 0x0} ch=true seqId=0
03-17 14:55:32.157 11717 11717 I SurfaceView@f6c68cb: windowStopped(true) false android.view.SurfaceView{f6c68cb V.E...... ........ 0,312-1440,2232} of ViewRootImpl@54907c9[CameraActivity]
03-17 14:55:32.157 11717 11717 I SurfaceView@f6c68cb: releaseSurfaces: viewRoot = ViewRootImpl@54907c9[CameraActivity]
03-17 14:55:32.157 11717 11717 I SurfaceView@f6c68cb: applyTransactionOnVriDraw: vri = ViewRootImpl@54907c9[CameraActivity] fRS = true t = 0x7044318610 android.view.SurfaceView.releaseSurfaces:858 android.view.SurfaceView.updateSurface:998 android.view.SurfaceView.setWindowStopped:335
03-17 14:55:32.157 11717 11717 I SurfaceView@f6c68cb: applyTransactionOnVriDraw: viewRoot.applyTransactionOnDrawFromReleaseSurfaces
03-17 14:55:32.157 11717 11717 I ViewRootImpl@54907c9[CameraActivity]: from releaseSurfaces t.apply t = 0x7044318610
03-17 14:55:32.157 11717 11717 I SurfaceView@f6c68cb: releaseSurfaces: viewRoot = ViewRootImpl@54907c9[CameraActivity]
03-17 14:55:32.157 11717 11717 I SurfaceView@f6c68cb: applyTransactionOnVriDraw: vri = ViewRootImpl@54907c9[CameraActivity] fRS = true t = 0x7044319c90 android.view.SurfaceView.releaseSurfaces:858 android.view.SurfaceView.updateSurface:998 android.view.SurfaceView.lambda$new$0$android-view-SurfaceView:200
03-17 14:55:32.157 11717 11717 I SurfaceView@f6c68cb: applyTransactionOnVriDraw: viewRoot.applyTransactionOnDrawFromReleaseSurfaces
03-17 14:55:32.157 11717 11717 I ViewRootImpl@54907c9[CameraActivity]: from releaseSurfaces t.apply t = 0x7044319c90
03-17 14:55:32.159 11717 11717 I ViewRootImpl@54907c9[CameraActivity]: stopped(true) old = false
03-17 14:55:32.159 11717 11717 I ViewRootImpl@54907c9[CameraActivity]: WindowStopped on com.samsung.android.scan3d/com.google.android.apps.camera.legacy.app.activity.main. CameraActivity set to true
03-17 14:55:32.174 11717 11758 W native : tracking_jni.cc:73 Unknown tracker
03-17 14:55:32.174 11717 11758 W native : tracking_jni.cc:258 Stop tracking: tracker cannot be null
03-17 14:55:32.179 11717 11717 I MSHandlerLifeCycle: check: return. Multi-window not supported pkg=com.samsung.android.scan3d
03-17 14:55:32.179 11717 11717 I MSHandlerLifeCycle: removeMultiSplitHandler: no exist. decor=DecorView@92fcefd[CameraActivity]
03-17 14:55:32.195 11717 11717 I SurfaceView@f6c68cb: releaseSurfaces: viewRoot = ViewRootImpl@54907c9[CameraActivity]
03-17 14:55:32.195 11717 11717 I SurfaceView@f6c68cb: applyTransactionOnVriDraw: vri = ViewRootImpl@54907c9[CameraActivity] fRS = true t = 0x70443263b0 android.view.SurfaceView.releaseSurfaces:858 android.view.SurfaceView.updateSurface:998 android.view.SurfaceView.lambda$new$0$android-view-SurfaceView:200
03-17 14:55:32.195 11717 11717 I SurfaceView@f6c68cb: applyTransactionOnVriDraw: viewRoot.applyTransactionOnDrawFromReleaseSurfaces
03-17 14:55:32.195 11717 11717 I ViewRootImpl@54907c9[CameraActivity]: from releaseSurfaces t.apply t = 0x70443263b0
03-17 14:55:32.200 11717 11717 I SurfaceView@f6c68cb: releaseSurfaces: viewRoot = ViewRootImpl@54907c9[CameraActivity]
03-17 14:55:32.200 11717 11717 I SurfaceView@f6c68cb: applyTransactionOnVriDraw: vri = ViewRootImpl@54907c9[CameraActivity] fRS = true t = 0x7044364990 android.view.SurfaceView.releaseSurfaces:858 android.view.SurfaceView.updateSurface:998 android.view.SurfaceView.lambda$new$0$android-view-SurfaceView:200
03-17 14:55:32.200 11717 11717 I SurfaceView@f6c68cb: applyTransactionOnVriDraw: viewRoot.applyTransactionOnDrawFromReleaseSurfaces
03-17 14:55:32.200 11717 11717 I ViewRootImpl@54907c9[CameraActivity]: from releaseSurfaces t.apply t = 0x7044364990
03-17 14:55:32.231 11717 11796 E BufferQueueProducer: [SurfaceView[com.samsung.android.scan3d/com.google.android.apps.camera.legacy.app.a ctivity.main.CameraActivity]@0#1(BLAST Consumer)1] (id:2dc500000004,api:4,p:6117,c:11717) cancelBuffer: BufferQueue has been abandoned
03-17 14:55:32.232 11717 11731 E BufferQueueProducer: [SurfaceView[com.samsung.android.scan3d/com.google.android.apps.camera.legacy.app.a ctivity.main.CameraActivity]@0#1(BLAST Consumer)1] (id:2dc500000004,api:4,p:6117,c:11717) dequeueBuffer: BufferQueue has been abandoned
03-17 14:55:32.234 11717 11796 E BufferQueueProducer: [SurfaceView[com.samsung.android.scan3d/com.google.android.apps.camera.legacy.app.a ctivity.main.CameraActivity]@0#1(BLAST Consumer)1] (id:2dc500000004,api:4,p:6117,c:11717) cancelBuffer: BufferQueue has been abandoned
03-17 14:55:32.235 11717 11796 E BufferQueueProducer: [SurfaceView[com.samsung.android.scan3d/com.google.android.apps.camera.legacy.app.a ctivity.main.CameraActivity]@0#1(BLAST Consumer)1] (id:2dc500000004,api:4,p:6117,c:11717) cancelBuffer: BufferQueue has been abandoned
03-17 14:55:32.236 11717 11796 E BufferQueueProducer: [SurfaceView[com.samsung.android.scan3d/com.google.android.apps.camera.legacy.app.a ctivity.main.CameraActivity]@0#1(BLAST Consumer)1] (id:2dc500000004,api:4,p:6117,c:11717) cancelBuffer: BufferQueue has been abandoned
03-17 14:55:32.237 11717 11796 E BufferQueueProducer: [SurfaceView[com.samsung.android.scan3d/com.google.android.apps.camera.legacy.app.a ctivity.main.CameraActivity]@0#1(BLAST Consumer)1] (id:2dc500000004,api:4,p:6117,c:11717) cancelBuffer: BufferQueue has been abandoned
03-17 14:55:32.238 11717 11731 I CameraManagerGlobal: Camera 0 facing CAMERA_FACING_BACK state now CAMERA_STATE_IDLE for client com.samsung.android.scan3d API Level 2
03-17 14:55:32.251 11717 11776 W .android.scan3d: Long monitor contention with owner Session-Handler (11796) at void android.hardware.camera2.impl.CameraDeviceImpl.flush()(CameraDeviceImpl.java:1425) waiters=0 in void android.hardware.camera2.impl.CameraDeviceImpl$4.run() for 105ms
03-17 14:55:32.253 11717 11796 W CAM_MetadataDst: onCaptureFailed for Frame 76
03-17 14:55:32.253 11717 11796 W CAM_MetadataDst: onCaptureFailed for Frame 77
03-17 14:55:32.253 11717 11796 W CAM_MetadataDst: onCaptureFailed for Frame 78
03-17 14:55:32.253 11717 11796 W CAM_MetadataDst: onCaptureFailed for Frame 81
03-17 14:55:32.253 11717 11796 W CAM_MetadataDst: onCaptureFailed for Frame 79
03-17 14:55:32.253 11717 11796 W CAM_MetadataDst: onCaptureFailed for Frame 80
03-17 14:55:32.668 11717 11717 I ViewRootImpl@9b92167[Toast]: dispatchDetachedFromWindow
03-17 14:55:33.302 11717 12148 I CameraManagerGlobal: Camera 0 facing CAMERA_FACING_BACK state now CAMERA_STATE_CLOSED for client com.samsung.android.scan3d API Level 2
03-17 14:55:33.846 11717 11717 I ViewRootImpl@eb7977[CameraSettingsActivity]: ViewPostIme pointer 0
03-17 14:55:33.886 11717 11717 I ViewRootImpl@eb7977[CameraSettingsActivity]: ViewPostIme pointer 1
03-17 14:55:33.979 11717 11717 I DecorView: [INFO] isPopOver=false config=true
03-17 14:55:33.979 11717 11717 I DecorView: updateCaptionType: isFloating=false isApplication=true hasWindowDecorCaption=false this=DecorView@f369a76[]
03-17 14:55:33.979 11717 11717 I DecorView: getCurrentDensityDpi: from real metrics. densityDpi=560 msg=resources_loaded
03-17 14:55:33.979 11717 11717 I DecorView: setWindowBackground: isPopOver=false color=ff202124 d=android.graphics.drawable.ColorDrawable@4d86ce4
03-17 14:55:34.052 11717 11717 I MSHandlerLifeCycle: check: return. pkg=com.samsung.android.scan3d parent=null callers=com.android.internal.policy.DecorView.setVisibility:4411 android.app.ActivityThread.handleResumeActivity:5476 android.app.servertransaction.ResumeActivityItem.execute:54 android.app.servertransaction.ActivityTransactionItem.execute:45 android.app.servertransaction.TransactionExecutor.executeLifecycleState:176
03-17 14:55:34.052 11717 11717 I MSHandlerLifeCycle: removeMultiSplitHandler: no exist. decor=DecorView@f369a76[]
03-17 14:55:34.056 11717 11717 I DecorView: onImmersiveModeChanged: isStatusBarHidden=true
03-17 14:55:34.066 11717 11717 I ViewRootImpl@982650f[CameraSettingsActivity]: setView = com.android.internal.policy.DecorView@f369a76 TM=true
03-17 14:55:34.067 11717 11717 I MSHandlerLifeCycle: check: return. Multi-window not supported pkg=com.samsung.android.scan3d
03-17 14:55:34.067 11717 11717 I MSHandlerLifeCycle: removeMultiSplitHandler: no exist. decor=DecorView@f369a76[CameraSettingsActivity]
03-17 14:55:34.074 11717 11717 I ViewRootImpl@982650f[CameraSettingsActivity]: performTraversals params={(0,0)(fillxfill) sim={adjust=resize forwardNavigation} ty=BASE_APPLICATION wanim=0x1030309
03-17 14:55:34.074 11717 11717 I ViewRootImpl@982650f[CameraSettingsActivity]: fl=81810500
03-17 14:55:34.074 11717 11717 I ViewRootImpl@982650f[CameraSettingsActivity]: pfl=12020040
03-17 14:55:34.074 11717 11717 I ViewRootImpl@982650f[CameraSettingsActivity]: bhv=SHOW_TRANSIENT_BARS_BY_SWIPE
03-17 14:55:34.074 11717 11717 I ViewRootImpl@982650f[CameraSettingsActivity]: fitSides= naviIconColor=0}
03-17 14:55:34.075 11717 11717 I ViewRootImpl@982650f[CameraSettingsActivity]: performTraversals mFirst=true windowShouldResize=true viewVisibilityChanged=false mForceNextWindowRelayout=false params={(0,0)(fillxfill) sim={adjust=resize forwardNavigation} ty=BASE_APPLICATION wanim=0x1030309
03-17 14:55:34.075 11717 11717 I ViewRootImpl@982650f[CameraSettingsActivity]: fl=81810500
03-17 14:55:34.075 11717 11717 I ViewRootImpl@982650f[CameraSettingsActivity]: pfl=12020040
03-17 14:55:34.075 11717 11717 I ViewRootImpl@982650f[CameraSettingsActivity]: bhv=SHOW_TRANSIENT_BARS_BY_SWIPE
03-17 14:55:34.075 11717 11717 I ViewRootImpl@982650f[CameraSettingsActivity]: fitSides= naviIconColor=0}
03-17 14:55:34.082 11717 11717 I ViewRootImpl@982650f[CameraSettingsActivity]: updateBlastSurfaceIfNeeded mBlastBufferQueue=null isSameSurfaceControl=false
03-17 14:55:34.082 11717 11717 I BLASTBufferQueue: new BLASTBufferQueue, mName= ViewRootImpl@982650f[CameraSettingsActivity] mNativeObject= 0x708433a4d0 sc.mNativeObject= 0x7014375a80 caller= android.view.ViewRootImpl.updateBlastSurfaceIfNeeded:2909 android.view.ViewRootImpl.relayoutWindow:9847 android.view.ViewRootImpl.performTraversals:3884 android.view.ViewRootImpl.doTraversal:3116 android.view.ViewRootImpl$TraversalRunnable.run:10885 android.view.Choreographer$CallbackRecord.run:1301 android.view.Choreographer$CallbackRecord.run:1309 android.view.Choreographer.doCallbacks:923 android.view.Choreographer.doFrame:852 android.view.Choreographer$FrameDisplayEventReceiver.run:1283
03-17 14:55:34.082 11717 11717 I BLASTBufferQueue: update, w= 1440 h= 2901 mName = ViewRootImpl@982650f[CameraSettingsActivity] mNativeObject= 0x708433a4d0 sc.mNativeObject= 0x7014375a80 format= -1 caller= android.graphics.BLASTBufferQueue.<init>:84 android.view.ViewRootImpl.updateBlastSurfaceIfNeeded:2909 android.view.ViewRootImpl.relayoutWindow:9847 android.view.ViewRootImpl.performTraversals:3884 android.view.ViewRootImpl.doTraversal:3116 android.view.ViewRootImpl$TraversalRunnable.run:10885
03-17 14:55:34.083 11717 11717 I ViewRootImpl@982650f[CameraSettingsActivity]: Relayout returned: old=(0,139,1440,3040) new=(0,139,1440,3040) req=(1440,2901)0 dur=7 res=0x3 s={true 0x7114382bd0} ch=true seqId=0
03-17 14:55:34.084 11717 11717 I ViewRootImpl@982650f[CameraSettingsActivity]: mThreadedRenderer.initialize() mSurface={isValid=true 0x7114382bd0} hwInitialized=true
03-17 14:55:34.115 11717 11717 I ViewRootImpl@982650f[CameraSettingsActivity]: reportNextDraw android.view.ViewRootImpl.performTraversals:4438 android.view.ViewRootImpl.doTraversal:3116 android.view.ViewRootImpl$TraversalRunnable.run:10885 android.view.Choreographer$CallbackRecord.run:1301 android.view.Choreographer$CallbackRecord.run:1309
03-17 14:55:34.115 11717 11717 I ViewRootImpl@982650f[CameraSettingsActivity]: Setup new sync id=0
03-17 14:55:34.115 11717 11717 I ViewRootImpl@982650f[CameraSettingsActivity]: Setting syncFrameCallback
03-17 14:55:34.115 11717 11717 I ViewRootImpl@982650f[CameraSettingsActivity]: registerCallbacksForSync syncBuffer=false
03-17 14:55:34.118 11717 11800 I ViewRootImpl@982650f[CameraSettingsActivity]: Received frameDrawingCallback syncResult=0 frameNum=1.
03-17 14:55:34.118 11717 11800 I ViewRootImpl@982650f[CameraSettingsActivity]: Setting up sync and frameCommitCallback
03-17 14:55:34.122 11717 11739 I BLASTBufferQueue: [ViewRootImpl@982650f[CameraSettingsActivity]#4](f:0,a:0) onFrameAvailable the first frame is available
03-17 14:55:34.122 11717 11739 I ViewRootImpl@982650f[CameraSettingsActivity]: Received frameCommittedCallback lastAttemptedDrawFrameNum=1 didProduceBuffer=true
03-17 14:55:34.122 11717 11739 W Parcel : Expecting binder but got null!
03-17 14:55:34.123 11717 11717 I ViewRootImpl@982650f[CameraSettingsActivity]: onSyncComplete
03-17 14:55:34.123 11717 11717 I ViewRootImpl@982650f[CameraSettingsActivity]: setupSync seqId=0 mSyncId=0 fn=1 caller=android.view.ViewRootImpl$ $ExternalSyntheticLambda11.accept:6 android.window.SurfaceSyncer.lambda$setupSync$1$android-window-SurfaceSyncer:128 android.window.SurfaceSyncer$$ExternalSyntheticLambda1.accept:8 android.window.SurfaceSyncer$SyncSet.checkIfSyncIsComplete:382 android.window.SurfaceSyncer$SyncSet.markSyncReady:359 android.window.SurfaceSyncer.markSyncReady:151 android.view.ViewRootImpl.performTraversals:4503
03-17 14:55:34.123 11717 11717 I ViewRootImpl@982650f[CameraSettingsActivity]: reportDrawFinished seqId=0 mSyncId=-1 fn=1 mSurfaceChangedTransaction=0x704431ac50
03-17 14:55:34.125 11717 11717 I ViewRootImpl@eb7977[CameraSettingsActivity]: MSG_WINDOW_FOCUS_CHANGED 0 0
03-17 14:55:34.167 11717 11717 I ViewRootImpl@982650f[CameraSettingsActivity]: MSG_WINDOW_FOCUS_CHANGED 1 0
03-17 14:55:34.167 11717 11717 I ViewRootImpl@982650f[CameraSettingsActivity]: mThreadedRenderer.initializeIfNeeded()#2 mSurface={isValid=true 0x7114382bd0}
03-17 14:55:34.168 11717 11717 I InputMethodManager: startInputInner - mService.startInputOrWindowGainedFocus
03-17 14:55:34.536 11717 11717 I ViewRootImpl@eb7977[CameraSettingsActivity]: handleAppVisibility mAppVisible = true visible = false
03-17 14:55:34.554 11717 11717 I ViewRootImpl@eb7977[CameraSettingsActivity]: performTraversals mFirst=false windowShouldResize=false viewVisibilityChanged=true mForceNextWindowRelayout=false params=null
03-17 14:55:34.559 11717 11717 I ViewRootImpl@eb7977[CameraSettingsActivity]: Relayout returned: old=(0,139,1440,3040) new=(0,139,1440,3040) req=(1440,2901)8 dur=4 res=0x2 s={false 0x0} ch=true seqId=0
03-17 14:55:34.560 11717 11717 I ViewRootImpl@eb7977[CameraSettingsActivity]: stopped(true) old = false
03-17 14:55:34.560 11717 11717 I ViewRootImpl@eb7977[CameraSettingsActivity]: WindowStopped on com.samsung.android.scan3d/com.google.android.apps.camera.legacy.app.settings.Camer aSettingsActivity set to true
03-17 14:55:34.565 11717 11717 I MSHandlerLifeCycle: check: return. Multi-window not supported pkg=com.samsung.android.scan3d
03-17 14:55:34.565 11717 11717 I MSHandlerLifeCycle: removeMultiSplitHandler: no exist. decor=DecorView@cfd2a3e[CameraSettingsActivity]
03-17 14:55:34.570 11717 11717 I ViewRootImpl@eb7977[CameraSettingsActivity]: performTraversals mFirst=false windowShouldResize=false viewVisibilityChanged=false mForceNextWindowRelayout=false params={(0,0)(fillxfill) sim={adjust=pan} ty=BASE_APPLICATION wanim=0x1030309
03-17 14:55:34.570 11717 11717 I ViewRootImpl@eb7977[CameraSettingsActivity]: fl=81810500
03-17 14:55:34.570 11717 11717 I ViewRootImpl@eb7977[CameraSettingsActivity]: pfl=12020040
03-17 14:55:34.570 11717 11717 I ViewRootImpl@eb7977[CameraSettingsActivity]: bhv=SHOW_TRANSIENT_BARS_BY_SWIPE
03-17 14:55:34.570 11717 11717 I ViewRootImpl@eb7977[CameraSettingsActivity]: fitSides= naviIconColor=0}
03-17 14:55:34.574 11717 11717 I ViewRootImpl@eb7977[CameraSettingsActivity]: Relayout returned: old=(0,139,1440,3040) new=(0,139,1440,3040) req=(1440,2901)8 dur=4 res=0x2 s={false 0x0} ch=false seqId=0
03-17 14:55:35.099 11717 11717 I ViewRootImpl@982650f[CameraSettingsActivity]: ViewPostIme key 0
03-17 14:55:35.161 11717 11717 I ViewRootImpl@982650f[CameraSettingsActivity]: ViewPostIme key 1
