03-17 14:46:26.809 3767 3882 W CameraMetadataJV: Expect face scores and rectangles to be non-null
03-17 14:46:26.810 3767 3882 W CameraMetadataJV: Expect face scores and rectangles to be non-null
03-17 14:46:26.810 3767 3882 W CameraMetadataJV: Expect face scores and rectangles to be non-null
03-17 14:46:26.810 3767 3882 W CameraMetadataJV: Expect face scores and rectangles to be non-null
03-17 14:46:26.810 3767 3882 W CameraMetadataJV: Expect face scores and rectangles to be non-null
03-17 14:46:26.810 3767 3882 W CameraMetadataJV: Expect face scores and rectangles to be non-null
03-17 14:46:26.838 3767 3882 W CameraMetadataJV: Expect face scores and rectangles to be non-null
03-17 14:46:26.838 3767 3882 W CameraMetadataJV: Expect face scores and rectangles to be non-null
03-17 14:46:26.838 3767 3882 W CameraMetadataJV: Expect face scores and rectangles to be non-null
03-17 14:46:26.838 3767 3882 W CameraMetadataJV: Expect face scores and rectangles to be non-null
03-17 14:46:26.838 3767 3882 W CameraMetadataJV: Expect face scores and rectangles to be non-null
03-17 14:46:26.838 3767 3882 W CameraMetadataJV: Expect face scores and rectangles to be non-null
03-17 14:46:26.838 3767 3991 E OisListener: Null pointer for OIS data. OIS API version: 2
03-17 14:46:26.838 3767 3882 W CameraMetadataJV: Expect face scores and rectangles to be non-null
03-17 14:46:26.839 3767 3992 W CameraMetadataJV: Expect face scores and rectangles to be non-null
03-17 14:46:26.845 3767 3776 I .android.scan3d: NativeAlloc concurrent copying GC freed 154016(4387KB) AllocSpace objects, 6(17MB) LOS objects, 49% free, 9779KB/19MB, paused 57us,51us total 106.093ms
03-17 14:46:26.889 3767 3775 I .android.scan3d: Compiler allocated 6133KB to compile void android.view.ViewRootImpl.performTraversals()
03-17 14:46:26.889 3767 3991 E OisListener: Null pointer for OIS data. OIS API version: 2
03-17 14:46:26.889 3767 3992 W CameraMetadataJV: Expect face scores and rectangles to be non-null
03-17 14:46:26.891 3767 3882 W JankMonitorFacade: PHOTO > rel Δ(result sensor timestamp) = 1.00 > 0.25
03-17 14:46:26.895 3767 3882 W JankMonitorFacade: PHOTO > result sensor delay = 2.00 > 1.10
03-17 14:46:26.896 3767 3882 W CameraMetadataJV: Expect face scores and rectangles to be non-null
03-17 14:46:26.896 3767 3882 W CameraMetadataJV: Expect face scores and rectangles to be non-null
03-17 14:46:26.896 3767 3882 W CameraMetadataJV: Expect face scores and rectangles to be non-null
03-17 14:46:26.897 3767 3882 W CameraMetadataJV: Expect face scores and rectangles to be non-null
03-17 14:46:26.897 3767 3882 W CameraMetadataJV: Expect face scores and rectangles to be non-null
03-17 14:46:26.897 3767 3882 W CameraMetadataJV: Expect face scores and rectangles to be non-null
03-17 14:46:26.897 3767 3882 W CameraMetadataJV: Expect face scores and rectangles to be non-null
03-17 14:46:26.935 3767 3991 E OisListener: Null pointer for OIS data. OIS API version: 2
03-17 14:46:26.936 3767 3992 W CameraMetadataJV: Expect face scores and rectangles to be non-null
03-17 14:46:26.937 3767 3882 W JankMonitorFacade: PHOTO > rel Δ(result sensor timestamp) = 0.50 > 0.25
03-17 14:46:26.940 3767 3882 W CameraMetadataJV: Expect face scores and rectangles to be non-null
03-17 14:46:26.940 3767 3882 W CameraMetadataJV: Expect face scores and rectangles to be non-null
03-17 14:46:26.940 3767 3882 W CameraMetadataJV: Expect face scores and rectangles to be non-null
03-17 14:46:26.940 3767 3882 W CameraMetadataJV: Expect face scores and rectangles to be non-null
03-17 14:46:26.940 3767 3882 W CameraMetadataJV: Expect face scores and rectangles to be non-null
03-17 14:46:26.940 3767 3882 W CameraMetadataJV: Expect face scores and rectangles to be non-null
03-17 14:46:26.941 3767 3882 W CameraMetadataJV: Expect face scores and rectangles to be non-null
03-17 14:46:26.944 3767 3835 W CameraMetadataJV: Expect face scores and rectangles to be non-null
03-17 14:46:26.997 3767 3882 W JankMonitorFacade: PHOTO > rel Δ(result sensor timestamp) = 1.00 > 0.25
03-17 14:46:26.997 3767 3882 W JankMonitorFacade: PHOTO > result sensor delay = 2.00 > 1.10
03-17 14:46:26.997 3767 3882 W CameraMetadataJV: Expect face scores and rectangles to be non-null
03-17 14:46:26.997 3767 3882 W CameraMetadataJV: Expect face scores and rectangles to be non-null
03-17 14:46:26.997 3767 3882 W CameraMetadataJV: Expect face scores and rectangles to be non-null
03-17 14:46:26.997 3767 3882 W CameraMetadataJV: Expect face scores and rectangles to be non-null
03-17 14:46:26.997 3767 3882 W CameraMetadataJV: Expect face scores and rectangles to be non-null
03-17 14:46:26.997 3767 3882 W CameraMetadataJV: Expect face scores and rectangles to be non-null
03-17 14:46:26.997 3767 3882 W CameraMetadataJV: Expect face scores and rectangles to be non-null
03-17 14:46:26.998 3767 3991 E OisListener: Null pointer for OIS data. OIS API version: 2
03-17 14:46:26.998 3767 3992 W CameraMetadataJV: Expect face scores and rectangles to be non-null
03-17 14:46:27.057 3767 3991 E OisListener: Null pointer for OIS data. OIS API version: 2
03-17 14:46:27.058 3767 3882 W JankMonitorFacade: PHOTO > result sensor delay = 2.00 > 1.10
03-17 14:46:27.058 3767 3882 W CameraMetadataJV: Expect face scores and rectangles to be non-null
03-17 14:46:27.058 3767 3882 W CameraMetadataJV: Expect face scores and rectangles to be non-null
03-17 14:46:27.058 3767 3992 W CameraMetadataJV: Expect face scores and rectangles to be non-null
03-17 14:46:27.058 3767 3882 W CameraMetadataJV: Expect face scores and rectangles to be non-null
03-17 14:46:27.058 3767 3882 W CameraMetadataJV: Expect face scores and rectangles to be non-null
03-17 14:46:27.058 3767 3882 W CameraMetadataJV: Expect face scores and rectangles to be non-null
03-17 14:46:27.058 3767 3882 W CameraMetadataJV: Expect face scores and rectangles to be non-null
03-17 14:46:27.059 3767 3882 W CameraMetadataJV: Expect face scores and rectangles to be non-null
03-17 14:46:27.102 3767 3991 E OisListener: Null pointer for OIS data. OIS API version: 2
03-17 14:46:27.102 3767 3992 W CameraMetadataJV: Expect face scores and rectangles to be non-null
03-17 14:46:27.103 3767 3882 W JankMonitorFacade: PHOTO > rel Δ(result sensor timestamp) = 0.50 > 0.25
03-17 14:46:27.103 3767 3882 W CameraMetadataJV: Expect face scores and rectangles to be non-null
03-17 14:46:27.103 3767 3882 W CameraMetadataJV: Expect face scores and rectangles to be non-null
03-17 14:46:27.103 3767 3882 W CameraMetadataJV: Expect face scores and rectangles to be non-null
03-17 14:46:27.104 3767 3882 W CameraMetadataJV: Expect face scores and rectangles to be non-null
03-17 14:46:27.104 3767 3882 W CameraMetadataJV: Expect face scores and rectangles to be non-null
03-17 14:46:27.104 3767 3882 W CameraMetadataJV: Expect face scores and rectangles to be non-null
03-17 14:46:27.110 3767 3882 W CameraMetadataJV: Expect face scores and rectangles to be non-null
03-17 14:46:27.134 3767 3991 E OisListener: Null pointer for OIS data. OIS API version: 2
03-17 14:46:27.134 3767 3992 W CameraMetadataJV: Expect face scores and rectangles to be non-null
03-17 14:46:27.135 3767 3882 W CameraMetadataJV: Expect face scores and rectangles to be non-null
03-17 14:46:27.135 3767 3882 W CameraMetadataJV: Expect face scores and rectangles to be non-null
03-17 14:46:27.135 3767 3882 W CameraMetadataJV: Expect face scores and rectangles to be non-null
03-17 14:46:27.135 3767 3882 W CameraMetadataJV: Expect face scores and rectangles to be non-null
03-17 14:46:27.135 3767 3882 W CameraMetadataJV: Expect face scores and rectangles to be non-null
03-17 14:46:27.135 3767 3882 W CameraMetadataJV: Expect face scores and rectangles to be non-null
03-17 14:46:27.136 3767 3882 W CameraMetadataJV: Expect face scores and rectangles to be non-null
03-17 14:46:27.151 3767 3909 W PlatformVersion: Build version must be at least 5954562 to support R in gmscore
03-17 14:46:27.162 3767 3882 W CameraMetadataJV: Expect face scores and rectangles to be non-null
03-17 14:46:27.162 3767 3882 W CameraMetadataJV: Expect face scores and rectangles to be non-null
03-17 14:46:27.162 3767 3882 W CameraMetadataJV: Expect face scores and rectangles to be non-null
03-17 14:46:27.162 3767 3882 W CameraMetadataJV: Expect face scores and rectangles to be non-null
03-17 14:46:27.162 3767 3882 W CameraMetadataJV: Expect face scores and rectangles to be non-null
03-17 14:46:27.162 3767 3882 W CameraMetadataJV: Expect face scores and rectangles to be non-null
03-17 14:46:27.163 3767 3882 W CameraMetadataJV: Expect face scores and rectangles to be non-null
03-17 14:46:27.167 3767 3991 E OisListener: Null pointer for OIS data. OIS API version: 2
03-17 14:46:27.167 3767 4197 W .android.scan3d: Accessing hidden field Ljava/util/Collections$SynchronizedCollection;->mutex:Ljava/lang/Object; (max- target-o, reflection, denied)
03-17 14:46:27.167 3767 4197 W .android.scan3d: Accessing hidden field Ljava/util/Collections$SynchronizedCollection;->c:Ljava/util/Collection; (unsupported, reflection, allowed)
03-17 14:46:27.167 3767 4197 W .android.scan3d: Accessing hidden method Ljava/util/Collections$SynchronizedSet;-><init>(Ljava/util/Set;Ljava/lang/Object;)V (max-target-o, reflection, denied)
03-17 14:46:27.167 3767 4197 W .android.scan3d: Accessing hidden method Ljava/util/Collections$SynchronizedCollection;-><init>(Ljava/util/ Collection;Ljava/lang/Object;)V (max-target-o, reflection, denied)
03-17 14:46:27.167 3767 3992 W CameraMetadataJV: Expect face scores and rectangles to be non-null
03-17 14:46:27.228 3767 3991 E OisListener: Null pointer for OIS data. OIS API version: 2
03-17 14:46:27.228 3767 3992 W CameraMetadataJV: Expect face scores and rectangles to be non-null
03-17 14:46:27.230 3767 3882 W JankMonitorFacade: PHOTO > rel Δ(result sensor timestamp) = 1.00 > 0.25
03-17 14:46:27.231 3767 3882 W JankMonitorFacade: PHOTO > result sensor delay = 2.00 > 1.10
03-17 14:46:27.232 3767 3882 W CameraMetadataJV: Expect face scores and rectangles to be non-null
03-17 14:46:27.232 3767 3882 W CameraMetadataJV: Expect face scores and rectangles to be non-null
03-17 14:46:27.232 3767 3882 W CameraMetadataJV: Expect face scores and rectangles to be non-null
03-17 14:46:27.232 3767 3882 W CameraMetadataJV: Expect face scores and rectangles to be non-null
03-17 14:46:27.232 3767 3882 W CameraMetadataJV: Expect face scores and rectangles to be non-null
03-17 14:46:27.232 3767 3882 W CameraMetadataJV: Expect face scores and rectangles to be non-null
03-17 14:46:27.233 3767 3882 W CameraMetadataJV: Expect face scores and rectangles to be non-null
03-17 14:46:27.235 3767 3835 W CameraMetadataJV: Expect face scores and rectangles to be non-null
03-17 14:46:27.241 3767 4204 W libgcam : [shot_helper.cc:360]: CheckFrameDuration: Unexpected timestamp gap between payload frames 9 and 8 (of 10). Expected 34.5 ms gap; actual gap was 66.7 ms. This could indicate dropped frames.
03-17 14:46:27.242 3767 4204 W libgcam : [shot_helper.cc:360]: CheckFrameDuration: Unexpected timestamp gap between payload frames 8 and 7 (of 10). Expected 34.5 ms gap; actual gap was 66.7 ms. This could indicate dropped frames.
03-17 14:46:27.242 3767 4204 W libgcam : [shot_helper.cc:360]: CheckFrameDuration: Unexpected timestamp gap between payload frames 4 and 3 (of 10). Expected 34.5 ms gap; actual gap was 66.7 ms. This could indicate dropped frames.
03-17 14:46:27.242 3767 4204 W libgcam : [shot_helper.cc:360]: CheckFrameDuration: Unexpected timestamp gap between payload frames 3 and 2 (of 10). Expected 34.5 ms gap; actual gap was 66.7 ms. This could indicate dropped frames.
03-17 14:46:27.242 3767 4132 W CameraMetadataJV: Expect face scores and rectangles to be non-null
03-17 14:46:27.245 3767 4204 E libgcam : [camera_motion_blur_estimator.cc:54]: EstimateCameraMotionBlur: Can't estimate camera motion blur, because gyro data is missing.
03-17 14:46:27.247 3767 4204 E libgcam : [camera_motion_blur_estimator.cc:54]: EstimateCameraMotionBlur: Can't estimate camera motion blur, because gyro data is missing.
03-17 14:46:27.249 3767 4204 E libgcam : [camera_motion_blur_estimator.cc:54]: EstimateCameraMotionBlur: Can't estimate camera motion blur, because gyro data is missing.
03-17 14:46:27.251 3767 4204 E libgcam : [camera_motion_blur_estimator.cc:54]: EstimateCameraMotionBlur: Can't estimate camera motion blur, because gyro data is missing.
03-17 14:46:27.301 3767 3991 E OisListener: Null pointer for OIS data. OIS API version: 2
03-17 14:46:27.301 3767 3882 W JankMonitorFacade: PHOTO > result sensor delay = 2.00 > 1.10
03-17 14:46:27.302 3767 3992 W CameraMetadataJV: Expect face scores and rectangles to be non-null
03-17 14:46:27.303 3767 3882 W CameraMetadataJV: Expect face scores and rectangles to be non-null
03-17 14:46:27.303 3767 3882 W CameraMetadataJV: Expect face scores and rectangles to be non-null
03-17 14:46:27.303 3767 3882 W CameraMetadataJV: Expect face scores and rectangles to be non-null
03-17 14:46:27.304 3767 3882 W CameraMetadataJV: Expect face scores and rectangles to be non-null
03-17 14:46:27.304 3767 3882 W CameraMetadataJV: Expect face scores and rectangles to be non-null
03-17 14:46:27.304 3767 3882 W CameraMetadataJV: Expect face scores and rectangles to be non-null
03-17 14:46:27.304 3767 3882 W CameraMetadataJV: Expect face scores and rectangles to be non-null
03-17 14:46:27.347 3767 3991 E OisListener: Null pointer for OIS data. OIS API version: 2
03-17 14:46:27.349 3767 3882 W JankMonitorFacade: PHOTO > rel Δ(result sensor timestamp) = 0.50 > 0.25
03-17 14:46:27.350 3767 3882 W CameraMetadataJV: Expect face scores and rectangles to be non-null
03-17 14:46:27.350 3767 3882 W CameraMetadataJV: Expect face scores and rectangles to be non-null
03-17 14:46:27.350 3767 3882 W CameraMetadataJV: Expect face scores and rectangles to be non-null
03-17 14:46:27.350 3767 3882 W CameraMetadataJV: Expect face scores and rectangles to be non-null
03-17 14:46:27.351 3767 3882 W CameraMetadataJV: Expect face scores and rectangles to be non-null
03-17 14:46:27.351 3767 3882 W CameraMetadataJV: Expect face scores and rectangles to be non-null
03-17 14:46:27.351 3767 3992 W CameraMetadataJV: Expect face scores and rectangles to be non-null
03-17 14:46:27.353 3767 3882 W CameraMetadataJV: Expect face scores and rectangles to be non-null
03-17 14:46:27.360 3767 4204 E libgcam : [camera_motion_blur_estimator.cc:54]: EstimateCameraMotionBlur: Can't estimate camera motion blur, because gyro data is missing.
03-17 14:46:27.362 3767 4204 E libgcam : [camera_motion_blur_estimator.cc:54]: EstimateCameraMotionBlur: Can't estimate camera motion blur, because gyro data is missing.
03-17 14:46:27.364 3767 4204 E libgcam : [camera_motion_blur_estimator.cc:54]: EstimateCameraMotionBlur: Can't estimate camera motion blur, because gyro data is missing.
03-17 14:46:27.366 3767 4204 E libgcam : [camera_motion_blur_estimator.cc:54]: EstimateCameraMotionBlur: Can't estimate camera motion blur, because gyro data is missing.
03-17 14:46:27.368 3767 3767 W CAM_SocialShare: CaptureSessionListener.onSessionCaptureIndicatorUpdate
03-17 14:46:27.377 3767 4214 E CAM_CAM_InflFallbackSvr: Could not create directory /storage/emulated/0/DCIM/Camera/.inflight_lowres
03-17 14:46:27.381 3767 3882 W CameraMetadataJV: Expect face scores and rectangles to be non-null
03-17 14:46:27.381 3767 3991 E OisListener: Null pointer for OIS data. OIS API version: 2
03-17 14:46:27.381 3767 3882 W CameraMetadataJV: Expect face scores and rectangles to be non-null
03-17 14:46:27.381 3767 3882 W CameraMetadataJV: Expect face scores and rectangles to be non-null
03-17 14:46:27.382 3767 3882 W CameraMetadataJV: Expect face scores and rectangles to be non-null
03-17 14:46:27.382 3767 3882 W CameraMetadataJV: Expect face scores and rectangles to be non-null
03-17 14:46:27.382 3767 3882 W CameraMetadataJV: Expect face scores and rectangles to be non-null
03-17 14:46:27.383 3767 3992 W CameraMetadataJV: Expect face scores and rectangles to be non-null
03-17 14:46:27.384 3767 3882 W CameraMetadataJV: Expect face scores and rectangles to be non-null
03-17 14:46:27.410 3767 3991 E OisListener: Null pointer for OIS data. OIS API version: 2
03-17 14:46:27.411 3767 3882 W CameraMetadataJV: Expect face scores and rectangles to be non-null
03-17 14:46:27.411 3767 3882 W CameraMetadataJV: Expect face scores and rectangles to be non-null
03-17 14:46:27.412 3767 3882 W CameraMetadataJV: Expect face scores and rectangles to be non-null
03-17 14:46:27.412 3767 3882 W CameraMetadataJV: Expect face scores and rectangles to be non-null
03-17 14:46:27.412 3767 3882 W CameraMetadataJV: Expect face scores and rectangles to be non-null
03-17 14:46:27.412 3767 3882 W CameraMetadataJV: Expect face scores and rectangles to be non-null
03-17 14:46:27.414 3767 3992 W CameraMetadataJV: Expect face scores and rectangles to be non-null
03-17 14:46:27.415 3767 3882 W CameraMetadataJV: Expect face scores and rectangles to be non-null
03-17 14:46:27.447 3767 3767 I ViewRootImpl@b0b9141[CameraActivity]: ViewPostIme pointer 0
03-17 14:46:27.451 3767 3767 I GestureDetector: obtain mCurrentDownEvent. id: 26540672 caller: idj.onTouch:2 android.view.View.dispatchTouchEvent:15540 com.google.android.apps.camera.bottombar.RoundedThumbnailView.dispatchTouchEvent:24
03-17 14:46:27.462 3767 3882 W JankMonitorFacade: PHOTO > rel Δ(result sensor timestamp) = 1.00 > 0.25
03-17 14:46:27.463 3767 3882 W JankMonitorFacade: PHOTO > result sensor delay = 2.00 > 1.10
03-17 14:46:27.463 3767 3991 E OisListener: Null pointer for OIS data. OIS API version: 2
03-17 14:46:27.463 3767 3882 W CameraMetadataJV: Expect face scores and rectangles to be non-null
03-17 14:46:27.463 3767 3882 W CameraMetadataJV: Expect face scores and rectangles to be non-null
03-17 14:46:27.463 3767 3882 W CameraMetadataJV: Expect face scores and rectangles to be non-null
03-17 14:46:27.463 3767 3882 W CameraMetadataJV: Expect face scores and rectangles to be non-null
03-17 14:46:27.463 3767 3882 W CameraMetadataJV: Expect face scores and rectangles to be non-null
03-17 14:46:27.463 3767 3882 W CameraMetadataJV: Expect face scores and rectangles to be non-null
03-17 14:46:27.463 3767 3882 W CameraMetadataJV: Expect face scores and rectangles to be non-null
03-17 14:46:27.463 3767 3992 W CameraMetadataJV: Expect face scores and rectangles to be non-null
03-17 14:46:27.464 3767 4045 I ViewRootImpl@b0b9141[CameraActivity]: Resizing android.view.ViewRootImpl@579a2a5: frame = [0,0][1440,3040] reportDraw = false forceLayout = false syncSeqId = 0
03-17 14:46:27.466 3767 3767 I ViewRootImpl@b0b9141[CameraActivity]: handleResized, msg = 4 frames=ClientWindowFrames{frame=[0,0][1440,3040] display=[0,0][1440,3040] parentFrame=[0,0][0,0] parentClippedByDisplayCutout=false} forceNextWindowRelayout=false displayId=0 resizeMode=-1 frameChanged=false displayFrameChanged=false configChanged=false displayChanged=false
03-17 14:46:27.474 3767 3767 I GestureDetector: obtain mCurrentMotionEventRaw. action: 2 id: 760101862
03-17 14:46:27.503 3767 3767 I ViewRootImpl@b0b9141[CameraActivity]: ViewPostIme pointer 1
03-17 14:46:27.524 3767 3882 W JankMonitorFacade: PHOTO > result sensor delay = 2.00 > 1.10
03-17 14:46:27.524 3767 3882 W CameraMetadataJV: Expect face scores and rectangles to be non-null
03-17 14:46:27.525 3767 3882 W CameraMetadataJV: Expect face scores and rectangles to be non-null
03-17 14:46:27.525 3767 3882 W CameraMetadataJV: Expect face scores and rectangles to be non-null
03-17 14:46:27.525 3767 3991 E OisListener: Null pointer for OIS data. OIS API version: 2
03-17 14:46:27.525 3767 3882 W CameraMetadataJV: Expect face scores and rectangles to be non-null
03-17 14:46:27.525 3767 3882 W CameraMetadataJV: Expect face scores and rectangles to be non-null
03-17 14:46:27.525 3767 3882 W CameraMetadataJV: Expect face scores and rectangles to be non-null
03-17 14:46:27.525 3767 3992 W CameraMetadataJV: Expect face scores and rectangles to be non-null
03-17 14:46:27.526 3767 3882 W CameraMetadataJV: Expect face scores and rectangles to be non-null
03-17 14:46:27.530 3767 3839 W CameraMetadataJV: Expect face scores and rectangles to be non-null
03-17 14:46:27.560 3767 3991 E OisListener: Null pointer for OIS data. OIS API version: 2
03-17 14:46:27.560 3767 3992 W CameraMetadataJV: Expect face scores and rectangles to be non-null
03-17 14:46:27.561 3767 3882 W JankMonitorFacade: PHOTO > rel Δ(result sensor timestamp) = 0.50 > 0.25
03-17 14:46:27.561 3767 3882 W CameraMetadataJV: Expect face scores and rectangles to be non-null
03-17 14:46:27.561 3767 3882 W CameraMetadataJV: Expect face scores and rectangles to be non-null
03-17 14:46:27.561 3767 3882 W CameraMetadataJV: Expect face scores and rectangles to be non-null
03-17 14:46:27.562 3767 3882 W CameraMetadataJV: Expect face scores and rectangles to be non-null
03-17 14:46:27.562 3767 3882 W CameraMetadataJV: Expect face scores and rectangles to be non-null
03-17 14:46:27.562 3767 3882 W CameraMetadataJV: Expect face scores and rectangles to be non-null
03-17 14:46:27.568 3767 3882 W CameraMetadataJV: Expect face scores and rectangles to be non-null
03-17 14:46:27.611 3767 3991 E OisListener: Null pointer for OIS data. OIS API version: 2
03-17 14:46:27.611 3767 3882 W CameraMetadataJV: Expect face scores and rectangles to be non-null
03-17 14:46:27.611 3767 3992 W CameraMetadataJV: Expect face scores and rectangles to be non-null
03-17 14:46:27.611 3767 3882 W CameraMetadataJV: Expect face scores and rectangles to be non-null
03-17 14:46:27.611 3767 3882 W CameraMetadataJV: Expect face scores and rectangles to be non-null
03-17 14:46:27.611 3767 3882 W CameraMetadataJV: Expect face scores and rectangles to be non-null
03-17 14:46:27.611 3767 3882 W CameraMetadataJV: Expect face scores and rectangles to be non-null
03-17 14:46:27.611 3767 3882 W CameraMetadataJV: Expect face scores and rectangles to be non-null
03-17 14:46:27.612 3767 3882 W CameraMetadataJV: Expect face scores and rectangles to be non-null
03-17 14:46:27.613 3767 3767 W Resources: Drawable com.samsung.android.scan3d:drawable/notification_dot has unresolved theme attributes! Consider using Resources.getDrawable(int, Theme) or Context.getDrawable(int).
03-17 14:46:27.613 3767 3767 W Resources: java.lang.RuntimeException
03-17 14:46:27.613 3767 3767 W Resources: at android.content.res.Resources.getDrawable(Resources.java:967)
03-17 14:46:27.613 3767 3767 W Resources: at jiw.a(Unknown Source:38)
03-17 14:46:27.613 3767 3767 W Resources: at ibw.onLayoutChange(Unknown Source:58)
03-17 14:46:27.613 3767 3767 W Resources: at android.view.View.layout(View.java:24992)
03-17 14:46:27.613 3767 3767 W Resources: at android.widget.LinearLayout.setChildFrame(LinearLayout.java:1829)
03-17 14:46:27.613 3767 3767 W Resources: at android.widget.LinearLayout.layoutVertical(LinearLayout.java:1673)
03-17 14:46:27.613 3767 3767 W Resources: at android.widget.LinearLayout.onLayout(LinearLayout.java:1582)
03-17 14:46:27.613 3767 3767 W Resources: at android.view.View.layout(View.java:24969)
03-17 14:46:27.613 3767 3767 W Resources: at android.view.ViewGroup.layout(ViewGroup.java:6784)
03-17 14:46:27.613 3767 3767 W Resources: at android.widget.FrameLayout.layoutChildren(FrameLayout.java:332)
03-17 14:46:27.613 3767 3767 W Resources: at android.widget.FrameLayout.onLayout(FrameLayout.java:270)
03-17 14:46:27.613 3767 3767 W Resources: at android.view.View.layout(View.java:24969)
03-17 14:46:27.613 3767 3767 W Resources: at android.view.ViewGroup.layout(ViewGroup.java:6784)
03-17 14:46:27.613 3767 3767 W Resources: at android.support.constraint.ConstraintLayout.onLayout(Unknown Source:57)
03-17 14:46:27.613 3767 3767 W Resources: at android.view.View.layout(View.java:24969)
03-17 14:46:27.613 3767 3767 W Resources: at android.view.ViewGroup.layout(ViewGroup.java:6784)
03-17 14:46:27.613 3767 3767 W Resources: at android.widget.FrameLayout.layoutChildren(FrameLayout.java:332)
03-17 14:46:27.613 3767 3767 W Resources: at android.widget.FrameLayout.onLayout(FrameLayout.java:270)
03-17 14:46:27.613 3767 3767 W Resources: at com.google.android.apps.camera.ui.layout.GcaLayout.onLayout(Unknown Source:21)
03-17 14:46:27.613 3767 3767 W Resources: at android.view.View.layout(View.java:24969)
03-17 14:46:27.613 3767 3767 W Resources: at android.view.ViewGroup.layout(ViewGroup.java:6784)
03-17 14:46:27.613 3767 3767 W Resources: at android.widget.FrameLayout.layoutChildren(FrameLayout.java:332)
03-17 14:46:27.613 3767 3767 W Resources: at android.widget.FrameLayout.onLayout(FrameLayout.java:270)
03-17 14:46:27.613 3767 3767 W Resources: at com.google.android.apps.camera.ui.layout.GcaLayout.onLayout(Unknown Source:21)
03-17 14:46:27.613 3767 3767 W Resources: at com.google.android.apps.camera.ui.views.MainActivityLayout.onLayout(Unknown Source:0)
03-17 14:46:27.613 3767 3767 W Resources: at android.view.View.layout(View.java:24969)
03-17 14:46:27.613 3767 3767 W Resources: at android.view.ViewGroup.layout(ViewGroup.java:6784)
03-17 14:46:27.613 3767 3767 W Resources: at android.widget.FrameLayout.layoutChildren(FrameLayout.java:332)
03-17 14:46:27.613 3767 3767 W Resources: at android.widget.FrameLayout.onLayout(FrameLayout.java:270)
03-17 14:46:27.613 3767 3767 W Resources: at android.view.View.layout(View.java:24969)
03-17 14:46:27.613 3767 3767 W Resources: at android.view.ViewGroup.layout(ViewGroup.java:6784)
03-17 14:46:27.613 3767 3767 W Resources: at android.widget.LinearLayout.setChildFrame(LinearLayout.java:1829)
03-17 14:46:27.613 3767 3767 W Resources: at android.widget.LinearLayout.layoutVertical(LinearLayout.java:1673)
03-17 14:46:27.613 3767 3767 W Resources: at android.widget.LinearLayout.onLayout(LinearLayout.java:1582)
03-17 14:46:27.613 3767 3767 W Resources: at android.view.View.layout(View.java:24969)
03-17 14:46:27.613 3767 3767 W Resources: at android.view.ViewGroup.layout(ViewGroup.java:6784)
03-17 14:46:27.613 3767 3767 W Resources: at android.widget.FrameLayout.layoutChildren(FrameLayout.java:332)
03-17 14:46:27.613 3767 3767 W Resources: at android.widget.FrameLayout.onLayout(FrameLayout.java:270)
03-17 14:46:27.613 3767 3767 W Resources: at android.view.View.layout(View.java:24969)
03-17 14:46:27.613 3767 3767 W Resources: at android.view.ViewGroup.layout(ViewGroup.java:6784)
03-17 14:46:27.613 3767 3767 W Resources: at android.widget.LinearLayout.setChildFrame(LinearLayout.java:1829)
03-17 14:46:27.613 3767 3767 W Resources: at android.widget.LinearLayout.layoutVertical(LinearLayout.java:1673)
03-17 14:46:27.613 3767 3767 W Resources: at android.widget.LinearLayout.onLayout(LinearLayout.java:1582)
03-17 14:46:27.613 3767 3767 W Resources: at android.view.View.layout(View.java:24969)
03-17 14:46:27.613 3767 3767 W Resources: at android.view.ViewGroup.layout(ViewGroup.java:6784)
03-17 14:46:27.613 3767 3767 W Resources: at android.widget.FrameLayout.layoutChildren(FrameLayout.java:332)
03-17 14:46:27.613 3767 3767 W Resources: at android.widget.FrameLayout.onLayout(FrameLayout.java:270)
03-17 14:46:27.613 3767 3767 W Resources: at com.android.internal.policy.DecorView.onLayout(DecorView.java:1427)
03-17 14:46:27.613 3767 3767 W Resources: at android.view.View.layout(View.java:24969)
03-17 14:46:27.613 3767 3767 W Resources: at android.view.ViewGroup.layout(ViewGroup.java:6784)
03-17 14:46:27.613 3767 3767 W Resources: at android.view.ViewRootImpl.performLayout(ViewRootImpl.java:4917)
03-17 14:46:27.613 3767 3767 W Resources: at android.view.ViewRootImpl.performTraversals(ViewRootImpl.java:4240)
03-17 14:46:27.613 3767 3767 W Resources: at android.view.ViewRootImpl.doTraversal(ViewRootImpl.java:3116)
03-17 14:46:27.613 3767 3767 W Resources: at android.view.ViewRootImpl$TraversalRunnable.run(ViewRootImpl.java:10885)
03-17 14:46:27.613 3767 3767 W Resources: at android.view.Choreographer$CallbackRecord.run(Choreographer.java:1301)
03-17 14:46:27.613 3767 3767 W Resources: at android.view.Choreographer$CallbackRecord.run(Choreographer.java:1309)
03-17 14:46:27.613 3767 3767 W Resources: at android.view.Choreographer.doCallbacks(Choreographer.java:923)
03-17 14:46:27.613 3767 3767 W Resources: at android.view.Choreographer.doFrame(Choreographer.java:852)
03-17 14:46:27.613 3767 3767 W Resources: at android.view.Choreographer$FrameDisplayEventReceiver.run(Choreographer.java:1283)
03-17 14:46:27.613 3767 3767 W Resources: at android.os.Handler.handleCallback(Handler.java:942)
03-17 14:46:27.613 3767 3767 W Resources: at android.os.Handler.dispatchMessage(Handler.java:99)
03-17 14:46:27.613 3767 3767 W Resources: at android.os.Looper.loopOnce(Looper.java:226)
03-17 14:46:27.613 3767 3767 W Resources: at android.os.Looper.loop(Looper.java:313)
03-17 14:46:27.613 3767 3767 W Resources: at android.app.ActivityThread.main(ActivityThread.java:8757)
03-17 14:46:27.613 3767 3767 W Resources: at java.lang.reflect.Method.invoke(Native Method)
03-17 14:46:27.613 3767 3767 W Resources: at com.android.internal.os.RuntimeInit$MethodAndArgsCaller.run(RuntimeInit.java:571)
03-17 14:46:27.613 3767 3767 W Resources: at com.android.internal.os.ZygoteInit.main(ZygoteInit.java:1067)
03-17 14:46:27.644 3767 3991 E OisListener: Null pointer for OIS data. OIS API version: 2
03-17 14:46:27.645 3767 3992 W CameraMetadataJV: Expect face scores and rectangles to be non-null
03-17 14:46:27.645 3767 3882 W CameraMetadataJV: Expect face scores and rectangles to be non-null
03-17 14:46:27.645 3767 3882 W CameraMetadataJV: Expect face scores and rectangles to be non-null
03-17 14:46:27.645 3767 3882 W CameraMetadataJV: Expect face scores and rectangles to be non-null
03-17 14:46:27.645 3767 3882 W CameraMetadataJV: Expect face scores and rectangles to be non-null
03-17 14:46:27.646 3767 3882 W CameraMetadataJV: Expect face scores and rectangles to be non-null
03-17 14:46:27.646 3767 3882 W CameraMetadataJV: Expect face scores and rectangles to be non-null
03-17 14:46:27.646 3767 3882 W CameraMetadataJV: Expect face scores and rectangles to be non-null
03-17 14:46:27.706 3767 3991 E OisListener: Null pointer for OIS data. OIS API version: 2
03-17 14:46:27.706 3767 3882 W JankMonitorFacade: PHOTO > rel Δ(result sensor timestamp) = 1.00 > 0.25
03-17 14:46:27.706 3767 3992 W CameraMetadataJV: Expect face scores and rectangles to be non-null
03-17 14:46:27.706 3767 3882 W JankMonitorFacade: PHOTO > result sensor delay = 2.00 > 1.10
03-17 14:46:27.706 3767 3882 W CameraMetadataJV: Expect face scores and rectangles to be non-null
03-17 14:46:27.706 3767 3882 W CameraMetadataJV: Expect face scores and rectangles to be non-null
03-17 14:46:27.706 3767 3882 W CameraMetadataJV: Expect face scores and rectangles to be non-null
03-17 14:46:27.706 3767 3882 W CameraMetadataJV: Expect face scores and rectangles to be non-null
03-17 14:46:27.706 3767 3882 W CameraMetadataJV: Expect face scores and rectangles to be non-null
03-17 14:46:27.706 3767 3882 W CameraMetadataJV: Expect face scores and rectangles to be non-null
03-17 14:46:27.707 3767 3882 W CameraMetadataJV: Expect face scores and rectangles to be non-null
03-17 14:46:27.734 3767 3991 E OisListener: Null pointer for OIS data. OIS API version: 2
03-17 14:46:27.734 3767 3882 W JankMonitorFacade: PHOTO > rel Δ(result sensor timestamp) = 0.50 > 0.25
03-17 14:46:27.734 3767 3992 W CameraMetadataJV: Expect face scores and rectangles to be non-null
03-17 14:46:27.735 3767 3882 W CameraMetadataJV: Expect face scores and rectangles to be non-null
03-17 14:46:27.735 3767 3882 W CameraMetadataJV: Expect face scores and rectangles to be non-null
03-17 14:46:27.735 3767 3882 W CameraMetadataJV: Expect face scores and rectangles to be non-null
03-17 14:46:27.735 3767 3882 W CameraMetadataJV: Expect face scores and rectangles to be non-null
03-17 14:46:27.735 3767 3882 W CameraMetadataJV: Expect face scores and rectangles to be non-null
03-17 14:46:27.735 3767 3882 W CameraMetadataJV: Expect face scores and rectangles to be non-null
03-17 14:46:27.735 3767 3882 W CameraMetadataJV: Expect face scores and rectangles to be non-null
03-17 14:46:27.749 3767 3767 I GestureDetector: handleMessage TAP
03-17 14:46:27.768 3767 3991 E OisListener: Null pointer for OIS data. OIS API version: 2
03-17 14:46:27.768 3767 3992 W CameraMetadataJV: Expect face scores and rectangles to be non-null
03-17 14:46:27.768 3767 3882 W CameraMetadataJV: Expect face scores and rectangles to be non-null
03-17 14:46:27.768 3767 3882 W CameraMetadataJV: Expect face scores and rectangles to be non-null
03-17 14:46:27.768 3767 3882 W CameraMetadataJV: Expect face scores and rectangles to be non-null
03-17 14:46:27.769 3767 3882 W CameraMetadataJV: Expect face scores and rectangles to be non-null
03-17 14:46:27.769 3767 3882 W CameraMetadataJV: Expect face scores and rectangles to be non-null
03-17 14:46:27.769 3767 3882 W CameraMetadataJV: Expect face scores and rectangles to be non-null
03-17 14:46:27.769 3767 3882 W CameraMetadataJV: Expect face scores and rectangles to be non-null
03-17 14:46:27.772 3767 3836 W CameraMetadataJV: Expect face scores and rectangles to be non-null
03-17 14:46:27.840 3767 3991 E OisListener: Null pointer for OIS data. OIS API version: 2
03-17 14:46:27.840 3767 3882 W JankMonitorFacade: PHOTO > rel Δ(result sensor timestamp) = 1.00 > 0.25
03-17 14:46:27.840 3767 3992 W CameraMetadataJV: Expect face scores and rectangles to be non-null
03-17 14:46:27.841 3767 3882 W JankMonitorFacade: PHOTO > result sensor delay = 2.00 > 1.10
03-17 14:46:27.841 3767 3882 W CameraMetadataJV: Expect face scores and rectangles to be non-null
03-17 14:46:27.841 3767 3882 W CameraMetadataJV: Expect face scores and rectangles to be non-null
03-17 14:46:27.841 3767 3882 W CameraMetadataJV: Expect face scores and rectangles to be non-null
03-17 14:46:27.841 3767 3882 W CameraMetadataJV: Expect face scores and rectangles to be non-null
03-17 14:46:27.841 3767 3882 W CameraMetadataJV: Expect face scores and rectangles to be non-null
03-17 14:46:27.841 3767 3882 W CameraMetadataJV: Expect face scores and rectangles to be non-null
03-17 14:46:27.842 3767 3882 W CameraMetadataJV: Expect face scores and rectangles to be non-null
03-17 14:46:27.867 3767 3991 E OisListener: Null pointer for OIS data. OIS API version: 2
03-17 14:46:27.867 3767 3992 W CameraMetadataJV: Expect face scores and rectangles to be non-null
03-17 14:46:27.867 3767 3882 W JankMonitorFacade: PHOTO > rel Δ(result sensor timestamp) = 0.50 > 0.25
03-17 14:46:27.868 3767 3882 W CameraMetadataJV: Expect face scores and rectangles to be non-null
03-17 14:46:27.868 3767 3882 W CameraMetadataJV: Expect face scores and rectangles to be non-null
03-17 14:46:27.868 3767 3882 W CameraMetadataJV: Expect face scores and rectangles to be non-null
03-17 14:46:27.868 3767 3882 W CameraMetadataJV: Expect face scores and rectangles to be non-null
03-17 14:46:27.868 3767 3882 W CameraMetadataJV: Expect face scores and rectangles to be non-null
03-17 14:46:27.869 3767 3882 W CameraMetadataJV: Expect face scores and rectangles to be non-null
03-17 14:46:27.869 3767 3882 W CameraMetadataJV: Expect face scores and rectangles to be non-null
03-17 14:46:27.925 3767 3991 E OisListener: Null pointer for OIS data. OIS API version: 2
03-17 14:46:27.925 3767 3882 W JankMonitorFacade: PHOTO > rel Δ(result sensor timestamp) = 1.00 > 0.25
03-17 14:46:27.925 3767 3882 W JankMonitorFacade: PHOTO > result sensor delay = 2.00 > 1.10
03-17 14:46:27.925 3767 3992 W CameraMetadataJV: Expect face scores and rectangles to be non-null
03-17 14:46:27.925 3767 3882 W CameraMetadataJV: Expect face scores and rectangles to be non-null
03-17 14:46:27.925 3767 3882 W CameraMetadataJV: Expect face scores and rectangles to be non-null
03-17 14:46:27.925 3767 3882 W CameraMetadataJV: Expect face scores and rectangles to be non-null
03-17 14:46:27.925 3767 3882 W CameraMetadataJV: Expect face scores and rectangles to be non-null
03-17 14:46:27.925 3767 3882 W CameraMetadataJV: Expect face scores and rectangles to be non-null
03-17 14:46:27.925 3767 3882 W CameraMetadataJV: Expect face scores and rectangles to be non-null
03-17 14:46:27.926 3767 3882 W CameraMetadataJV: Expect face scores and rectangles to be non-null
03-17 14:46:27.961 3767 3838 E libgcam : [pipeline_manager.cc:927]: LimitShotCpuUsage: In flight shot with id 0 not found!
03-17 14:46:27.962 3767 3991 E OisListener: Null pointer for OIS data. OIS API version: 2
03-17 14:46:27.962 3767 3882 W JankMonitorFacade: PHOTO > rel Δ(result sensor timestamp) = 0.50 > 0.25
03-17 14:46:27.963 3767 3882 W CameraMetadataJV: Expect face scores and rectangles to be non-null
03-17 14:46:27.963 3767 3882 W CameraMetadataJV: Expect face scores and rectangles to be non-null
03-17 14:46:27.963 3767 3882 W CameraMetadataJV: Expect face scores and rectangles to be non-null
03-17 14:46:27.963 3767 3882 W CameraMetadataJV: Expect face scores and rectangles to be non-null
03-17 14:46:27.963 3767 3882 W CameraMetadataJV: Expect face scores and rectangles to be non-null
03-17 14:46:27.963 3767 3882 W CameraMetadataJV: Expect face scores and rectangles to be non-null
03-17 14:46:27.963 3767 3882 W CameraMetadataJV: Expect face scores and rectangles to be non-null
03-17 14:46:27.964 3767 3992 W CameraMetadataJV: Expect face scores and rectangles to be non-null
03-17 14:46:28.000 3767 3991 E OisListener: Null pointer for OIS data. OIS API version: 2
03-17 14:46:28.001 3767 3992 W CameraMetadataJV: Expect face scores and rectangles to be non-null
03-17 14:46:28.001 3767 3882 W CameraMetadataJV: Expect face scores and rectangles to be non-null
03-17 14:46:28.001 3767 3882 W CameraMetadataJV: Expect face scores and rectangles to be non-null
03-17 14:46:28.001 3767 3882 W CameraMetadataJV: Expect face scores and rectangles to be non-null
03-17 14:46:28.001 3767 3882 W CameraMetadataJV: Expect face scores and rectangles to be non-null
03-17 14:46:28.001 3767 3882 W CameraMetadataJV: Expect face scores and rectangles to be non-null
03-17 14:46:28.001 3767 3882 W CameraMetadataJV: Expect face scores and rectangles to be non-null
03-17 14:46:28.001 3767 3882 W CameraMetadataJV: Expect face scores and rectangles to be non-null
03-17 14:46:28.063 3767 3767 W CAM_CameraActivity: Disconnecting the camera device because filmstrip was launched.
03-17 14:46:28.075 3767 3767 I DecorView: notifyKeepScreenOnChanged: keepScreenOn=false
03-17 14:46:28.081 3767 3767 I ViewRootImpl@b0b9141[CameraActivity]: MSG_WINDOW_FOCUS_CHANGED 0 0
03-17 14:46:28.087 3767 3767 I DecorView: notifyKeepScreenOnChanged: keepScreenOn=false
03-17 14:46:28.092 3767 3767 I ViewRootImpl@b0b9141[CameraActivity]: performTraversals params={(0,0)(fillxfill) sim={state=always_hidden adjust=pan} layoutInDisplayCutoutMode=shortEdges ty=BASE_APPLICATION fmt=TRANSLUCENT wanim=0x1030309 rotAnim=SEAMLESS sysuil=true
03-17 14:46:28.092 3767 3767 I ViewRootImpl@b0b9141[CameraActivity]: fl=81810500
03-17 14:46:28.092 3767 3767 I ViewRootImpl@b0b9141[CameraActivity]: pfl=12020040
03-17 14:46:28.092 3767 3767 I ViewRootImpl@b0b9141[CameraActivity]: vsysui=705
03-17 14:46:28.092 3767 3767 I ViewRootImpl@b0b9141[CameraActivity]: apr=LOW_PROFILE_BARS
03-17 14:46:28.092 3767 3767 I ViewRootImpl@b0b9141[CameraActivity]: bhv=SHOW_TRANSIENT_BARS_BY_SWIPE
03-17 14:46:28.092 3767 3767 I ViewRootImpl@b0b9141[CameraActivity]: fitSides= naviIconColor=0}
03-17 14:46:28.096 3767 3767 I ViewRootImpl@b0b9141[CameraActivity]: performTraversals mFirst=false windowShouldResize=false viewVisibilityChanged=false mForceNextWindowRelayout=false params={(0,0)(fillxfill) sim={state=always_hidden adjust=pan} layoutInDisplayCutoutMode=shortEdges ty=BASE_APPLICATION fmt=TRANSLUCENT wanim=0x1030309 rotAnim=SEAMLESS sysuil=true
03-17 14:46:28.096 3767 3767 I ViewRootImpl@b0b9141[CameraActivity]: fl=81810500
03-17 14:46:28.096 3767 3767 I ViewRootImpl@b0b9141[CameraActivity]: pfl=12020040
03-17 14:46:28.096 3767 3767 I ViewRootImpl@b0b9141[CameraActivity]: vsysui=705
03-17 14:46:28.096 3767 3767 I ViewRootImpl@b0b9141[CameraActivity]: apr=LOW_PROFILE_BARS
03-17 14:46:28.096 3767 3767 I ViewRootImpl@b0b9141[CameraActivity]: bhv=SHOW_TRANSIENT_BARS_BY_SWIPE
03-17 14:46:28.096 3767 3767 I ViewRootImpl@b0b9141[CameraActivity]: fitSides= naviIconColor=0}
03-17 14:46:28.103 3767 3767 I ViewRootImpl@b0b9141[CameraActivity]: updateBlastSurfaceIfNeeded mBlastBufferQueue=0x70843217f0 isSameSurfaceControl=true
03-17 14:46:28.103 3767 3767 I BLASTBufferQueue: update, w= 1440 h= 3040 mName = ViewRootImpl@b0b9141[CameraActivity] mNativeObject= 0x70843217f0 sc.mNativeObject= 0x701433c4b0 format= -3 caller= android.view.ViewRootImpl.updateBlastSurfaceIfNeeded:2898 android.view.ViewRootImpl.relayoutWindow:9847 android.view.ViewRootImpl.performTraversals:3884 android.view.ViewRootImpl.doTraversal:3116 android.view.ViewRootImpl$TraversalRunnable.run:10885 android.view.Choreographer$CallbackRecord.run:1301
03-17 14:46:28.103 3767 3767 I ViewRootImpl@b0b9141[CameraActivity]: Relayout returned: old=(0,0,1440,3040) new=(0,0,1440,3040) req=(1440,3040)0 dur=7 res=0x0 s={true 0x711430b850} ch=false seqId=0
03-17 14:46:28.104 3767 3767 I ViewRootImpl@b0b9141[CameraActivity]: updateBoundsLayer: t = android.view.SurfaceControl$Transaction@e062041 sc = Surface(name=Bounds for - com.samsung.android.scan3d/com.google.android.apps.camera.legacy.app.activity.main. CameraActivity@0)/@0x9b5b9e6 frame = 69
03-17 14:46:28.104 3767 3767 I ViewRootImpl@b0b9141[CameraActivity]: mWNT: t=0x7044313510 mBlastBufferQueue=0x70843217f0 fn= 69 caller= android.view.ViewRootImpl.prepareSurfaces:2985 android.view.ViewRootImpl.performTraversals:4233 android.view.ViewRootImpl.doTraversal:3116
03-17 14:46:28.121 3767 3843 E PhenotypeFlagCommitter: Retrieving snapshot for com.google.android.apps.camera#com.samsung.android.scan3d failed
03-17 14:46:28.121 3767 3843 E PhenotypeFlagCommitter: java.util.concurrent.ExecutionException: java.lang.SecurityException: GoogleCertificatesRslt: not allowed: pkg=com.samsung.android.scan3d, sha256=[144e0735b48b4b395e820d53e9a49aa6d308645d42cc69a030aaf8528c51f1ef], atk=false, ver=230914044.true (go/gsrlt)
03-17 14:46:28.121 3767 3843 E PhenotypeFlagCommitter: at lbu.a(Unknown Source:31)
03-17 14:46:28.121 3767 3843 E PhenotypeFlagCommitter: at lbu.a(Unknown Source:57)
03-17 14:46:28.121 3767 3843 E PhenotypeFlagCommitter: at lab.a(Unknown Source:23)
03-17 14:46:28.121 3767 3843 E PhenotypeFlagCommitter: at lab.a(Unknown Source:35)
03-17 14:46:28.121 3767 3843 E PhenotypeFlagCommitter: at gon.c(Unknown Source:41)
03-17 14:46:28.121 3767 3843 E PhenotypeFlagCommitter: at dxk.run(Unknown Source:11)
03-17 14:46:28.121 3767 3843 E PhenotypeFlagCommitter: at lis.run(Unknown Source:2)
03-17 14:46:28.121 3767 3843 E PhenotypeFlagCommitter: at java.util.concurrent.Executors$RunnableAdapter.call(Executors.java:463)
03-17 14:46:28.121 3767 3843 E PhenotypeFlagCommitter: at oye.b(Unknown Source:2)
03-17 14:46:28.121 3767 3843 E PhenotypeFlagCommitter: at oxi.run(Unknown Source:22)
03-17 14:46:28.121 3767 3843 E PhenotypeFlagCommitter: at oyf.run(Unknown Source:4)
03-17 14:46:28.121 3767 3843 E PhenotypeFlagCommitter: at java.util.concurrent.Executors$RunnableAdapter.call(Executors.java:463)
03-17 14:46:28.121 3767 3843 E PhenotypeFlagCommitter: at java.util.concurrent.FutureTask.run(FutureTask.java:264)
03-17 14:46:28.121 3767 3843 E PhenotypeFlagCommitter: at java.util.concurrent.ScheduledThreadPoolExecutor$ScheduledFutureTask.run(ScheduledT hreadPoolExecutor.java:307)
03-17 14:46:28.121 3767 3843 E PhenotypeFlagCommitter: at ljd.run(Unknown Source:2)
03-17 14:46:28.121 3767 3843 E PhenotypeFlagCommitter: at ljc.run(Unknown Source:0)
03-17 14:46:28.121 3767 3843 E PhenotypeFlagCommitter: at java.util.concurrent.ThreadPoolExecutor.runWorker(ThreadPoolExecutor.java:1137)
03-17 14:46:28.121 3767 3843 E PhenotypeFlagCommitter: at java.util.concurrent.ThreadPoolExecutor$Worker.run(ThreadPoolExecutor.java:637)
03-17 14:46:28.121 3767 3843 E PhenotypeFlagCommitter: at java.lang.Thread.run(Thread.java:1012)
03-17 14:46:28.121 3767 3843 E PhenotypeFlagCommitter: at lhu.run(Unknown Source:5)
03-17 14:46:28.121 3767 3843 E PhenotypeFlagCommitter: Caused by: java.lang.SecurityException: GoogleCertificatesRslt: not allowed: pkg=com.samsung.android.scan3d, sha256=[144e0735b48b4b395e820d53e9a49aa6d308645d42cc69a030aaf8528c51f1ef], atk=false, ver=230914044.true (go/gsrlt)
03-17 14:46:28.121 3767 3843 E PhenotypeFlagCommitter: at android.os.Parcel.createExceptionOrNull(Parcel.java:3023)
03-17 14:46:28.121 3767 3843 E PhenotypeFlagCommitter: at android.os.Parcel.createException(Parcel.java:3007)
03-17 14:46:28.121 3767 3843 E PhenotypeFlagCommitter: at android.os.Parcel.readException(Parcel.java:2990)
03-17 14:46:28.121 3767 3843 E PhenotypeFlagCommitter: at android.os.Parcel.readException(Parcel.java:2932)
03-17 14:46:28.121 3767 3843 E PhenotypeFlagCommitter: at azi.b(Unknown Source:10)
03-17 14:46:28.121 3767 3843 E PhenotypeFlagCommitter: at kzz.a(Unknown Source:38)
03-17 14:46:28.121 3767 3843 E PhenotypeFlagCommitter: at krj.a(Unknown Source:4)
03-17 14:46:28.121 3767 3843 E PhenotypeFlagCommitter: at kpf.c(Unknown Source:6)
03-17 14:46:28.121 3767 3843 E PhenotypeFlagCommitter: at kqd.c(Unknown Source:9)
03-17 14:46:28.121 3767 3843 E PhenotypeFlagCommitter: at kqd.b(Unknown Source:22)
03-17 14:46:28.121 3767 3843 E PhenotypeFlagCommitter: at kqd.e(Unknown Source:28)
03-17 14:46:28.121 3767 3843 E PhenotypeFlagCommitter: at kqd.c(Unknown Source:73)
03-17 14:46:28.121 3767 3843 E PhenotypeFlagCommitter: at kqd.a(Unknown Source:16)
03-17 14:46:28.121 3767 3843 E PhenotypeFlagCommitter: at kse.a(Unknown Source:117)
03-17 14:46:28.121 3767 3843 E PhenotypeFlagCommitter: at kry.c(Unknown Source:89)
03-17 14:46:28.121 3767 3843 E PhenotypeFlagCommitter: at krz.handleMessage(Unknown Source:286)
03-17 14:46:28.121 3767 3843 E PhenotypeFlagCommitter: at android.os.Handler.dispatchMessage(Handler.java:106)
03-17 14:46:28.121 3767 3843 E PhenotypeFlagCommitter: at kxo.a(Unknown Source:0)
03-17 14:46:28.121 3767 3843 E PhenotypeFlagCommitter: at kxo.dispatchMessage(Unknown Source:0)
03-17 14:46:28.121 3767 3843 E PhenotypeFlagCommitter: at android.os.Looper.loopOnce(Looper.java:226)
03-17 14:46:28.121 3767 3843 E PhenotypeFlagCommitter: at android.os.Looper.loop(Looper.java:313)
03-17 14:46:28.121 3767 3843 E PhenotypeFlagCommitter: at android.os.HandlerThread.run(HandlerThread.java:67)
03-17 14:46:28.220 3767 4045 I CameraManagerGlobal: Camera 0 facing CAMERA_FACING_BACK state now CAMERA_STATE_IDLE for client com.samsung.android.scan3d API Level 2
03-17 14:46:28.231 3767 3842 W native : tracking_jni.cc:73 Unknown tracker
03-17 14:46:28.231 3767 3842 W native : tracking_jni.cc:258 Stop tracking: tracker cannot be null
03-17 14:46:28.232 3767 4132 E native : jni_environment.cc:95 Failed to detach current thread from the JVM. JavaVM::DetachCurrentThread returned: -1
03-17 14:46:28.234 3767 3902 W .android.scan3d: Long monitor contention with owner Camera-Ex (3853) at void android.hardware.camera2.impl.CameraDeviceImpl.flush()(CameraDeviceImpl.java:1425) waiters=0 in void android.hardware.camera2.impl.CameraDeviceImpl$CameraDeviceCallbacks.onResultReceiv ed(android.hardware.camera2.impl.CameraMetadataNative, android.hardware.camera2.impl.CaptureResultExtras, android.hardware.camera2.impl.PhysicalCaptureResultInfo[]) for 167ms
03-17 14:46:28.236 3767 3852 W .android.scan3d: Long monitor contention with owner Camera-Ex (3853) at void android.hardware.camera2.impl.CameraDeviceImpl.flush()(CameraDeviceImpl.java:1425) waiters=1 in void android.hardware.camera2.impl.CameraDeviceImpl$4.run() for 167ms
03-17 14:46:28.237 3767 3991 E OisListener: Null pointer for OIS data. OIS API version: 2
03-17 14:46:28.238 3767 3883 W CAM_MetadataDst: onCaptureFailed for Frame 61 (images were captured)
03-17 14:46:28.238 3767 3882 W JankMonitorFacade: PHOTO > rel Δ(result sensor timestamp) = 1.00 > 0.25
03-17 14:46:28.239 3767 3882 W JankMonitorFacade: PHOTO > result sensor delay = 2.00 > 1.10
03-17 14:46:28.241 3767 3882 W CameraMetadataJV: Expect face scores and rectangles to be non-null
03-17 14:46:28.241 3767 3882 W CameraMetadataJV: Expect face scores and rectangles to be non-null
03-17 14:46:28.241 3767 3882 W CameraMetadataJV: Expect face scores and rectangles to be non-null
03-17 14:46:28.241 3767 3882 W CameraMetadataJV: Expect face scores and rectangles to be non-null
03-17 14:46:28.241 3767 3882 W CameraMetadataJV: Expect face scores and rectangles to be non-null
03-17 14:46:28.241 3767 3882 W CameraMetadataJV: Expect face scores and rectangles to be non-null
03-17 14:46:28.241 3767 3882 W CameraMetadataJV: Expect face scores and rectangles to be non-null
03-17 14:46:28.392 3767 3780 W libc : Access denied finding property "sys.perf.boostopt"
03-17 14:46:28.392 3767 3780 I CameraManagerGlobal: Camera 0 facing CAMERA_FACING_BACK state now CAMERA_STATE_CLOSED for client com.samsung.android.scan3d API Level 2
03-17 14:46:28.615 3767 3767 I ViewRootImpl@b0b9141[CameraActivity]: handleAppVisibility mAppVisible = true visible = false
03-17 14:46:28.630 3767 3767 I SurfaceView@c758571: onWindowVisibilityChanged(8) false android.view.SurfaceView{c758571 V.E...... ........ 0,312-1440,2232} of ViewRootImpl@b0b9141[CameraActivity]
03-17 14:46:28.631 3767 3767 I SurfaceView@c758571: Changes: creating=false format=false size=false visible=true alpha=false hint=false mUseAlpha=false visible=true left=false top=false
03-17 14:46:28.631 3767 3767 I SurfaceView@c758571: 209028465 Cur surface: Surface(name=null)/@0xb699bf
