03-17 14:55:50.197 11717 11717 I ViewRootImpl@d7e867f[CameraSettingsActivity]: dimAmount=0.6 naviIconColor=0}
03-17 14:55:50.201 11717 11717 I ViewRootImpl@d7e867f[CameraSettingsActivity]: updateBlastSurfaceIfNeeded mBlastBufferQueue=null isSameSurfaceControl=false
03-17 14:55:50.202 11717 11717 I BLASTBufferQueue: new BLASTBufferQueue, mName= ViewRootImpl@d7e867f[CameraSettingsActivity] mNativeObject= 0x7084330250 sc.mNativeObject= 0x70143b1db0 caller= android.view.ViewRootImpl.updateBlastSurfaceIfNeeded:2909 android.view.ViewRootImpl.relayoutWindow:9847 android.view.ViewRootImpl.performTraversals:3884 android.view.ViewRootImpl.doTraversal:3116 android.view.ViewRootImpl$TraversalRunnable.run:10885 android.view.Choreographer$CallbackRecord.run:1301 android.view.Choreographer$CallbackRecord.run:1309 android.view.Choreographer.doCallbacks:923 android.view.Choreographer.doFrame:852 android.view.Choreographer$FrameDisplayEventReceiver.run:1283
03-17 14:55:50.202 11717 11717 I BLASTBufferQueue: update, w= 1646 h= 914 mName = ViewRootImpl@d7e867f[CameraSettingsActivity] mNativeObject= 0x7084330250 sc.mNativeObject= 0x70143b1db0 format= -3 caller= android.graphics.BLASTBufferQueue.<init>:84 android.view.ViewRootImpl.updateBlastSurfaceIfNeeded:2909 android.view.ViewRootImpl.relayoutWindow:9847 android.view.ViewRootImpl.performTraversals:3884 android.view.ViewRootImpl.doTraversal:3116 android.view.ViewRootImpl$TraversalRunnable.run:10885
03-17 14:55:50.202 11717 11717 I ViewRootImpl@d7e867f[CameraSettingsActivity]: Relayout returned: old=(0,139,1440,2872) new=(37,1188,1403,1822) req=(1366,634)0 dur=4 res=0x3 s={true 0x7114314090} ch=true seqId=0
03-17 14:55:50.203 11717 11717 I ViewRootImpl@d7e867f[CameraSettingsActivity]: mThreadedRenderer.initialize() mSurface={isValid=true 0x7114314090} hwInitialized=true
03-17 14:55:50.207 11717 11717 I ViewRootImpl@d7e867f[CameraSettingsActivity]: reportNextDraw android.view.ViewRootImpl.performTraversals:4438 android.view.ViewRootImpl.doTraversal:3116 android.view.ViewRootImpl$TraversalRunnable.run:10885 android.view.Choreographer$CallbackRecord.run:1301 android.view.Choreographer$CallbackRecord.run:1309
03-17 14:55:50.208 11717 11717 I ViewRootImpl@d7e867f[CameraSettingsActivity]: Setup new sync id=0
03-17 14:55:50.208 11717 11717 I ViewRootImpl@d7e867f[CameraSettingsActivity]: Setting syncFrameCallback
03-17 14:55:50.208 11717 11717 I ViewRootImpl@d7e867f[CameraSettingsActivity]: registerCallbacksForSync syncBuffer=false
03-17 14:55:50.212 11717 11799 I ViewRootImpl@d7e867f[CameraSettingsActivity]: Received frameDrawingCallback syncResult=0 frameNum=1.
03-17 14:55:50.212 11717 11799 I ViewRootImpl@d7e867f[CameraSettingsActivity]: Setting up sync and frameCommitCallback
03-17 14:55:50.213 11717 11739 I BLASTBufferQueue: [ViewRootImpl@d7e867f[CameraSettingsActivity]#9](f:0,a:0) onFrameAvailable the first frame is available
03-17 14:55:50.213 11717 11739 I ViewRootImpl@d7e867f[CameraSettingsActivity]: Received frameCommittedCallback lastAttemptedDrawFrameNum=1 didProduceBuffer=true
03-17 14:55:50.214 11717 11739 W Parcel : Expecting binder but got null!
03-17 14:55:50.214 11717 11717 I ViewRootImpl@d7e867f[CameraSettingsActivity]: onSyncComplete
03-17 14:55:50.214 11717 11717 I ViewRootImpl@d7e867f[CameraSettingsActivity]: setupSync seqId=0 mSyncId=0 fn=1 caller=android.view.ViewRootImpl$ $ExternalSyntheticLambda11.accept:6 android.window.SurfaceSyncer.lambda$setupSync$1$android-window-SurfaceSyncer:128 android.window.SurfaceSyncer$$ExternalSyntheticLambda1.accept:8 android.window.SurfaceSyncer$SyncSet.checkIfSyncIsComplete:382 android.window.SurfaceSyncer$SyncSet.markSyncReady:359 android.window.SurfaceSyncer.markSyncReady:151 android.view.ViewRootImpl.performTraversals:4503
03-17 14:55:50.215 11717 11717 I ViewRootImpl@d7e867f[CameraSettingsActivity]: reportDrawFinished seqId=0 mSyncId=-1 fn=1 mSurfaceChangedTransaction=0x704432cd70
03-17 14:55:50.225 11717 11717 I ViewRootImpl@723f827[CameraSettingsActivity]: MSG_WINDOW_FOCUS_CHANGED 0 0
03-17 14:55:50.259 11717 11717 I ViewRootImpl@d7e867f[CameraSettingsActivity]: MSG_WINDOW_FOCUS_CHANGED 1 0
03-17 14:55:50.259 11717 11717 I ViewRootImpl@d7e867f[CameraSettingsActivity]: mThreadedRenderer.initializeIfNeeded()#2 mSurface={isValid=true 0x7114314090}
03-17 14:55:50.261 11717 11717 I InputMethodManager: startInputInner - mService.startInputOrWindowGainedFocus
03-17 14:55:50.274 11717 11717 I IMM_LC : ris()
03-17 14:55:50.274 11717 11717 I IMM_LC : ssi() - flag : 0 view : com.samsung.android.scan3d reason = SHOW_SOFT_INPUT_BY_INSETS_API
03-17 14:55:50.299 11717 11717 W OnBackInvokedCallback: OnBackInvokedCallback is not enabled for the application.
03-17 14:55:50.299 11717 11717 W OnBackInvokedCallback: Set 'android:enableOnBackInvokedCallback="true"' in the application manifest.
03-17 14:55:50.312 11717 11731 I ViewRootImpl@723f827[CameraSettingsActivity]: Resizing android.view.ViewRootImpl@3f4bb79: frame = [0,139][1440,3040] reportDraw = false forceLayout = false syncSeqId = 0
03-17 14:55:50.312 11717 12148 I ViewRootImpl@d7e867f[CameraSettingsActivity]: Resizing android.view.ViewRootImpl@97f0b9b: frame = [37,1188][1403,1822] reportDraw = false forceLayout = false syncSeqId = 0
03-17 14:55:50.314 11717 11717 I ViewRootImpl@723f827[CameraSettingsActivity]: handleResized, msg = 4 frames=ClientWindowFrames{frame=[0,139][1440,3040] display=[0,139][1440,3040] parentFrame=[0,0][0,0] parentClippedByDisplayCutout=false} forceNextWindowRelayout=false displayId=0 resizeMode=-1 frameChanged=false displayFrameChanged=false configChanged=false displayChanged=false
03-17 14:55:50.314 11717 11717 I ViewRootImpl@d7e867f[CameraSettingsActivity]: handleResized, msg = 4 frames=ClientWindowFrames{frame=[37,1188][1403,1822] display=[0,139][1440,2872] parentFrame=[0,0][0,0] parentClippedByDisplayCutout=false} forceNextWindowRelayout=false displayId=0 resizeMode=-1 frameChanged=false displayFrameChanged=false configChanged=false displayChanged=false
03-17 14:55:50.331 11717 11731 I ViewRootImpl@723f827[CameraSettingsActivity]: Resizing android.view.ViewRootImpl@3f4bb79: frame = [0,139][1440,3040] reportDraw = false forceLayout = false syncSeqId = 0
03-17 14:55:50.332 11717 12148 I ViewRootImpl@d7e867f[CameraSettingsActivity]: Resizing android.view.ViewRootImpl@97f0b9b: frame = [37,611][1403,1245] reportDraw = false forceLayout = false syncSeqId = 0
03-17 14:55:50.344 11717 11717 I ViewRootImpl@723f827[CameraSettingsActivity]: handleResized, msg = 4 frames=ClientWindowFrames{frame=[0,139][1440,3040] display=[0,139][1440,3040] parentFrame=[0,0][0,0] parentClippedByDisplayCutout=false} forceNextWindowRelayout=false displayId=0 resizeMode=-1 frameChanged=false displayFrameChanged=false configChanged=false displayChanged=false
03-17 14:55:50.344 11717 11717 I ViewRootImpl@d7e867f[CameraSettingsActivity]: handleResized, msg = 4 frames=ClientWindowFrames{frame=[37,611][1403,1245] display=[0,139][1440,2872] parentFrame=[0,0][0,0] parentClippedByDisplayCutout=false} forceNextWindowRelayout=false displayId=0 resizeMode=-1 frameChanged=false displayFrameChanged=false configChanged=false displayChanged=false
03-17 14:55:50.356 11717 11717 I ViewRootImpl@d7e867f[CameraSettingsActivity]: performTraversals mFirst=false windowShouldResize=false viewVisibilityChanged=false mForceNextWindowRelayout=true params=null
03-17 14:55:50.363 11717 11717 I ViewRootImpl@d7e867f[CameraSettingsActivity]: updateBlastSurfaceIfNeeded mBlastBufferQueue=0x7084330250 isSameSurfaceControl=true
03-17 14:55:50.363 11717 11717 I BLASTBufferQueue: update, w= 1646 h= 914 mName = ViewRootImpl@d7e867f[CameraSettingsActivity] mNativeObject= 0x7084330250 sc.mNativeObject= 0x70143ac3a0 format= -3 caller= android.view.ViewRootImpl.updateBlastSurfaceIfNeeded:2898 android.view.ViewRootImpl.relayoutWindow:9847 android.view.ViewRootImpl.performTraversals:3884 android.view.ViewRootImpl.doTraversal:3116 android.view.ViewRootImpl$TraversalRunnable.run:10885 android.view.Choreographer$CallbackRecord.run:1301
03-17 14:55:50.363 11717 11717 I ViewRootImpl@d7e867f[CameraSettingsActivity]: Relayout returned: old=(37,611,1403,1245) new=(37,611,1403,1245) req=(1366,634)0 dur=7 res=0x0 s={true 0x7114314090} ch=false seqId=0
03-17 14:55:50.364 11717 11717 I ViewRootImpl@d7e867f[CameraSettingsActivity]: mThreadedRenderer.updateSurface() mSurface={isValid=true 0x7114314090}
03-17 14:55:50.560 11717 11800 I ViewRootImpl@d7e867f[CameraSettingsActivity]: mWNT: t=0x704430e9b0 mBlastBufferQueue=0x7084330250 fn= 5 caller= android.view.SyncRtSurfaceTransactionApplier.applyTransaction:96 android.view.SyncRtSurfaceTransactionApplier.lambda$scheduleApply$0$android-view- SyncRtSurfaceTransactionApplier:69 android.view.SyncRtSurfaceTransactionApplier$ $ExternalSyntheticLambda0.onFrameDraw:4
03-17 14:55:51.275 11717 11717 I ViewRootImpl@d7e867f[CameraSettingsActivity]: ViewPostIme pointer 0
03-17 14:55:51.355 11717 11717 I ViewRootImpl@d7e867f[CameraSettingsActivity]: ViewPostIme pointer 1
03-17 14:55:51.371 11717 11717 I MSHandlerLifeCycle: removeMultiSplitHandler: no exist. decor=DecorView@ce903a1[CameraSettingsActivity]
03-17 14:55:51.372 11717 11717 I ViewRootImpl@d7e867f[CameraSettingsActivity]: dispatchDetachedFromWindow
03-17 14:55:51.408 11717 11731 I ViewRootImpl@723f827[CameraSettingsActivity]: Resizing android.view.ViewRootImpl@3f4bb79: frame = [0,139][1440,3040] reportDraw = false forceLayout = false syncSeqId = 0
03-17 14:55:51.445 11717 11717 I ViewRootImpl@723f827[CameraSettingsActivity]: handleResized, msg = 4 frames=ClientWindowFrames{frame=[0,139][1440,3040] display=[0,139][1440,3040] parentFrame=[0,0][0,0] parentClippedByDisplayCutout=false} forceNextWindowRelayout=false displayId=0 resizeMode=-1 frameChanged=false displayFrameChanged=false configChanged=false displayChanged=false
03-17 14:55:51.456 11717 11717 I ViewRootImpl@29b71f1[Toast]: setView = android.widget.LinearLayout@8f2737b TM=true
03-17 14:55:51.458 11717 11717 I ViewRootImpl@723f827[CameraSettingsActivity]: MSG_WINDOW_FOCUS_CHANGED 1 0
03-17 14:55:51.458 11717 11717 I ViewRootImpl@723f827[CameraSettingsActivity]: mThreadedRenderer.initializeIfNeeded()#2 mSurface={isValid=true 0x7114382bd0}
03-17 14:55:51.459 11717 11717 I InputMethodManager: startInputInner - mService.startInputOrWindowGainedFocus
03-17 14:55:51.482 11717 11717 I ViewRootImpl@29b71f1[Toast]: performTraversals params={(0,224)(wrapxwrap) gr=BOTTOM CENTER sim={adjust=pan} ty=TOAST fmt=TRANSLUCENT wanim=0x1030004
03-17 14:55:51.482 11717 11717 I ViewRootImpl@29b71f1[Toast]: fl=1000098
03-17 14:55:51.482 11717 11717 I ViewRootImpl@29b71f1[Toast]: pfl=12000000
03-17 14:55:51.482 11717 11717 I ViewRootImpl@29b71f1[Toast]: bhv=DEFAULT
03-17 14:55:51.482 11717 11717 I ViewRootImpl@29b71f1[Toast]: fitTypes=STATUS_BARS NAVIGATION_BARS CAPTION_BAR
03-17 14:55:51.482 11717 11717 I ViewRootImpl@29b71f1[Toast]: fitIgnoreVis naviIconColor=0
03-17 14:55:51.482 11717 11717 I ViewRootImpl@29b71f1[Toast]: sfl=20000}
03-17 14:55:51.482 11717 11717 I ViewRootImpl@29b71f1[Toast]: performTraversals mFirst=true windowShouldResize=false viewVisibilityChanged=false mForceNextWindowRelayout=false params={(0,224)(wrapxwrap) gr=BOTTOM CENTER sim={adjust=pan} ty=TOAST fmt=TRANSLUCENT wanim=0x1030004
03-17 14:55:51.482 11717 11717 I ViewRootImpl@29b71f1[Toast]: fl=1000098
03-17 14:55:51.482 11717 11717 I ViewRootImpl@29b71f1[Toast]: pfl=12000000
03-17 14:55:51.482 11717 11717 I ViewRootImpl@29b71f1[Toast]: bhv=DEFAULT
03-17 14:55:51.482 11717 11717 I ViewRootImpl@29b71f1[Toast]: fitTypes=STATUS_BARS NAVIGATION_BARS CAPTION_BAR
03-17 14:55:51.482 11717 11717 I ViewRootImpl@29b71f1[Toast]: fitIgnoreVis naviIconColor=0
03-17 14:55:51.482 11717 11717 I ViewRootImpl@29b71f1[Toast]: sfl=20000}
03-17 14:55:51.486 11717 12148 I ViewRootImpl@29b71f1[Toast]: Resizing android.view.ViewRootImpl@9e43c2d: frame = [241,2503][1199,2648] reportDraw = true forceLayout = true syncSeqId = 1
03-17 14:55:51.487 11717 11717 I ViewRootImpl@29b71f1[Toast]: updateBlastSurfaceIfNeeded mBlastBufferQueue=null isSameSurfaceControl=false
03-17 14:55:51.488 11717 11717 I BLASTBufferQueue: new BLASTBufferQueue, mName= ViewRootImpl@29b71f1[Toast] mNativeObject= 0x708433dd10 sc.mNativeObject= 0x701431eb00 caller= android.view.ViewRootImpl.updateBlastSurfaceIfNeeded:2909 android.view.ViewRootImpl.relayoutWindow:9847 android.view.ViewRootImpl.performTraversals:3884 android.view.ViewRootImpl.doTraversal:3116 android.view.ViewRootImpl$TraversalRunnable.run:10885 android.view.Choreographer$CallbackRecord.run:1301 android.view.Choreographer$CallbackRecord.run:1309 android.view.Choreographer.doCallbacks:923 android.view.Choreographer.doFrame:852 android.view.Choreographer$FrameDisplayEventReceiver.run:1283
03-17 14:55:51.488 11717 11717 I BLASTBufferQueue: update, w= 958 h= 145 mName = ViewRootImpl@29b71f1[Toast] mNativeObject= 0x708433dd10 sc.mNativeObject= 0x701431eb00 format= -3 caller= android.graphics.BLASTBufferQueue.<init>:84 android.view.ViewRootImpl.updateBlastSurfaceIfNeeded:2909 android.view.ViewRootImpl.relayoutWindow:9847 android.view.ViewRootImpl.performTraversals:3884 android.view.ViewRootImpl.doTraversal:3116 android.view.ViewRootImpl$TraversalRunnable.run:10885
03-17 14:55:51.488 11717 11717 I ViewRootImpl@29b71f1[Toast]: Relayout returned: old=(0,139,1440,2872) new=(241,2503,1199,2648) req=(958,145)0 dur=5 res=0x3 s={true 0x7114314090} ch=true seqId=1
03-17 14:55:51.488 11717 11717 I ViewRootImpl@29b71f1[Toast]: Relayout called with blastSync mSyncSeqId=1
03-17 14:55:51.488 11717 11717 I ViewRootImpl@29b71f1[Toast]: reportNextDraw android.view.ViewRootImpl.performTraversals:3900 android.view.ViewRootImpl.doTraversal:3116 android.view.ViewRootImpl$TraversalRunnable.run:10885 android.view.Choreographer$CallbackRecord.run:1301 android.view.Choreographer$CallbackRecord.run:1309
03-17 14:55:51.489 11717 11717 I ViewRootImpl@29b71f1[Toast]: mThreadedRenderer.initialize() mSurface={isValid=true 0x7114314090} hwInitialized=true
03-17 14:55:51.491 11717 11717 I ViewRootImpl@29b71f1[Toast]: reportNextDraw android.view.ViewRootImpl.performTraversals:4438 android.view.ViewRootImpl.doTraversal:3116 android.view.ViewRootImpl$TraversalRunnable.run:10885 android.view.Choreographer$CallbackRecord.run:1301 android.view.Choreographer$CallbackRecord.run:1309
03-17 14:55:51.491 11717 11717 I ViewRootImpl@29b71f1[Toast]: Setup new sync id=0
03-17 14:55:51.491 11717 11717 I ViewRootImpl@29b71f1[Toast]: Setting syncFrameCallback
03-17 14:55:51.491 11717 11717 I ViewRootImpl@29b71f1[Toast]: registerCallbacksForSync syncBuffer=true
03-17 14:55:51.493 11717 11799 I ViewRootImpl@29b71f1[Toast]: Received frameDrawingCallback syncResult=0 frameNum=1.
03-17 14:55:51.493 11717 11799 I ViewRootImpl@29b71f1[Toast]: Setting up sync and frameCommitCallback
03-17 14:55:51.493 11717 11799 I BLASTBufferQueue: syncNextTransaction, mName= ViewRootImpl@29b71f1[Toast] acquireSingleBuffer= true mNativeObject= 0x708433dd10 callback= android.view.ViewRootImpl$12$$ExternalSyntheticLambda0@f3cef4f caller= android.graphics.BLASTBufferQueue.syncNextTransaction:147 android.view.ViewRootImpl$12.onFrameDraw:13385 android.view.ThreadedRenderer$1.onFrameDraw:801 <bottom of call stack> <bottom of call stack> <bottom of call stack>
03-17 14:55:51.493 11717 11799 I BLASTBufferQueue: [ViewRootImpl@29b71f1[Toast]#10] (f:0,a:0) syncNextTransaction callback: 1, acquireSingleBuffer: 1, mTransactionReadyCallback: 0
03-17 14:55:51.494 11717 11739 I BLASTBufferQueue: [ViewRootImpl@29b71f1[Toast]#10] (f:0,a:0) onFrameAvailable-start syncTransactionSet=true
03-17 14:55:51.494 11717 11739 I BLASTBufferQueue: [ViewRootImpl@29b71f1[Toast]#10] (f:0,a:0) onFrameAvailable the first frame is available
03-17 14:55:51.494 11717 11739 I BLASTBufferQueue: [ViewRootImpl@29b71f1[Toast]#10] (f:1,a:0) onFrameAvailable framenumber=1 syncTransactionSet=true, mSyncedFrameNumbers=0
03-17 14:55:51.494 11717 11739 I BLASTBufferQueue: [ViewRootImpl@29b71f1[Toast]#10] (f:1,a:0) onFrameAvailable framenumber=1 syncTransactionSet=true
03-17 14:55:51.494 11717 11739 I BLASTBufferQueue: [ViewRootImpl@29b71f1[Toast]#10] (f:0,a:1) acquireNextBufferLocked mLastAppliedFrameNumber: 0
03-17 14:55:51.494 11717 11739 I BLASTBufferQueue: [ViewRootImpl@29b71f1[Toast]#10] (f:0,a:1) acquireNextBufferLocked size=958x145 mFrameNumber=1 applyTransaction=false mTimestamp=7000991935645(auto) mPendingTransactions.size=0 graphicBufferId=50324131807312 transform=0
03-17 14:55:51.494 11717 11739 I ViewRootImpl@29b71f1[Toast]: Received frameCommittedCallback lastAttemptedDrawFrameNum=1 didProduceBuffer=true
03-17 14:55:51.495 11717 11739 W Parcel : Expecting binder but got null!
03-17 14:55:51.495 11717 11717 I ViewRootImpl@29b71f1[Toast]: onSyncComplete
03-17 14:55:51.495 11717 11717 I ViewRootImpl@29b71f1[Toast]: setupSync seqId=1 mSyncId=0 fn=1 caller=android.view.ViewRootImpl$$ExternalSyntheticLambda11.accept:6 android.window.SurfaceSyncer.lambda$setupSync$1$android-window-SurfaceSyncer:128 android.window.SurfaceSyncer$$ExternalSyntheticLambda1.accept:8 android.window.SurfaceSyncer$SyncSet.checkIfSyncIsComplete:382 android.window.SurfaceSyncer$SyncSet.markSyncReady:359 android.window.SurfaceSyncer.markSyncReady:151 android.view.ViewRootImpl.performTraversals:4503
03-17 14:55:51.495 11717 11717 I ViewRootImpl@29b71f1[Toast]: reportDrawFinished seqId=1 mSyncId=-1 fn=1 mSurfaceChangedTransaction=0x704430ff10
03-17 14:55:51.496 11717 11717 W RemoteInputConnectionImpl: requestCursorAnchorInfo on inactive InputConnection
03-17 14:55:51.496 11717 11717 E ImeBackDispatcher: Ime callback not found. Ignoring unregisterReceivedCallback. callbackId: 27502654
03-17 14:55:51.498 11717 11717 I ViewRootImpl@29b71f1[Toast]: handleResized, msg = 5 frames=ClientWindowFrames{frame=[241,2503][1199,2648] display=[0,139][1440,2872] parentFrame=[0,0][0,0] parentClippedByDisplayCutout=false} forceNextWindowRelayout=true displayId=0 resizeMode=-1 frameChanged=false displayFrameChanged=false configChanged=false displayChanged=false
03-17 14:55:51.498 11717 11717 I ViewRootImpl@29b71f1[Toast]: handleResized mSyncSeqId = 1
03-17 14:55:51.498 11717 11717 I ViewRootImpl@29b71f1[Toast]: reportNextDraw android.view.ViewRootImpl.handleResized:2450 android.view.ViewRootImpl.-$ $Nest$mhandleResized:0 android.view.ViewRootImpl$ViewRootHandler.handleMessageImpl:6728 android.view.ViewRootImpl$ViewRootHandler.handleMessage:6697 android.os.Handler.dispatchMessage:106
03-17 14:55:51.510 11717 11717 I ViewRootImpl@29b71f1[Toast]: performTraversals mFirst=false windowShouldResize=false viewVisibilityChanged=false mForceNextWindowRelayout=true params=null
03-17 14:55:51.510 11717 12148 I BLASTBufferQueue: [ViewRootImpl@29b71f1[Toast]#10] (f:0,a:1) transactionCommittedCallback
03-17 14:55:51.510 11717 12148 I BLASTBufferQueue: [ViewRootImpl@29b71f1[Toast]#10] (f:0,a:1) transactionCommittedCallback mSyncedFrameNumbers.erase(1). mSyncedFrameNumbers: 0
03-17 14:55:51.513 11717 11717 I ViewRootImpl@29b71f1[Toast]: updateBlastSurfaceIfNeeded mBlastBufferQueue=0x708433dd10 isSameSurfaceControl=true
03-17 14:55:51.513 11717 11717 I BLASTBufferQueue: update, w= 958 h= 145 mName = ViewRootImpl@29b71f1[Toast] mNativeObject= 0x708433dd10 sc.mNativeObject= 0x70143adf20 format= -3 caller= android.view.ViewRootImpl.updateBlastSurfaceIfNeeded:2898 android.view.ViewRootImpl.relayoutWindow:9847 android.view.ViewRootImpl.performTraversals:3884 android.view.ViewRootImpl.doTraversal:3116 android.view.ViewRootImpl$TraversalRunnable.run:10885 android.view.Choreographer$CallbackRecord.run:1301
03-17 14:55:51.513 11717 11717 I ViewRootImpl@29b71f1[Toast]: Relayout returned: old=(241,2503,1199,2648) new=(241,2503,1199,2648) req=(958,145)0 dur=3 res=0x0 s={true 0x7114314090} ch=false seqId=1
03-17 14:55:51.513 11717 11717 I ViewRootImpl@29b71f1[Toast]: mThreadedRenderer.updateSurface() mSurface={isValid=true 0x7114314090}
03-17 14:55:51.513 11717 11717 I ViewRootImpl@29b71f1[Toast]: Setup new sync id=1
03-17 14:55:51.514 11717 11717 I ViewRootImpl@29b71f1[Toast]: Setting syncFrameCallback
03-17 14:55:51.514 11717 11717 I ViewRootImpl@29b71f1[Toast]: registerCallbacksForSync syncBuffer=false
03-17 14:55:51.514 11717 11800 I ViewRootImpl@29b71f1[Toast]: Received frameDrawingCallback syncResult=0 frameNum=2.
03-17 14:55:51.514 11717 11800 I ViewRootImpl@29b71f1[Toast]: Setting up sync and frameCommitCallback
03-17 14:55:51.515 11717 11739 I ViewRootImpl@29b71f1[Toast]: Received frameCommittedCallback lastAttemptedDrawFrameNum=2 didProduceBuffer=true
03-17 14:55:51.516 11717 11717 I ViewRootImpl@29b71f1[Toast]: onSyncComplete
03-17 14:55:51.516 11717 11717 I ViewRootImpl@29b71f1[Toast]: setupSync seqId=1 mSyncId=1 fn=2 caller=android.view.ViewRootImpl$$ExternalSyntheticLambda11.accept:6 android.window.SurfaceSyncer.lambda$setupSync$1$android-window-SurfaceSyncer:128 android.window.SurfaceSyncer$$ExternalSyntheticLambda1.accept:8 android.window.SurfaceSyncer$SyncSet.checkIfSyncIsComplete:382 android.window.SurfaceSyncer$SyncSet.markSyncReady:359 android.window.SurfaceSyncer.markSyncReady:151 android.view.ViewRootImpl.performTraversals:4503
03-17 14:55:51.517 11717 11717 I ViewRootImpl@29b71f1[Toast]: reportDrawFinished seqId=1 mSyncId=-1 fn=2 mSurfaceChangedTransaction=0x704430ff10
03-17 14:55:51.518 11717 11731 I ViewRootImpl@29b71f1[Toast]: Resizing android.view.ViewRootImpl@9e43c2d: frame = [241,2503][1199,2648] reportDraw = false forceLayout = false syncSeqId = 1
03-17 14:55:51.518 11717 12148 I ViewRootImpl@723f827[CameraSettingsActivity]: Resizing android.view.ViewRootImpl@3f4bb79: frame = [0,139][1440,3040] reportDraw = false forceLayout = false syncSeqId = 0
03-17 14:55:51.519 11717 11717 I ViewRootImpl@29b71f1[Toast]: handleResized, msg = 4 frames=ClientWindowFrames{frame=[241,2503][1199,2648] display=[0,139][1440,2872] parentFrame=[0,0][0,0] parentClippedByDisplayCutout=false} forceNextWindowRelayout=false displayId=0 resizeMode=-1 frameChanged=false displayFrameChanged=false configChanged=false displayChanged=false
03-17 14:55:51.520 11717 11717 I ViewRootImpl@723f827[CameraSettingsActivity]: handleResized, msg = 4 frames=ClientWindowFrames{frame=[0,139][1440,3040] display=[0,139][1440,3040] parentFrame=[0,0][0,0] parentClippedByDisplayCutout=false} forceNextWindowRelayout=false displayId=0 resizeMode=-1 frameChanged=false displayFrameChanged=false configChanged=false displayChanged=false
03-17 14:55:53.152 11717 11717 I ViewRootImpl@723f827[CameraSettingsActivity]: MSG_WINDOW_FOCUS_CHANGED 0 0
03-17 14:55:53.434 11717 11717 I ViewRootImpl@29b71f1[Toast]: dispatchDetachedFromWindow
03-17 14:55:53.605 11717 11717 I ViewRootImpl@723f827[CameraSettingsActivity]: handleAppVisibility mAppVisible = true visible = false
03-17 14:55:53.628 11717 11717 I ViewRootImpl@723f827[CameraSettingsActivity]: performTraversals mFirst=false windowShouldResize=false viewVisibilityChanged=true mForceNextWindowRelayout=false params=null
03-17 14:55:53.667 11717 11717 I ViewRootImpl@723f827[CameraSettingsActivity]: Relayout returned: old=(0,139,1440,3040) new=(0,139,1440,3040) req=(1440,2901)8 dur=34 res=0x2 s={false 0x0} ch=true seqId=0
03-17 14:55:53.669 11717 11717 I ViewRootImpl@723f827[CameraSettingsActivity]: stopped(true) old = false
03-17 14:55:53.669 11717 11717 I ViewRootImpl@723f827[CameraSettingsActivity]: WindowStopped on com.samsung.android.scan3d/com.google.android.apps.camera.legacy.app.settings.Camer aSettingsActivity set to true
03-17 14:55:53.682 11717 11717 I MSHandlerLifeCycle: check: return. Multi-window not supported pkg=com.samsung.android.scan3d
03-17 14:55:53.682 11717 11717 I MSHandlerLifeCycle: removeMultiSplitHandler: no exist. decor=DecorView@a279fee[CameraSettingsActivity]
03-17 14:55:53.689 11717 11717 I ViewRootImpl@723f827[CameraSettingsActivity]: performTraversals mFirst=false windowShouldResize=false viewVisibilityChanged=false mForceNextWindowRelayout=false params={(0,0)(fillxfill) sim={adjust=pan} ty=BASE_APPLICATION wanim=0x1030309
03-17 14:55:53.689 11717 11717 I ViewRootImpl@723f827[CameraSettingsActivity]: fl=81810500
03-17 14:55:53.689 11717 11717 I ViewRootImpl@723f827[CameraSettingsActivity]: pfl=12020040
03-17 14:55:53.689 11717 11717 I ViewRootImpl@723f827[CameraSettingsActivity]: bhv=SHOW_TRANSIENT_BARS_BY_SWIPE
03-17 14:55:53.689 11717 11717 I ViewRootImpl@723f827[CameraSettingsActivity]: fitSides= naviIconColor=0}
03-17 14:55:53.697 11717 11717 I ViewRootImpl@723f827[CameraSettingsActivity]: Relayout returned: old=(0,139,1440,3040) new=(0,139,1440,3040) req=(1440,2901)8 dur=7 res=0x2 s={false 0x0} ch=false seqId=0
03-17 14:55:54.459 11717 11717 I ViewRootImpl@723f827[CameraSettingsActivity]: handleAppVisibility mAppVisible = false visible = true
03-17 14:55:54.461 11717 11717 I ViewRootImpl@723f827[CameraSettingsActivity]: stopped(false) old = true
03-17 14:55:54.461 11717 11717 I ViewRootImpl@723f827[CameraSettingsActivity]: WindowStopped on com.samsung.android.scan3d/com.google.android.apps.camera.legacy.app.settings.Camer aSettingsActivity set to false
03-17 14:55:54.472 11717 11717 I MSHandlerLifeCycle: check: return. Multi-window not supported pkg=com.samsung.android.scan3d
03-17 14:55:54.472 11717 11717 I MSHandlerLifeCycle: removeMultiSplitHandler: no exist. decor=DecorView@a279fee[CameraSettingsActivity]
03-17 14:55:54.472 11717 11717 I ViewRootImpl@723f827[CameraSettingsActivity]: stopped(false) old = false
03-17 14:55:54.485 11717 11717 I DecorView: notifyKeepScreenOnChanged: keepScreenOn=false
03-17 14:55:54.485 11717 11717 I MSHandlerLifeCycle: check: return. Multi-window not supported pkg=com.samsung.android.scan3d
03-17 14:55:54.485 11717 11717 I MSHandlerLifeCycle: removeMultiSplitHandler: no exist. decor=DecorView@a279fee[CameraSettingsActivity]
03-17 14:55:54.487 11717 11717 I ViewRootImpl@723f827[CameraSettingsActivity]: performTraversals params={(0,0)(fillxfill) sim={adjust=resize forwardNavigation} ty=BASE_APPLICATION wanim=0x1030309
03-17 14:55:54.487 11717 11717 I ViewRootImpl@723f827[CameraSettingsActivity]: fl=81810500
03-17 14:55:54.487 11717 11717 I ViewRootImpl@723f827[CameraSettingsActivity]: pfl=12020040
03-17 14:55:54.487 11717 11717 I ViewRootImpl@723f827[CameraSettingsActivity]: bhv=SHOW_TRANSIENT_BARS_BY_SWIPE
03-17 14:55:54.487 11717 11717 I ViewRootImpl@723f827[CameraSettingsActivity]: fitSides= naviIconColor=0}
03-17 14:55:54.488 11717 11717 I ViewRootImpl@723f827[CameraSettingsActivity]: performTraversals mFirst=false windowShouldResize=false viewVisibilityChanged=true mForceNextWindowRelayout=false params={(0,0)(fillxfill) sim={adjust=resize forwardNavigation} ty=BASE_APPLICATION wanim=0x1030309
03-17 14:55:54.488 11717 11717 I ViewRootImpl@723f827[CameraSettingsActivity]: fl=81810500
03-17 14:55:54.488 11717 11717 I ViewRootImpl@723f827[CameraSettingsActivity]: pfl=12020040
03-17 14:55:54.488 11717 11717 I ViewRootImpl@723f827[CameraSettingsActivity]: bhv=SHOW_TRANSIENT_BARS_BY_SWIPE
03-17 14:55:54.488 11717 11717 I ViewRootImpl@723f827[CameraSettingsActivity]: fitSides= naviIconColor=0}
03-17 14:55:54.494 11717 11717 I ViewRootImpl@723f827[CameraSettingsActivity]: updateBlastSurfaceIfNeeded mBlastBufferQueue=null isSameSurfaceControl=false
03-17 14:55:54.494 11717 11717 I BLASTBufferQueue: new BLASTBufferQueue, mName= ViewRootImpl@723f827[CameraSettingsActivity] mNativeObject= 0x708434a510 sc.mNativeObject= 0x7014346850 caller= android.view.ViewRootImpl.updateBlastSurfaceIfNeeded:2909 android.view.ViewRootImpl.relayoutWindow:9847 android.view.ViewRootImpl.performTraversals:3884 android.view.ViewRootImpl.doTraversal:3116 android.view.ViewRootImpl$TraversalRunnable.run:10885 android.view.Choreographer$CallbackRecord.run:1301 android.view.Choreographer$CallbackRecord.run:1309 android.view.Choreographer.doCallbacks:923 android.view.Choreographer.doFrame:852 android.view.Choreographer$FrameDisplayEventReceiver.run:1283
03-17 14:55:54.494 11717 11717 I BLASTBufferQueue: update, w= 1440 h= 2901 mName = ViewRootImpl@723f827[CameraSettingsActivity] mNativeObject= 0x708434a510 sc.mNativeObject= 0x7014346850 format= -1 caller= android.graphics.BLASTBufferQueue.<init>:84 android.view.ViewRootImpl.updateBlastSurfaceIfNeeded:2909 android.view.ViewRootImpl.relayoutWindow:9847 android.view.ViewRootImpl.performTraversals:3884 android.view.ViewRootImpl.doTraversal:3116 android.view.ViewRootImpl$TraversalRunnable.run:10885
03-17 14:55:54.494 11717 11717 I ViewRootImpl@723f827[CameraSettingsActivity]: Relayout returned: old=(0,139,1440,3040) new=(0,139,1440,3040) req=(1440,2901)0 dur=6 res=0x3 s={true 0x7114382bd0} ch=true seqId=0
03-17 14:55:54.495 11717 11717 I ViewRootImpl@723f827[CameraSettingsActivity]: mThreadedRenderer.initialize() mSurface={isValid=true 0x7114382bd0} hwInitialized=true
03-17 14:55:54.498 11717 11717 I ViewRootImpl@723f827[CameraSettingsActivity]: reportNextDraw android.view.ViewRootImpl.performTraversals:4438 android.view.ViewRootImpl.doTraversal:3116 android.view.ViewRootImpl$TraversalRunnable.run:10885 android.view.Choreographer$CallbackRecord.run:1301 android.view.Choreographer$CallbackRecord.run:1309
03-17 14:55:54.498 11717 11717 I ViewRootImpl@723f827[CameraSettingsActivity]: Setup new sync id=3
03-17 14:55:54.498 11717 11717 I ViewRootImpl@723f827[CameraSettingsActivity]: Setting syncFrameCallback
03-17 14:55:54.498 11717 11717 I ViewRootImpl@723f827[CameraSettingsActivity]: registerCallbacksForSync syncBuffer=false
03-17 14:55:54.500 11717 11799 I ViewRootImpl@723f827[CameraSettingsActivity]: Received frameDrawingCallback syncResult=0 frameNum=1.
03-17 14:55:54.500 11717 11799 I ViewRootImpl@723f827[CameraSettingsActivity]: Setting up sync and frameCommitCallback
03-17 14:55:54.501 11717 11739 I BLASTBufferQueue: [ViewRootImpl@723f827[CameraSettingsActivity]#11](f:0,a:0) onFrameAvailable the first frame is available
03-17 14:55:54.501 11717 11739 I ViewRootImpl@723f827[CameraSettingsActivity]: Received frameCommittedCallback lastAttemptedDrawFrameNum=1 didProduceBuffer=true
03-17 14:55:54.501 11717 11717 I ViewRootImpl@723f827[CameraSettingsActivity]: onSyncComplete
03-17 14:55:54.501 11717 11717 I ViewRootImpl@723f827[CameraSettingsActivity]: setupSync seqId=0 mSyncId=3 fn=1 caller=android.view.ViewRootImpl$ $ExternalSyntheticLambda11.accept:6 android.window.SurfaceSyncer.lambda$setupSync$1$android-window-SurfaceSyncer:128 android.window.SurfaceSyncer$$ExternalSyntheticLambda1.accept:8 android.window.SurfaceSyncer$SyncSet.checkIfSyncIsComplete:382 android.window.SurfaceSyncer$SyncSet.markSyncReady:359 android.window.SurfaceSyncer.markSyncReady:151 android.view.ViewRootImpl.performTraversals:4503
03-17 14:55:54.502 11717 11717 I ViewRootImpl@723f827[CameraSettingsActivity]: reportDrawFinished seqId=0 mSyncId=-1 fn=1 mSurfaceChangedTransaction=0x7044327d90
03-17 14:55:54.506 11717 11730 I ViewRootImpl@723f827[CameraSettingsActivity]: Resizing android.view.ViewRootImpl@3f4bb79: frame = [0,139][1440,3040] reportDraw = false forceLayout = false syncSeqId = 0
03-17 14:55:54.507 11717 11717 I ViewRootImpl@723f827[CameraSettingsActivity]: handleResized, msg = 4 frames=ClientWindowFrames{frame=[0,139][1440,3040] display=[0,139][1440,3040] parentFrame=[0,0][0,0] parentClippedByDisplayCutout=false} forceNextWindowRelayout=false displayId=0 resizeMode=-1 frameChanged=false displayFrameChanged=false configChanged=false displayChanged=false
03-17 14:55:54.522 11717 11717 I ViewRootImpl@723f827[CameraSettingsActivity]: MSG_WINDOW_FOCUS_CHANGED 1 0
03-17 14:55:54.522 11717 11717 I ViewRootImpl@723f827[CameraSettingsActivity]: mThreadedRenderer.initializeIfNeeded()#2 mSurface={isValid=true 0x7114382bd0}
03-17 14:55:54.524 11717 11717 I InputMethodManager: startInputInner - mService.startInputOrWindowGainedFocus
03-17 14:55:55.019 11717 11717 I ViewRootImpl@723f827[CameraSettingsActivity]: ViewPostIme pointer 0
03-17 14:55:55.035 11717 11717 I ViewRootImpl@723f827[CameraSettingsActivity]: ViewPostIme pointer 1
03-17 14:55:55.113 11717 11717 I Dialog : mIsDeviceDefault = false, mIsSamsungBasicInteraction = false, isMetaDataInActivity = false
03-17 14:55:55.116 11717 11717 I DecorView: [INFO] isPopOver=false config=false
03-17 14:55:55.116 11717 11717 I DecorView: updateCaptionType: isFloating=true isApplication=true hasWindowDecorCaption=false this=DecorView@db4bcd1[]
03-17 14:55:55.118 11717 11717 I DecorView: setWindowBackground: isPopOver=false color=ff010101 d=android.graphics.drawable.InsetDrawable@ad54237
03-17 14:55:55.144 11717 11717 W Settings: Setting show_button_background has moved from android.provider.Settings.System to android.provider.Settings.Global, returning read-only value.
03-17 14:55:55.149 11717 11717 I DecorView: onImmersiveModeChanged: isStatusBarHidden=true
03-17 14:55:55.152 11717 11717 I ViewRootImpl@9c4412f[CameraSettingsActivity]: setView = com.android.internal.policy.DecorView@db4bcd1 TM=true
03-17 14:55:55.154 11717 11717 I IMM_LC : ris()
03-17 14:55:55.154 11717 11717 I IMM_LC : ris() ignore mServedView == null or mServedView.getWindowToken() != windowToken, mServedView :DecorView@a279fee[CameraSettingsActivity]
03-17 14:55:55.161 11717 11717 I ViewRootImpl@9c4412f[CameraSettingsActivity]: performTraversals params={(0,0)(wrapxwrap) gr=CENTER sim={adjust=pan forwardNavigation} ty=APPLICATION fmt=TRANSLUCENT wanim=0x103030a surfaceInsets=Rect(140, 140 - 140, 140)
03-17 14:55:55.161 11717 11717 I ViewRootImpl@9c4412f[CameraSettingsActivity]: fl=1800402
03-17 14:55:55.161 11717 11717 I ViewRootImpl@9c4412f[CameraSettingsActivity]: pfl=42000000
03-17 14:55:55.161 11717 11717 I ViewRootImpl@9c4412f[CameraSettingsActivity]: bhv=SHOW_TRANSIENT_BARS_BY_SWIPE
03-17 14:55:55.161 11717 11717 I ViewRootImpl@9c4412f[CameraSettingsActivity]: fitTypes=STATUS_BARS NAVIGATION_BARS CAPTION_BAR
03-17 14:55:55.161 11717 11717 I ViewRootImpl@9c4412f[CameraSettingsActivity]: dimAmount=0.6 naviIconColor=0}
03-17 14:55:55.161 11717 11717 I ViewRootImpl@9c4412f[CameraSettingsActivity]: performTraversals mFirst=true windowShouldResize=false viewVisibilityChanged=false mForceNextWindowRelayout=false params={(0,0)(wrapxwrap) gr=CENTER sim={adjust=pan forwardNavigation} ty=APPLICATION fmt=TRANSLUCENT wanim=0x103030a surfaceInsets=Rect(140, 140 - 140, 140)
03-17 14:55:55.161 11717 11717 I ViewRootImpl@9c4412f[CameraSettingsActivity]: fl=1800402
03-17 14:55:55.161 11717 11717 I ViewRootImpl@9c4412f[CameraSettingsActivity]: pfl=42000000
03-17 14:55:55.161 11717 11717 I ViewRootImpl@9c4412f[CameraSettingsActivity]: bhv=SHOW_TRANSIENT_BARS_BY_SWIPE
03-17 14:55:55.161 11717 11717 I ViewRootImpl@9c4412f[CameraSettingsActivity]: fitTypes=STATUS_BARS NAVIGATION_BARS CAPTION_BAR
03-17 14:55:55.161 11717 11717 I ViewRootImpl@9c4412f[CameraSettingsActivity]: dimAmount=0.6 naviIconColor=0}
03-17 14:55:55.165 11717 11717 I ViewRootImpl@9c4412f[CameraSettingsActivity]: updateBlastSurfaceIfNeeded mBlastBufferQueue=null isSameSurfaceControl=false
03-17 14:55:55.165 11717 11717 I BLASTBufferQueue: new BLASTBufferQueue, mName= ViewRootImpl@9c4412f[CameraSettingsActivity] mNativeObject= 0x70843408d0 sc.mNativeObject= 0x7014363860 caller= android.view.ViewRootImpl.updateBlastSurfaceIfNeeded:2909 android.view.ViewRootImpl.relayoutWindow:9847 android.view.ViewRootImpl.performTraversals:3884 android.view.ViewRootImpl.doTraversal:3116 android.view.ViewRootImpl$TraversalRunnable.run:10885 android.view.Choreographer$CallbackRecord.run:1301 android.view.Choreographer$CallbackRecord.run:1309 android.view.Choreographer.doCallbacks:923 android.view.Choreographer.doFrame:852 android.view.Choreographer$FrameDisplayEventReceiver.run:1283
03-17 14:55:55.165 11717 11717 I BLASTBufferQueue: update, w= 1646 h= 995 mName = ViewRootImpl@9c4412f[CameraSettingsActivity] mNativeObject= 0x70843408d0 sc.mNativeObject= 0x7014363860 format= -3 caller= android.graphics.BLASTBufferQueue.<init>:84 android.view.ViewRootImpl.updateBlastSurfaceIfNeeded:2909 android.view.ViewRootImpl.relayoutWindow:9847 android.view.ViewRootImpl.performTraversals:3884 android.view.ViewRootImpl.doTraversal:3116 android.view.ViewRootImpl$TraversalRunnable.run:10885
03-17 14:55:55.165 11717 11717 I ViewRootImpl@9c4412f[CameraSettingsActivity]: Relayout returned: old=(0,139,1440,2872) new=(37,1148,1403,1863) req=(1366,715)0 dur=3 res=0x3 s={true 0x7114314090} ch=true seqId=0
03-17 14:55:55.166 11717 11717 I ViewRootImpl@9c4412f[CameraSettingsActivity]: mThreadedRenderer.initialize() mSurface={isValid=true 0x7114314090} hwInitialized=true
03-17 14:55:55.168 11717 11717 I ViewRootImpl@9c4412f[CameraSettingsActivity]: reportNextDraw android.view.ViewRootImpl.performTraversals:4438 android.view.ViewRootImpl.doTraversal:3116 android.view.ViewRootImpl$TraversalRunnable.run:10885 android.view.Choreographer$CallbackRecord.run:1301 android.view.Choreographer$CallbackRecord.run:1309
03-17 14:55:55.169 11717 11717 I ViewRootImpl@9c4412f[CameraSettingsActivity]: Setup new sync id=0
03-17 14:55:55.170 11717 11717 I ViewRootImpl@9c4412f[CameraSettingsActivity]: Setting syncFrameCallback
03-17 14:55:55.170 11717 11717 I ViewRootImpl@9c4412f[CameraSettingsActivity]: registerCallbacksForSync syncBuffer=false
03-17 14:55:55.174 11717 11800 I ViewRootImpl@9c4412f[CameraSettingsActivity]: Received frameDrawingCallback syncResult=0 frameNum=1.
03-17 14:55:55.174 11717 11800 I ViewRootImpl@9c4412f[CameraSettingsActivity]: Setting up sync and frameCommitCallback
03-17 14:55:55.175 11717 11739 I BLASTBufferQueue: [ViewRootImpl@9c4412f[CameraSettingsActivity]#12](f:0,a:0) onFrameAvailable the first frame is available
03-17 14:55:55.175 11717 11739 I ViewRootImpl@9c4412f[CameraSettingsActivity]: Received frameCommittedCallback lastAttemptedDrawFrameNum=1 didProduceBuffer=true
03-17 14:55:55.176 11717 11739 W Parcel : Expecting binder but got null!
03-17 14:55:55.176 11717 11717 I ViewRootImpl@9c4412f[CameraSettingsActivity]: onSyncComplete
03-17 14:55:55.176 11717 11717 I ViewRootImpl@9c4412f[CameraSettingsActivity]: setupSync seqId=0 mSyncId=0 fn=1 caller=android.view.ViewRootImpl$ $ExternalSyntheticLambda11.accept:6 android.window.SurfaceSyncer.lambda$setupSync$1$android-window-SurfaceSyncer:128 android.window.SurfaceSyncer$$ExternalSyntheticLambda1.accept:8 android.window.SurfaceSyncer$SyncSet.checkIfSyncIsComplete:382 android.window.SurfaceSyncer$SyncSet.markSyncReady:359 android.window.SurfaceSyncer.markSyncReady:151 android.view.ViewRootImpl.performTraversals:4503
03-17 14:55:55.177 11717 11717 I ViewRootImpl@9c4412f[CameraSettingsActivity]: reportDrawFinished seqId=0 mSyncId=-1 fn=1 mSurfaceChangedTransaction=0x7044370450
03-17 14:55:55.185 11717 11717 I AssistStructure: Flattened final assist data: 5472 bytes, containing 2 windows, 39 views
03-17 14:55:55.194 11717 11717 I ViewRootImpl@723f827[CameraSettingsActivity]: MSG_WINDOW_FOCUS_CHANGED 0 0
03-17 14:55:55.226 11717 11717 I ViewRootImpl@9c4412f[CameraSettingsActivity]: MSG_WINDOW_FOCUS_CHANGED 1 0
03-17 14:55:55.227 11717 11717 I ViewRootImpl@9c4412f[CameraSettingsActivity]: mThreadedRenderer.initializeIfNeeded()#2 mSurface={isValid=true 0x7114314090}
03-17 14:55:55.229 11717 11717 I InputMethodManager: startInputInner - mService.startInputOrWindowGainedFocus
03-17 14:55:55.244 11717 11717 I IMM_LC : ris()
03-17 14:55:55.244 11717 11717 I IMM_LC : ssi() - flag : 0 view : com.samsung.android.scan3d reason = SHOW_SOFT_INPUT_BY_INSETS_API
03-17 14:55:55.284 11717 11717 W OnBackInvokedCallback: OnBackInvokedCallback is not enabled for the application.
03-17 14:55:55.284 11717 11717 W OnBackInvokedCallback: Set 'android:enableOnBackInvokedCallback="true"' in the application manifest.
03-17 14:55:55.305 11717 11731 I ViewRootImpl@9c4412f[CameraSettingsActivity]: Resizing android.view.ViewRootImpl@1ddc14b: frame = [37,1148][1403,1863] reportDraw = false forceLayout = false syncSeqId = 0
03-17 14:55:55.305 11717 12148 I ViewRootImpl@723f827[CameraSettingsActivity]: Resizing android.view.ViewRootImpl@3f4bb79: frame = [0,139][1440,3040] reportDraw = false forceLayout = false syncSeqId = 0
03-17 14:55:55.307 11717 11717 I ViewRootImpl@9c4412f[CameraSettingsActivity]: handleResized, msg = 4 frames=ClientWindowFrames{frame=[37,1148][1403,1863] display=[0,139][1440,2872] parentFrame=[0,0][0,0] parentClippedByDisplayCutout=false} forceNextWindowRelayout=false displayId=0 resizeMode=-1 frameChanged=false displayFrameChanged=false configChanged=false displayChanged=false
03-17 14:55:55.308 11717 11717 I ViewRootImpl@723f827[CameraSettingsActivity]: handleResized, msg = 4 frames=ClientWindowFrames{frame=[0,139][1440,3040] display=[0,139][1440,3040] parentFrame=[0,0][0,0] parentClippedByDisplayCutout=false} forceNextWindowRelayout=false displayId=0 resizeMode=-1 frameChanged=false displayFrameChanged=false configChanged=false displayChanged=false
03-17 14:55:55.327 11717 11731 I ViewRootImpl@723f827[CameraSettingsActivity]: Resizing android.view.ViewRootImpl@3f4bb79: frame = [0,139][1440,3040] reportDraw = false forceLayout = false syncSeqId = 0
03-17 14:55:55.329 11717 12148 I ViewRootImpl@9c4412f[CameraSettingsActivity]: Resizing android.view.ViewRootImpl@1ddc14b: frame = [37,571][1403,1286] reportDraw = false forceLayout = false syncSeqId = 0
03-17 14:55:55.341 11717 11717 I ViewRootImpl@9c4412f[CameraSettingsActivity]: performTraversals mFirst=false windowShouldResize=false viewVisibilityChanged=false mForceNextWindowRelayout=true params=null
03-17 14:55:55.346 11717 11717 I ViewRootImpl@9c4412f[CameraSettingsActivity]: updateBlastSurfaceIfNeeded mBlastBufferQueue=0x70843408d0 isSameSurfaceControl=true
03-17 14:55:55.346 11717 11717 I BLASTBufferQueue: update, w= 1646 h= 995 mName = ViewRootImpl@9c4412f[CameraSettingsActivity] mNativeObject= 0x70843408d0 sc.mNativeObject= 0x70143b1db0 format= -3 caller= android.view.ViewRootImpl.updateBlastSurfaceIfNeeded:2898 android.view.ViewRootImpl.relayoutWindow:9847 android.view.ViewRootImpl.performTraversals:3884 android.view.ViewRootImpl.doTraversal:3116 android.view.ViewRootImpl$TraversalRunnable.run:10885 android.view.Choreographer$CallbackRecord.run:1301
03-17 14:55:55.346 11717 11717 I ViewRootImpl@9c4412f[CameraSettingsActivity]: Relayout returned: old=(37,571,1403,1286) new=(37,571,1403,1286) req=(1366,715)0 dur=5 res=0x0 s={true 0x7114314090} ch=false seqId=0
03-17 14:55:55.347 11717 11717 I ViewRootImpl@9c4412f[CameraSettingsActivity]: mThreadedRenderer.updateSurface() mSurface={isValid=true 0x7114314090}
03-17 14:55:55.349 11717 11717 I ViewRootImpl@723f827[CameraSettingsActivity]: handleResized, msg = 4 frames=ClientWindowFrames{frame=[0,139][1440,3040] display=[0,139][1440,3040] parentFrame=[0,0][0,0] parentClippedByDisplayCutout=false} forceNextWindowRelayout=false displayId=0 resizeMode=-1 frameChanged=false displayFrameChanged=false configChanged=false displayChanged=false
03-17 14:55:55.349 11717 11717 I ViewRootImpl@9c4412f[CameraSettingsActivity]: handleResized, msg = 4 frames=ClientWindowFrames{frame=[37,571][1403,1286] display=[0,139][1440,2872] parentFrame=[0,0][0,0] parentClippedByDisplayCutout=false} forceNextWindowRelayout=false displayId=0 resizeMode=-1 frameChanged=false displayFrameChanged=false configChanged=false displayChanged=false
03-17 14:55:55.544 11717 11799 I ViewRootImpl@9c4412f[CameraSettingsActivity]: mWNT: t=0x7044367330 mBlastBufferQueue=0x70843408d0 fn= 5 caller= android.view.SyncRtSurfaceTransactionApplier.applyTransaction:96 android.view.SyncRtSurfaceTransactionApplier.lambda$scheduleApply$0$android-view- SyncRtSurfaceTransactionApplier:69 android.view.SyncRtSurfaceTransactionApplier$ $ExternalSyntheticLambda0.onFrameDraw:4
03-17 14:55:56.222 11717 11717 I ViewRootImpl@9c4412f[CameraSettingsActivity]: The input has been finished in ImeInputStage.
03-17 14:55:56.323 11717 11717 I ViewRootImpl@9c4412f[CameraSettingsActivity]: The input has been finished in ImeInputStage.
03-17 14:55:56.336 11717 11731 I ViewRootImpl@9c4412f[CameraSettingsActivity]: Resizing android.view.ViewRootImpl@1ddc14b: frame = [37,1148][1403,1863] reportDraw = false forceLayout = false syncSeqId = 0
03-17 14:55:56.337 11717 11730 I ViewRootImpl@723f827[CameraSettingsActivity]: Resizing android.view.ViewRootImpl@3f4bb79: frame = [0,139][1440,3040] reportDraw = false forceLayout = false syncSeqId = 0
03-17 14:55:56.352 11717 11717 I ViewRootImpl@9c4412f[CameraSettingsActivity]: handleResized, msg = 4 frames=ClientWindowFrames{frame=[37,1148][1403,1863] display=[0,139][1440,2872] parentFrame=[0,0][0,0] parentClippedByDisplayCutout=false} forceNextWindowRelayout=false displayId=0 resizeMode=-1 frameChanged=false displayFrameChanged=false configChanged=false displayChanged=false
03-17 14:55:56.353 11717 11717 I ViewRootImpl@723f827[CameraSettingsActivity]: handleResized, msg = 4 frames=ClientWindowFrames{frame=[0,139][1440,3040] display=[0,139][1440,3040] parentFrame=[0,0][0,0] parentClippedByDisplayCutout=false} forceNextWindowRelayout=false displayId=0 resizeMode=-1 frameChanged=false displayFrameChanged=false configChanged=false displayChanged=false
03-17 14:55:56.361 11717 11717 I ViewRootImpl@9c4412f[CameraSettingsActivity]: performTraversals mFirst=false windowShouldResize=false viewVisibilityChanged=false mForceNextWindowRelayout=true params=null
03-17 14:55:56.366 11717 11717 I ViewRootImpl@9c4412f[CameraSettingsActivity]: updateBlastSurfaceIfNeeded mBlastBufferQueue=0x70843408d0 isSameSurfaceControl=true
03-17 14:55:56.367 11717 11717 I BLASTBufferQueue: update, w= 1646 h= 995 mName = ViewRootImpl@9c4412f[CameraSettingsActivity] mNativeObject= 0x70843408d0 sc.mNativeObject= 0x701431bcf0 format= -3 caller= android.view.ViewRootImpl.updateBlastSurfaceIfNeeded:2898 android.view.ViewRootImpl.relayoutWindow:9847 android.view.ViewRootImpl.performTraversals:3884 android.view.ViewRootImpl.doTraversal:3116 android.view.ViewRootImpl$TraversalRunnable.run:10885 android.view.Choreographer$CallbackRecord.run:1301
03-17 14:55:56.367 11717 11717 I ViewRootImpl@9c4412f[CameraSettingsActivity]: Relayout returned: old=(37,1148,1403,1863) new=(37,1148,1403,1863) req=(1366,715)0 dur=5 res=0x0 s={true 0x7114314090} ch=false seqId=0
03-17 14:55:56.367 11717 11717 I ViewRootImpl@9c4412f[CameraSettingsActivity]: mThreadedRenderer.updateSurface() mSurface={isValid=true 0x7114314090}
03-17 14:55:56.531 11717 11717 I IMM_LC : notifyImeHidden: mService.hideSoftInput
03-17 14:55:56.558 11717 11730 I ViewRootImpl@723f827[CameraSettingsActivity]: Resizing android.view.ViewRootImpl@3f4bb79: frame = [0,139][1440,3040] reportDraw = false forceLayout = false syncSeqId = 0
03-17 14:55:56.559 11717 12148 I ViewRootImpl@9c4412f[CameraSettingsActivity]: Resizing android.view.ViewRootImpl@1ddc14b: frame = [37,1148][1403,1863] reportDraw = false forceLayout = false syncSeqId = 0
03-17 14:55:56.561 11717 11717 I ViewRootImpl@723f827[CameraSettingsActivity]: handleResized, msg = 4 frames=ClientWindowFrames{frame=[0,139][1440,3040] display=[0,139][1440,3040] parentFrame=[0,0][0,0] parentClippedByDisplayCutout=false} forceNextWindowRelayout=false displayId=0 resizeMode=-1 frameChanged=false displayFrameChanged=false configChanged=false displayChanged=false
03-17 14:55:56.563 11717 11717 I ViewRootImpl@9c4412f[CameraSettingsActivity]: handleResized, msg = 4 frames=ClientWindowFrames{frame=[37,1148][1403,1863] display=[0,139][1440,2872] parentFrame=[0,0][0,0] parentClippedByDisplayCutout=false} forceNextWindowRelayout=false displayId=0 resizeMode=-1 frameChanged=false displayFrameChanged=false configChanged=false displayChanged=false
03-17 14:55:56.656 11717 11717 I ViewRootImpl@9c4412f[CameraSettingsActivity]: ViewPostIme key 0
03-17 14:55:56.736 11717 11717 I ViewRootImpl@9c4412f[CameraSettingsActivity]: ViewPostIme key 1
03-17 14:55:56.739 11717 11717 I MSHandlerLifeCycle: removeMultiSplitHandler: no exist. decor=DecorView@db4bcd1[CameraSettingsActivity]
03-17 14:55:56.740 11717 11717 I ViewRootImpl@9c4412f[CameraSettingsActivity]: dispatchDetachedFromWindow
03-17 14:55:56.750 11717 11717 W InputEventReceiver: Attempted to finish an input event but the input event receiver has already been disposed.
03-17 14:55:56.781 11717 11717 I ViewRootImpl@723f827[CameraSettingsActivity]: MSG_WINDOW_FOCUS_CHANGED 1 0
03-17 14:55:56.781 11717 11717 I ViewRootImpl@723f827[CameraSettingsActivity]: mThreadedRenderer.initializeIfNeeded()#2 mSurface={isValid=true 0x71--------- beginning of system
03-17 14:55:58.848 12493 12513 W ResourcesOffloading: An exception occurred :
03-17 14:55:58.848 12493 12513 W ResourcesOffloading: android.content.res.Resources$NotFoundException: Resource ID #0x0
03-17 14:55:58.848 12493 12513 W ResourcesOffloading: at android.content.res.ResourcesImpl.getValueForDensity(ResourcesImpl.java:251)
03-17 14:55:58.848 12493 12513 W ResourcesOffloading: at android.content.res.Resources.offloadDrawable(Resources.java:2916)
03-17 14:55:58.848 12493 12513 W ResourcesOffloading: at android.app.ResourcesOffloading$ResourcesOffloadingRunnable.run(ResourcesOffloading .java:94)
03-17 14:55:58.848 12493 12513 W ResourcesOffloading: at java.lang.Thread.run(Thread.java:1012) --------- beginning of main
03-17 14:55:58.946 12493 12534 I CameraManagerGlobal: Connecting to camera service
03-17 14:55:58.950 12493 12531 I CameraManagerGlobal: Camera 0 facing CAMERA_FACING_BACK state now CAMERA_STATE_CLOSED for client com.samsung.android.scan3d API Level 2
03-17 14:55:58.950 12493 12509 I CameraManagerGlobal: Camera 1 facing CAMERA_FACING_FRONT state now CAMERA_STATE_CLOSED for client com.sec.android.app.camera API Level 2
03-17 14:55:58.950 12493 12509 I CameraManagerGlobal: Camera 2 facing CAMERA_FACING_BACK state now CAMERA_STATE_CLOSED for client org.telegram.messenger API Level 1
