03-17 14:52:48.817 3767 3767 I ViewRootImpl@b0b9141[CameraActivity]: ViewPostIme pointer 1
03-17 14:52:48.841 3767 8347 W CameraMetadataJV: Expect face scores and rectangles to be non-null
03-17 14:52:48.841 3767 8347 W CameraMetadataJV: Expect face scores and rectangles to be non-null
03-17 14:52:48.841 3767 8347 W CameraMetadataJV: Expect face scores and rectangles to be non-null
03-17 14:52:48.841 3767 8347 W CameraMetadataJV: Expect face scores and rectangles to be non-null
03-17 14:52:48.841 3767 8347 W CameraMetadataJV: Expect face scores and rectangles to be non-null
03-17 14:52:48.841 3767 8347 W CameraMetadataJV: Expect face scores and rectangles to be non-null
03-17 14:52:48.841 3767 8347 W CameraMetadataJV: Expect face scores and rectangles to be non-null
03-17 14:52:48.841 3767 3991 E OisListener: Null pointer for OIS data. OIS API version: 2
03-17 14:52:48.841 3767 3992 W CameraMetadataJV: Expect face scores and rectangles to be non-null
03-17 14:52:48.842 3767 8347 W JankMonitorFacade: PHOTO > rel Δ(result sensor timestamp) = 0.50 > 0.25
03-17 14:52:48.870 3767 3991 E OisListener: Null pointer for OIS data. OIS API version: 2
03-17 14:52:48.870 3767 3992 W CameraMetadataJV: Expect face scores and rectangles to be non-null
03-17 14:52:48.870 3767 8347 W CameraMetadataJV: Expect face scores and rectangles to be non-null
03-17 14:52:48.875 3767 8347 W CameraMetadataJV: Expect face scores and rectangles to be non-null
03-17 14:52:48.875 3767 8347 W CameraMetadataJV: Expect face scores and rectangles to be non-null
03-17 14:52:48.875 3767 8347 W CameraMetadataJV: Expect face scores and rectangles to be non-null
03-17 14:52:48.875 3767 8347 W CameraMetadataJV: Expect face scores and rectangles to be non-null
03-17 14:52:48.875 3767 8347 W CameraMetadataJV: Expect face scores and rectangles to be non-null
03-17 14:52:48.875 3767 8347 W CameraMetadataJV: Expect face scores and rectangles to be non-null
03-17 14:52:48.876 3767 3767 W CameraMetadataJV: Expect face scores and rectangles to be non-null
03-17 14:52:48.912 3767 8347 W CameraMetadataJV: Expect face scores and rectangles to be non-null
03-17 14:52:48.912 3767 8347 W CameraMetadataJV: Expect face scores and rectangles to be non-null
03-17 14:52:48.912 3767 8347 W CameraMetadataJV: Expect face scores and rectangles to be non-null
03-17 14:52:48.912 3767 8347 W CameraMetadataJV: Expect face scores and rectangles to be non-null
03-17 14:52:48.912 3767 8347 W CameraMetadataJV: Expect face scores and rectangles to be non-null
03-17 14:52:48.912 3767 8347 W CameraMetadataJV: Expect face scores and rectangles to be non-null
03-17 14:52:48.912 3767 8347 W CameraMetadataJV: Expect face scores and rectangles to be non-null
03-17 14:52:48.913 3767 3991 E OisListener: Null pointer for OIS data. OIS API version: 2
03-17 14:52:48.913 3767 3992 W CameraMetadataJV: Expect face scores and rectangles to be non-null
03-17 14:52:48.971 3767 3991 E OisListener: Null pointer for OIS data. OIS API version: 2
03-17 14:52:48.972 3767 8347 W CameraMetadataJV: Expect face scores and rectangles to be non-null
03-17 14:52:48.972 3767 3992 W CameraMetadataJV: Expect face scores and rectangles to be non-null
03-17 14:52:48.972 3767 8347 W CameraMetadataJV: Expect face scores and rectangles to be non-null
03-17 14:52:48.972 3767 8347 W CameraMetadataJV: Expect face scores and rectangles to be non-null
03-17 14:52:48.972 3767 8347 W CameraMetadataJV: Expect face scores and rectangles to be non-null
03-17 14:52:48.972 3767 8347 W CameraMetadataJV: Expect face scores and rectangles to be non-null
03-17 14:52:48.972 3767 8347 W CameraMetadataJV: Expect face scores and rectangles to be non-null
03-17 14:52:48.972 3767 8347 W CameraMetadataJV: Expect face scores and rectangles to be non-null
03-17 14:52:48.973 3767 8347 W JankMonitorFacade: PHOTO > rel Δ(result sensor timestamp) = 1.00 > 0.25
03-17 14:52:48.973 3767 8347 W JankMonitorFacade: PHOTO > result sensor delay = 2.00 > 1.10
03-17 14:52:49.036 3767 3991 E OisListener: Null pointer for OIS data. OIS API version: 2
03-17 14:52:49.036 3767 3992 W CameraMetadataJV: Expect face scores and rectangles to be non-null
03-17 14:52:49.036 3767 8347 W CameraMetadataJV: Expect face scores and rectangles to be non-null
03-17 14:52:49.037 3767 8347 W CameraMetadataJV: Expect face scores and rectangles to be non-null
03-17 14:52:49.037 3767 8347 W CameraMetadataJV: Expect face scores and rectangles to be non-null
03-17 14:52:49.037 3767 8347 W CameraMetadataJV: Expect face scores and rectangles to be non-null
03-17 14:52:49.037 3767 8347 W CameraMetadataJV: Expect face scores and rectangles to be non-null
03-17 14:52:49.037 3767 8347 W CameraMetadataJV: Expect face scores and rectangles to be non-null
03-17 14:52:49.037 3767 8347 W CameraMetadataJV: Expect face scores and rectangles to be non-null
03-17 14:52:49.038 3767 8347 W JankMonitorFacade: PHOTO > result sensor delay = 2.00 > 1.10
03-17 14:52:49.073 3767 3991 E OisListener: Null pointer for OIS data. OIS API version: 2
03-17 14:52:49.073 3767 8347 W CameraMetadataJV: Expect face scores and rectangles to be non-null
03-17 14:52:49.074 3767 3992 W CameraMetadataJV: Expect face scores and rectangles to be non-null
03-17 14:52:49.074 3767 8347 W CameraMetadataJV: Expect face scores and rectangles to be non-null
03-17 14:52:49.074 3767 8347 W CameraMetadataJV: Expect face scores and rectangles to be non-null
03-17 14:52:49.074 3767 8347 W CameraMetadataJV: Expect face scores and rectangles to be non-null
03-17 14:52:49.074 3767 8347 W CameraMetadataJV: Expect face scores and rectangles to be non-null
03-17 14:52:49.074 3767 8347 W CameraMetadataJV: Expect face scores and rectangles to be non-null
03-17 14:52:49.074 3767 8347 W CameraMetadataJV: Expect face scores and rectangles to be non-null
03-17 14:52:49.074 3767 8347 W JankMonitorFacade: PHOTO > rel Δ(result sensor timestamp) = 0.50 > 0.25
03-17 14:52:49.078 3767 3845 W CameraMetadataJV: Expect face scores and rectangles to be non-null
03-17 14:52:49.105 3767 8347 W CameraMetadataJV: Expect face scores and rectangles to be non-null
03-17 14:52:49.106 3767 8347 W CameraMetadataJV: Expect face scores and rectangles to be non-null
03-17 14:52:49.106 3767 8347 W CameraMetadataJV: Expect face scores and rectangles to be non-null
03-17 14:52:49.106 3767 8347 W CameraMetadataJV: Expect face scores and rectangles to be non-null
03-17 14:52:49.106 3767 8347 W CameraMetadataJV: Expect face scores and rectangles to be non-null
03-17 14:52:49.106 3767 8347 W CameraMetadataJV: Expect face scores and rectangles to be non-null
03-17 14:52:49.106 3767 8347 W CameraMetadataJV: Expect face scores and rectangles to be non-null
03-17 14:52:49.107 3767 3991 E OisListener: Null pointer for OIS data. OIS API version: 2
03-17 14:52:49.107 3767 3992 W CameraMetadataJV: Expect face scores and rectangles to be non-null
03-17 14:52:49.139 3767 3991 E OisListener: Null pointer for OIS data. OIS API version: 2
03-17 14:52:49.139 3767 8347 W CameraMetadataJV: Expect face scores and rectangles to be non-null
03-17 14:52:49.139 3767 3992 W CameraMetadataJV: Expect face scores and rectangles to be non-null
03-17 14:52:49.139 3767 8347 W CameraMetadataJV: Expect face scores and rectangles to be non-null
03-17 14:52:49.139 3767 8347 W CameraMetadataJV: Expect face scores and rectangles to be non-null
03-17 14:52:49.139 3767 8347 W CameraMetadataJV: Expect face scores and rectangles to be non-null
03-17 14:52:49.139 3767 8347 W CameraMetadataJV: Expect face scores and rectangles to be non-null
03-17 14:52:49.139 3767 8347 W CameraMetadataJV: Expect face scores and rectangles to be non-null
03-17 14:52:49.139 3767 8347 W CameraMetadataJV: Expect face scores and rectangles to be non-null
03-17 14:52:49.202 3767 8347 W CameraMetadataJV: Expect face scores and rectangles to be non-null
03-17 14:52:49.202 3767 8347 W CameraMetadataJV: Expect face scores and rectangles to be non-null
03-17 14:52:49.202 3767 8347 W CameraMetadataJV: Expect face scores and rectangles to be non-null
03-17 14:52:49.202 3767 8347 W CameraMetadataJV: Expect face scores and rectangles to be non-null
03-17 14:52:49.202 3767 8347 W CameraMetadataJV: Expect face scores and rectangles to be non-null
03-17 14:52:49.202 3767 8347 W CameraMetadataJV: Expect face scores and rectangles to be non-null
03-17 14:52:49.202 3767 8347 W CameraMetadataJV: Expect face scores and rectangles to be non-null
03-17 14:52:49.203 3767 8347 W JankMonitorFacade: PHOTO > rel Δ(result sensor timestamp) = 1.00 > 0.25
03-17 14:52:49.203 3767 8347 W JankMonitorFacade: PHOTO > result sensor delay = 2.00 > 1.10
03-17 14:52:49.203 3767 3991 E OisListener: Null pointer for OIS data. OIS API version: 2
03-17 14:52:49.203 3767 3992 W CameraMetadataJV: Expect face scores and rectangles to be non-null
03-17 14:52:49.231 3767 3991 E OisListener: Null pointer for OIS data. OIS API version: 2
03-17 14:52:49.231 3767 8347 W CameraMetadataJV: Expect face scores and rectangles to be non-null
03-17 14:52:49.231 3767 3992 W CameraMetadataJV: Expect face scores and rectangles to be non-null
03-17 14:52:49.231 3767 8347 W CameraMetadataJV: Expect face scores and rectangles to be non-null
03-17 14:52:49.231 3767 8347 W CameraMetadataJV: Expect face scores and rectangles to be non-null
03-17 14:52:49.231 3767 8347 W CameraMetadataJV: Expect face scores and rectangles to be non-null
03-17 14:52:49.231 3767 8347 W CameraMetadataJV: Expect face scores and rectangles to be non-null
03-17 14:52:49.231 3767 8347 W CameraMetadataJV: Expect face scores and rectangles to be non-null
03-17 14:52:49.231 3767 8347 W CameraMetadataJV: Expect face scores and rectangles to be non-null
03-17 14:52:49.232 3767 8347 W JankMonitorFacade: PHOTO > rel Δ(result sensor timestamp) = 0.50 > 0.25
03-17 14:52:49.249 3767 3767 I GestureDetector: handleMessage LONG_PRESS
03-17 14:52:49.311 3767 3991 E OisListener: Null pointer for OIS data. OIS API version: 2
03-17 14:52:49.311 3767 3992 W CameraMetadataJV: Expect face scores and rectangles to be non-null
03-17 14:52:49.312 3767 8347 W CameraMetadataJV: Expect face scores and rectangles to be non-null
03-17 14:52:49.313 3767 8347 W CameraMetadataJV: Expect face scores and rectangles to be non-null
03-17 14:52:49.313 3767 8347 W CameraMetadataJV: Expect face scores and rectangles to be non-null
03-17 14:52:49.313 3767 8347 W CameraMetadataJV: Expect face scores and rectangles to be non-null
03-17 14:52:49.313 3767 8347 W CameraMetadataJV: Expect face scores and rectangles to be non-null
03-17 14:52:49.313 3767 8347 W CameraMetadataJV: Expect face scores and rectangles to be non-null
03-17 14:52:49.313 3767 8347 W CameraMetadataJV: Expect face scores and rectangles to be non-null
03-17 14:52:49.313 3767 8347 W JankMonitorFacade: PHOTO > rel Δ(result sensor timestamp) = 1.00 > 0.25
03-17 14:52:49.313 3767 8347 W JankMonitorFacade: PHOTO > result sensor delay = 2.00 > 1.10
03-17 14:52:49.337 3767 3767 I ViewRootImpl@b0b9141[CameraActivity]: ViewPostIme pointer 0
03-17 14:52:49.338 3767 3767 I GestureDetector: obtain mCurrentMotionEventRaw. action: 0 id: 242716399
03-17 14:52:49.338 3767 3767 I GestureDetector: obtain mCurrentDownEvent. id: 242716399 caller: com.google.android.apps.camera.bottombar.BottomBar.onTouchEvent:2 android.view.View.dispatchTouchEvent:15544 android.view.ViewGroup.dispatchTransformedTouchEvent:3310
03-17 14:52:49.348 3767 8347 W CameraMetadataJV: Expect face scores and rectangles to be non-null
03-17 14:52:49.348 3767 8347 W CameraMetadataJV: Expect face scores and rectangles to be non-null
03-17 14:52:49.348 3767 8347 W CameraMetadataJV: Expect face scores and rectangles to be non-null
03-17 14:52:49.348 3767 8347 W CameraMetadataJV: Expect face scores and rectangles to be non-null
03-17 14:52:49.348 3767 8347 W CameraMetadataJV: Expect face scores and rectangles to be non-null
03-17 14:52:49.348 3767 8347 W CameraMetadataJV: Expect face scores and rectangles to be non-null
03-17 14:52:49.348 3767 8347 W CameraMetadataJV: Expect face scores and rectangles to be non-null
03-17 14:52:49.348 3767 8347 W JankMonitorFacade: PHOTO > rel Δ(result sensor timestamp) = 0.50 > 0.25
03-17 14:52:49.350 3767 3838 W CameraMetadataJV: Expect face scores and rectangles to be non-null
03-17 14:52:49.354 3767 3991 E OisListener: Null pointer for OIS data. OIS API version: 2
03-17 14:52:49.355 3767 3992 W CameraMetadataJV: Expect face scores and rectangles to be non-null
03-17 14:52:49.381 3767 8347 W CameraMetadataJV: Expect face scores and rectangles to be non-null
03-17 14:52:49.381 3767 3991 E OisListener: Null pointer for OIS data. OIS API version: 2
03-17 14:52:49.381 3767 8347 W CameraMetadataJV: Expect face scores and rectangles to be non-null
03-17 14:52:49.381 3767 8347 W CameraMetadataJV: Expect face scores and rectangles to be non-null
03-17 14:52:49.381 3767 8347 W CameraMetadataJV: Expect face scores and rectangles to be non-null
03-17 14:52:49.381 3767 8347 W CameraMetadataJV: Expect face scores and rectangles to be non-null
03-17 14:52:49.381 3767 8347 W CameraMetadataJV: Expect face scores and rectangles to be non-null
03-17 14:52:49.381 3767 8347 W CameraMetadataJV: Expect face scores and rectangles to be non-null
03-17 14:52:49.382 3767 3992 W CameraMetadataJV: Expect face scores and rectangles to be non-null
03-17 14:52:49.395 3767 3767 I ViewRootImpl@b0b9141[CameraActivity]: ViewPostIme pointer 1
03-17 14:52:49.402 3767 3991 E OisListener: Null pointer for OIS data. OIS API version: 2
03-17 14:52:49.403 3767 8347 W CameraMetadataJV: Expect face scores and rectangles to be non-null
03-17 14:52:49.403 3767 3992 W CameraMetadataJV: Expect face scores and rectangles to be non-null
03-17 14:52:49.404 3767 8347 W CameraMetadataJV: Expect face scores and rectangles to be non-null
03-17 14:52:49.404 3767 8347 W CameraMetadataJV: Expect face scores and rectangles to be non-null
03-17 14:52:49.404 3767 8347 W CameraMetadataJV: Expect face scores and rectangles to be non-null
03-17 14:52:49.404 3767 8347 W CameraMetadataJV: Expect face scores and rectangles to be non-null
03-17 14:52:49.404 3767 8347 W CameraMetadataJV: Expect face scores and rectangles to be non-null
03-17 14:52:49.404 3767 8347 W CameraMetadataJV: Expect face scores and rectangles to be non-null
03-17 14:52:49.431 3767 3991 E OisListener: Null pointer for OIS data. OIS API version: 2
03-17 14:52:49.432 3767 8347 W CameraMetadataJV: Expect face scores and rectangles to be non-null
03-17 14:52:49.432 3767 3992 W CameraMetadataJV: Expect face scores and rectangles to be non-null
03-17 14:52:49.432 3767 8347 W CameraMetadataJV: Expect face scores and rectangles to be non-null
03-17 14:52:49.432 3767 8347 W CameraMetadataJV: Expect face scores and rectangles to be non-null
03-17 14:52:49.432 3767 8347 W CameraMetadataJV: Expect face scores and rectangles to be non-null
03-17 14:52:49.432 3767 8347 W CameraMetadataJV: Expect face scores and rectangles to be non-null
03-17 14:52:49.432 3767 8347 W CameraMetadataJV: Expect face scores and rectangles to be non-null
03-17 14:52:49.432 3767 8347 W CameraMetadataJV: Expect face scores and rectangles to be non-null
03-17 14:52:49.507 3767 3991 E OisListener: Null pointer for OIS data. OIS API version: 2
03-17 14:52:49.508 3767 3992 W CameraMetadataJV: Expect face scores and rectangles to be non-null
03-17 14:52:49.508 3767 8347 W CameraMetadataJV: Expect face scores and rectangles to be non-null
03-17 14:52:49.509 3767 8347 W CameraMetadataJV: Expect face scores and rectangles to be non-null
03-17 14:52:49.509 3767 8347 W CameraMetadataJV: Expect face scores and rectangles to be non-null
03-17 14:52:49.509 3767 8347 W CameraMetadataJV: Expect face scores and rectangles to be non-null
03-17 14:52:49.509 3767 8347 W CameraMetadataJV: Expect face scores and rectangles to be non-null
03-17 14:52:49.509 3767 8347 W CameraMetadataJV: Expect face scores and rectangles to be non-null
03-17 14:52:49.509 3767 8347 W CameraMetadataJV: Expect face scores and rectangles to be non-null
03-17 14:52:49.509 3767 8347 W JankMonitorFacade: PHOTO > rel Δ(result sensor timestamp) = 1.00 > 0.25
03-17 14:52:49.509 3767 8347 W JankMonitorFacade: PHOTO > result sensor delay = 2.00 > 1.10
03-17 14:52:49.583 3767 3991 E OisListener: Null pointer for OIS data. OIS API version: 2
03-17 14:52:49.583 3767 8347 W CameraMetadataJV: Expect face scores and rectangles to be non-null
03-17 14:52:49.583 3767 3992 W CameraMetadataJV: Expect face scores and rectangles to be non-null
03-17 14:52:49.583 3767 8347 W CameraMetadataJV: Expect face scores and rectangles to be non-null
03-17 14:52:49.583 3767 8347 W CameraMetadataJV: Expect face scores and rectangles to be non-null
03-17 14:52:49.583 3767 8347 W CameraMetadataJV: Expect face scores and rectangles to be non-null
03-17 14:52:49.583 3767 8347 W CameraMetadataJV: Expect face scores and rectangles to be non-null
03-17 14:52:49.583 3767 8347 W CameraMetadataJV: Expect face scores and rectangles to be non-null
03-17 14:52:49.583 3767 8347 W CameraMetadataJV: Expect face scores and rectangles to be non-null
03-17 14:52:49.583 3767 8347 W JankMonitorFacade: PHOTO > result sensor delay = 2.00 > 1.10
03-17 14:52:49.619 3767 8347 W CameraMetadataJV: Expect face scores and rectangles to be non-null
03-17 14:52:49.619 3767 3991 E OisListener: Null pointer for OIS data. OIS API version: 2
03-17 14:52:49.619 3767 3992 W CameraMetadataJV: Expect face scores and rectangles to be non-null
03-17 14:52:49.620 3767 8347 W CameraMetadataJV: Expect face scores and rectangles to be non-null
03-17 14:52:49.620 3767 8347 W CameraMetadataJV: Expect face scores and rectangles to be non-null
03-17 14:52:49.620 3767 8347 W CameraMetadataJV: Expect face scores and rectangles to be non-null
03-17 14:52:49.621 3767 8347 W CameraMetadataJV: Expect face scores and rectangles to be non-null
03-17 14:52:49.621 3767 8347 W CameraMetadataJV: Expect face scores and rectangles to be non-null
03-17 14:52:49.621 3767 8347 W CameraMetadataJV: Expect face scores and rectangles to be non-null
03-17 14:52:49.622 3767 8347 W JankMonitorFacade: PHOTO > rel Δ(result sensor timestamp) = 0.50 > 0.25
03-17 14:52:49.625 3767 3838 W CameraMetadataJV: Expect face scores and rectangles to be non-null
03-17 14:52:49.647 3767 3991 E OisListener: Null pointer for OIS data. OIS API version: 2
03-17 14:52:49.647 3767 8347 W CameraMetadataJV: Expect face scores and rectangles to be non-null
03-17 14:52:49.647 3767 8347 W CameraMetadataJV: Expect face scores and rectangles to be non-null
03-17 14:52:49.647 3767 8347 W CameraMetadataJV: Expect face scores and rectangles to be non-null
03-17 14:52:49.647 3767 8347 W CameraMetadataJV: Expect face scores and rectangles to be non-null
03-17 14:52:49.647 3767 8347 W CameraMetadataJV: Expect face scores and rectangles to be non-null
03-17 14:52:49.647 3767 8347 W CameraMetadataJV: Expect face scores and rectangles to be non-null
03-17 14:52:49.647 3767 8347 W CameraMetadataJV: Expect face scores and rectangles to be non-null
03-17 14:52:49.648 3767 3992 W CameraMetadataJV: Expect face scores and rectangles to be non-null
03-17 14:52:49.677 3767 3991 E OisListener: Null pointer for OIS data. OIS API version: 2
03-17 14:52:49.677 3767 8347 W CameraMetadataJV: Expect face scores and rectangles to be non-null
03-17 14:52:49.677 3767 3992 W CameraMetadataJV: Expect face scores and rectangles to be non-null
03-17 14:52:49.678 3767 8347 W CameraMetadataJV: Expect face scores and rectangles to be non-null
03-17 14:52:49.678 3767 8347 W CameraMetadataJV: Expect face scores and rectangles to be non-null
03-17 14:52:49.678 3767 8347 W CameraMetadataJV: Expect face scores and rectangles to be non-null
03-17 14:52:49.678 3767 8347 W CameraMetadataJV: Expect face scores and rectangles to be non-null
03-17 14:52:49.678 3767 8347 W CameraMetadataJV: Expect face scores and rectangles to be non-null
03-17 14:52:49.678 3767 8347 W CameraMetadataJV: Expect face scores and rectangles to be non-null
03-17 14:52:49.732 3767 3991 E OisListener: Null pointer for OIS data. OIS API version: 2
03-17 14:52:49.732 3767 3992 W CameraMetadataJV: Expect face scores and rectangles to be non-null
03-17 14:52:49.732 3767 8347 W CameraMetadataJV: Expect face scores and rectangles to be non-null
03-17 14:52:49.733 3767 8347 W CameraMetadataJV: Expect face scores and rectangles to be non-null
03-17 14:52:49.733 3767 8347 W CameraMetadataJV: Expect face scores and rectangles to be non-null
03-17 14:52:49.733 3767 8347 W CameraMetadataJV: Expect face scores and rectangles to be non-null
03-17 14:52:49.733 3767 8347 W CameraMetadataJV: Expect face scores and rectangles to be non-null
03-17 14:52:49.733 3767 8347 W CameraMetadataJV: Expect face scores and rectangles to be non-null
03-17 14:52:49.733 3767 8347 W CameraMetadataJV: Expect face scores and rectangles to be non-null
03-17 14:52:49.735 3767 8347 W JankMonitorFacade: PHOTO > rel Δ(result sensor timestamp) = 1.00 > 0.25
03-17 14:52:49.736 3767 3767 I ViewRootImpl@b0b9141[CameraActivity]: MSG_WINDOW_FOCUS_CHANGED 0 0
03-17 14:52:49.737 3767 8347 W JankMonitorFacade: PHOTO > result sensor delay = 2.00 > 1.10
03-17 14:52:49.836 3767 3767 I GestureDetector: handleMessage LONG_PRESS
03-17 14:52:49.839 3767 3991 E OisListener: Null pointer for OIS data. OIS API version: 2
03-17 14:52:49.839 3767 3992 W CameraMetadataJV: Expect face scores and rectangles to be non-null
03-17 14:52:49.845 3767 8347 W CameraMetadataJV: Expect face scores and rectangles to be non-null
03-17 14:52:49.849 3767 8347 W CameraMetadataJV: Expect face scores and rectangles to be non-null
03-17 14:52:49.849 3767 8347 W CameraMetadataJV: Expect face scores and rectangles to be non-null
03-17 14:52:49.849 3767 8347 W CameraMetadataJV: Expect face scores and rectangles to be non-null
03-17 14:52:49.849 3767 8347 W CameraMetadataJV: Expect face scores and rectangles to be non-null
03-17 14:52:49.849 3767 8347 W CameraMetadataJV: Expect face scores and rectangles to be non-null
03-17 14:52:49.849 3767 8347 W CameraMetadataJV: Expect face scores and rectangles to be non-null
03-17 14:52:49.849 3767 8347 W JankMonitorFacade: PHOTO > result sensor delay = 2.00 > 1.10
03-17 14:52:49.901 3767 3991 E OisListener: Null pointer for OIS data. OIS API version: 2
03-17 14:52:49.901 3767 8347 W CameraMetadataJV: Expect face scores and rectangles to be non-null
03-17 14:52:49.902 3767 8347 W CameraMetadataJV: Expect face scores and rectangles to be non-null
03-17 14:52:49.902 3767 8347 W CameraMetadataJV: Expect face scores and rectangles to be non-null
03-17 14:52:49.902 3767 8347 W CameraMetadataJV: Expect face scores and rectangles to be non-null
03-17 14:52:49.902 3767 8347 W CameraMetadataJV: Expect face scores and rectangles to be non-null
03-17 14:52:49.902 3767 8347 W CameraMetadataJV: Expect face scores and rectangles to be non-null
03-17 14:52:49.902 3767 8347 W CameraMetadataJV: Expect face scores and rectangles to be non-null
03-17 14:52:49.903 3767 8347 W JankMonitorFacade: PHOTO > rel Δ(result sensor timestamp) = 0.50 > 0.25
03-17 14:52:49.903 3767 3992 W CameraMetadataJV: Expect face scores and rectangles to be non-null
03-17 14:52:49.927 3767 3991 E OisListener: Null pointer for OIS data. OIS API version: 2
03-17 14:52:49.928 3767 8347 W CameraMetadataJV: Expect face scores and rectangles to be non-null
03-17 14:52:49.928 3767 8347 W CameraMetadataJV: Expect face scores and rectangles to be non-null
03-17 14:52:49.928 3767 8347 W CameraMetadataJV: Expect face scores and rectangles to be non-null
03-17 14:52:49.928 3767 8347 W CameraMetadataJV: Expect face scores and rectangles to be non-null
03-17 14:52:49.928 3767 8347 W CameraMetadataJV: Expect face scores and rectangles to be non-null
03-17 14:52:49.928 3767 8347 W CameraMetadataJV: Expect face scores and rectangles to be non-null
03-17 14:52:49.928 3767 8347 W CameraMetadataJV: Expect face scores and rectangles to be non-null
03-17 14:52:49.928 3767 3992 W CameraMetadataJV: Expect face scores and rectangles to be non-null
03-17 14:52:49.931 3767 3842 W CameraMetadataJV: Expect face scores and rectangles to be non-null
03-17 14:52:49.958 3767 3991 E OisListener: Null pointer for OIS data. OIS API version: 2
03-17 14:52:49.959 3767 3992 W CameraMetadataJV: Expect face scores and rectangles to be non-null
03-17 14:52:49.959 3767 8347 W CameraMetadataJV: Expect face scores and rectangles to be non-null
03-17 14:52:49.963 3767 8347 W CameraMetadataJV: Expect face scores and rectangles to be non-null
03-17 14:52:49.963 3767 8347 W CameraMetadataJV: Expect face scores and rectangles to be non-null
03-17 14:52:49.963 3767 8347 W CameraMetadataJV: Expect face scores and rectangles to be non-null
03-17 14:52:49.963 3767 8347 W CameraMetadataJV: Expect face scores and rectangles to be non-null
03-17 14:52:49.963 3767 8347 W CameraMetadataJV: Expect face scores and rectangles to be non-null
03-17 14:52:49.963 3767 8347 W CameraMetadataJV: Expect face scores and rectangles to be non-null
03-17 14:52:49.980 3767 3991 E OisListener: Null pointer for OIS data. OIS API version: 2
03-17 14:52:49.980 3767 3992 W CameraMetadataJV: Expect face scores and rectangles to be non-null
03-17 14:52:49.980 3767 8347 W CameraMetadataJV: Expect face scores and rectangles to be non-null
03-17 14:52:49.981 3767 8347 W CameraMetadataJV: Expect face scores and rectangles to be non-null
03-17 14:52:49.981 3767 8347 W CameraMetadataJV: Expect face scores and rectangles to be non-null
03-17 14:52:49.981 3767 8347 W CameraMetadataJV: Expect face scores and rectangles to be non-null
03-17 14:52:49.981 3767 8347 W CameraMetadataJV: Expect face scores and rectangles to be non-null
03-17 14:52:49.981 3767 8347 W CameraMetadataJV: Expect face scores and rectangles to be non-null
03-17 14:52:49.982 3767 8347 W CameraMetadataJV: Expect face scores and rectangles to be non-null
03-17 14:52:50.083 3767 3991 E OisListener: Null pointer for OIS data. OIS API version: 2
03-17 14:52:50.083 3767 8347 W CameraMetadataJV: Expect face scores and rectangles to be non-null
03-17 14:52:50.083 3767 3992 W CameraMetadataJV: Expect face scores and rectangles to be non-null
03-17 14:52:50.084 3767 8347 W CameraMetadataJV: Expect face scores and rectangles to be non-null
03-17 14:52:50.084 3767 8347 W CameraMetadataJV: Expect face scores and rectangles to be non-null
03-17 14:52:50.084 3767 8347 W CameraMetadataJV: Expect face scores and rectangles to be non-null
03-17 14:52:50.084 3767 8347 W CameraMetadataJV: Expect face scores and rectangles to be non-null
03-17 14:52:50.084 3767 8347 W CameraMetadataJV: Expect face scores and rectangles to be non-null
03-17 14:52:50.084 3767 8347 W CameraMetadataJV: Expect face scores and rectangles to be non-null
03-17 14:52:50.085 3767 8347 W JankMonitorFacade: PHOTO > abs Δ(result sensor timestamp) = 133.32 ms > 70.00 ms
03-17 14:52:50.085 3767 8347 W JankMonitorFacade: PHOTO > rel Δ(result sensor timestamp) = 3.00 > 0.25
03-17 14:52:50.085 3767 8347 W JankMonitorFacade: PHOTO > result sensor delay = 4.00 > 1.10
03-17 14:52:50.130 3767 8347 W CameraMetadataJV: Expect face scores and rectangles to be non-null
03-17 14:52:50.130 3767 8347 W CameraMetadataJV: Expect face scores and rectangles to be non-null
03-17 14:52:50.130 3767 8347 W CameraMetadataJV: Expect face scores and rectangles to be non-null
03-17 14:52:50.130 3767 8347 W CameraMetadataJV: Expect face scores and rectangles to be non-null
03-17 14:52:50.130 3767 8347 W CameraMetadataJV: Expect face scores and rectangles to be non-null
03-17 14:52:50.130 3767 8347 W CameraMetadataJV: Expect face scores and rectangles to be non-null
03-17 14:52:50.130 3767 8347 W CameraMetadataJV: Expect face scores and rectangles to be non-null
03-17 14:52:50.130 3767 8347 W JankMonitorFacade: PHOTO > rel Δ(result sensor timestamp) = 0.75 > 0.25
03-17 14:52:50.131 3767 3991 E OisListener: Null pointer for OIS data. OIS API version: 2
03-17 14:52:50.131 3767 3992 W CameraMetadataJV: Expect face scores and rectangles to be non-null
03-17 14:52:50.155 3767 3991 E OisListener: Null pointer for OIS data. OIS API version: 2
03-17 14:52:50.155 3767 8347 W CameraMetadataJV: Expect face scores and rectangles to be non-null
03-17 14:52:50.156 3767 3992 W CameraMetadataJV: Expect face scores and rectangles to be non-null
03-17 14:52:50.157 3767 8347 W CameraMetadataJV: Expect face scores and rectangles to be non-null
03-17 14:52:50.157 3767 8347 W CameraMetadataJV: Expect face scores and rectangles to be non-null
03-17 14:52:50.158 3767 8347 W CameraMetadataJV: Expect face scores and rectangles to be non-null
03-17 14:52:50.158 3767 8347 W CameraMetadataJV: Expect face scores and rectangles to be non-null
03-17 14:52:50.158 3767 8347 W CameraMetadataJV: Expect face scores and rectangles to be non-null
03-17 14:52:50.158 3767 8347 W CameraMetadataJV: Expect face scores and rectangles to be non-null
03-17 14:52:50.184 3767 3991 E OisListener: Null pointer for OIS data. OIS API version: 2
03-17 14:52:50.184 3767 8347 W CameraMetadataJV: Expect face scores and rectangles to be non-null
03-17 14:52:50.184 3767 8347 W CameraMetadataJV: Expect face scores and rectangles to be non-null
03-17 14:52:50.184 3767 8347 W CameraMetadataJV: Expect face scores and rectangles to be non-null
03-17 14:52:50.184 3767 8347 W CameraMetadataJV: Expect face scores and rectangles to be non-null
03-17 14:52:50.184 3767 8347 W CameraMetadataJV: Expect face scores and rectangles to be non-null
03-17 14:52:50.184 3767 8347 W CameraMetadataJV: Expect face scores and rectangles to be non-null
03-17 14:52:50.184 3767 8347 W CameraMetadataJV: Expect face scores and rectangles to be non-null
03-17 14:52:50.184 3767 3992 W CameraMetadataJV: Expect face scores and rectangles to be non-null
03-17 14:52:50.189 3767 3842 W CameraMetadataJV: Expect face scores and rectangles to be non-null
03-17 14:52:50.214 3767 3991 E OisListener: Null pointer for OIS data. OIS API version: 2
03-17 14:52:50.214 3767 8347 W CameraMetadataJV: Expect face scores and rectangles to be non-null
03-17 14:52:50.214 3767 3992 W CameraMetadataJV: Expect face scores and rectangles to be non-null
03-17 14:52:50.215 3767 8347 W CameraMetadataJV: Expect face scores and rectangles to be non-null
03-17 14:52:50.215 3767 8347 W CameraMetadataJV: Expect face scores and rectangles to be non-null
03-17 14:52:50.215 3767 8347 W CameraMetadataJV: Expect face scores and rectangles to be non-null
03-17 14:52:50.215 3767 8347 W CameraMetadataJV: Expect face scores and rectangles to be non-null
03-17 14:52:50.215 3767 8347 W CameraMetadataJV: Expect face scores and rectangles to be non-null
03-17 14:52:50.215 3767 8347 W CameraMetadataJV: Expect face scores and rectangles to be non-null
03-17 14:52:50.257 3767 3767 I DecorView: notifyKeepScreenOnChanged: keepScreenOn=false
03-17 14:52:50.267 3767 3767 I ViewRootImpl@b0b9141[CameraActivity]: handleAppVisibility mAppVisible = true visible = false
03-17 14:52:50.280 3767 3767 I SurfaceView@f3dacf1: onWindowVisibilityChanged(8) false android.view.SurfaceView{f3dacf1 V.E...... ........ 0,312-1440,2232} of ViewRootImpl@b0b9141[CameraActivity]
03-17 14:52:50.280 3767 3767 I SurfaceView@f3dacf1: Changes: creating=false format=false size=false visible=true alpha=false hint=false mUseAlpha=false visible=true left=false top=false
03-17 14:52:50.280 3767 3767 I SurfaceView@f3dacf1: 255700209 Cur surface: Surface(name=null)/@0xa2985e3
03-17 14:52:50.280 3767 3767 I SurfaceView@f3dacf1: applyTransactionOnVriDraw: vri = ViewRootImpl@b0b9141[CameraActivity] fRS = false t = 0x7044320e30 android.view.SurfaceView.performSurfaceTransaction:959 android.view.SurfaceView.updateSurface:1105 android.view.SurfaceView.onWindowVisibilityChanged:371
03-17 14:52:50.281 3767 3767 I ViewRootImpl@b0b9141[CameraActivity]: applyTransactionOnDraw: mRemoved = false isHardwareEnabled = true t = 0x7044320e30android.view.SurfaceView.applyTransactionOnVriDraw:2048 android.view.SurfaceView.performSurfaceTransaction:959 android.view.SurfaceView.updateSurface:1105 android.view.SurfaceView.onWindowVisibilityChanged:371 android.view.View.dispatchWindowVisibilityChanged:15943
03-17 14:52:50.281 3767 3767 I SurfaceView@f3dacf1: surfaceDestroyed
03-17 14:52:50.281 3767 3767 I SurfaceView@f3dacf1: surfaceDestroyed callback.size 2 #2 android.view.SurfaceView{f3dacf1 V.E...... ........ 0,312- 1440,2232}
03-17 14:52:50.291 3767 3767 I SurfaceView@f3dacf1: updateSurface: mVisible = false mSurface.isValid() = true
03-17 14:52:50.296 3767 3767 I SurfaceView@f3dacf1: releaseSurfaces: viewRoot = ViewRootImpl@b0b9141[CameraActivity]
03-17 14:52:50.296 3767 3767 I SurfaceView@f3dacf1: applyTransactionOnVriDraw: vri = ViewRootImpl@b0b9141[CameraActivity] fRS = true t = 0x704430c6d0 android.view.SurfaceView.releaseSurfaces:858 android.view.SurfaceView.updateSurface:1172 android.view.SurfaceView.onWindowVisibilityChanged:371
03-17 14:52:50.296 3767 3767 I SurfaceView@f3dacf1: applyTransactionOnVriDraw: viewRoot.applyTransactionOnDrawFromReleaseSurfaces
03-17 14:52:50.296 3767 3767 I ViewRootImpl@b0b9141[CameraActivity]: from releaseSurfaces t.apply t = 0x704430c6d0
03-17 14:52:50.309 3767 3767 I DecorView: notifyKeepScreenOnChanged: keepScreenOn=false
03-17 14:52:50.311 3767 3767 I ViewRootImpl@b0b9141[CameraActivity]: performTraversals params={(0,0)(fillxfill) sim={state=always_hidden adjust=pan} layoutInDisplayCutoutMode=shortEdges ty=BASE_APPLICATION fmt=TRANSLUCENT wanim=0x1030309 rotAnim=SEAMLESS sysuil=true
03-17 14:52:50.311 3767 3767 I ViewRootImpl@b0b9141[CameraActivity]: fl=81810500
03-17 14:52:50.311 3767 3767 I ViewRootImpl@b0b9141[CameraActivity]: pfl=12020040
03-17 14:52:50.311 3767 3767 I ViewRootImpl@b0b9141[CameraActivity]: vsysui=705
03-17 14:52:50.311 3767 3767 I ViewRootImpl@b0b9141[CameraActivity]: apr=LOW_PROFILE_BARS
03-17 14:52:50.311 3767 3767 I ViewRootImpl@b0b9141[CameraActivity]: bhv=SHOW_TRANSIENT_BARS_BY_SWIPE
03-17 14:52:50.311 3767 3767 I ViewRootImpl@b0b9141[CameraActivity]: fitSides= naviIconColor=0}
03-17 14:52:50.312 3767 3767 I ViewRootImpl@b0b9141[CameraActivity]: performTraversals mFirst=false windowShouldResize=false viewVisibilityChanged=true mForceNextWindowRelayout=false params={(0,0)(fillxfill) sim={state=always_hidden adjust=pan} layoutInDisplayCutoutMode=shortEdges ty=BASE_APPLICATION fmt=TRANSLUCENT wanim=0x1030309 rotAnim=SEAMLESS sysuil=true
03-17 14:52:50.312 3767 3767 I ViewRootImpl@b0b9141[CameraActivity]: fl=81810500
03-17 14:52:50.312 3767 3767 I ViewRootImpl@b0b9141[CameraActivity]: pfl=12020040
03-17 14:52:50.312 3767 3767 I ViewRootImpl@b0b9141[CameraActivity]: vsysui=705
03-17 14:52:50.312 3767 3767 I ViewRootImpl@b0b9141[CameraActivity]: apr=LOW_PROFILE_BARS
03-17 14:52:50.312 3767 3767 I ViewRootImpl@b0b9141[CameraActivity]: bhv=SHOW_TRANSIENT_BARS_BY_SWIPE
03-17 14:52:50.312 3767 3767 I ViewRootImpl@b0b9141[CameraActivity]: fitSides= naviIconColor=0}
03-17 14:52:50.317 3767 4309 E BufferQueueProducer: [SurfaceView[com.samsung.android.scan3d/com.google.android.apps.camera.legacy.app.a ctivity.main.CameraActivity]@0#4(BLAST Consumer)4] (id:eb70000000b,api:4,p:6117,c:3767) queueBuffer: BufferQueue has been abandoned
03-17 14:52:50.339 3767 3767 I ViewRootImpl@b0b9141[CameraActivity]: Relayout returned: old=(0,0,1440,3040) new=(0,0,1440,3040) req=(1440,3040)8 dur=4 res=0x2 s={false 0x0} ch=true seqId=0
03-17 14:52:50.344 3767 3767 I SurfaceView@f3dacf1: windowStopped(true) false android.view.SurfaceView{f3dacf1 V.E...... ........ 0,312-1440,2232} of ViewRootImpl@b0b9141[CameraActivity]
03-17 14:52:50.344 3767 3767 I SurfaceView@f3dacf1: releaseSurfaces: viewRoot = ViewRootImpl@b0b9141[CameraActivity]
03-17 14:52:50.345 3767 3767 I SurfaceView@f3dacf1: applyTransactionOnVriDraw: vri = ViewRootImpl@b0b9141[CameraActivity] fRS = true t = 0x704432d670 android.view.SurfaceView.releaseSurfaces:858 android.view.SurfaceView.updateSurface:998 android.view.SurfaceView.setWindowStopped:335
03-17 14:52:50.345 3767 3767 I SurfaceView@f3dacf1: applyTransactionOnVriDraw: viewRoot.applyTransactionOnDrawFromReleaseSurfaces
03-17 14:52:50.345 3767 3767 I ViewRootImpl@b0b9141[CameraActivity]: from releaseSurfaces t.apply t = 0x704432d670
03-17 14:52:50.345 3767 4309 E BufferQueueProducer: [SurfaceView[com.samsung.android.scan3d/com.google.android.apps.camera.legacy.app.a ctivity.main.CameraActivity]@0#4(BLAST Consumer)4] (id:eb70000000b,api:4,p:6117,c:3767) queueBuffer: BufferQueue has been abandoned
03-17 14:52:50.352 3767 3767 I SurfaceView@f3dacf1: releaseSurfaces: viewRoot = ViewRootImpl@b0b9141[CameraActivity]
03-17 14:52:50.353 3767 3767 I SurfaceView@f3dacf1: applyTransactionOnVriDraw: vri = ViewRootImpl@b0b9141[CameraActivity] fRS = true t = 0x7044336670 android.view.SurfaceView.releaseSurfaces:858 android.view.SurfaceView.updateSurface:998 android.view.SurfaceView.lambda$new$0$android-view-SurfaceView:200
03-17 14:52:50.353 3767 3767 I SurfaceView@f3dacf1: applyTransactionOnVriDraw: viewRoot.applyTransactionOnDrawFromReleaseSurfaces
03-17 14:52:50.353 3767 3767 I ViewRootImpl@b0b9141[CameraActivity]: from releaseSurfaces t.apply t = 0x7044336670
03-17 14:52:50.369 3767 3767 I ViewRootImpl@b0b9141[CameraActivity]: stopped(true) old = false
03-17 14:52:50.369 3767 3767 I ViewRootImpl@b0b9141[CameraActivity]: WindowStopped on com.samsung.android.scan3d/com.google.android.apps.camera.legacy.app.activity.main. CameraActivity set to true
03-17 14:52:50.407 3767 3767 I MSHandlerLifeCycle: check: return. Multi-window not supported pkg=com.samsung.android.scan3d
03-17 14:52:50.407 3767 3767 I MSHandlerLifeCycle: removeMultiSplitHandler: no exist. decor=DecorView@485688e[CameraActivity]
03-17 14:52:50.417 3767 3767 I SurfaceView@f3dacf1: releaseSurfaces: viewRoot = ViewRootImpl@b0b9141[CameraActivity]
03-17 14:52:50.417 3767 3767 I SurfaceView@f3dacf1: applyTransactionOnVriDraw: vri = ViewRootImpl@b0b9141[CameraActivity] fRS = true t = 0x7044319390 android.view.SurfaceView.releaseSurfaces:858 android.view.SurfaceView.updateSurface:998 android.view.SurfaceView.lambda$new$0$android-view-SurfaceView:200
03-17 14:52:50.417 3767 3767 I SurfaceView@f3dacf1: applyTransactionOnVriDraw: viewRoot.applyTransactionOnDrawFromReleaseSurfaces
03-17 14:52:50.417 3767 3767 I ViewRootImpl@b0b9141[CameraActivity]: from releaseSurfaces t.apply t = 0x7044319390
03-17 14:52:50.420 3767 3767 I SurfaceView@f3dacf1: releaseSurfaces: viewRoot = ViewRootImpl@b0b9141[CameraActivity]
03-17 14:52:50.420 3767 3767 I SurfaceView@f3dacf1: applyTransactionOnVriDraw: vri = ViewRootImpl@b0b9141[CameraActivity] fRS = true t = 0x70443290b0 android.view.SurfaceView.releaseSurfaces:858 android.view.SurfaceView.updateSurface:998 android.view.SurfaceView.lambda$new$0$android-view-SurfaceView:200
03-17 14:52:50.420 3767 3767 I SurfaceView@f3dacf1: applyTransactionOnVriDraw: viewRoot.applyTransactionOnDrawFromReleaseSurfaces
03-17 14:52:50.420 3767 3767 I ViewRootImpl@b0b9141[CameraActivity]: from releaseSurfaces t.apply t = 0x70443290b0
03-17 14:52:50.437 3767 3767 I SurfaceView@f3dacf1: releaseSurfaces: viewRoot = ViewRootImpl@b0b9141[CameraActivity]
03-17 14:52:50.438 3767 3767 I SurfaceView@f3dacf1: applyTransactionOnVriDraw: vri = ViewRootImpl@b0b9141[CameraActivity] fRS = true t = 0x7044328330 android.view.SurfaceView.releaseSurfaces:858 android.view.SurfaceView.updateSurface:998 android.view.SurfaceView.lambda$new$0$android-view-SurfaceView:200
03-17 14:52:50.438 3767 3767 I SurfaceView@f3dacf1: applyTransactionOnVriDraw: viewRoot.applyTransactionOnDrawFromReleaseSurfaces
03-17 14:52:50.438 3767 3767 I ViewRootImpl@b0b9141[CameraActivity]: from releaseSurfaces t.apply t = 0x7044328330
03-17 14:52:50.439 3767 3781 E BufferQueueProducer: [SurfaceView[com.samsung.android.scan3d/com.google.android.apps.camera.legacy.app.a ctivity.main.CameraActivity]@0#4(BLAST Consumer)4] (id:eb70000000b,api:4,p:6117,c:3767) dequeueBuffer: BufferQueue has been abandoned
03-17 14:52:50.442 3767 8348 E BufferQueueProducer: [SurfaceView[com.samsung.android.scan3d/com.google.android.apps.camera.legacy.app.a ctivity.main.CameraActivity]@0#4(BLAST Consumer)4] (id:eb70000000b,api:4,p:6117,c:3767) cancelBuffer: BufferQueue has been abandoned
03-17 14:52:50.442 3767 3836 W native : tracking_jni.cc:73 Unknown tracker
03-17 14:52:50.442 3767 3836 W native : tracking_jni.cc:258 Stop tracking: tracker cannot be null
03-17 14:52:50.446 3767 8348 E BufferQueueProducer: [SurfaceView[com.samsung.android.scan3d/com.google.android.apps.camera.legacy.app.a ctivity.main.CameraActivity]@0#4(BLAST Consumer)4] (id:eb70000000b,api:4,p:6117,c:3767) cancelBuffer: BufferQueue has been abandoned
03-17 14:52:50.448 3767 8348 E BufferQueueProducer: [SurfaceView[com.samsung.android.scan3d/com.google.android.apps.camera.legacy.app.a ctivity.main.CameraActivity]@0#4(BLAST Consumer)4] (id:eb70000000b,api:4,p:6117,c:3767) cancelBuffer: BufferQueue has been abandoned
03-17 14:52:50.450 3767 3781 I CameraManagerGlobal: Camera 0 facing CAMERA_FACING_BACK state now CAMERA_STATE_IDLE for client com.samsung.android.scan3d API Level 2
03-17 14:52:50.463 3767 3767 I SurfaceView@f3dacf1: releaseSurfaces: viewRoot = ViewRootImpl@b0b9141[CameraActivity]
03-17 14:52:50.463 3767 3767 I SurfaceView@f3dacf1: applyTransactionOnVriDraw: vri = ViewRootImpl@b0b9141[CameraActivity] fRS = true t = 0x704433c070 android.view.SurfaceView.releaseSurfaces:858 android.view.SurfaceView.updateSurface:998 android.view.SurfaceView.lambda$new$0$android-view-SurfaceView:200
03-17 14:52:50.463 3767 3767 I SurfaceView@f3dacf1: applyTransactionOnVriDraw: viewRoot.applyTransactionOnDrawFromReleaseSurfaces
03-17 14:52:50.464 3767 3767 I ViewRootImpl@b0b9141[CameraActivity]: from releaseSurfaces t.apply t = 0x704433c070
03-17 14:52:50.467 3767 3845 E PhenotypeFlagCommitter: Retrieving snapshot for com.google.android.apps.camera#com.samsung.android.scan3d failed
03-17 14:52:50.467 3767 3845 E PhenotypeFlagCommitter: java.util.concurrent.ExecutionException: java.lang.SecurityException: GoogleCertificatesRslt: not allowed: pkg=com.samsung.android.scan3d, sha256=[144e0735b48b4b395e820d53e9a49aa6d308645d42cc69a030aaf8528c51f1ef], atk=false, ver=230914044.true (go/gsrlt)
03-17 14:52:50.467 3767 3845 E PhenotypeFlagCommitter: at lbu.a(Unknown Source:31)
03-17 14:52:50.467 3767 3845 E PhenotypeFlagCommitter: at lbu.a(Unknown Source:57)
03-17 14:52:50.467 3767 3845 E PhenotypeFlagCommitter: at lab.a(Unknown Source:23)
03-17 14:52:50.467 3767 3845 E PhenotypeFlagCommitter: at lab.a(Unknown Source:35)
03-17 14:52:50.467 3767 3845 E PhenotypeFlagCommitter: at gon.c(Unknown Source:41)
03-17 14:52:50.467 3767 3845 E PhenotypeFlagCommitter: at dxk.run(Unknown Source:11)
03-17 14:52:50.467 3767 3845 E PhenotypeFlagCommitter: at lis.run(Unknown Source:2)
03-17 14:52:50.467 3767 3845 E PhenotypeFlagCommitter: at java.util.concurrent.Executors$RunnableAdapter.call(Executors.java:463)
03-17 14:52:50.467 3767 3845 E PhenotypeFlagCommitter: at oye.b(Unknown Source:2)
03-17 14:52:50.467 3767 3845 E PhenotypeFlagCommitter: at oxi.run(Unknown Source:22)
03-17 14:52:50.467 3767 3845 E PhenotypeFlagCommitter: at oyf.run(Unknown Source:4)
03-17 14:52:50.467 3767 3845 E PhenotypeFlagCommitter: at java.util.concurrent.Executors$RunnableAdapter.call(Executors.java:463)
03-17 14:52:50.467 3767 3845 E PhenotypeFlagCommitter: at java.util.concurrent.FutureTask.run(FutureTask.java:264)
03-17 14:52:50.467 3767 3845 E PhenotypeFlagCommitter: at java.util.concurrent.ScheduledThreadPoolExecutor$ScheduledFutureTask.run(ScheduledT hreadPoolExecutor.java:307)
03-17 14:52:50.467 3767 3845 E PhenotypeFlagCommitter: at ljd.run(Unknown Source:2)
03-17 14:52:50.467 3767 3845 E PhenotypeFlagCommitter: at ljc.run(Unknown Source:0)
03-17 14:52:50.467 3767 3845 E PhenotypeFlagCommitter: at java.util.concurrent.ThreadPoolExecutor.runWorker(ThreadPoolExecutor.java:1137)
03-17 14:52:50.467 3767 3845 E PhenotypeFlagCommitter: at java.util.concurrent.ThreadPoolExecutor$Worker.run(ThreadPoolExecutor.java:637)
03-17 14:52:50.467 3767 3845 E PhenotypeFlagCommitter: at java.lang.Thread.run(Thread.java:1012)
03-17 14:52:50.467 3767 3845 E PhenotypeFlagCommitter: at lhu.run(Unknown Source:5)
03-17 14:52:50.467 3767 3845 E PhenotypeFlagCommitter: Caused by: java.lang.SecurityException: GoogleCertificatesRslt: not allowed: pkg=com.samsung.android.scan3d, sha256=[144e0735b48b4b395e820d53e9a49aa6d308645d42cc69a030aaf8528c51f1ef], atk=false, ver=230914044.true (go/gsrlt)
03-17 14:52:50.467 3767 3845 E PhenotypeFlagCommitter: at android.os.Parcel.createExceptionOrNull(Parcel.java:3023)
03-17 14:52:50.467 3767 3845 E PhenotypeFlagCommitter: at android.os.Parcel.createException(Parcel.java:3007)
03-17 14:52:50.467 3767 3845 E PhenotypeFlagCommitter: at android.os.Parcel.readException(Parcel.java:2990)
03-17 14:52:50.467 3767 3845 E PhenotypeFlagCommitter: at android.os.Parcel.readException(Parcel.java:2932)
03-17 14:52:50.467 3767 3845 E PhenotypeFlagCommitter: at azi.b(Unknown Source:10)
03-17 14:52:50.467 3767 3845 E PhenotypeFlagCommitter: at kzz.a(Unknown Source:38)
03-17 14:52:50.467 3767 3845 E PhenotypeFlagCommitter: at krj.a(Unknown Source:4)
03-17 14:52:50.467 3767 3845 E PhenotypeFlagCommitter: at kpf.c(Unknown Source:6)
03-17 14:52:50.467 3767 3845 E PhenotypeFlagCommitter: at kqd.c(Unknown Source:9)
03-17 14:52:50.467 3767 3845 E PhenotypeFlagCommitter: at kqd.b(Unknown Source:22)
03-17 14:52:50.467 3767 3845 E PhenotypeFlagCommitter: at kqd.e(Unknown Source:28)
03-17 14:52:50.467 3767 3845 E PhenotypeFlagCommitter: at kqd.c(Unknown Source:73)
03-17 14:52:50.467 3767 3845 E PhenotypeFlagCommitter: at kqd.a(Unknown Source:16)
03-17 14:52:50.467 3767 3845 E PhenotypeFlagCommitter: at kse.a(Unknown Source:117)
03-17 14:52:50.467 3767 3845 E PhenotypeFlagCommitter: at kry.c(Unknown Source:89)
03-17 14:52:50.467 3767 3845 E PhenotypeFlagCommitter: at krz.handleMessage(Unknown Source:286)
03-17 14:52:50.467 3767 3845 E PhenotypeFlagCommitter: at android.os.Handler.dispatchMessage(Handler.java:106)
03-17 14:52:50.467 3767 3845 E PhenotypeFlagCommitter: at kxo.a(Unknown Source:0)
03-17 14:52:50.467 3767 3845 E PhenotypeFlagCommitter: at kxo.dispatchMessage(Unknown Source:0)
03-17 14:52:50.467 3767 3845 E PhenotypeFlagCommitter: at android.os.Looper.loopOnce(Looper.java:226)
03-17 14:52:50.467 3767 3845 E PhenotypeFlagCommitter: at android.os.Looper.loop(Looper.java:313)
03-17 14:52:50.467 3767 3845 E PhenotypeFlagCommitter: at android.os.HandlerThread.run(HandlerThread.java:67)
03-17 14:52:50.474 3767 3852 W .android.scan3d: Long monitor contention with owner Session-Handler (8348) at void android.hardware.camera2.impl.CameraDeviceImpl.flush()(CameraDeviceImpl.java:1425) waiters=0 in void android.hardware.camera2.impl.CameraDeviceImpl$4.run() for 190ms
03-17 14:52:50.476 3767 3767 I SurfaceView@f3dacf1: releaseSurfaces: viewRoot = ViewRootImpl@b0b9141[CameraActivity]
03-17 14:52:50.477 3767 3767 I SurfaceView@f3dacf1: applyTransactionOnVriDraw: vri = ViewRootImpl@b0b9141[CameraActivity] fRS = true t = 0x7044344e30 android.view.SurfaceView.releaseSurfaces:858 android.view.SurfaceView.updateSurface:998 android.view.SurfaceView.lambda$new$0$android-view-SurfaceView:200
03-17 14:52:50.477 3767 3767 I SurfaceView@f3dacf1: applyTransactionOnVriDraw: viewRoot.applyTransactionOnDrawFromReleaseSurfaces
03-17 14:52:50.477 3767 3767 I ViewRootImpl@b0b9141[CameraActivity]: from releaseSurfaces t.apply t = 0x7044344e30
03-17 14:52:50.489 3767 3767 I SurfaceView@f3dacf1: releaseSurfaces: viewRoot = ViewRootImpl@b0b9141[CameraActivity]
03-17 14:52:50.490 3767 3767 I SurfaceView@f3dacf1: applyTransactionOnVriDraw: vri = ViewRootImpl@b0b9141[CameraActivity] fRS = true t = 0x70443441d0 android.view.SurfaceView.releaseSurfaces:858 android.view.SurfaceView.updateSurface:998 android.view.SurfaceView.lambda$new$0$android-view-SurfaceView:200
03-17 14:52:50.490 3767 3767 I SurfaceView@f3dacf1: applyTransactionOnVriDraw: viewRoot.applyTransactionOnDrawFromReleaseSurfaces
03-17 14:52:50.490 3767 3767 I ViewRootImpl@b0b9141[CameraActivity]: from releaseSurfaces t.apply t = 0x70443441d0
03-17 14:52:50.504 3767 3767 I SurfaceView@f3dacf1: releaseSurfaces: viewRoot = ViewRootImpl@b0b9141[CameraActivity]
03-17 14:52:50.504 3767 3767 I SurfaceView@f3dacf1: applyTransactionOnVriDraw: vri = ViewRootImpl@b0b9141[CameraActivity] fRS = true t = 0x7044323590 android.view.SurfaceView.releaseSurfaces:858 android.view.SurfaceView.updateSurface:998 android.view.SurfaceView.lambda$new$0$android-view-SurfaceView:200
03-17 14:52:50.504 3767 3767 I SurfaceView@f3dacf1: applyTransactionOnVriDraw: viewRoot.applyTransactionOnDrawFromReleaseSurfaces
03-17 14:52:50.504 3767 3767 I ViewRootImpl@b0b9141[CameraActivity]: from releaseSurfaces t.apply t = 0x7044323590
03-17 14:52:50.521 3767 3767 I SurfaceView@f3dacf1: releaseSurfaces: viewRoot = ViewRootImpl@b0b9141[CameraActivity]
03-17 14:52:50.522 3767 3767 I SurfaceView@f3dacf1: applyTransactionOnVriDraw: vri = ViewRootImpl@b0b9141[CameraActivity] fRS = true t = 0x70443439f0 android.view.SurfaceView.releaseSurfaces:858 android.view.SurfaceView.updateSurface:998 android.view.SurfaceView.lambda$new$0$android-view-SurfaceView:200
03-17 14:52:50.522 3767 3767 I SurfaceView@f3dacf1: applyTransactionOnVriDraw: viewRoot.applyTransactionOnDrawFromReleaseSurfaces
03-17 14:52:50.522 3767 3767 I ViewRootImpl@b0b9141[CameraActivity]: from releaseSurfaces t.apply t = 0x70443439f0
03-17 14:52:50.540 3767 3767 I SurfaceView@f3dacf1: releaseSurfaces: viewRoot = ViewRootImpl@b0b9141[CameraActivity]
