03-17 14:55:58.950 12493 12509 I CameraManagerGlobal: Camera 20 facing CAMERA_FACING_BACK state now CAMERA_STATE_CLOSED for client com.sec.android.app.camera API Level 2
03-17 14:55:58.950 12493 12509 I CameraManagerGlobal: Camera 21 facing CAMERA_FACING_BACK state now CAMERA_STATE_CLOSED for client android.system API Level 2
03-17 14:55:58.951 12493 12509 I CameraManagerGlobal: Camera 23 facing CAMERA_FACING_BACK state now CAMERA_STATE_CLOSED for client android.system API Level 2
03-17 14:55:58.951 12493 12509 I CameraManagerGlobal: Camera 3 facing CAMERA_FACING_FRONT state now CAMERA_STATE_CLOSED for client org.telegram.messenger API Level 1
03-17 14:55:58.951 12493 12509 I CameraManagerGlobal: Camera 4 facing CAMERA_FACING_BACK state now CAMERA_STATE_CLOSED for client android.system API Level 2
03-17 14:55:58.951 12493 12531 I CameraManagerGlobal: Camera 40 facing CAMERA_FACING_BACK state now CAMERA_STATE_CLOSED for client android.system API Level 2
03-17 14:55:58.951 12493 12531 I CameraManagerGlobal: Camera 41 facing CAMERA_FACING_FRONT state now CAMERA_STATE_CLOSED for client android.system API Level 2
03-17 14:55:58.952 12493 12531 I CameraManagerGlobal: Camera 5 facing CAMERA_FACING_FRONT state now CAMERA_STATE_CLOSED for client android.system API Level 2
03-17 14:55:58.952 12493 12531 I CameraManagerGlobal: Camera 50 facing CAMERA_FACING_BACK state now CAMERA_STATE_CLOSED for client android.system API Level 2
03-17 14:55:58.952 12493 12531 I CameraManagerGlobal: Camera 52 facing CAMERA_FACING_BACK state now CAMERA_STATE_CLOSED for client android.system API Level 2
03-17 14:55:58.952 12493 12531 I CameraManagerGlobal: Camera 80 facing CAMERA_FACING_BACK state now CAMERA_STATE_CLOSED for client android.system API Level 2
03-17 14:55:58.952 12493 12531 I CameraManagerGlobal: Camera 81 facing CAMERA_FACING_FRONT state now CAMERA_STATE_CLOSED for client android.system API Level 2
03-17 14:55:58.952 12493 12531 I CameraManagerGlobal: Camera 91 facing CAMERA_FACING_FRONT state now CAMERA_STATE_CLOSED for client android.system API Level 2
03-17 14:55:58.984 12493 12493 W .android.scan3d: Accessing hidden method Landroid/os/SystemProperties;->set(Ljava/lang/String;Ljava/lang/String;)V (unsupported, reflection, allowed)
03-17 14:55:58.985 12493 12493 W CAM_Log : Tag ConfigGserviceSource is 1 chars longer than limit.
03-17 14:55:59.061 12493 12493 I DecorView: [INFO] isPopOver=false config=true
03-17 14:55:59.061 12493 12493 I DecorView: updateCaptionType: isFloating=false isApplication=true hasWindowDecorCaption=false this=DecorView@55564bc[]
03-17 14:55:59.064 12493 12493 I DecorView: getCurrentDensityDpi: from real metrics. densityDpi=560 msg=resources_loaded
03-17 14:55:59.065 12493 12493 I DecorView: setWindowBackground: isPopOver=false color=fff6f6f6 d=android.graphics.drawable.LayerDrawable@59477c1
03-17 14:55:59.068 12493 12493 W .android.scan3d: Accessing hidden method Landroid/view/View;->computeFitSystemWindows(Landroid/graphics/Rect;Landroid/ graphics/Rect;)Z (unsupported, reflection, allowed)
03-17 14:55:59.068 12493 12493 W .android.scan3d: Accessing hidden method Landroid/view/ViewGroup;->makeOptionalFitsSystemWindows()V (unsupported, reflection, allowed)
03-17 14:55:59.078 12493 12548 W AudioCapabilities: Unsupported mime audio/x-ape
03-17 14:55:59.079 12493 12548 W AudioCapabilities: Unsupported mime audio/x-ima
03-17 14:55:59.079 12493 12548 W AudioCapabilities: Unsupported mime audio/mpeg-L1
03-17 14:55:59.079 12493 12548 W AudioCapabilities: Unsupported mime audio/mpeg-L2
03-17 14:55:59.079 12493 12548 W VideoCapabilities: Unsupported mime video/mp43
03-17 14:55:59.080 12493 12548 W VideoCapabilities: Unsupported mime video/wvc1
03-17 14:55:59.080 12493 12548 W VideoCapabilities: Unsupported mime video/x-ms-wmv
03-17 14:55:59.080 12493 12548 W AudioCapabilities: Unsupported mime audio/x-ms-wma
03-17 14:55:59.080 12493 12548 W VideoCapabilities: Unsupported mime video/x-ms- wmv7
03-17 14:55:59.081 12493 12548 W VideoCapabilities: Unsupported mime video/x-ms- wmv8
03-17 14:55:59.106 12493 12493 W FontsContract: Platform version of downloadable fonts is deprecated. Please use androidx version instead.
03-17 14:55:59.124 12493 12555 I CameraManager: registerAvailabilityCallback: Is device callback = false
03-17 14:55:59.124 12493 12555 I CameraManagerGlobal: postSingleUpdate device: camera id 0 status STATUS_PRESENT
03-17 14:55:59.124 12493 12555 I CameraManagerGlobal: postSingleUpdate device: camera id 1 status STATUS_PRESENT
03-17 14:55:59.124 12493 12555 I CameraManagerGlobal: postSingleUpdate device: camera id 2 status STATUS_PRESENT
03-17 14:55:59.124 12493 12555 I CameraManagerGlobal: postSingleUpdate device: camera id 3 status STATUS_PRESENT
03-17 14:55:59.124 12493 12555 I CameraManagerGlobal: postSingleUpdate device: camera id 4 status STATUS_PRESENT
03-17 14:55:59.124 12493 12555 I CameraManagerGlobal: postSingleUpdate device: camera id 5 status STATUS_PRESENT
03-17 14:55:59.124 12493 12555 I CameraManagerGlobal: postSingleUpdate device: camera id 20 status STATUS_PRESENT
03-17 14:55:59.124 12493 12555 I CameraManagerGlobal: postSingleUpdate device: camera id 21 status STATUS_PRESENT
03-17 14:55:59.124 12493 12555 I CameraManagerGlobal: postSingleUpdate device: camera id 23 status STATUS_PRESENT
03-17 14:55:59.124 12493 12555 I CameraManagerGlobal: postSingleUpdate device: camera id 40 status STATUS_PRESENT
03-17 14:55:59.124 12493 12555 I CameraManagerGlobal: postSingleUpdate device: camera id 41 status STATUS_PRESENT
03-17 14:55:59.124 12493 12555 I CameraManagerGlobal: postSingleUpdate device: camera id 50 status STATUS_PRESENT
03-17 14:55:59.124 12493 12555 I CameraManagerGlobal: postSingleUpdate device: camera id 52 status STATUS_PRESENT
03-17 14:55:59.124 12493 12555 I CameraManagerGlobal: postSingleUpdate device: camera id 80 status STATUS_PRESENT
03-17 14:55:59.125 12493 12555 I CameraManagerGlobal: postSingleUpdate device: camera id 81 status STATUS_PRESENT
03-17 14:55:59.125 12493 12555 I CameraManagerGlobal: postSingleUpdate device: camera id 91 status STATUS_PRESENT
03-17 14:55:59.131 12493 12509 I CameraManagerGlobal: postSingleUpdate device: camera id 20 status STATUS_NOT_AVAILABLE
03-17 14:55:59.132 12493 12509 I CameraManagerGlobal: postSingleUpdate device: camera id 21 status STATUS_NOT_AVAILABLE
03-17 14:55:59.132 12493 12509 I CameraManagerGlobal: postSingleUpdate device: camera id 23 status STATUS_NOT_AVAILABLE
03-17 14:55:59.132 12493 12509 I CameraManagerGlobal: postSingleUpdate device: camera id 0 status STATUS_NOT_AVAILABLE
03-17 14:55:59.139 12493 12542 W CAM_Log : Tag PckStreamConfigModule is 2 chars longer than limit.
03-17 14:55:59.148 12493 12509 I CameraManagerGlobal: Camera 0 facing CAMERA_FACING_BACK state now CAMERA_STATE_OPEN for client com.samsung.android.scan3d API Level 2
03-17 14:55:59.197 12493 12493 W .android.scan3d: Accessing hidden method Landroid/app/Activity;->setDisablePreviewScreenshots(Z)V (max-target-s, reflection, allowed)
03-17 14:55:59.202 12493 12493 I MSHandlerLifeCycle: check: return. pkg=com.samsung.android.scan3d parent=null callers=com.android.internal.policy.DecorView.setVisibility:4411 android.app.ActivityThread.handleResumeActivity:5476 android.app.servertransaction.ResumeActivityItem.execute:54 android.app.servertransaction.ActivityTransactionItem.execute:45 android.app.servertransaction.TransactionExecutor.executeLifecycleState:176
03-17 14:55:59.202 12493 12493 I MSHandlerLifeCycle: removeMultiSplitHandler: no exist. decor=DecorView@55564bc[]
03-17 14:55:59.211 12493 12493 I DecorView: onImmersiveModeChanged: isStatusBarHidden=true
03-17 14:55:59.211 12493 12493 I DecorView: notifyKeepScreenOnChanged: keepScreenOn=false
03-17 14:55:59.219 12493 12493 I ViewRootImpl@54907c9[CameraActivity]: setView = com.android.internal.policy.DecorView@55564bc TM=true
03-17 14:55:59.220 12493 12493 I MSHandlerLifeCycle: check: return. Multi-window not supported pkg=com.samsung.android.scan3d
03-17 14:55:59.220 12493 12493 I MSHandlerLifeCycle: removeMultiSplitHandler: no exist. decor=DecorView@55564bc[CameraActivity]
03-17 14:55:59.234 12493 12548 W CAM_Log : Tag ShutterButtonAnimator is 2 chars longer than limit.
03-17 14:55:59.235 12493 12493 I ViewRootImpl@54907c9[CameraActivity]: performTraversals params={(0,0)(fillxfill) sim={state=always_hidden adjust=pan forwardNavigation} layoutInDisplayCutoutMode=shortEdges ty=BASE_APPLICATION fmt=TRANSLUCENT wanim=0x1030309 rotAnim=SEAMLESS
03-17 14:55:59.235 12493 12493 I ViewRootImpl@54907c9[CameraActivity]: fl=81810500
03-17 14:55:59.235 12493 12493 I ViewRootImpl@54907c9[CameraActivity]: pfl=12020040
03-17 14:55:59.235 12493 12493 I ViewRootImpl@54907c9[CameraActivity]: vsysui=705
03-17 14:55:59.235 12493 12493 I ViewRootImpl@54907c9[CameraActivity]: apr=LOW_PROFILE_BARS
03-17 14:55:59.235 12493 12493 I ViewRootImpl@54907c9[CameraActivity]: bhv=SHOW_TRANSIENT_BARS_BY_SWIPE
03-17 14:55:59.235 12493 12493 I ViewRootImpl@54907c9[CameraActivity]: fitSides= naviIconColor=0}
03-17 14:55:59.237 12493 12493 I ViewRootImpl@54907c9[CameraActivity]: performTraversals mFirst=true windowShouldResize=true viewVisibilityChanged=false mForceNextWindowRelayout=false params={(0,0)(fillxfill) sim={state=always_hidden adjust=pan forwardNavigation} layoutInDisplayCutoutMode=shortEdges ty=BASE_APPLICATION fmt=TRANSLUCENT wanim=0x1030309 rotAnim=SEAMLESS
03-17 14:55:59.237 12493 12493 I ViewRootImpl@54907c9[CameraActivity]: fl=81810500
03-17 14:55:59.237 12493 12493 I ViewRootImpl@54907c9[CameraActivity]: pfl=12020040
03-17 14:55:59.237 12493 12493 I ViewRootImpl@54907c9[CameraActivity]: vsysui=705
03-17 14:55:59.237 12493 12493 I ViewRootImpl@54907c9[CameraActivity]: apr=LOW_PROFILE_BARS
03-17 14:55:59.237 12493 12493 I ViewRootImpl@54907c9[CameraActivity]: bhv=SHOW_TRANSIENT_BARS_BY_SWIPE
03-17 14:55:59.237 12493 12493 I ViewRootImpl@54907c9[CameraActivity]: fitSides= naviIconColor=0}
03-17 14:55:59.249 12493 12493 I ViewRootImpl@54907c9[CameraActivity]: updateBlastSurfaceIfNeeded mBlastBufferQueue=null isSameSurfaceControl=false
03-17 14:55:59.250 12493 12493 I BLASTBufferQueue: new BLASTBufferQueue, mName= ViewRootImpl@54907c9[CameraActivity] mNativeObject= 0x708431f590 sc.mNativeObject= 0x701431bae0 caller= android.view.ViewRootImpl.updateBlastSurfaceIfNeeded:2909 android.view.ViewRootImpl.relayoutWindow:9847 android.view.ViewRootImpl.performTraversals:3884 android.view.ViewRootImpl.doTraversal:3116 android.view.ViewRootImpl$TraversalRunnable.run:10885 android.view.Choreographer$CallbackRecord.run:1301 android.view.Choreographer$CallbackRecord.run:1309 android.view.Choreographer.doCallbacks:923 android.view.Choreographer.doFrame:852 android.view.Choreographer$FrameDisplayEventReceiver.run:1283
03-17 14:55:59.250 12493 12493 I BLASTBufferQueue: update, w= 1440 h= 3040 mName = ViewRootImpl@54907c9[CameraActivity] mNativeObject= 0x708431f590 sc.mNativeObject= 0x701431bae0 format= -3 caller= android.graphics.BLASTBufferQueue.<init>:84 android.view.ViewRootImpl.updateBlastSurfaceIfNeeded:2909 android.view.ViewRootImpl.relayoutWindow:9847 android.view.ViewRootImpl.performTraversals:3884 android.view.ViewRootImpl.doTraversal:3116 android.view.ViewRootImpl$TraversalRunnable.run:10885
03-17 14:55:59.250 12493 12493 I ViewRootImpl@54907c9[CameraActivity]: Relayout returned: old=(0,0,1440,3040) new=(0,0,1440,3040) req=(1440,3040)0 dur=12 res=0x3 s={true 0x711430b850} ch=true seqId=0
03-17 14:55:59.251 12493 12493 I ViewRootImpl@54907c9[CameraActivity]: mThreadedRenderer.initialize() mSurface={isValid=true 0x711430b850} hwInitialized=true
03-17 14:55:59.254 12493 12578 I Gralloc4: mapper 4.x is not supported
03-17 14:55:59.255 12493 12578 W Gralloc3: mapper 3.x is not supported
03-17 14:55:59.257 12493 12493 I ViewRootImpl@54907c9[CameraActivity]: reportNextDraw android.view.ViewRootImpl.performTraversals:4438 android.view.ViewRootImpl.doTraversal:3116 android.view.ViewRootImpl$TraversalRunnable.run:10885 android.view.Choreographer$CallbackRecord.run:1301 android.view.Choreographer$CallbackRecord.run:1309
03-17 14:55:59.257 12493 12493 I ViewRootImpl@54907c9[CameraActivity]: Setup new sync id=0
03-17 14:55:59.257 12493 12493 I ViewRootImpl@54907c9[CameraActivity]: Setting syncFrameCallback
03-17 14:55:59.257 12493 12493 I ViewRootImpl@54907c9[CameraActivity]: registerCallbacksForSync syncBuffer=false
03-17 14:55:59.258 12493 12578 I gralloc : Arm Module v1.0
03-17 14:55:59.260 12493 12578 W Gralloc4: allocator 4.x is not supported
03-17 14:55:59.261 12493 12583 I ViewRootImpl@54907c9[CameraActivity]: Received frameDrawingCallback syncResult=0 frameNum=1.
03-17 14:55:59.261 12493 12583 I ViewRootImpl@54907c9[CameraActivity]: Setting up sync and frameCommitCallback
03-17 14:55:59.261 12493 12578 W Gralloc3: allocator 3.x is not supported
03-17 14:55:59.273 12493 12548 W CAM_Log : Tag SceneDistanceAdviceSettings is 8 chars longer than limit.
03-17 14:55:59.276 12493 12548 W CAM_Log : Tag LongExposureStatechart is 3 chars longer than limit.
03-17 14:55:59.281 12493 12531 I CameraManagerGlobal: Camera 0 facing CAMERA_FACING_BACK state now CAMERA_STATE_CLOSED for client com.samsung.android.scan3d API Level 2
03-17 14:55:59.282 12493 12515 I BLASTBufferQueue: [ViewRootImpl@54907c9[CameraActivity]#0](f:0,a:0) onFrameAvailable the first frame is available
03-17 14:55:59.282 12493 12515 I ViewRootImpl@54907c9[CameraActivity]: Received frameCommittedCallback lastAttemptedDrawFrameNum=1 didProduceBuffer=true
03-17 14:55:59.431 12493 12555 W CAM_SimpleReqProcessor: Failed to add Stream-3 to CaptureRequest for Request-11. The surface (null) was not valid.
03-17 14:55:59.435 12493 12555 W CAM_SimpleReqProcessor: Failed to add Stream-3 to CaptureRequest for Request-12. The surface (null) was not valid.
03-17 14:55:59.436 12493 12508 I CameraManagerGlobal: Camera 0 facing CAMERA_FACING_BACK state now CAMERA_STATE_ACTIVE for client com.samsung.android.scan3d API Level 2
03-17 14:55:59.484 12493 12502 I .android.scan3d: Compiler allocated 4177KB to compile void android.widget.TextView.<init>(android.content.Context, android.util.AttributeSet, int, int)
03-17 14:55:59.515 12493 12493 W CAM_Log : Tag HdrPlusTemperatureListener is 7 chars longer than limit.
03-17 14:55:59.518 12493 12493 W CAM_ModeSwitcher: ModeSwitcher WAS ALREADY ENABLED!
03-17 14:55:59.529 12493 12493 I SurfaceView@59f2643: onWindowVisibilityChanged(0) true android.view.SurfaceView{59f2643 V.E...... ......I. 0,0-0,0} of ViewRootImpl@54907c9[CameraActivity]
03-17 14:55:59.531 12493 12493 I DecorView: notifyKeepScreenOnChanged: keepScreenOn=true
03-17 14:55:59.538 12493 12493 I ViewRootImpl@54907c9[CameraActivity]: mThreadedRenderer.initializeIfNeeded()#2 mSurface={isValid=true 0x711430b850}
03-17 14:55:59.540 12493 12493 I InputMethodManager: startInputInner - mService.startInputOrWindowGainedFocus
03-17 14:55:59.542 12493 12493 W InputMethodManager: dispatchInputEvent: not handled, reason: current session is null
03-17 14:55:59.544 12493 12493 I ViewRootImpl@54907c9[CameraActivity]: ViewPostIme key 0
03-17 14:55:59.545 12493 12493 W InputMethodManager: dispatchInputEvent: not handled, reason: current session is null
03-17 14:55:59.545 12493 12493 I ViewRootImpl@54907c9[CameraActivity]: ViewPostIme key 0
03-17 14:55:59.546 12493 12493 W InputMethodManager: dispatchInputEvent: not handled, reason: current session is null
03-17 14:55:59.546 12493 12493 I ViewRootImpl@54907c9[CameraActivity]: ViewPostIme key 1
03-17 14:55:59.555 12493 12493 I DecorView: notifyKeepScreenOnChanged: keepScreenOn=true
03-17 14:55:59.556 12493 12493 I ViewRootImpl@54907c9[CameraActivity]: performTraversals params={(0,0)(fillxfill) sim={state=always_hidden adjust=pan} layoutInDisplayCutoutMode=shortEdges ty=BASE_APPLICATION fmt=TRANSLUCENT wanim=0x1030309 rotAnim=SEAMLESS sysuil=true
03-17 14:55:59.556 12493 12493 I ViewRootImpl@54907c9[CameraActivity]: fl=81810580
03-17 14:55:59.556 12493 12493 I ViewRootImpl@54907c9[CameraActivity]: pfl=12020040
03-17 14:55:59.556 12493 12493 I ViewRootImpl@54907c9[CameraActivity]: vsysui=705
03-17 14:55:59.556 12493 12493 I ViewRootImpl@54907c9[CameraActivity]: apr=LOW_PROFILE_BARS
03-17 14:55:59.556 12493 12493 I ViewRootImpl@54907c9[CameraActivity]: bhv=SHOW_TRANSIENT_BARS_BY_SWIPE
03-17 14:55:59.556 12493 12493 I ViewRootImpl@54907c9[CameraActivity]: fitSides= naviIconColor=0}
03-17 14:55:59.558 12493 12493 I ViewRootImpl@54907c9[CameraActivity]: performTraversals mFirst=false windowShouldResize=false viewVisibilityChanged=false mForceNextWindowRelayout=false params={(0,0)(fillxfill) sim={state=always_hidden adjust=pan} layoutInDisplayCutoutMode=shortEdges ty=BASE_APPLICATION fmt=TRANSLUCENT wanim=0x1030309 rotAnim=SEAMLESS sysuil=true
03-17 14:55:59.558 12493 12493 I ViewRootImpl@54907c9[CameraActivity]: fl=81810580
03-17 14:55:59.558 12493 12493 I ViewRootImpl@54907c9[CameraActivity]: pfl=12020040
03-17 14:55:59.558 12493 12493 I ViewRootImpl@54907c9[CameraActivity]: vsysui=705
03-17 14:55:59.558 12493 12493 I ViewRootImpl@54907c9[CameraActivity]: apr=LOW_PROFILE_BARS
03-17 14:55:59.558 12493 12493 I ViewRootImpl@54907c9[CameraActivity]: bhv=SHOW_TRANSIENT_BARS_BY_SWIPE
03-17 14:55:59.558 12493 12493 I ViewRootImpl@54907c9[CameraActivity]: fitSides= naviIconColor=0}
03-17 14:55:59.563 12493 12493 I ViewRootImpl@54907c9[CameraActivity]: updateBlastSurfaceIfNeeded mBlastBufferQueue=0x708431f590 isSameSurfaceControl=true
03-17 14:55:59.563 12493 12493 I BLASTBufferQueue: update, w= 1440 h= 3040 mName = ViewRootImpl@54907c9[CameraActivity] mNativeObject= 0x708431f590 sc.mNativeObject= 0x701437b8b0 format= -3 caller= android.view.ViewRootImpl.updateBlastSurfaceIfNeeded:2898 android.view.ViewRootImpl.relayoutWindow:9847 android.view.ViewRootImpl.performTraversals:3884 android.view.ViewRootImpl.doTraversal:3116 android.view.ViewRootImpl$TraversalRunnable.run:10885 android.view.Choreographer$CallbackRecord.run:1301
03-17 14:55:59.563 12493 12493 I ViewRootImpl@54907c9[CameraActivity]: Relayout returned: old=(0,0,1440,3040) new=(0,0,1440,3040) req=(1440,3040)0 dur=4 res=0x0 s={true 0x711430b850} ch=false seqId=0
03-17 14:55:59.567 12493 12493 W Resources: Drawable com.samsung.android.scan3d:drawable/notification_dot has unresolved theme attributes! Consider using Resources.getDrawable(int, Theme) or Context.getDrawable(int).
03-17 14:55:59.567 12493 12493 W Resources: java.lang.RuntimeException
03-17 14:55:59.567 12493 12493 W Resources: at android.content.res.Resources.getDrawable(Resources.java:967)
03-17 14:55:59.567 12493 12493 W Resources: at jiw.a(Unknown Source:38)
03-17 14:55:59.567 12493 12493 W Resources: at jhd.onLayout(Unknown Source:97)
03-17 14:55:59.567 12493 12493 W Resources: at android.view.View.layout(View.java:24969)
03-17 14:55:59.567 12493 12493 W Resources: at android.view.ViewGroup.layout(ViewGroup.java:6784)
03-17 14:55:59.567 12493 12493 W Resources: at android.widget.FrameLayout.layoutChildren(FrameLayout.java:332)
03-17 14:55:59.567 12493 12493 W Resources: at android.widget.HorizontalScrollView.onLayout(HorizontalScrollView.java:2120)
03-17 14:55:59.567 12493 12493 W Resources: at com.google.android.apps.camera.ui.modeswitcher.ModeSwitcher.onLayout(Unknown Source:0)
03-17 14:55:59.567 12493 12493 W Resources: at android.view.View.layout(View.java:24969)
03-17 14:55:59.567 12493 12493 W Resources: at android.view.ViewGroup.layout(ViewGroup.java:6784)
03-17 14:55:59.567 12493 12493 W Resources: at android.widget.FrameLayout.layoutChildren(FrameLayout.java:332)
03-17 14:55:59.567 12493 12493 W Resources: at android.widget.FrameLayout.onLayout(FrameLayout.java:270)
03-17 14:55:59.567 12493 12493 W Resources: at com.google.android.apps.camera.ui.layout.GcaLayout.onLayout(Unknown Source:21)
03-17 14:55:59.567 12493 12493 W Resources: at com.google.android.apps.camera.ui.views.MainActivityLayout.onLayout(Unknown Source:0)
03-17 14:55:59.567 12493 12493 W Resources: at android.view.View.layout(View.java:24969)
03-17 14:55:59.567 12493 12493 W Resources: at android.view.ViewGroup.layout(ViewGroup.java:6784)
03-17 14:55:59.567 12493 12493 W Resources: at android.widget.FrameLayout.layoutChildren(FrameLayout.java:332)
03-17 14:55:59.567 12493 12493 W Resources: at android.widget.FrameLayout.onLayout(FrameLayout.java:270)
03-17 14:55:59.567 12493 12493 W Resources: at android.view.View.layout(View.java:24969)
03-17 14:55:59.567 12493 12493 W Resources: at android.view.ViewGroup.layout(ViewGroup.java:6784)
03-17 14:55:59.567 12493 12493 W Resources: at android.widget.LinearLayout.setChildFrame(LinearLayout.java:1829)
03-17 14:55:59.567 12493 12493 W Resources: at android.widget.LinearLayout.layoutVertical(LinearLayout.java:1673)
03-17 14:55:59.567 12493 12493 W Resources: at android.widget.LinearLayout.onLayout(LinearLayout.java:1582)
03-17 14:55:59.567 12493 12493 W Resources: at android.view.View.layout(View.java:24969)
03-17 14:55:59.567 12493 12493 W Resources: at android.view.ViewGroup.layout(ViewGroup.java:6784)
03-17 14:55:59.567 12493 12493 W Resources: at android.widget.FrameLayout.layoutChildren(FrameLayout.java:332)
03-17 14:55:59.567 12493 12493 W Resources: at android.widget.FrameLayout.onLayout(FrameLayout.java:270)
03-17 14:55:59.567 12493 12493 W Resources: at android.view.View.layout(View.java:24969)
03-17 14:55:59.567 12493 12493 W Resources: at android.view.ViewGroup.layout(ViewGroup.java:6784)
03-17 14:55:59.567 12493 12493 W Resources: at android.widget.LinearLayout.setChildFrame(LinearLayout.java:1829)
03-17 14:55:59.567 12493 12493 W Resources: at android.widget.LinearLayout.layoutVertical(LinearLayout.java:1673)
03-17 14:55:59.567 12493 12493 W Resources: at android.widget.LinearLayout.onLayout(LinearLayout.java:1582)
03-17 14:55:59.567 12493 12493 W Resources: at android.view.View.layout(View.java:24969)
03-17 14:55:59.567 12493 12493 W Resources: at android.view.ViewGroup.layout(ViewGroup.java:6784)
03-17 14:55:59.567 12493 12493 W Resources: at android.widget.FrameLayout.layoutChildren(FrameLayout.java:332)
03-17 14:55:59.567 12493 12493 W Resources: at android.widget.FrameLayout.onLayout(FrameLayout.java:270)
03-17 14:55:59.567 12493 12493 W Resources: at com.android.internal.policy.DecorView.onLayout(DecorView.java:1427)
03-17 14:55:59.567 12493 12493 W Resources: at android.view.View.layout(View.java:24969)
03-17 14:55:59.567 12493 12493 W Resources: at android.view.ViewGroup.layout(ViewGroup.java:6784)
03-17 14:55:59.567 12493 12493 W Resources: at android.view.ViewRootImpl.performLayout(ViewRootImpl.java:4917)
03-17 14:55:59.567 12493 12493 W Resources: at android.view.ViewRootImpl.performTraversals(ViewRootImpl.java:4240)
03-17 14:55:59.567 12493 12493 W Resources: at android.view.ViewRootImpl.doTraversal(ViewRootImpl.java:3116)
03-17 14:55:59.567 12493 12493 W Resources: at android.view.ViewRootImpl$TraversalRunnable.run(ViewRootImpl.java:10885)
03-17 14:55:59.567 12493 12493 W Resources: at android.view.Choreographer$CallbackRecord.run(Choreographer.java:1301)
03-17 14:55:59.567 12493 12493 W Resources: at android.view.Choreographer$CallbackRecord.run(Choreographer.java:1309)
03-17 14:55:59.567 12493 12493 W Resources: at android.view.Choreographer.doCallbacks(Choreographer.java:923)
03-17 14:55:59.567 12493 12493 W Resources: at android.view.Choreographer.doFrame(Choreographer.java:852)
03-17 14:55:59.567 12493 12493 W Resources: at android.view.Choreographer$FrameDisplayEventReceiver.run(Choreographer.java:1283)
03-17 14:55:59.567 12493 12493 W Resources: at android.os.Handler.handleCallback(Handler.java:942)
03-17 14:55:59.567 12493 12493 W Resources: at android.os.Handler.dispatchMessage(Handler.java:99)
03-17 14:55:59.567 12493 12493 W Resources: at android.os.Looper.loopOnce(Looper.java:226)
03-17 14:55:59.567 12493 12493 W Resources: at android.os.Looper.loop(Looper.java:313)
03-17 14:55:59.567 12493 12493 W Resources: at android.app.ActivityThread.main(ActivityThread.java:8757)
03-17 14:55:59.567 12493 12493 W Resources: at java.lang.reflect.Method.invoke(Native Method)
03-17 14:55:59.567 12493 12493 W Resources: at com.android.internal.os.RuntimeInit$MethodAndArgsCaller.run(RuntimeInit.java:571)
03-17 14:55:59.567 12493 12493 W Resources: at com.android.internal.os.ZygoteInit.main(ZygoteInit.java:1067)
03-17 14:55:59.567 12493 12493 W View : requestLayout() improperly called by nxq{5340da V.ED..... ......ID 523,1-916,166} during layout: running second layout pass
03-17 14:55:59.569 12493 12493 I SurfaceView@59f2643: Changes: creating=true format=true size=true visible=true alpha=false hint=false mUseAlpha=false visible=true left=true top=true
03-17 14:55:59.571 12493 12493 I BLASTBufferQueue: update, w= 1440 h= 1080 mName = null mNativeObject= 0x708431e5f0 sc.mNativeObject= 0x701437c460 format= 4 caller= android.view.SurfaceView.createBlastSurfaceControls:1383 android.view.SurfaceView.updateSurface:1079 android.view.SurfaceView.lambda$new$0$android-view-SurfaceView:200 android.view.SurfaceView$$ExternalSyntheticLambda5.onPreDraw:2 android.view.ViewTreeObserver.dispatchOnPreDraw:1121 android.view.ViewRootImpl.performTraversals:4442
03-17 14:55:59.571 12493 12493 I SurfaceView@59f2643: 94316099 Cur surface: Surface(name=null)/@0xb33091c
03-17 14:55:59.571 12493 12493 I SurfaceView@59f2643: pST: sr = Rect(0, 312 - 1440, 2232) sw = 1440 sh = 1080
03-17 14:55:59.571 12493 12493 I SurfaceView@59f2643: applyTransactionOnVriDraw: vri = ViewRootImpl@54907c9[CameraActivity] fRS = false t = 0x70443236b0 android.view.SurfaceView.performSurfaceTransaction:959 android.view.SurfaceView.updateSurface:1105 android.view.SurfaceView.lambda$new$0$android-view-SurfaceView:200
03-17 14:55:59.571 12493 12493 I ViewRootImpl@54907c9[CameraActivity]: applyTransactionOnDraw: mRemoved = false isHardwareEnabled = true t = 0x70443236b0android.view.SurfaceView.applyTransactionOnVriDraw:2048 android.view.SurfaceView.performSurfaceTransaction:959 android.view.SurfaceView.updateSurface:1105 android.view.SurfaceView.lambda$new$0$android-view-SurfaceView:200 android.view.SurfaceView$$ExternalSyntheticLambda5.onPreDraw:2
03-17 14:55:59.571 12493 12493 I SurfaceView@59f2643: updateSurface: mVisible = true mSurface.isValid() = true
03-17 14:55:59.571 12493 12493 I SurfaceView@59f2643: updateSurface: mSurfaceCreated = false surfaceChanged = true visibleChanged = true
03-17 14:55:59.571 12493 12493 I SurfaceView@59f2643: visibleChanged -- surfaceCreated
03-17 14:55:59.571 12493 12493 I SurfaceView@59f2643: surfaceCreated 2 #8 android.view.SurfaceView{59f2643 V.E...... ......ID 0,312-1440,2232}
03-17 14:55:59.571 12493 12493 I SurfaceView@59f2643: surfaceChanged -- format=4 w=1440 h=1080
03-17 14:55:59.571 12493 12493 I SurfaceView@59f2643: surfaceChanged (1440,1080) 2 #8 android.view.SurfaceView{59f2643 V.E...... ......ID 0,312-1440,2232}
03-17 14:55:59.572 12493 12493 I SurfaceView@59f2643: surfaceRedrawNeeded
03-17 14:55:59.577 12493 12584 I SurfaceView@59f2643: uSP: rtp = Rect(0, 312 - 1440, 2232) rtsw = 1440 rtsh = 1080
03-17 14:55:59.577 12493 12584 I SurfaceView@59f2643: onSSPAndSRT: pl = 0 pt = 312 sx = 1.0 sy = 1.7777778
03-17 14:55:59.577 12493 12584 I SurfaceView@59f2643: aOrMT: ViewRootImpl@54907c9[CameraActivity] t = android.view.SurfaceControl$Transaction@f7628ab fN = 2 android.view.SurfaceView.-$ $Nest$mapplyOrMergeTransaction:0 android.view.SurfaceView$SurfaceViewPositionUpdateListener.positionChanged:1537 android.graphics.RenderNode$CompositePositionUpdateListener.positionChanged:373
03-17 14:55:59.578 12493 12584 I ViewRootImpl@54907c9[CameraActivity]: mWNT: t=0x7044322a50 mBlastBufferQueue=0x708431f590 fn= 2 caller= android.view.SurfaceView.applyOrMergeTransaction:1455 android.view.SurfaceView.-$ $Nest$mapplyOrMergeTransaction:0 android.view.SurfaceView$SurfaceViewPositionUpdateListener.positionChanged:1537
03-17 14:55:59.583 12493 12583 I ViewRootImpl@54907c9[CameraActivity]: mWNT: t=0x70443236b0 mBlastBufferQueue=0x708431f590 fn= 2 caller= android.view.ViewRootImpl.lambda$applyTransactionOnDraw$11$android-view- ViewRootImpl:12865 android.view.ViewRootImpl$ $ExternalSyntheticLambda1.onFrameDraw:4 android.graphics.HardwareRenderer$FrameDrawingCallback.onFrameDraw:924
03-17 14:55:59.586 12493 12577 W CAM_SurfaceMap: Surface(name=null)/@0xb33091c is valid but deferred streams are not yet available for CaptureSession-0
03-17 14:55:59.586 12493 12577 W CAM_SimpleReqProcessor: Failed to add Stream-3 to CaptureRequest for Request-13. The surface is not yet available.
03-17 14:55:59.598 12493 12493 W CAM_Log : Tag SmartsGestureListener is 2 chars longer than limit.
03-17 14:55:59.600 12493 12493 W CAM_ModeSwitcher: ModeSwitcher WAS ALREADY ENABLED!
03-17 14:55:59.604 12493 12493 I ViewRootImpl@54907c9[CameraActivity]: MSG_WINDOW_FOCUS_CHANGED 1 0
03-17 14:55:59.611 12493 12493 I SurfaceView@59f2643: finishedDrawing
03-17 14:55:59.660 12493 12493 I ViewRootImpl@54907c9[CameraActivity]: ViewPostIme pointer 0
03-17 14:55:59.661 12493 12493 I GestureDetector: obtain mCurrentDownEvent. id: 1043719210 caller: com.google.android.apps.camera.bottombar.BottomBar.onTouchEvent:2 android.view.View.dispatchTouchEvent:15544 android.view.ViewGroup.dispatchTransformedTouchEvent:3310
03-17 14:55:59.736 12493 12493 I ViewRootImpl@54907c9[CameraActivity]: ViewPostIme pointer 1
03-17 14:55:59.768 12493 12576 W CameraMetadataJV: Expect face scores and rectangles to be non-null
03-17 14:55:59.768 12493 12576 W CameraMetadataJV: Expect face scores and rectangles to be non-null
03-17 14:55:59.769 12493 12576 W CameraMetadataJV: Expect face scores and rectangles to be non-null
03-17 14:55:59.769 12493 12576 W CameraMetadataJV: Expect face scores and rectangles to be non-null
03-17 14:55:59.769 12493 12576 W CameraMetadataJV: Expect face scores and rectangles to be non-null
03-17 14:55:59.769 12493 12576 W CameraMetadataJV: Expect face scores and rectangles to be non-null
03-17 14:55:59.772 12493 12576 W CameraMetadataJV: Expect face scores and rectangles to be non-null
03-17 14:55:59.772 12493 12680 E OisListener: Null pointer for OIS data. OIS API version: 2
03-17 14:55:59.774 12493 12681 W CameraMetadataJV: Expect face scores and rectangles to be non-null
03-17 14:55:59.827 12493 12542 I tflite : Initialized TensorFlow Lite runtime.
03-17 14:55:59.842 12493 12576 W CameraMetadataJV: Expect face scores and rectangles to be non-null
03-17 14:55:59.842 12493 12576 W CameraMetadataJV: Expect face scores and rectangles to be non-null
03-17 14:55:59.842 12493 12576 W CameraMetadataJV: Expect face scores and rectangles to be non-null
03-17 14:55:59.842 12493 12576 W CameraMetadataJV: Expect face scores and rectangles to be non-null
03-17 14:55:59.842 12493 12576 W CameraMetadataJV: Expect face scores and rectangles to be non-null
03-17 14:55:59.842 12493 12576 W CameraMetadataJV: Expect face scores and rectangles to be non-null
03-17 14:55:59.842 12493 12576 W CameraMetadataJV: Expect face scores and rectangles to be non-null
03-17 14:55:59.842 12493 12680 E OisListener: Null pointer for OIS data. OIS API version: 2
03-17 14:55:59.843 12493 12681 W CameraMetadataJV: Expect face scores and rectangles to be non-null
03-17 14:55:59.845 12493 12576 W JankMonitorFacade: UNINITIALIZED > result sensor delay = 2.00 > 1.10
03-17 14:55:59.862 12493 12536 I tflite : Initialized TensorFlow Lite runtime.
03-17 14:55:59.866 12493 12699 I tflite : Created TensorFlow Lite delegate for GPU.
03-17 14:55:59.868 12493 12576 W CameraMetadataJV: Expect face scores and rectangles to be non-null
03-17 14:55:59.868 12493 12576 W CameraMetadataJV: Expect face scores and rectangles to be non-null
03-17 14:55:59.868 12493 12576 W CameraMetadataJV: Expect face scores and rectangles to be non-null
03-17 14:55:59.868 12493 12576 W CameraMetadataJV: Expect face scores and rectangles to be non-null
03-17 14:55:59.868 12493 12576 W CameraMetadataJV: Expect face scores and rectangles to be non-null
03-17 14:55:59.868 12493 12576 W CameraMetadataJV: Expect face scores and rectangles to be non-null
03-17 14:55:59.869 12493 12576 W CameraMetadataJV: Expect face scores and rectangles to be non-null
03-17 14:55:59.869 12493 12576 W JankMonitorFacade: UNINITIALIZED > rel Δ(result sensor timestamp) = 0.50 > 0.25
03-17 14:55:59.870 12493 12680 E OisListener: Null pointer for OIS data. OIS API version: 2
03-17 14:55:59.870 12493 12681 W CameraMetadataJV: Expect face scores and rectangles to be non-null
03-17 14:55:59.872 12493 12507 W libc : Access denied finding property "sys.perf.boostopt"
03-17 14:55:59.884 12493 12493 I ViewRootImpl@54907c9[CameraActivity]: ViewPostIme pointer 0
03-17 14:55:59.884 12493 12493 I GestureDetector: obtain mCurrentMotionEventRaw. action: 0 id: 464786793
03-17 14:55:59.884 12493 12493 I GestureDetector: obtain mCurrentDownEvent. id: 464786793 caller: com.google.android.apps.camera.bottombar.BottomBar.onTouchEvent:2 android.view.View.dispatchTouchEvent:15544 android.view.ViewGroup.dispatchTransformedTouchEvent:3310
03-17 14:55:59.893 12493 12493 I Dialog : mIsDeviceDefault = false, mIsSamsungBasicInteraction = false, isMetaDataInActivity = false
03-17 14:55:59.897 12493 12493 I DecorView: [INFO] isPopOver=false config=false
03-17 14:55:59.897 12493 12493 I DecorView: updateCaptionType: isFloating=true isApplication=true hasWindowDecorCaption=false this=DecorView@7e76b00[]
03-17 14:55:59.899 12493 12493 I DecorView: setWindowBackground: isPopOver=false color=fff6f6f6 d=android.graphics.drawable.InsetDrawable@e24f97e
03-17 14:55:59.900 12493 12576 W CameraMetadataJV: Expect face scores and rectangles to be non-null
03-17 14:55:59.900 12493 12576 W CameraMetadataJV: Expect face scores and rectangles to be non-null
03-17 14:55:59.900 12493 12576 W CameraMetadataJV: Expect face scores and rectangles to be non-null
03-17 14:55:59.901 12493 12576 W CameraMetadataJV: Expect face scores and rectangles to be non-null
03-17 14:55:59.901 12493 12576 W CameraMetadataJV: Expect face scores and rectangles to be non-null
03-17 14:55:59.901 12493 12576 W CameraMetadataJV: Expect face scores and rectangles to be non-null
03-17 14:55:59.901 12493 12576 W CameraMetadataJV: Expect face scores and rectangles to be non-null
03-17 14:55:59.901 12493 12680 E OisListener: Null pointer for OIS data. OIS API version: 2
03-17 14:55:59.902 12493 12681 W CameraMetadataJV: Expect face scores and rectangles to be non-null
03-17 14:55:59.920 12493 12493 W Settings: Setting show_button_background has moved from android.provider.Settings.System to android.provider.Settings.Global, returning read-only value.
03-17 14:55:59.924 12493 12493 I DecorView: notifyKeepScreenOnChanged: keepScreenOn=false
03-17 14:55:59.935 12493 12493 I ViewRootImpl@2b507c7[CameraActivity]: setView = com.android.internal.policy.DecorView@7e76b00 TM=true
03-17 14:55:59.936 12493 12493 I GestureDetector: obtain mCurrentMotionEventRaw. action: 2 id: 139985176
03-17 14:55:59.936 12493 12493 I ViewRootImpl@54907c9[CameraActivity]: ViewPostIme pointer 1
03-17 14:55:59.946 12493 12576 W CameraMetadataJV: Expect face scores and rectangles to be non-null
03-17 14:55:59.946 12493 12576 W CameraMetadataJV: Expect face scores and rectangles to be non-null
03-17 14:55:59.946 12493 12576 W CameraMetadataJV: Expect face scores and rectangles to be non-null
03-17 14:55:59.946 12493 12576 W CameraMetadataJV: Expect face scores and rectangles to be non-null
03-17 14:55:59.946 12493 12576 W CameraMetadataJV: Expect face scores and rectangles to be non-null
03-17 14:55:59.947 12493 12576 W CameraMetadataJV: Expect face scores and rectangles to be non-null
03-17 14:55:59.947 12493 12576 W CameraMetadataJV: Expect face scores and rectangles to be non-null
03-17 14:55:59.948 12493 12531 I BLASTBufferQueue: [SurfaceView[com.samsung.android.scan3d/com.google.android.apps.camera.legacy.app.a ctivity.main.CameraActivity]@0#1](f:0,a:0) onFrameAvailable the first frame is available
03-17 14:55:59.948 12493 12680 E OisListener: Null pointer for OIS data. OIS API version: 2
03-17 14:55:59.949 12493 12681 W CameraMetadataJV: Expect face scores and rectangles to be non-null
03-17 14:55:59.968 12493 12608 W PlatformVersion: Build version must be at least 5954562 to support R in gmscore
03-17 14:55:59.987 12493 12717 W .android.scan3d: Accessing hidden field Ljava/util/Collections$SynchronizedCollection;->mutex:Ljava/lang/Object; (max- target-o, reflection, denied)
03-17 14:55:59.988 12493 12717 W .android.scan3d: Accessing hidden field Ljava/util/Collections$SynchronizedCollection;->c:Ljava/util/Collection; (unsupported, reflection, allowed)
03-17 14:55:59.988 12493 12717 W .android.scan3d: Accessing hidden method Ljava/util/Collections$SynchronizedSet;-><init>(Ljava/util/Set;Ljava/lang/Object;)V (max-target-o, reflection, denied)
03-17 14:55:59.988 12493 12717 W .android.scan3d: Accessing hidden method Ljava/util/Collections$SynchronizedCollection;-><init>(Ljava/util/ Collection;Ljava/lang/Object;)V (max-target-o, reflection, denied)
03-17 14:56:00.010 12493 12576 W CameraMetadataJV: Expect face scores and rectangles to be non-null
03-17 14:56:00.010 12493 12576 W CameraMetadataJV: Expect face scores and rectangles to be non-null
03-17 14:56:00.010 12493 12576 W CameraMetadataJV: Expect face scores and rectangles to be non-null
03-17 14:56:00.010 12493 12576 W CameraMetadataJV: Expect face scores and rectangles to be non-null
03-17 14:56:00.010 12493 12576 W CameraMetadataJV: Expect face scores and rectangles to be non-null
03-17 14:56:00.010 12493 12576 W CameraMetadataJV: Expect face scores and rectangles to be non-null
03-17 14:56:00.011 12493 12576 W CameraMetadataJV: Expect face scores and rectangles to be non-null
03-17 14:56:00.011 12493 12680 E OisListener: Null pointer for OIS data. OIS API version: 2
03-17 14:56:00.011 12493 12576 W JankMonitorFacade: UNINITIALIZED > rel Δ(result sensor timestamp) = 1.00 > 0.25
03-17 14:56:00.011 12493 12576 W JankMonitorFacade: UNINITIALIZED > result sensor delay = 2.00 > 1.10
03-17 14:56:00.012 12493 12681 W CameraMetadataJV: Expect face scores and rectangles to be non-null
03-17 14:56:00.019 12493 12493 I ViewRootImpl@2b507c7[CameraActivity]: performTraversals params={(0,0)(wrapxwrap) gr=CENTER sim={adjust=pan forwardNavigation} ty=APPLICATION fmt=TRANSLUCENT wanim=0x103030a surfaceInsets=Rect(140, 140 - 140, 140)
03-17 14:56:00.019 12493 12493 I ViewRootImpl@2b507c7[CameraActivity]: fl=1820002
03-17 14:56:00.019 12493 12493 I ViewRootImpl@2b507c7[CameraActivity]: pfl=42000000
03-17 14:56:00.019 12493 12493 I ViewRootImpl@2b507c7[CameraActivity]: vsysui=2000
03-17 14:56:00.019 12493 12493 I ViewRootImpl@2b507c7[CameraActivity]: apr=LIGHT_STATUS_BARS
03-17 14:56:00.019 12493 12493 I ViewRootImpl@2b507c7[CameraActivity]: bhv=DEFAULT
03-17 14:56:00.019 12493 12493 I ViewRootImpl@2b507c7[CameraActivity]: fitTypes=STATUS_BARS NAVIGATION_BARS CAPTION_BAR
03-17 14:56:00.019 12493 12493 I ViewRootImpl@2b507c7[CameraActivity]: dimAmount=0.6 naviIconColor=0}
03-17 14:56:00.021 12493 12493 I ViewRootImpl@2b507c7[CameraActivity]: performTraversals mFirst=true windowShouldResize=false viewVisibilityChanged=false mForceNextWindowRelayout=false params={(0,0)(wrapxwrap) gr=CENTER sim={adjust=pan forwardNavigation} ty=APPLICATION fmt=TRANSLUCENT wanim=0x103030a surfaceInsets=Rect(140, 140 - 140, 140)
03-17 14:56:00.021 12493 12493 I ViewRootImpl@2b507c7[CameraActivity]: fl=1820002
03-17 14:56:00.021 12493 12493 I ViewRootImpl@2b507c7[CameraActivity]: pfl=42000000
03-17 14:56:00.021 12493 12493 I ViewRootImpl@2b507c7[CameraActivity]: vsysui=2000
03-17 14:56:00.021 12493 12493 I ViewRootImpl@2b507c7[CameraActivity]: apr=LIGHT_STATUS_BARS
03-17 14:56:00.021 12493 12493 I ViewRootImpl@2b507c7[CameraActivity]: bhv=DEFAULT
03-17 14:56:00.021 12493 12493 I ViewRootImpl@2b507c7[CameraActivity]: fitTypes=STATUS_BARS NAVIGATION_BARS CAPTION_BAR
03-17 14:56:00.021 12493 12493 I ViewRootImpl@2b507c7[CameraActivity]: dimAmount=0.6 naviIconColor=0}
03-17 14:56:00.027 12493 12493 I ViewRootImpl@2b507c7[CameraActivity]: updateBlastSurfaceIfNeeded mBlastBufferQueue=null isSameSurfaceControl=false
03-17 14:56:00.027 12493 12493 I BLASTBufferQueue: new BLASTBufferQueue, mName= ViewRootImpl@2b507c7[CameraActivity] mNativeObject= 0x7084350910 sc.mNativeObject= 0x70143a4cb0 caller= android.view.ViewRootImpl.updateBlastSurfaceIfNeeded:2909 android.view.ViewRootImpl.relayoutWindow:9847 android.view.ViewRootImpl.performTraversals:3884 android.view.ViewRootImpl.doTraversal:3116 android.view.ViewRootImpl$TraversalRunnable.run:10885 android.view.Choreographer$CallbackRecord.run:1301 android.view.Choreographer$CallbackRecord.run:1309 android.view.Choreographer.doCallbacks:923 android.view.Choreographer.doFrame:852 android.view.Choreographer$FrameDisplayEventReceiver.run:1283
03-17 14:56:00.027 12493 12493 I BLASTBufferQueue: update, w= 1646 h= 922 mName = ViewRootImpl@2b507c7[CameraActivity] mNativeObject= 0x7084350910 sc.mNativeObject= 0x70143a4cb0 format= -3 caller= android.graphics.BLASTBufferQueue.<init>:84 android.view.ViewRootImpl.updateBlastSurfaceIfNeeded:2909 android.view.ViewRootImpl.relayoutWindow:9847 android.view.ViewRootImpl.performTraversals:3884 android.view.ViewRootImpl.doTraversal:3116 android.view.ViewRootImpl$TraversalRunnable.run:10885
03-17 14:56:00.027 12493 12493 I ViewRootImpl@2b507c7[CameraActivity]: Relayout returned: old=(0,139,1440,2872) new=(37,1184,1403,1826) req=(1366,642)0 dur=6 res=0x3 s={true 0x7114378180} ch=true seqId=0
03-17 14:56:00.029 12493 12493 I ViewRootImpl@2b507c7[CameraActivity]: mThreadedRenderer.initialize() mSurface={isValid=true 0x7114378180} hwInitialized=true
03-17 14:56:00.029 12493 12536 E native : inference_engine_tf_lite.cc:543 Cannot serialize OpenGL kernel cache data; works only with OpenCL delegate.
03-17 14:56:00.035 12493 12493 I ViewRootImpl@2b507c7[CameraActivity]: reportNextDraw android.view.ViewRootImpl.performTraversals:4438 android.view.ViewRootImpl.doTraversal:3116 android.view.ViewRootImpl$TraversalRunnable.run:10885 android.view.Choreographer$CallbackRecord.run:1301 android.view.Choreographer$CallbackRecord.run:1309
03-17 14:56:00.036 12493 12493 I ViewRootImpl@2b507c7[CameraActivity]: Setup new sync id=0
03-17 14:56:00.036 12493 12493 I ViewRootImpl@2b507c7[CameraActivity]: Setting syncFrameCallback
03-17 14:56:00.036 12493 12493 I ViewRootImpl@2b507c7[CameraActivity]: registerCallbacksForSync syncBuffer=false
03-17 14:56:00.044 12493 12584 I ViewRootImpl@2b507c7[CameraActivity]: Received frameDrawingCallback syncResult=0 frameNum=1.
03-17 14:56:00.044 12493 12584 I ViewRootImpl@2b507c7[CameraActivity]: Setting up sync and frameCommitCallback
03-17 14:56:00.049 12493 12515 I BLASTBufferQueue: [ViewRootImpl@2b507c7[CameraActivity]#2](f:0,a:0) onFrameAvailable the first frame is available
03-17 14:56:00.049 12493 12515 I ViewRootImpl@2b507c7[CameraActivity]: Received frameCommittedCallback lastAttemptedDrawFrameNum=1 didProduceBuffer=true
03-17 14:56:00.050 12493 12515 W Parcel : Expecting binder but got null!
03-17 14:56:00.050 12493 12493 I ViewRootImpl@2b507c7[CameraActivity]: onSyncComplete
03-17 14:56:00.051 12493 12493 I ViewRootImpl@2b507c7[CameraActivity]: setupSync seqId=0 mSyncId=0 fn=1 caller=android.view.ViewRootImpl$ $ExternalSyntheticLambda11.accept:6 android.window.SurfaceSyncer.lambda$setupSync$1$android-window-SurfaceSyncer:128 android.window.SurfaceSyncer$$ExternalSyntheticLambda1.accept:8 android.window.SurfaceSyncer$SyncSet.checkIfSyncIsComplete:382 android.window.SurfaceSyncer$SyncSet.markSyncReady:359 android.window.SurfaceSyncer.markSyncReady:151 android.view.ViewRootImpl.performTraversals:4503
03-17 14:56:00.052 12493 12493 I ViewRootImpl@54907c9[CameraActivity]: ViewPostIme pointer 0
03-17 14:56:00.053 12493 12493 I GestureDetector: obtain mCurrentDownEvent. id: 248093757 caller: com.google.android.apps.camera.bottombar.BottomBar.onTouchEvent:2 android.view.View.dispatchTouchEvent:15544 android.view.ViewGroup.dispatchTransformedTouchEvent:3310
03-17 14:56:00.054 12493 12493 I ViewRootImpl@54907c9[CameraActivity]: ViewPostIme pointer 1
03-17 14:56:00.054 12493 12493 I ViewRootImpl@2b507c7[CameraActivity]: reportDrawFinished seqId=0 mSyncId=-1 fn=1 mSurfaceChangedTransaction=0x7044323110
03-17 14:56:00.061 12493 12493 E Preconditions: Precondition broken. Build is not strict; continuing...
03-17 14:56:00.061 12493 12493 E Preconditions: java.lang.IllegalStateException: getLensViewAvailability() called when Lens is not ready.
03-17 14:56:00.061 12493 12493 E Preconditions: at mpl.a(Unknown Source:4)
03-17 14:56:00.061 12493 12493 E Preconditions: at mot.a(Unknown Source:15)
03-17 14:56:00.061 12493 12493 E Preconditions: at mov.b(Unknown Source:22)
03-17 14:56:00.061 12493 12493 E Preconditions: at mpf.a(Unknown Source:72)
03-17 14:56:00.061 12493 12493 E Preconditions: at moz.a(Unknown Source:81)
03-17 14:56:00.061 12493 12493 E Preconditions: at moo.a(Unknown Source:127)
03-17 14:56:00.061 12493 12493 E Preconditions: at moo.onPostExecute(Unknown Source:6)
03-17 14:56:00.061 12493 12493 E Preconditions: at android.os.AsyncTask.finish(AsyncTask.java:771)
03-17 14:56:00.061 12493 12493 E Preconditions: at android.os.AsyncTask.-$ $Nest$mfinish(Unknown Source:0)
03-17 14:56:00.061 12493 12493 E Preconditions: at android.os.AsyncTask$InternalHandler.handleMessage(AsyncTask.java:788)
03-17 14:56:00.061 12493 12493 E Preconditions: at android.os.Handler.dispatchMessage(Handler.java:106)
03-17 14:56:00.061 12493 12493 E Preconditions: at android.os.Looper.loopOnce(Looper.java:226)
03-17 14:56:00.061 12493 12493 E Preconditions: at android.os.Looper.loop(Looper.java:313)
03-17 14:56:00.061 12493 12493 E Preconditions: at android.app.ActivityThread.main(ActivityThread.java:8757)
03-17 14:56:00.061 12493 12493 E Preconditions: at java.lang.reflect.Method.invoke(Native Method)
03-17 14:56:00.061 12493 12493 E Preconditions: at com.android.internal.os.RuntimeInit$MethodAndArgsCaller.run(RuntimeInit.java:571)
03-17 14:56:00.061 12493 12493 E Preconditions: at com.android.internal.os.ZygoteInit.main(ZygoteInit.java:1067)
03-17 14:56:00.066 12493 12576 W CameraMetadataJV: Expect face scores and rectangles to be non-null
03-17 14:56:00.066 12493 12576 W CameraMetadataJV: Expect face scores and rectangles to be non-null
03-17 14:56:00.066 12493 12576 W CameraMetadataJV: Expect face scores and rectangles to be non-null
03-17 14:56:00.066 12493 12576 W CameraMetadataJV: Expect face scores and rectangles to be non-null
03-17 14:56:00.066 12493 12576 W CameraMetadataJV: Expect face scores and rectangles to be non-null
03-17 14:56:00.066 12493 12576 W CameraMetadataJV: Expect face scores and rectangles to be non-null
03-17 14:56:00.067 12493 12576 W CameraMetadataJV: Expect face scores and rectangles to be non-null
03-17 14:56:00.068 12493 12680 E OisListener: Null pointer for OIS data. OIS API version: 2
03-17 14:56:00.068 12493 12681 W CameraMetadataJV: Expect face scores and rectangles to be non-null
03-17 14:56:00.068 12493 12576 W JankMonitorFacade: UNINITIALIZED > result sensor delay = 2.00 > 1.10
03-17 14:56:00.072 12493 12543 W CameraMetadataJV: Expect face scores and rectangles to be non-null
03-17 14:56:00.076 12493 12507 I ViewRootImpl@54907c9[CameraActivity]: Resizing android.view.ViewRootImpl@c57adc4: frame = [0,0][1440,3040] reportDraw = false forceLayout = false syncSeqId = 0
03-17 14:56:00.077 12493 12704 I ViewRootImpl@2b507c7[CameraActivity]: Resizing android.view.ViewRootImpl@3f05963: frame = [37,1184][1403,1826] reportDraw = false forceLayout = false syncSeqId = 0
03-17 14:56:00.103 12493 12493 I ViewRootImpl@54907c9[CameraActivity]: handleResized, msg = 4 frames=ClientWindowFrames{frame=[0,0][1440,3040] display=[0,0][1440,3040] parentFrame=[0,0][0,0] parentClippedByDisplayCutout=false} forceNextWindowRelayout=false displayId=0 resizeMode=-1 frameChanged=false displayFrameChanged=false configChanged=false displayChanged=false
03-17 14:56:00.104 12493 12493 I ViewRootImpl@2b507c7[CameraActivity]: handleResized, msg = 4 frames=ClientWindowFrames{frame=[37,1184][1403,1826] display=[0,139][1440,2872] parentFrame=[0,0][0,0] parentClippedByDisplayCutout=false} forceNextWindowRelayout=false displayId=0 resizeMode=-1 frameChanged=false displayFrameChanged=false configChanged=false displayChanged=false
03-17 14:56:00.104 12493 12493 I ViewRootImpl@54907c9[CameraActivity]: MSG_WINDOW_FOCUS_CHANGED 0 0
03-17 14:56:00.108 12493 12576 W CameraMetadataJV: Expect face scores and rectangles to be non-null
03-17 14:56:00.108 12493 12576 W CameraMetadataJV: Expect face scores and rectangles to be non-null
03-17 14:56:00.108 12493 12576 W CameraMetadataJV: Expect face scores and rectangles to be non-null
03-17 14:56:00.108 12493 12576 W CameraMetadataJV: Expect face scores and rectangles to be non-null
03-17 14:56:00.108 12493 12576 W CameraMetadataJV: Expect face scores and rectangles to be non-null
03-17 14:56:00.108 12493 12576 W CameraMetadataJV: Expect face scores and rectangles to be non-null
03-17 14:56:00.110 12493 12576 W CameraMetadataJV: Expect face scores and rectangles to be non-null
03-17 14:56:00.110 12493 12680 E OisListener: Null pointer for OIS data. OIS API version: 2
03-17 14:56:00.111 12493 12681 W CameraMetadataJV: Expect face scores and rectangles to be non-null
03-17 14:56:00.111 12493 12576 W JankMonitorFacade: PHOTO > rel Δ(result sensor timestamp) = 0.50 > 0.25
03-17 14:56:00.127 12493 12493 I ViewRootImpl@2b507c7[CameraActivity]: MSG_WINDOW_FOCUS_CHANGED 1 0
03-17 14:56:00.128 12493 12493 I ViewRootImpl@2b507c7[CameraActivity]: mThreadedRenderer.initializeIfNeeded()#2 mSurface={isValid=true 0x7114378180}
03-17 14:56:00.134 12493 12576 W CameraMetadataJV: Expect face scores and rectangles to be non-null
