03-17 14:53:16.389 9271 9382 W CameraMetadataJV: Expect face scores and rectangles to be non-null
03-17 14:53:16.390 9271 9479 E OisListener: Null pointer for OIS data. OIS API version: 2
03-17 14:53:16.390 9271 9480 W CameraMetadataJV: Expect face scores and rectangles to be non-null
03-17 14:53:16.464 9271 9382 W JankMonitorFacade: PHOTO > rel Δ(result sensor timestamp) = 1.00 > 0.25
03-17 14:53:16.464 9271 9382 W JankMonitorFacade: PHOTO > result sensor delay = 2.00 > 1.10
03-17 14:53:16.464 9271 9382 W CameraMetadataJV: Expect face scores and rectangles to be non-null
03-17 14:53:16.464 9271 9382 W CameraMetadataJV: Expect face scores and rectangles to be non-null
03-17 14:53:16.464 9271 9382 W CameraMetadataJV: Expect face scores and rectangles to be non-null
03-17 14:53:16.464 9271 9382 W CameraMetadataJV: Expect face scores and rectangles to be non-null
03-17 14:53:16.464 9271 9382 W CameraMetadataJV: Expect face scores and rectangles to be non-null
03-17 14:53:16.464 9271 9382 W CameraMetadataJV: Expect face scores and rectangles to be non-null
03-17 14:53:16.465 9271 9382 W CameraMetadataJV: Expect face scores and rectangles to be non-null
03-17 14:53:16.465 9271 9479 E OisListener: Null pointer for OIS data. OIS API version: 2
03-17 14:53:16.465 9271 9480 W CameraMetadataJV: Expect face scores and rectangles to be non-null
03-17 14:53:16.467 9271 9353 W CameraMetadataJV: Expect face scores and rectangles to be non-null
03-17 14:53:16.469 9271 9308 W System : A resource failed to call close.
03-17 14:53:16.495 9271 9382 W JankMonitorFacade: PHOTO > rel Δ(result sensor timestamp) = 0.50 > 0.25
03-17 14:53:16.495 9271 9382 W CameraMetadataJV: Expect face scores and rectangles to be non-null
03-17 14:53:16.495 9271 9382 W CameraMetadataJV: Expect face scores and rectangles to be non-null
03-17 14:53:16.495 9271 9382 W CameraMetadataJV: Expect face scores and rectangles to be non-null
03-17 14:53:16.495 9271 9382 W CameraMetadataJV: Expect face scores and rectangles to be non-null
03-17 14:53:16.495 9271 9382 W CameraMetadataJV: Expect face scores and rectangles to be non-null
03-17 14:53:16.495 9271 9382 W CameraMetadataJV: Expect face scores and rectangles to be non-null
03-17 14:53:16.495 9271 9382 W CameraMetadataJV: Expect face scores and rectangles to be non-null
03-17 14:53:16.496 9271 9479 E OisListener: Null pointer for OIS data. OIS API version: 2
03-17 14:53:16.496 9271 9480 W CameraMetadataJV: Expect face scores and rectangles to be non-null
03-17 14:53:16.517 9271 9271 I GestureDetector: handleMessage LONG_PRESS
03-17 14:53:16.526 9271 9382 W CameraMetadataJV: Expect face scores and rectangles to be non-null
03-17 14:53:16.527 9271 9382 W CameraMetadataJV: Expect face scores and rectangles to be non-null
03-17 14:53:16.527 9271 9382 W CameraMetadataJV: Expect face scores and rectangles to be non-null
03-17 14:53:16.527 9271 9382 W CameraMetadataJV: Expect face scores and rectangles to be non-null
03-17 14:53:16.527 9271 9382 W CameraMetadataJV: Expect face scores and rectangles to be non-null
03-17 14:53:16.527 9271 9382 W CameraMetadataJV: Expect face scores and rectangles to be non-null
03-17 14:53:16.528 9271 9382 W CameraMetadataJV: Expect face scores and rectangles to be non-null
03-17 14:53:16.528 9271 9479 E OisListener: Null pointer for OIS data. OIS API version: 2
03-17 14:53:16.529 9271 9480 W CameraMetadataJV: Expect face scores and rectangles to be non-null
03-17 14:53:16.553 9271 9382 W CameraMetadataJV: Expect face scores and rectangles to be non-null
03-17 14:53:16.553 9271 9382 W CameraMetadataJV: Expect face scores and rectangles to be non-null
03-17 14:53:16.553 9271 9382 W CameraMetadataJV: Expect face scores and rectangles to be non-null
03-17 14:53:16.553 9271 9382 W CameraMetadataJV: Expect face scores and rectangles to be non-null
03-17 14:53:16.553 9271 9382 W CameraMetadataJV: Expect face scores and rectangles to be non-null
03-17 14:53:16.553 9271 9382 W CameraMetadataJV: Expect face scores and rectangles to be non-null
03-17 14:53:16.554 9271 9382 W CameraMetadataJV: Expect face scores and rectangles to be non-null
03-17 14:53:16.554 9271 9479 E OisListener: Null pointer for OIS data. OIS API version: 2
03-17 14:53:16.554 9271 9480 W CameraMetadataJV: Expect face scores and rectangles to be non-null
03-17 14:53:16.605 9271 9305 I .android.scan3d: Compiler allocated 6133KB to compile void android.view.ViewRootImpl.performTraversals()
03-17 14:53:16.623 9271 9382 W JankMonitorFacade: PHOTO > rel Δ(result sensor timestamp) = 1.00 > 0.25
03-17 14:53:16.623 9271 9382 W JankMonitorFacade: PHOTO > result sensor delay = 2.00 > 1.10
03-17 14:53:16.623 9271 9382 W CameraMetadataJV: Expect face scores and rectangles to be non-null
03-17 14:53:16.623 9271 9382 W CameraMetadataJV: Expect face scores and rectangles to be non-null
03-17 14:53:16.623 9271 9382 W CameraMetadataJV: Expect face scores and rectangles to be non-null
03-17 14:53:16.623 9271 9382 W CameraMetadataJV: Expect face scores and rectangles to be non-null
03-17 14:53:16.623 9271 9382 W CameraMetadataJV: Expect face scores and rectangles to be non-null
03-17 14:53:16.623 9271 9382 W CameraMetadataJV: Expect face scores and rectangles to be non-null
03-17 14:53:16.623 9271 9382 W CameraMetadataJV: Expect face scores and rectangles to be non-null
03-17 14:53:16.623 9271 9479 E OisListener: Null pointer for OIS data. OIS API version: 2
03-17 14:53:16.625 9271 9480 W CameraMetadataJV: Expect face scores and rectangles to be non-null
03-17 14:53:16.690 9271 9382 W JankMonitorFacade: PHOTO > result sensor delay = 2.00 > 1.10
03-17 14:53:16.690 9271 9382 W CameraMetadataJV: Expect face scores and rectangles to be non-null
03-17 14:53:16.690 9271 9382 W CameraMetadataJV: Expect face scores and rectangles to be non-null
03-17 14:53:16.690 9271 9382 W CameraMetadataJV: Expect face scores and rectangles to be non-null
03-17 14:53:16.690 9271 9382 W CameraMetadataJV: Expect face scores and rectangles to be non-null
03-17 14:53:16.690 9271 9382 W CameraMetadataJV: Expect face scores and rectangles to be non-null
03-17 14:53:16.690 9271 9382 W CameraMetadataJV: Expect face scores and rectangles to be non-null
03-17 14:53:16.691 9271 9382 W CameraMetadataJV: Expect face scores and rectangles to be non-null
03-17 14:53:16.691 9271 9479 E OisListener: Null pointer for OIS data. OIS API version: 2
03-17 14:53:16.691 9271 9480 W CameraMetadataJV: Expect face scores and rectangles to be non-null
03-17 14:53:16.721 9271 9382 W JankMonitorFacade: PHOTO > rel Δ(result sensor timestamp) = 0.50 > 0.25
03-17 14:53:16.723 9271 9382 W CameraMetadataJV: Expect face scores and rectangles to be non-null
03-17 14:53:16.723 9271 9382 W CameraMetadataJV: Expect face scores and rectangles to be non-null
03-17 14:53:16.723 9271 9382 W CameraMetadataJV: Expect face scores and rectangles to be non-null
03-17 14:53:16.724 9271 9382 W CameraMetadataJV: Expect face scores and rectangles to be non-null
03-17 14:53:16.724 9271 9382 W CameraMetadataJV: Expect face scores and rectangles to be non-null
03-17 14:53:16.724 9271 9382 W CameraMetadataJV: Expect face scores and rectangles to be non-null
03-17 14:53:16.724 9271 9382 W CameraMetadataJV: Expect face scores and rectangles to be non-null
03-17 14:53:16.724 9271 9479 E OisListener: Null pointer for OIS data. OIS API version: 2
03-17 14:53:16.726 9271 9480 W CameraMetadataJV: Expect face scores and rectangles to be non-null
03-17 14:53:16.727 9271 9352 W CameraMetadataJV: Expect face scores and rectangles to be non-null
03-17 14:53:16.765 9271 9382 W CameraMetadataJV: Expect face scores and rectangles to be non-null
03-17 14:53:16.765 9271 9382 W CameraMetadataJV: Expect face scores and rectangles to be non-null
03-17 14:53:16.765 9271 9382 W CameraMetadataJV: Expect face scores and rectangles to be non-null
03-17 14:53:16.765 9271 9382 W CameraMetadataJV: Expect face scores and rectangles to be non-null
03-17 14:53:16.765 9271 9382 W CameraMetadataJV: Expect face scores and rectangles to be non-null
03-17 14:53:16.765 9271 9382 W CameraMetadataJV: Expect face scores and rectangles to be non-null
03-17 14:53:16.765 9271 9382 W CameraMetadataJV: Expect face scores and rectangles to be non-null
03-17 14:53:16.766 9271 9479 E OisListener: Null pointer for OIS data. OIS API version: 2
03-17 14:53:16.766 9271 9480 W CameraMetadataJV: Expect face scores and rectangles to be non-null
03-17 14:53:16.792 9271 9382 W CameraMetadataJV: Expect face scores and rectangles to be non-null
03-17 14:53:16.792 9271 9382 W CameraMetadataJV: Expect face scores and rectangles to be non-null
03-17 14:53:16.792 9271 9382 W CameraMetadataJV: Expect face scores and rectangles to be non-null
03-17 14:53:16.792 9271 9382 W CameraMetadataJV: Expect face scores and rectangles to be non-null
03-17 14:53:16.792 9271 9382 W CameraMetadataJV: Expect face scores and rectangles to be non-null
03-17 14:53:16.792 9271 9382 W CameraMetadataJV: Expect face scores and rectangles to be non-null
03-17 14:53:16.793 9271 9382 W CameraMetadataJV: Expect face scores and rectangles to be non-null
03-17 14:53:16.794 9271 9479 E OisListener: Null pointer for OIS data. OIS API version: 2
03-17 14:53:16.795 9271 9480 W CameraMetadataJV: Expect face scores and rectangles to be non-null
03-17 14:53:16.866 9271 9382 W JankMonitorFacade: PHOTO > rel Δ(result sensor timestamp) = 1.00 > 0.25
03-17 14:53:16.867 9271 9382 W JankMonitorFacade: PHOTO > result sensor delay = 2.00 > 1.10
03-17 14:53:16.867 9271 9382 W CameraMetadataJV: Expect face scores and rectangles to be non-null
03-17 14:53:16.867 9271 9382 W CameraMetadataJV: Expect face scores and rectangles to be non-null
03-17 14:53:16.868 9271 9382 W CameraMetadataJV: Expect face scores and rectangles to be non-null
03-17 14:53:16.868 9271 9382 W CameraMetadataJV: Expect face scores and rectangles to be non-null
03-17 14:53:16.869 9271 9382 W CameraMetadataJV: Expect face scores and rectangles to be non-null
03-17 14:53:16.869 9271 9382 W CameraMetadataJV: Expect face scores and rectangles to be non-null
03-17 14:53:16.869 9271 9382 W CameraMetadataJV: Expect face scores and rectangles to be non-null
03-17 14:53:16.870 9271 9479 E OisListener: Null pointer for OIS data. OIS API version: 2
03-17 14:53:16.871 9271 9480 W CameraMetadataJV: Expect face scores and rectangles to be non-null
03-17 14:53:16.897 9271 9382 W JankMonitorFacade: PHOTO > rel Δ(result sensor timestamp) = 0.50 > 0.25
03-17 14:53:16.897 9271 9382 W CameraMetadataJV: Expect face scores and rectangles to be non-null
03-17 14:53:16.897 9271 9382 W CameraMetadataJV: Expect face scores and rectangles to be non-null
03-17 14:53:16.897 9271 9382 W CameraMetadataJV: Expect face scores and rectangles to be non-null
03-17 14:53:16.898 9271 9382 W CameraMetadataJV: Expect face scores and rectangles to be non-null
03-17 14:53:16.898 9271 9382 W CameraMetadataJV: Expect face scores and rectangles to be non-null
03-17 14:53:16.898 9271 9382 W CameraMetadataJV: Expect face scores and rectangles to be non-null
03-17 14:53:16.898 9271 9382 W CameraMetadataJV: Expect face scores and rectangles to be non-null
03-17 14:53:16.898 9271 9479 E OisListener: Null pointer for OIS data. OIS API version: 2
03-17 14:53:16.899 9271 9480 W CameraMetadataJV: Expect face scores and rectangles to be non-null
03-17 14:53:16.923 9271 9271 I ViewRootImpl@bfeea32[CameraLauncher]: MSG_WINDOW_FOCUS_CHANGED 0 0
03-17 14:53:16.924 9271 9382 W CameraMetadataJV: Expect face scores and rectangles to be non-null
03-17 14:53:16.924 9271 9382 W CameraMetadataJV: Expect face scores and rectangles to be non-null
03-17 14:53:16.924 9271 9382 W CameraMetadataJV: Expect face scores and rectangles to be non-null
03-17 14:53:16.924 9271 9382 W CameraMetadataJV: Expect face scores and rectangles to be non-null
03-17 14:53:16.924 9271 9382 W CameraMetadataJV: Expect face scores and rectangles to be non-null
03-17 14:53:16.924 9271 9382 W CameraMetadataJV: Expect face scores and rectangles to be non-null
03-17 14:53:16.924 9271 9382 W CameraMetadataJV: Expect face scores and rectangles to be non-null
03-17 14:53:16.925 9271 9479 E OisListener: Null pointer for OIS data. OIS API version: 2
03-17 14:53:16.925 9271 9480 W CameraMetadataJV: Expect face scores and rectangles to be non-null
03-17 14:53:17.009 9271 9382 W JankMonitorFacade: PHOTO > rel Δ(result sensor timestamp) = 1.00 > 0.25
03-17 14:53:17.009 9271 9382 W JankMonitorFacade: PHOTO > result sensor delay = 2.00 > 1.10
03-17 14:53:17.010 9271 9382 W CameraMetadataJV: Expect face scores and rectangles to be non-null
03-17 14:53:17.010 9271 9382 W CameraMetadataJV: Expect face scores and rectangles to be non-null
03-17 14:53:17.010 9271 9382 W CameraMetadataJV: Expect face scores and rectangles to be non-null
03-17 14:53:17.010 9271 9382 W CameraMetadataJV: Expect face scores and rectangles to be non-null
03-17 14:53:17.010 9271 9382 W CameraMetadataJV: Expect face scores and rectangles to be non-null
03-17 14:53:17.010 9271 9382 W CameraMetadataJV: Expect face scores and rectangles to be non-null
03-17 14:53:17.010 9271 9382 W CameraMetadataJV: Expect face scores and rectangles to be non-null
03-17 14:53:17.010 9271 9479 E OisListener: Null pointer for OIS data. OIS API version: 2
03-17 14:53:17.011 9271 9271 W CameraMetadataJV: Expect face scores and rectangles to be non-null
03-17 14:53:17.011 9271 9480 W CameraMetadataJV: Expect face scores and rectangles to be non-null
03-17 14:53:17.013 9271 9361 W CameraMetadataJV: Expect face scores and rectangles to be non-null
03-17 14:53:17.038 9271 9382 W JankMonitorFacade: PHOTO > rel Δ(result sensor timestamp) = 0.50 > 0.25
03-17 14:53:17.039 9271 9382 W CameraMetadataJV: Expect face scores and rectangles to be non-null
03-17 14:53:17.040 9271 9382 W CameraMetadataJV: Expect face scores and rectangles to be non-null
03-17 14:53:17.040 9271 9382 W CameraMetadataJV: Expect face scores and rectangles to be non-null
03-17 14:53:17.040 9271 9382 W CameraMetadataJV: Expect face scores and rectangles to be non-null
03-17 14:53:17.040 9271 9382 W CameraMetadataJV: Expect face scores and rectangles to be non-null
03-17 14:53:17.040 9271 9382 W CameraMetadataJV: Expect face scores and rectangles to be non-null
03-17 14:53:17.040 9271 9382 W CameraMetadataJV: Expect face scores and rectangles to be non-null
03-17 14:53:17.042 9271 9479 E OisListener: Null pointer for OIS data. OIS API version: 2
03-17 14:53:17.044 9271 9480 W CameraMetadataJV: Expect face scores and rectangles to be non-null
03-17 14:53:17.113 9271 9382 W JankMonitorFacade: PHOTO > rel Δ(result sensor timestamp) = 1.00 > 0.25
03-17 14:53:17.113 9271 9382 W JankMonitorFacade: PHOTO > result sensor delay = 2.00 > 1.10
03-17 14:53:17.114 9271 9382 W CameraMetadataJV: Expect face scores and rectangles to be non-null
03-17 14:53:17.114 9271 9382 W CameraMetadataJV: Expect face scores and rectangles to be non-null
03-17 14:53:17.114 9271 9382 W CameraMetadataJV: Expect face scores and rectangles to be non-null
03-17 14:53:17.115 9271 9382 W CameraMetadataJV: Expect face scores and rectangles to be non-null
03-17 14:53:17.115 9271 9382 W CameraMetadataJV: Expect face scores and rectangles to be non-null
03-17 14:53:17.115 9271 9382 W CameraMetadataJV: Expect face scores and rectangles to be non-null
03-17 14:53:17.115 9271 9382 W CameraMetadataJV: Expect face scores and rectangles to be non-null
03-17 14:53:17.116 9271 9479 E OisListener: Null pointer for OIS data. OIS API version: 2
03-17 14:53:17.117 9271 9480 W CameraMetadataJV: Expect face scores and rectangles to be non-null
03-17 14:53:17.129 9271 9382 W JankMonitorFacade: PHOTO > rel Δ(result sensor timestamp) = 0.50 > 0.25
03-17 14:53:17.130 9271 9382 W CameraMetadataJV: Expect face scores and rectangles to be non-null
03-17 14:53:17.130 9271 9382 W CameraMetadataJV: Expect face scores and rectangles to be non-null
03-17 14:53:17.130 9271 9382 W CameraMetadataJV: Expect face scores and rectangles to be non-null
03-17 14:53:17.130 9271 9382 W CameraMetadataJV: Expect face scores and rectangles to be non-null
03-17 14:53:17.130 9271 9382 W CameraMetadataJV: Expect face scores and rectangles to be non-null
03-17 14:53:17.130 9271 9382 W CameraMetadataJV: Expect face scores and rectangles to be non-null
03-17 14:53:17.130 9271 9382 W CameraMetadataJV: Expect face scores and rectangles to be non-null
03-17 14:53:17.131 9271 9479 E OisListener: Null pointer for OIS data. OIS API version: 2
03-17 14:53:17.132 9271 9480 W CameraMetadataJV: Expect face scores and rectangles to be non-null
03-17 14:53:17.170 9271 9382 W CameraMetadataJV: Expect face scores and rectangles to be non-null
03-17 14:53:17.170 9271 9382 W CameraMetadataJV: Expect face scores and rectangles to be non-null
03-17 14:53:17.170 9271 9382 W CameraMetadataJV: Expect face scores and rectangles to be non-null
03-17 14:53:17.170 9271 9382 W CameraMetadataJV: Expect face scores and rectangles to be non-null
03-17 14:53:17.170 9271 9382 W CameraMetadataJV: Expect face scores and rectangles to be non-null
03-17 14:53:17.170 9271 9382 W CameraMetadataJV: Expect face scores and rectangles to be non-null
03-17 14:53:17.171 9271 9382 W CameraMetadataJV: Expect face scores and rectangles to be non-null
03-17 14:53:17.171 9271 9479 E OisListener: Null pointer for OIS data. OIS API version: 2
03-17 14:53:17.172 9271 9480 W CameraMetadataJV: Expect face scores and rectangles to be non-null
03-17 14:53:17.235 9271 9382 W JankMonitorFacade: PHOTO > rel Δ(result sensor timestamp) = 1.00 > 0.25
03-17 14:53:17.235 9271 9382 W JankMonitorFacade: PHOTO > result sensor delay = 2.00 > 1.10
03-17 14:53:17.235 9271 9382 W CameraMetadataJV: Expect face scores and rectangles to be non-null
03-17 14:53:17.235 9271 9382 W CameraMetadataJV: Expect face scores and rectangles to be non-null
03-17 14:53:17.236 9271 9382 W CameraMetadataJV: Expect face scores and rectangles to be non-null
03-17 14:53:17.236 9271 9382 W CameraMetadataJV: Expect face scores and rectangles to be non-null
03-17 14:53:17.236 9271 9382 W CameraMetadataJV: Expect face scores and rectangles to be non-null
03-17 14:53:17.236 9271 9382 W CameraMetadataJV: Expect face scores and rectangles to be non-null
03-17 14:53:17.236 9271 9382 W CameraMetadataJV: Expect face scores and rectangles to be non-null
03-17 14:53:17.237 9271 9479 E OisListener: Null pointer for OIS data. OIS API version: 2
03-17 14:53:17.237 9271 9480 W CameraMetadataJV: Expect face scores and rectangles to be non-null
03-17 14:53:17.274 9271 9382 W JankMonitorFacade: PHOTO > rel Δ(result sensor timestamp) = 0.50 > 0.25
03-17 14:53:17.275 9271 9382 W CameraMetadataJV: Expect face scores and rectangles to be non-null
03-17 14:53:17.275 9271 9382 W CameraMetadataJV: Expect face scores and rectangles to be non-null
03-17 14:53:17.275 9271 9382 W CameraMetadataJV: Expect face scores and rectangles to be non-null
03-17 14:53:17.275 9271 9382 W CameraMetadataJV: Expect face scores and rectangles to be non-null
03-17 14:53:17.275 9271 9382 W CameraMetadataJV: Expect face scores and rectangles to be non-null
03-17 14:53:17.276 9271 9382 W CameraMetadataJV: Expect face scores and rectangles to be non-null
03-17 14:53:17.277 9271 9382 W CameraMetadataJV: Expect face scores and rectangles to be non-null
03-17 14:53:17.282 9271 9479 E OisListener: Null pointer for OIS data. OIS API version: 2
03-17 14:53:17.283 9271 9351 W CameraMetadataJV: Expect face scores and rectangles to be non-null
03-17 14:53:17.285 9271 9480 W CameraMetadataJV: Expect face scores and rectangles to be non-null
03-17 14:53:17.345 9271 9394 I ViewRootImpl@5172dcf[Toast]: Resizing android.view.ViewRootImpl@d41b948: frame = [411,2503][1029,2648] reportDraw = false forceLayout = false syncSeqId = 0
03-17 14:53:17.352 9271 9271 I DecorView: notifyKeepScreenOnChanged: keepScreenOn=false
03-17 14:53:17.354 9271 9271 I ViewRootImpl@bfeea32[CameraLauncher]: handleAppVisibility mAppVisible = true visible = false
03-17 14:53:17.354 9271 9271 I ViewRootImpl@5172dcf[Toast]: handleResized, msg = 4 frames=ClientWindowFrames{frame=[411,2503][1029,2648] display=[0,139][1440,2872] parentFrame=[0,0][0,0] parentClippedByDisplayCutout=false} forceNextWindowRelayout=false displayId=0 resizeMode=-1 frameChanged=false displayFrameChanged=false configChanged=false displayChanged=false
03-17 14:53:17.356 9271 9382 W JankMonitorFacade: PHOTO > rel Δ(result sensor timestamp) = 1.00 > 0.25
03-17 14:53:17.356 9271 9382 W JankMonitorFacade: PHOTO > result sensor delay = 2.00 > 1.10
03-17 14:53:17.356 9271 9382 W CameraMetadataJV: Expect face scores and rectangles to be non-null
03-17 14:53:17.356 9271 9382 W CameraMetadataJV: Expect face scores and rectangles to be non-null
03-17 14:53:17.356 9271 9382 W CameraMetadataJV: Expect face scores and rectangles to be non-null
03-17 14:53:17.356 9271 9382 W CameraMetadataJV: Expect face scores and rectangles to be non-null
03-17 14:53:17.356 9271 9382 W CameraMetadataJV: Expect face scores and rectangles to be non-null
03-17 14:53:17.356 9271 9382 W CameraMetadataJV: Expect face scores and rectangles to be non-null
03-17 14:53:17.356 9271 9382 W CameraMetadataJV: Expect face scores and rectangles to be non-null
03-17 14:53:17.357 9271 9479 E OisListener: Null pointer for OIS data. OIS API version: 2
03-17 14:53:17.360 9271 9480 W CameraMetadataJV: Expect face scores and rectangles to be non-null
03-17 14:53:17.370 9271 9271 I SurfaceView@c76c08e: onWindowVisibilityChanged(8) false android.view.SurfaceView{c76c08e V.E...... ........ 0,312-1440,2232} of ViewRootImpl@bfeea32[CameraLauncher]
03-17 14:53:17.370 9271 9271 I SurfaceView@c76c08e: Changes: creating=false format=false size=false visible=true alpha=false hint=false mUseAlpha=false visible=true left=false top=false
03-17 14:53:17.371 9271 9271 I SurfaceView@c76c08e: 209109134 Cur surface: Surface(name=null)/@0x61b8bd8
03-17 14:53:17.371 9271 9271 I SurfaceView@c76c08e: applyTransactionOnVriDraw: vri = ViewRootImpl@bfeea32[CameraLauncher] fRS = false t = 0x704431ab30 android.view.SurfaceView.performSurfaceTransaction:959 android.view.SurfaceView.updateSurface:1105 android.view.SurfaceView.onWindowVisibilityChanged:371
03-17 14:53:17.371 9271 9271 I ViewRootImpl@bfeea32[CameraLauncher]: applyTransactionOnDraw: mRemoved = false isHardwareEnabled = true t = 0x704431ab30android.view.SurfaceView.applyTransactionOnVriDraw:2048 android.view.SurfaceView.performSurfaceTransaction:959 android.view.SurfaceView.updateSurface:1105 android.view.SurfaceView.onWindowVisibilityChanged:371 android.view.View.dispatchWindowVisibilityChanged:15943
03-17 14:53:17.371 9271 9271 I SurfaceView@c76c08e: surfaceDestroyed
03-17 14:53:17.371 9271 9271 I SurfaceView@c76c08e: surfaceDestroyed callback.size 2 #2 android.view.SurfaceView{c76c08e V.E...... ........ 0,312- 1440,2232}
03-17 14:53:17.372 9271 9271 I SurfaceView@c76c08e: updateSurface: mVisible = false mSurface.isValid() = true
03-17 14:53:17.372 9271 9271 I SurfaceView@c76c08e: releaseSurfaces: viewRoot = ViewRootImpl@bfeea32[CameraLauncher]
03-17 14:53:17.374 9271 9271 I SurfaceView@c76c08e: applyTransactionOnVriDraw: vri = ViewRootImpl@bfeea32[CameraLauncher] fRS = true t = 0x7044305530 android.view.SurfaceView.releaseSurfaces:858 android.view.SurfaceView.updateSurface:1172 android.view.SurfaceView.onWindowVisibilityChanged:371
03-17 14:53:17.374 9271 9271 I SurfaceView@c76c08e: applyTransactionOnVriDraw: viewRoot.applyTransactionOnDrawFromReleaseSurfaces
03-17 14:53:17.375 9271 9271 I ViewRootImpl@bfeea32[CameraLauncher]: from releaseSurfaces t.apply t = 0x7044305530
03-17 14:53:17.380 9271 9271 I DecorView: notifyKeepScreenOnChanged: keepScreenOn=false
03-17 14:53:17.384 9271 9271 I ViewRootImpl@bfeea32[CameraLauncher]: performTraversals params={(0,0)(fillxfill) sim={state=always_hidden adjust=pan} layoutInDisplayCutoutMode=shortEdges ty=BASE_APPLICATION fmt=TRANSLUCENT wanim=0x1030309 rotAnim=SEAMLESS sysuil=true
03-17 14:53:17.384 9271 9271 I ViewRootImpl@bfeea32[CameraLauncher]: fl=81810500
03-17 14:53:17.384 9271 9271 I ViewRootImpl@bfeea32[CameraLauncher]: pfl=12020040
03-17 14:53:17.384 9271 9271 I ViewRootImpl@bfeea32[CameraLauncher]: vsysui=705
03-17 14:53:17.384 9271 9271 I ViewRootImpl@bfeea32[CameraLauncher]: apr=LOW_PROFILE_BARS
03-17 14:53:17.384 9271 9271 I ViewRootImpl@bfeea32[CameraLauncher]: bhv=SHOW_TRANSIENT_BARS_BY_SWIPE
03-17 14:53:17.384 9271 9271 I ViewRootImpl@bfeea32[CameraLauncher]: fitSides= naviIconColor=0}
03-17 14:53:17.390 9271 9271 I ViewRootImpl@bfeea32[CameraLauncher]: performTraversals mFirst=false windowShouldResize=false viewVisibilityChanged=true mForceNextWindowRelayout=false params={(0,0)(fillxfill) sim={state=always_hidden adjust=pan} layoutInDisplayCutoutMode=shortEdges ty=BASE_APPLICATION fmt=TRANSLUCENT wanim=0x1030309 rotAnim=SEAMLESS sysuil=true
03-17 14:53:17.390 9271 9271 I ViewRootImpl@bfeea32[CameraLauncher]: fl=81810500
03-17 14:53:17.390 9271 9271 I ViewRootImpl@bfeea32[CameraLauncher]: pfl=12020040
03-17 14:53:17.390 9271 9271 I ViewRootImpl@bfeea32[CameraLauncher]: vsysui=705
03-17 14:53:17.390 9271 9271 I ViewRootImpl@bfeea32[CameraLauncher]: apr=LOW_PROFILE_BARS
03-17 14:53:17.390 9271 9271 I ViewRootImpl@bfeea32[CameraLauncher]: bhv=SHOW_TRANSIENT_BARS_BY_SWIPE
03-17 14:53:17.390 9271 9271 I ViewRootImpl@bfeea32[CameraLauncher]: fitSides= naviIconColor=0}
03-17 14:53:17.396 9271 9394 E BufferQueueProducer: [SurfaceView[com.samsung.android.scan3d/com.android.camera.CameraLauncher]@0#1(BLAS T Consumer)1](id:243700000004,api:4,p:6117,c:9271) queueBuffer: BufferQueue has been abandoned
03-17 14:53:17.408 9271 9271 I ViewRootImpl@bfeea32[CameraLauncher]: Relayout returned: old=(0,0,1440,3040) new=(0,0,1440,3040) req=(1440,3040)8 dur=14 res=0x2 s={false 0x0} ch=true seqId=0
03-17 14:53:17.411 9271 9271 I SurfaceView@c76c08e: windowStopped(true) false android.view.SurfaceView{c76c08e V.E...... ........ 0,312-1440,2232} of ViewRootImpl@bfeea32[CameraLauncher]
03-17 14:53:17.411 9271 9271 I SurfaceView@c76c08e: releaseSurfaces: viewRoot = ViewRootImpl@bfeea32[CameraLauncher]
03-17 14:53:17.412 9271 9271 I SurfaceView@c76c08e: applyTransactionOnVriDraw: vri = ViewRootImpl@bfeea32[CameraLauncher] fRS = true t = 0x7044322ed0 android.view.SurfaceView.releaseSurfaces:858 android.view.SurfaceView.updateSurface:998 android.view.SurfaceView.setWindowStopped:335
03-17 14:53:17.412 9271 9271 I SurfaceView@c76c08e: applyTransactionOnVriDraw: viewRoot.applyTransactionOnDrawFromReleaseSurfaces
03-17 14:53:17.412 9271 9271 I ViewRootImpl@bfeea32[CameraLauncher]: from releaseSurfaces t.apply t = 0x7044322ed0
03-17 14:53:17.412 9271 9271 I SurfaceView@c76c08e: releaseSurfaces: viewRoot = ViewRootImpl@bfeea32[CameraLauncher]
03-17 14:53:17.412 9271 9271 I SurfaceView@c76c08e: applyTransactionOnVriDraw: vri = ViewRootImpl@bfeea32[CameraLauncher] fRS = true t = 0x7044319030 android.view.SurfaceView.releaseSurfaces:858 android.view.SurfaceView.updateSurface:998 android.view.SurfaceView.lambda$new$0$android-view-SurfaceView:200
03-17 14:53:17.412 9271 9271 I SurfaceView@c76c08e: applyTransactionOnVriDraw: viewRoot.applyTransactionOnDrawFromReleaseSurfaces
03-17 14:53:17.412 9271 9271 I ViewRootImpl@bfeea32[CameraLauncher]: from releaseSurfaces t.apply t = 0x7044319030
03-17 14:53:17.418 9271 9271 I SurfaceView@c76c08e: releaseSurfaces: viewRoot = ViewRootImpl@bfeea32[CameraLauncher]
03-17 14:53:17.418 9271 9271 I SurfaceView@c76c08e: applyTransactionOnVriDraw: vri = ViewRootImpl@bfeea32[CameraLauncher] fRS = true t = 0x70443183d0 android.view.SurfaceView.releaseSurfaces:858 android.view.SurfaceView.updateSurface:998 android.view.SurfaceView.lambda$new$0$android-view-SurfaceView:200
03-17 14:53:17.418 9271 9271 I SurfaceView@c76c08e: applyTransactionOnVriDraw: viewRoot.applyTransactionOnDrawFromReleaseSurfaces
03-17 14:53:17.418 9271 9271 I ViewRootImpl@bfeea32[CameraLauncher]: from releaseSurfaces t.apply t = 0x70443183d0
03-17 14:53:17.419 9271 9271 I ViewRootImpl@bfeea32[CameraLauncher]: stopped(true) old = false
03-17 14:53:17.419 9271 9271 I ViewRootImpl@bfeea32[CameraLauncher]: WindowStopped on com.samsung.android.scan3d/com.android.camera.CameraLauncher set to true
03-17 14:53:17.431 9271 9358 E PhenotypeFlagCommitter: Retrieving snapshot for com.google.android.apps.camera#com.samsung.android.scan3d failed
03-17 14:53:17.431 9271 9358 E PhenotypeFlagCommitter: java.util.concurrent.ExecutionException: java.lang.SecurityException: GoogleCertificatesRslt: not allowed: pkg=com.samsung.android.scan3d, sha256=[144e0735b48b4b395e820d53e9a49aa6d308645d42cc69a030aaf8528c51f1ef], atk=false, ver=230914044.true (go/gsrlt)
03-17 14:53:17.431 9271 9358 E PhenotypeFlagCommitter: at lbu.a(Unknown Source:31)
03-17 14:53:17.431 9271 9358 E PhenotypeFlagCommitter: at lbu.a(Unknown Source:57)
03-17 14:53:17.431 9271 9358 E PhenotypeFlagCommitter: at lab.a(Unknown Source:23)
03-17 14:53:17.431 9271 9358 E PhenotypeFlagCommitter: at lab.a(Unknown Source:35)
03-17 14:53:17.431 9271 9358 E PhenotypeFlagCommitter: at gon.c(Unknown Source:41)
03-17 14:53:17.431 9271 9358 E PhenotypeFlagCommitter: at dxk.run(Unknown Source:11)
03-17 14:53:17.431 9271 9358 E PhenotypeFlagCommitter: at lis.run(Unknown Source:2)
03-17 14:53:17.431 9271 9358 E PhenotypeFlagCommitter: at java.util.concurrent.Executors$RunnableAdapter.call(Executors.java:463)
03-17 14:53:17.431 9271 9358 E PhenotypeFlagCommitter: at oye.b(Unknown Source:2)
03-17 14:53:17.431 9271 9358 E PhenotypeFlagCommitter: at oxi.run(Unknown Source:22)
03-17 14:53:17.431 9271 9358 E PhenotypeFlagCommitter: at oyf.run(Unknown Source:4)
03-17 14:53:17.431 9271 9358 E PhenotypeFlagCommitter: at java.util.concurrent.Executors$RunnableAdapter.call(Executors.java:463)
03-17 14:53:17.431 9271 9358 E PhenotypeFlagCommitter: at java.util.concurrent.FutureTask.run(FutureTask.java:264)
03-17 14:53:17.431 9271 9358 E PhenotypeFlagCommitter: at java.util.concurrent.ScheduledThreadPoolExecutor$ScheduledFutureTask.run(ScheduledT hreadPoolExecutor.java:307)
03-17 14:53:17.431 9271 9358 E PhenotypeFlagCommitter: at ljd.run(Unknown Source:2)
03-17 14:53:17.431 9271 9358 E PhenotypeFlagCommitter: at ljc.run(Unknown Source:0)
03-17 14:53:17.431 9271 9358 E PhenotypeFlagCommitter: at java.util.concurrent.ThreadPoolExecutor.runWorker(ThreadPoolExecutor.java:1137)
03-17 14:53:17.431 9271 9358 E PhenotypeFlagCommitter: at java.util.concurrent.ThreadPoolExecutor$Worker.run(ThreadPoolExecutor.java:637)
03-17 14:53:17.431 9271 9358 E PhenotypeFlagCommitter: at java.lang.Thread.run(Thread.java:1012)
03-17 14:53:17.431 9271 9358 E PhenotypeFlagCommitter: at lhu.run(Unknown Source:5)
03-17 14:53:17.431 9271 9358 E PhenotypeFlagCommitter: Caused by: java.lang.SecurityException: GoogleCertificatesRslt: not allowed: pkg=com.samsung.android.scan3d, sha256=[144e0735b48b4b395e820d53e9a49aa6d308645d42cc69a030aaf8528c51f1ef], atk=false, ver=230914044.true (go/gsrlt)
03-17 14:53:17.431 9271 9358 E PhenotypeFlagCommitter: at android.os.Parcel.createExceptionOrNull(Parcel.java:3023)
03-17 14:53:17.431 9271 9358 E PhenotypeFlagCommitter: at android.os.Parcel.createException(Parcel.java:3007)
03-17 14:53:17.431 9271 9358 E PhenotypeFlagCommitter: at android.os.Parcel.readException(Parcel.java:2990)
03-17 14:53:17.431 9271 9358 E PhenotypeFlagCommitter: at android.os.Parcel.readException(Parcel.java:2932)
03-17 14:53:17.431 9271 9358 E PhenotypeFlagCommitter: at azi.b(Unknown Source:10)
03-17 14:53:17.431 9271 9358 E PhenotypeFlagCommitter: at kzz.a(Unknown Source:38)
03-17 14:53:17.431 9271 9358 E PhenotypeFlagCommitter: at krj.a(Unknown Source:4)
03-17 14:53:17.431 9271 9358 E PhenotypeFlagCommitter: at kpf.c(Unknown Source:6)
03-17 14:53:17.431 9271 9358 E PhenotypeFlagCommitter: at kqd.c(Unknown Source:9)
03-17 14:53:17.431 9271 9358 E PhenotypeFlagCommitter: at kqd.b(Unknown Source:22)
03-17 14:53:17.431 9271 9358 E PhenotypeFlagCommitter: at kqd.e(Unknown Source:28)
03-17 14:53:17.431 9271 9358 E PhenotypeFlagCommitter: at kqd.c(Unknown Source:73)
03-17 14:53:17.431 9271 9358 E PhenotypeFlagCommitter: at kqd.a(Unknown Source:16)
03-17 14:53:17.431 9271 9358 E PhenotypeFlagCommitter: at kse.a(Unknown Source:117)
03-17 14:53:17.431 9271 9358 E PhenotypeFlagCommitter: at kry.c(Unknown Source:89)
03-17 14:53:17.431 9271 9358 E PhenotypeFlagCommitter: at krz.handleMessage(Unknown Source:286)
03-17 14:53:17.431 9271 9358 E PhenotypeFlagCommitter: at android.os.Handler.dispatchMessage(Handler.java:106)
03-17 14:53:17.431 9271 9358 E PhenotypeFlagCommitter: at kxo.a(Unknown Source:0)
03-17 14:53:17.431 9271 9358 E PhenotypeFlagCommitter: at kxo.dispatchMessage(Unknown Source:0)
03-17 14:53:17.431 9271 9358 E PhenotypeFlagCommitter: at android.os.Looper.loopOnce(Looper.java:226)
03-17 14:53:17.431 9271 9358 E PhenotypeFlagCommitter: at android.os.Looper.loop(Looper.java:313)
03-17 14:53:17.431 9271 9358 E PhenotypeFlagCommitter: at android.os.HandlerThread.run(HandlerThread.java:67)
03-17 14:53:17.455 9271 9271 I MSHandlerLifeCycle: check: return. Multi-window not supported pkg=com.samsung.android.scan3d
03-17 14:53:17.456 9271 9271 I MSHandlerLifeCycle: removeMultiSplitHandler: no exist. decor=DecorView@b09df90[CameraLauncher]
03-17 14:53:17.462 9271 9271 I SurfaceView@c76c08e: releaseSurfaces: viewRoot = ViewRootImpl@bfeea32[CameraLauncher]
03-17 14:53:17.462 9271 9271 I SurfaceView@c76c08e: applyTransactionOnVriDraw: vri = ViewRootImpl@bfeea32[CameraLauncher] fRS = true t = 0x704435b1b0 android.view.SurfaceView.releaseSurfaces:858 android.view.SurfaceView.updateSurface:998 android.view.SurfaceView.lambda$new$0$android-view-SurfaceView:200
03-17 14:53:17.462 9271 9271 I SurfaceView@c76c08e: applyTransactionOnVriDraw: viewRoot.applyTransactionOnDrawFromReleaseSurfaces
03-17 14:53:17.462 9271 9271 I ViewRootImpl@bfeea32[CameraLauncher]: from releaseSurfaces t.apply t = 0x704435b1b0
03-17 14:53:17.467 9271 9350 W native : tracking_jni.cc:73 Unknown tracker
03-17 14:53:17.467 9271 9350 W native : tracking_jni.cc:258 Stop tracking: tracker cannot be null
03-17 14:53:17.471 9271 9271 I SurfaceView@c76c08e: releaseSurfaces: viewRoot = ViewRootImpl@bfeea32[CameraLauncher]
03-17 14:53:17.472 9271 9271 I SurfaceView@c76c08e: applyTransactionOnVriDraw: vri = ViewRootImpl@bfeea32[CameraLauncher] fRS = true t = 0x70443310f0 android.view.SurfaceView.releaseSurfaces:858 android.view.SurfaceView.updateSurface:998 android.view.SurfaceView.lambda$new$0$android-view-SurfaceView:200
03-17 14:53:17.472 9271 9271 I SurfaceView@c76c08e: applyTransactionOnVriDraw: viewRoot.applyTransactionOnDrawFromReleaseSurfaces
03-17 14:53:17.472 9271 9271 I ViewRootImpl@bfeea32[CameraLauncher]: from releaseSurfaces t.apply t = 0x70443310f0
03-17 14:53:17.492 9271 9271 I SurfaceView@c76c08e: releaseSurfaces: viewRoot = ViewRootImpl@bfeea32[CameraLauncher]
03-17 14:53:17.493 9271 9271 I SurfaceView@c76c08e: applyTransactionOnVriDraw: vri = ViewRootImpl@bfeea32[CameraLauncher] fRS = true t = 0x70443329b0 android.view.SurfaceView.releaseSurfaces:858 android.view.SurfaceView.updateSurface:998 android.view.SurfaceView.lambda$new$0$android-view-SurfaceView:200
03-17 14:53:17.493 9271 9271 I SurfaceView@c76c08e: applyTransactionOnVriDraw: viewRoot.applyTransactionOnDrawFromReleaseSurfaces
03-17 14:53:17.493 9271 9271 I ViewRootImpl@bfeea32[CameraLauncher]: from releaseSurfaces t.apply t = 0x70443329b0
03-17 14:53:17.499 9271 9383 E BufferQueueProducer: [SurfaceView[com.samsung.android.scan3d/com.android.camera.CameraLauncher]@0#1(BLAS T Consumer)1](id:243700000004,api:4,p:6117,c:9271) cancelBuffer: BufferQueue has been abandoned
03-17 14:53:17.501 9271 9383 E BufferQueueProducer: [SurfaceView[com.samsung.android.scan3d/com.android.camera.CameraLauncher]@0#1(BLAS T Consumer)1](id:243700000004,api:4,p:6117,c:9271) cancelBuffer: BufferQueue has been abandoned
03-17 14:53:17.502 9271 9383 E BufferQueueProducer: [SurfaceView[com.samsung.android.scan3d/com.android.camera.CameraLauncher]@0#1(BLAS T Consumer)1](id:243700000004,api:4,p:6117,c:9271) cancelBuffer: BufferQueue has been abandoned
03-17 14:53:17.503 9271 9383 E BufferQueueProducer: [SurfaceView[com.samsung.android.scan3d/com.android.camera.CameraLauncher]@0#1(BLAS T Consumer)1](id:243700000004,api:4,p:6117,c:9271) cancelBuffer: BufferQueue has been abandoned
03-17 14:53:17.503 9271 9383 E BufferQueueProducer: [SurfaceView[com.samsung.android.scan3d/com.android.camera.CameraLauncher]@0#1(BLAS T Consumer)1](id:243700000004,api:4,p:6117,c:9271) cancelBuffer: BufferQueue has been abandoned
03-17 14:53:17.506 9271 9271 I SurfaceView@c76c08e: releaseSurfaces: viewRoot = ViewRootImpl@bfeea32[CameraLauncher]
03-17 14:53:17.507 9271 9271 I SurfaceView@c76c08e: applyTransactionOnVriDraw: vri = ViewRootImpl@bfeea32[CameraLauncher] fRS = true t = 0x7044330d90 android.view.SurfaceView.releaseSurfaces:858 android.view.SurfaceView.updateSurface:998 android.view.SurfaceView.lambda$new$0$android-view-SurfaceView:200
03-17 14:53:17.507 9271 9271 I SurfaceView@c76c08e: applyTransactionOnVriDraw: viewRoot.applyTransactionOnDrawFromReleaseSurfaces
03-17 14:53:17.507 9271 9271 I ViewRootImpl@bfeea32[CameraLauncher]: from releaseSurfaces t.apply t = 0x7044330d90
03-17 14:53:17.510 9271 9394 E BufferQueueProducer: [SurfaceView[com.samsung.android.scan3d/com.android.camera.CameraLauncher]@0#1(BLAS T Consumer)1](id:243700000004,api:4,p:6117,c:9271) cancelBuffer: BufferQueue has been abandoned
03-17 14:53:17.512 9271 9394 I CameraManagerGlobal: Camera 0 facing CAMERA_FACING_BACK state now CAMERA_STATE_IDLE for client com.samsung.android.scan3d API Level 2
03-17 14:53:17.521 9271 9365 W .android.scan3d: Long monitor contention with owner Session-Handler (9383) at void android.hardware.camera2.impl.CameraDeviceImpl.flush()(CameraDeviceImpl.java:1425) waiters=0 in void android.hardware.camera2.impl.CameraDeviceImpl$4.run() for 141ms
03-17 14:53:17.522 9271 9271 I SurfaceView@c76c08e: releaseSurfaces: viewRoot = ViewRootImpl@bfeea32[CameraLauncher]
03-17 14:53:17.522 9271 9367 W libc : Access denied finding property "sys.perf.boostopt"
03-17 14:53:17.522 9271 9382 W JankMonitorFacade: PHOTO > rel Δ(result sensor timestamp) = 0.50 > 0.25
03-17 14:53:17.522 9271 9271 I SurfaceView@c76c08e: applyTransactionOnVriDraw: vri = ViewRootImpl@bfeea32[CameraLauncher] fRS = true t = 0x7044331570 android.view.SurfaceView.releaseSurfaces:858 android.view.SurfaceView.updateSurface:998 android.view.SurfaceView.lambda$new$0$android-view-SurfaceView:200
03-17 14:53:17.522 9271 9271 I SurfaceView@c76c08e: applyTransactionOnVriDraw: viewRoot.applyTransactionOnDrawFromReleaseSurfaces
03-17 14:53:17.522 9271 9271 I ViewRootImpl@bfeea32[CameraLauncher]: from releaseSurfaces t.apply t = 0x7044331570
03-17 14:53:17.522 9271 9382 W CameraMetadataJV: Expect face scores and rectangles to be non-null
03-17 14:53:17.522 9271 9382 W CameraMetadataJV: Expect face scores and rectangles to be non-null
03-17 14:53:17.522 9271 9382 W CameraMetadataJV: Expect face scores and rectangles to be non-null
03-17 14:53:17.522 9271 9382 W CameraMetadataJV: Expect face scores and rectangles to be non-null
03-17 14:53:17.523 9271 9382 W CameraMetadataJV: Expect face scores and rectangles to be non-null
03-17 14:53:17.523 9271 9382 W CameraMetadataJV: Expect face scores and rectangles to be non-null
03-17 14:53:17.523 9271 9382 W CameraMetadataJV: Expect face scores and rectangles to be non-null
03-17 14:53:17.523 9271 9479 E OisListener: Null pointer for OIS data. OIS API version: 2
03-17 14:53:17.523 9271 9383 W CAM_MetadataDst: onCaptureFailed for Frame 45 (images were captured)
03-17 14:53:17.523 9271 9383 W CAM_YUV_420_888w640: Distributing null to Stream-3 for frame 45 at 6889455720170 because the buffer was lost.
03-17 14:53:17.523 9271 9383 W CAM_RAW_SENSORw4032: Distributing null to Stream-1 for frame 45 at 6889455720170 because the buffer was lost.
03-17 14:53:17.524 9271 9383 W CAM_MetadataDst: onCaptureFailed for Frame 46
03-17 14:53:17.524 9271 9383 W CAM_MetadataDst: onCaptureFailed for Frame 47
03-17 14:53:17.524 9271 9383 W CAM_MetadataDst: onCaptureFailed for Frame 48
03-17 14:53:17.524 9271 9383 W CAM_MetadataDst: onCaptureFailed for Frame 49
03-17 14:53:17.524 9271 9383 W CAM_MetadataDst: onCaptureFailed for Frame 50
03-17 14:53:17.538 9271 9271 I SurfaceView@c76c08e: releaseSurfaces: viewRoot = ViewRootImpl@bfeea32[CameraLauncher]
03-17 14:53:17.538 9271 9271 I SurfaceView@c76c08e: applyTransactionOnVriDraw: vri = ViewRootImpl@bfeea32[CameraLauncher] fRS = true t = 0x7044332650 android.view.SurfaceView.releaseSurfaces:858 android.view.SurfaceView.updateSurface:998 android.view.SurfaceView.lambda$new$0$android-view-SurfaceView:200
03-17 14:53:17.538 9271 9271 I SurfaceView@c76c08e: applyTransactionOnVriDraw: viewRoot.applyTransactionOnDrawFromReleaseSurfaces
03-17 14:53:17.538 9271 9271 I ViewRootImpl@bfeea32[CameraLauncher]: from releaseSurfaces t.apply t = 0x7044332650
03-17 14:53:17.555 9271 9271 I SurfaceView@c76c08e: releaseSurfaces: viewRoot = ViewRootImpl@bfeea32[CameraLauncher]
03-17 14:53:17.555 9271 9271 I SurfaceView@c76c08e: applyTransactionOnVriDraw: vri = ViewRootImpl@bfeea32[CameraLauncher] fRS = true t = 0x7044326b90 android.view.SurfaceView.releaseSurfaces:858 android.view.SurfaceView.updateSurface:998 android.view.SurfaceView.lambda$new$0$android-view-SurfaceView:200
03-17 14:53:17.555 9271 9271 I SurfaceView@c76c08e: applyTransactionOnVriDraw: viewRoot.applyTransactionOnDrawFromReleaseSurfaces
03-17 14:53:17.555 9271 9271 I ViewRootImpl@bfeea32[CameraLauncher]: from releaseSurfaces t.apply t = 0x7044326b90
03-17 14:53:17.577 9271 9271 I SurfaceView@c76c08e: releaseSurfaces: viewRoot = ViewRootImpl@bfeea32[CameraLauncher]
03-17 14:53:17.578 9271 9271 I SurfaceView@c76c08e: applyTransactionOnVriDraw: vri = ViewRootImpl@bfeea32[CameraLauncher] fRS = true t = 0x7044329650 android.view.SurfaceView.releaseSurfaces:858 android.view.SurfaceView.updateSurface:998 android.view.SurfaceView.lambda$new$0$android-view-SurfaceView:200
03-17 14:53:17.578 9271 9271 I SurfaceView@c76c08e: applyTransactionOnVriDraw: viewRoot.applyTransactionOnDrawFromReleaseSurfaces
03-17 14:53:17.578 9271 9271 I ViewRootImpl@bfeea32[CameraLauncher]: from releaseSurfaces t.apply t = 0x7044329650
03-17 14:53:17.588 9271 9271 I SurfaceView@c76c08e: releaseSurfaces: viewRoot = ViewRootImpl@bfeea32[CameraLauncher]
03-17 14:53:17.588 9271 9271 I SurfaceView@c76c08e: applyTransactionOnVriDraw: vri = ViewRootImpl@bfeea32[CameraLauncher] fRS = true t = 0x7044317650 android.view.SurfaceView.releaseSurfaces:858 android.view.SurfaceView.updateSurface:998 android.view.SurfaceView.lambda$new$0$android-view-SurfaceView:200
03-17 14:53:17.588 9271 9271 I SurfaceView@c76c08e: applyTransactionOnVriDraw: viewRoot.applyTransactionOnDrawFromReleaseSurfaces
03-17 14:53:17.588 9271 9271 I ViewRootImpl@bfeea32[CameraLauncher]: from releaseSurfaces t.apply t = 0x7044317650
03-17 14:53:17.605 9271 9271 I SurfaceView@c76c08e: releaseSurfaces: viewRoot = ViewRootImpl@bfeea32[CameraLauncher]
03-17 14:53:17.605 9271 9271 I SurfaceView@c76c08e: applyTransactionOnVriDraw: vri = ViewRootImpl@bfeea32[CameraLauncher] fRS = true t = 0x7044318cd0 android.view.SurfaceView.releaseSurfaces:858 android.view.SurfaceView.updateSurface:998 android.view.SurfaceView.lambda$new$0$android-view-SurfaceView:200
03-17 14:53:17.605 9271 9271 I SurfaceView@c76c08e: applyTransactionOnVriDraw: viewRoot.applyTransactionOnDrawFromReleaseSurfaces
03-17 14:53:17.605 9271 9271 I ViewRootImpl@bfeea32[CameraLauncher]: from releaseSurfaces t.apply t = 0x7044318cd0
03-17 14:53:17.621 9271 9271 I SurfaceView@c76c08e: releaseSurfaces: viewRoot = ViewRootImpl@bfeea32[CameraLauncher]
03-17 14:53:17.621 9271 9271 I SurfaceView@c76c08e: applyTransactionOnVriDraw: vri = ViewRootImpl@bfeea32[CameraLauncher] fRS = true t = 0x7044327eb0 android.view.SurfaceView.releaseSurfaces:858 android.view.SurfaceView.updateSurface:998 android.view.SurfaceView.lambda$new$0$android-view-SurfaceView:200
03-17 14:53:17.621 9271 9271 I SurfaceView@c76c08e: applyTransactionOnVriDraw: viewRoot.applyTransactionOnDrawFromReleaseSurfaces
03-17 14:53:17.621 9271 9271 I ViewRootImpl@bfeea32[CameraLauncher]: from releaseSurfaces t.apply t = 0x7044327eb0
03-17 14:53:17.638 9271 9271 I SurfaceView@c76c08e: releaseSurfaces: viewRoot = ViewRootImpl@bfeea32[CameraLauncher]
03-17 14:53:17.638 9271 9271 I SurfaceView@c76c08e: applyTransactionOnVriDraw: vri = ViewRootImpl@bfeea32[CameraLauncher] fRS = true t = 0x7044326710 android.view.SurfaceView.releaseSurfaces:858 android.view.SurfaceView.updateSurface:998 android.view.SurfaceView.lambda$new$0$android-view-SurfaceView:200
03-17 14:53:17.638 9271 9271 I SurfaceView@c76c08e: applyTransactionOnVriDraw: viewRoot.applyTransactionOnDrawFromReleaseSurfaces
03-17 14:53:17.638 9271 9271 I ViewRootImpl@bfeea32[CameraLauncher]: from releaseSurfaces t.apply t = 0x7044326710
03-17 14:53:17.655 9271 9271 I SurfaceView@c76c08e: releaseSurfaces: viewRoot = ViewRootImpl@bfeea32[CameraLauncher]
03-17 14:53:17.655 9271 9271 I SurfaceView@c76c08e: applyTransactionOnVriDraw: vri = ViewRootImpl@bfeea32[CameraLauncher] fRS = true t = 0x70443091f0 android.view.SurfaceView.releaseSurfaces:858 android.view.SurfaceView.updateSurface:998 android.view.SurfaceView.lambda$new$0$android-view-SurfaceView:200
03-17 14:53:17.655 9271 9271 I SurfaceView@c76c08e: applyTransactionOnVriDraw: viewRoot.applyTransactionOnDrawFromReleaseSurfaces
03-17 14:53:17.655 9271 9271 I ViewRootImpl@bfeea32[CameraLauncher]: from releaseSurfaces t.apply t = 0x70443091f0
03-17 14:53:17.671 9271 9271 I SurfaceView@c76c08e: releaseSurfaces: viewRoot = ViewRootImpl@bfeea32[CameraLauncher]
03-17 14:53:17.672 9271 9271 I SurfaceView@c76c08e: applyTransactionOnVriDraw: vri = ViewRootImpl@bfeea32[CameraLauncher] fRS = true t = 0x7044330910 android.view.SurfaceView.releaseSurfaces:858 android.view.SurfaceView.updateSurface:998 android.view.SurfaceView.lambda$new$0$android-view-SurfaceView:200
03-17 14:53:17.672 9271 9271 I SurfaceView@c76c08e: applyTransactionOnVriDraw: viewRoot.applyTransactionOnDrawFromReleaseSurfaces
03-17 14:53:17.672 9271 9271 I ViewRootImpl@bfeea32[CameraLauncher]: from releaseSurfaces t.apply t = 0x7044330910
03-17 14:53:18.532 9271 9394 I CameraManagerGlobal: Camera 0 facing CAMERA_FACING_BACK state now CAMERA_STATE_CLOSED for client com.samsung.android.scan3d API Level 2
03-17 14:53:19.061 9271 9271 I ViewRootImpl@5172dcf[Toast]: dispatchDetachedFromWindow
03-17 14:53:19.072 9271 9271 I ViewRootImpl@a9c8e59[Toast]: setView = android.widget.LinearLayout@34c0fa3 TM=true
03-17 14:53:19.079 9271 9271 I ViewRootImpl@a9c8e59[Toast]: performTraversals params={(0,224)(wrapxwrap) gr=BOTTOM CENTER sim={adjust=pan} ty=TOAST fmt=TRANSLUCENT wanim=0x1030004
03-17 14:53:19.079 9271 9271 I ViewRootImpl@a9c8e59[Toast]: fl=1000098
03-17 14:53:19.079 9271 9271 I ViewRootImpl@a9c8e59[Toast]: pfl=12000000
03-17 14:53:19.079 9271 9271 I ViewRootImpl@a9c8e59[Toast]: bhv=DEFAULT
03-17 14:53:19.079 9271 9271 I ViewRootImpl@a9c8e59[Toast]: fitTypes=STATUS_BARS NAVIGATION_BARS CAPTION_BAR
03-17 14:53:19.079 9271 9271 I ViewRootImpl@a9c8e59[Toast]: fitIgnoreVis naviIconColor=0
03-17 14:53:19.079 9271 9271 I ViewRootImpl@a9c8e59[Toast]: sfl=20000}
03-17 14:53:19.080 9271 9271 I ViewRootImpl@a9c8e59[Toast]: performTraversals mFirst=true windowShouldResize=false viewVisibilityChanged=false mForceNextWindowRelayout=false params={(0,224)(wrapxwrap) gr=BOTTOM CENTER sim={adjust=pan} ty=TOAST fmt=TRANSLUCENT wanim=0x1030004
03-17 14:53:19.080 9271 9271 I ViewRootImpl@a9c8e59[Toast]: fl=1000098
03-17 14:53:19.080 9271 9271 I ViewRootImpl@a9c8e59[Toast]: pfl=12000000
03-17 14:53:19.080 9271 9271 I ViewRootImpl@a9c8e59[Toast]: bhv=DEFAULT
03-17 14:53:19.080 9271 9271 I ViewRootImpl@a9c8e59[Toast]: fitTypes=STATUS_BARS NAVIGATION_BARS CAPTION_BAR
03-17 14:53:19.080 9271 9271 I ViewRootImpl@a9c8e59[Toast]: fitIgnoreVis naviIconColor=0
03-17 14:53:19.080 9271 9271 I ViewRootImpl@a9c8e59[Toast]: sfl=20000}
03-17 14:53:19.083 9271 9271 I ViewRootImpl@a9c8e59[Toast]: updateBlastSurfaceIfNeeded mBlastBufferQueue=null isSameSurfaceControl=false
03-17 14:53:19.083 9271 9271 I BLASTBufferQueue: new BLASTBufferQueue, mName= ViewRootImpl@a9c8e59[Toast] mNativeObject= 0x7084320e90 sc.mNativeObject= 0x7014351bc0 caller= android.view.ViewRootImpl.updateBlastSurfaceIfNeeded:2909 android.view.ViewRootImpl.relayoutWindow:9847 android.view.ViewRootImpl.performTraversals:3884 android.view.ViewRootImpl.doTraversal:3116 android.view.ViewRootImpl$TraversalRunnable.run:10885 android.view.Choreographer$CallbackRecord.run:1301 android.view.Choreographer$CallbackRecord.run:1309 android.view.Choreographer.doCallbacks:923 android.view.Choreographer.doFrame:852 android.view.Choreographer$FrameDisplayEventReceiver.run:1283
03-17 14:53:19.084 9271 9271 I BLASTBufferQueue: update, w= 618 h= 145 mName = ViewRootImpl@a9c8e59[Toast] mNativeObject= 0x7084320e90 sc.mNativeObject= 0x7014351bc0 format= -3 caller= android.graphics.BLASTBufferQueue.<init>:84 android.view.ViewRootImpl.updateBlastSurfaceIfNeeded:2909 android.view.ViewRootImpl.relayoutWindow:9847 android.view.ViewRootImpl.performTraversals:3884 android.view.ViewRootImpl.doTraversal:3116 android.view.ViewRootImpl$TraversalRunnable.run:10885
03-17 14:53:19.084 9271 9271 I ViewRootImpl@a9c8e59[Toast]: Relayout returned: old=(0,139,1440,2872) new=(411,2503,1029,2648) req=(618,145)0 dur=3 res=0x3 s={true 0x711431c8d0} ch=true seqId=0
03-17 14:53:19.085 9271 9271 I ViewRootImpl@a9c8e59[Toast]: mThreadedRenderer.initialize() mSurface={isValid=true 0x711431c8d0} hwInitialized=true
