03-17 14:53:19.085 9271 9271 I ViewRootImpl@a9c8e59[Toast]: reportNextDraw android.view.ViewRootImpl.performTraversals:4438 android.view.ViewRootImpl.doTraversal:3116 android.view.ViewRootImpl$TraversalRunnable.run:10885 android.view.Choreographer$CallbackRecord.run:1301 android.view.Choreographer$CallbackRecord.run:1309
03-17 14:53:19.085 9271 9271 I ViewRootImpl@a9c8e59[Toast]: Setup new sync id=0
03-17 14:53:19.085 9271 9271 I ViewRootImpl@a9c8e59[Toast]: Setting syncFrameCallback
03-17 14:53:19.085 9271 9271 I ViewRootImpl@a9c8e59[Toast]: registerCallbacksForSync syncBuffer=false
03-17 14:53:19.086 9271 9413 I ViewRootImpl@a9c8e59[Toast]: Received frameDrawingCallback syncResult=0 frameNum=1.
03-17 14:53:19.086 9271 9413 I ViewRootImpl@a9c8e59[Toast]: Setting up sync and frameCommitCallback
03-17 14:53:19.087 9271 9324 I BLASTBufferQueue: [ViewRootImpl@a9c8e59[Toast]#3] (f:0,a:0) onFrameAvailable the first frame is available
03-17 14:53:19.087 9271 9324 I ViewRootImpl@a9c8e59[Toast]: Received frameCommittedCallback lastAttemptedDrawFrameNum=1 didProduceBuffer=true
03-17 14:53:19.088 9271 9324 W Parcel : Expecting binder but got null!
03-17 14:53:19.088 9271 9271 I ViewRootImpl@a9c8e59[Toast]: onSyncComplete
03-17 14:53:19.088 9271 9271 I ViewRootImpl@a9c8e59[Toast]: setupSync seqId=0 mSyncId=0 fn=1 caller=android.view.ViewRootImpl$$ExternalSyntheticLambda11.accept:6 android.window.SurfaceSyncer.lambda$setupSync$1$android-window-SurfaceSyncer:128 android.window.SurfaceSyncer$$ExternalSyntheticLambda1.accept:8 android.window.SurfaceSyncer$SyncSet.checkIfSyncIsComplete:382 android.window.SurfaceSyncer$SyncSet.markSyncReady:359 android.window.SurfaceSyncer.markSyncReady:151 android.view.ViewRootImpl.performTraversals:4503
03-17 14:53:19.088 9271 9271 I ViewRootImpl@a9c8e59[Toast]: reportDrawFinished seqId=0 mSyncId=-1 fn=1 mSurfaceChangedTransaction=0x704432aa90
03-17 14:53:22.569 9271 9271 I ViewRootImpl@a9c8e59[Toast]: dispatchDetachedFromWindow
03-17 14:54:01.623 9271 9394 W libc : Access denied finding property "sys.perf.boostopt"
03-17 14:55:02.388 9271 9672 W libc : Access denied finding property "sys.perf.boostopt"
03-17 14:55:11.791 9271 9271 I ViewRootImpl@bfeea32[CameraLauncher]: handleAppVisibility mAppVisible = false visible = true
03-17 14:55:11.794 9271 9271 I ViewRootImpl@bfeea32[CameraLauncher]: stopped(false) old = true
03-17 14:55:11.794 9271 9271 I ViewRootImpl@bfeea32[CameraLauncher]: WindowStopped on com.samsung.android.scan3d/com.android.camera.CameraLauncher set to false
03-17 14:55:11.819 9271 9271 I MSHandlerLifeCycle: check: return. Multi-window not supported pkg=com.samsung.android.scan3d
03-17 14:55:11.819 9271 9271 I MSHandlerLifeCycle: removeMultiSplitHandler: no exist. decor=DecorView@b09df90[CameraLauncher]
03-17 14:55:11.819 9271 9271 I ViewRootImpl@bfeea32[CameraLauncher]: stopped(false) old = false
03-17 14:55:11.822 9271 9271 I DecorView: notifyKeepScreenOnChanged: keepScreenOn=true
03-17 14:55:11.824 9271 9271 I DecorView: notifyKeepScreenOnChanged: keepScreenOn=true
03-17 14:55:11.824 9271 9271 I MSHandlerLifeCycle: check: return. Multi-window not supported pkg=com.samsung.android.scan3d
03-17 14:55:11.824 9271 9271 I MSHandlerLifeCycle: removeMultiSplitHandler: no exist. decor=DecorView@b09df90[CameraLauncher]
03-17 14:55:11.825 9271 9271 I SurfaceView@c76c08e: onWindowVisibilityChanged(0) false android.view.SurfaceView{c76c08e V.E...... ........ 0,312-1440,2232} of ViewRootImpl@bfeea32[CameraLauncher]
03-17 14:55:11.825 9271 9271 I SurfaceView@c76c08e: releaseSurfaces: viewRoot = ViewRootImpl@bfeea32[CameraLauncher]
03-17 14:55:11.825 9271 9271 I SurfaceView@c76c08e: applyTransactionOnVriDraw: vri = ViewRootImpl@bfeea32[CameraLauncher] fRS = true t = 0x704431cbd0 android.view.SurfaceView.releaseSurfaces:858 android.view.SurfaceView.updateSurface:998 android.view.SurfaceView.onWindowVisibilityChanged:371
03-17 14:55:11.825 9271 9271 I SurfaceView@c76c08e: applyTransactionOnVriDraw: viewRoot.applyTransactionOnDrawFromReleaseSurfaces
03-17 14:55:11.825 9271 9271 I ViewRootImpl@bfeea32[CameraLauncher]: applyTransactionOnDraw: mRemoved = false isHardwareEnabled = false t = 0x704431cbd0android.view.ViewRootImpl.applyTransactionOnDrawFromReleaseSurfaces:128 50 android.view.SurfaceView.applyTransactionOnVriDraw:2046 android.view.SurfaceView.releaseSurfaces:858 android.view.SurfaceView.updateSurface:998 android.view.SurfaceView.onWindowVisibilityChanged:371
03-17 14:55:11.827 9271 9271 I DecorView: notifyKeepScreenOnChanged: keepScreenOn=true
03-17 14:55:11.827 9271 9366 I CameraManager: registerAvailabilityCallback: Is device callback = false
03-17 14:55:11.827 9271 9366 I CameraManagerGlobal: postSingleUpdate device: camera id 0 status STATUS_PRESENT
03-17 14:55:11.828 9271 9366 I CameraManagerGlobal: postSingleUpdate device: camera id 1 status STATUS_PRESENT
03-17 14:55:11.828 9271 9366 I CameraManagerGlobal: postSingleUpdate device: camera id 2 status STATUS_PRESENT
03-17 14:55:11.828 9271 9366 I CameraManagerGlobal: postSingleUpdate device: camera id 3 status STATUS_PRESENT
03-17 14:55:11.828 9271 9366 I CameraManagerGlobal: postSingleUpdate device: camera id 4 status STATUS_PRESENT
03-17 14:55:11.828 9271 9366 I CameraManagerGlobal: postSingleUpdate device: camera id 5 status STATUS_PRESENT
03-17 14:55:11.828 9271 9366 I CameraManagerGlobal: postSingleUpdate device: camera id 20 status STATUS_PRESENT
03-17 14:55:11.828 9271 9366 I CameraManagerGlobal: postSingleUpdate device: camera id 21 status STATUS_PRESENT
03-17 14:55:11.828 9271 9366 I CameraManagerGlobal: postSingleUpdate device: camera id 23 status STATUS_PRESENT
03-17 14:55:11.828 9271 9271 I ViewRootImpl@bfeea32[CameraLauncher]: performTraversals params={(0,0)(fillxfill) sim={state=always_hidden adjust=pan forwardNavigation} layoutInDisplayCutoutMode=shortEdges ty=BASE_APPLICATION fmt=TRANSLUCENT wanim=0x1030309 rotAnim=SEAMLESS sysuil=true
03-17 14:55:11.828 9271 9271 I ViewRootImpl@bfeea32[CameraLauncher]: fl=81810580
03-17 14:55:11.828 9271 9271 I ViewRootImpl@bfeea32[CameraLauncher]: pfl=12020040
03-17 14:55:11.828 9271 9271 I ViewRootImpl@bfeea32[CameraLauncher]: vsysui=705
03-17 14:55:11.828 9271 9271 I ViewRootImpl@bfeea32[CameraLauncher]: apr=LOW_PROFILE_BARS
03-17 14:55:11.828 9271 9271 I ViewRootImpl@bfeea32[CameraLauncher]: bhv=SHOW_TRANSIENT_BARS_BY_SWIPE
03-17 14:55:11.828 9271 9271 I ViewRootImpl@bfeea32[CameraLauncher]: fitSides= naviIconColor=0}
03-17 14:55:11.828 9271 9366 I CameraManagerGlobal: postSingleUpdate device: camera id 40 status STATUS_PRESENT
03-17 14:55:11.828 9271 9366 I CameraManagerGlobal: postSingleUpdate device: camera id 41 status STATUS_PRESENT
03-17 14:55:11.828 9271 9366 I CameraManagerGlobal: postSingleUpdate device: camera id 50 status STATUS_PRESENT
03-17 14:55:11.828 9271 9366 I CameraManagerGlobal: postSingleUpdate device: camera id 52 status STATUS_PRESENT
03-17 14:55:11.828 9271 9366 I CameraManagerGlobal: postSingleUpdate device: camera id 80 status STATUS_PRESENT
03-17 14:55:11.828 9271 9366 I CameraManagerGlobal: postSingleUpdate device: camera id 81 status STATUS_PRESENT
03-17 14:55:11.828 9271 9366 I CameraManagerGlobal: postSingleUpdate device: camera id 91 status STATUS_PRESENT
03-17 14:55:11.829 9271 9271 I ViewRootImpl@bfeea32[CameraLauncher]: performTraversals mFirst=false windowShouldResize=false viewVisibilityChanged=true mForceNextWindowRelayout=false params={(0,0)(fillxfill) sim={state=always_hidden adjust=pan forwardNavigation} layoutInDisplayCutoutMode=shortEdges ty=BASE_APPLICATION fmt=TRANSLUCENT wanim=0x1030309 rotAnim=SEAMLESS sysuil=true
03-17 14:55:11.829 9271 9271 I ViewRootImpl@bfeea32[CameraLauncher]: fl=81810580
03-17 14:55:11.829 9271 9271 I ViewRootImpl@bfeea32[CameraLauncher]: pfl=12020040
03-17 14:55:11.829 9271 9271 I ViewRootImpl@bfeea32[CameraLauncher]: vsysui=705
03-17 14:55:11.829 9271 9271 I ViewRootImpl@bfeea32[CameraLauncher]: apr=LOW_PROFILE_BARS
03-17 14:55:11.829 9271 9271 I ViewRootImpl@bfeea32[CameraLauncher]: bhv=SHOW_TRANSIENT_BARS_BY_SWIPE
03-17 14:55:11.829 9271 9271 I ViewRootImpl@bfeea32[CameraLauncher]: fitSides= naviIconColor=0}
03-17 14:55:11.839 9271 9271 I ViewRootImpl@bfeea32[CameraLauncher]: updateBlastSurfaceIfNeeded mBlastBufferQueue=null isSameSurfaceControl=false
03-17 14:55:11.839 9271 9271 I BLASTBufferQueue: new BLASTBufferQueue, mName= ViewRootImpl@bfeea32[CameraLauncher] mNativeObject= 0x7084362890 sc.mNativeObject= 0x70143acf50 caller= android.view.ViewRootImpl.updateBlastSurfaceIfNeeded:2909 android.view.ViewRootImpl.relayoutWindow:9847 android.view.ViewRootImpl.performTraversals:3884 android.view.ViewRootImpl.doTraversal:3116 android.view.ViewRootImpl$TraversalRunnable.run:10885 android.view.Choreographer$CallbackRecord.run:1301 android.view.Choreographer$CallbackRecord.run:1309 android.view.Choreographer.doCallbacks:923 android.view.Choreographer.doFrame:852 android.view.Choreographer$FrameDisplayEventReceiver.run:1283
03-17 14:55:11.839 9271 9271 I BLASTBufferQueue: update, w= 1440 h= 3040 mName = ViewRootImpl@bfeea32[CameraLauncher] mNativeObject= 0x7084362890 sc.mNativeObject= 0x70143acf50 format= -3 caller= android.graphics.BLASTBufferQueue.<init>:84 android.view.ViewRootImpl.updateBlastSurfaceIfNeeded:2909 android.view.ViewRootImpl.relayoutWindow:9847 android.view.ViewRootImpl.performTraversals:3884 android.view.ViewRootImpl.doTraversal:3116 android.view.ViewRootImpl$TraversalRunnable.run:10885
03-17 14:55:11.839 9271 9271 I ViewRootImpl@bfeea32[CameraLauncher]: Relayout returned: old=(0,0,1440,3040) new=(0,0,1440,3040) req=(1440,3040)0 dur=10 res=0x3 s={true 0x711431c8d0} ch=true seqId=0
03-17 14:55:11.841 9271 9271 I ViewRootImpl@bfeea32[CameraLauncher]: mThreadedRenderer.initialize() mSurface={isValid=true 0x711431c8d0} hwInitialized=true
03-17 14:55:11.841 9271 10459 I CameraManagerGlobal: postSingleUpdate device: camera id 20 status STATUS_NOT_AVAILABLE
03-17 14:55:11.842 9271 10459 I CameraManagerGlobal: postSingleUpdate device: camera id 21 status STATUS_NOT_AVAILABLE
03-17 14:55:11.842 9271 9271 I SurfaceView@c76c08e: windowStopped(false) true android.view.SurfaceView{c76c08e V.E...... ........ 0,312-1440,2232} of ViewRootImpl@bfeea32[CameraLauncher]
03-17 14:55:11.842 9271 9271 I SurfaceView@c76c08e: Changes: creating=true format=false size=false visible=true alpha=false hint=false mUseAlpha=false visible=true left=false top=false
03-17 14:55:11.842 9271 10459 I CameraManagerGlobal: postSingleUpdate device: camera id 23 status STATUS_NOT_AVAILABLE
03-17 14:55:11.842 9271 10459 I CameraManagerGlobal: postSingleUpdate device: camera id 0 status STATUS_NOT_AVAILABLE
03-17 14:55:11.844 9271 9271 I BLASTBufferQueue: update, w= 1440 h= 1080 mName = null mNativeObject= 0x7084320e90 sc.mNativeObject= 0x70143217b0 format= 4 caller= android.view.SurfaceView.createBlastSurfaceControls:1383 android.view.SurfaceView.updateSurface:1079 android.view.SurfaceView.setWindowStopped:335 android.view.SurfaceView.surfaceCreated:1853 android.view.ViewRootImpl.notifySurfaceCreated:2820 android.view.ViewRootImpl.performTraversals:4293
03-17 14:55:11.844 9271 9271 I SurfaceView@c76c08e: 209109134 Cur surface: Surface(name=null)/@0x61b8bd8
03-17 14:55:11.845 9271 9271 I SurfaceView@c76c08e: pST: sr = Rect(0, 312 - 1440, 2232) sw = 1440 sh = 1080
03-17 14:55:11.845 9271 9271 I SurfaceView@c76c08e: applyTransactionOnVriDraw: vri = ViewRootImpl@bfeea32[CameraLauncher] fRS = false t = 0x704431e6d0 android.view.SurfaceView.performSurfaceTransaction:959 android.view.SurfaceView.updateSurface:1105 android.view.SurfaceView.setWindowStopped:335
03-17 14:55:11.845 9271 9271 I ViewRootImpl@bfeea32[CameraLauncher]: applyTransactionOnDraw: mRemoved = false isHardwareEnabled = true t = 0x704431e6d0android.view.SurfaceView.applyTransactionOnVriDraw:2048 android.view.SurfaceView.performSurfaceTransaction:959 android.view.SurfaceView.updateSurface:1105 android.view.SurfaceView.setWindowStopped:335 android.view.SurfaceView.surfaceCreated:1853
03-17 14:55:11.846 9271 9271 I SurfaceView@c76c08e: updateSurface: mVisible = true mSurface.isValid() = true
03-17 14:55:11.846 9271 9271 I SurfaceView@c76c08e: updateSurface: mSurfaceCreated = false surfaceChanged = true visibleChanged = true
03-17 14:55:11.846 9271 9271 I SurfaceView@c76c08e: visibleChanged -- surfaceCreated
03-17 14:55:11.846 9271 9271 I SurfaceView@c76c08e: surfaceCreated 2 #1 android.view.SurfaceView{c76c08e V.E...... ........ 0,312-1440,2232}
03-17 14:55:11.846 9271 9271 I SurfaceView@c76c08e: surfaceChanged -- format=4 w=1440 h=1080
03-17 14:55:11.846 9271 9271 I SurfaceView@c76c08e: surfaceChanged (1440,1080) 2 #1 android.view.SurfaceView{c76c08e V.E...... ........ 0,312-1440,2232}
03-17 14:55:11.846 9271 9271 I SurfaceView@c76c08e: surfaceRedrawNeeded
03-17 14:55:11.847 9271 9271 I ViewRootImpl@bfeea32[CameraLauncher]: reportNextDraw android.view.ViewRootImpl.performTraversals:4438 android.view.ViewRootImpl.doTraversal:3116 android.view.ViewRootImpl$TraversalRunnable.run:10885 android.view.Choreographer$CallbackRecord.run:1301 android.view.Choreographer$CallbackRecord.run:1309
03-17 14:55:11.848 9271 9271 I ViewRootImpl@bfeea32[CameraLauncher]: Setup new sync id=2
03-17 14:55:11.848 9271 9271 I ViewRootImpl@bfeea32[CameraLauncher]: Setting syncFrameCallback
03-17 14:55:11.848 9271 9271 E SurfaceSyncer: Failed to find sync for id=0
03-17 14:55:11.848 9271 9271 E SurfaceSyncer: Failed to find sync for id=1
03-17 14:55:11.848 9271 9271 I ViewRootImpl@bfeea32[CameraLauncher]: registerCallbacksForSync syncBuffer=false
03-17 14:55:11.852 9271 9672 I ViewRootImpl@bfeea32[CameraLauncher]: Resizing android.view.ViewRootImpl@4e76992: frame = [0,0][1440,3040] reportDraw = true forceLayout = false syncSeqId = 0
03-17 14:55:11.855 9271 10459 I CameraManagerGlobal: Camera 0 facing CAMERA_FACING_BACK state now CAMERA_STATE_OPEN for client com.samsung.android.scan3d API Level 2
03-17 14:55:11.856 9271 9414 I SurfaceView@c76c08e: uSP: rtp = Rect(0, 312 - 1440, 2232) rtsw = 1440 rtsh = 1080
03-17 14:55:11.856 9271 9414 I SurfaceView@c76c08e: onSSPAndSRT: pl = 0 pt = 312 sx = 1.0 sy = 1.7777778
03-17 14:55:11.856 9271 9414 I SurfaceView@c76c08e: aOrMT: ViewRootImpl@bfeea32[CameraLauncher] t = android.view.SurfaceControl$Transaction@756d469 fN = 1 android.view.SurfaceView.-$ $Nest$mapplyOrMergeTransaction:0 android.view.SurfaceView$SurfaceViewPositionUpdateListener.positionChanged:1537 android.graphics.RenderNode$CompositePositionUpdateListener.positionChanged:373
03-17 14:55:11.856 9271 9414 I ViewRootImpl@bfeea32[CameraLauncher]: mWNT: t=0x704434fb70 mBlastBufferQueue=0x7084362890 fn= 1 caller= android.view.SurfaceView.applyOrMergeTransaction:1455 android.view.SurfaceView.-$ $Nest$mapplyOrMergeTransaction:0 android.view.SurfaceView$SurfaceViewPositionUpdateListener.positionChanged:1537
03-17 14:55:11.863 9271 9414 I ViewRootImpl@bfeea32[CameraLauncher]: mWNT: t=0x704431ab30 mBlastBufferQueue=0x7084362890 fn= 1 caller= android.view.ViewRootImpl.lambda$applyTransactionOnDraw$11$android-view- ViewRootImpl:12865 android.view.ViewRootImpl$ $ExternalSyntheticLambda1.onFrameDraw:4 android.graphics.HardwareRenderer$FrameDrawingCallback.onFrameDraw:924
03-17 14:55:11.863 9271 9414 I ViewRootImpl@bfeea32[CameraLauncher]: mWNT: t=0x704431e6d0 mBlastBufferQueue=0x7084362890 fn= 1 caller= android.view.ViewRootImpl.lambda$applyTransactionOnDraw$11$android-view- ViewRootImpl:12865 android.view.ViewRootImpl$ $ExternalSyntheticLambda1.onFrameDraw:4 android.graphics.HardwareRenderer$FrameDrawingCallback.onFrameDraw:924
03-17 14:55:11.863 9271 9414 I ViewRootImpl@bfeea32[CameraLauncher]: Received frameDrawingCallback syncResult=0 frameNum=1.
03-17 14:55:11.864 9271 9414 I ViewRootImpl@bfeea32[CameraLauncher]: Setting up sync and frameCommitCallback
03-17 14:55:11.869 9271 9324 I BLASTBufferQueue: [ViewRootImpl@bfeea32[CameraLauncher]#4](f:0,a:0) onFrameAvailable the first frame is available
03-17 14:55:11.871 9271 9324 I ViewRootImpl@bfeea32[CameraLauncher]: Received frameCommittedCallback lastAttemptedDrawFrameNum=1 didProduceBuffer=true
03-17 14:55:11.871 9271 9271 I ViewRootImpl@bfeea32[CameraLauncher]: onSyncComplete
03-17 14:55:11.871 9271 9271 I ViewRootImpl@bfeea32[CameraLauncher]: setupSync seqId=0 mSyncId=2 fn=1 caller=android.view.ViewRootImpl$ $ExternalSyntheticLambda11.accept:6 android.window.SurfaceSyncer.lambda$setupSync$1$android-window-SurfaceSyncer:128 android.window.SurfaceSyncer$$ExternalSyntheticLambda1.accept:8 android.window.SurfaceSyncer$SyncSet.checkIfSyncIsComplete:382 android.window.SurfaceSyncer$SyncSet.markSyncReady:359 android.window.SurfaceSyncer.markSyncReady:151 android.view.ViewRootImpl.performTraversals:4503
03-17 14:55:11.872 9271 9271 I ViewRootImpl@bfeea32[CameraLauncher]: reportDrawFinished seqId=0 mSyncId=-1 fn=1 mSurfaceChangedTransaction=0x704430d570
03-17 14:55:11.884 9271 9271 I SurfaceView@c76c08e: onWindowVisibilityChanged(8) false android.view.SurfaceView{c76c08e V.E...... ........ 0,312-1440,2232} of ViewRootImpl@bfeea32[CameraLauncher]
03-17 14:55:11.885 9271 9271 I SurfaceView@c76c08e: Changes: creating=false format=false size=false visible=true alpha=false hint=false mUseAlpha=false visible=true left=false top=false
03-17 14:55:11.885 9271 9271 I SurfaceView@c76c08e: 209109134 Cur surface: Surface(name=null)/@0x61b8bd8
03-17 14:55:11.885 9271 9271 I SurfaceView@c76c08e: applyTransactionOnVriDraw: vri = ViewRootImpl@bfeea32[CameraLauncher] fRS = false t = 0x704431e370 android.view.SurfaceView.performSurfaceTransaction:959 android.view.SurfaceView.updateSurface:1105 android.view.SurfaceView.onWindowVisibilityChanged:371
03-17 14:55:11.886 9271 9271 I ViewRootImpl@bfeea32[CameraLauncher]: applyTransactionOnDraw: mRemoved = false isHardwareEnabled = true t = 0x704431e370android.view.SurfaceView.applyTransactionOnVriDraw:2048 android.view.SurfaceView.performSurfaceTransaction:959 android.view.SurfaceView.updateSurface:1105 android.view.SurfaceView.onWindowVisibilityChanged:371 android.view.View.dispatchDetachedFromWindow:22529
03-17 14:55:11.886 9271 9271 I SurfaceView@c76c08e: surfaceDestroyed
03-17 14:55:11.886 9271 9271 I SurfaceView@c76c08e: surfaceDestroyed callback.size 1 #2 android.view.SurfaceView{c76c08e V.E...... ........ 0,312- 1440,2232}
03-17 14:55:11.886 9271 9271 I SurfaceView@c76c08e: updateSurface: mVisible = false mSurface.isValid() = true
03-17 14:55:11.886 9271 9271 I SurfaceView@c76c08e: releaseSurfaces: viewRoot = ViewRootImpl@bfeea32[CameraLauncher]
03-17 14:55:11.886 9271 9271 I SurfaceView@c76c08e: applyTransactionOnVriDraw: vri = ViewRootImpl@bfeea32[CameraLauncher] fRS = true t = 0x7044318bb0 android.view.SurfaceView.releaseSurfaces:858 android.view.SurfaceView.updateSurface:1172 android.view.SurfaceView.onWindowVisibilityChanged:371
03-17 14:55:11.886 9271 9271 I SurfaceView@c76c08e: applyTransactionOnVriDraw: viewRoot.applyTransactionOnDrawFromReleaseSurfaces
03-17 14:55:11.886 9271 9271 I ViewRootImpl@bfeea32[CameraLauncher]: applyTransactionOnDraw: mRemoved = false isHardwareEnabled = true t = 0x7044318bb0android.view.ViewRootImpl.applyTransactionOnDrawFromReleaseSurfaces:128 50 android.view.SurfaceView.applyTransactionOnVriDraw:2046 android.view.SurfaceView.releaseSurfaces:858 android.view.SurfaceView.updateSurface:1172 android.view.SurfaceView.onWindowVisibilityChanged:371
03-17 14:55:11.887 9271 9271 I SurfaceView@c76c08e: onDetachedFromWindow: tryReleaseSurfaces()
03-17 14:55:11.887 9271 9271 I SurfaceView@c76c08e: releaseSurfaces: viewRoot = ViewRootImpl@bfeea32[CameraLauncher]
03-17 14:55:11.887 9271 9271 I SurfaceView@c76c08e: applyTransactionOnVriDraw: vri = ViewRootImpl@bfeea32[CameraLauncher] fRS = true t = 0x704431a470 android.view.SurfaceView.releaseSurfaces:858 android.view.SurfaceView.onDetachedFromWindow:500 android.view.View.dispatchDetachedFromWindow:22538
03-17 14:55:11.887 9271 9271 I SurfaceView@c76c08e: applyTransactionOnVriDraw: viewRoot.applyTransactionOnDrawFromReleaseSurfaces
03-17 14:55:11.887 9271 9271 I ViewRootImpl@bfeea32[CameraLauncher]: applyTransactionOnDraw: mRemoved = false isHardwareEnabled = true t = 0x704431a470android.view.ViewRootImpl.applyTransactionOnDrawFromReleaseSurfaces:128 50 android.view.SurfaceView.applyTransactionOnVriDraw:2046 android.view.SurfaceView.releaseSurfaces:858 android.view.SurfaceView.onDetachedFromWindow:500 android.view.View.dispatchDetachedFromWindow:22538
03-17 14:55:11.889 9271 9271 I SurfaceView@2012e7c: onWindowVisibilityChanged(0) true android.view.SurfaceView{2012e7c V.E...... ......I. 0,0-0,0} of ViewRootImpl@bfeea32[CameraLauncher]
03-17 14:55:11.898 9271 9271 I SurfaceView@2012e7c: Changes: creating=true format=true size=true visible=true alpha=false hint=false mUseAlpha=false visible=true left=true top=true
03-17 14:55:11.899 9271 9271 I BLASTBufferQueue: update, w= 1440 h= 1080 mName = null mNativeObject= 0x7084320e90 sc.mNativeObject= 0x7014374530 format= 4 caller= android.view.SurfaceView.createBlastSurfaceControls:1383 android.view.SurfaceView.updateSurface:1079 android.view.SurfaceView.lambda$new$0$android-view-SurfaceView:200 android.view.SurfaceView$$ExternalSyntheticLambda5.onPreDraw:2 android.view.ViewTreeObserver.dispatchOnPreDraw:1121 android.view.ViewRootImpl.performTraversals:4442
03-17 14:55:11.900 9271 9271 I SurfaceView@2012e7c: 33631868 Cur surface: Surface(name=null)/@0x8644fe
03-17 14:55:11.900 9271 9271 I SurfaceView@2012e7c: pST: sr = Rect(0, 312 - 1440, 2232) sw = 1440 sh = 1080
03-17 14:55:11.900 9271 9271 I SurfaceView@2012e7c: applyTransactionOnVriDraw: vri = ViewRootImpl@bfeea32[CameraLauncher] fRS = false t = 0x70443168d0 android.view.SurfaceView.performSurfaceTransaction:959 android.view.SurfaceView.updateSurface:1105 android.view.SurfaceView.lambda$new$0$android-view-SurfaceView:200
03-17 14:55:11.900 9271 9271 I ViewRootImpl@bfeea32[CameraLauncher]: applyTransactionOnDraw: mRemoved = false isHardwareEnabled = true t = 0x70443168d0android.view.SurfaceView.applyTransactionOnVriDraw:2048 android.view.SurfaceView.performSurfaceTransaction:959 android.view.SurfaceView.updateSurface:1105 android.view.SurfaceView.lambda$new$0$android-view-SurfaceView:200 android.view.SurfaceView$$ExternalSyntheticLambda5.onPreDraw:2
03-17 14:55:11.900 9271 9271 I SurfaceView@2012e7c: updateSurface: mVisible = true mSurface.isValid() = true
03-17 14:55:11.900 9271 9271 I SurfaceView@2012e7c: updateSurface: mSurfaceCreated = false surfaceChanged = true visibleChanged = true
03-17 14:55:11.900 9271 9271 I SurfaceView@2012e7c: visibleChanged -- surfaceCreated
03-17 14:55:11.901 9271 9271 I SurfaceView@2012e7c: surfaceCreated 2 #8 android.view.SurfaceView{2012e7c V.E...... ......ID 0,312-1440,2232}
03-17 14:55:11.901 9271 9271 I SurfaceView@2012e7c: surfaceChanged -- format=4 w=1440 h=1080
03-17 14:55:11.901 9271 9271 I SurfaceView@2012e7c: surfaceChanged (1440,1080) 2 #8 android.view.SurfaceView{2012e7c V.E...... ......ID 0,312-1440,2232}
03-17 14:55:11.901 9271 9271 I SurfaceView@2012e7c: surfaceRedrawNeeded
03-17 14:55:11.904 9271 9414 I SurfaceView@2012e7c: uSP: rtp = Rect(0, 312 - 1440, 2232) rtsw = 1440 rtsh = 1080
03-17 14:55:11.905 9271 9271 I SurfaceView@c76c08e: finishedDrawing
03-17 14:55:11.905 9271 9414 I SurfaceView@2012e7c: onSSPAndSRT: pl = 0 pt = 312 sx = 1.0 sy = 1.7777778
03-17 14:55:11.905 9271 9414 I SurfaceView@2012e7c: aOrMT: ViewRootImpl@bfeea32[CameraLauncher] t = android.view.SurfaceControl$Transaction@a37775 fN = 2 android.view.SurfaceView.-$ $Nest$mapplyOrMergeTransaction:0 android.view.SurfaceView$SurfaceViewPositionUpdateListener.positionChanged:1537 android.graphics.RenderNode$CompositePositionUpdateListener.positionChanged:373
03-17 14:55:11.905 9271 9414 I ViewRootImpl@bfeea32[CameraLauncher]: mWNT: t=0x70443320b0 mBlastBufferQueue=0x7084362890 fn= 2 caller= android.view.SurfaceView.applyOrMergeTransaction:1455 android.view.SurfaceView.-$ $Nest$mapplyOrMergeTransaction:0 android.view.SurfaceView$SurfaceViewPositionUpdateListener.positionChanged:1537
03-17 14:55:11.905 9271 9414 I ViewRootImpl@bfeea32[CameraLauncher]: mWNT: t=0x704431e370 mBlastBufferQueue=0x7084362890 fn= 2 caller= android.view.ViewRootImpl.lambda$applyTransactionOnDraw$11$android-view- ViewRootImpl:12865 android.view.ViewRootImpl$ $ExternalSyntheticLambda1.onFrameDraw:4 android.graphics.HardwareRenderer$FrameDrawingCallback.onFrameDraw:924
03-17 14:55:11.905 9271 9414 I ViewRootImpl@bfeea32[CameraLauncher]: mWNT: t=0x7044318bb0 mBlastBufferQueue=0x7084362890 fn= 2 caller= android.view.ViewRootImpl.lambda$applyTransactionOnDraw$11$android-view- ViewRootImpl:12865 android.view.ViewRootImpl$ $ExternalSyntheticLambda1.onFrameDraw:4 android.graphics.HardwareRenderer$FrameDrawingCallback.onFrameDraw:924
03-17 14:55:11.905 9271 9414 I ViewRootImpl@bfeea32[CameraLauncher]: mWNT: t=0x704431a470 mBlastBufferQueue=0x7084362890 fn= 2 caller= android.view.ViewRootImpl.lambda$applyTransactionOnDraw$11$android-view- ViewRootImpl:12865 android.view.ViewRootImpl$ $ExternalSyntheticLambda1.onFrameDraw:4 android.graphics.HardwareRenderer$FrameDrawingCallback.onFrameDraw:924
03-17 14:55:11.906 9271 9414 I ViewRootImpl@bfeea32[CameraLauncher]: mWNT: t=0x70443168d0 mBlastBufferQueue=0x7084362890 fn= 2 caller= android.view.ViewRootImpl.lambda$applyTransactionOnDraw$11$android-view- ViewRootImpl:12865 android.view.ViewRootImpl$ $ExternalSyntheticLambda1.onFrameDraw:4 android.graphics.HardwareRenderer$FrameDrawingCallback.onFrameDraw:924
03-17 14:55:11.909 9271 9271 I ViewRootImpl@bfeea32[CameraLauncher]: handleResized, msg = 5 frames=ClientWindowFrames{frame=[0,0][1440,3040] display=[0,0][1440,3040] parentFrame=[0,0][0,0] parentClippedByDisplayCutout=false} forceNextWindowRelayout=false displayId=0 resizeMode=-1 frameChanged=false displayFrameChanged=false configChanged=false displayChanged=false
03-17 14:55:11.909 9271 9271 I ViewRootImpl@bfeea32[CameraLauncher]: handleResized mSyncSeqId = 0
03-17 14:55:11.909 9271 9271 I ViewRootImpl@bfeea32[CameraLauncher]: reportNextDraw android.view.ViewRootImpl.handleResized:2450 android.view.ViewRootImpl.-$$Nest$mhandleResized:0 android.view.ViewRootImpl$ViewRootHandler.handleMessageImpl:6728 android.view.ViewRootImpl$ViewRootHandler.handleMessage:6697 android.os.Handler.dispatchMessage:106
03-17 14:55:11.913 9271 9271 I ViewRootImpl@bfeea32[CameraLauncher]: Setup new sync id=3
03-17 14:55:11.913 9271 9271 I ViewRootImpl@bfeea32[CameraLauncher]: Setting syncFrameCallback
03-17 14:55:11.913 9271 9271 E SurfaceSyncer: Failed to find sync for id=0
03-17 14:55:11.913 9271 9271 I ViewRootImpl@bfeea32[CameraLauncher]: registerCallbacksForSync syncBuffer=false
03-17 14:55:11.914 9271 9413 I ViewRootImpl@bfeea32[CameraLauncher]: Received frameDrawingCallback syncResult=0 frameNum=3.
03-17 14:55:11.914 9271 9413 I ViewRootImpl@bfeea32[CameraLauncher]: Setting up sync and frameCommitCallback
03-17 14:55:11.914 9271 9324 I ViewRootImpl@bfeea32[CameraLauncher]: Received frameCommittedCallback lastAttemptedDrawFrameNum=3 didProduceBuffer=false
03-17 14:55:11.915 9271 9324 I BLASTBufferQueue: syncNextTransaction, mName= ViewRootImpl@bfeea32[CameraLauncher] acquireSingleBuffer= true mNativeObject= 0x7084362890 callback= null caller= android.graphics.BLASTBufferQueue.syncNextTransaction:147 android.view.ViewRootImpl$12.lambda$onFrameDraw$0$android-view- ViewRootImpl$12:13399 android.view.ViewRootImpl$12$ $ExternalSyntheticLambda1.onFrameCommit:9 android.view.ThreadedRenderer$1.lambda$onFrameDraw$0:813 android.view.ThreadedRenderer$1$$ExternalSyntheticLambda0.onFrameCommit:2 <bottom of call stack>
03-17 14:55:11.915 9271 9324 I BLASTBufferQueue: [ViewRootImpl@bfeea32[CameraLauncher]#4](f:0,a:2) syncNextTransaction callback: 0, acquireSingleBuffer: 1, mTransactionReadyCallback: 0
03-17 14:55:11.915 9271 9324 I BLASTBufferQueue: gatherPendingTransactions, mName= ViewRootImpl@bfeea32[CameraLauncher] mNativeObject= 0x7084362890 frameNumber= 3 caller= android.view.ViewRootImpl$12.lambda$onFrameDraw$0$android- view-ViewRootImpl$12:13406 android.view.ViewRootImpl$12$ $ExternalSyntheticLambda1.onFrameCommit:9 android.view.ThreadedRenderer$1.lambda$onFrameDraw$0:813 android.view.ThreadedRenderer$1$$ExternalSyntheticLambda0.onFrameCommit:2 <bottom of call stack> <bottom of call stack>
03-17 14:55:11.915 9271 9271 I ViewRootImpl@bfeea32[CameraLauncher]: onSyncComplete
03-17 14:55:11.915 9271 9271 I ViewRootImpl@bfeea32[CameraLauncher]: setupSync seqId=0 mSyncId=3 fn=3 caller=android.view.ViewRootImpl$ $ExternalSyntheticLambda11.accept:6 android.window.SurfaceSyncer.lambda$setupSync$1$android-window-SurfaceSyncer:128 android.window.SurfaceSyncer$$ExternalSyntheticLambda1.accept:8 android.window.SurfaceSyncer$SyncSet.checkIfSyncIsComplete:382 android.window.SurfaceSyncer$SyncSet.markSyncReady:359 android.window.SurfaceSyncer.markSyncReady:151 android.view.ViewRootImpl.performTraversals:4503
03-17 14:55:11.915 9271 9271 I ViewRootImpl@bfeea32[CameraLauncher]: reportDrawFinished seqId=0 mSyncId=-1 fn=3 mSurfaceChangedTransaction=0x704430d570
03-17 14:55:11.916 9271 9271 I SurfaceView@2012e7c: finishedDrawing
03-17 14:55:11.921 9271 9271 W CAM_ModeSwitcher: ModeSwitcher WAS ALREADY ENABLED!
03-17 14:55:11.923 9271 9271 I ViewRootImpl@bfeea32[CameraLauncher]: MSG_WINDOW_FOCUS_CHANGED 1 0
03-17 14:55:11.924 9271 9271 I ViewRootImpl@bfeea32[CameraLauncher]: mThreadedRenderer.initializeIfNeeded()#2 mSurface={isValid=true 0x711431c8d0}
03-17 14:55:11.927 9271 9271 I InputMethodManager: startInputInner - mService.startInputOrWindowGainedFocus
03-17 14:55:11.981 9271 9366 W CAM_SurfaceMap: Surface(name=null)/@0x8644fe is valid but deferred streams are not yet available for CaptureSession-1
03-17 14:55:11.981 9271 9366 W CAM_SimpleReqProcessor: Failed to add Stream-4 to CaptureRequest for Request-33. The surface is not yet available.
03-17 14:55:11.984 9271 9366 W CAM_SurfaceMap: Surface(name=null)/@0x8644fe is valid but deferred streams are not yet available for CaptureSession-1
03-17 14:55:11.984 9271 9366 W CAM_SimpleReqProcessor: Failed to add Stream-4 to CaptureRequest for Request-34. The surface is not yet available.
03-17 14:55:11.986 9271 9310 I CameraManagerGlobal: Camera 0 facing CAMERA_FACING_BACK state now CAMERA_STATE_ACTIVE for client com.samsung.android.scan3d API Level 2
03-17 14:55:12.335 9271 10527 W JankMonitorFacade: PHOTO > abs Δ(result sensor timestamp) = 114972.46 ms > 70.00 ms
03-17 14:55:12.335 9271 10527 W JankMonitorFacade: PHOTO > rel Δ(result sensor timestamp) = 3448.22 > 0.25
03-17 14:55:12.335 9271 10527 W JankMonitorFacade: PHOTO > result sensor delay = 3449.21 > 1.10
03-17 14:55:12.335 9271 10527 W CameraMetadataJV: Expect face scores and rectangles to be non-null
03-17 14:55:12.335 9271 10527 W CameraMetadataJV: Expect face scores and rectangles to be non-null
03-17 14:55:12.335 9271 10527 W CameraMetadataJV: Expect face scores and rectangles to be non-null
03-17 14:55:12.335 9271 10527 W CameraMetadataJV: Expect face scores and rectangles to be non-null
03-17 14:55:12.335 9271 10527 W CameraMetadataJV: Expect face scores and rectangles to be non-null
03-17 14:55:12.335 9271 10527 W CameraMetadataJV: Expect face scores and rectangles to be non-null
03-17 14:55:12.336 9271 9479 E OisListener: Null pointer for OIS data. OIS API version: 2
03-17 14:55:12.336 9271 10527 W CameraMetadataJV: Expect face scores and rectangles to be non-null
03-17 14:55:12.337 9271 9480 W CameraMetadataJV: Expect face scores and rectangles to be non-null
03-17 14:55:12.390 9271 10527 W JankMonitorFacade: PHOTO > rel Δ(result sensor timestamp) = 1.00 > 0.25
03-17 14:55:12.390 9271 10527 W JankMonitorFacade: PHOTO > result sensor delay = 2.00 > 1.10
03-17 14:55:12.391 9271 10527 W CameraMetadataJV: Expect face scores and rectangles to be non-null
03-17 14:55:12.391 9271 10527 W CameraMetadataJV: Expect face scores and rectangles to be non-null
03-17 14:55:12.391 9271 10527 W CameraMetadataJV: Expect face scores and rectangles to be non-null
03-17 14:55:12.391 9271 10527 W CameraMetadataJV: Expect face scores and rectangles to be non-null
03-17 14:55:12.391 9271 10527 W CameraMetadataJV: Expect face scores and rectangles to be non-null
03-17 14:55:12.391 9271 10527 W CameraMetadataJV: Expect face scores and rectangles to be non-null
03-17 14:55:12.391 9271 9479 E OisListener: Null pointer for OIS data. OIS API version: 2
03-17 14:55:12.391 9271 10527 W CameraMetadataJV: Expect face scores and rectangles to be non-null
03-17 14:55:12.392 9271 9480 W CameraMetadataJV: Expect face scores and rectangles to be non-null
03-17 14:55:12.401 9271 10459 I BLASTBufferQueue: [SurfaceView[com.samsung.android.scan3d/com.android.camera.CameraLauncher]@0#6] (f:0,a:0) onFrameAvailable the first frame is available
03-17 14:55:12.427 9271 10527 W JankMonitorFacade: PHOTO > rel Δ(result sensor timestamp) = 0.50 > 0.25
03-17 14:55:12.427 9271 10527 W CameraMetadataJV: Expect face scores and rectangles to be non-null
03-17 14:55:12.427 9271 10527 W CameraMetadataJV: Expect face scores and rectangles to be non-null
03-17 14:55:12.427 9271 10527 W CameraMetadataJV: Expect face scores and rectangles to be non-null
03-17 14:55:12.427 9271 10527 W CameraMetadataJV: Expect face scores and rectangles to be non-null
03-17 14:55:12.427 9271 10527 W CameraMetadataJV: Expect face scores and rectangles to be non-null
03-17 14:55:12.427 9271 10527 W CameraMetadataJV: Expect face scores and rectangles to be non-null
03-17 14:55:12.428 9271 10527 W CameraMetadataJV: Expect face scores and rectangles to be non-null
03-17 14:55:12.428 9271 9479 E OisListener: Null pointer for OIS data. OIS API version: 2
03-17 14:55:12.429 9271 9480 W CameraMetadataJV: Expect face scores and rectangles to be non-null
03-17 14:55:12.465 9271 10527 W CameraMetadataJV: Expect face scores and rectangles to be non-null
03-17 14:55:12.465 9271 10527 W CameraMetadataJV: Expect face scores and rectangles to be non-null
03-17 14:55:12.465 9271 10527 W CameraMetadataJV: Expect face scores and rectangles to be non-null
03-17 14:55:12.465 9271 10527 W CameraMetadataJV: Expect face scores and rectangles to be non-null
03-17 14:55:12.465 9271 10527 W CameraMetadataJV: Expect face scores and rectangles to be non-null
03-17 14:55:12.465 9271 10527 W CameraMetadataJV: Expect face scores and rectangles to be non-null
03-17 14:55:12.467 9271 9479 E OisListener: Null pointer for OIS data. OIS API version: 2
03-17 14:55:12.467 9271 10527 W CameraMetadataJV: Expect face scores and rectangles to be non-null
03-17 14:55:12.468 9271 9480 W CameraMetadataJV: Expect face scores and rectangles to be non-null
03-17 14:55:12.499 9271 10527 W CameraMetadataJV: Expect face scores and rectangles to be non-null
03-17 14:55:12.499 9271 10527 W CameraMetadataJV: Expect face scores and rectangles to be non-null
03-17 14:55:12.500 9271 10527 W CameraMetadataJV: Expect face scores and rectangles to be non-null
03-17 14:55:12.500 9271 10527 W CameraMetadataJV: Expect face scores and rectangles to be non-null
03-17 14:55:12.500 9271 10527 W CameraMetadataJV: Expect face scores and rectangles to be non-null
03-17 14:55:12.500 9271 10527 W CameraMetadataJV: Expect face scores and rectangles to be non-null
03-17 14:55:12.501 9271 9479 E OisListener: Null pointer for OIS data. OIS API version: 2
03-17 14:55:12.502 9271 9480 W CameraMetadataJV: Expect face scores and rectangles to be non-null
03-17 14:55:12.502 9271 10527 W CameraMetadataJV: Expect face scores and rectangles to be non-null
03-17 14:55:12.512 9271 9271 I ViewRootImpl@bfeea32[CameraLauncher]: ViewPostIme pointer 0
03-17 14:55:12.513 9271 9271 I GestureDetector: obtain mCurrentMotionEventRaw. action: 0 id: 616573071
03-17 14:55:12.513 9271 9271 I GestureDetector: obtain mCurrentDownEvent. id: 616573071 caller: com.google.android.apps.camera.bottombar.BottomBar.onTouchEvent:2 android.view.View.dispatchTouchEvent:15544 android.view.ViewGroup.dispatchTransformedTouchEvent:3310
03-17 14:55:12.557 9271 10527 W JankMonitorFacade: PHOTO > rel Δ(result sensor timestamp) = 1.00 > 0.25
03-17 14:55:12.557 9271 10527 W JankMonitorFacade: PHOTO > result sensor delay = 2.00 > 1.10
03-17 14:55:12.558 9271 10527 W CameraMetadataJV: Expect face scores and rectangles to be non-null
03-17 14:55:12.558 9271 10527 W CameraMetadataJV: Expect face scores and rectangles to be non-null
03-17 14:55:12.558 9271 10527 W CameraMetadataJV: Expect face scores and rectangles to be non-null
03-17 14:55:12.558 9271 10527 W CameraMetadataJV: Expect face scores and rectangles to be non-null
03-17 14:55:12.558 9271 10527 W CameraMetadataJV: Expect face scores and rectangles to be non-null
03-17 14:55:12.558 9271 10527 W CameraMetadataJV: Expect face scores and rectangles to be non-null
03-17 14:55:12.558 9271 9479 E OisListener: Null pointer for OIS data. OIS API version: 2
03-17 14:55:12.558 9271 10527 W CameraMetadataJV: Expect face scores and rectangles to be non-null
03-17 14:55:12.558 9271 9480 W CameraMetadataJV: Expect face scores and rectangles to be non-null
03-17 14:55:12.578 9271 9271 I ViewRootImpl@bfeea32[CameraLauncher]: ViewPostIme pointer 1
03-17 14:55:12.609 9271 9310 I ViewRootImpl@bfeea32[CameraLauncher]: Resizing android.view.ViewRootImpl@4e76992: frame = [0,0][1440,3040] reportDraw = false forceLayout = false syncSeqId = 0
03-17 14:55:12.611 9271 9271 I ViewRootImpl@bfeea32[CameraLauncher]: handleResized, msg = 4 frames=ClientWindowFrames{frame=[0,0][1440,3040] display=[0,0][1440,3040] parentFrame=[0,0][0,0] parentClippedByDisplayCutout=false} forceNextWindowRelayout=false displayId=0 resizeMode=-1 frameChanged=false displayFrameChanged=false configChanged=false displayChanged=false
03-17 14:55:12.629 9271 10527 W JankMonitorFacade: PHOTO > result sensor delay = 2.00 > 1.10
03-17 14:55:12.629 9271 10527 W CameraMetadataJV: Expect face scores and rectangles to be non-null
03-17 14:55:12.629 9271 10527 W CameraMetadataJV: Expect face scores and rectangles to be non-null
03-17 14:55:12.630 9271 10527 W CameraMetadataJV: Expect face scores and rectangles to be non-null
03-17 14:55:12.630 9271 10527 W CameraMetadataJV: Expect face scores and rectangles to be non-null
03-17 14:55:12.630 9271 10527 W CameraMetadataJV: Expect face scores and rectangles to be non-null
03-17 14:55:12.630 9271 10527 W CameraMetadataJV: Expect face scores and rectangles to be non-null
03-17 14:55:12.631 9271 9479 E OisListener: Null pointer for OIS data. OIS API version: 2
03-17 14:55:12.631 9271 10527 W CameraMetadataJV: Expect face scores and rectangles to be non-null
03-17 14:55:12.631 9271 9480 W CameraMetadataJV: Expect face scores and rectangles to be non-null
03-17 14:55:12.633 9271 9361 W CameraMetadataJV: Expect face scores and rectangles to be non-null
03-17 14:55:12.662 9271 9271 I ViewRootImpl@bfeea32[CameraLauncher]: ViewPostIme pointer 0
03-17 14:55:12.663 9271 9271 I GestureDetector: obtain mCurrentMotionEventRaw. action: 0 id: 559581428
03-17 14:55:12.664 9271 9271 I GestureDetector: obtain mCurrentDownEvent. id: 559581428 caller: com.google.android.apps.camera.bottombar.BottomBar.onTouchEvent:2 android.view.View.dispatchTouchEvent:15544 android.view.ViewGroup.dispatchTransformedTouchEvent:3310
03-17 14:55:12.670 9271 10527 W JankMonitorFacade: PHOTO > rel Δ(result sensor timestamp) = 0.50 > 0.25
03-17 14:55:12.673 9271 10527 W CameraMetadataJV: Expect face scores and rectangles to be non-null
03-17 14:55:12.674 9271 10527 W CameraMetadataJV: Expect face scores and rectangles to be non-null
03-17 14:55:12.674 9271 10527 W CameraMetadataJV: Expect face scores and rectangles to be non-null
03-17 14:55:12.674 9271 10527 W CameraMetadataJV: Expect face scores and rectangles to be non-null
03-17 14:55:12.674 9271 10527 W CameraMetadataJV: Expect face scores and rectangles to be non-null
03-17 14:55:12.674 9271 10527 W CameraMetadataJV: Expect face scores and rectangles to be non-null
03-17 14:55:12.674 9271 9479 E OisListener: Null pointer for OIS data. OIS API version: 2
03-17 14:55:12.675 9271 10527 W CameraMetadataJV: Expect face scores and rectangles to be non-null
03-17 14:55:12.675 9271 9480 W CameraMetadataJV: Expect face scores and rectangles to be non-null
03-17 14:55:12.697 9271 9271 I ViewRootImpl@767601[Toast]: setView = android.widget.LinearLayout@7b6350b TM=true
03-17 14:55:12.702 9271 10527 W CameraMetadataJV: Expect face scores and rectangles to be non-null
03-17 14:55:12.702 9271 10527 W CameraMetadataJV: Expect face scores and rectangles to be non-null
03-17 14:55:12.702 9271 10527 W CameraMetadataJV: Expect face scores and rectangles to be non-null
03-17 14:55:12.702 9271 10527 W CameraMetadataJV: Expect face scores and rectangles to be non-null
03-17 14:55:12.702 9271 10527 W CameraMetadataJV: Expect face scores and rectangles to be non-null
03-17 14:55:12.703 9271 10527 W CameraMetadataJV: Expect face scores and rectangles to be non-null
03-17 14:55:12.703 9271 9479 E OisListener: Null pointer for OIS data. OIS API version: 2
03-17 14:55:12.703 9271 9271 I ViewRootImpl@767601[Toast]: performTraversals params={(0,224)(wrapxwrap) gr=BOTTOM CENTER sim={adjust=pan} ty=TOAST fmt=TRANSLUCENT wanim=0x1030004
03-17 14:55:12.703 9271 9271 I ViewRootImpl@767601[Toast]: fl=1000098
03-17 14:55:12.703 9271 9271 I ViewRootImpl@767601[Toast]: pfl=12000000
03-17 14:55:12.703 9271 9271 I ViewRootImpl@767601[Toast]: bhv=DEFAULT
03-17 14:55:12.703 9271 9271 I ViewRootImpl@767601[Toast]: fitTypes=STATUS_BARS NAVIGATION_BARS CAPTION_BAR
03-17 14:55:12.703 9271 9271 I ViewRootImpl@767601[Toast]: fitIgnoreVis naviIconColor=0
03-17 14:55:12.703 9271 9271 I ViewRootImpl@767601[Toast]: sfl=20000}
03-17 14:55:12.703 9271 9480 W CameraMetadataJV: Expect face scores and rectangles to be non-null
03-17 14:55:12.703 9271 10527 W CameraMetadataJV: Expect face scores and rectangles to be non-null
03-17 14:55:12.704 9271 9271 I ViewRootImpl@767601[Toast]: performTraversals mFirst=true windowShouldResize=false viewVisibilityChanged=false mForceNextWindowRelayout=false params={(0,224)(wrapxwrap) gr=BOTTOM CENTER sim={adjust=pan} ty=TOAST fmt=TRANSLUCENT wanim=0x1030004
03-17 14:55:12.704 9271 9271 I ViewRootImpl@767601[Toast]: fl=1000098
03-17 14:55:12.704 9271 9271 I ViewRootImpl@767601[Toast]: pfl=12000000
03-17 14:55:12.704 9271 9271 I ViewRootImpl@767601[Toast]: bhv=DEFAULT
03-17 14:55:12.704 9271 9271 I ViewRootImpl@767601[Toast]: fitTypes=STATUS_BARS NAVIGATION_BARS CAPTION_BAR
03-17 14:55:12.704 9271 9271 I ViewRootImpl@767601[Toast]: fitIgnoreVis naviIconColor=0
03-17 14:55:12.704 9271 9271 I ViewRootImpl@767601[Toast]: sfl=20000}
03-17 14:55:12.708 9271 9271 I ViewRootImpl@767601[Toast]: updateBlastSurfaceIfNeeded mBlastBufferQueue=null isSameSurfaceControl=false
03-17 14:55:12.708 9271 9271 I BLASTBufferQueue: new BLASTBufferQueue, mName= ViewRootImpl@767601[Toast] mNativeObject= 0x708435f370 sc.mNativeObject= 0x70143708b0 caller= android.view.ViewRootImpl.updateBlastSurfaceIfNeeded:2909 android.view.ViewRootImpl.relayoutWindow:9847 android.view.ViewRootImpl.performTraversals:3884 android.view.ViewRootImpl.doTraversal:3116 android.view.ViewRootImpl$TraversalRunnable.run:10885 android.view.Choreographer$CallbackRecord.run:1301 android.view.Choreographer$CallbackRecord.run:1309 android.view.Choreographer.doCallbacks:923 android.view.Choreographer.doFrame:852 android.view.Choreographer$FrameDisplayEventReceiver.run:1283
03-17 14:55:12.708 9271 9271 I BLASTBufferQueue: update, w= 618 h= 145 mName = ViewRootImpl@767601[Toast] mNativeObject= 0x708435f370 sc.mNativeObject= 0x70143708b0 format= -3 caller= android.graphics.BLASTBufferQueue.<init>:84 android.view.ViewRootImpl.updateBlastSurfaceIfNeeded:2909 android.view.ViewRootImpl.relayoutWindow:9847 android.view.ViewRootImpl.performTraversals:3884 android.view.ViewRootImpl.doTraversal:3116 android.view.ViewRootImpl$TraversalRunnable.run:10885
03-17 14:55:12.709 9271 9271 I ViewRootImpl@767601[Toast]: Relayout returned: old=(0,139,1440,2872) new=(411,2503,1029,2648) req=(618,145)0 dur=4 res=0x3 s={true 0x7114340be0} ch=true seqId=0
03-17 14:55:12.709 9271 9271 I ViewRootImpl@767601[Toast]: mThreadedRenderer.initialize() mSurface={isValid=true 0x7114340be0} hwInitialized=true
03-17 14:55:12.711 9271 9271 I ViewRootImpl@767601[Toast]: reportNextDraw android.view.ViewRootImpl.performTraversals:4438 android.view.ViewRootImpl.doTraversal:3116 android.view.ViewRootImpl$TraversalRunnable.run:10885 android.view.Choreographer$CallbackRecord.run:1301 android.view.Choreographer$CallbackRecord.run:1309
03-17 14:55:12.711 9271 9271 I ViewRootImpl@767601[Toast]: Setup new sync id=0
03-17 14:55:12.711 9271 9271 I ViewRootImpl@767601[Toast]: Setting syncFrameCallback
03-17 14:55:12.711 9271 9271 I ViewRootImpl@767601[Toast]: registerCallbacksForSync syncBuffer=false
03-17 14:55:12.711 9271 9414 I ViewRootImpl@767601[Toast]: Received frameDrawingCallback syncResult=0 frameNum=1.
03-17 14:55:12.712 9271 9414 I ViewRootImpl@767601[Toast]: Setting up sync and frameCommitCallback
03-17 14:55:12.713 9271 9324 I BLASTBufferQueue: [ViewRootImpl@767601[Toast]#7] (f:0,a:0) onFrameAvailable the first frame is available
03-17 14:55:12.714 9271 9324 I ViewRootImpl@767601[Toast]: Received frameCommittedCallback lastAttemptedDrawFrameNum=1 didProduceBuffer=true
03-17 14:55:12.714 9271 9324 W Parcel : Expecting binder but got null!
03-17 14:55:12.715 9271 9271 I ViewRootImpl@767601[Toast]: onSyncComplete
03-17 14:55:12.715 9271 9271 I ViewRootImpl@767601[Toast]: setupSync seqId=0 mSyncId=0 fn=1 caller=android.view.ViewRootImpl$$ExternalSyntheticLambda11.accept:6 android.window.SurfaceSyncer.lambda$setupSync$1$android-window-SurfaceSyncer:128 android.window.SurfaceSyncer$$ExternalSyntheticLambda1.accept:8 android.window.SurfaceSyncer$SyncSet.checkIfSyncIsComplete:382 android.window.SurfaceSyncer$SyncSet.markSyncReady:359 android.window.SurfaceSyncer.markSyncReady:151 android.view.ViewRootImpl.performTraversals:4503
03-17 14:55:12.715 9271 9271 I ViewRootImpl@767601[Toast]: reportDrawFinished seqId=0 mSyncId=-1 fn=1 mSurfaceChangedTransaction=0x7044302b90
03-17 14:55:12.717 9271 9271 I GestureDetector: obtain mCurrentMotionEventRaw. action: 2 id: 104679506
03-17 14:55:12.722 9271 9271 I ViewRootImpl@bfeea32[CameraLauncher]: ViewPostIme pointer 1
03-17 14:55:12.727 9271 10527 W CameraMetadataJV: Expect face scores and rectangles to be non-null
03-17 14:55:12.727 9271 10527 W CameraMetadataJV: Expect face scores and rectangles to be non-null
03-17 14:55:12.727 9271 10527 W CameraMetadataJV: Expect face scores and rectangles to be non-null
03-17 14:55:12.727 9271 10527 W CameraMetadataJV: Expect face scores and rectangles to be non-null
03-17 14:55:12.727 9271 10527 W CameraMetadataJV: Expect face scores and rectangles to be non-null
03-17 14:55:12.727 9271 10527 W CameraMetadataJV: Expect face scores and rectangles to be non-null
03-17 14:55:12.727 9271 9479 E OisListener: Null pointer for OIS data. OIS API version: 2
03-17 14:55:12.727 9271 9480 W CameraMetadataJV: Expect face scores and rectangles to be non-null
03-17 14:55:12.727 9271 10527 W CameraMetadataJV: Expect face scores and rectangles to be non-null
03-17 14:55:12.793 9271 10527 W JankMonitorFacade: PHOTO > rel Δ(result sensor timestamp) = 1.00 > 0.25
03-17 14:55:12.793 9271 10527 W JankMonitorFacade: PHOTO > result sensor delay = 2.00 > 1.10
03-17 14:55:12.794 9271 10527 W CameraMetadataJV: Expect face scores and rectangles to be non-null
03-17 14:55:12.794 9271 10527 W CameraMetadataJV: Expect face scores and rectangles to be non-null
03-17 14:55:12.794 9271 10527 W CameraMetadataJV: Expect face scores and rectangles to be non-null
03-17 14:55:12.794 9271 10527 W CameraMetadataJV: Expect face scores and rectangles to be non-null
03-17 14:55:12.794 9271 10527 W CameraMetadataJV: Expect face scores and rectangles to be non-null
03-17 14:55:12.794 9271 10527 W CameraMetadataJV: Expect face scores and rectangles to be non-null
03-17 14:55:12.795 9271 9479 E OisListener: Null pointer for OIS data. OIS API version: 2
03-17 14:55:12.795 9271 10527 W CameraMetadataJV: Expect face scores and rectangles to be non-null
03-17 14:55:12.795 9271 9480 W CameraMetadataJV: Expect face scores and rectangles to be non-null
03-17 14:55:12.861 9271 10527 W JankMonitorFacade: PHOTO > result sensor delay = 2.00 > 1.10
03-17 14:55:12.862 9271 10527 W CameraMetadataJV: Expect face scores and rectangles to be non-null
03-17 14:55:12.862 9271 10527 W CameraMetadataJV: Expect face scores and rectangles to be non-null
03-17 14:55:12.862 9271 10527 W CameraMetadataJV: Expect face scores and rectangles to be non-null
03-17 14:55:12.862 9271 10527 W CameraMetadataJV: Expect face scores and rectangles to be non-null
03-17 14:55:12.862 9271 10527 W CameraMetadataJV: Expect face scores and rectangles to be non-null
03-17 14:55:12.862 9271 10527 W CameraMetadataJV: Expect face scores and rectangles to be non-null
03-17 14:55:12.862 9271 9479 E OisListener: Null pointer for OIS data. OIS API version: 2
03-17 14:55:12.863 9271 10527 W CameraMetadataJV: Expect face scores and rectangles to be non-null
03-17 14:55:12.863 9271 9480 W CameraMetadataJV: Expect face scores and rectangles to be non-null
03-17 14:55:12.898 9271 10527 W JankMonitorFacade: PHOTO > rel Δ(result sensor timestamp) = 0.50 > 0.25
03-17 14:55:12.899 9271 10527 W CameraMetadataJV: Expect face scores and rectangles to be non-null
03-17 14:55:12.899 9271 10527 W CameraMetadataJV: Expect face scores and rectangles to be non-null
03-17 14:55:12.899 9271 10527 W CameraMetadataJV: Expect face scores and rectangles to be non-null
03-17 14:55:12.899 9271 10527 W CameraMetadataJV: Expect face scores and rectangles to be non-null
03-17 14:55:12.899 9271 10527 W CameraMetadataJV: Expect face scores and rectangles to be non-null
