03-17 14:56:23.448 12493 13091 W CameraMetadataJV: Expect face scores and rectangles to be non-null
03-17 14:56:23.448 12493 13091 W CameraMetadataJV: Expect face scores and rectangles to be non-null
03-17 14:56:23.449 12493 12680 E OisListener: Null pointer for OIS data. OIS API version: 2
03-17 14:56:23.449 12493 12681 W CameraMetadataJV: Expect face scores and rectangles to be non-null
03-17 14:56:23.450 12493 12536 W CameraMetadataJV: Expect face scores and rectangles to be non-null
03-17 14:56:23.481 12493 13091 W CameraMetadataJV: Expect face scores and rectangles to be non-null
03-17 14:56:23.481 12493 13091 W CameraMetadataJV: Expect face scores and rectangles to be non-null
03-17 14:56:23.481 12493 13091 W CameraMetadataJV: Expect face scores and rectangles to be non-null
03-17 14:56:23.481 12493 13091 W CameraMetadataJV: Expect face scores and rectangles to be non-null
03-17 14:56:23.481 12493 13091 W CameraMetadataJV: Expect face scores and rectangles to be non-null
03-17 14:56:23.481 12493 13091 W CameraMetadataJV: Expect face scores and rectangles to be non-null
03-17 14:56:23.481 12493 13091 W CameraMetadataJV: Expect face scores and rectangles to be non-null
03-17 14:56:23.482 12493 12680 E OisListener: Null pointer for OIS data. OIS API version: 2
03-17 14:56:23.482 12493 12681 W CameraMetadataJV: Expect face scores and rectangles to be non-null
03-17 14:56:23.496 12493 12493 I GestureDetector: handleMessage TAP
03-17 14:56:23.512 12493 13091 W CameraMetadataJV: Expect face scores and rectangles to be non-null
03-17 14:56:23.512 12493 13091 W CameraMetadataJV: Expect face scores and rectangles to be non-null
03-17 14:56:23.512 12493 13091 W CameraMetadataJV: Expect face scores and rectangles to be non-null
03-17 14:56:23.512 12493 13091 W CameraMetadataJV: Expect face scores and rectangles to be non-null
03-17 14:56:23.512 12493 13091 W CameraMetadataJV: Expect face scores and rectangles to be non-null
03-17 14:56:23.512 12493 13091 W CameraMetadataJV: Expect face scores and rectangles to be non-null
03-17 14:56:23.512 12493 13091 W CameraMetadataJV: Expect face scores and rectangles to be non-null
03-17 14:56:23.513 12493 12680 E OisListener: Null pointer for OIS data. OIS API version: 2
03-17 14:56:23.514 12493 12681 W CameraMetadataJV: Expect face scores and rectangles to be non-null
03-17 14:56:23.536 12493 13091 W CameraMetadataJV: Expect face scores and rectangles to be non-null
03-17 14:56:23.536 12493 13091 W CameraMetadataJV: Expect face scores and rectangles to be non-null
03-17 14:56:23.536 12493 13091 W CameraMetadataJV: Expect face scores and rectangles to be non-null
03-17 14:56:23.537 12493 13091 W CameraMetadataJV: Expect face scores and rectangles to be non-null
03-17 14:56:23.537 12493 13091 W CameraMetadataJV: Expect face scores and rectangles to be non-null
03-17 14:56:23.537 12493 13091 W CameraMetadataJV: Expect face scores and rectangles to be non-null
03-17 14:56:23.537 12493 13091 W CameraMetadataJV: Expect face scores and rectangles to be non-null
03-17 14:56:23.537 12493 12680 E OisListener: Null pointer for OIS data. OIS API version: 2
03-17 14:56:23.537 12493 12681 W CameraMetadataJV: Expect face scores and rectangles to be non-null
03-17 14:56:23.607 12493 13091 W JankMonitorFacade: PHOTO > rel Δ(result sensor timestamp) = 1.00 > 0.25
03-17 14:56:23.607 12493 13091 W JankMonitorFacade: PHOTO > result sensor delay = 2.00 > 1.10
03-17 14:56:23.607 12493 13091 W CameraMetadataJV: Expect face scores and rectangles to be non-null
03-17 14:56:23.607 12493 13091 W CameraMetadataJV: Expect face scores and rectangles to be non-null
03-17 14:56:23.607 12493 13091 W CameraMetadataJV: Expect face scores and rectangles to be non-null
03-17 14:56:23.607 12493 13091 W CameraMetadataJV: Expect face scores and rectangles to be non-null
03-17 14:56:23.607 12493 13091 W CameraMetadataJV: Expect face scores and rectangles to be non-null
03-17 14:56:23.607 12493 13091 W CameraMetadataJV: Expect face scores and rectangles to be non-null
03-17 14:56:23.607 12493 13091 W CameraMetadataJV: Expect face scores and rectangles to be non-null
03-17 14:56:23.608 12493 12680 E OisListener: Null pointer for OIS data. OIS API version: 2
03-17 14:56:23.608 12493 12681 W CameraMetadataJV: Expect face scores and rectangles to be non-null
03-17 14:56:23.672 12493 13091 W JankMonitorFacade: PHOTO > result sensor delay = 2.00 > 1.10
03-17 14:56:23.672 12493 13091 W CameraMetadataJV: Expect face scores and rectangles to be non-null
03-17 14:56:23.672 12493 13091 W CameraMetadataJV: Expect face scores and rectangles to be non-null
03-17 14:56:23.672 12493 13091 W CameraMetadataJV: Expect face scores and rectangles to be non-null
03-17 14:56:23.672 12493 13091 W CameraMetadataJV: Expect face scores and rectangles to be non-null
03-17 14:56:23.672 12493 13091 W CameraMetadataJV: Expect face scores and rectangles to be non-null
03-17 14:56:23.672 12493 13091 W CameraMetadataJV: Expect face scores and rectangles to be non-null
03-17 14:56:23.672 12493 13091 W CameraMetadataJV: Expect face scores and rectangles to be non-null
03-17 14:56:23.672 12493 12680 E OisListener: Null pointer for OIS data. OIS API version: 2
03-17 14:56:23.673 12493 12681 W CameraMetadataJV: Expect face scores and rectangles to be non-null
03-17 14:56:23.719 12493 13091 W JankMonitorFacade: PHOTO > rel Δ(result sensor timestamp) = 0.50 > 0.25
03-17 14:56:23.719 12493 13091 W CameraMetadataJV: Expect face scores and rectangles to be non-null
03-17 14:56:23.720 12493 13091 W CameraMetadataJV: Expect face scores and rectangles to be non-null
03-17 14:56:23.720 12493 13091 W CameraMetadataJV: Expect face scores and rectangles to be non-null
03-17 14:56:23.720 12493 13091 W CameraMetadataJV: Expect face scores and rectangles to be non-null
03-17 14:56:23.720 12493 13091 W CameraMetadataJV: Expect face scores and rectangles to be non-null
03-17 14:56:23.720 12493 13091 W CameraMetadataJV: Expect face scores and rectangles to be non-null
03-17 14:56:23.720 12493 13091 W CameraMetadataJV: Expect face scores and rectangles to be non-null
03-17 14:56:23.722 12493 12680 E OisListener: Null pointer for OIS data. OIS API version: 2
03-17 14:56:23.724 12493 12681 W CameraMetadataJV: Expect face scores and rectangles to be non-null
03-17 14:56:23.726 12493 12543 W CameraMetadataJV: Expect face scores and rectangles to be non-null
03-17 14:56:23.737 12493 13091 W CameraMetadataJV: Expect face scores and rectangles to be non-null
03-17 14:56:23.738 12493 13091 W CameraMetadataJV: Expect face scores and rectangles to be non-null
03-17 14:56:23.738 12493 13091 W CameraMetadataJV: Expect face scores and rectangles to be non-null
03-17 14:56:23.738 12493 13091 W CameraMetadataJV: Expect face scores and rectangles to be non-null
03-17 14:56:23.738 12493 13091 W CameraMetadataJV: Expect face scores and rectangles to be non-null
03-17 14:56:23.738 12493 13091 W CameraMetadataJV: Expect face scores and rectangles to be non-null
03-17 14:56:23.738 12493 13091 W CameraMetadataJV: Expect face scores and rectangles to be non-null
03-17 14:56:23.738 12493 12680 E OisListener: Null pointer for OIS data. OIS API version: 2
03-17 14:56:23.738 12493 12681 W CameraMetadataJV: Expect face scores and rectangles to be non-null
03-17 14:56:23.771 12493 13091 W CameraMetadataJV: Expect face scores and rectangles to be non-null
03-17 14:56:23.771 12493 13091 W CameraMetadataJV: Expect face scores and rectangles to be non-null
03-17 14:56:23.771 12493 13091 W CameraMetadataJV: Expect face scores and rectangles to be non-null
03-17 14:56:23.771 12493 13091 W CameraMetadataJV: Expect face scores and rectangles to be non-null
03-17 14:56:23.772 12493 13091 W CameraMetadataJV: Expect face scores and rectangles to be non-null
03-17 14:56:23.772 12493 13091 W CameraMetadataJV: Expect face scores and rectangles to be non-null
03-17 14:56:23.772 12493 13091 W CameraMetadataJV: Expect face scores and rectangles to be non-null
03-17 14:56:23.773 12493 12680 E OisListener: Null pointer for OIS data. OIS API version: 2
03-17 14:56:23.774 12493 12681 W CameraMetadataJV: Expect face scores and rectangles to be non-null
03-17 14:56:23.780 12493 12493 I ViewRootImpl@4fe4f5c[CameraActivity]: ViewPostIme pointer 0
03-17 14:56:23.847 12493 13091 W JankMonitorFacade: PHOTO > rel Δ(result sensor timestamp) = 1.00 > 0.25
03-17 14:56:23.847 12493 13091 W JankMonitorFacade: PHOTO > result sensor delay = 2.00 > 1.10
03-17 14:56:23.849 12493 13091 W CameraMetadataJV: Expect face scores and rectangles to be non-null
03-17 14:56:23.849 12493 13091 W CameraMetadataJV: Expect face scores and rectangles to be non-null
03-17 14:56:23.849 12493 13091 W CameraMetadataJV: Expect face scores and rectangles to be non-null
03-17 14:56:23.849 12493 13091 W CameraMetadataJV: Expect face scores and rectangles to be non-null
03-17 14:56:23.849 12493 13091 W CameraMetadataJV: Expect face scores and rectangles to be non-null
03-17 14:56:23.849 12493 13091 W CameraMetadataJV: Expect face scores and rectangles to be non-null
03-17 14:56:23.850 12493 13091 W CameraMetadataJV: Expect face scores and rectangles to be non-null
03-17 14:56:23.851 12493 12680 E OisListener: Null pointer for OIS data. OIS API version: 2
03-17 14:56:23.851 12493 12681 W CameraMetadataJV: Expect face scores and rectangles to be non-null
03-17 14:56:23.855 12493 12493 I ViewRootImpl@4fe4f5c[CameraActivity]: ViewPostIme pointer 1
03-17 14:56:23.875 12493 13091 W JankMonitorFacade: PHOTO > rel Δ(result sensor timestamp) = 0.50 > 0.25
03-17 14:56:23.876 12493 13091 W CameraMetadataJV: Expect face scores and rectangles to be non-null
03-17 14:56:23.876 12493 13091 W CameraMetadataJV: Expect face scores and rectangles to be non-null
03-17 14:56:23.876 12493 13091 W CameraMetadataJV: Expect face scores and rectangles to be non-null
03-17 14:56:23.876 12493 13091 W CameraMetadataJV: Expect face scores and rectangles to be non-null
03-17 14:56:23.876 12493 13091 W CameraMetadataJV: Expect face scores and rectangles to be non-null
03-17 14:56:23.876 12493 13091 W CameraMetadataJV: Expect face scores and rectangles to be non-null
03-17 14:56:23.876 12493 13091 W CameraMetadataJV: Expect face scores and rectangles to be non-null
03-17 14:56:23.877 12493 12680 E OisListener: Null pointer for OIS data. OIS API version: 2
03-17 14:56:23.877 12493 12681 W CameraMetadataJV: Expect face scores and rectangles to be non-null
03-17 14:56:23.950 12493 13091 W JankMonitorFacade: PHOTO > rel Δ(result sensor timestamp) = 1.00 > 0.25
03-17 14:56:23.951 12493 13091 W JankMonitorFacade: PHOTO > result sensor delay = 2.00 > 1.10
03-17 14:56:23.951 12493 13091 W CameraMetadataJV: Expect face scores and rectangles to be non-null
03-17 14:56:23.951 12493 13091 W CameraMetadataJV: Expect face scores and rectangles to be non-null
03-17 14:56:23.951 12493 13091 W CameraMetadataJV: Expect face scores and rectangles to be non-null
03-17 14:56:23.951 12493 13091 W CameraMetadataJV: Expect face scores and rectangles to be non-null
03-17 14:56:23.951 12493 13091 W CameraMetadataJV: Expect face scores and rectangles to be non-null
03-17 14:56:23.951 12493 13091 W CameraMetadataJV: Expect face scores and rectangles to be non-null
03-17 14:56:23.952 12493 13091 W CameraMetadataJV: Expect face scores and rectangles to be non-null
03-17 14:56:23.952 12493 12680 E OisListener: Null pointer for OIS data. OIS API version: 2
03-17 14:56:23.953 12493 12681 W CameraMetadataJV: Expect face scores and rectangles to be non-null
03-17 14:56:23.982 12493 13091 W JankMonitorFacade: PHOTO > rel Δ(result sensor timestamp) = 0.50 > 0.25
03-17 14:56:23.982 12493 13091 W CameraMetadataJV: Expect face scores and rectangles to be non-null
03-17 14:56:23.982 12493 13091 W CameraMetadataJV: Expect face scores and rectangles to be non-null
03-17 14:56:23.982 12493 13091 W CameraMetadataJV: Expect face scores and rectangles to be non-null
03-17 14:56:23.982 12493 13091 W CameraMetadataJV: Expect face scores and rectangles to be non-null
03-17 14:56:23.982 12493 13091 W CameraMetadataJV: Expect face scores and rectangles to be non-null
03-17 14:56:23.982 12493 13091 W CameraMetadataJV: Expect face scores and rectangles to be non-null
03-17 14:56:23.982 12493 13091 W CameraMetadataJV: Expect face scores and rectangles to be non-null
03-17 14:56:23.982 12493 12680 E OisListener: Null pointer for OIS data. OIS API version: 2
03-17 14:56:23.982 12493 12681 W CameraMetadataJV: Expect face scores and rectangles to be non-null
03-17 14:56:23.984 12493 12536 W CameraMetadataJV: Expect face scores and rectangles to be non-null
03-17 14:56:24.013 12493 13091 W CameraMetadataJV: Expect face scores and rectangles to be non-null
03-17 14:56:24.013 12493 13091 W CameraMetadataJV: Expect face scores and rectangles to be non-null
03-17 14:56:24.013 12493 13091 W CameraMetadataJV: Expect face scores and rectangles to be non-null
03-17 14:56:24.013 12493 13091 W CameraMetadataJV: Expect face scores and rectangles to be non-null
03-17 14:56:24.013 12493 13091 W CameraMetadataJV: Expect face scores and rectangles to be non-null
03-17 14:56:24.013 12493 13091 W CameraMetadataJV: Expect face scores and rectangles to be non-null
03-17 14:56:24.013 12493 13091 W CameraMetadataJV: Expect face scores and rectangles to be non-null
03-17 14:56:24.014 12493 12680 E OisListener: Null pointer for OIS data. OIS API version: 2
03-17 14:56:24.014 12493 12681 W CameraMetadataJV: Expect face scores and rectangles to be non-null
03-17 14:56:24.076 12493 13091 W JankMonitorFacade: PHOTO > rel Δ(result sensor timestamp) = 1.00 > 0.25
03-17 14:56:24.076 12493 13091 W JankMonitorFacade: PHOTO > result sensor delay = 2.00 > 1.10
03-17 14:56:24.076 12493 13091 W CameraMetadataJV: Expect face scores and rectangles to be non-null
03-17 14:56:24.076 12493 13091 W CameraMetadataJV: Expect face scores and rectangles to be non-null
03-17 14:56:24.076 12493 13091 W CameraMetadataJV: Expect face scores and rectangles to be non-null
03-17 14:56:24.076 12493 13091 W CameraMetadataJV: Expect face scores and rectangles to be non-null
03-17 14:56:24.076 12493 13091 W CameraMetadataJV: Expect face scores and rectangles to be non-null
03-17 14:56:24.076 12493 13091 W CameraMetadataJV: Expect face scores and rectangles to be non-null
03-17 14:56:24.077 12493 13091 W CameraMetadataJV: Expect face scores and rectangles to be non-null
03-17 14:56:24.077 12493 12680 E OisListener: Null pointer for OIS data. OIS API version: 2
03-17 14:56:24.078 12493 12681 W CameraMetadataJV: Expect face scores and rectangles to be non-null
03-17 14:56:24.106 12493 12493 W CameraMetadataJV: Expect face scores and rectangles to be non-null
03-17 14:56:24.107 12493 13091 W JankMonitorFacade: PHOTO > rel Δ(result sensor timestamp) = 0.50 > 0.25
03-17 14:56:24.107 12493 13091 W CameraMetadataJV: Expect face scores and rectangles to be non-null
03-17 14:56:24.107 12493 13091 W CameraMetadataJV: Expect face scores and rectangles to be non-null
03-17 14:56:24.107 12493 13091 W CameraMetadataJV: Expect face scores and rectangles to be non-null
03-17 14:56:24.107 12493 13091 W CameraMetadataJV: Expect face scores and rectangles to be non-null
03-17 14:56:24.107 12493 13091 W CameraMetadataJV: Expect face scores and rectangles to be non-null
03-17 14:56:24.108 12493 13091 W CameraMetadataJV: Expect face scores and rectangles to be non-null
03-17 14:56:24.108 12493 13091 W CameraMetadataJV: Expect face scores and rectangles to be non-null
03-17 14:56:24.109 12493 12680 E OisListener: Null pointer for OIS data. OIS API version: 2
03-17 14:56:24.111 12493 12681 W CameraMetadataJV: Expect face scores and rectangles to be non-null
03-17 14:56:24.181 12493 13091 W JankMonitorFacade: PHOTO > rel Δ(result sensor timestamp) = 1.00 > 0.25
03-17 14:56:24.181 12493 13091 W JankMonitorFacade: PHOTO > result sensor delay = 2.00 > 1.10
03-17 14:56:24.182 12493 13091 W CameraMetadataJV: Expect face scores and rectangles to be non-null
03-17 14:56:24.182 12493 13091 W CameraMetadataJV: Expect face scores and rectangles to be non-null
03-17 14:56:24.182 12493 13091 W CameraMetadataJV: Expect face scores and rectangles to be non-null
03-17 14:56:24.182 12493 13091 W CameraMetadataJV: Expect face scores and rectangles to be non-null
03-17 14:56:24.182 12493 13091 W CameraMetadataJV: Expect face scores and rectangles to be non-null
03-17 14:56:24.182 12493 13091 W CameraMetadataJV: Expect face scores and rectangles to be non-null
03-17 14:56:24.182 12493 13091 W CameraMetadataJV: Expect face scores and rectangles to be non-null
03-17 14:56:24.183 12493 12680 E OisListener: Null pointer for OIS data. OIS API version: 2
03-17 14:56:24.183 12493 12681 W CameraMetadataJV: Expect face scores and rectangles to be non-null
03-17 14:56:24.208 12493 13091 W JankMonitorFacade: PHOTO > rel Δ(result sensor timestamp) = 0.50 > 0.25
03-17 14:56:24.208 12493 13091 W CameraMetadataJV: Expect face scores and rectangles to be non-null
03-17 14:56:24.208 12493 13091 W CameraMetadataJV: Expect face scores and rectangles to be non-null
03-17 14:56:24.208 12493 13091 W CameraMetadataJV: Expect face scores and rectangles to be non-null
03-17 14:56:24.208 12493 13091 W CameraMetadataJV: Expect face scores and rectangles to be non-null
03-17 14:56:24.208 12493 13091 W CameraMetadataJV: Expect face scores and rectangles to be non-null
03-17 14:56:24.208 12493 13091 W CameraMetadataJV: Expect face scores and rectangles to be non-null
03-17 14:56:24.208 12493 13091 W CameraMetadataJV: Expect face scores and rectangles to be non-null
03-17 14:56:24.209 12493 12680 E OisListener: Null pointer for OIS data. OIS API version: 2
03-17 14:56:24.209 12493 12681 W CameraMetadataJV: Expect face scores and rectangles to be non-null
03-17 14:56:24.248 12493 13091 W CameraMetadataJV: Expect face scores and rectangles to be non-null
03-17 14:56:24.248 12493 13091 W CameraMetadataJV: Expect face scores and rectangles to be non-null
03-17 14:56:24.248 12493 13091 W CameraMetadataJV: Expect face scores and rectangles to be non-null
03-17 14:56:24.248 12493 13091 W CameraMetadataJV: Expect face scores and rectangles to be non-null
03-17 14:56:24.248 12493 13091 W CameraMetadataJV: Expect face scores and rectangles to be non-null
03-17 14:56:24.248 12493 13091 W CameraMetadataJV: Expect face scores and rectangles to be non-null
03-17 14:56:24.248 12493 13091 W CameraMetadataJV: Expect face scores and rectangles to be non-null
03-17 14:56:24.249 12493 12680 E OisListener: Null pointer for OIS data. OIS API version: 2
03-17 14:56:24.249 12493 12681 W CameraMetadataJV: Expect face scores and rectangles to be non-null
03-17 14:56:24.251 12493 12536 W CameraMetadataJV: Expect face scores and rectangles to be non-null
03-17 14:56:24.317 12493 13091 W JankMonitorFacade: PHOTO > rel Δ(result sensor timestamp) = 1.00 > 0.25
03-17 14:56:24.318 12493 13091 W JankMonitorFacade: PHOTO > result sensor delay = 2.00 > 1.10
03-17 14:56:24.318 12493 13091 W CameraMetadataJV: Expect face scores and rectangles to be non-null
03-17 14:56:24.318 12493 13091 W CameraMetadataJV: Expect face scores and rectangles to be non-null
03-17 14:56:24.318 12493 13091 W CameraMetadataJV: Expect face scores and rectangles to be non-null
03-17 14:56:24.318 12493 13091 W CameraMetadataJV: Expect face scores and rectangles to be non-null
03-17 14:56:24.318 12493 13091 W CameraMetadataJV: Expect face scores and rectangles to be non-null
03-17 14:56:24.318 12493 13091 W CameraMetadataJV: Expect face scores and rectangles to be non-null
03-17 14:56:24.318 12493 13091 W CameraMetadataJV: Expect face scores and rectangles to be non-null
03-17 14:56:24.318 12493 12680 E OisListener: Null pointer for OIS data. OIS API version: 2
03-17 14:56:24.318 12493 12681 W CameraMetadataJV: Expect face scores and rectangles to be non-null
03-17 14:56:24.345 12493 13091 W JankMonitorFacade: PHOTO > rel Δ(result sensor timestamp) = 0.50 > 0.25
03-17 14:56:24.348 12493 13091 W CameraMetadataJV: Expect face scores and rectangles to be non-null
03-17 14:56:24.348 12493 13091 W CameraMetadataJV: Expect face scores and rectangles to be non-null
03-17 14:56:24.348 12493 13091 W CameraMetadataJV: Expect face scores and rectangles to be non-null
03-17 14:56:24.348 12493 13091 W CameraMetadataJV: Expect face scores and rectangles to be non-null
03-17 14:56:24.348 12493 13091 W CameraMetadataJV: Expect face scores and rectangles to be non-null
03-17 14:56:24.348 12493 13091 W CameraMetadataJV: Expect face scores and rectangles to be non-null
03-17 14:56:24.349 12493 13091 W CameraMetadataJV: Expect face scores and rectangles to be non-null
03-17 14:56:24.349 12493 12680 E OisListener: Null pointer for OIS data. OIS API version: 2
03-17 14:56:24.349 12493 12681 W CameraMetadataJV: Expect face scores and rectangles to be non-null
03-17 14:56:24.391 12493 12493 I ViewRootImpl@4fe4f5c[CameraActivity]: ViewPostIme pointer 0
03-17 14:56:24.416 12493 13091 W JankMonitorFacade: PHOTO > rel Δ(result sensor timestamp) = 1.00 > 0.25
03-17 14:56:24.416 12493 13091 W JankMonitorFacade: PHOTO > result sensor delay = 2.00 > 1.10
03-17 14:56:24.417 12493 13091 W CameraMetadataJV: Expect face scores and rectangles to be non-null
03-17 14:56:24.417 12493 13091 W CameraMetadataJV: Expect face scores and rectangles to be non-null
03-17 14:56:24.417 12493 13091 W CameraMetadataJV: Expect face scores and rectangles to be non-null
03-17 14:56:24.417 12493 13091 W CameraMetadataJV: Expect face scores and rectangles to be non-null
03-17 14:56:24.417 12493 13091 W CameraMetadataJV: Expect face scores and rectangles to be non-null
03-17 14:56:24.417 12493 13091 W CameraMetadataJV: Expect face scores and rectangles to be non-null
03-17 14:56:24.417 12493 13091 W CameraMetadataJV: Expect face scores and rectangles to be non-null
03-17 14:56:24.418 12493 12680 E OisListener: Null pointer for OIS data. OIS API version: 2
03-17 14:56:24.418 12493 12681 W CameraMetadataJV: Expect face scores and rectangles to be non-null
03-17 14:56:24.442 12493 12493 I ViewRootImpl@4fe4f5c[CameraActivity]: ViewPostIme pointer 1
03-17 14:56:24.456 12493 13091 W JankMonitorFacade: PHOTO > rel Δ(result sensor timestamp) = 0.50 > 0.25
03-17 14:56:24.456 12493 13091 W CameraMetadataJV: Expect face scores and rectangles to be non-null
03-17 14:56:24.456 12493 13091 W CameraMetadataJV: Expect face scores and rectangles to be non-null
03-17 14:56:24.456 12493 13091 W CameraMetadataJV: Expect face scores and rectangles to be non-null
03-17 14:56:24.456 12493 13091 W CameraMetadataJV: Expect face scores and rectangles to be non-null
03-17 14:56:24.456 12493 13091 W CameraMetadataJV: Expect face scores and rectangles to be non-null
03-17 14:56:24.456 12493 13091 W CameraMetadataJV: Expect face scores and rectangles to be non-null
03-17 14:56:24.456 12493 13091 W CameraMetadataJV: Expect face scores and rectangles to be non-null
03-17 14:56:24.457 12493 12680 E OisListener: Null pointer for OIS data. OIS API version: 2
03-17 14:56:24.457 12493 12681 W CameraMetadataJV: Expect face scores and rectangles to be non-null
03-17 14:56:24.481 12493 13091 W CameraMetadataJV: Expect face scores and rectangles to be non-null
03-17 14:56:24.481 12493 13091 W CameraMetadataJV: Expect face scores and rectangles to be non-null
03-17 14:56:24.481 12493 13091 W CameraMetadataJV: Expect face scores and rectangles to be non-null
03-17 14:56:24.481 12493 13091 W CameraMetadataJV: Expect face scores and rectangles to be non-null
03-17 14:56:24.481 12493 13091 W CameraMetadataJV: Expect face scores and rectangles to be non-null
03-17 14:56:24.481 12493 13091 W CameraMetadataJV: Expect face scores and rectangles to be non-null
03-17 14:56:24.481 12493 13091 W CameraMetadataJV: Expect face scores and rectangles to be non-null
03-17 14:56:24.482 12493 12680 E OisListener: Null pointer for OIS data. OIS API version: 2
03-17 14:56:24.482 12493 12681 W CameraMetadataJV: Expect face scores and rectangles to be non-null
03-17 14:56:24.548 12493 13091 W JankMonitorFacade: PHOTO > rel Δ(result sensor timestamp) = 1.00 > 0.25
03-17 14:56:24.549 12493 13091 W JankMonitorFacade: PHOTO > result sensor delay = 2.00 > 1.10
03-17 14:56:24.549 12493 13091 W CameraMetadataJV: Expect face scores and rectangles to be non-null
03-17 14:56:24.549 12493 13091 W CameraMetadataJV: Expect face scores and rectangles to be non-null
03-17 14:56:24.549 12493 13091 W CameraMetadataJV: Expect face scores and rectangles to be non-null
03-17 14:56:24.549 12493 13091 W CameraMetadataJV: Expect face scores and rectangles to be non-null
03-17 14:56:24.549 12493 13091 W CameraMetadataJV: Expect face scores and rectangles to be non-null
03-17 14:56:24.549 12493 13091 W CameraMetadataJV: Expect face scores and rectangles to be non-null
03-17 14:56:24.550 12493 13091 W CameraMetadataJV: Expect face scores and rectangles to be non-null
03-17 14:56:24.550 12493 12680 E OisListener: Null pointer for OIS data. OIS API version: 2
03-17 14:56:24.552 12493 12681 W CameraMetadataJV: Expect face scores and rectangles to be non-null
03-17 14:56:24.552 12493 12542 W CameraMetadataJV: Expect face scores and rectangles to be non-null
03-17 14:56:24.575 12493 13091 W JankMonitorFacade: PHOTO > rel Δ(result sensor timestamp) = 0.50 > 0.25
03-17 14:56:24.575 12493 13091 W CameraMetadataJV: Expect face scores and rectangles to be non-null
03-17 14:56:24.575 12493 13091 W CameraMetadataJV: Expect face scores and rectangles to be non-null
03-17 14:56:24.575 12493 13091 W CameraMetadataJV: Expect face scores and rectangles to be non-null
03-17 14:56:24.575 12493 13091 W CameraMetadataJV: Expect face scores and rectangles to be non-null
03-17 14:56:24.575 12493 13091 W CameraMetadataJV: Expect face scores and rectangles to be non-null
03-17 14:56:24.576 12493 13091 W CameraMetadataJV: Expect face scores and rectangles to be non-null
03-17 14:56:24.576 12493 13091 W CameraMetadataJV: Expect face scores and rectangles to be non-null
03-17 14:56:24.576 12493 12680 E OisListener: Null pointer for OIS data. OIS API version: 2
03-17 14:56:24.576 12493 12681 W CameraMetadataJV: Expect face scores and rectangles to be non-null
03-17 14:56:24.641 12493 13091 W JankMonitorFacade: PHOTO > rel Δ(result sensor timestamp) = 1.00 > 0.25
03-17 14:56:24.642 12493 13091 W JankMonitorFacade: PHOTO > result sensor delay = 2.00 > 1.10
03-17 14:56:24.642 12493 13091 W CameraMetadataJV: Expect face scores and rectangles to be non-null
03-17 14:56:24.642 12493 13091 W CameraMetadataJV: Expect face scores and rectangles to be non-null
03-17 14:56:24.642 12493 13091 W CameraMetadataJV: Expect face scores and rectangles to be non-null
03-17 14:56:24.642 12493 13091 W CameraMetadataJV: Expect face scores and rectangles to be non-null
03-17 14:56:24.642 12493 13091 W CameraMetadataJV: Expect face scores and rectangles to be non-null
03-17 14:56:24.642 12493 13091 W CameraMetadataJV: Expect face scores and rectangles to be non-null
03-17 14:56:24.642 12493 13091 W CameraMetadataJV: Expect face scores and rectangles to be non-null
03-17 14:56:24.643 12493 12680 E OisListener: Null pointer for OIS data. OIS API version: 2
03-17 14:56:24.643 12493 12681 W CameraMetadataJV: Expect face scores and rectangles to be non-null
03-17 14:56:24.671 12493 13091 W JankMonitorFacade: PHOTO > rel Δ(result sensor timestamp) = 0.50 > 0.25
03-17 14:56:24.671 12493 13091 W CameraMetadataJV: Expect face scores and rectangles to be non-null
03-17 14:56:24.671 12493 13091 W CameraMetadataJV: Expect face scores and rectangles to be non-null
03-17 14:56:24.671 12493 13091 W CameraMetadataJV: Expect face scores and rectangles to be non-null
03-17 14:56:24.671 12493 13091 W CameraMetadataJV: Expect face scores and rectangles to be non-null
03-17 14:56:24.671 12493 13091 W CameraMetadataJV: Expect face scores and rectangles to be non-null
03-17 14:56:24.671 12493 13091 W CameraMetadataJV: Expect face scores and rectangles to be non-null
03-17 14:56:24.671 12493 13091 W CameraMetadataJV: Expect face scores and rectangles to be non-null
03-17 14:56:24.673 12493 12680 E OisListener: Null pointer for OIS data. OIS API version: 2
03-17 14:56:24.673 12493 12681 W CameraMetadataJV: Expect face scores and rectangles to be non-null
03-17 14:56:24.705 12493 13091 W CameraMetadataJV: Expect face scores and rectangles to be non-null
03-17 14:56:24.705 12493 13091 W CameraMetadataJV: Expect face scores and rectangles to be non-null
03-17 14:56:24.705 12493 13091 W CameraMetadataJV: Expect face scores and rectangles to be non-null
03-17 14:56:24.705 12493 13091 W CameraMetadataJV: Expect face scores and rectangles to be non-null
03-17 14:56:24.705 12493 13091 W CameraMetadataJV: Expect face scores and rectangles to be non-null
03-17 14:56:24.705 12493 13091 W CameraMetadataJV: Expect face scores and rectangles to be non-null
03-17 14:56:24.705 12493 13091 W CameraMetadataJV: Expect face scores and rectangles to be non-null
03-17 14:56:24.706 12493 12680 E OisListener: Null pointer for OIS data. OIS API version: 2
03-17 14:56:24.709 12493 12681 W CameraMetadataJV: Expect face scores and rectangles to be non-null
03-17 14:56:24.783 12493 13091 W JankMonitorFacade: PHOTO > rel Δ(result sensor timestamp) = 1.00 > 0.25
03-17 14:56:24.783 12493 13091 W JankMonitorFacade: PHOTO > result sensor delay = 2.00 > 1.10
03-17 14:56:24.784 12493 13091 W CameraMetadataJV: Expect face scores and rectangles to be non-null
03-17 14:56:24.785 12493 13091 W CameraMetadataJV: Expect face scores and rectangles to be non-null
03-17 14:56:24.785 12493 13091 W CameraMetadataJV: Expect face scores and rectangles to be non-null
03-17 14:56:24.785 12493 13091 W CameraMetadataJV: Expect face scores and rectangles to be non-null
03-17 14:56:24.785 12493 13091 W CameraMetadataJV: Expect face scores and rectangles to be non-null
03-17 14:56:24.786 12493 13091 W CameraMetadataJV: Expect face scores and rectangles to be non-null
03-17 14:56:24.786 12493 13091 W CameraMetadataJV: Expect face scores and rectangles to be non-null
03-17 14:56:24.788 12493 12680 E OisListener: Null pointer for OIS data. OIS API version: 2
03-17 14:56:24.788 12493 12681 W CameraMetadataJV: Expect face scores and rectangles to be non-null
03-17 14:56:24.809 12493 13091 W JankMonitorFacade: PHOTO > rel Δ(result sensor timestamp) = 0.50 > 0.25
03-17 14:56:24.809 12493 13091 W CameraMetadataJV: Expect face scores and rectangles to be non-null
03-17 14:56:24.809 12493 13091 W CameraMetadataJV: Expect face scores and rectangles to be non-null
03-17 14:56:24.810 12493 13091 W CameraMetadataJV: Expect face scores and rectangles to be non-null
03-17 14:56:24.810 12493 13091 W CameraMetadataJV: Expect face scores and rectangles to be non-null
03-17 14:56:24.810 12493 13091 W CameraMetadataJV: Expect face scores and rectangles to be non-null
03-17 14:56:24.810 12493 13091 W CameraMetadataJV: Expect face scores and rectangles to be non-null
03-17 14:56:24.810 12493 13091 W CameraMetadataJV: Expect face scores and rectangles to be non-null
03-17 14:56:24.810 12493 12680 E OisListener: Null pointer for OIS data. OIS API version: 2
03-17 14:56:24.811 12493 12681 W CameraMetadataJV: Expect face scores and rectangles to be non-null
03-17 14:56:24.813 12493 12536 W CameraMetadataJV: Expect face scores and rectangles to be non-null
03-17 14:56:24.880 12493 13091 W JankMonitorFacade: PHOTO > rel Δ(result sensor timestamp) = 1.00 > 0.25
03-17 14:56:24.880 12493 13091 W JankMonitorFacade: PHOTO > result sensor delay = 2.00 > 1.10
03-17 14:56:24.880 12493 13091 W CameraMetadataJV: Expect face scores and rectangles to be non-null
03-17 14:56:24.880 12493 13091 W CameraMetadataJV: Expect face scores and rectangles to be non-null
03-17 14:56:24.880 12493 13091 W CameraMetadataJV: Expect face scores and rectangles to be non---------- beginning of main
03-17 14:56:25.329 13324 13378 I CameraManagerGlobal: Connecting to camera service
03-17 14:56:25.337 13324 13339 I CameraManagerGlobal: Camera 0 facing CAMERA_FACING_BACK state now CAMERA_STATE_CLOSED for client com.samsung.android.scan3d API Level 2
03-17 14:56:25.337 13324 13339 I CameraManagerGlobal: Camera 1 facing CAMERA_FACING_FRONT state now CAMERA_STATE_CLOSED for client com.sec.android.app.camera API Level 2
03-17 14:56:25.337 13324 13339 I CameraManagerGlobal: Camera 2 facing CAMERA_FACING_BACK state now CAMERA_STATE_CLOSED for client org.telegram.messenger API Level 1
03-17 14:56:25.337 13324 13339 I CameraManagerGlobal: Camera 20 facing CAMERA_FACING_BACK state now CAMERA_STATE_CLOSED for client com.sec.android.app.camera API Level 2
03-17 14:56:25.338 13324 13339 I CameraManagerGlobal: Camera 21 facing CAMERA_FACING_BACK state now CAMERA_STATE_CLOSED for client android.system API Level 2
03-17 14:56:25.338 13324 13339 I CameraManagerGlobal: Camera 23 facing CAMERA_FACING_BACK state now CAMERA_STATE_CLOSED for client android.system API Level 2
03-17 14:56:25.338 13324 13339 I CameraManagerGlobal: Camera 3 facing CAMERA_FACING_FRONT state now CAMERA_STATE_CLOSED for client org.telegram.messenger API Level 1
03-17 14:56:25.338 13324 13339 I CameraManagerGlobal: Camera 4 facing CAMERA_FACING_BACK state now CAMERA_STATE_CLOSED for client android.system API Level 2
03-17 14:56:25.338 13324 13339 I CameraManagerGlobal: Camera 40 facing CAMERA_FACING_BACK state now CAMERA_STATE_CLOSED for client android.system API Level 2
03-17 14:56:25.338 13324 13339 I CameraManagerGlobal: Camera 41 facing CAMERA_FACING_FRONT state now CAMERA_STATE_CLOSED for client android.system API Level 2
03-17 14:56:25.339 13324 13339 I CameraManagerGlobal: Camera 5 facing CAMERA_FACING_FRONT state now CAMERA_STATE_CLOSED for client android.system API Level 2
03-17 14:56:25.339 13324 13339 I CameraManagerGlobal: Camera 50 facing CAMERA_FACING_BACK state now CAMERA_STATE_CLOSED for client android.system API Level 2
03-17 14:56:25.339 13324 13339 W libc : Access denied finding property "sys.perf.boostopt"
03-17 14:56:25.339 13324 13339 I CameraManagerGlobal: Camera 52 facing CAMERA_FACING_BACK state now CAMERA_STATE_CLOSED for client android.system API Level 2
03-17 14:56:25.340 13324 13339 I CameraManagerGlobal: Camera 80 facing CAMERA_FACING_BACK state now CAMERA_STATE_CLOSED for client android.system API Level 2
03-17 14:56:25.340 13324 13339 I CameraManagerGlobal: Camera 81 facing CAMERA_FACING_FRONT state now CAMERA_STATE_CLOSED for client android.system API Level 2
03-17 14:56:25.340 13324 13339 W libc : Access denied finding property "sys.perf.boostopt"
03-17 14:56:25.340 13324 13339 I CameraManagerGlobal: Camera 91 facing CAMERA_FACING_FRONT state now CAMERA_STATE_CLOSED for client android.system API Level 2
03-17 14:56:25.365 13324 13324 W .android.scan3d: Accessing hidden method Landroid/os/SystemProperties;->set(Ljava/lang/String;Ljava/lang/String;)V (unsupported, reflection, allowed)
03-17 14:56:25.367 13324 13324 W CAM_Log : Tag ConfigGserviceSource is 1 chars longer than limit.
03-17 14:56:25.449 13324 13324 I DecorView: [INFO] isPopOver=false config=true
03-17 14:56:25.449 13324 13324 I DecorView: updateCaptionType: isFloating=false isApplication=true hasWindowDecorCaption=false this=DecorView@f755c45[]
03-17 14:56:25.455 13324 13324 I DecorView: getCurrentDensityDpi: from real metrics. densityDpi=560 msg=resources_loaded
03-17 14:56:25.455 13324 13324 I DecorView: setWindowBackground: isPopOver=false color=fff6f6f6 d=android.graphics.drawable.LayerDrawable@a2f5df9
03-17 14:56:25.458 13324 13324 W .android.scan3d: Accessing hidden method Landroid/view/View;->computeFitSystemWindows(Landroid/graphics/Rect;Landroid/ graphics/Rect;)Z (unsupported, reflection, allowed)
03-17 14:56:25.458 13324 13324 W .android.scan3d: Accessing hidden method Landroid/view/ViewGroup;->makeOptionalFitsSystemWindows()V (unsupported, reflection, allowed)
03-17 14:56:25.462 13324 13394 W AudioCapabilities: Unsupported mime audio/x-ape
03-17 14:56:25.462 13324 13394 W AudioCapabilities: Unsupported mime audio/x-ima
03-17 14:56:25.462 13324 13394 W AudioCapabilities: Unsupported mime audio/mpeg-L1
03-17 14:56:25.462 13324 13394 W AudioCapabilities: Unsupported mime audio/mpeg-L2
03-17 14:56:25.463 13324 13394 W VideoCapabilities: Unsupported mime video/mp43
03-17 14:56:25.463 13324 13394 W VideoCapabilities: Unsupported mime video/wvc1
03-17 14:56:25.463 13324 13394 W VideoCapabilities: Unsupported mime video/x-ms-wmv
03-17 14:56:25.463 13324 13394 W AudioCapabilities: Unsupported mime audio/x-ms-wma
03-17 14:56:25.463 13324 13394 W VideoCapabilities: Unsupported mime video/x-ms- wmv7
03-17 14:56:25.464 13324 13394 W VideoCapabilities: Unsupported mime video/x-ms- wmv8
03-17 14:56:25.496 13324 13324 W FontsContract: Platform version of downloadable fonts is deprecated. Please use androidx version instead.
03-17 14:56:25.509 13324 13398 I CameraManager: registerAvailabilityCallback: Is device callback = false
03-17 14:56:25.509 13324 13398 I CameraManagerGlobal: postSingleUpdate device: camera id 0 status STATUS_PRESENT
03-17 14:56:25.509 13324 13398 I CameraManagerGlobal: postSingleUpdate device: camera id 1 status STATUS_PRESENT
03-17 14:56:25.510 13324 13398 I CameraManagerGlobal: postSingleUpdate device: camera id 2 status STATUS_PRESENT
03-17 14:56:25.510 13324 13398 I CameraManagerGlobal: postSingleUpdate device: camera id 3 status STATUS_PRESENT
03-17 14:56:25.510 13324 13398 I CameraManagerGlobal: postSingleUpdate device: camera id 4 status STATUS_PRESENT
03-17 14:56:25.510 13324 13398 I CameraManagerGlobal: postSingleUpdate device: camera id 5 status STATUS_PRESENT
03-17 14:56:25.510 13324 13398 I CameraManagerGlobal: postSingleUpdate device: camera id 20 status STATUS_PRESENT
03-17 14:56:25.510 13324 13398 I CameraManagerGlobal: postSingleUpdate device: camera id 21 status STATUS_PRESENT
03-17 14:56:25.510 13324 13398 I CameraManagerGlobal: postSingleUpdate device: camera id 23 status STATUS_PRESENT
03-17 14:56:25.510 13324 13398 I CameraManagerGlobal: postSingleUpdate device: camera id 40 status STATUS_PRESENT
03-17 14:56:25.510 13324 13398 I CameraManagerGlobal: postSingleUpdate device: camera id 41 status STATUS_PRESENT
03-17 14:56:25.510 13324 13398 I CameraManagerGlobal: postSingleUpdate device: camera id 50 status STATUS_PRESENT
03-17 14:56:25.510 13324 13398 I CameraManagerGlobal: postSingleUpdate device: camera id 52 status STATUS_PRESENT
03-17 14:56:25.510 13324 13398 I CameraManagerGlobal: postSingleUpdate device: camera id 80 status STATUS_PRESENT
03-17 14:56:25.511 13324 13398 I CameraManagerGlobal: postSingleUpdate device: camera id 81 status STATUS_PRESENT
03-17 14:56:25.511 13324 13398 I CameraManagerGlobal: postSingleUpdate device: camera id 91 status STATUS_PRESENT
03-17 14:56:25.514 13324 13389 W CAM_Log : Tag PckStreamConfigModule is 2 chars longer than limit.
03-17 14:56:25.520 13324 13385 I CameraManagerGlobal: postSingleUpdate device: camera id 20 status STATUS_NOT_AVAILABLE
03-17 14:56:25.520 13324 13385 I CameraManagerGlobal: postSingleUpdate device: camera id 21 status STATUS_NOT_AVAILABLE
03-17 14:56:25.520 13324 13385 I CameraManagerGlobal: postSingleUpdate device: camera id 23 status STATUS_NOT_AVAILABLE
03-17 14:56:25.520 13324 13385 I CameraManagerGlobal: postSingleUpdate device: camera id 0 status STATUS_NOT_AVAILABLE
03-17 14:56:25.543 13324 13385 I CameraManagerGlobal: Camera 0 facing CAMERA_FACING_BACK state now CAMERA_STATE_OPEN for client com.samsung.android.scan3d API Level 2
03-17 14:56:25.595 13324 13324 W .android.scan3d: Accessing hidden method Landroid/app/Activity;->setDisablePreviewScreenshots(Z)V (max-target-s, reflection, allowed)
03-17 14:56:25.600 13324 13324 I MSHandlerLifeCycle: check: return. pkg=com.samsung.android.scan3d parent=null callers=com.android.internal.policy.DecorView.setVisibility:4411 android.app.ActivityThread.handleResumeActivity:5476 android.app.servertransaction.ResumeActivityItem.execute:54 android.app.servertransaction.ActivityTransactionItem.execute:45 android.app.servertransaction.TransactionExecutor.executeLifecycleState:176
03-17 14:56:25.600 13324 13324 I MSHandlerLifeCycle: removeMultiSplitHandler: no exist. decor=DecorView@f755c45[]
03-17 14:56:25.608 13324 13324 I DecorView: onImmersiveModeChanged: isStatusBarHidden=true
03-17 14:56:25.608 13324 13324 I DecorView: notifyKeepScreenOnChanged: keepScreenOn=false
03-17 14:56:25.615 13324 13324 I ViewRootImpl@aae3bd0[CameraActivity]: setView = com.android.internal.policy.DecorView@f755c45 TM=true
03-17 14:56:25.617 13324 13324 I MSHandlerLifeCycle: check: return. Multi-window not supported pkg=com.samsung.android.scan3d
03-17 14:56:25.617 13324 13324 I MSHandlerLifeCycle: removeMultiSplitHandler: no exist. decor=DecorView@f755c45[CameraActivity]
03-17 14:56:25.634 13324 13324 I ViewRootImpl@aae3bd0[CameraActivity]: performTraversals params={(0,0)(fillxfill) sim={state=always_hidden adjust=pan forwardNavigation} layoutInDisplayCutoutMode=shortEdges ty=BASE_APPLICATION fmt=TRANSLUCENT wanim=0x1030309 rotAnim=SEAMLESS
03-17 14:56:25.634 13324 13324 I ViewRootImpl@aae3bd0[CameraActivity]: fl=81810500
03-17 14:56:25.634 13324 13324 I ViewRootImpl@aae3bd0[CameraActivity]: pfl=12020040
03-17 14:56:25.634 13324 13324 I ViewRootImpl@aae3bd0[CameraActivity]: vsysui=705
03-17 14:56:25.634 13324 13324 I ViewRootImpl@aae3bd0[CameraActivity]: apr=LOW_PROFILE_BARS
03-17 14:56:25.634 13324 13324 I ViewRootImpl@aae3bd0[CameraActivity]: bhv=SHOW_TRANSIENT_BARS_BY_SWIPE
03-17 14:56:25.634 13324 13324 I ViewRootImpl@aae3bd0[CameraActivity]: fitSides= naviIconColor=0}
03-17 14:56:25.635 13324 13324 I ViewRootImpl@aae3bd0[CameraActivity]: performTraversals mFirst=true windowShouldResize=true viewVisibilityChanged=false mForceNextWindowRelayout=false params={(0,0)(fillxfill) sim={state=always_hidden adjust=pan forwardNavigation} layoutInDisplayCutoutMode=shortEdges ty=BASE_APPLICATION fmt=TRANSLUCENT wanim=0x1030309 rotAnim=SEAMLESS
03-17 14:56:25.635 13324 13324 I ViewRootImpl@aae3bd0[CameraActivity]: fl=81810500
03-17 14:56:25.635 13324 13324 I ViewRootImpl@aae3bd0[CameraActivity]: pfl=12020040
03-17 14:56:25.635 13324 13324 I ViewRootImpl@aae3bd0[CameraActivity]: vsysui=705
03-17 14:56:25.635 13324 13324 I ViewRootImpl@aae3bd0[CameraActivity]: apr=LOW_PROFILE_BARS
03-17 14:56:25.635 13324 13324 I ViewRootImpl@aae3bd0[CameraActivity]: bhv=SHOW_TRANSIENT_BARS_BY_SWIPE
03-17 14:56:25.635 13324 13324 I ViewRootImpl@aae3bd0[CameraActivity]: fitSides= naviIconColor=0}
03-17 14:56:25.640 13324 13394 W CAM_Log : Tag ShutterButtonAnimator is 2 chars longer than limit.
03-17 14:56:25.643 13324 13324 I ViewRootImpl@aae3bd0[CameraActivity]: updateBlastSurfaceIfNeeded mBlastBufferQueue=null isSameSurfaceControl=false
03-17 14:56:25.643 13324 13324 I BLASTBufferQueue: new BLASTBufferQueue, mName= ViewRootImpl@aae3bd0[CameraActivity] mNativeObject= 0x7084313a10 sc.mNativeObject= 0x701434ee60 caller= android.view.ViewRootImpl.updateBlastSurfaceIfNeeded:2909 android.view.ViewRootImpl.relayoutWindow:9847 android.view.ViewRootImpl.performTraversals:3884 android.view.ViewRootImpl.doTraversal:3116 android.view.ViewRootImpl$TraversalRunnable.run:10885 android.view.Choreographer$CallbackRecord.run:1301 android.view.Choreographer$CallbackRecord.run:1309 android.view.Choreographer.doCallbacks:923 android.view.Choreographer.doFrame:852 android.view.Choreographer$FrameDisplayEventReceiver.run:1283
03-17 14:56:25.644 13324 13324 I BLASTBufferQueue: update, w= 1440 h= 3040 mName = ViewRootImpl@aae3bd0[CameraActivity] mNativeObject= 0x7084313a10 sc.mNativeObject= 0x701434ee60 format= -3 caller= android.graphics.BLASTBufferQueue.<init>:84 android.view.ViewRootImpl.updateBlastSurfaceIfNeeded:2909 android.view.ViewRootImpl.relayoutWindow:9847 android.view.ViewRootImpl.performTraversals:3884 android.view.ViewRootImpl.doTraversal:3116 android.view.ViewRootImpl$TraversalRunnable.run:10885
03-17 14:56:25.644 13324 13324 I ViewRootImpl@aae3bd0[CameraActivity]: Relayout returned: old=(0,0,1440,3040) new=(0,0,1440,3040) req=(1440,3040)0 dur=8 res=0x3 s={true 0x711433a5b0} ch=true seqId=0
03-17 14:56:25.645 13324 13324 I ViewRootImpl@aae3bd0[CameraActivity]: mThreadedRenderer.initialize() mSurface={isValid=true 0x711433a5b0} hwInitialized=true
03-17 14:56:25.649 13324 13417 I Gralloc4: mapper 4.x is not supported
03-17 14:56:25.651 13324 13417 W Gralloc3: mapper 3.x is not supported
03-17 14:56:25.652 13324 13324 I ViewRootImpl@aae3bd0[CameraActivity]: reportNextDraw android.view.ViewRootImpl.performTraversals:4438 android.view.ViewRootImpl.doTraversal:3116 android.view.ViewRootImpl$TraversalRunnable.run:10885 android.view.Choreographer$CallbackRecord.run:1301 android.view.Choreographer$CallbackRecord.run:1309
03-17 14:56:25.653 13324 13324 I ViewRootImpl@aae3bd0[CameraActivity]: Setup new sync id=0
03-17 14:56:25.653 13324 13324 I ViewRootImpl@aae3bd0[CameraActivity]: Setting syncFrameCallback
03-17 14:56:25.653 13324 13417 I gralloc : Arm Module v1.0
03-17 14:56:25.653 13324 13324 I ViewRootImpl@aae3bd0[CameraActivity]: registerCallbacksForSync syncBuffer=false
03-17 14:56:25.656 13324 13419 I ViewRootImpl@aae3bd0[CameraActivity]: Received frameDrawingCallback syncResult=0 frameNum=1.
03-17 14:56:25.656 13324 13419 I ViewRootImpl@aae3bd0[CameraActivity]: Setting up sync and frameCommitCallback
03-17 14:56:25.656 13324 13417 W Gralloc4: allocator 4.x is not supported
03-17 14:56:25.656 13324 13417 W Gralloc3: allocator 3.x is not supported
03-17 14:56:25.673 13324 13385 W libc : Access denied finding property "sys.perf.boostopt"
03-17 14:56:25.675 13324 13385 I CameraManagerGlobal: Camera 0 facing CAMERA_FACING_BACK state now CAMERA_STATE_CLOSED for client com.samsung.android.scan3d API Level 2
03-17 14:56:25.675 13324 13398 I CameraManager: registerAvailabilityCallback: Is device callback = false
03-17 14:56:25.676 13324 13398 I CameraManagerGlobal: postSingleUpdate device: camera id 0 status STATUS_PRESENT
03-17 14:56:25.676 13324 13398 I CameraManagerGlobal: postSingleUpdate device: camera id 1 status STATUS_PRESENT
03-17 14:56:25.676 13324 13398 I CameraManagerGlobal: postSingleUpdate device: camera id 2 status STATUS_PRESENT
03-17 14:56:25.677 13324 13398 I CameraManagerGlobal: postSingleUpdate device: camera id 3 status STATUS_PRESENT
03-17 14:56:25.677 13324 13398 I CameraManagerGlobal: postSingleUpdate device: camera id 4 status STATUS_PRESENT
03-17 14:56:25.677 13324 13398 I CameraManagerGlobal: postSingleUpdate device: camera id 5 status STATUS_PRESENT
03-17 14:56:25.677 13324 13398 I CameraManagerGlobal: postSingleUpdate device: camera id 20 status STATUS_PRESENT
03-17 14:56:25.677 13324 13355 I BLASTBufferQueue: [ViewRootImpl@aae3bd0[CameraActivity]#0](f:0,a:0) onFrameAvailable the first frame is available
03-17 14:56:25.678 13324 13398 I CameraManagerGlobal: postSingleUpdate device: camera id 21 status STATUS_PRESENT
03-17 14:56:25.678 13324 13355 I ViewRootImpl@aae3bd0[CameraActivity]: Received frameCommittedCallback lastAttemptedDrawFrameNum=1 didProduceBuffer=true
03-17 14:56:25.678 13324 13398 I CameraManagerGlobal: postSingleUpdate device: camera id 23 status STATUS_PRESENT
03-17 14:56:25.679 13324 13398 I CameraManagerGlobal: postSingleUpdate device: camera id 40 status STATUS_PRESENT
03-17 14:56:25.679 13324 13398 I CameraManagerGlobal: postSingleUpdate device: camera id 41 status STATUS_PRESENT
03-17 14:56:25.679 13324 13398 I CameraManagerGlobal: postSingleUpdate device: camera id 50 status STATUS_PRESENT
03-17 14:56:25.680 13324 13398 I CameraManagerGlobal: postSingleUpdate device: camera id 52 status STATUS_PRESENT
03-17 14:56:25.680 13324 13398 I CameraManagerGlobal: postSingleUpdate device: camera id 80 status STATUS_PRESENT
03-17 14:56:25.680 13324 13398 I CameraManagerGlobal: postSingleUpdate device: camera id 81 status STATUS_PRESENT
03-17 14:56:25.680 13324 13398 I CameraManagerGlobal: postSingleUpdate device: camera id 91 status STATUS_PRESENT
03-17 14:56:25.681 13324 13355 W Parcel : Expecting binder but got null!
03-17 14:56:25.681 13324 13324 I ViewRootImpl@aae3bd0[CameraActivity]: onSyncComplete
03-17 14:56:25.681 13324 13324 I ViewRootImpl@aae3bd0[CameraActivity]: setupSync seqId=0 mSyncId=0 fn=1 caller=android.view.ViewRootImpl$ $ExternalSyntheticLambda11.accept:6 android.window.SurfaceSyncer.lambda$setupSync$1$android-window-SurfaceSyncer:128 android.window.SurfaceSyncer$$ExternalSyntheticLambda1.accept:8 android.window.SurfaceSyncer$SyncSet.checkIfSyncIsComplete:382 android.window.SurfaceSyncer$SyncSet.markSyncReady:359 android.window.SurfaceSyncer.markSyncReady:151 android.view.ViewRootImpl.performTraversals:4503
03-17 14:56:25.681 13324 13324 I ViewRootImpl@aae3bd0[CameraActivity]: reportDrawFinished seqId=0 mSyncId=-1 fn=1 mSurfaceChangedTransaction=0x7044312f70
03-17 14:56:25.690 13324 13428 I CameraManagerGlobal: postSingleUpdate device: camera id 20 status STATUS_NOT_AVAILABLE
03-17 14:56:25.692 13324 13428 I CameraManagerGlobal: postSingleUpdate device: camera id 21 status STATUS_NOT_AVAILABLE
03-17 14:56:25.692 13324 13428 I CameraManagerGlobal: postSingleUpdate device: camera id 23 status STATUS_NOT_AVAILABLE
03-17 14:56:25.692 13324 13428 I CameraManagerGlobal: postSingleUpdate device: camera id 0 status STATUS_NOT_AVAILABLE
03-17 14:56:25.698 13324 13394 W CAM_Log : Tag SceneDistanceAdviceSettings is 8 chars longer than limit.
03-17 14:56:25.698 13324 13428 I CameraManagerGlobal: Camera 0 facing CAMERA_FACING_BACK state now CAMERA_STATE_OPEN for client com.samsung.android.scan3d API Level 2
03-17 14:56:25.700 13324 13394 W CAM_Log : Tag LongExposureStatechart is 3 chars longer than limit.
03-17 14:56:25.708 13324 13398 W CAM_SessionOpener: Unable to createCaptureSession for CaptureSession-0
03-17 14:56:25.708 13324 13398 W CAM_SessionOpener: java.lang.ExceptionInInitializerError
