03-17 14:55:28.138 11717 11779 I CameraManagerGlobal: postSingleUpdate device: camera id 2 status STATUS_PRESENT
03-17 14:55:28.138 11717 11779 I CameraManagerGlobal: postSingleUpdate device: camera id 3 status STATUS_PRESENT
03-17 14:55:28.138 11717 11779 I CameraManagerGlobal: postSingleUpdate device: camera id 4 status STATUS_PRESENT
03-17 14:55:28.139 11717 11779 I CameraManagerGlobal: postSingleUpdate device: camera id 5 status STATUS_PRESENT
03-17 14:55:28.139 11717 11779 I CameraManagerGlobal: postSingleUpdate device: camera id 20 status STATUS_PRESENT
03-17 14:55:28.139 11717 11779 I CameraManagerGlobal: postSingleUpdate device: camera id 21 status STATUS_PRESENT
03-17 14:55:28.139 11717 11779 I CameraManagerGlobal: postSingleUpdate device: camera id 23 status STATUS_PRESENT
03-17 14:55:28.139 11717 11779 I CameraManagerGlobal: postSingleUpdate device: camera id 40 status STATUS_PRESENT
03-17 14:55:28.139 11717 11779 I CameraManagerGlobal: postSingleUpdate device: camera id 41 status STATUS_PRESENT
03-17 14:55:28.139 11717 11779 I CameraManagerGlobal: postSingleUpdate device: camera id 50 status STATUS_PRESENT
03-17 14:55:28.139 11717 11779 I CameraManagerGlobal: postSingleUpdate device: camera id 52 status STATUS_PRESENT
03-17 14:55:28.139 11717 11779 I CameraManagerGlobal: postSingleUpdate device: camera id 80 status STATUS_PRESENT
03-17 14:55:28.139 11717 11779 I CameraManagerGlobal: postSingleUpdate device: camera id 81 status STATUS_PRESENT
03-17 14:55:28.139 11717 11779 I CameraManagerGlobal: postSingleUpdate device: camera id 91 status STATUS_PRESENT
03-17 14:55:28.148 11717 11731 I CameraManagerGlobal: postSingleUpdate device: camera id 20 status STATUS_NOT_AVAILABLE
03-17 14:55:28.149 11717 11731 I CameraManagerGlobal: postSingleUpdate device: camera id 21 status STATUS_NOT_AVAILABLE
03-17 14:55:28.150 11717 11731 I CameraManagerGlobal: postSingleUpdate device: camera id 23 status STATUS_NOT_AVAILABLE
03-17 14:55:28.151 11717 11731 I CameraManagerGlobal: postSingleUpdate device: camera id 0 status STATUS_NOT_AVAILABLE
03-17 14:55:28.157 11717 11766 W CAM_Log : Tag PckStreamConfigModule is 2 chars longer than limit.
03-17 14:55:28.166 11717 11731 I CameraManagerGlobal: Camera 0 facing CAMERA_FACING_BACK state now CAMERA_STATE_OPEN for client com.samsung.android.scan3d API Level 2
03-17 14:55:28.207 11717 11717 W .android.scan3d: Accessing hidden method Landroid/app/Activity;->setDisablePreviewScreenshots(Z)V (max-target-s, reflection, allowed)
03-17 14:55:28.215 11717 11717 I MSHandlerLifeCycle: check: return. pkg=com.samsung.android.scan3d parent=null callers=com.android.internal.policy.DecorView.setVisibility:4411 android.app.ActivityThread.handleResumeActivity:5476 android.app.servertransaction.ResumeActivityItem.execute:54 android.app.servertransaction.ActivityTransactionItem.execute:45 android.app.servertransaction.TransactionExecutor.executeLifecycleState:176
03-17 14:55:28.215 11717 11717 I MSHandlerLifeCycle: removeMultiSplitHandler: no exist. decor=DecorView@92fcefd[]
03-17 14:55:28.225 11717 11717 I DecorView: onImmersiveModeChanged: isStatusBarHidden=true
03-17 14:55:28.225 11717 11717 I DecorView: notifyKeepScreenOnChanged: keepScreenOn=false
03-17 14:55:28.236 11717 11717 I ViewRootImpl@54907c9[CameraActivity]: setView = com.android.internal.policy.DecorView@92fcefd TM=true
03-17 14:55:28.238 11717 11717 I MSHandlerLifeCycle: check: return. Multi-window not supported pkg=com.samsung.android.scan3d
03-17 14:55:28.238 11717 11717 I MSHandlerLifeCycle: removeMultiSplitHandler: no exist. decor=DecorView@92fcefd[CameraActivity]
03-17 14:55:28.253 11717 11771 W CAM_Log : Tag ShutterButtonAnimator is 2 chars longer than limit.
03-17 14:55:28.255 11717 11717 I ViewRootImpl@54907c9[CameraActivity]: performTraversals params={(0,0)(fillxfill) sim={state=always_hidden adjust=pan forwardNavigation} layoutInDisplayCutoutMode=shortEdges ty=BASE_APPLICATION fmt=TRANSLUCENT wanim=0x1030309 rotAnim=SEAMLESS
03-17 14:55:28.255 11717 11717 I ViewRootImpl@54907c9[CameraActivity]: fl=81810500
03-17 14:55:28.255 11717 11717 I ViewRootImpl@54907c9[CameraActivity]: pfl=12020040
03-17 14:55:28.255 11717 11717 I ViewRootImpl@54907c9[CameraActivity]: vsysui=705
03-17 14:55:28.255 11717 11717 I ViewRootImpl@54907c9[CameraActivity]: apr=LOW_PROFILE_BARS
03-17 14:55:28.255 11717 11717 I ViewRootImpl@54907c9[CameraActivity]: bhv=SHOW_TRANSIENT_BARS_BY_SWIPE
03-17 14:55:28.255 11717 11717 I ViewRootImpl@54907c9[CameraActivity]: fitSides= naviIconColor=0}
03-17 14:55:28.256 11717 11717 I ViewRootImpl@54907c9[CameraActivity]: performTraversals mFirst=true windowShouldResize=true viewVisibilityChanged=false mForceNextWindowRelayout=false params={(0,0)(fillxfill) sim={state=always_hidden adjust=pan forwardNavigation} layoutInDisplayCutoutMode=shortEdges ty=BASE_APPLICATION fmt=TRANSLUCENT wanim=0x1030309 rotAnim=SEAMLESS
03-17 14:55:28.256 11717 11717 I ViewRootImpl@54907c9[CameraActivity]: fl=81810500
03-17 14:55:28.256 11717 11717 I ViewRootImpl@54907c9[CameraActivity]: pfl=12020040
03-17 14:55:28.256 11717 11717 I ViewRootImpl@54907c9[CameraActivity]: vsysui=705
03-17 14:55:28.256 11717 11717 I ViewRootImpl@54907c9[CameraActivity]: apr=LOW_PROFILE_BARS
03-17 14:55:28.256 11717 11717 I ViewRootImpl@54907c9[CameraActivity]: bhv=SHOW_TRANSIENT_BARS_BY_SWIPE
03-17 14:55:28.256 11717 11717 I ViewRootImpl@54907c9[CameraActivity]: fitSides= naviIconColor=0}
03-17 14:55:28.264 11717 11717 I ViewRootImpl@54907c9[CameraActivity]: updateBlastSurfaceIfNeeded mBlastBufferQueue=null isSameSurfaceControl=false
03-17 14:55:28.265 11717 11717 I BLASTBufferQueue: new BLASTBufferQueue, mName= ViewRootImpl@54907c9[CameraActivity] mNativeObject= 0x708431f590 sc.mNativeObject= 0x701431b770 caller= android.view.ViewRootImpl.updateBlastSurfaceIfNeeded:2909 android.view.ViewRootImpl.relayoutWindow:9847 android.view.ViewRootImpl.performTraversals:3884 android.view.ViewRootImpl.doTraversal:3116 android.view.ViewRootImpl$TraversalRunnable.run:10885 android.view.Choreographer$CallbackRecord.run:1301 android.view.Choreographer$CallbackRecord.run:1309 android.view.Choreographer.doCallbacks:923 android.view.Choreographer.doFrame:852 android.view.Choreographer$FrameDisplayEventReceiver.run:1283
03-17 14:55:28.265 11717 11717 I BLASTBufferQueue: update, w= 1440 h= 3040 mName = ViewRootImpl@54907c9[CameraActivity] mNativeObject= 0x708431f590 sc.mNativeObject= 0x701431b770 format= -3 caller= android.graphics.BLASTBufferQueue.<init>:84 android.view.ViewRootImpl.updateBlastSurfaceIfNeeded:2909 android.view.ViewRootImpl.relayoutWindow:9847 android.view.ViewRootImpl.performTraversals:3884 android.view.ViewRootImpl.doTraversal:3116 android.view.ViewRootImpl$TraversalRunnable.run:10885
03-17 14:55:28.266 11717 11717 I ViewRootImpl@54907c9[CameraActivity]: Relayout returned: old=(0,0,1440,3040) new=(0,0,1440,3040) req=(1440,3040)0 dur=8 res=0x3 s={true 0x711430b850} ch=true seqId=0
03-17 14:55:28.267 11717 11717 I ViewRootImpl@54907c9[CameraActivity]: mThreadedRenderer.initialize() mSurface={isValid=true 0x711430b850} hwInitialized=true
03-17 14:55:28.270 11717 11797 I Gralloc4: mapper 4.x is not supported
03-17 14:55:28.270 11717 11797 W Gralloc3: mapper 3.x is not supported
03-17 14:55:28.272 11717 11797 I gralloc : Arm Module v1.0
03-17 14:55:28.274 11717 11797 W Gralloc4: allocator 4.x is not supported
03-17 14:55:28.274 11717 11797 W Gralloc3: allocator 3.x is not supported
03-17 14:55:28.274 11717 11717 I ViewRootImpl@54907c9[CameraActivity]: reportNextDraw android.view.ViewRootImpl.performTraversals:4438 android.view.ViewRootImpl.doTraversal:3116 android.view.ViewRootImpl$TraversalRunnable.run:10885 android.view.Choreographer$CallbackRecord.run:1301 android.view.Choreographer$CallbackRecord.run:1309
03-17 14:55:28.275 11717 11717 I ViewRootImpl@54907c9[CameraActivity]: Setup new sync id=0
03-17 14:55:28.275 11717 11717 I ViewRootImpl@54907c9[CameraActivity]: Setting syncFrameCallback
03-17 14:55:28.275 11717 11717 I ViewRootImpl@54907c9[CameraActivity]: registerCallbacksForSync syncBuffer=false
03-17 14:55:28.280 11717 11799 I ViewRootImpl@54907c9[CameraActivity]: Received frameDrawingCallback syncResult=0 frameNum=1.
03-17 14:55:28.280 11717 11799 I ViewRootImpl@54907c9[CameraActivity]: Setting up sync and frameCommitCallback
03-17 14:55:28.296 11717 11771 W CAM_Log : Tag SceneDistanceAdviceSettings is 8 chars longer than limit.
03-17 14:55:28.299 11717 11771 W CAM_Log : Tag LongExposureStatechart is 3 chars longer than limit.
03-17 14:55:28.299 11717 11739 I BLASTBufferQueue: [ViewRootImpl@54907c9[CameraActivity]#0](f:0,a:0) onFrameAvailable the first frame is available
03-17 14:55:28.299 11717 11739 I ViewRootImpl@54907c9[CameraActivity]: Received frameCommittedCallback lastAttemptedDrawFrameNum=1 didProduceBuffer=true
03-17 14:55:28.299 11717 11730 W libc : Access denied finding property "sys.perf.boostopt"
03-17 14:55:28.300 11717 11762 I CameraManagerGlobal: Camera 0 facing CAMERA_FACING_BACK state now CAMERA_STATE_CLOSED for client com.samsung.android.scan3d API Level 2
03-17 14:55:28.304 11717 11779 I CameraManager: registerAvailabilityCallback: Is device callback = false
03-17 14:55:28.304 11717 11779 I CameraManagerGlobal: postSingleUpdate device: camera id 0 status STATUS_PRESENT
03-17 14:55:28.304 11717 11779 I CameraManagerGlobal: postSingleUpdate device: camera id 1 status STATUS_PRESENT
03-17 14:55:28.304 11717 11739 W Parcel : Expecting binder but got null!
03-17 14:55:28.304 11717 11717 I ViewRootImpl@54907c9[CameraActivity]: onSyncComplete
03-17 14:55:28.304 11717 11717 I ViewRootImpl@54907c9[CameraActivity]: setupSync seqId=0 mSyncId=0 fn=1 caller=android.view.ViewRootImpl$ $ExternalSyntheticLambda11.accept:6 android.window.SurfaceSyncer.lambda$setupSync$1$android-window-SurfaceSyncer:128 android.window.SurfaceSyncer$$ExternalSyntheticLambda1.accept:8 android.window.SurfaceSyncer$SyncSet.checkIfSyncIsComplete:382 android.window.SurfaceSyncer$SyncSet.markSyncReady:359 android.window.SurfaceSyncer.markSyncReady:151 android.view.ViewRootImpl.performTraversals:4503
03-17 14:55:28.305 11717 11717 I ViewRootImpl@54907c9[CameraActivity]: reportDrawFinished seqId=0 mSyncId=-1 fn=1 mSurfaceChangedTransaction=0x7044310150
03-17 14:55:28.305 11717 11779 I CameraManagerGlobal: postSingleUpdate device: camera id 2 status STATUS_PRESENT
03-17 14:55:28.305 11717 11779 I CameraManagerGlobal: postSingleUpdate device: camera id 3 status STATUS_PRESENT
03-17 14:55:28.321 11717 11812 I CameraManagerGlobal: postSingleUpdate device: camera id 20 status STATUS_NOT_AVAILABLE
03-17 14:55:28.322 11717 11762 I CameraManagerGlobal: postSingleUpdate device: camera id 21 status STATUS_NOT_AVAILABLE
03-17 14:55:28.322 11717 11762 I CameraManagerGlobal: postSingleUpdate device: camera id 23 status STATUS_NOT_AVAILABLE
03-17 14:55:28.322 11717 11762 I CameraManagerGlobal: postSingleUpdate device: camera id 0 status STATUS_NOT_AVAILABLE
03-17 14:55:28.335 11717 11812 I CameraManagerGlobal: Camera 0 facing CAMERA_FACING_BACK state now CAMERA_STATE_OPEN for client com.samsung.android.scan3d API Level 2
03-17 14:55:28.507 11717 11725 I .android.scan3d: Compiler allocated 4177KB to compile void android.widget.TextView.<init>(android.content.Context, android.util.AttributeSet, int, int)
03-17 14:55:28.546 11717 11717 W CAM_Log : Tag HdrPlusTemperatureListener is 7 chars longer than limit.
03-17 14:55:28.550 11717 11717 W CAM_ModeSwitcher: ModeSwitcher WAS ALREADY ENABLED!
03-17 14:55:28.561 11717 11717 I SurfaceView@f6c68cb: onWindowVisibilityChanged(0) true android.view.SurfaceView{f6c68cb V.E...... ......I. 0,0-0,0} of ViewRootImpl@54907c9[CameraActivity]
03-17 14:55:28.563 11717 11717 I DecorView: notifyKeepScreenOnChanged: keepScreenOn=true
03-17 14:55:28.578 11717 11717 I DecorView: notifyKeepScreenOnChanged: keepScreenOn=true
03-17 14:55:28.580 11717 11717 I ViewRootImpl@54907c9[CameraActivity]: performTraversals params={(0,0)(fillxfill) sim={state=always_hidden adjust=pan forwardNavigation} layoutInDisplayCutoutMode=shortEdges ty=BASE_APPLICATION fmt=TRANSLUCENT wanim=0x1030309 rotAnim=SEAMLESS sysuil=true
03-17 14:55:28.580 11717 11717 I ViewRootImpl@54907c9[CameraActivity]: fl=81810580
03-17 14:55:28.580 11717 11717 I ViewRootImpl@54907c9[CameraActivity]: pfl=12020040
03-17 14:55:28.580 11717 11717 I ViewRootImpl@54907c9[CameraActivity]: vsysui=705
03-17 14:55:28.580 11717 11717 I ViewRootImpl@54907c9[CameraActivity]: apr=LOW_PROFILE_BARS
03-17 14:55:28.580 11717 11717 I ViewRootImpl@54907c9[CameraActivity]: bhv=SHOW_TRANSIENT_BARS_BY_SWIPE
03-17 14:55:28.580 11717 11717 I ViewRootImpl@54907c9[CameraActivity]: fitSides= naviIconColor=0}
03-17 14:55:28.581 11717 11717 I ViewRootImpl@54907c9[CameraActivity]: performTraversals mFirst=false windowShouldResize=false viewVisibilityChanged=false mForceNextWindowRelayout=false params={(0,0)(fillxfill) sim={state=always_hidden adjust=pan forwardNavigation} layoutInDisplayCutoutMode=shortEdges ty=BASE_APPLICATION fmt=TRANSLUCENT wanim=0x1030309 rotAnim=SEAMLESS sysuil=true
03-17 14:55:28.581 11717 11717 I ViewRootImpl@54907c9[CameraActivity]: fl=81810580
03-17 14:55:28.581 11717 11717 I ViewRootImpl@54907c9[CameraActivity]: pfl=12020040
03-17 14:55:28.581 11717 11717 I ViewRootImpl@54907c9[CameraActivity]: vsysui=705
03-17 14:55:28.581 11717 11717 I ViewRootImpl@54907c9[CameraActivity]: apr=LOW_PROFILE_BARS
03-17 14:55:28.581 11717 11717 I ViewRootImpl@54907c9[CameraActivity]: bhv=SHOW_TRANSIENT_BARS_BY_SWIPE
03-17 14:55:28.581 11717 11717 I ViewRootImpl@54907c9[CameraActivity]: fitSides= naviIconColor=0}
03-17 14:55:28.585 11717 11717 I ViewRootImpl@54907c9[CameraActivity]: updateBlastSurfaceIfNeeded mBlastBufferQueue=0x708431f590 isSameSurfaceControl=true
03-17 14:55:28.585 11717 11717 I BLASTBufferQueue: update, w= 1440 h= 3040 mName = ViewRootImpl@54907c9[CameraActivity] mNativeObject= 0x708431f590 sc.mNativeObject= 0x701437ce00 format= -3 caller= android.view.ViewRootImpl.updateBlastSurfaceIfNeeded:2898 android.view.ViewRootImpl.relayoutWindow:9847 android.view.ViewRootImpl.performTraversals:3884 android.view.ViewRootImpl.doTraversal:3116 android.view.ViewRootImpl$TraversalRunnable.run:10885 android.view.Choreographer$CallbackRecord.run:1301
03-17 14:55:28.585 11717 11717 I ViewRootImpl@54907c9[CameraActivity]: Relayout returned: old=(0,0,1440,3040) new=(0,0,1440,3040) req=(1440,3040)0 dur=4 res=0x0 s={true 0x711430b850} ch=false seqId=0
03-17 14:55:28.589 11717 11717 W Resources: Drawable com.samsung.android.scan3d:drawable/notification_dot has unresolved theme attributes! Consider using Resources.getDrawable(int, Theme) or Context.getDrawable(int).
03-17 14:55:28.589 11717 11717 W Resources: java.lang.RuntimeException
03-17 14:55:28.589 11717 11717 W Resources: at android.content.res.Resources.getDrawable(Resources.java:967)
03-17 14:55:28.589 11717 11717 W Resources: at jiw.a(Unknown Source:38)
03-17 14:55:28.589 11717 11717 W Resources: at jhd.onLayout(Unknown Source:97)
03-17 14:55:28.589 11717 11717 W Resources: at android.view.View.layout(View.java:24969)
03-17 14:55:28.589 11717 11717 W Resources: at android.view.ViewGroup.layout(ViewGroup.java:6784)
03-17 14:55:28.589 11717 11717 W Resources: at android.widget.FrameLayout.layoutChildren(FrameLayout.java:332)
03-17 14:55:28.589 11717 11717 W Resources: at android.widget.HorizontalScrollView.onLayout(HorizontalScrollView.java:2120)
03-17 14:55:28.589 11717 11717 W Resources: at com.google.android.apps.camera.ui.modeswitcher.ModeSwitcher.onLayout(Unknown Source:0)
03-17 14:55:28.589 11717 11717 W Resources: at android.view.View.layout(View.java:24969)
03-17 14:55:28.589 11717 11717 W Resources: at android.view.ViewGroup.layout(ViewGroup.java:6784)
03-17 14:55:28.589 11717 11717 W Resources: at android.widget.FrameLayout.layoutChildren(FrameLayout.java:332)
03-17 14:55:28.589 11717 11717 W Resources: at android.widget.FrameLayout.onLayout(FrameLayout.java:270)
03-17 14:55:28.589 11717 11717 W Resources: at com.google.android.apps.camera.ui.layout.GcaLayout.onLayout(Unknown Source:21)
03-17 14:55:28.589 11717 11717 W Resources: at com.google.android.apps.camera.ui.views.MainActivityLayout.onLayout(Unknown Source:0)
03-17 14:55:28.589 11717 11717 W Resources: at android.view.View.layout(View.java:24969)
03-17 14:55:28.589 11717 11717 W Resources: at android.view.ViewGroup.layout(ViewGroup.java:6784)
03-17 14:55:28.589 11717 11717 W Resources: at android.widget.FrameLayout.layoutChildren(FrameLayout.java:332)
03-17 14:55:28.589 11717 11717 W Resources: at android.widget.FrameLayout.onLayout(FrameLayout.java:270)
03-17 14:55:28.589 11717 11717 W Resources: at android.view.View.layout(View.java:24969)
03-17 14:55:28.589 11717 11717 W Resources: at android.view.ViewGroup.layout(ViewGroup.java:6784)
03-17 14:55:28.589 11717 11717 W Resources: at android.widget.LinearLayout.setChildFrame(LinearLayout.java:1829)
03-17 14:55:28.589 11717 11717 W Resources: at android.widget.LinearLayout.layoutVertical(LinearLayout.java:1673)
03-17 14:55:28.589 11717 11717 W Resources: at android.widget.LinearLayout.onLayout(LinearLayout.java:1582)
03-17 14:55:28.589 11717 11717 W Resources: at android.view.View.layout(View.java:24969)
03-17 14:55:28.589 11717 11717 W Resources: at android.view.ViewGroup.layout(ViewGroup.java:6784)
03-17 14:55:28.589 11717 11717 W Resources: at android.widget.FrameLayout.layoutChildren(FrameLayout.java:332)
03-17 14:55:28.589 11717 11717 W Resources: at android.widget.FrameLayout.onLayout(FrameLayout.java:270)
03-17 14:55:28.589 11717 11717 W Resources: at android.view.View.layout(View.java:24969)
03-17 14:55:28.589 11717 11717 W Resources: at android.view.ViewGroup.layout(ViewGroup.java:6784)
03-17 14:55:28.589 11717 11717 W Resources: at android.widget.LinearLayout.setChildFrame(LinearLayout.java:1829)
03-17 14:55:28.589 11717 11717 W Resources: at android.widget.LinearLayout.layoutVertical(LinearLayout.java:1673)
03-17 14:55:28.589 11717 11717 W Resources: at android.widget.LinearLayout.onLayout(LinearLayout.java:1582)
03-17 14:55:28.589 11717 11717 W Resources: at android.view.View.layout(View.java:24969)
03-17 14:55:28.589 11717 11717 W Resources: at android.view.ViewGroup.layout(ViewGroup.java:6784)
03-17 14:55:28.589 11717 11717 W Resources: at android.widget.FrameLayout.layoutChildren(FrameLayout.java:332)
03-17 14:55:28.589 11717 11717 W Resources: at android.widget.FrameLayout.onLayout(FrameLayout.java:270)
03-17 14:55:28.589 11717 11717 W Resources: at com.android.internal.policy.DecorView.onLayout(DecorView.java:1427)
03-17 14:55:28.589 11717 11717 W Resources: at android.view.View.layout(View.java:24969)
03-17 14:55:28.589 11717 11717 W Resources: at android.view.ViewGroup.layout(ViewGroup.java:6784)
03-17 14:55:28.589 11717 11717 W Resources: at android.view.ViewRootImpl.performLayout(ViewRootImpl.java:4917)
03-17 14:55:28.589 11717 11717 W Resources: at android.view.ViewRootImpl.performTraversals(ViewRootImpl.java:4240)
03-17 14:55:28.589 11717 11717 W Resources: at android.view.ViewRootImpl.doTraversal(ViewRootImpl.java:3116)
03-17 14:55:28.589 11717 11717 W Resources: at android.view.ViewRootImpl$TraversalRunnable.run(ViewRootImpl.java:10885)
03-17 14:55:28.589 11717 11717 W Resources: at android.view.Choreographer$CallbackRecord.run(Choreographer.java:1301)
03-17 14:55:28.589 11717 11717 W Resources: at android.view.Choreographer$CallbackRecord.run(Choreographer.java:1309)
03-17 14:55:28.589 11717 11717 W Resources: at android.view.Choreographer.doCallbacks(Choreographer.java:923)
03-17 14:55:28.589 11717 11717 W Resources: at android.view.Choreographer.doFrame(Choreographer.java:852)
03-17 14:55:28.589 11717 11717 W Resources: at android.view.Choreographer$FrameDisplayEventReceiver.run(Choreographer.java:1283)
03-17 14:55:28.589 11717 11717 W Resources: at android.os.Handler.handleCallback(Handler.java:942)
03-17 14:55:28.589 11717 11717 W Resources: at android.os.Handler.dispatchMessage(Handler.java:99)
03-17 14:55:28.589 11717 11717 W Resources: at android.os.Looper.loopOnce(Looper.java:226)
03-17 14:55:28.589 11717 11717 W Resources: at android.os.Looper.loop(Looper.java:313)
03-17 14:55:28.589 11717 11717 W Resources: at android.app.ActivityThread.main(ActivityThread.java:8757)
03-17 14:55:28.589 11717 11717 W Resources: at java.lang.reflect.Method.invoke(Native Method)
03-17 14:55:28.589 11717 11717 W Resources: at com.android.internal.os.RuntimeInit$MethodAndArgsCaller.run(RuntimeInit.java:571)
03-17 14:55:28.589 11717 11717 W Resources: at com.android.internal.os.ZygoteInit.main(ZygoteInit.java:1067)
03-17 14:55:28.590 11717 11717 W View : requestLayout() improperly called by nxq{23ec441 V.ED..... ......ID 523,1-916,166} during layout: running second layout pass
03-17 14:55:28.591 11717 11717 I SurfaceView@f6c68cb: Changes: creating=true format=true size=true visible=true alpha=false hint=false mUseAlpha=false visible=true left=true top=true
03-17 14:55:28.592 11717 11717 I BLASTBufferQueue: update, w= 1440 h= 1080 mName = null mNativeObject= 0x708431e5f0 sc.mNativeObject= 0x701437c670 format= 4 caller= android.view.SurfaceView.createBlastSurfaceControls:1383 android.view.SurfaceView.updateSurface:1079 android.view.SurfaceView.lambda$new$0$android-view-SurfaceView:200 android.view.SurfaceView$$ExternalSyntheticLambda5.onPreDraw:2 android.view.ViewTreeObserver.dispatchOnPreDraw:1121 android.view.ViewRootImpl.performTraversals:4442
03-17 14:55:28.593 11717 11717 I SurfaceView@f6c68cb: 258762955 Cur surface: Surface(name=null)/@0xfa98d84
03-17 14:55:28.593 11717 11717 I SurfaceView@f6c68cb: pST: sr = Rect(0, 312 - 1440, 2232) sw = 1440 sh = 1080
03-17 14:55:28.593 11717 11717 I SurfaceView@f6c68cb: applyTransactionOnVriDraw: vri = ViewRootImpl@54907c9[CameraActivity] fRS = false t = 0x7044323e90 android.view.SurfaceView.performSurfaceTransaction:959 android.view.SurfaceView.updateSurface:1105 android.view.SurfaceView.lambda$new$0$android-view-SurfaceView:200
03-17 14:55:28.593 11717 11717 I ViewRootImpl@54907c9[CameraActivity]: applyTransactionOnDraw: mRemoved = false isHardwareEnabled = true t = 0x7044323e90android.view.SurfaceView.applyTransactionOnVriDraw:2048 android.view.SurfaceView.performSurfaceTransaction:959 android.view.SurfaceView.updateSurface:1105 android.view.SurfaceView.lambda$new$0$android-view-SurfaceView:200 android.view.SurfaceView$$ExternalSyntheticLambda5.onPreDraw:2
03-17 14:55:28.593 11717 11717 I SurfaceView@f6c68cb: updateSurface: mVisible = true mSurface.isValid() = true
03-17 14:55:28.593 11717 11717 I SurfaceView@f6c68cb: updateSurface: mSurfaceCreated = false surfaceChanged = true visibleChanged = true
03-17 14:55:28.593 11717 11717 I SurfaceView@f6c68cb: visibleChanged -- surfaceCreated
03-17 14:55:28.593 11717 11717 I SurfaceView@f6c68cb: surfaceCreated 2 #8 android.view.SurfaceView{f6c68cb V.E...... ......ID 0,312-1440,2232}
03-17 14:55:28.593 11717 11717 I SurfaceView@f6c68cb: surfaceChanged -- format=4 w=1440 h=1080
03-17 14:55:28.593 11717 11717 I SurfaceView@f6c68cb: surfaceChanged (1440,1080) 2 #8 android.view.SurfaceView{f6c68cb V.E...... ......ID 0,312-1440,2232}
03-17 14:55:28.594 11717 11717 I SurfaceView@f6c68cb: surfaceRedrawNeeded
03-17 14:55:28.600 11717 11799 I SurfaceView@f6c68cb: uSP: rtp = Rect(0, 312 - 1440, 2232) rtsw = 1440 rtsh = 1080
03-17 14:55:28.600 11717 11799 I SurfaceView@f6c68cb: onSSPAndSRT: pl = 0 pt = 312 sx = 1.0 sy = 1.7777778
03-17 14:55:28.600 11717 11799 I SurfaceView@f6c68cb: aOrMT: ViewRootImpl@54907c9[CameraActivity] t = android.view.SurfaceControl$Transaction@7462633 fN = 2 android.view.SurfaceView.-$ $Nest$mapplyOrMergeTransaction:0 android.view.SurfaceView$SurfaceViewPositionUpdateListener.positionChanged:1537 android.graphics.RenderNode$CompositePositionUpdateListener.positionChanged:373
03-17 14:55:28.600 11717 11799 I ViewRootImpl@54907c9[CameraActivity]: mWNT: t=0x7044323350 mBlastBufferQueue=0x708431f590 fn= 2 caller= android.view.SurfaceView.applyOrMergeTransaction:1455 android.view.SurfaceView.-$ $Nest$mapplyOrMergeTransaction:0 android.view.SurfaceView$SurfaceViewPositionUpdateListener.positionChanged:1537
03-17 14:55:28.607 11717 11799 I ViewRootImpl@54907c9[CameraActivity]: mWNT: t=0x7044323e90 mBlastBufferQueue=0x708431f590 fn= 2 caller= android.view.ViewRootImpl.lambda$applyTransactionOnDraw$11$android-view- ViewRootImpl:12865 android.view.ViewRootImpl$ $ExternalSyntheticLambda1.onFrameDraw:4 android.graphics.HardwareRenderer$FrameDrawingCallback.onFrameDraw:924
03-17 14:55:28.610 11717 11796 W CAM_SurfaceMap: Surface(name=null)/@0xfa98d84 is valid but deferred streams are not yet available for CaptureSession-0
03-17 14:55:28.610 11717 11796 W CAM_SimpleReqProcessor: Failed to add Stream-0 to CaptureRequest for Request-14. The surface is not yet available.
03-17 14:55:28.620 11717 11717 W CAM_Log : Tag SmartsGestureListener is 2 chars longer than limit.
03-17 14:55:28.622 11717 11717 W CAM_ModeSwitcher: ModeSwitcher WAS ALREADY ENABLED!
03-17 14:55:28.624 11717 11717 I ViewRootImpl@54907c9[CameraActivity]: MSG_WINDOW_FOCUS_CHANGED 1 0
03-17 14:55:28.624 11717 11717 I ViewRootImpl@54907c9[CameraActivity]: mThreadedRenderer.initializeIfNeeded()#2 mSurface={isValid=true 0x711430b850}
03-17 14:55:28.626 11717 11717 I InputMethodManager: startInputInner - mService.startInputOrWindowGainedFocus
03-17 14:55:28.636 11717 11717 I SurfaceView@f6c68cb: finishedDrawing
03-17 14:55:28.819 11717 11912 E OisListener: Null pointer for OIS data. OIS API version: 2
03-17 14:55:28.819 11717 11795 W CameraMetadataJV: Expect face scores and rectangles to be non-null
03-17 14:55:28.819 11717 11795 W CameraMetadataJV: Expect face scores and rectangles to be non-null
03-17 14:55:28.819 11717 11795 W CameraMetadataJV: Expect face scores and rectangles to be non-null
03-17 14:55:28.820 11717 11795 W CameraMetadataJV: Expect face scores and rectangles to be non-null
03-17 14:55:28.820 11717 11795 W CameraMetadataJV: Expect face scores and rectangles to be non-null
03-17 14:55:28.820 11717 11795 W CameraMetadataJV: Expect face scores and rectangles to be non-null
03-17 14:55:28.820 11717 11795 W CameraMetadataJV: Expect face scores and rectangles to be non-null
03-17 14:55:28.820 11717 11917 W CameraMetadataJV: Expect face scores and rectangles to be non-null
03-17 14:55:28.831 11717 11767 I tflite : Initialized TensorFlow Lite runtime.
03-17 14:55:28.876 11717 11795 W JankMonitorFacade: UNINITIALIZED > result sensor delay = 2.00 > 1.10
03-17 14:55:28.876 11717 11912 E OisListener: Null pointer for OIS data. OIS API version: 2
03-17 14:55:28.876 11717 11917 W CameraMetadataJV: Expect face scores and rectangles to be non-null
03-17 14:55:28.877 11717 11795 W CameraMetadataJV: Expect face scores and rectangles to be non-null
03-17 14:55:28.877 11717 11795 W CameraMetadataJV: Expect face scores and rectangles to be non-null
03-17 14:55:28.877 11717 11795 W CameraMetadataJV: Expect face scores and rectangles to be non-null
03-17 14:55:28.877 11717 11795 W CameraMetadataJV: Expect face scores and rectangles to be non-null
03-17 14:55:28.877 11717 11795 W CameraMetadataJV: Expect face scores and rectangles to be non-null
03-17 14:55:28.877 11717 11795 W CameraMetadataJV: Expect face scores and rectangles to be non-null
03-17 14:55:28.877 11717 11795 W CameraMetadataJV: Expect face scores and rectangles to be non-null
03-17 14:55:28.901 11717 11795 W JankMonitorFacade: UNINITIALIZED > rel Δ(result sensor timestamp) = 0.50 > 0.25
03-17 14:55:28.901 11717 11912 E OisListener: Null pointer for OIS data. OIS API version: 2
03-17 14:55:28.902 11717 11917 W CameraMetadataJV: Expect face scores and rectangles to be non-null
03-17 14:55:28.902 11717 11795 W CameraMetadataJV: Expect face scores and rectangles to be non-null
03-17 14:55:28.902 11717 11795 W CameraMetadataJV: Expect face scores and rectangles to be non-null
03-17 14:55:28.902 11717 11795 W CameraMetadataJV: Expect face scores and rectangles to be non-null
03-17 14:55:28.902 11717 11795 W CameraMetadataJV: Expect face scores and rectangles to be non-null
03-17 14:55:28.903 11717 11795 W CameraMetadataJV: Expect face scores and rectangles to be non-null
03-17 14:55:28.903 11717 11795 W CameraMetadataJV: Expect face scores and rectangles to be non-null
03-17 14:55:28.903 11717 11795 W CameraMetadataJV: Expect face scores and rectangles to be non-null
03-17 14:55:28.930 11717 11768 I tflite : Initialized TensorFlow Lite runtime.
03-17 14:55:28.936 11717 11972 I tflite : Created TensorFlow Lite delegate for GPU.
03-17 14:55:28.938 11717 11912 E OisListener: Null pointer for OIS data. OIS API version: 2
03-17 14:55:28.938 11717 11795 W CameraMetadataJV: Expect face scores and rectangles to be non-null
03-17 14:55:28.938 11717 11795 W CameraMetadataJV: Expect face scores and rectangles to be non-null
03-17 14:55:28.938 11717 11795 W CameraMetadataJV: Expect face scores and rectangles to be non-null
03-17 14:55:28.938 11717 11795 W CameraMetadataJV: Expect face scores and rectangles to be non-null
03-17 14:55:28.938 11717 11795 W CameraMetadataJV: Expect face scores and rectangles to be non-null
03-17 14:55:28.938 11717 11795 W CameraMetadataJV: Expect face scores and rectangles to be non-null
03-17 14:55:28.939 11717 11795 W CameraMetadataJV: Expect face scores and rectangles to be non-null
03-17 14:55:28.939 11717 11917 W CameraMetadataJV: Expect face scores and rectangles to be non-null
03-17 14:55:28.972 11717 11795 W CameraMetadataJV: Expect face scores and rectangles to be non-null
03-17 14:55:28.972 11717 11795 W CameraMetadataJV: Expect face scores and rectangles to be non-null
03-17 14:55:28.973 11717 11795 W CameraMetadataJV: Expect face scores and rectangles to be non-null
03-17 14:55:28.973 11717 11795 W CameraMetadataJV: Expect face scores and rectangles to be non-null
03-17 14:55:28.973 11717 11795 W CameraMetadataJV: Expect face scores and rectangles to be non-null
03-17 14:55:28.973 11717 11795 W CameraMetadataJV: Expect face scores and rectangles to be non-null
03-17 14:55:28.973 11717 11795 W CameraMetadataJV: Expect face scores and rectangles to be non-null
03-17 14:55:28.974 11717 11732 I BLASTBufferQueue: [SurfaceView[com.samsung.android.scan3d/com.google.android.apps.camera.legacy.app.a ctivity.main.CameraActivity]@0#1](f:0,a:0) onFrameAvailable the first frame is available
03-17 14:55:28.974 11717 11912 E OisListener: Null pointer for OIS data. OIS API version: 2
03-17 14:55:28.975 11717 11917 W CameraMetadataJV: Expect face scores and rectangles to be non-null
03-17 14:55:29.004 11717 11717 I ViewRootImpl@54907c9[CameraActivity]: ViewPostIme pointer 0
03-17 14:55:29.005 11717 11717 I GestureDetector: obtain mCurrentDownEvent. id: 161730036 caller: com.google.android.apps.camera.bottombar.BottomBar.onTouchEvent:2 android.view.View.dispatchTouchEvent:15544 android.view.ViewGroup.dispatchTransformedTouchEvent:3310
03-17 14:55:29.025 11717 11795 W JankMonitorFacade: PHOTO > rel Δ(result sensor timestamp) = 1.01 > 0.25
03-17 14:55:29.025 11717 11795 W JankMonitorFacade: PHOTO > result sensor delay = 2.00 > 1.10
03-17 14:55:29.025 11717 11758 W EngineApiLoaderContr: All remote package attempts fail.
03-17 14:55:29.025 11717 11795 W CameraMetadataJV: Expect face scores and rectangles to be non-null
03-17 14:55:29.025 11717 11912 E OisListener: Null pointer for OIS data. OIS API version: 2
03-17 14:55:29.025 11717 11795 W CameraMetadataJV: Expect face scores and rectangles to be non-null
03-17 14:55:29.025 11717 11795 W CameraMetadataJV: Expect face scores and rectangles to be non-null
03-17 14:55:29.026 11717 11795 W CameraMetadataJV: Expect face scores and rectangles to be non-null
03-17 14:55:29.026 11717 11795 W CameraMetadataJV: Expect face scores and rectangles to be non-null
03-17 14:55:29.026 11717 11795 W CameraMetadataJV: Expect face scores and rectangles to be non-null
03-17 14:55:29.026 11717 11795 W CameraMetadataJV: Expect face scores and rectangles to be non-null
03-17 14:55:29.026 11717 11917 W CameraMetadataJV: Expect face scores and rectangles to be non-null
03-17 14:55:29.028 11717 11758 W EngineApiLoaderContr: EngineApi implementation not found
03-17 14:55:29.028 11717 11758 E CAM_LenslitePP: Unable to create LinkEngineApi
03-17 14:55:29.028 11717 11758 E CAM_LenslitePP: java.lang.RuntimeException: No engine implementation found
03-17 14:55:29.028 11717 11758 E CAM_LenslitePP: at elk.run(Unknown Source:1066)
03-17 14:55:29.028 11717 11758 E CAM_LenslitePP: at oxw.run(Unknown Source:2)
03-17 14:55:29.028 11717 11758 E CAM_LenslitePP: at oxx.run(Unknown Source:71)
03-17 14:55:29.028 11717 11758 E CAM_LenslitePP: at lis.run(Unknown Source:2)
03-17 14:55:29.028 11717 11758 E CAM_LenslitePP: at java.util.concurrent.Executors$RunnableAdapter.call(Executors.java:463)
03-17 14:55:29.028 11717 11758 E CAM_LenslitePP: at oye.b(Unknown Source:2)
03-17 14:55:29.028 11717 11758 E CAM_LenslitePP: at oxi.run(Unknown Source:22)
03-17 14:55:29.028 11717 11758 E CAM_LenslitePP: at oyf.run(Unknown Source:4)
03-17 14:55:29.028 11717 11758 E CAM_LenslitePP: at java.util.concurrent.Executors$RunnableAdapter.call(Executors.java:463)
03-17 14:55:29.028 11717 11758 E CAM_LenslitePP: at java.util.concurrent.FutureTask.run(FutureTask.java:264)
03-17 14:55:29.028 11717 11758 E CAM_LenslitePP: at java.util.concurrent.ScheduledThreadPoolExecutor$ScheduledFutureTask.run(ScheduledT hreadPoolExecutor.java:307)
03-17 14:55:29.028 11717 11758 E CAM_LenslitePP: at ljd.run(Unknown Source:2)
03-17 14:55:29.028 11717 11758 E CAM_LenslitePP: at ljc.run(Unknown Source:0)
03-17 14:55:29.028 11717 11758 E CAM_LenslitePP: at java.util.concurrent.ThreadPoolExecutor.runWorker(ThreadPoolExecutor.java:1137)
03-17 14:55:29.028 11717 11758 E CAM_LenslitePP: at java.util.concurrent.ThreadPoolExecutor$Worker.run(ThreadPoolExecutor.java:637)
03-17 14:55:29.028 11717 11758 E CAM_LenslitePP: at java.lang.Thread.run(Thread.java:1012)
03-17 14:55:29.028 11717 11758 E CAM_LenslitePP: at lhu.run(Unknown Source:5)
03-17 14:55:29.058 11717 11717 I ViewRootImpl@54907c9[CameraActivity]: ViewPostIme pointer 1
03-17 14:55:29.068 11717 11768 E native : inference_engine_tf_lite.cc:543 Cannot serialize OpenGL kernel cache data; works only with OpenCL delegate.
03-17 14:55:29.087 11717 11795 W JankMonitorFacade: PHOTO > result sensor delay = 2.00 > 1.10
03-17 14:55:29.087 11717 11912 E OisListener: Null pointer for OIS data. OIS API version: 2
03-17 14:55:29.088 11717 11917 W CameraMetadataJV: Expect face scores and rectangles to be non-null
03-17 14:55:29.089 11717 11795 W CameraMetadataJV: Expect face scores and rectangles to be non-null
03-17 14:55:29.089 11717 11795 W CameraMetadataJV: Expect face scores and rectangles to be non-null
03-17 14:55:29.089 11717 11795 W CameraMetadataJV: Expect face scores and rectangles to be non-null
03-17 14:55:29.089 11717 11795 W CameraMetadataJV: Expect face scores and rectangles to be non-null
03-17 14:55:29.090 11717 11795 W CameraMetadataJV: Expect face scores and rectangles to be non-null
03-17 14:55:29.090 11717 11795 W CameraMetadataJV: Expect face scores and rectangles to be non-null
03-17 14:55:29.090 11717 11795 W CameraMetadataJV: Expect face scores and rectangles to be non-null
03-17 14:55:29.100 11717 11765 W CameraMetadataJV: Expect face scores and rectangles to be non-null
03-17 14:55:29.101 11717 11732 I ViewRootImpl@54907c9[CameraActivity]: Resizing android.view.ViewRootImpl@c57adc4: frame = [0,0][1440,3040] reportDraw = false forceLayout = false syncSeqId = 0
03-17 14:55:29.103 11717 11717 I ViewRootImpl@54907c9[CameraActivity]: handleResized, msg = 4 frames=ClientWindowFrames{frame=[0,0][1440,3040] display=[0,0][1440,3040] parentFrame=[0,0][0,0] parentClippedByDisplayCutout=false} forceNextWindowRelayout=false displayId=0 resizeMode=-1 frameChanged=false displayFrameChanged=false configChanged=false displayChanged=false
03-17 14:55:29.105 11717 11820 W PlatformVersion: Build version must be at least 5954562 to support R in gmscore
03-17 14:55:29.111 11717 12012 W .android.scan3d: Accessing hidden field Ljava/util/Collections$SynchronizedCollection;->mutex:Ljava/lang/Object; (max- target-o, reflection, denied)
03-17 14:55:29.111 11717 12012 W .android.scan3d: Accessing hidden field Ljava/util/Collections$SynchronizedCollection;->c:Ljava/util/Collection; (unsupported, reflection, allowed)
03-17 14:55:29.111 11717 12012 W .android.scan3d: Accessing hidden method Ljava/util/Collections$SynchronizedSet;-><init>(Ljava/util/Set;Ljava/lang/Object;)V (max-target-o, reflection, denied)
03-17 14:55:29.111 11717 12012 W .android.scan3d: Accessing hidden method Ljava/util/Collections$SynchronizedCollection;-><init>(Ljava/util/ Collection;Ljava/lang/Object;)V (max-target-o, reflection, denied)
03-17 14:55:29.125 11717 11795 W JankMonitorFacade: PHOTO > rel Δ(result sensor timestamp) = 0.50 > 0.25
03-17 14:55:29.125 11717 11717 I ViewRootImpl@54907c9[CameraActivity]: ViewPostIme pointer 0
03-17 14:55:29.127 11717 11795 W CameraMetadataJV: Expect face scores and rectangles to be non-null
03-17 14:55:29.127 11717 11717 I GestureDetector: obtain mCurrentMotionEventRaw. action: 0 id: 127617455
03-17 14:55:29.127 11717 11795 W CameraMetadataJV: Expect face scores and rectangles to be non-null
03-17 14:55:29.127 11717 11795 W CameraMetadataJV: Expect face scores and rectangles to be non-null
03-17 14:55:29.127 11717 11795 W CameraMetadataJV: Expect face scores and rectangles to be non-null
03-17 14:55:29.127 11717 11795 W CameraMetadataJV: Expect face scores and rectangles to be non-null
03-17 14:55:29.127 11717 11717 I GestureDetector: obtain mCurrentDownEvent. id: 127617455 caller: com.google.android.apps.camera.bottombar.BottomBar.onTouchEvent:2 android.view.View.dispatchTouchEvent:15544 android.view.ViewGroup.dispatchTransformedTouchEvent:3310
03-17 14:55:29.127 11717 11795 W CameraMetadataJV: Expect face scores and rectangles to be non-null
03-17 14:55:29.127 11717 11795 W CameraMetadataJV: Expect face scores and rectangles to be non-null
03-17 14:55:29.127 11717 11912 E OisListener: Null pointer for OIS data. OIS API version: 2
03-17 14:55:29.129 11717 11917 W CameraMetadataJV: Expect face scores and rectangles to be non-null
03-17 14:55:29.151 11717 11912 E OisListener: Null pointer for OIS data. OIS API version: 2
03-17 14:55:29.151 11717 11795 W CameraMetadataJV: Expect face scores and rectangles to be non-null
03-17 14:55:29.151 11717 11795 W CameraMetadataJV: Expect face scores and rectangles to be non-null
03-17 14:55:29.151 11717 11795 W CameraMetadataJV: Expect face scores and rectangles to be non-null
03-17 14:55:29.151 11717 11795 W CameraMetadataJV: Expect face scores and rectangles to be non-null
03-17 14:55:29.151 11717 11795 W CameraMetadataJV: Expect face scores and rectangles to be non-null
03-17 14:55:29.151 11717 11795 W CameraMetadataJV: Expect face scores and rectangles to be non-null
03-17 14:55:29.151 11717 11795 W CameraMetadataJV: Expect face scores and rectangles to be non-null
03-17 14:55:29.152 11717 11917 W CameraMetadataJV: Expect face scores and rectangles to be non-null
03-17 14:55:29.170 11717 11717 I ViewRootImpl@9b92167[Toast]: setView = android.widget.LinearLayout@603dc81 TM=true
03-17 14:55:29.185 11717 11717 I ViewRootImpl@9b92167[Toast]: performTraversals params={(0,224)(wrapxwrap) gr=BOTTOM CENTER sim={adjust=pan} ty=TOAST fmt=TRANSLUCENT wanim=0x1030004
03-17 14:55:29.185 11717 11717 I ViewRootImpl@9b92167[Toast]: fl=1000098
03-17 14:55:29.185 11717 11717 I ViewRootImpl@9b92167[Toast]: pfl=12000000
03-17 14:55:29.185 11717 11717 I ViewRootImpl@9b92167[Toast]: bhv=DEFAULT
03-17 14:55:29.185 11717 11717 I ViewRootImpl@9b92167[Toast]: fitTypes=STATUS_BARS NAVIGATION_BARS CAPTION_BAR
03-17 14:55:29.185 11717 11717 I ViewRootImpl@9b92167[Toast]: fitIgnoreVis naviIconColor=0
03-17 14:55:29.185 11717 11717 I ViewRootImpl@9b92167[Toast]: sfl=20000}
03-17 14:55:29.186 11717 11912 E OisListener: Null pointer for OIS data. OIS API version: 2
03-17 14:55:29.187 11717 11795 W CameraMetadataJV: Expect face scores and rectangles to be non-null
03-17 14:55:29.187 11717 11795 W CameraMetadataJV: Expect face scores and rectangles to be non-null
03-17 14:55:29.187 11717 11795 W CameraMetadataJV: Expect face scores and rectangles to be non-null
03-17 14:55:29.187 11717 11717 I ViewRootImpl@9b92167[Toast]: performTraversals mFirst=true windowShouldResize=false viewVisibilityChanged=false mForceNextWindowRelayout=false params={(0,224)(wrapxwrap) gr=BOTTOM CENTER sim={adjust=pan} ty=TOAST fmt=TRANSLUCENT wanim=0x1030004
03-17 14:55:29.187 11717 11717 I ViewRootImpl@9b92167[Toast]: fl=1000098
03-17 14:55:29.187 11717 11717 I ViewRootImpl@9b92167[Toast]: pfl=12000000
03-17 14:55:29.187 11717 11717 I ViewRootImpl@9b92167[Toast]: bhv=DEFAULT
03-17 14:55:29.187 11717 11717 I ViewRootImpl@9b92167[Toast]: fitTypes=STATUS_BARS NAVIGATION_BARS CAPTION_BAR
03-17 14:55:29.187 11717 11717 I ViewRootImpl@9b92167[Toast]: fitIgnoreVis naviIconColor=0
03-17 14:55:29.187 11717 11717 I ViewRootImpl@9b92167[Toast]: sfl=20000}
03-17 14:55:29.187 11717 11917 W CameraMetadataJV: Expect face scores and rectangles to be non-null
03-17 14:55:29.190 11717 11795 W CameraMetadataJV: Expect face scores and rectangles to be non-null
03-17 14:55:29.190 11717 11795 W CameraMetadataJV: Expect face scores and rectangles to be non-null
03-17 14:55:29.190 11717 11795 W CameraMetadataJV: Expect face scores and rectangles to be non-null
03-17 14:55:29.191 11717 11795 W CameraMetadataJV: Expect face scores and rectangles to be non-null
03-17 14:55:29.192 11717 11717 I ViewRootImpl@9b92167[Toast]: updateBlastSurfaceIfNeeded mBlastBufferQueue=null isSameSurfaceControl=false
03-17 14:55:29.192 11717 11717 I BLASTBufferQueue: new BLASTBufferQueue, mName= ViewRootImpl@9b92167[Toast] mNativeObject= 0x708433a4d0 sc.mNativeObject= 0x701438dfa0 caller= android.view.ViewRootImpl.updateBlastSurfaceIfNeeded:2909 android.view.ViewRootImpl.relayoutWindow:9847 android.view.ViewRootImpl.performTraversals:3884 android.view.ViewRootImpl.doTraversal:3116 android.view.ViewRootImpl$TraversalRunnable.run:10885 android.view.Choreographer$CallbackRecord.run:1301 android.view.Choreographer$CallbackRecord.run:1309 android.view.Choreographer.doCallbacks:923 android.view.Choreographer.doFrame:852 android.view.Choreographer$FrameDisplayEventReceiver.run:1283
03-17 14:55:29.192 11717 11717 I BLASTBufferQueue: update, w= 618 h= 145 mName = ViewRootImpl@9b92167[Toast] mNativeObject= 0x708433a4d0 sc.mNativeObject= 0x701438dfa0 format= -3 caller= android.graphics.BLASTBufferQueue.<init>:84 android.view.ViewRootImpl.updateBlastSurfaceIfNeeded:2909 android.view.ViewRootImpl.relayoutWindow:9847 android.view.ViewRootImpl.performTraversals:3884 android.view.ViewRootImpl.doTraversal:3116 android.view.ViewRootImpl$TraversalRunnable.run:10885
03-17 14:55:29.193 11717 11717 I ViewRootImpl@9b92167[Toast]: Relayout returned: old=(0,139,1440,2872) new=(411,2503,1029,2648) req=(618,145)0 dur=5 res=0x3 s={true 0x7114382bd0} ch=true seqId=0
03-17 14:55:29.193 11717 11717 I ViewRootImpl@9b92167[Toast]: mThreadedRenderer.initialize() mSurface={isValid=true 0x7114382bd0} hwInitialized=true
03-17 14:55:29.194 11717 11717 I ViewRootImpl@9b92167[Toast]: reportNextDraw android.view.ViewRootImpl.performTraversals:4438 android.view.ViewRootImpl.doTraversal:3116 android.view.ViewRootImpl$TraversalRunnable.run:10885 android.view.Choreographer$CallbackRecord.run:1301 android.view.Choreographer$CallbackRecord.run:1309
03-17 14:55:29.194 11717 11717 I ViewRootImpl@9b92167[Toast]: Setup new sync id=0
03-17 14:55:29.194 11717 11717 I ViewRootImpl@9b92167[Toast]: Setting syncFrameCallback
03-17 14:55:29.194 11717 11717 I ViewRootImpl@9b92167[Toast]: registerCallbacksForSync syncBuffer=false
03-17 14:55:29.195 11717 11800 I ViewRootImpl@9b92167[Toast]: Received frameDrawingCallback syncResult=0 frameNum=1.
03-17 14:55:29.195 11717 11800 I ViewRootImpl@9b92167[Toast]: Setting up sync and frameCommitCallback
03-17 14:55:29.201 11717 11739 I BLASTBufferQueue: [ViewRootImpl@9b92167[Toast]#2] (f:0,a:0) onFrameAvailable the first frame is available
03-17 14:55:29.201 11717 11739 I ViewRootImpl@9b92167[Toast]: Received frameCommittedCallback lastAttemptedDrawFrameNum=1 didProduceBuffer=true
03-17 14:55:29.203 11717 11739 W Parcel : Expecting binder but got null!
03-17 14:55:29.203 11717 11717 I ViewRootImpl@9b92167[Toast]: onSyncComplete
03-17 14:55:29.203 11717 11717 I ViewRootImpl@9b92167[Toast]: setupSync seqId=0 mSyncId=0 fn=1 caller=android.view.ViewRootImpl$$ExternalSyntheticLambda11.accept:6 android.window.SurfaceSyncer.lambda$setupSync$1$android-window-SurfaceSyncer:128 android.window.SurfaceSyncer$$ExternalSyntheticLambda1.accept:8 android.window.SurfaceSyncer$SyncSet.checkIfSyncIsComplete:382 android.window.SurfaceSyncer$SyncSet.markSyncReady:359 android.window.SurfaceSyncer.markSyncReady:151 android.view.ViewRootImpl.performTraversals:4503
03-17 14:55:29.204 11717 11717 I ViewRootImpl@54907c9[CameraActivity]: ViewPostIme pointer 1
03-17 14:55:29.204 11717 11717 I GestureDetector: obtain mCurrentMotionEventRaw. action: 1 id: 118340196
03-17 14:55:29.204 11717 11717 I ViewRootImpl@9b92167[Toast]: reportDrawFinished seqId=0 mSyncId=-1 fn=1 mSurfaceChangedTransaction=0x7044349ab0
03-17 14:55:29.258 11717 11795 W JankMonitorFacade: PHOTO > rel Δ(result sensor timestamp) = 1.00 > 0.25
03-17 14:55:29.258 11717 11795 W JankMonitorFacade: PHOTO > result sensor delay = 2.00 > 1.10
03-17 14:55:29.259 11717 11912 E OisListener: Null pointer for OIS data. OIS API version: 2
03-17 14:55:29.259 11717 11917 W CameraMetadataJV: Expect face scores and rectangles to be non-null
03-17 14:55:29.259 11717 11795 W CameraMetadataJV: Expect face scores and rectangles to be non-null
03-17 14:55:29.259 11717 11795 W CameraMetadataJV: Expect face scores and rectangles to be non-null
03-17 14:55:29.259 11717 11795 W CameraMetadataJV: Expect face scores and rectangles to be non-null
03-17 14:55:29.260 11717 11795 W CameraMetadataJV: Expect face scores and rectangles to be non-null
03-17 14:55:29.260 11717 11795 W CameraMetadataJV: Expect face scores and rectangles to be non-null
03-17 14:55:29.260 11717 11795 W CameraMetadataJV: Expect face scores and rectangles to be non-null
03-17 14:55:29.260 11717 11795 W CameraMetadataJV: Expect face scores and rectangles to be non-null
03-17 14:55:29.324 11717 11795 W JankMonitorFacade: PHOTO > result sensor delay = 2.00 > 1.10
03-17 14:55:29.325 11717 11912 E OisListener: Null pointer for OIS data. OIS API version: 2
03-17 14:55:29.325 11717 11795 W CameraMetadataJV: Expect face scores and rectangles to be non-null
03-17 14:55:29.325 11717 11795 W CameraMetadataJV: Expect face scores and rectangles to be non-null
03-17 14:55:29.325 11717 11917 W CameraMetadataJV: Expect face scores and rectangles to be non-null
03-17 14:55:29.325 11717 11795 W CameraMetadataJV: Expect face scores and rectangles to be non-null
03-17 14:55:29.326 11717 11795 W CameraMetadataJV: Expect face scores and rectangles to be non-null
03-17 14:55:29.326 11717 11795 W CameraMetadataJV: Expect face scores and rectangles to be non-null
03-17 14:55:29.326 11717 11795 W CameraMetadataJV: Expect face scores and rectangles to be non-null
03-17 14:55:29.326 11717 11795 W CameraMetadataJV: Expect face scores and rectangles to be non-null
03-17 14:55:29.355 11717 11795 W JankMonitorFacade: PHOTO > rel Δ(result sensor timestamp) = 0.50 > 0.25
03-17 14:55:29.356 11717 11912 E OisListener: Null pointer for OIS data. OIS API version: 2
03-17 14:55:29.357 11717 11795 W CameraMetadataJV: Expect face scores and rectangles to be non-null
03-17 14:55:29.357 11717 11795 W CameraMetadataJV: Expect face scores and rectangles to be non-null
03-17 14:55:29.357 11717 11795 W CameraMetadataJV: Expect face scores and rectangles to be non-null
03-17 14:55:29.357 11717 11795 W CameraMetadataJV: Expect face scores and rectangles to be non-null
03-17 14:55:29.357 11717 11795 W CameraMetadataJV: Expect face scores and rectangles to be non-null
03-17 14:55:29.357 11717 11795 W CameraMetadataJV: Expect face scores and rectangles to be non-null
03-17 14:55:29.358 11717 11795 W CameraMetadataJV: Expect face scores and rectangles to be non-null
03-17 14:55:29.358 11717 11917 W CameraMetadataJV: Expect face scores and rectangles to be non-null
03-17 14:55:29.361 11717 11757 W CameraMetadataJV: Expect face scores and rectangles to be non-null
03-17 14:55:29.390 11717 11912 E OisListener: Null pointer for OIS data. OIS API version: 2
03-17 14:55:29.390 11717 11795 W CameraMetadataJV: Expect face scores and rectangles to be non-null
03-17 14:55:29.390 11717 11795 W CameraMetadataJV: Expect face scores and rectangles to be non-null
03-17 14:55:29.390 11717 11795 W CameraMetadataJV: Expect face scores and rectangles to be non-null
03-17 14:55:29.390 11717 11795 W CameraMetadataJV: Expect face scores and rectangles to be non-null
03-17 14:55:29.390 11717 11795 W CameraMetadataJV: Expect face scores and rectangles to be non-null
03-17 14:55:29.391 11717 11795 W CameraMetadataJV: Expect face scores and rectangles to be non-null
03-17 14:55:29.391 11717 11795 W CameraMetadataJV: Expect face scores and rectangles to be non-null
03-17 14:55:29.391 11717 11917 W CameraMetadataJV: Expect face scores and rectangles to be non-null
03-17 14:55:29.420 11717 11912 E OisListener: Null pointer for OIS data. OIS API version: 2
03-17 14:55:29.420 11717 11795 W CameraMetadataJV: Expect face scores and rectangles to be non-null
03-17 14:55:29.420 11717 11795 W CameraMetadataJV: Expect face scores and rectangles to be non-null
03-17 14:55:29.420 11717 11795 W CameraMetadataJV: Expect face scores and rectangles to be non-null
