The document contains log messages from a camera application. It logs the status of multiple cameras on a device, including rear and front facing cameras. It logs when the cameras are closed, opened, available, and not available to different camera clients like camera, messaging and scanning applications. It also logs some errors and hidden method access warnings during the camera initialization process.
The document contains log messages from a camera application. It logs the status of multiple cameras on a device, including rear and front facing cameras. It logs when the cameras are closed, opened, available, and not available to different camera clients like camera, messaging and scanning applications. It also logs some errors and hidden method access warnings during the camera initialization process.
The document contains log messages from a camera application. It logs the status of multiple cameras on a device, including rear and front facing cameras. It logs when the cameras are closed, opened, available, and not available to different camera clients like camera, messaging and scanning applications. It also logs some errors and hidden method access warnings during the camera initialization process.
The document contains log messages from a camera application. It logs the status of multiple cameras on a device, including rear and front facing cameras. It logs when the cameras are closed, opened, available, and not available to different camera clients like camera, messaging and scanning applications. It also logs some errors and hidden method access warnings during the camera initialization process.
Download as TXT, PDF, TXT or read online from Scribd
Download as txt, pdf, or txt
You are on page 1of 2789
--------- beginning of main
03-17 14:40:32.350 29465 29505 I CameraManagerGlobal: Connecting to camera service
03-17 14:40:32.357 29465 29480 I CameraManagerGlobal: Camera 0 facing CAMERA_FACING_BACK state now CAMERA_STATE_CLOSED for client com.samsung.android.scan3d API Level 2
03-17 14:40:32.358 29465 29480 I CameraManagerGlobal: Camera 1 facing CAMERA_FACING_FRONT state now CAMERA_STATE_CLOSED for client com.sec.android.app.camera API Level 2
03-17 14:40:32.358 29465 29480 I CameraManagerGlobal: Camera 2 facing CAMERA_FACING_BACK state now CAMERA_STATE_CLOSED for client org.telegram.messenger API Level 1
03-17 14:40:32.359 29465 29480 I CameraManagerGlobal: Camera 20 facing CAMERA_FACING_BACK state now CAMERA_STATE_CLOSED for client com.sec.android.app.camera API Level 2
03-17 14:40:32.359 29465 29480 I CameraManagerGlobal: Camera 21 facing CAMERA_FACING_BACK state now CAMERA_STATE_CLOSED for client android.system API Level 2
03-17 14:40:32.359 29465 29480 I CameraManagerGlobal: Camera 23 facing CAMERA_FACING_BACK state now CAMERA_STATE_CLOSED for client android.system API Level 2
03-17 14:40:32.360 29465 29480 I CameraManagerGlobal: Camera 3 facing CAMERA_FACING_FRONT state now CAMERA_STATE_CLOSED for client org.telegram.messenger API Level 1
03-17 14:40:32.360 29465 29480 I CameraManagerGlobal: Camera 4 facing CAMERA_FACING_BACK state now CAMERA_STATE_CLOSED for client android.system API Level 2
03-17 14:40:32.360 29465 29480 I CameraManagerGlobal: Camera 40 facing CAMERA_FACING_BACK state now CAMERA_STATE_CLOSED for client android.system API Level 2
03-17 14:40:32.361 29465 29479 I CameraManagerGlobal: Camera 41 facing CAMERA_FACING_FRONT state now CAMERA_STATE_CLOSED for client android.system API Level 2
03-17 14:40:32.362 29465 29479 W libc : Access denied finding property "sys.perf.boostopt"
03-17 14:40:32.362 29465 29479 I CameraManagerGlobal: Camera 5 facing CAMERA_FACING_FRONT state now CAMERA_STATE_CLOSED for client android.system API Level 2
03-17 14:40:32.363 29465 29480 I CameraManagerGlobal: Camera 50 facing CAMERA_FACING_BACK state now CAMERA_STATE_CLOSED for client android.system API Level 2
03-17 14:40:32.363 29465 29478 I CameraManagerGlobal: Camera 52 facing CAMERA_FACING_BACK state now CAMERA_STATE_CLOSED for client android.system API Level 2
03-17 14:40:32.364 29465 29478 I CameraManagerGlobal: Camera 80 facing CAMERA_FACING_BACK state now CAMERA_STATE_CLOSED for client android.system API Level 2
03-17 14:40:32.364 29465 29478 I CameraManagerGlobal: Camera 81 facing CAMERA_FACING_FRONT state now CAMERA_STATE_CLOSED for client android.system API Level 2
03-17 14:40:32.365 29465 29478 I CameraManagerGlobal: Camera 91 facing CAMERA_FACING_FRONT state now CAMERA_STATE_CLOSED for client android.system API Level 2
03-17 14:40:32.398 29465 29465 W .android.scan3d: Accessing hidden method Landroid/os/SystemProperties;->set(Ljava/lang/String;Ljava/lang/String;)V (unsupported, reflection, allowed)
03-17 14:40:32.398 29465 29465 W CAM_Log : Tag ConfigGserviceSource is 1 chars longer than limit.
03-17 14:40:32.478 29465 29465 I DecorView: [INFO] isPopOver=false config=true
03-17 14:40:32.478 29465 29465 I DecorView: updateCaptionType: isFloating=false isApplication=true hasWindowDecorCaption=false this=DecorView@f1a67f2[]
03-17 14:40:32.481 29465 29465 I DecorView: getCurrentDensityDpi: from real metrics. densityDpi=560 msg=resources_loaded
03-17 14:40:32.481 29465 29465 I DecorView: setWindowBackground: isPopOver=false color=fff6f6f6 d=android.graphics.drawable.LayerDrawable@c63113e
03-17 14:40:32.484 29465 29465 W .android.scan3d: Accessing hidden method Landroid/view/View;->computeFitSystemWindows(Landroid/graphics/Rect;Landroid/ graphics/Rect;)Z (unsupported, reflection, allowed)
03-17 14:40:32.485 29465 29465 W .android.scan3d: Accessing hidden method Landroid/view/ViewGroup;->makeOptionalFitsSystemWindows()V (unsupported, reflection, allowed)
03-17 14:40:32.502 29465 29522 W AudioCapabilities: Unsupported mime audio/x-ape
03-17 14:40:32.503 29465 29522 W AudioCapabilities: Unsupported mime audio/x-ima
03-17 14:40:32.503 29465 29522 W AudioCapabilities: Unsupported mime audio/mpeg-L1
03-17 14:40:32.504 29465 29522 W AudioCapabilities: Unsupported mime audio/mpeg-L2
03-17 14:40:32.504 29465 29522 W VideoCapabilities: Unsupported mime video/mp43
03-17 14:40:32.505 29465 29522 W VideoCapabilities: Unsupported mime video/wvc1
03-17 14:40:32.506 29465 29522 W VideoCapabilities: Unsupported mime video/x-ms-wmv
03-17 14:40:32.506 29465 29522 W AudioCapabilities: Unsupported mime audio/x-ms-wma
03-17 14:40:32.506 29465 29522 W VideoCapabilities: Unsupported mime video/x-ms- wmv7
03-17 14:40:32.506 29465 29522 W VideoCapabilities: Unsupported mime video/x-ms- wmv8
03-17 14:40:32.530 29465 29465 W FontsContract: Platform version of downloadable fonts is deprecated. Please use androidx version instead.
03-17 14:40:32.547 29465 29526 I CameraManager: registerAvailabilityCallback: Is device callback = false
03-17 14:40:32.547 29465 29526 I CameraManagerGlobal: postSingleUpdate device: camera id 0 status STATUS_PRESENT
03-17 14:40:32.547 29465 29526 I CameraManagerGlobal: postSingleUpdate device: camera id 1 status STATUS_PRESENT
03-17 14:40:32.548 29465 29526 I CameraManagerGlobal: postSingleUpdate device: camera id 2 status STATUS_PRESENT
03-17 14:40:32.548 29465 29526 I CameraManagerGlobal: postSingleUpdate device: camera id 3 status STATUS_PRESENT
03-17 14:40:32.548 29465 29526 I CameraManagerGlobal: postSingleUpdate device: camera id 4 status STATUS_PRESENT
03-17 14:40:32.548 29465 29526 I CameraManagerGlobal: postSingleUpdate device: camera id 5 status STATUS_PRESENT
03-17 14:40:32.548 29465 29526 I CameraManagerGlobal: postSingleUpdate device: camera id 20 status STATUS_PRESENT
03-17 14:40:32.548 29465 29526 I CameraManagerGlobal: postSingleUpdate device: camera id 21 status STATUS_PRESENT
03-17 14:40:32.548 29465 29526 I CameraManagerGlobal: postSingleUpdate device: camera id 23 status STATUS_PRESENT
03-17 14:40:32.549 29465 29526 I CameraManagerGlobal: postSingleUpdate device: camera id 40 status STATUS_PRESENT
03-17 14:40:32.549 29465 29526 I CameraManagerGlobal: postSingleUpdate device: camera id 41 status STATUS_PRESENT
03-17 14:40:32.549 29465 29526 I CameraManagerGlobal: postSingleUpdate device: camera id 50 status STATUS_PRESENT
03-17 14:40:32.549 29465 29526 I CameraManagerGlobal: postSingleUpdate device: camera id 52 status STATUS_PRESENT
03-17 14:40:32.549 29465 29526 I CameraManagerGlobal: postSingleUpdate device: camera id 80 status STATUS_PRESENT
03-17 14:40:32.549 29465 29526 I CameraManagerGlobal: postSingleUpdate device: camera id 81 status STATUS_PRESENT
03-17 14:40:32.550 29465 29526 I CameraManagerGlobal: postSingleUpdate device: camera id 91 status STATUS_PRESENT
03-17 14:40:32.559 29465 29517 W CAM_Log : Tag PckStreamConfigModule is 2 chars longer than limit.
03-17 14:40:32.564 29465 29478 I CameraManagerGlobal: postSingleUpdate device: camera id 20 status STATUS_NOT_AVAILABLE
03-17 14:40:32.565 29465 29478 I CameraManagerGlobal: postSingleUpdate device: camera id 21 status STATUS_NOT_AVAILABLE
03-17 14:40:32.566 29465 29478 I CameraManagerGlobal: postSingleUpdate device: camera id 23 status STATUS_NOT_AVAILABLE
03-17 14:40:32.566 29465 29478 I CameraManagerGlobal: postSingleUpdate device: camera id 0 status STATUS_NOT_AVAILABLE
03-17 14:40:32.583 29465 29478 I CameraManagerGlobal: Camera 0 facing CAMERA_FACING_BACK state now CAMERA_STATE_OPEN for client com.samsung.android.scan3d API Level 2
03-17 14:40:32.625 29465 29465 W .android.scan3d: Accessing hidden method Landroid/app/Activity;->setDisablePreviewScreenshots(Z)V (max-target-s, reflection, allowed)
03-17 14:40:32.631 29465 29465 I MSHandlerLifeCycle: check: return. pkg=com.samsung.android.scan3d parent=null callers=com.android.internal.policy.DecorView.setVisibility:4411 android.app.ActivityThread.handleResumeActivity:5476 android.app.servertransaction.ResumeActivityItem.execute:54 android.app.servertransaction.ActivityTransactionItem.execute:45 android.app.servertransaction.TransactionExecutor.executeLifecycleState:176
03-17 14:40:32.631 29465 29465 I MSHandlerLifeCycle: removeMultiSplitHandler: no exist. decor=DecorView@f1a67f2[]
03-17 14:40:32.640 29465 29465 I DecorView: onImmersiveModeChanged: isStatusBarHidden=true
03-17 14:40:32.640 29465 29465 I DecorView: notifyKeepScreenOnChanged: keepScreenOn=false
03-17 14:40:32.648 29465 29465 I ViewRootImpl@28344fc[CameraActivity]: setView = com.android.internal.policy.DecorView@f1a67f2 TM=true
03-17 14:40:32.649 29465 29465 I MSHandlerLifeCycle: check: return. Multi-window not supported pkg=com.samsung.android.scan3d
03-17 14:40:32.649 29465 29465 I MSHandlerLifeCycle: removeMultiSplitHandler: no exist. decor=DecorView@f1a67f2[CameraActivity]
03-17 14:40:32.666 29465 29522 W CAM_Log : Tag ShutterButtonAnimator is 2 chars longer than limit.
03-17 14:40:32.669 29465 29465 I ViewRootImpl@28344fc[CameraActivity]: performTraversals params={(0,0)(fillxfill) sim={state=always_hidden adjust=pan forwardNavigation} layoutInDisplayCutoutMode=shortEdges ty=BASE_APPLICATION fmt=TRANSLUCENT wanim=0x1030309 rotAnim=SEAMLESS
03-17 14:40:32.669 29465 29465 I ViewRootImpl@28344fc[CameraActivity]: fl=81810500
03-17 14:40:32.669 29465 29465 I ViewRootImpl@28344fc[CameraActivity]: pfl=12020040
03-17 14:40:32.669 29465 29465 I ViewRootImpl@28344fc[CameraActivity]: vsysui=705
03-17 14:40:32.669 29465 29465 I ViewRootImpl@28344fc[CameraActivity]: apr=LOW_PROFILE_BARS
03-17 14:40:32.669 29465 29465 I ViewRootImpl@28344fc[CameraActivity]: bhv=SHOW_TRANSIENT_BARS_BY_SWIPE
03-17 14:40:32.669 29465 29465 I ViewRootImpl@28344fc[CameraActivity]: fitSides= naviIconColor=0}
03-17 14:40:32.670 29465 29465 I ViewRootImpl@28344fc[CameraActivity]: performTraversals mFirst=true windowShouldResize=true viewVisibilityChanged=false mForceNextWindowRelayout=false params={(0,0)(fillxfill) sim={state=always_hidden adjust=pan forwardNavigation} layoutInDisplayCutoutMode=shortEdges ty=BASE_APPLICATION fmt=TRANSLUCENT wanim=0x1030309 rotAnim=SEAMLESS
03-17 14:40:32.670 29465 29465 I ViewRootImpl@28344fc[CameraActivity]: fl=81810500
03-17 14:40:32.670 29465 29465 I ViewRootImpl@28344fc[CameraActivity]: pfl=12020040
03-17 14:40:32.670 29465 29465 I ViewRootImpl@28344fc[CameraActivity]: vsysui=705
03-17 14:40:32.670 29465 29465 I ViewRootImpl@28344fc[CameraActivity]: apr=LOW_PROFILE_BARS
03-17 14:40:32.670 29465 29465 I ViewRootImpl@28344fc[CameraActivity]: bhv=SHOW_TRANSIENT_BARS_BY_SWIPE
03-17 14:40:32.670 29465 29465 I ViewRootImpl@28344fc[CameraActivity]: fitSides= naviIconColor=0}
03-17 14:40:32.678 29465 29465 I ViewRootImpl@28344fc[CameraActivity]: updateBlastSurfaceIfNeeded mBlastBufferQueue=null isSameSurfaceControl=false
03-17 14:40:32.678 29465 29465 I BLASTBufferQueue: new BLASTBufferQueue, mName= ViewRootImpl@28344fc[CameraActivity] mNativeObject= 0x7084318e70 sc.mNativeObject= 0x70143205d0 caller= android.view.ViewRootImpl.updateBlastSurfaceIfNeeded:2909 android.view.ViewRootImpl.relayoutWindow:9847 android.view.ViewRootImpl.performTraversals:3884 android.view.ViewRootImpl.doTraversal:3116 android.view.ViewRootImpl$TraversalRunnable.run:10885 android.view.Choreographer$CallbackRecord.run:1301 android.view.Choreographer$CallbackRecord.run:1309 android.view.Choreographer.doCallbacks:923 android.view.Choreographer.doFrame:852 android.view.Choreographer$FrameDisplayEventReceiver.run:1283
03-17 14:40:32.679 29465 29465 I BLASTBufferQueue: update, w= 1440 h= 3040 mName = ViewRootImpl@28344fc[CameraActivity] mNativeObject= 0x7084318e70 sc.mNativeObject= 0x70143205d0 format= -3 caller= android.graphics.BLASTBufferQueue.<init>:84 android.view.ViewRootImpl.updateBlastSurfaceIfNeeded:2909 android.view.ViewRootImpl.relayoutWindow:9847 android.view.ViewRootImpl.performTraversals:3884 android.view.ViewRootImpl.doTraversal:3116 android.view.ViewRootImpl$TraversalRunnable.run:10885
03-17 14:40:32.679 29465 29465 I ViewRootImpl@28344fc[CameraActivity]: Relayout returned: old=(0,0,1440,3040) new=(0,0,1440,3040) req=(1440,3040)0 dur=8 res=0x3 s={true 0x711433a5b0} ch=true seqId=0
03-17 14:40:32.680 29465 29465 I ViewRootImpl@28344fc[CameraActivity]: mThreadedRenderer.initialize() mSurface={isValid=true 0x711433a5b0} hwInitialized=true
03-17 14:40:32.684 29465 29478 W libc : Access denied finding property "sys.perf.boostopt"
03-17 14:40:32.685 29465 29526 I CameraManager: registerAvailabilityCallback: Is device callback = false
03-17 14:40:32.686 29465 29526 I CameraManagerGlobal: postSingleUpdate device: camera id 0 status STATUS_NOT_AVAILABLE
03-17 14:40:32.686 29465 29526 I CameraManagerGlobal: postSingleUpdate device: camera id 1 status STATUS_PRESENT
03-17 14:40:32.688 29465 29526 I CameraManagerGlobal: postSingleUpdate device: camera id 2 status STATUS_PRESENT
03-17 14:40:32.689 29465 29526 I CameraManagerGlobal: postSingleUpdate device: camera id 3 status STATUS_PRESENT
03-17 14:40:32.689 29465 29526 I CameraManagerGlobal: postSingleUpdate device: camera id 4 status STATUS_PRESENT
03-17 14:40:32.689 29465 29526 I CameraManagerGlobal: postSingleUpdate device: camera id 5 status STATUS_PRESENT
03-17 14:40:32.689 29465 29526 I CameraManagerGlobal: postSingleUpdate device: camera id 20 status STATUS_PRESENT
03-17 14:40:32.690 29465 29526 I CameraManagerGlobal: postSingleUpdate device: camera id 21 status STATUS_PRESENT
03-17 14:40:32.690 29465 29526 I CameraManagerGlobal: postSingleUpdate device: camera id 23 status STATUS_PRESENT
03-17 14:40:32.690 29465 29526 I CameraManagerGlobal: postSingleUpdate device: camera id 23 status STATUS_NOT_PRESENT
03-17 14:40:32.690 29465 29526 I CameraManagerGlobal: postSingleUpdate device: camera id 40 status STATUS_PRESENT
03-17 14:40:32.691 29465 29526 I CameraManagerGlobal: postSingleUpdate device: camera id 41 status STATUS_PRESENT
03-17 14:40:32.691 29465 29526 I CameraManagerGlobal: postSingleUpdate device: camera id 50 status STATUS_PRESENT
03-17 14:40:32.691 29465 29561 I Gralloc4: mapper 4.x is not supported
03-17 14:40:32.691 29465 29465 I ViewRootImpl@28344fc[CameraActivity]: reportNextDraw android.view.ViewRootImpl.performTraversals:4438 android.view.ViewRootImpl.doTraversal:3116 android.view.ViewRootImpl$TraversalRunnable.run:10885 android.view.Choreographer$CallbackRecord.run:1301 android.view.Choreographer$CallbackRecord.run:1309
03-17 14:40:32.691 29465 29526 I CameraManagerGlobal: postSingleUpdate device: camera id 52 status STATUS_PRESENT
03-17 14:40:32.691 29465 29561 W Gralloc3: mapper 3.x is not supported
03-17 14:40:32.691 29465 29526 I CameraManagerGlobal: postSingleUpdate device: camera id 80 status STATUS_PRESENT
03-17 14:40:32.691 29465 29526 I CameraManagerGlobal: postSingleUpdate device: camera id 81 status STATUS_PRESENT
03-17 14:40:32.691 29465 29465 I ViewRootImpl@28344fc[CameraActivity]: Setup new sync id=0
03-17 14:40:32.691 29465 29465 I ViewRootImpl@28344fc[CameraActivity]: Setting syncFrameCallback
03-17 14:40:32.691 29465 29465 I ViewRootImpl@28344fc[CameraActivity]: registerCallbacksForSync syncBuffer=false
03-17 14:40:32.691 29465 29526 I CameraManagerGlobal: postSingleUpdate device: camera id 91 status STATUS_PRESENT
03-17 14:40:32.692 29465 29478 I CameraManagerGlobal: postSingleUpdate device: camera id 23 status STATUS_PRESENT
03-17 14:40:32.692 29465 29478 I CameraManagerGlobal: postSingleUpdate device: camera id 0 status STATUS_PRESENT
03-17 14:40:32.693 29465 29552 I CameraManagerGlobal: Camera 0 facing CAMERA_FACING_BACK state now CAMERA_STATE_CLOSED for client com.samsung.android.scan3d API Level 2
03-17 14:40:32.696 29465 29561 I gralloc : Arm Module v1.0
03-17 14:40:32.699 29465 29561 W Gralloc4: allocator 4.x is not supported
03-17 14:40:32.699 29465 29561 W Gralloc3: allocator 3.x is not supported
03-17 14:40:32.700 29465 29563 I ViewRootImpl@28344fc[CameraActivity]: Received frameDrawingCallback syncResult=0 frameNum=1.
03-17 14:40:32.700 29465 29563 I ViewRootImpl@28344fc[CameraActivity]: Setting up sync and frameCommitCallback
03-17 14:40:32.701 29465 29522 W CAM_Log : Tag SceneDistanceAdviceSettings is 8 chars longer than limit.
03-17 14:40:32.703 29465 29552 I CameraManagerGlobal: postSingleUpdate device: camera id 20 status STATUS_NOT_AVAILABLE
03-17 14:40:32.704 29465 29552 I CameraManagerGlobal: postSingleUpdate device: camera id 21 status STATUS_NOT_AVAILABLE
03-17 14:40:32.704 29465 29552 I CameraManagerGlobal: postSingleUpdate device: camera id 23 status STATUS_NOT_AVAILABLE
03-17 14:40:32.704 29465 29522 W CAM_Log : Tag LongExposureStatechart is 3 chars longer than limit.
03-17 14:40:32.705 29465 29552 I CameraManagerGlobal: postSingleUpdate device: camera id 0 status STATUS_NOT_AVAILABLE
03-17 14:40:32.718 29465 29552 I CameraManagerGlobal: Camera 0 facing CAMERA_FACING_BACK state now CAMERA_STATE_OPEN for client com.samsung.android.scan3d API Level 2
03-17 14:40:32.722 29465 29487 I BLASTBufferQueue: [ViewRootImpl@28344fc[CameraActivity]#0](f:0,a:0) onFrameAvailable the first frame is available
03-17 14:40:32.722 29465 29487 I ViewRootImpl@28344fc[CameraActivity]: Received frameCommittedCallback lastAttemptedDrawFrameNum=1 didProduceBuffer=true
03-17 14:40:32.725 29465 29487 W Parcel : Expecting binder but got null!
03-17 14:40:32.725 29465 29465 I ViewRootImpl@28344fc[CameraActivity]: onSyncComplete
03-17 14:40:32.726 29465 29465 I ViewRootImpl@28344fc[CameraActivity]: setupSync seqId=0 mSyncId=0 fn=1 caller=android.view.ViewRootImpl$ $ExternalSyntheticLambda11.accept:6 android.window.SurfaceSyncer.lambda$setupSync$1$android-window-SurfaceSyncer:128 android.window.SurfaceSyncer$$ExternalSyntheticLambda1.accept:8 android.window.SurfaceSyncer$SyncSet.checkIfSyncIsComplete:382 android.window.SurfaceSyncer$SyncSet.markSyncReady:359 android.window.SurfaceSyncer.markSyncReady:151 android.view.ViewRootImpl.performTraversals:4503
03-17 14:40:32.726 29465 29465 I ViewRootImpl@28344fc[CameraActivity]: reportDrawFinished seqId=0 mSyncId=-1 fn=1 mSurfaceChangedTransaction=0x7044310db0
03-17 14:40:32.769 29465 29517 W CAM_DebugCanvasAdapter: UI view not yet initialized
03-17 14:40:32.834 29465 29526 W CAM_SimpleReqProcessor: Failed to add Stream-3 to CaptureRequest for Request-12. The surface (null) was not valid.
03-17 14:40:32.840 29465 29478 I CameraManagerGlobal: Camera 0 facing CAMERA_FACING_BACK state now CAMERA_STATE_ACTIVE for client com.samsung.android.scan3d API Level 2
03-17 14:40:32.841 29465 29526 W CAM_SimpleReqProcessor: Failed to add Stream-3 to CaptureRequest for Request-13. The surface (null) was not valid.
03-17 14:40:32.922 29465 29473 I .android.scan3d: Compiler allocated 4177KB to compile void android.widget.TextView.<init>(android.content.Context, android.util.AttributeSet, int, int)
03-17 14:40:32.957 29465 29465 W CAM_Log : Tag HdrPlusTemperatureListener is 7 chars longer than limit.
03-17 14:40:32.960 29465 29465 W CAM_ModeSwitcher: ModeSwitcher WAS ALREADY ENABLED!
03-17 14:40:32.975 29465 29465 I SurfaceView@983e39f: onWindowVisibilityChanged(0) true android.view.SurfaceView{983e39f V.E...... ......I. 0,0-0,0} of ViewRootImpl@28344fc[CameraActivity]
03-17 14:40:32.978 29465 29465 I DecorView: notifyKeepScreenOnChanged: keepScreenOn=true
03-17 14:40:32.991 29465 29465 I DecorView: notifyKeepScreenOnChanged: keepScreenOn=true
03-17 14:40:32.992 29465 29465 I ViewRootImpl@28344fc[CameraActivity]: performTraversals params={(0,0)(fillxfill) sim={state=always_hidden adjust=pan forwardNavigation} layoutInDisplayCutoutMode=shortEdges ty=BASE_APPLICATION fmt=TRANSLUCENT wanim=0x1030309 rotAnim=SEAMLESS sysuil=true
03-17 14:40:32.992 29465 29465 I ViewRootImpl@28344fc[CameraActivity]: fl=81810580
03-17 14:40:32.992 29465 29465 I ViewRootImpl@28344fc[CameraActivity]: pfl=12020040
03-17 14:40:32.992 29465 29465 I ViewRootImpl@28344fc[CameraActivity]: vsysui=705
03-17 14:40:32.992 29465 29465 I ViewRootImpl@28344fc[CameraActivity]: apr=LOW_PROFILE_BARS
03-17 14:40:32.992 29465 29465 I ViewRootImpl@28344fc[CameraActivity]: bhv=SHOW_TRANSIENT_BARS_BY_SWIPE
03-17 14:40:32.992 29465 29465 I ViewRootImpl@28344fc[CameraActivity]: fitSides= naviIconColor=0}
03-17 14:40:32.993 29465 29465 I ViewRootImpl@28344fc[CameraActivity]: performTraversals mFirst=false windowShouldResize=false viewVisibilityChanged=false mForceNextWindowRelayout=false params={(0,0)(fillxfill) sim={state=always_hidden adjust=pan forwardNavigation} layoutInDisplayCutoutMode=shortEdges ty=BASE_APPLICATION fmt=TRANSLUCENT wanim=0x1030309 rotAnim=SEAMLESS sysuil=true
03-17 14:40:32.993 29465 29465 I ViewRootImpl@28344fc[CameraActivity]: fl=81810580
03-17 14:40:32.993 29465 29465 I ViewRootImpl@28344fc[CameraActivity]: pfl=12020040
03-17 14:40:32.993 29465 29465 I ViewRootImpl@28344fc[CameraActivity]: vsysui=705
03-17 14:40:32.993 29465 29465 I ViewRootImpl@28344fc[CameraActivity]: apr=LOW_PROFILE_BARS
03-17 14:40:32.993 29465 29465 I ViewRootImpl@28344fc[CameraActivity]: bhv=SHOW_TRANSIENT_BARS_BY_SWIPE
03-17 14:40:32.993 29465 29465 I ViewRootImpl@28344fc[CameraActivity]: fitSides= naviIconColor=0}
03-17 14:40:32.997 29465 29465 I ViewRootImpl@28344fc[CameraActivity]: updateBlastSurfaceIfNeeded mBlastBufferQueue=0x7084318e70 isSameSurfaceControl=true
03-17 14:40:32.997 29465 29465 I BLASTBufferQueue: update, w= 1440 h= 3040 mName = ViewRootImpl@28344fc[CameraActivity] mNativeObject= 0x7084318e70 sc.mNativeObject= 0x701437cb40 format= -3 caller= android.view.ViewRootImpl.updateBlastSurfaceIfNeeded:2898 android.view.ViewRootImpl.relayoutWindow:9847 android.view.ViewRootImpl.performTraversals:3884 android.view.ViewRootImpl.doTraversal:3116 android.view.ViewRootImpl$TraversalRunnable.run:10885 android.view.Choreographer$CallbackRecord.run:1301
03-17 14:40:32.997 29465 29465 I ViewRootImpl@28344fc[CameraActivity]: Relayout returned: old=(0,0,1440,3040) new=(0,0,1440,3040) req=(1440,3040)0 dur=4 res=0x0 s={true 0x711433a5b0} ch=false seqId=0
03-17 14:40:33.002 29465 29465 W Resources: Drawable com.samsung.android.scan3d:drawable/notification_dot has unresolved theme attributes! Consider using Resources.getDrawable(int, Theme) or Context.getDrawable(int).
03-17 14:40:33.002 29465 29465 W Resources: java.lang.RuntimeException
03-17 14:40:33.002 29465 29465 W Resources: at android.content.res.Resources.getDrawable(Resources.java:967)
03-17 14:40:33.002 29465 29465 W Resources: at jiw.a(Unknown Source:38)
03-17 14:40:33.002 29465 29465 W Resources: at jhd.onLayout(Unknown Source:97)
03-17 14:40:33.002 29465 29465 W Resources: at android.view.View.layout(View.java:24969)
03-17 14:40:33.002 29465 29465 W Resources: at android.view.ViewGroup.layout(ViewGroup.java:6784)
03-17 14:40:33.002 29465 29465 W Resources: at android.widget.FrameLayout.layoutChildren(FrameLayout.java:332)
03-17 14:40:33.002 29465 29465 W Resources: at android.widget.HorizontalScrollView.onLayout(HorizontalScrollView.java:2120)
03-17 14:40:33.002 29465 29465 W Resources: at com.google.android.apps.camera.ui.modeswitcher.ModeSwitcher.onLayout(Unknown Source:0)
03-17 14:40:33.002 29465 29465 W Resources: at android.view.View.layout(View.java:24969)
03-17 14:40:33.002 29465 29465 W Resources: at android.view.ViewGroup.layout(ViewGroup.java:6784)
03-17 14:40:33.002 29465 29465 W Resources: at android.widget.FrameLayout.layoutChildren(FrameLayout.java:332)
03-17 14:40:33.002 29465 29465 W Resources: at android.widget.FrameLayout.onLayout(FrameLayout.java:270)
03-17 14:40:33.002 29465 29465 W Resources: at com.google.android.apps.camera.ui.layout.GcaLayout.onLayout(Unknown Source:21)
03-17 14:40:33.002 29465 29465 W Resources: at com.google.android.apps.camera.ui.views.MainActivityLayout.onLayout(Unknown Source:0)
03-17 14:40:33.002 29465 29465 W Resources: at android.view.View.layout(View.java:24969)
03-17 14:40:33.002 29465 29465 W Resources: at android.view.ViewGroup.layout(ViewGroup.java:6784)
03-17 14:40:33.002 29465 29465 W Resources: at android.widget.FrameLayout.layoutChildren(FrameLayout.java:332)
03-17 14:40:33.002 29465 29465 W Resources: at android.widget.FrameLayout.onLayout(FrameLayout.java:270)
03-17 14:40:33.002 29465 29465 W Resources: at android.view.View.layout(View.java:24969)
03-17 14:40:33.002 29465 29465 W Resources: at android.view.ViewGroup.layout(ViewGroup.java:6784)
03-17 14:40:33.002 29465 29465 W Resources: at android.widget.LinearLayout.setChildFrame(LinearLayout.java:1829)
03-17 14:40:33.002 29465 29465 W Resources: at android.widget.LinearLayout.layoutVertical(LinearLayout.java:1673)
03-17 14:40:33.002 29465 29465 W Resources: at android.widget.LinearLayout.onLayout(LinearLayout.java:1582)
03-17 14:40:33.002 29465 29465 W Resources: at android.view.View.layout(View.java:24969)
03-17 14:40:33.002 29465 29465 W Resources: at android.view.ViewGroup.layout(ViewGroup.java:6784)
03-17 14:40:33.002 29465 29465 W Resources: at android.widget.FrameLayout.layoutChildren(FrameLayout.java:332)
03-17 14:40:33.002 29465 29465 W Resources: at android.widget.FrameLayout.onLayout(FrameLayout.java:270)
03-17 14:40:33.002 29465 29465 W Resources: at android.view.View.layout(View.java:24969)
03-17 14:40:33.002 29465 29465 W Resources: at android.view.ViewGroup.layout(ViewGroup.java:6784)
03-17 14:40:33.002 29465 29465 W Resources: at android.widget.LinearLayout.setChildFrame(LinearLayout.java:1829)
03-17 14:40:33.002 29465 29465 W Resources: at android.widget.LinearLayout.layoutVertical(LinearLayout.java:1673)
03-17 14:40:33.002 29465 29465 W Resources: at android.widget.LinearLayout.onLayout(LinearLayout.java:1582)
03-17 14:40:33.002 29465 29465 W Resources: at android.view.View.layout(View.java:24969)
03-17 14:40:33.002 29465 29465 W Resources: at android.view.ViewGroup.layout(ViewGroup.java:6784)
03-17 14:40:33.002 29465 29465 W Resources: at android.widget.FrameLayout.layoutChildren(FrameLayout.java:332)
03-17 14:40:33.002 29465 29465 W Resources: at android.widget.FrameLayout.onLayout(FrameLayout.java:270)
03-17 14:40:33.002 29465 29465 W Resources: at com.android.internal.policy.DecorView.onLayout(DecorView.java:1427)
03-17 14:40:33.002 29465 29465 W Resources: at android.view.View.layout(View.java:24969)
03-17 14:40:33.002 29465 29465 W Resources: at android.view.ViewGroup.layout(ViewGroup.java:6784)
03-17 14:40:33.002 29465 29465 W Resources: at android.view.ViewRootImpl.performLayout(ViewRootImpl.java:4917)
03-17 14:40:33.002 29465 29465 W Resources: at android.view.ViewRootImpl.performTraversals(ViewRootImpl.java:4240)
03-17 14:40:33.002 29465 29465 W Resources: at android.view.ViewRootImpl.doTraversal(ViewRootImpl.java:3116)
03-17 14:40:33.002 29465 29465 W Resources: at android.view.ViewRootImpl$TraversalRunnable.run(ViewRootImpl.java:10885)
03-17 14:40:33.002 29465 29465 W Resources: at android.view.Choreographer$CallbackRecord.run(Choreographer.java:1301)
03-17 14:40:33.002 29465 29465 W Resources: at android.view.Choreographer$CallbackRecord.run(Choreographer.java:1309)
03-17 14:40:33.002 29465 29465 W Resources: at android.view.Choreographer.doCallbacks(Choreographer.java:923)
03-17 14:40:33.002 29465 29465 W Resources: at android.view.Choreographer.doFrame(Choreographer.java:852)
03-17 14:40:33.002 29465 29465 W Resources: at android.view.Choreographer$FrameDisplayEventReceiver.run(Choreographer.java:1283)
03-17 14:40:33.002 29465 29465 W Resources: at android.os.Handler.handleCallback(Handler.java:942)
03-17 14:40:33.002 29465 29465 W Resources: at android.os.Handler.dispatchMessage(Handler.java:99)
03-17 14:40:33.002 29465 29465 W Resources: at android.os.Looper.loopOnce(Looper.java:226)
03-17 14:40:33.002 29465 29465 W Resources: at android.os.Looper.loop(Looper.java:313)
03-17 14:40:33.002 29465 29465 W Resources: at android.app.ActivityThread.main(ActivityThread.java:8757)
03-17 14:40:33.002 29465 29465 W Resources: at java.lang.reflect.Method.invoke(Native Method)
03-17 14:40:33.002 29465 29465 W Resources: at com.android.internal.os.RuntimeInit$MethodAndArgsCaller.run(RuntimeInit.java:571)
03-17 14:40:33.002 29465 29465 W Resources: at com.android.internal.os.ZygoteInit.main(ZygoteInit.java:1067)
03-17 14:40:33.003 29465 29465 W View : requestLayout() improperly called by nxq{a3490a6 V.ED..... ......ID 523,1-916,166} during layout: running second layout pass
03-17 14:40:33.004 29465 29465 I SurfaceView@983e39f: Changes: creating=true format=true size=true visible=true alpha=false hint=false mUseAlpha=false visible=true left=true top=true
03-17 14:40:33.006 29465 29465 I BLASTBufferQueue: update, w= 1440 h= 1080 mName = null mNativeObject= 0x7084326930 sc.mNativeObject= 0x701437be30 format= 4 caller= android.view.SurfaceView.createBlastSurfaceControls:1383 android.view.SurfaceView.updateSurface:1079 android.view.SurfaceView.lambda$new$0$android-view-SurfaceView:200 android.view.SurfaceView$$ExternalSyntheticLambda5.onPreDraw:2 android.view.ViewTreeObserver.dispatchOnPreDraw:1121 android.view.ViewRootImpl.performTraversals:4442
03-17 14:40:33.006 29465 29465 I SurfaceView@983e39f: 159638431 Cur surface: Surface(name=null)/@0x4cd5fb4
03-17 14:40:33.006 29465 29465 I SurfaceView@983e39f: pST: sr = Rect(0, 312 - 1440, 2232) sw = 1440 sh = 1080
03-17 14:40:33.006 29465 29465 I SurfaceView@983e39f: applyTransactionOnVriDraw: vri = ViewRootImpl@28344fc[CameraActivity] fRS = false t = 0x7044318cd0 android.view.SurfaceView.performSurfaceTransaction:959 android.view.SurfaceView.updateSurface:1105 android.view.SurfaceView.lambda$new$0$android-view-SurfaceView:200
03-17 14:40:33.006 29465 29465 I ViewRootImpl@28344fc[CameraActivity]: applyTransactionOnDraw: mRemoved = false isHardwareEnabled = true t = 0x7044318cd0android.view.SurfaceView.applyTransactionOnVriDraw:2048 android.view.SurfaceView.performSurfaceTransaction:959 android.view.SurfaceView.updateSurface:1105 android.view.SurfaceView.lambda$new$0$android-view-SurfaceView:200 android.view.SurfaceView$$ExternalSyntheticLambda5.onPreDraw:2
03-17 14:40:33.006 29465 29465 I SurfaceView@983e39f: updateSurface: mVisible = true mSurface.isValid() = true
03-17 14:40:33.006 29465 29465 I SurfaceView@983e39f: updateSurface: mSurfaceCreated = false surfaceChanged = true visibleChanged = true
03-17 14:40:33.006 29465 29465 I SurfaceView@983e39f: visibleChanged -- surfaceCreated
03-17 14:40:33.006 29465 29465 I SurfaceView@983e39f: surfaceCreated 2 #8 android.view.SurfaceView{983e39f V.E...... ......ID 0,312-1440,2232}
03-17 14:40:33.006 29465 29465 I SurfaceView@983e39f: surfaceChanged -- format=4 w=1440 h=1080
03-17 14:40:33.006 29465 29465 I SurfaceView@983e39f: surfaceChanged (1440,1080) 2 #8 android.view.SurfaceView{983e39f V.E...... ......ID 0,312-1440,2232}
03-17 14:40:33.007 29465 29465 I SurfaceView@983e39f: surfaceRedrawNeeded
03-17 14:40:33.011 29465 29562 I SurfaceView@983e39f: uSP: rtp = Rect(0, 312 - 1440, 2232) rtsw = 1440 rtsh = 1080
03-17 14:40:33.011 29465 29562 I SurfaceView@983e39f: onSSPAndSRT: pl = 0 pt = 312 sx = 1.0 sy = 1.7777778
03-17 14:40:33.011 29465 29562 I SurfaceView@983e39f: aOrMT: ViewRootImpl@28344fc[CameraActivity] t = android.view.SurfaceControl$Transaction@9650223 fN = 2 android.view.SurfaceView.-$ $Nest$mapplyOrMergeTransaction:0 android.view.SurfaceView$SurfaceViewPositionUpdateListener.positionChanged:1537 android.graphics.RenderNode$CompositePositionUpdateListener.positionChanged:373
03-17 14:40:33.011 29465 29562 I ViewRootImpl@28344fc[CameraActivity]: mWNT: t=0x7044325750 mBlastBufferQueue=0x7084318e70 fn= 2 caller= android.view.SurfaceView.applyOrMergeTransaction:1455 android.view.SurfaceView.-$ $Nest$mapplyOrMergeTransaction:0 android.view.SurfaceView$SurfaceViewPositionUpdateListener.positionChanged:1537
03-17 14:40:33.016 29465 29563 I ViewRootImpl@28344fc[CameraActivity]: mWNT: t=0x7044318cd0 mBlastBufferQueue=0x7084318e70 fn= 2 caller= android.view.ViewRootImpl.lambda$applyTransactionOnDraw$11$android-view- ViewRootImpl:12865 android.view.ViewRootImpl$ $ExternalSyntheticLambda1.onFrameDraw:4 android.graphics.HardwareRenderer$FrameDrawingCallback.onFrameDraw:924
03-17 14:40:33.019 29465 29542 W CAM_SurfaceMap: Surface(name=null)/@0x4cd5fb4 is valid but deferred streams are not yet available for CaptureSession-0
03-17 14:40:33.019 29465 29542 W CAM_SimpleReqProcessor: Failed to add Stream-3 to CaptureRequest for Request-14. The surface is not yet available.
03-17 14:40:33.030 29465 29465 W CAM_Log : Tag SmartsGestureListener is 2 chars longer than limit.
03-17 14:40:33.032 29465 29465 W CAM_ModeSwitcher: ModeSwitcher WAS ALREADY ENABLED!
03-17 14:40:33.036 29465 29465 I ViewRootImpl@28344fc[CameraActivity]: MSG_WINDOW_FOCUS_CHANGED 1 0
03-17 14:40:33.037 29465 29465 I ViewRootImpl@28344fc[CameraActivity]: mThreadedRenderer.initializeIfNeeded()#2 mSurface={isValid=true 0x711433a5b0}
03-17 14:40:33.039 29465 29465 I InputMethodManager: startInputInner - mService.startInputOrWindowGainedFocus
03-17 14:40:33.045 29465 29465 I SurfaceView@983e39f: finishedDrawing
03-17 14:40:33.204 29465 29541 W CameraMetadataJV: Expect face scores and rectangles to be non-null
03-17 14:40:33.205 29465 29541 W CameraMetadataJV: Expect face scores and rectangles to be non-null
03-17 14:40:33.205 29465 29541 W CameraMetadataJV: Expect face scores and rectangles to be non-null
03-17 14:40:33.206 29465 29541 W CameraMetadataJV: Expect face scores and rectangles to be non-null
03-17 14:40:33.206 29465 29541 W CameraMetadataJV: Expect face scores and rectangles to be non-null
03-17 14:40:33.206 29465 29541 W CameraMetadataJV: Expect face scores and rectangles to be non-null
03-17 14:40:33.206 29465 29541 W CameraMetadataJV: Expect face scores and rectangles to be non-null
03-17 14:40:33.220 29465 29637 E OisListener: Null pointer for OIS data. OIS API version: 2
03-17 14:40:33.223 29465 29639 W CameraMetadataJV: Expect face scores and rectangles to be non-null
03-17 14:40:33.263 29465 29541 W CameraMetadataJV: Expect face scores and rectangles to be non-null
03-17 14:40:33.266 29465 29517 I tflite : Initialized TensorFlow Lite runtime.
03-17 14:40:33.267 29465 29541 W CameraMetadataJV: Expect face scores and rectangles to be non-null
03-17 14:40:33.267 29465 29541 W CameraMetadataJV: Expect face scores and rectangles to be non-null
03-17 14:40:33.267 29465 29541 W CameraMetadataJV: Expect face scores and rectangles to be non-null
03-17 14:40:33.267 29465 29541 W CameraMetadataJV: Expect face scores and rectangles to be non-null
03-17 14:40:33.267 29465 29541 W CameraMetadataJV: Expect face scores and rectangles to be non-null
03-17 14:40:33.267 29465 29541 W CameraMetadataJV: Expect face scores and rectangles to be non-null
03-17 14:40:33.269 29465 29541 W JankMonitorFacade: UNINITIALIZED > result sensor delay = 2.00 > 1.10
03-17 14:40:33.270 29465 29637 E OisListener: Null pointer for OIS data. OIS API version: 2
03-17 14:40:33.272 29465 29639 W CameraMetadataJV: Expect face scores and rectangles to be non-null
03-17 14:40:33.295 29465 29541 W CameraMetadataJV: Expect face scores and rectangles to be non-null
03-17 14:40:33.296 29465 29541 W CameraMetadataJV: Expect face scores and rectangles to be non-null
03-17 14:40:33.296 29465 29541 W CameraMetadataJV: Expect face scores and rectangles to be non-null
03-17 14:40:33.296 29465 29541 W CameraMetadataJV: Expect face scores and rectangles to be non-null
03-17 14:40:33.296 29465 29541 W CameraMetadataJV: Expect face scores and rectangles to be non-null
03-17 14:40:33.296 29465 29541 W CameraMetadataJV: Expect face scores and rectangles to be non-null
03-17 14:40:33.296 29465 29541 W CameraMetadataJV: Expect face scores and rectangles to be non-null
03-17 14:40:33.298 29465 29541 W JankMonitorFacade: UNINITIALIZED > rel Δ(result sensor timestamp) = 0.50 > 0.25
03-17 14:40:33.298 29465 29637 E OisListener: Null pointer for OIS data. OIS API version: 2
03-17 14:40:33.300 29465 29639 W CameraMetadataJV: Expect face scores and rectangles to be non-null
03-17 14:40:33.335 29465 29541 W CameraMetadataJV: Expect face scores and rectangles to be non-null
03-17 14:40:33.336 29465 29541 W CameraMetadataJV: Expect face scores and rectangles to be non-null
03-17 14:40:33.336 29465 29541 W CameraMetadataJV: Expect face scores and rectangles to be non-null
03-17 14:40:33.337 29465 29541 W CameraMetadataJV: Expect face scores and rectangles to be non-null
03-17 14:40:33.341 29465 29541 W CameraMetadataJV: Expect face scores and rectangles to be non-null
03-17 14:40:33.341 29465 29541 W CameraMetadataJV: Expect face scores and rectangles to be non-null
03-17 14:40:33.341 29465 29541 W CameraMetadataJV: Expect face scores and rectangles to be non-null
03-17 14:40:33.342 29465 29637 E OisListener: Null pointer for OIS data. OIS API version: 2
03-17 14:40:33.343 29465 29639 W CameraMetadataJV: Expect face scores and rectangles to be non-null
03-17 14:40:33.359 29465 29516 I tflite : Initialized TensorFlow Lite runtime.
03-17 14:40:33.362 29465 29665 I tflite : Created TensorFlow Lite delegate for GPU.
03-17 14:40:33.363 29465 29541 W CameraMetadataJV: Expect face scores and rectangles to be non-null
03-17 14:40:33.363 29465 29541 W CameraMetadataJV: Expect face scores and rectangles to be non-null
03-17 14:40:33.363 29465 29541 W CameraMetadataJV: Expect face scores and rectangles to be non-null
03-17 14:40:33.363 29465 29541 W CameraMetadataJV: Expect face scores and rectangles to be non-null
03-17 14:40:33.364 29465 29541 W CameraMetadataJV: Expect face scores and rectangles to be non-null
03-17 14:40:33.364 29465 29541 W CameraMetadataJV: Expect face scores and rectangles to be non-null
03-17 14:40:33.364 29465 29541 W CameraMetadataJV: Expect face scores and rectangles to be non-null
03-17 14:40:33.364 29465 29637 E OisListener: Null pointer for OIS data. OIS API version: 2
03-17 14:40:33.369 29465 29639 W CameraMetadataJV: Expect face scores and rectangles to be non-null
03-17 14:40:33.373 29465 29552 I BLASTBufferQueue: [SurfaceView[com.samsung.android.scan3d/com.google.android.apps.camera.legacy.app.a ctivity.main.CameraActivity]@0#1](f:0,a:0) onFrameAvailable the first frame is available
03-17 14:40:33.410 29465 29465 E Preconditions: Precondition broken. Build is not strict; continuing...
03-17 14:40:33.410 29465 29465 E Preconditions: java.lang.IllegalStateException: getLensViewAvailability() called when Lens is not ready.
03-17 14:40:33.410 29465 29465 E Preconditions: at mpl.a(Unknown Source:4)
03-17 14:40:33.410 29465 29465 E Preconditions: at mot.a(Unknown Source:15)
03-17 14:40:33.410 29465 29465 E Preconditions: at mov.b(Unknown Source:22)
03-17 14:40:33.410 29465 29465 E Preconditions: at mpf.a(Unknown Source:72)
03-17 14:40:33.410 29465 29465 E Preconditions: at moz.a(Unknown Source:81)
03-17 14:40:33.410 29465 29465 E Preconditions: at moo.a(Unknown Source:127)
03-17 14:40:33.410 29465 29465 E Preconditions: at moo.onPostExecute(Unknown Source:6)
03-17 14:40:33.410 29465 29465 E Preconditions: at android.os.AsyncTask.finish(AsyncTask.java:771)
03-17 14:40:33.410 29465 29465 E Preconditions: at android.os.AsyncTask.-$ $Nest$mfinish(Unknown Source:0)
03-17 14:40:33.410 29465 29465 E Preconditions: at android.os.AsyncTask$InternalHandler.handleMessage(AsyncTask.java:788)
03-17 14:40:33.410 29465 29465 E Preconditions: at android.os.Handler.dispatchMessage(Handler.java:106)
03-17 14:40:33.410 29465 29465 E Preconditions: at android.os.Looper.loopOnce(Looper.java:226)
03-17 14:40:33.410 29465 29465 E Preconditions: at android.os.Looper.loop(Looper.java:313)
03-17 14:40:33.410 29465 29465 E Preconditions: at android.app.ActivityThread.main(ActivityThread.java:8757)
03-17 14:40:33.410 29465 29465 E Preconditions: at java.lang.reflect.Method.invoke(Native Method)
03-17 14:40:33.410 29465 29465 E Preconditions: at com.android.internal.os.RuntimeInit$MethodAndArgsCaller.run(RuntimeInit.java:571)
03-17 14:40:33.410 29465 29465 E Preconditions: at com.android.internal.os.ZygoteInit.main(ZygoteInit.java:1067)
03-17 14:40:33.425 29465 29541 W CameraMetadataJV: Expect face scores and rectangles to be non-null
03-17 14:40:33.426 29465 29541 W CameraMetadataJV: Expect face scores and rectangles to be non-null
03-17 14:40:33.426 29465 29541 W CameraMetadataJV: Expect face scores and rectangles to be non-null
03-17 14:40:33.426 29465 29541 W CameraMetadataJV: Expect face scores and rectangles to be non-null
03-17 14:40:33.426 29465 29541 W CameraMetadataJV: Expect face scores and rectangles to be non-null
03-17 14:40:33.426 29465 29541 W CameraMetadataJV: Expect face scores and rectangles to be non-null
03-17 14:40:33.426 29465 29541 W CameraMetadataJV: Expect face scores and rectangles to be non-null
03-17 14:40:33.427 29465 29541 W JankMonitorFacade: PHOTO > rel Δ(result sensor timestamp) = 1.00 > 0.25
03-17 14:40:33.427 29465 29541 W JankMonitorFacade: PHOTO > result sensor delay = 2.00 > 1.10
03-17 14:40:33.427 29465 29637 E OisListener: Null pointer for OIS data. OIS API version: 2
03-17 14:40:33.428 29465 29639 W CameraMetadataJV: Expect face scores and rectangles to be non-null
03-17 14:40:33.445 29465 29507 W EngineApiLoaderContr: All remote package attempts fail.
03-17 14:40:33.450 29465 29507 W EngineApiLoaderContr: EngineApi implementation not found
03-17 14:40:33.451 29465 29507 E CAM_LenslitePP: Unable to create LinkEngineApi
03-17 14:40:33.451 29465 29507 E CAM_LenslitePP: java.lang.RuntimeException: No engine implementation found
03-17 14:40:33.451 29465 29507 E CAM_LenslitePP: at elk.run(Unknown Source:1066)
03-17 14:40:33.451 29465 29507 E CAM_LenslitePP: at oxw.run(Unknown Source:2)
03-17 14:40:33.451 29465 29507 E CAM_LenslitePP: at oxx.run(Unknown Source:71)
03-17 14:40:33.451 29465 29507 E CAM_LenslitePP: at lis.run(Unknown Source:2)
03-17 14:40:33.451 29465 29507 E CAM_LenslitePP: at java.util.concurrent.Executors$RunnableAdapter.call(Executors.java:463)
03-17 14:40:33.451 29465 29507 E CAM_LenslitePP: at oye.b(Unknown Source:2)
03-17 14:40:33.451 29465 29507 E CAM_LenslitePP: at oxi.run(Unknown Source:22)
03-17 14:40:33.451 29465 29507 E CAM_LenslitePP: at oyf.run(Unknown Source:4)
03-17 14:40:33.451 29465 29507 E CAM_LenslitePP: at java.util.concurrent.Executors$RunnableAdapter.call(Executors.java:463)
03-17 14:40:33.451 29465 29507 E CAM_LenslitePP: at java.util.concurrent.FutureTask.run(FutureTask.java:264)
03-17 14:40:33.451 29465 29507 E CAM_LenslitePP: at java.util.concurrent.ScheduledThreadPoolExecutor$ScheduledFutureTask.run(ScheduledT hreadPoolExecutor.java:307)
03-17 14:40:33.451 29465 29507 E CAM_LenslitePP: at ljd.run(Unknown Source:2)
03-17 14:40:33.451 29465 29507 E CAM_LenslitePP: at ljc.run(Unknown Source:0)
03-17 14:40:33.451 29465 29507 E CAM_LenslitePP: at java.util.concurrent.ThreadPoolExecutor.runWorker(ThreadPoolExecutor.java:1137)
03-17 14:40:33.451 29465 29507 E CAM_LenslitePP: at java.util.concurrent.ThreadPoolExecutor$Worker.run(ThreadPoolExecutor.java:637)
03-17 14:40:33.451 29465 29507 E CAM_LenslitePP: at java.lang.Thread.run(Thread.java:1012)
03-17 14:40:33.451 29465 29507 E CAM_LenslitePP: at lhu.run(Unknown Source:5)
03-17 14:40:33.488 29465 29516 E native : inference_engine_tf_lite.cc:543 Cannot serialize OpenGL kernel cache data; works only with OpenCL delegate.
03-17 14:40:33.500 29465 29541 W CameraMetadataJV: Expect face scores and rectangles to be non-null
03-17 14:40:33.504 29465 29541 W CameraMetadataJV: Expect face scores and rectangles to be non-null
03-17 14:40:33.504 29465 29541 W CameraMetadataJV: Expect face scores and rectangles to be non-null
03-17 14:40:33.504 29465 29541 W CameraMetadataJV: Expect face scores and rectangles to be non-null
03-17 14:40:33.504 29465 29541 W CameraMetadataJV: Expect face scores and rectangles to be non-null
03-17 14:40:33.504 29465 29541 W CameraMetadataJV: Expect face scores and rectangles to be non-null
03-17 14:40:33.504 29465 29541 W CameraMetadataJV: Expect face scores and rectangles to be non-null
03-17 14:40:33.504 29465 29541 W JankMonitorFacade: PHOTO > result sensor delay = 2.00 > 1.10
03-17 14:40:33.505 29465 29637 E OisListener: Null pointer for OIS data. OIS API version: 2
03-17 14:40:33.506 29465 29511 I ViewRootImpl@28344fc[CameraActivity]: Resizing android.view.ViewRootImpl@64fc65: frame = [0,0][1440,3040] reportDraw = false forceLayout = false syncSeqId = 0
03-17 14:40:33.506 29465 29639 W CameraMetadataJV: Expect face scores and rectangles to be non-null
03-17 14:40:33.507 29465 29465 I ViewRootImpl@28344fc[CameraActivity]: handleResized, msg = 4 frames=ClientWindowFrames{frame=[0,0][1440,3040] display=[0,0][1440,3040] parentFrame=[0,0][0,0] parentClippedByDisplayCutout=false} forceNextWindowRelayout=false displayId=0 resizeMode=-1 frameChanged=false displayFrameChanged=false configChanged=false displayChanged=false
03-17 14:40:33.513 29465 29505 W CameraMetadataJV: Expect face scores and rectangles to be non-null
03-17 14:40:33.531 29465 29541 W CameraMetadataJV: Expect face scores and rectangles to be non-null
03-17 14:40:33.531 29465 29541 W CameraMetadataJV: Expect face scores and rectangles to be non-null
03-17 14:40:33.531 29465 29541 W CameraMetadataJV: Expect face scores and rectangles to be non-null
03-17 14:40:33.531 29465 29541 W CameraMetadataJV: Expect face scores and rectangles to be non-null
03-17 14:40:33.531 29465 29541 W CameraMetadataJV: Expect face scores and rectangles to be non-null
03-17 14:40:33.531 29465 29541 W CameraMetadataJV: Expect face scores and rectangles to be non-null
03-17 14:40:33.531 29465 29541 W CameraMetadataJV: Expect face scores and rectangles to be non-null
03-17 14:40:33.532 29465 29541 W JankMonitorFacade: PHOTO > rel Δ(result sensor timestamp) = 0.50 > 0.25
03-17 14:40:33.532 29465 29637 E OisListener: Null pointer for OIS data. OIS API version: 2
03-17 14:40:33.535 29465 29639 W CameraMetadataJV: Expect face scores and rectangles to be non-null
03-17 14:40:33.560 29465 29541 W CameraMetadataJV: Expect face scores and rectangles to be non-null
03-17 14:40:33.561 29465 29541 W CameraMetadataJV: Expect face scores and rectangles to be non-null
03-17 14:40:33.561 29465 29541 W CameraMetadataJV: Expect face scores and rectangles to be non-null
03-17 14:40:33.561 29465 29541 W CameraMetadataJV: Expect face scores and rectangles to be non-null
03-17 14:40:33.561 29465 29541 W CameraMetadataJV: Expect face scores and rectangles to be non-null
03-17 14:40:33.561 29465 29541 W CameraMetadataJV: Expect face scores and rectangles to be non-null
03-17 14:40:33.561 29465 29541 W CameraMetadataJV: Expect face scores and rectangles to be non-null
03-17 14:40:33.562 29465 29637 E OisListener: Null pointer for OIS data. OIS API version: 2
03-17 14:40:33.563 29465 29639 W CameraMetadataJV: Expect face scores and rectangles to be non-null
03-17 14:40:33.596 29465 29541 W CameraMetadataJV: Expect face scores and rectangles to be non-null
03-17 14:40:33.597 29465 29541 W CameraMetadataJV: Expect face scores and rectangles to be non-null
03-17 14:40:33.597 29465 29541 W CameraMetadataJV: Expect face scores and rectangles to be non-null
03-17 14:40:33.597 29465 29541 W CameraMetadataJV: Expect face scores and rectangles to be non-null
03-17 14:40:33.597 29465 29541 W CameraMetadataJV: Expect face scores and rectangles to be non-null
03-17 14:40:33.597 29465 29541 W CameraMetadataJV: Expect face scores and rectangles to be non-null
03-17 14:40:33.597 29465 29541 W CameraMetadataJV: Expect face scores and rectangles to be non-null
03-17 14:40:33.598 29465 29637 E OisListener: Null pointer for OIS data. OIS API version: 2
03-17 14:40:33.599 29465 29639 W CameraMetadataJV: Expect face scores and rectangles to be non-null
03-17 14:40:33.665 29465 29541 W CameraMetadataJV: Expect face scores and rectangles to be non-null
03-17 14:40:33.670 29465 29541 W CameraMetadataJV: Expect face scores and rectangles to be non-null
03-17 14:40:33.670 29465 29541 W CameraMetadataJV: Expect face scores and rectangles to be non-null
03-17 14:40:33.670 29465 29541 W CameraMetadataJV: Expect face scores and rectangles to be non-null
03-17 14:40:33.670 29465 29541 W CameraMetadataJV: Expect face scores and rectangles to be non-null
