03-17 14:55:14.607 9271 10528 E BufferQueueProducer: [SurfaceView[com.samsung.android.scan3d/com.android.camera.CameraLauncher]@0#6(BLAS T Consumer)6](id:24370000000d,api:4,p:6117,c:9271) cancelBuffer: BufferQueue has been abandoned
03-17 14:55:14.608 9271 9271 I SurfaceView@2012e7c: releaseSurfaces: viewRoot = ViewRootImpl@bfeea32[CameraLauncher]
03-17 14:55:14.610 9271 9271 I SurfaceView@2012e7c: applyTransactionOnVriDraw: vri = ViewRootImpl@bfeea32[CameraLauncher] fRS = true t = 0x704431a470 android.view.SurfaceView.releaseSurfaces:858 android.view.SurfaceView.updateSurface:998 android.view.SurfaceView.lambda$new$0$android-view-SurfaceView:200
03-17 14:55:14.610 9271 9271 I SurfaceView@2012e7c: applyTransactionOnVriDraw: viewRoot.applyTransactionOnDrawFromReleaseSurfaces
03-17 14:55:14.610 9271 9271 I ViewRootImpl@bfeea32[CameraLauncher]: from releaseSurfaces t.apply t = 0x704431a470
03-17 14:55:14.610 9271 9311 E BufferQueueProducer: [SurfaceView[com.samsung.android.scan3d/com.android.camera.CameraLauncher]@0#6(BLAS T Consumer)6](id:24370000000d,api:4,p:6117,c:9271) cancelBuffer: BufferQueue has been abandoned
03-17 14:55:14.616 9271 9311 I CameraManagerGlobal: Camera 0 facing CAMERA_FACING_BACK state now CAMERA_STATE_IDLE for client com.samsung.android.scan3d API Level 2
03-17 14:55:14.622 9271 9365 W .android.scan3d: Long monitor contention with owner Session-Handler (10528) at void android.hardware.camera2.impl.CameraDeviceImpl.flush()(CameraDeviceImpl.java:1425) waiters=0 in void android.hardware.camera2.impl.CameraDeviceImpl$4.run() for 111ms
03-17 14:55:14.628 9271 9271 I SurfaceView@2012e7c: releaseSurfaces: viewRoot = ViewRootImpl@bfeea32[CameraLauncher]
03-17 14:55:14.628 9271 9271 I SurfaceView@2012e7c: applyTransactionOnVriDraw: vri = ViewRootImpl@bfeea32[CameraLauncher] fRS = true t = 0x7044318bb0 android.view.SurfaceView.releaseSurfaces:858 android.view.SurfaceView.updateSurface:998 android.view.SurfaceView.lambda$new$0$android-view-SurfaceView:200
03-17 14:55:14.628 9271 9271 I SurfaceView@2012e7c: applyTransactionOnVriDraw: viewRoot.applyTransactionOnDrawFromReleaseSurfaces
03-17 14:55:14.628 9271 9271 I ViewRootImpl@bfeea32[CameraLauncher]: from releaseSurfaces t.apply t = 0x7044318bb0
03-17 14:55:14.641 9271 9271 I SurfaceView@2012e7c: releaseSurfaces: viewRoot = ViewRootImpl@bfeea32[CameraLauncher]
03-17 14:55:14.641 9271 9271 I SurfaceView@2012e7c: applyTransactionOnVriDraw: vri = ViewRootImpl@bfeea32[CameraLauncher] fRS = true t = 0x704431e370 android.view.SurfaceView.releaseSurfaces:858 android.view.SurfaceView.updateSurface:998 android.view.SurfaceView.lambda$new$0$android-view-SurfaceView:200
03-17 14:55:14.641 9271 9271 I SurfaceView@2012e7c: applyTransactionOnVriDraw: viewRoot.applyTransactionOnDrawFromReleaseSurfaces
03-17 14:55:14.641 9271 9271 I ViewRootImpl@bfeea32[CameraLauncher]: from releaseSurfaces t.apply t = 0x704431e370
03-17 14:55:14.658 9271 9271 I SurfaceView@2012e7c: releaseSurfaces: viewRoot = ViewRootImpl@bfeea32[CameraLauncher]
03-17 14:55:14.658 9271 9271 I SurfaceView@2012e7c: applyTransactionOnVriDraw: vri = ViewRootImpl@bfeea32[CameraLauncher] fRS = true t = 0x704430a990 android.view.SurfaceView.releaseSurfaces:858 android.view.SurfaceView.updateSurface:998 android.view.SurfaceView.lambda$new$0$android-view-SurfaceView:200
03-17 14:55:14.658 9271 9271 I SurfaceView@2012e7c: applyTransactionOnVriDraw: viewRoot.applyTransactionOnDrawFromReleaseSurfaces
03-17 14:55:14.658 9271 9271 I ViewRootImpl@bfeea32[CameraLauncher]: from releaseSurfaces t.apply t = 0x704430a990
03-17 14:55:14.675 9271 9271 I SurfaceView@2012e7c: releaseSurfaces: viewRoot = ViewRootImpl@bfeea32[CameraLauncher]
03-17 14:55:14.675 9271 9271 I SurfaceView@2012e7c: applyTransactionOnVriDraw: vri = ViewRootImpl@bfeea32[CameraLauncher] fRS = true t = 0x704431cbd0 android.view.SurfaceView.releaseSurfaces:858 android.view.SurfaceView.updateSurface:998 android.view.SurfaceView.lambda$new$0$android-view-SurfaceView:200
03-17 14:55:14.675 9271 9271 I SurfaceView@2012e7c: applyTransactionOnVriDraw: viewRoot.applyTransactionOnDrawFromReleaseSurfaces
03-17 14:55:14.675 9271 9271 I ViewRootImpl@bfeea32[CameraLauncher]: from releaseSurfaces t.apply t = 0x704431cbd0
03-17 14:55:14.691 9271 9271 I SurfaceView@2012e7c: releaseSurfaces: viewRoot = ViewRootImpl@bfeea32[CameraLauncher]
03-17 14:55:14.691 9271 9271 I SurfaceView@2012e7c: applyTransactionOnVriDraw: vri = ViewRootImpl@bfeea32[CameraLauncher] fRS = true t = 0x70443329b0 android.view.SurfaceView.releaseSurfaces:858 android.view.SurfaceView.updateSurface:998 android.view.SurfaceView.lambda$new$0$android-view-SurfaceView:200
03-17 14:55:14.691 9271 9271 I SurfaceView@2012e7c: applyTransactionOnVriDraw: viewRoot.applyTransactionOnDrawFromReleaseSurfaces
03-17 14:55:14.691 9271 9271 I ViewRootImpl@bfeea32[CameraLauncher]: from releaseSurfaces t.apply t = 0x70443329b0
03-17 14:55:14.692 9271 9311 I CameraManagerGlobal: Camera 0 facing CAMERA_FACING_BACK state now CAMERA_STATE_CLOSED for client com.samsung.android.scan3d API Level 2
03-17 14:55:14.709 9271 9271 I SurfaceView@2012e7c: releaseSurfaces: viewRoot = ViewRootImpl@bfeea32[CameraLauncher]
03-17 14:55:14.709 9271 9271 I SurfaceView@2012e7c: applyTransactionOnVriDraw: vri = ViewRootImpl@bfeea32[CameraLauncher] fRS = true t = 0x704432a070 android.view.SurfaceView.releaseSurfaces:858 android.view.SurfaceView.updateSurface:998 android.view.SurfaceView.lambda$new$0$android-view-SurfaceView:200
03-17 14:55:14.709 9271 9271 I SurfaceView@2012e7c: applyTransactionOnVriDraw: viewRoot.applyTransactionOnDrawFromReleaseSurfaces
03-17 14:55:14.709 9271 9271 I ViewRootImpl@bfeea32[CameraLauncher]: from releaseSurfaces t.apply t = 0x704432a070
03-17 14:55:14.726 9271 9271 I SurfaceView@2012e7c: releaseSurfaces: viewRoot = ViewRootImpl@bfeea32[CameraLauncher]
03-17 14:55:14.726 9271 9271 I SurfaceView@2012e7c: applyTransactionOnVriDraw: vri = ViewRootImpl@bfeea32[CameraLauncher] fRS = true t = 0x70443263b0 android.view.SurfaceView.releaseSurfaces:858 android.view.SurfaceView.updateSurface:998 android.view.SurfaceView.lambda$new$0$android-view-SurfaceView:200
03-17 14:55:14.726 9271 9271 I SurfaceView@2012e7c: applyTransactionOnVriDraw: viewRoot.applyTransactionOnDrawFromReleaseSurfaces
03-17 14:55:14.726 9271 9271 I ViewRootImpl@bfeea32[CameraLauncher]: from releaseSurfaces t.apply t = 0x70443263b0
03-17 14:55:14.743 9271 9271 I SurfaceView@2012e7c: releaseSurfaces: viewRoot = ViewRootImpl@bfeea32[CameraLauncher]
03-17 14:55:14.744 9271 9271 I SurfaceView@2012e7c: applyTransactionOnVriDraw: vri = ViewRootImpl@bfeea3--------- beginning of main
03-17 14:55:17.509 10923 10986 I CameraManagerGlobal: Connecting to camera service
03-17 14:55:17.515 10923 10952 I CameraManagerGlobal: Camera 0 facing CAMERA_FACING_BACK state now CAMERA_STATE_CLOSED for client com.samsung.android.scan3d API Level 2
03-17 14:55:17.515 10923 10952 I CameraManagerGlobal: Camera 1 facing CAMERA_FACING_FRONT state now CAMERA_STATE_CLOSED for client com.sec.android.app.camera API Level 2
03-17 14:55:17.515 10923 10952 I CameraManagerGlobal: Camera 2 facing CAMERA_FACING_BACK state now CAMERA_STATE_CLOSED for client org.telegram.messenger API Level 1
03-17 14:55:17.516 10923 10952 W libc : Access denied finding property "sys.perf.boostopt"
03-17 14:55:17.516 10923 10952 I CameraManagerGlobal: Camera 20 facing CAMERA_FACING_BACK state now CAMERA_STATE_CLOSED for client com.sec.android.app.camera API Level 2
03-17 14:55:17.516 10923 10952 I CameraManagerGlobal: Camera 21 facing CAMERA_FACING_BACK state now CAMERA_STATE_CLOSED for client android.system API Level 2
03-17 14:55:17.516 10923 10952 I CameraManagerGlobal: Camera 23 facing CAMERA_FACING_BACK state now CAMERA_STATE_CLOSED for client android.system API Level 2
03-17 14:55:17.516 10923 10990 W libc : Access denied finding property "sys.perf.boostopt"
03-17 14:55:17.516 10923 10952 I CameraManagerGlobal: Camera 3 facing CAMERA_FACING_FRONT state now CAMERA_STATE_CLOSED for client org.telegram.messenger API Level 1
03-17 14:55:17.516 10923 10952 I CameraManagerGlobal: Camera 4 facing CAMERA_FACING_BACK state now CAMERA_STATE_CLOSED for client android.system API Level 2
03-17 14:55:17.516 10923 10952 I CameraManagerGlobal: Camera 40 facing CAMERA_FACING_BACK state now CAMERA_STATE_CLOSED for client android.system API Level 2
03-17 14:55:17.516 10923 10952 I CameraManagerGlobal: Camera 41 facing CAMERA_FACING_FRONT state now CAMERA_STATE_CLOSED for client android.system API Level 2
03-17 14:55:17.516 10923 10952 I CameraManagerGlobal: Camera 5 facing CAMERA_FACING_FRONT state now CAMERA_STATE_CLOSED for client android.system API Level 2
03-17 14:55:17.516 10923 10952 I CameraManagerGlobal: Camera 50 facing CAMERA_FACING_BACK state now CAMERA_STATE_CLOSED for client android.system API Level 2
03-17 14:55:17.516 10923 10952 I CameraManagerGlobal: Camera 52 facing CAMERA_FACING_BACK state now CAMERA_STATE_CLOSED for client android.system API Level 2
03-17 14:55:17.517 10923 10952 I CameraManagerGlobal: Camera 80 facing CAMERA_FACING_BACK state now CAMERA_STATE_CLOSED for client android.system API Level 2
03-17 14:55:17.517 10923 10952 I CameraManagerGlobal: Camera 81 facing CAMERA_FACING_FRONT state now CAMERA_STATE_CLOSED for client android.system API Level 2
03-17 14:55:17.517 10923 10952 I CameraManagerGlobal: Camera 91 facing CAMERA_FACING_FRONT state now CAMERA_STATE_CLOSED for client android.system API Level 2
03-17 14:55:17.556 10923 10923 W .android.scan3d: Accessing hidden method Landroid/os/SystemProperties;->set(Ljava/lang/String;Ljava/lang/String;)V (unsupported, reflection, allowed)
03-17 14:55:17.558 10923 10923 W CAM_Log : Tag ConfigGserviceSource is 1 chars longer than limit.
03-17 14:55:17.646 10923 10923 I DecorView: [INFO] isPopOver=false config=true
03-17 14:55:17.647 10923 10923 I DecorView: updateCaptionType: isFloating=false isApplication=true hasWindowDecorCaption=false this=DecorView@7ed4ea7[]
03-17 14:55:17.662 10923 10923 I DecorView: getCurrentDensityDpi: from real metrics. densityDpi=560 msg=resources_loaded
03-17 14:55:17.662 10923 10923 I DecorView: setWindowBackground: isPopOver=false color=fff6f6f6 d=android.graphics.drawable.LayerDrawable@35c4cc0
03-17 14:55:17.667 10923 10923 W .android.scan3d: Accessing hidden method Landroid/view/View;->computeFitSystemWindows(Landroid/graphics/Rect;Landroid/ graphics/Rect;)Z (unsupported, reflection, allowed)
03-17 14:55:17.667 10923 10923 W .android.scan3d: Accessing hidden method Landroid/view/ViewGroup;->makeOptionalFitsSystemWindows()V (unsupported, reflection, allowed)
03-17 14:55:17.682 10923 11002 W AudioCapabilities: Unsupported mime audio/x-ape
03-17 14:55:17.682 10923 11002 W AudioCapabilities: Unsupported mime audio/x-ima
03-17 14:55:17.682 10923 11002 W AudioCapabilities: Unsupported mime audio/mpeg-L1
03-17 14:55:17.683 10923 11002 W AudioCapabilities: Unsupported mime audio/mpeg-L2
03-17 14:55:17.683 10923 11002 W VideoCapabilities: Unsupported mime video/mp43
03-17 14:55:17.683 10923 11002 W VideoCapabilities: Unsupported mime video/wvc1
03-17 14:55:17.684 10923 11002 W VideoCapabilities: Unsupported mime video/x-ms-wmv
03-17 14:55:17.684 10923 11002 W AudioCapabilities: Unsupported mime audio/x-ms-wma
03-17 14:55:17.684 10923 11002 W VideoCapabilities: Unsupported mime video/x-ms- wmv7
03-17 14:55:17.685 10923 11002 W VideoCapabilities: Unsupported mime video/x-ms- wmv8
03-17 14:55:17.718 10923 10923 W FontsContract: Platform version of downloadable fonts is deprecated. Please use androidx version instead.
03-17 14:55:17.742 10923 11011 I CameraManager: registerAvailabilityCallback: Is device callback = false
03-17 14:55:17.743 10923 11011 I CameraManagerGlobal: postSingleUpdate device: camera id 0 status STATUS_PRESENT
03-17 14:55:17.743 10923 11011 I CameraManagerGlobal: postSingleUpdate device: camera id 1 status STATUS_PRESENT
03-17 14:55:17.743 10923 11011 I CameraManagerGlobal: postSingleUpdate device: camera id 2 status STATUS_PRESENT
03-17 14:55:17.743 10923 11011 I CameraManagerGlobal: postSingleUpdate device: camera id 3 status STATUS_PRESENT
03-17 14:55:17.743 10923 11011 I CameraManagerGlobal: postSingleUpdate device: camera id 4 status STATUS_PRESENT
03-17 14:55:17.743 10923 11011 I CameraManagerGlobal: postSingleUpdate device: camera id 5 status STATUS_PRESENT
03-17 14:55:17.743 10923 11011 I CameraManagerGlobal: postSingleUpdate device: camera id 20 status STATUS_PRESENT
03-17 14:55:17.743 10923 11011 I CameraManagerGlobal: postSingleUpdate device: camera id 21 status STATUS_PRESENT
03-17 14:55:17.743 10923 11011 I CameraManagerGlobal: postSingleUpdate device: camera id 23 status STATUS_PRESENT
03-17 14:55:17.743 10923 11011 I CameraManagerGlobal: postSingleUpdate device: camera id 40 status STATUS_PRESENT
03-17 14:55:17.743 10923 11011 I CameraManagerGlobal: postSingleUpdate device: camera id 41 status STATUS_PRESENT
03-17 14:55:17.743 10923 11011 I CameraManagerGlobal: postSingleUpdate device: camera id 50 status STATUS_PRESENT
03-17 14:55:17.743 10923 11011 I CameraManagerGlobal: postSingleUpdate device: camera id 52 status STATUS_PRESENT
03-17 14:55:17.744 10923 11011 I CameraManagerGlobal: postSingleUpdate device: camera id 80 status STATUS_PRESENT
03-17 14:55:17.744 10923 11011 I CameraManagerGlobal: postSingleUpdate device: camera id 81 status STATUS_PRESENT
03-17 14:55:17.744 10923 11011 I CameraManagerGlobal: postSingleUpdate device: camera id 91 status STATUS_PRESENT
03-17 14:55:17.750 10923 10991 I CameraManagerGlobal: postSingleUpdate device: camera id 20 status STATUS_NOT_AVAILABLE
03-17 14:55:17.750 10923 10991 I CameraManagerGlobal: postSingleUpdate device: camera id 21 status STATUS_NOT_AVAILABLE
03-17 14:55:17.750 10923 10991 I CameraManagerGlobal: postSingleUpdate device: camera id 23 status STATUS_NOT_AVAILABLE
03-17 14:55:17.750 10923 10991 I CameraManagerGlobal: postSingleUpdate device: camera id 0 status STATUS_NOT_AVAILABLE
03-17 14:55:17.760 10923 10951 I CameraManagerGlobal: Camera 0 facing CAMERA_FACING_BACK state now CAMERA_STATE_OPEN for client com.samsung.android.scan3d API Level 2
03-17 14:55:17.769 10923 10985 W CAM_Log : Tag PckStreamConfigModule is 2 chars longer than limit.
03-17 14:55:17.851 10923 10923 W .android.scan3d: Accessing hidden method Landroid/app/Activity;->setDisablePreviewScreenshots(Z)V (max-target-s, reflection, allowed)
03-17 14:55:17.859 10923 10923 I MSHandlerLifeCycle: check: return. pkg=com.samsung.android.scan3d parent=null callers=com.android.internal.policy.DecorView.setVisibility:4411 android.app.ActivityThread.handleResumeActivity:5476 android.app.servertransaction.ResumeActivityItem.execute:54 android.app.servertransaction.ActivityTransactionItem.execute:45 android.app.servertransaction.TransactionExecutor.executeLifecycleState:176
03-17 14:55:17.859 10923 10923 I MSHandlerLifeCycle: removeMultiSplitHandler: no exist. decor=DecorView@7ed4ea7[]
03-17 14:55:17.868 10923 10923 I DecorView: onImmersiveModeChanged: isStatusBarHidden=true
03-17 14:55:17.868 10923 10923 I DecorView: notifyKeepScreenOnChanged: keepScreenOn=false
03-17 14:55:17.876 10923 10923 I ViewRootImpl@28344fc[CameraLauncher]: setView = com.android.internal.policy.DecorView@7ed4ea7 TM=true
03-17 14:55:17.879 10923 10923 I MSHandlerLifeCycle: check: return. Multi-window not supported pkg=com.samsung.android.scan3d
03-17 14:55:17.879 10923 10923 I MSHandlerLifeCycle: removeMultiSplitHandler: no exist. decor=DecorView@7ed4ea7[CameraLauncher]
03-17 14:55:17.899 10923 10923 I ViewRootImpl@28344fc[CameraLauncher]: performTraversals params={(0,0)(fillxfill) sim={state=always_hidden adjust=pan forwardNavigation} layoutInDisplayCutoutMode=shortEdges ty=BASE_APPLICATION fmt=TRANSLUCENT wanim=0x1030309 rotAnim=SEAMLESS
03-17 14:55:17.899 10923 10923 I ViewRootImpl@28344fc[CameraLauncher]: fl=81810500
03-17 14:55:17.899 10923 10923 I ViewRootImpl@28344fc[CameraLauncher]: pfl=12020040
03-17 14:55:17.899 10923 10923 I ViewRootImpl@28344fc[CameraLauncher]: vsysui=705
03-17 14:55:17.899 10923 10923 I ViewRootImpl@28344fc[CameraLauncher]: apr=LOW_PROFILE_BARS
03-17 14:55:17.899 10923 10923 I ViewRootImpl@28344fc[CameraLauncher]: bhv=SHOW_TRANSIENT_BARS_BY_SWIPE
03-17 14:55:17.899 10923 10923 I ViewRootImpl@28344fc[CameraLauncher]: fitSides= naviIconColor=0}
03-17 14:55:17.901 10923 10923 I ViewRootImpl@28344fc[CameraLauncher]: performTraversals mFirst=true windowShouldResize=true viewVisibilityChanged=false mForceNextWindowRelayout=false params={(0,0)(fillxfill) sim={state=always_hidden adjust=pan forwardNavigation} layoutInDisplayCutoutMode=shortEdges ty=BASE_APPLICATION fmt=TRANSLUCENT wanim=0x1030309 rotAnim=SEAMLESS
03-17 14:55:17.901 10923 10923 I ViewRootImpl@28344fc[CameraLauncher]: fl=81810500
03-17 14:55:17.901 10923 10923 I ViewRootImpl@28344fc[CameraLauncher]: pfl=12020040
03-17 14:55:17.901 10923 10923 I ViewRootImpl@28344fc[CameraLauncher]: vsysui=705
03-17 14:55:17.901 10923 10923 I ViewRootImpl@28344fc[CameraLauncher]: apr=LOW_PROFILE_BARS
03-17 14:55:17.901 10923 10923 I ViewRootImpl@28344fc[CameraLauncher]: bhv=SHOW_TRANSIENT_BARS_BY_SWIPE
03-17 14:55:17.901 10923 10923 I ViewRootImpl@28344fc[CameraLauncher]: fitSides= naviIconColor=0}
03-17 14:55:17.906 10923 11002 W CAM_Log : Tag ShutterButtonAnimator is 2 chars longer than limit.
03-17 14:55:17.910 10923 10923 I ViewRootImpl@28344fc[CameraLauncher]: updateBlastSurfaceIfNeeded mBlastBufferQueue=null isSameSurfaceControl=false
03-17 14:55:17.911 10923 10923 I BLASTBufferQueue: new BLASTBufferQueue, mName= ViewRootImpl@28344fc[CameraLauncher] mNativeObject= 0x708431dfb0 sc.mNativeObject= 0x7014343360 caller= android.view.ViewRootImpl.updateBlastSurfaceIfNeeded:2909 android.view.ViewRootImpl.relayoutWindow:9847 android.view.ViewRootImpl.performTraversals:3884 android.view.ViewRootImpl.doTraversal:3116 android.view.ViewRootImpl$TraversalRunnable.run:10885 android.view.Choreographer$CallbackRecord.run:1301 android.view.Choreographer$CallbackRecord.run:1309 android.view.Choreographer.doCallbacks:923 android.view.Choreographer.doFrame:852 android.view.Choreographer$FrameDisplayEventReceiver.run:1283
03-17 14:55:17.911 10923 10923 I BLASTBufferQueue: update, w= 1440 h= 3040 mName = ViewRootImpl@28344fc[CameraLauncher] mNativeObject= 0x708431dfb0 sc.mNativeObject= 0x7014343360 format= -3 caller= android.graphics.BLASTBufferQueue.<init>:84 android.view.ViewRootImpl.updateBlastSurfaceIfNeeded:2909 android.view.ViewRootImpl.relayoutWindow:9847 android.view.ViewRootImpl.performTraversals:3884 android.view.ViewRootImpl.doTraversal:3116 android.view.ViewRootImpl$TraversalRunnable.run:10885
03-17 14:55:17.911 10923 10923 I ViewRootImpl@28344fc[CameraLauncher]: Relayout returned: old=(0,0,1440,3040) new=(0,0,1440,3040) req=(1440,3040)0 dur=9 res=0x3 s={true 0x711430b850} ch=true seqId=0
03-17 14:55:17.913 10923 10923 I ViewRootImpl@28344fc[CameraLauncher]: mThreadedRenderer.initialize() mSurface={isValid=true 0x711430b850} hwInitialized=true
03-17 14:55:17.915 10923 10991 I CameraManagerGlobal: Camera 0 facing CAMERA_FACING_BACK state now CAMERA_STATE_CLOSED for client com.samsung.android.scan3d API Level 2
03-17 14:55:17.915 10923 11011 I CameraManager: registerAvailabilityCallback: Is device callback = false
03-17 14:55:17.916 10923 11011 I CameraManagerGlobal: postSingleUpdate device: camera id 0 status STATUS_PRESENT
03-17 14:55:17.916 10923 11011 I CameraManagerGlobal: postSingleUpdate device: camera id 1 status STATUS_PRESENT
03-17 14:55:17.916 10923 11011 I CameraManagerGlobal: postSingleUpdate device: camera id 2 status STATUS_PRESENT
03-17 14:55:17.916 10923 11011 I CameraManagerGlobal: postSingleUpdate device: camera id 3 status STATUS_PRESENT
03-17 14:55:17.916 10923 11011 I CameraManagerGlobal: postSingleUpdate device: camera id 4 status STATUS_PRESENT
03-17 14:55:17.916 10923 11011 I CameraManagerGlobal: postSingleUpdate device: camera id 5 status STATUS_PRESENT
03-17 14:55:17.916 10923 11011 I CameraManagerGlobal: postSingleUpdate device: camera id 20 status STATUS_PRESENT
03-17 14:55:17.916 10923 11011 I CameraManagerGlobal: postSingleUpdate device: camera id 21 status STATUS_PRESENT
03-17 14:55:17.916 10923 11011 I CameraManagerGlobal: postSingleUpdate device: camera id 23 status STATUS_PRESENT
03-17 14:55:17.916 10923 11011 I CameraManagerGlobal: postSingleUpdate device: camera id 40 status STATUS_PRESENT
03-17 14:55:17.916 10923 11011 I CameraManagerGlobal: postSingleUpdate device: camera id 41 status STATUS_PRESENT
03-17 14:55:17.917 10923 11011 I CameraManagerGlobal: postSingleUpdate device: camera id 50 status STATUS_PRESENT
03-17 14:55:17.917 10923 11011 I CameraManagerGlobal: postSingleUpdate device: camera id 52 status STATUS_PRESENT
03-17 14:55:17.917 10923 11011 I CameraManagerGlobal: postSingleUpdate device: camera id 80 status STATUS_PRESENT
03-17 14:55:17.917 10923 11011 I CameraManagerGlobal: postSingleUpdate device: camera id 81 status STATUS_PRESENT
03-17 14:55:17.917 10923 11011 I CameraManagerGlobal: postSingleUpdate device: camera id 91 status STATUS_PRESENT
03-17 14:55:17.918 10923 11098 I Gralloc4: mapper 4.x is not supported
03-17 14:55:17.919 10923 11098 W Gralloc3: mapper 3.x is not supported
03-17 14:55:17.921 10923 11098 I gralloc : Arm Module v1.0
03-17 14:55:17.925 10923 11098 W Gralloc4: allocator 4.x is not supported
03-17 14:55:17.926 10923 11098 W Gralloc3: allocator 3.x is not supported
03-17 14:55:17.928 10923 10923 I ViewRootImpl@28344fc[CameraLauncher]: reportNextDraw android.view.ViewRootImpl.performTraversals:4438 android.view.ViewRootImpl.doTraversal:3116 android.view.ViewRootImpl$TraversalRunnable.run:10885 android.view.Choreographer$CallbackRecord.run:1301 android.view.Choreographer$CallbackRecord.run:1309
03-17 14:55:17.928 10923 10923 I ViewRootImpl@28344fc[CameraLauncher]: Setup new sync id=0
03-17 14:55:17.928 10923 10923 I ViewRootImpl@28344fc[CameraLauncher]: Setting syncFrameCallback
03-17 14:55:17.928 10923 10923 I ViewRootImpl@28344fc[CameraLauncher]: registerCallbacksForSync syncBuffer=false
03-17 14:55:17.931 10923 10948 I ViewRootImpl@28344fc[CameraLauncher]: Resizing android.view.ViewRootImpl@64fc65: frame = [0,0][1440,3040] reportDraw = true forceLayout = false syncSeqId = 0
03-17 14:55:17.934 10923 11105 I ViewRootImpl@28344fc[CameraLauncher]: Received frameDrawingCallback syncResult=0 frameNum=1.
03-17 14:55:17.934 10923 11105 I ViewRootImpl@28344fc[CameraLauncher]: Setting up sync and frameCommitCallback
03-17 14:55:17.936 10923 10948 I CameraManagerGlobal: postSingleUpdate device: camera id 20 status STATUS_NOT_AVAILABLE
03-17 14:55:17.937 10923 10948 I CameraManagerGlobal: postSingleUpdate device: camera id 21 status STATUS_NOT_AVAILABLE
03-17 14:55:17.937 10923 10948 I CameraManagerGlobal: postSingleUpdate device: camera id 23 status STATUS_NOT_AVAILABLE
03-17 14:55:17.938 10923 10948 I CameraManagerGlobal: postSingleUpdate device: camera id 0 status STATUS_NOT_AVAILABLE
03-17 14:55:17.939 10923 11002 W CAM_Log : Tag SceneDistanceAdviceSettings is 8 chars longer than limit.
03-17 14:55:17.942 10923 11002 W CAM_Log : Tag LongExposureStatechart is 3 chars longer than limit.
03-17 14:55:17.949 10923 10951 I CameraManagerGlobal: Camera 0 facing CAMERA_FACING_BACK state now CAMERA_STATE_OPEN for client com.samsung.android.scan3d API Level 2
03-17 14:55:17.954 10923 10957 I BLASTBufferQueue: [ViewRootImpl@28344fc[CameraLauncher]#0](f:0,a:0) onFrameAvailable the first frame is available
03-17 14:55:17.955 10923 10957 I ViewRootImpl@28344fc[CameraLauncher]: Received frameCommittedCallback lastAttemptedDrawFrameNum=1 didProduceBuffer=true
03-17 14:55:17.958 10923 10957 W Parcel : Expecting binder but got null!
03-17 14:55:17.959 10923 10923 I ViewRootImpl@28344fc[CameraLauncher]: onSyncComplete
03-17 14:55:17.960 10923 10923 I ViewRootImpl@28344fc[CameraLauncher]: setupSync seqId=0 mSyncId=0 fn=1 caller=android.view.ViewRootImpl$ $ExternalSyntheticLambda11.accept:6 android.window.SurfaceSyncer.lambda$setupSync$1$android-window-SurfaceSyncer:128 android.window.SurfaceSyncer$$ExternalSyntheticLambda1.accept:8 android.window.SurfaceSyncer$SyncSet.checkIfSyncIsComplete:382 android.window.SurfaceSyncer$SyncSet.markSyncReady:359 android.window.SurfaceSyncer.markSyncReady:151 android.view.ViewRootImpl.performTraversals:4503
03-17 14:55:17.960 10923 10923 I ViewRootImpl@28344fc[CameraLauncher]: reportDrawFinished seqId=0 mSyncId=-1 fn=1 mSurfaceChangedTransaction=0x704431d830
03-17 14:55:18.086 10923 11053 W CAM_SimpleReqProcessor: Failed to add Stream-0 to CaptureRequest for Request-12. The surface (null) was not valid.
03-17 14:55:18.090 10923 10948 I CameraManagerGlobal: Camera 0 facing CAMERA_FACING_BACK state now CAMERA_STATE_ACTIVE for client com.samsung.android.scan3d API Level 2
03-17 14:55:18.092 10923 11053 W CAM_SimpleReqProcessor: Failed to add Stream-0 to CaptureRequest for Request-13. The surface (null) was not valid.
03-17 14:55:18.194 10923 10938 I .android.scan3d: Compiler allocated 4177KB to compile void android.widget.TextView.<init>(android.content.Context, android.util.AttributeSet, int, int)
03-17 14:55:18.228 10923 10923 W CAM_Log : Tag HdrPlusTemperatureListener is 7 chars longer than limit.
03-17 14:55:18.231 10923 10923 W CAM_ModeSwitcher: ModeSwitcher WAS ALREADY ENABLED!
03-17 14:55:18.244 10923 10923 I SurfaceView@f6c68cb: onWindowVisibilityChanged(0) true android.view.SurfaceView{f6c68cb V.E...... ......I. 0,0-0,0} of ViewRootImpl@28344fc[CameraLauncher]
03-17 14:55:18.245 10923 10923 I DecorView: notifyKeepScreenOnChanged: keepScreenOn=true
03-17 14:55:18.258 10923 10923 I DecorView: notifyKeepScreenOnChanged: keepScreenOn=true
03-17 14:55:18.260 10923 10923 I ViewRootImpl@28344fc[CameraLauncher]: performTraversals params={(0,0)(fillxfill) sim={state=always_hidden adjust=pan forwardNavigation} layoutInDisplayCutoutMode=shortEdges ty=BASE_APPLICATION fmt=TRANSLUCENT wanim=0x1030309 rotAnim=SEAMLESS sysuil=true
03-17 14:55:18.260 10923 10923 I ViewRootImpl@28344fc[CameraLauncher]: fl=81810580
03-17 14:55:18.260 10923 10923 I ViewRootImpl@28344fc[CameraLauncher]: pfl=12020040
03-17 14:55:18.260 10923 10923 I ViewRootImpl@28344fc[CameraLauncher]: vsysui=705
03-17 14:55:18.260 10923 10923 I ViewRootImpl@28344fc[CameraLauncher]: apr=LOW_PROFILE_BARS
03-17 14:55:18.260 10923 10923 I ViewRootImpl@28344fc[CameraLauncher]: bhv=SHOW_TRANSIENT_BARS_BY_SWIPE
03-17 14:55:18.260 10923 10923 I ViewRootImpl@28344fc[CameraLauncher]: fitSides= naviIconColor=0}
03-17 14:55:18.261 10923 10923 I ViewRootImpl@28344fc[CameraLauncher]: performTraversals mFirst=false windowShouldResize=false viewVisibilityChanged=false mForceNextWindowRelayout=false params={(0,0)(fillxfill) sim={state=always_hidden adjust=pan forwardNavigation} layoutInDisplayCutoutMode=shortEdges ty=BASE_APPLICATION fmt=TRANSLUCENT wanim=0x1030309 rotAnim=SEAMLESS sysuil=true
03-17 14:55:18.261 10923 10923 I ViewRootImpl@28344fc[CameraLauncher]: fl=81810580
03-17 14:55:18.261 10923 10923 I ViewRootImpl@28344fc[CameraLauncher]: pfl=12020040
03-17 14:55:18.261 10923 10923 I ViewRootImpl@28344fc[CameraLauncher]: vsysui=705
03-17 14:55:18.261 10923 10923 I ViewRootImpl@28344fc[CameraLauncher]: apr=LOW_PROFILE_BARS
03-17 14:55:18.261 10923 10923 I ViewRootImpl@28344fc[CameraLauncher]: bhv=SHOW_TRANSIENT_BARS_BY_SWIPE
03-17 14:55:18.261 10923 10923 I ViewRootImpl@28344fc[CameraLauncher]: fitSides= naviIconColor=0}
03-17 14:55:18.266 10923 10923 I ViewRootImpl@28344fc[CameraLauncher]: updateBlastSurfaceIfNeeded mBlastBufferQueue=0x708431dfb0 isSameSurfaceControl=true
03-17 14:55:18.266 10923 10923 I BLASTBufferQueue: update, w= 1440 h= 3040 mName = ViewRootImpl@28344fc[CameraLauncher] mNativeObject= 0x708431dfb0 sc.mNativeObject= 0x7014379de0 format= -3 caller= android.view.ViewRootImpl.updateBlastSurfaceIfNeeded:2898 android.view.ViewRootImpl.relayoutWindow:9847 android.view.ViewRootImpl.performTraversals:3884 android.view.ViewRootImpl.doTraversal:3116 android.view.ViewRootImpl$TraversalRunnable.run:10885 android.view.Choreographer$CallbackRecord.run:1301
03-17 14:55:18.267 10923 10923 I ViewRootImpl@28344fc[CameraLauncher]: Relayout returned: old=(0,0,1440,3040) new=(0,0,1440,3040) req=(1440,3040)0 dur=5 res=0x0 s={true 0x711430b850} ch=false seqId=0
03-17 14:55:18.270 10923 10923 W Resources: Drawable com.samsung.android.scan3d:drawable/notification_dot has unresolved theme attributes! Consider using Resources.getDrawable(int, Theme) or Context.getDrawable(int).
03-17 14:55:18.270 10923 10923 W Resources: java.lang.RuntimeException
03-17 14:55:18.270 10923 10923 W Resources: at android.content.res.Resources.getDrawable(Resources.java:967)
03-17 14:55:18.270 10923 10923 W Resources: at jiw.a(Unknown Source:38)
03-17 14:55:18.270 10923 10923 W Resources: at jhd.onLayout(Unknown Source:97)
03-17 14:55:18.270 10923 10923 W Resources: at android.view.View.layout(View.java:24969)
03-17 14:55:18.270 10923 10923 W Resources: at android.view.ViewGroup.layout(ViewGroup.java:6784)
03-17 14:55:18.270 10923 10923 W Resources: at android.widget.FrameLayout.layoutChildren(FrameLayout.java:332)
03-17 14:55:18.270 10923 10923 W Resources: at android.widget.HorizontalScrollView.onLayout(HorizontalScrollView.java:2120)
03-17 14:55:18.270 10923 10923 W Resources: at com.google.android.apps.camera.ui.modeswitcher.ModeSwitcher.onLayout(Unknown Source:0)
03-17 14:55:18.270 10923 10923 W Resources: at android.view.View.layout(View.java:24969)
03-17 14:55:18.270 10923 10923 W Resources: at android.view.ViewGroup.layout(ViewGroup.java:6784)
03-17 14:55:18.270 10923 10923 W Resources: at android.widget.FrameLayout.layoutChildren(FrameLayout.java:332)
03-17 14:55:18.270 10923 10923 W Resources: at android.widget.FrameLayout.onLayout(FrameLayout.java:270)
03-17 14:55:18.270 10923 10923 W Resources: at com.google.android.apps.camera.ui.layout.GcaLayout.onLayout(Unknown Source:21)
03-17 14:55:18.270 10923 10923 W Resources: at com.google.android.apps.camera.ui.views.MainActivityLayout.onLayout(Unknown Source:0)
03-17 14:55:18.270 10923 10923 W Resources: at android.view.View.layout(View.java:24969)
03-17 14:55:18.270 10923 10923 W Resources: at android.view.ViewGroup.layout(ViewGroup.java:6784)
03-17 14:55:18.270 10923 10923 W Resources: at android.widget.FrameLayout.layoutChildren(FrameLayout.java:332)
03-17 14:55:18.270 10923 10923 W Resources: at android.widget.FrameLayout.onLayout(FrameLayout.java:270)
03-17 14:55:18.270 10923 10923 W Resources: at android.view.View.layout(View.java:24969)
03-17 14:55:18.270 10923 10923 W Resources: at android.view.ViewGroup.layout(ViewGroup.java:6784)
03-17 14:55:18.270 10923 10923 W Resources: at android.widget.LinearLayout.setChildFrame(LinearLayout.java:1829)
03-17 14:55:18.270 10923 10923 W Resources: at android.widget.LinearLayout.layoutVertical(LinearLayout.java:1673)
03-17 14:55:18.270 10923 10923 W Resources: at android.widget.LinearLayout.onLayout(LinearLayout.java:1582)
03-17 14:55:18.270 10923 10923 W Resources: at android.view.View.layout(View.java:24969)
03-17 14:55:18.270 10923 10923 W Resources: at android.view.ViewGroup.layout(ViewGroup.java:6784)
03-17 14:55:18.270 10923 10923 W Resources: at android.widget.FrameLayout.layoutChildren(FrameLayout.java:332)
03-17 14:55:18.270 10923 10923 W Resources: at android.widget.FrameLayout.onLayout(FrameLayout.java:270)
03-17 14:55:18.270 10923 10923 W Resources: at android.view.View.layout(View.java:24969)
03-17 14:55:18.270 10923 10923 W Resources: at android.view.ViewGroup.layout(ViewGroup.java:6784)
03-17 14:55:18.270 10923 10923 W Resources: at android.widget.LinearLayout.setChildFrame(LinearLayout.java:1829)
03-17 14:55:18.270 10923 10923 W Resources: at android.widget.LinearLayout.layoutVertical(LinearLayout.java:1673)
03-17 14:55:18.270 10923 10923 W Resources: at android.widget.LinearLayout.onLayout(LinearLayout.java:1582)
03-17 14:55:18.270 10923 10923 W Resources: at android.view.View.layout(View.java:24969)
03-17 14:55:18.270 10923 10923 W Resources: at android.view.ViewGroup.layout(ViewGroup.java:6784)
03-17 14:55:18.270 10923 10923 W Resources: at android.widget.FrameLayout.layoutChildren(FrameLayout.java:332)
03-17 14:55:18.270 10923 10923 W Resources: at android.widget.FrameLayout.onLayout(FrameLayout.java:270)
03-17 14:55:18.270 10923 10923 W Resources: at com.android.internal.policy.DecorView.onLayout(DecorView.java:1427)
03-17 14:55:18.270 10923 10923 W Resources: at android.view.View.layout(View.java:24969)
03-17 14:55:18.270 10923 10923 W Resources: at android.view.ViewGroup.layout(ViewGroup.java:6784)
03-17 14:55:18.270 10923 10923 W Resources: at android.view.ViewRootImpl.performLayout(ViewRootImpl.java:4917)
03-17 14:55:18.270 10923 10923 W Resources: at android.view.ViewRootImpl.performTraversals(ViewRootImpl.java:4240)
03-17 14:55:18.270 10923 10923 W Resources: at android.view.ViewRootImpl.doTraversal(ViewRootImpl.java:3116)
03-17 14:55:18.270 10923 10923 W Resources: at android.view.ViewRootImpl$TraversalRunnable.run(ViewRootImpl.java:10885)
03-17 14:55:18.270 10923 10923 W Resources: at android.view.Choreographer$CallbackRecord.run(Choreographer.java:1301)
03-17 14:55:18.270 10923 10923 W Resources: at android.view.Choreographer$CallbackRecord.run(Choreographer.java:1309)
03-17 14:55:18.270 10923 10923 W Resources: at android.view.Choreographer.doCallbacks(Choreographer.java:923)
03-17 14:55:18.270 10923 10923 W Resources: at android.view.Choreographer.doFrame(Choreographer.java:852)
03-17 14:55:18.270 10923 10923 W Resources: at android.view.Choreographer$FrameDisplayEventReceiver.run(Choreographer.java:1283)
03-17 14:55:18.270 10923 10923 W Resources: at android.os.Handler.handleCallback(Handler.java:942)
03-17 14:55:18.270 10923 10923 W Resources: at android.os.Handler.dispatchMessage(Handler.java:99)
03-17 14:55:18.270 10923 10923 W Resources: at android.os.Looper.loopOnce(Looper.java:226)
03-17 14:55:18.270 10923 10923 W Resources: at android.os.Looper.loop(Looper.java:313)
03-17 14:55:18.270 10923 10923 W Resources: at android.app.ActivityThread.main(ActivityThread.java:8757)
03-17 14:55:18.270 10923 10923 W Resources: at java.lang.reflect.Method.invoke(Native Method)
03-17 14:55:18.270 10923 10923 W Resources: at com.android.internal.os.RuntimeInit$MethodAndArgsCaller.run(RuntimeInit.java:571)
03-17 14:55:18.270 10923 10923 W Resources: at com.android.internal.os.ZygoteInit.main(ZygoteInit.java:1067)
03-17 14:55:18.271 10923 10923 W View : requestLayout() improperly called by nxq{514c382 V.ED..... ......ID 523,1-916,166} during layout: running second layout pass
03-17 14:55:18.272 10923 10923 I SurfaceView@f6c68cb: Changes: creating=true format=true size=true visible=true alpha=false hint=false mUseAlpha=false visible=true left=true top=true
03-17 14:55:18.276 10923 10923 I BLASTBufferQueue: update, w= 1440 h= 1080 mName = null mNativeObject= 0x7084314050 sc.mNativeObject= 0x701437cbf0 format= 4 caller= android.view.SurfaceView.createBlastSurfaceControls:1383 android.view.SurfaceView.updateSurface:1079 android.view.SurfaceView.lambda$new$0$android-view-SurfaceView:200 android.view.SurfaceView$$ExternalSyntheticLambda5.onPreDraw:2 android.view.ViewTreeObserver.dispatchOnPreDraw:1121 android.view.ViewRootImpl.performTraversals:4442
03-17 14:55:18.276 10923 10923 I SurfaceView@f6c68cb: 258762955 Cur surface: Surface(name=null)/@0x51089a2
03-17 14:55:18.277 10923 10923 I SurfaceView@f6c68cb: pST: sr = Rect(0, 312 - 1440, 2232) sw = 1440 sh = 1080
03-17 14:55:18.277 10923 10923 I SurfaceView@f6c68cb: applyTransactionOnVriDraw: vri = ViewRootImpl@28344fc[CameraLauncher] fRS = false t = 0x7044324e50 android.view.SurfaceView.performSurfaceTransaction:959 android.view.SurfaceView.updateSurface:1105 android.view.SurfaceView.lambda$new$0$android-view-SurfaceView:200
03-17 14:55:18.277 10923 10923 I ViewRootImpl@28344fc[CameraLauncher]: applyTransactionOnDraw: mRemoved = false isHardwareEnabled = true t = 0x7044324e50android.view.SurfaceView.applyTransactionOnVriDraw:2048 android.view.SurfaceView.performSurfaceTransaction:959 android.view.SurfaceView.updateSurface:1105 android.view.SurfaceView.lambda$new$0$android-view-SurfaceView:200 android.view.SurfaceView$$ExternalSyntheticLambda5.onPreDraw:2
03-17 14:55:18.277 10923 10923 I SurfaceView@f6c68cb: updateSurface: mVisible = true mSurface.isValid() = true
03-17 14:55:18.277 10923 10923 I SurfaceView@f6c68cb: updateSurface: mSurfaceCreated = false surfaceChanged = true visibleChanged = true
03-17 14:55:18.277 10923 10923 I SurfaceView@f6c68cb: visibleChanged -- surfaceCreated
03-17 14:55:18.277 10923 10923 I SurfaceView@f6c68cb: surfaceCreated 2 #8 android.view.SurfaceView{f6c68cb V.E...... ......ID 0,312-1440,2232}
03-17 14:55:18.277 10923 10923 I SurfaceView@f6c68cb: surfaceChanged -- format=4 w=1440 h=1080
03-17 14:55:18.277 10923 10923 I SurfaceView@f6c68cb: surfaceChanged (1440,1080) 2 #8 android.view.SurfaceView{f6c68cb V.E...... ......ID 0,312-1440,2232}
03-17 14:55:18.278 10923 10923 I SurfaceView@f6c68cb: surfaceRedrawNeeded
03-17 14:55:18.282 10923 11104 I SurfaceView@f6c68cb: uSP: rtp = Rect(0, 312 - 1440, 2232) rtsw = 1440 rtsh = 1080
03-17 14:55:18.282 10923 11104 I SurfaceView@f6c68cb: onSSPAndSRT: pl = 0 pt = 312 sx = 1.0 sy = 1.7777778
03-17 14:55:18.282 10923 11104 I SurfaceView@f6c68cb: aOrMT: ViewRootImpl@28344fc[CameraLauncher] t = android.view.SurfaceControl$Transaction@4e26f69 fN = 2 android.view.SurfaceView.-$ $Nest$mapplyOrMergeTransaction:0 android.view.SurfaceView$SurfaceViewPositionUpdateListener.positionChanged:1537 android.graphics.RenderNode$CompositePositionUpdateListener.positionChanged:373
03-17 14:55:18.283 10923 11104 I ViewRootImpl@28344fc[CameraLauncher]: mWNT: t=0x7044324af0 mBlastBufferQueue=0x708431dfb0 fn= 2 caller= android.view.SurfaceView.applyOrMergeTransaction:1455 android.view.SurfaceView.-$ $Nest$mapplyOrMergeTransaction:0 android.view.SurfaceView$SurfaceViewPositionUpdateListener.positionChanged:1537
03-17 14:55:18.289 10923 11105 I ViewRootImpl@28344fc[CameraLauncher]: mWNT: t=0x7044324e50 mBlastBufferQueue=0x708431dfb0 fn= 2 caller= android.view.ViewRootImpl.lambda$applyTransactionOnDraw$11$android-view- ViewRootImpl:12865 android.view.ViewRootImpl$ $ExternalSyntheticLambda1.onFrameDraw:4 android.graphics.HardwareRenderer$FrameDrawingCallback.onFrameDraw:924
03-17 14:55:18.295 10923 10923 W CAM_Log : Tag SmartsGestureListener is 2 chars longer than limit.
03-17 14:55:18.295 10923 11053 W CAM_SurfaceMap: Surface(name=null)/@0x51089a2 is valid but deferred streams are not yet available for CaptureSession-0
03-17 14:55:18.295 10923 11053 W CAM_SimpleReqProcessor: Failed to add Stream-0 to CaptureRequest for Request-14. The surface is not yet available.
03-17 14:55:18.297 10923 10923 W CAM_ModeSwitcher: ModeSwitcher WAS ALREADY ENABLED!
03-17 14:55:18.299 10923 10923 I ViewRootImpl@28344fc[CameraLauncher]: handleResized, msg = 5 frames=ClientWindowFrames{frame=[0,0][1440,3040] display=[0,0][1440,3040] parentFrame=[0,0][0,0] parentClippedByDisplayCutout=false} forceNextWindowRelayout=false displayId=0 resizeMode=-1 frameChanged=false displayFrameChanged=false configChanged=false displayChanged=false
03-17 14:55:18.299 10923 10923 I ViewRootImpl@28344fc[CameraLauncher]: handleResized mSyncSeqId = 0
03-17 14:55:18.299 10923 10923 I ViewRootImpl@28344fc[CameraLauncher]: reportNextDraw android.view.ViewRootImpl.handleResized:2450 android.view.ViewRootImpl.-$$Nest$mhandleResized:0 android.view.ViewRootImpl$ViewRootHandler.handleMessageImpl:6728 android.view.ViewRootImpl$ViewRootHandler.handleMessage:6697 android.os.Handler.dispatchMessage:106
03-17 14:55:18.300 10923 10923 I ViewRootImpl@28344fc[CameraLauncher]: Setup new sync id=1
03-17 14:55:18.300 10923 10923 I ViewRootImpl@28344fc[CameraLauncher]: Setting syncFrameCallback
03-17 14:55:18.300 10923 10923 E SurfaceSyncer: Failed to find sync for id=0
03-17 14:55:18.300 10923 10923 I ViewRootImpl@28344fc[CameraLauncher]: registerCallbacksForSync syncBuffer=false
03-17 14:55:18.301 10923 11104 I ViewRootImpl@28344fc[CameraLauncher]: Received frameDrawingCallback syncResult=0 frameNum=3.
03-17 14:55:18.301 10923 11104 I ViewRootImpl@28344fc[CameraLauncher]: Setting up sync and frameCommitCallback
03-17 14:55:18.303 10923 10957 I ViewRootImpl@28344fc[CameraLauncher]: Received frameCommittedCallback lastAttemptedDrawFrameNum=3 didProduceBuffer=true
03-17 14:55:18.303 10923 10923 I ViewRootImpl@28344fc[CameraLauncher]: onSyncComplete
03-17 14:55:18.304 10923 10923 I ViewRootImpl@28344fc[CameraLauncher]: setupSync seqId=0 mSyncId=1 fn=3 caller=android.view.ViewRootImpl$ $ExternalSyntheticLambda11.accept:6 android.window.SurfaceSyncer.lambda$setupSync$1$android-window-SurfaceSyncer:128 android.window.SurfaceSyncer$$ExternalSyntheticLambda1.accept:8 android.window.SurfaceSyncer$SyncSet.checkIfSyncIsComplete:382 android.window.SurfaceSyncer$SyncSet.markSyncReady:359 android.window.SurfaceSyncer.markSyncReady:151 android.view.ViewRootImpl.performTraversals:4503
03-17 14:55:18.304 10923 10923 I ViewRootImpl@28344fc[CameraLauncher]: reportDrawFinished seqId=0 mSyncId=-1 fn=3 mSurfaceChangedTransaction=0x704431d830
03-17 14:55:18.305 10923 10923 W CAM_SurfaceMap: Surface(name=null)/@0x51089a2 is valid but deferred streams are not yet available for CaptureSession-0
03-17 14:55:18.305 10923 10923 W CAM_SimpleReqProcessor: Failed to add Stream-0 to CaptureRequest for Request-15. The surface is not yet available.
03-17 14:55:18.311 10923 10923 I ViewRootImpl@28344fc[CameraLauncher]: MSG_WINDOW_FOCUS_CHANGED 1 0
03-17 14:55:18.311 10923 10923 I ViewRootImpl@28344fc[CameraLauncher]: mThreadedRenderer.initializeIfNeeded()#2 mSurface={isValid=true 0x711430b850}
03-17 14:55:18.313 10923 10923 I InputMethodManager: startInputInner - mService.startInputOrWindowGainedFocus
03-17 14:55:18.321 10923 10923 I SurfaceView@f6c68cb: finishedDrawing
03-17 14:55:18.444 10923 10923 I ViewRootImpl@28344fc[CameraLauncher]: ViewPostIme pointer 0
03-17 14:55:18.445 10923 10923 I GestureDetector: obtain mCurrentDownEvent. id: 1030644181 caller: com.google.android.apps.camera.bottombar.BottomBar.onTouchEvent:2 android.view.View.dispatchTouchEvent:15544 android.view.ViewGroup.dispatchTransformedTouchEvent:3310
03-17 14:55:18.457 10923 11052 W CameraMetadataJV: Expect face scores and rectangles to be non-null
03-17 14:55:18.460 10923 11052 W CameraMetadataJV: Expect face scores and rectangles to be non-null
03-17 14:55:18.460 10923 11052 W CameraMetadataJV: Expect face scores and rectangles to be non-null
03-17 14:55:18.460 10923 11052 W CameraMetadataJV: Expect face scores and rectangles to be non-null
03-17 14:55:18.460 10923 11052 W CameraMetadataJV: Expect face scores and rectangles to be non-null
03-17 14:55:18.460 10923 11052 W CameraMetadataJV: Expect face scores and rectangles to be non-null
03-17 14:55:18.461 10923 11052 W CameraMetadataJV: Expect face scores and rectangles to be non-null
03-17 14:55:18.462 10923 11186 E OisListener: Null pointer for OIS data. OIS API version: 2
03-17 14:55:18.466 10923 11187 W CameraMetadataJV: Expect face scores and rectangles to be non-null
03-17 14:55:18.471 10923 10996 I tflite : Initialized TensorFlow Lite runtime.
03-17 14:55:18.485 10923 11052 W JankMonitorFacade: UNINITIALIZED > result sensor delay = 2.00 > 1.10
03-17 14:55:18.488 10923 11052 W CameraMetadataJV: Expect face scores and rectangles to be non-null
03-17 14:55:18.489 10923 11052 W CameraMetadataJV: Expect face scores and rectangles to be non-null
03-17 14:55:18.489 10923 11052 W CameraMetadataJV: Expect face scores and rectangles to be non-null
03-17 14:55:18.489 10923 11052 W CameraMetadataJV: Expect face scores and rectangles to be non-null
03-17 14:55:18.489 10923 11052 W CameraMetadataJV: Expect face scores and rectangles to be non-null
03-17 14:55:18.489 10923 11052 W CameraMetadataJV: Expect face scores and rectangles to be non-null
03-17 14:55:18.489 10923 11052 W CameraMetadataJV: Expect face scores and rectangles to be non-null
03-17 14:55:18.492 10923 11186 E OisListener: Null pointer for OIS data. OIS API version: 2
03-17 14:55:18.494 10923 11187 W CameraMetadataJV: Expect face scores and rectangles to be non-null
03-17 14:55:18.528 10923 11052 W JankMonitorFacade: UNINITIALIZED > rel Δ(result sensor timestamp) = 0.50 > 0.25
03-17 14:55:18.528 10923 11052 W CameraMetadataJV: Expect face scores and rectangles to be non-null
03-17 14:55:18.529 10923 11052 W CameraMetadataJV: Expect face scores and rectangles to be non-null
03-17 14:55:18.529 10923 11052 W CameraMetadataJV: Expect face scores and rectangles to be non-null
03-17 14:55:18.529 10923 11052 W CameraMetadataJV: Expect face scores and rectangles to be non-null
03-17 14:55:18.529 10923 11052 W CameraMetadataJV: Expect face scores and rectangles to be non-null
03-17 14:55:18.529 10923 11052 W CameraMetadataJV: Expect face scores and rectangles to be non-null
03-17 14:55:18.530 10923 11052 W CameraMetadataJV: Expect face scores and rectangles to be non-null
03-17 14:55:18.530 10923 11186 E OisListener: Null pointer for OIS data. OIS API version: 2
03-17 14:55:18.531 10923 11187 W CameraMetadataJV: Expect face scores and rectangles to be non-null
03-17 14:55:18.560 10923 10923 I ViewRootImpl@28344fc[CameraLauncher]: ViewPostIme pointer 1
03-17 14:55:18.571 10923 10998 I tflite : Initialized TensorFlow Lite runtime.
03-17 14:55:18.574 10923 11215 I tflite : Created TensorFlow Lite delegate for GPU.
03-17 14:55:18.576 10923 11052 W CameraMetadataJV: Expect face scores and rectangles to be non-null
03-17 14:55:18.576 10923 11052 W CameraMetadataJV: Expect face scores and rectangles to be non-null
03-17 14:55:18.576 10923 11052 W CameraMetadataJV: Expect face scores and rectangles to be non-null
03-17 14:55:18.576 10923 11052 W CameraMetadataJV: Expect face scores and rectangles to be non-null
03-17 14:55:18.576 10923 11052 W CameraMetadataJV: Expect face scores and rectangles to be non-null
03-17 14:55:18.576 10923 11052 W CameraMetadataJV: Expect face scores and rectangles to be non-null
03-17 14:55:18.576 10923 11052 W CameraMetadataJV: Expect face scores and rectangles to be non-null
03-17 14:55:18.577 10923 11186 E OisListener: Null pointer for OIS data. OIS API version: 2
03-17 14:55:18.577 10923 11187 W CameraMetadataJV: Expect face scores and rectangles to be non-null
03-17 14:55:18.590 10923 10951 I BLASTBufferQueue: [SurfaceView[com.samsung.android.scan3d/com.android.camera.CameraLauncher]@0#1] (f:0,a:0) onFrameAvailable the first frame is available
03-17 14:55:18.602 10923 11052 W CameraMetadataJV: Expect face scores and rectangles to be non-null
03-17 14:55:18.602 10923 11052 W CameraMetadataJV: Expect face scores and rectangles to be non-null
03-17 14:55:18.602 10923 11052 W CameraMetadataJV: Expect face scores and rectangles to be non-null
03-17 14:55:18.603 10923 11052 W CameraMetadataJV: Expect face scores and rectangles to be non-null
03-17 14:55:18.603 10923 11052 W CameraMetadataJV: Expect face scores and rectangles to be non-null
03-17 14:55:18.603 10923 11052 W CameraMetadataJV: Expect face scores and rectangles to be non-null
03-17 14:55:18.603 10923 11052 W CameraMetadataJV: Expect face scores and rectangles to be non-null
03-17 14:55:18.603 10923 11186 E OisListener: Null pointer for OIS data. OIS API version: 2
03-17 14:55:18.604 10923 11187 W CameraMetadataJV: Expect face scores and rectangles to be non-null
03-17 14:55:18.623 10923 10923 I ViewRootImpl@28344fc[CameraLauncher]: ViewPostIme pointer 0
03-17 14:55:18.623 10923 10923 I GestureDetector: obtain mCurrentMotionEventRaw. action: 0 id: 663369691
03-17 14:55:18.624 10923 10923 I GestureDetector: obtain mCurrentDownEvent. id: 663369691 caller: com.google.android.apps.camera.bottombar.BottomBar.onTouchEvent:2 android.view.View.dispatchTouchEvent:15544 android.view.ViewGroup.dispatchTransformedTouchEvent:3310
03-17 14:55:18.663 10923 11052 W JankMonitorFacade: PHOTO > rel Δ(result sensor timestamp) = 1.00 > 0.25
03-17 14:55:18.663 10923 11052 W JankMonitorFacade: PHOTO > result sensor delay = 2.00 > 1.10
03-17 14:55:18.663 10923 11052 W CameraMetadataJV: Expect face scores and rectangles to be non-null
03-17 14:55:18.664 10923 11052 W CameraMetadataJV: Expect face scores and rectangles to be non-null
03-17 14:55:18.664 10923 11052 W CameraMetadataJV: Expect face scores and rectangles to be non-null
03-17 14:55:18.664 10923 11052 W CameraMetadataJV: Expect face scores and rectangles to be non-null
03-17 14:55:18.664 10923 11052 W CameraMetadataJV: Expect face scores and rectangles to be non-null
03-17 14:55:18.665 10923 11052 W CameraMetadataJV: Expect face scores and rectangles to be non-null
03-17 14:55:18.665 10923 11052 W CameraMetadataJV: Expect face scores and rectangles to be non-null
03-17 14:55:18.665 10923 11186 E OisListener: Null pointer for OIS data. OIS API version: 2
03-17 14:55:18.665 10923 11187 W CameraMetadataJV: Expect face scores and rectangles to be non-null
03-17 14:55:18.674 10923 10923 I ViewRootImpl@240be2e[Toast]: setView = android.widget.LinearLayout@72b9430 TM=true
03-17 14:55:18.681 10923 11112 W PlatformVersion: Build version must be at least 5954562 to support R in gmscore
03-17 14:55:18.682 10923 10923 I GestureDetector: obtain mCurrentMotionEventRaw. action: 2 id: 108165374
03-17 14:55:18.682 10923 10923 I ViewRootImpl@28344fc[CameraLauncher]: ViewPostIme pointer 1
03-17 14:55:18.689 10923 11230 W .android.scan3d: Accessing hidden field Ljava/util/Collections$SynchronizedCollection;->mutex:Ljava/lang/Object; (max- target-o, reflection, denied)
03-17 14:55:18.689 10923 11230 W .android.scan3d: Accessing hidden field Ljava/util/Collections$SynchronizedCollection;->c:Ljava/util/Collection; (unsupported, reflection, allowed)
