03-17 14:56:03.338 12493 12493 I SurfaceView@59f2643: releaseSurfaces: viewRoot = ViewRootImpl@54907c9[CameraActivity]
03-17 14:56:03.338 12493 12493 I SurfaceView@59f2643: applyTransactionOnVriDraw: vri = ViewRootImpl@54907c9[CameraActivity] fRS = true t = 0x7044315370 android.view.SurfaceView.releaseSurfaces:858 android.view.SurfaceView.updateSurface:998 android.view.SurfaceView.lambda$new$0$android-view-SurfaceView:200
03-17 14:56:03.338 12493 12493 I SurfaceView@59f2643: applyTransactionOnVriDraw: viewRoot.applyTransactionOnDrawFromReleaseSurfaces
03-17 14:56:03.338 12493 12493 I ViewRootImpl@54907c9[CameraActivity]: from releaseSurfaces t.apply t = 0x7044315370
03-17 14:56:04.276 12493 12704 W libc : Access denied finding property "sys.perf.boostopt"
03-17 14:56:04.280 12493 12704 I CameraManagerGlobal: Camera 0 facing CAMERA_FACING_BACK state now CAMERA_STATE_CLOSED for client com.samsung.android.scan3d API Level 2
03-17 14:56:21.434 12493 12531 W libc : Access denied finding property "sys.perf.boostopt"
03-17 14:56:22.252 12493 12493 I ViewRootImpl@54907c9[CameraActivity]: handleAppVisibility mAppVisible = false visible = true
03-17 14:56:22.259 12493 12493 I ViewRootImpl@54907c9[CameraActivity]: stopped(false) old = true
03-17 14:56:22.259 12493 12493 I ViewRootImpl@54907c9[CameraActivity]: WindowStopped on com.samsung.android.scan3d/com.google.android.apps.camera.legacy.app.activity.main. CameraActivity set to false
03-17 14:56:22.279 12493 12493 I MSHandlerLifeCycle: check: return. Multi-window not supported pkg=com.samsung.android.scan3d
03-17 14:56:22.280 12493 12493 I MSHandlerLifeCycle: removeMultiSplitHandler: no exist. decor=DecorView@55564bc[CameraActivity]
03-17 14:56:22.280 12493 12493 I ViewRootImpl@54907c9[CameraActivity]: stopped(false) old = false
03-17 14:56:22.282 12493 12493 I DecorView: notifyKeepScreenOnChanged: keepScreenOn=true
03-17 14:56:22.284 12493 12493 I DecorView: notifyKeepScreenOnChanged: keepScreenOn=true
03-17 14:56:22.286 12493 12493 I MSHandlerLifeCycle: check: return. Multi-window not supported pkg=com.samsung.android.scan3d
03-17 14:56:22.286 12493 12493 I MSHandlerLifeCycle: removeMultiSplitHandler: no exist. decor=DecorView@55564bc[CameraActivity]
03-17 14:56:22.287 12493 12493 I SurfaceView@59f2643: onWindowVisibilityChanged(0) false android.view.SurfaceView{59f2643 V.E...... ........ 0,312-1440,2232} of ViewRootImpl@54907c9[CameraActivity]
03-17 14:56:22.287 12493 12493 I SurfaceView@59f2643: releaseSurfaces: viewRoot = ViewRootImpl@54907c9[CameraActivity]
03-17 14:56:22.287 12493 12493 I SurfaceView@59f2643: applyTransactionOnVriDraw: vri = ViewRootImpl@54907c9[CameraActivity] fRS = true t = 0x7044365950 android.view.SurfaceView.releaseSurfaces:858 android.view.SurfaceView.updateSurface:998 android.view.SurfaceView.onWindowVisibilityChanged:371
03-17 14:56:22.287 12493 12493 I SurfaceView@59f2643: applyTransactionOnVriDraw: viewRoot.applyTransactionOnDrawFromReleaseSurfaces
03-17 14:56:22.287 12493 12493 I ViewRootImpl@54907c9[CameraActivity]: applyTransactionOnDraw: mRemoved = false isHardwareEnabled = false t = 0x7044365950android.view.ViewRootImpl.applyTransactionOnDrawFromReleaseSurfaces:128 50 android.view.SurfaceView.applyTransactionOnVriDraw:2046 android.view.SurfaceView.releaseSurfaces:858 android.view.SurfaceView.updateSurface:998 android.view.SurfaceView.onWindowVisibilityChanged:371
03-17 14:56:22.291 12493 12493 I DecorView: notifyKeepScreenOnChanged: keepScreenOn=true
03-17 14:56:22.293 12493 12493 I ViewRootImpl@54907c9[CameraActivity]: performTraversals params={(0,0)(fillxfill) sim={state=always_hidden adjust=pan forwardNavigation} layoutInDisplayCutoutMode=shortEdges ty=BASE_APPLICATION fmt=TRANSLUCENT wanim=0x1030309 rotAnim=SEAMLESS sysuil=true
03-17 14:56:22.293 12493 12493 I ViewRootImpl@54907c9[CameraActivity]: fl=81810580
03-17 14:56:22.293 12493 12493 I ViewRootImpl@54907c9[CameraActivity]: pfl=12020040
03-17 14:56:22.293 12493 12493 I ViewRootImpl@54907c9[CameraActivity]: vsysui=705
03-17 14:56:22.293 12493 12493 I ViewRootImpl@54907c9[CameraActivity]: apr=LOW_PROFILE_BARS
03-17 14:56:22.293 12493 12493 I ViewRootImpl@54907c9[CameraActivity]: bhv=SHOW_TRANSIENT_BARS_BY_SWIPE
03-17 14:56:22.293 12493 12493 I ViewRootImpl@54907c9[CameraActivity]: fitSides= naviIconColor=0}
03-17 14:56:22.294 12493 12493 I ViewRootImpl@54907c9[CameraActivity]: performTraversals mFirst=false windowShouldResize=false viewVisibilityChanged=true mForceNextWindowRelayout=false params={(0,0)(fillxfill) sim={state=always_hidden adjust=pan forwardNavigation} layoutInDisplayCutoutMode=shortEdges ty=BASE_APPLICATION fmt=TRANSLUCENT wanim=0x1030309 rotAnim=SEAMLESS sysuil=true
03-17 14:56:22.294 12493 12493 I ViewRootImpl@54907c9[CameraActivity]: fl=81810580
03-17 14:56:22.294 12493 12493 I ViewRootImpl@54907c9[CameraActivity]: pfl=12020040
03-17 14:56:22.294 12493 12493 I ViewRootImpl@54907c9[CameraActivity]: vsysui=705
03-17 14:56:22.294 12493 12493 I ViewRootImpl@54907c9[CameraActivity]: apr=LOW_PROFILE_BARS
03-17 14:56:22.294 12493 12493 I ViewRootImpl@54907c9[CameraActivity]: bhv=SHOW_TRANSIENT_BARS_BY_SWIPE
03-17 14:56:22.294 12493 12493 I ViewRootImpl@54907c9[CameraActivity]: fitSides= naviIconColor=0}
03-17 14:56:22.308 12493 12493 I ViewRootImpl@54907c9[CameraActivity]: updateBlastSurfaceIfNeeded mBlastBufferQueue=null isSameSurfaceControl=false
03-17 14:56:22.309 12493 12555 I CameraManager: registerAvailabilityCallback: Is device callback = false
03-17 14:56:22.309 12493 12493 I BLASTBufferQueue: new BLASTBufferQueue, mName= ViewRootImpl@54907c9[CameraActivity] mNativeObject= 0x708432e310 sc.mNativeObject= 0x701437b8b0 caller= android.view.ViewRootImpl.updateBlastSurfaceIfNeeded:2909 android.view.ViewRootImpl.relayoutWindow:9847 android.view.ViewRootImpl.performTraversals:3884 android.view.ViewRootImpl.doTraversal:3116 android.view.ViewRootImpl$TraversalRunnable.run:10885 android.view.Choreographer$CallbackRecord.run:1301 android.view.Choreographer$CallbackRecord.run:1309 android.view.Choreographer.doCallbacks:923 android.view.Choreographer.doFrame:852 android.view.Choreographer$FrameDisplayEventReceiver.run:1283
03-17 14:56:22.309 12493 12493 I BLASTBufferQueue: update, w= 1440 h= 3040 mName = ViewRootImpl@54907c9[CameraActivity] mNativeObject= 0x708432e310 sc.mNativeObject= 0x701437b8b0 format= -3 caller= android.graphics.BLASTBufferQueue.<init>:84 android.view.ViewRootImpl.updateBlastSurfaceIfNeeded:2909 android.view.ViewRootImpl.relayoutWindow:9847 android.view.ViewRootImpl.performTraversals:3884 android.view.ViewRootImpl.doTraversal:3116 android.view.ViewRootImpl$TraversalRunnable.run:10885
03-17 14:56:22.309 12493 12555 I CameraManagerGlobal: postSingleUpdate device: camera id 0 status STATUS_PRESENT
03-17 14:56:22.309 12493 12555 I CameraManagerGlobal: postSingleUpdate device: camera id 1 status STATUS_PRESENT
03-17 14:56:22.309 12493 12555 I CameraManagerGlobal: postSingleUpdate device: camera id 2 status STATUS_PRESENT
03-17 14:56:22.309 12493 12493 I ViewRootImpl@54907c9[CameraActivity]: Relayout returned: old=(0,0,1440,3040) new=(0,0,1440,3040) req=(1440,3040)0 dur=14 res=0x3 s={true 0x711430da60} ch=true seqId=0
03-17 14:56:22.310 12493 12555 I CameraManagerGlobal: postSingleUpdate device: camera id 3 status STATUS_PRESENT
03-17 14:56:22.310 12493 12555 I CameraManagerGlobal: postSingleUpdate device: camera id 4 status STATUS_PRESENT
03-17 14:56:22.310 12493 12555 I CameraManagerGlobal: postSingleUpdate device: camera id 5 status STATUS_PRESENT
03-17 14:56:22.310 12493 12555 I CameraManagerGlobal: postSingleUpdate device: camera id 20 status STATUS_PRESENT
03-17 14:56:22.310 12493 12555 I CameraManagerGlobal: postSingleUpdate device: camera id 21 status STATUS_PRESENT
03-17 14:56:22.310 12493 12555 I CameraManagerGlobal: postSingleUpdate device: camera id 23 status STATUS_PRESENT
03-17 14:56:22.310 12493 12555 I CameraManagerGlobal: postSingleUpdate device: camera id 40 status STATUS_PRESENT
03-17 14:56:22.311 12493 12555 I CameraManagerGlobal: postSingleUpdate device: camera id 41 status STATUS_PRESENT
03-17 14:56:22.311 12493 12555 I CameraManagerGlobal: postSingleUpdate device: camera id 50 status STATUS_PRESENT
03-17 14:56:22.311 12493 12555 I CameraManagerGlobal: postSingleUpdate device: camera id 52 status STATUS_PRESENT
03-17 14:56:22.311 12493 12555 I CameraManagerGlobal: postSingleUpdate device: camera id 80 status STATUS_PRESENT
03-17 14:56:22.311 12493 12493 I ViewRootImpl@54907c9[CameraActivity]: mThreadedRenderer.initialize() mSurface={isValid=true 0x711430da60} hwInitialized=true
03-17 14:56:22.311 12493 12555 I CameraManagerGlobal: postSingleUpdate device: camera id 81 status STATUS_PRESENT
03-17 14:56:22.311 12493 12555 I CameraManagerGlobal: postSingleUpdate device: camera id 91 status STATUS_PRESENT
03-17 14:56:22.313 12493 12493 I SurfaceView@59f2643: windowStopped(false) true android.view.SurfaceView{59f2643 V.E...... ........ 0,312-1440,2232} of ViewRootImpl@54907c9[CameraActivity]
03-17 14:56:22.313 12493 12493 I SurfaceView@59f2643: Changes: creating=true format=false size=false visible=true alpha=false hint=false mUseAlpha=false visible=true left=false top=false
03-17 14:56:22.315 12493 12493 I BLASTBufferQueue: update, w= 1440 h= 1080 mName = null mNativeObject= 0x708434f010 sc.mNativeObject= 0x70143b3e00 format= 4 caller= android.view.SurfaceView.createBlastSurfaceControls:1383 android.view.SurfaceView.updateSurface:1079 android.view.SurfaceView.setWindowStopped:335 android.view.SurfaceView.surfaceCreated:1853 android.view.ViewRootImpl.notifySurfaceCreated:2820 android.view.ViewRootImpl.performTraversals:4293
03-17 14:56:22.316 12493 12493 I SurfaceView@59f2643: 94316099 Cur surface: Surface(name=null)/@0xb33091c
03-17 14:56:22.316 12493 12493 I SurfaceView@59f2643: pST: sr = Rect(0, 312 - 1440, 2232) sw = 1440 sh = 1080
03-17 14:56:22.317 12493 12531 I ViewRootImpl@54907c9[CameraActivity]: Resizing android.view.ViewRootImpl@c57adc4: frame = [0,0][1440,3040] reportDraw = true forceLayout = false syncSeqId = 0
03-17 14:56:22.317 12493 12493 I SurfaceView@59f2643: applyTransactionOnVriDraw: vri = ViewRootImpl@54907c9[CameraActivity] fRS = false t = 0x7044334810 android.view.SurfaceView.performSurfaceTransaction:959 android.view.SurfaceView.updateSurface:1105 android.view.SurfaceView.setWindowStopped:335
03-17 14:56:22.317 12493 12493 I ViewRootImpl@54907c9[CameraActivity]: applyTransactionOnDraw: mRemoved = false isHardwareEnabled = true t = 0x7044334810android.view.SurfaceView.applyTransactionOnVriDraw:2048 android.view.SurfaceView.performSurfaceTransaction:959 android.view.SurfaceView.updateSurface:1105 android.view.SurfaceView.setWindowStopped:335 android.view.SurfaceView.surfaceCreated:1853
03-17 14:56:22.318 12493 12493 I SurfaceView@59f2643: updateSurface: mVisible = true mSurface.isValid() = true
03-17 14:56:22.318 12493 12493 I SurfaceView@59f2643: updateSurface: mSurfaceCreated = false surfaceChanged = true visibleChanged = true
03-17 14:56:22.318 12493 12493 I SurfaceView@59f2643: visibleChanged -- surfaceCreated
03-17 14:56:22.318 12493 12493 I SurfaceView@59f2643: surfaceCreated 2 #1 android.view.SurfaceView{59f2643 V.E...... ........ 0,312-1440,2232}
03-17 14:56:22.318 12493 12493 I SurfaceView@59f2643: surfaceChanged -- format=4 w=1440 h=1080
03-17 14:56:22.318 12493 12493 I SurfaceView@59f2643: surfaceChanged (1440,1080) 2 #1 android.view.SurfaceView{59f2643 V.E...... ........ 0,312-1440,2232}
03-17 14:56:22.319 12493 12493 I SurfaceView@59f2643: surfaceRedrawNeeded
03-17 14:56:22.319 12493 12493 I ViewRootImpl@54907c9[CameraActivity]: reportNextDraw android.view.ViewRootImpl.performTraversals:4438 android.view.ViewRootImpl.doTraversal:3116 android.view.ViewRootImpl$TraversalRunnable.run:10885 android.view.Choreographer$CallbackRecord.run:1301 android.view.Choreographer$CallbackRecord.run:1309
03-17 14:56:22.322 12493 12493 I ViewRootImpl@54907c9[CameraActivity]: Setup new sync id=1
03-17 14:56:22.322 12493 12493 I ViewRootImpl@54907c9[CameraActivity]: Setting syncFrameCallback
03-17 14:56:22.322 12493 12493 E SurfaceSyncer: Failed to find sync for id=0
03-17 14:56:22.322 12493 12493 E SurfaceSyncer: Failed to find sync for id=1
03-17 14:56:22.322 12493 12493 I ViewRootImpl@54907c9[CameraActivity]: registerCallbacksForSync syncBuffer=false
03-17 14:56:22.331 12493 12583 I SurfaceView@59f2643: uSP: rtp = Rect(0, 312 - 1440, 2232) rtsw = 1440 rtsh = 1080
03-17 14:56:22.331 12493 12583 I SurfaceView@59f2643: onSSPAndSRT: pl = 0 pt = 312 sx = 1.0 sy = 1.7777778
03-17 14:56:22.332 12493 12583 I SurfaceView@59f2643: aOrMT: ViewRootImpl@54907c9[CameraActivity] t = android.view.SurfaceControl$Transaction@85c8e9b fN = 1 android.view.SurfaceView.-$ $Nest$mapplyOrMergeTransaction:0 android.view.SurfaceView$SurfaceViewPositionUpdateListener.positionChanged:1537 android.graphics.RenderNode$CompositePositionUpdateListener.positionChanged:373
03-17 14:56:22.332 12493 12583 I ViewRootImpl@54907c9[CameraActivity]: mWNT: t=0x7044335a10 mBlastBufferQueue=0x708432e310 fn= 1 caller= android.view.SurfaceView.applyOrMergeTransaction:1455 android.view.SurfaceView.-$ $Nest$mapplyOrMergeTransaction:0 android.view.SurfaceView$SurfaceViewPositionUpdateListener.positionChanged:1537
03-17 14:56:22.337 12493 12583 I ViewRootImpl@54907c9[CameraActivity]: mWNT: t=0x7044303370 mBlastBufferQueue=0x708432e310 fn= 1 caller= android.view.ViewRootImpl.lambda$applyTransactionOnDraw$11$android-view- ViewRootImpl:12865 android.view.ViewRootImpl$ $ExternalSyntheticLambda1.onFrameDraw:4 android.graphics.HardwareRenderer$FrameDrawingCallback.onFrameDraw:924
03-17 14:56:22.337 12493 12583 I ViewRootImpl@54907c9[CameraActivity]: mWNT: t=0x7044334810 mBlastBufferQueue=0x708432e310 fn= 1 caller= android.view.ViewRootImpl.lambda$applyTransactionOnDraw$11$android-view- ViewRootImpl:12865 android.view.ViewRootImpl$ $ExternalSyntheticLambda1.onFrameDraw:4 android.graphics.HardwareRenderer$FrameDrawingCallback.onFrameDraw:924
03-17 14:56:22.337 12493 12583 I ViewRootImpl@54907c9[CameraActivity]: Received frameDrawingCallback syncResult=0 frameNum=1.
03-17 14:56:22.337 12493 12583 I ViewRootImpl@54907c9[CameraActivity]: Setting up sync and frameCommitCallback
03-17 14:56:22.340 12493 12531 I CameraManagerGlobal: postSingleUpdate device: camera id 20 status STATUS_NOT_AVAILABLE
03-17 14:56:22.344 12493 12531 I CameraManagerGlobal: postSingleUpdate device: camera id 21 status STATUS_NOT_AVAILABLE
03-17 14:56:22.344 12493 12515 I BLASTBufferQueue: [ViewRootImpl@54907c9[CameraActivity]#4](f:0,a:0) onFrameAvailable the first frame is available
03-17 14:56:22.344 12493 12986 I CameraManagerGlobal: postSingleUpdate device: camera id 23 status STATUS_NOT_AVAILABLE
03-17 14:56:22.344 12493 12986 I CameraManagerGlobal: postSingleUpdate device: camera id 0 status STATUS_NOT_AVAILABLE
03-17 14:56:22.345 12493 12515 I ViewRootImpl@54907c9[CameraActivity]: Received frameCommittedCallback lastAttemptedDrawFrameNum=1 didProduceBuffer=true
03-17 14:56:22.346 12493 12493 I ViewRootImpl@54907c9[CameraActivity]: onSyncComplete
03-17 14:56:22.347 12493 12493 I ViewRootImpl@54907c9[CameraActivity]: setupSync seqId=0 mSyncId=1 fn=1 caller=android.view.ViewRootImpl$ $ExternalSyntheticLambda11.accept:6 android.window.SurfaceSyncer.lambda$setupSync$1$android-window-SurfaceSyncer:128 android.window.SurfaceSyncer$$ExternalSyntheticLambda1.accept:8 android.window.SurfaceSyncer$SyncSet.checkIfSyncIsComplete:382 android.window.SurfaceSyncer$SyncSet.markSyncReady:359 android.window.SurfaceSyncer.markSyncReady:151 android.view.ViewRootImpl.performTraversals:4503
03-17 14:56:22.347 12493 12493 I ViewRootImpl@54907c9[CameraActivity]: reportDrawFinished seqId=0 mSyncId=-1 fn=1 mSurfaceChangedTransaction=0x7044311d70
03-17 14:56:22.370 12493 12493 I SurfaceView@59f2643: onWindowVisibilityChanged(8) false android.view.SurfaceView{59f2643 V.E...... ........ 0,312-1440,2232} of ViewRootImpl@54907c9[CameraActivity]
03-17 14:56:22.371 12493 12493 I SurfaceView@59f2643: Changes: creating=false format=false size=false visible=true alpha=false hint=false mUseAlpha=false visible=true left=false top=false
03-17 14:56:22.371 12493 12493 I SurfaceView@59f2643: 94316099 Cur surface: Surface(name=null)/@0xb33091c
03-17 14:56:22.371 12493 12493 I SurfaceView@59f2643: applyTransactionOnVriDraw: vri = ViewRootImpl@54907c9[CameraActivity] fRS = false t = 0x7044326950 android.view.SurfaceView.performSurfaceTransaction:959 android.view.SurfaceView.updateSurface:1105 android.view.SurfaceView.onWindowVisibilityChanged:371
03-17 14:56:22.371 12493 12493 I ViewRootImpl@54907c9[CameraActivity]: applyTransactionOnDraw: mRemoved = false isHardwareEnabled = true t = 0x7044326950android.view.SurfaceView.applyTransactionOnVriDraw:2048 android.view.SurfaceView.performSurfaceTransaction:959 android.view.SurfaceView.updateSurface:1105 android.view.SurfaceView.onWindowVisibilityChanged:371 android.view.View.dispatchDetachedFromWindow:22529
03-17 14:56:22.371 12493 12493 I SurfaceView@59f2643: surfaceDestroyed
03-17 14:56:22.371 12493 12493 I SurfaceView@59f2643: surfaceDestroyed callback.size 1 #2 android.view.SurfaceView{59f2643 V.E...... ........ 0,312- 1440,2232}
03-17 14:56:22.371 12493 12493 I SurfaceView@59f2643: updateSurface: mVisible = false mSurface.isValid() = true
03-17 14:56:22.371 12493 12493 I SurfaceView@59f2643: releaseSurfaces: viewRoot = ViewRootImpl@54907c9[CameraActivity]
03-17 14:56:22.371 12493 12493 I SurfaceView@59f2643: applyTransactionOnVriDraw: vri = ViewRootImpl@54907c9[CameraActivity] fRS = true t = 0x704433d810 android.view.SurfaceView.releaseSurfaces:858 android.view.SurfaceView.updateSurface:1172 android.view.SurfaceView.onWindowVisibilityChanged:371
03-17 14:56:22.371 12493 12493 I SurfaceView@59f2643: applyTransactionOnVriDraw: viewRoot.applyTransactionOnDrawFromReleaseSurfaces
03-17 14:56:22.371 12493 12493 I ViewRootImpl@54907c9[CameraActivity]: applyTransactionOnDraw: mRemoved = false isHardwareEnabled = true t = 0x704433d810android.view.ViewRootImpl.applyTransactionOnDrawFromReleaseSurfaces:128 50 android.view.SurfaceView.applyTransactionOnVriDraw:2046 android.view.SurfaceView.releaseSurfaces:858 android.view.SurfaceView.updateSurface:1172 android.view.SurfaceView.onWindowVisibilityChanged:371
03-17 14:56:22.372 12493 12493 I SurfaceView@59f2643: onDetachedFromWindow: tryReleaseSurfaces()
03-17 14:56:22.372 12493 12493 I SurfaceView@59f2643: releaseSurfaces: viewRoot = ViewRootImpl@54907c9[CameraActivity]
03-17 14:56:22.372 12493 12493 I SurfaceView@59f2643: applyTransactionOnVriDraw: vri = ViewRootImpl@54907c9[CameraActivity] fRS = true t = 0x704433c4f0 android.view.SurfaceView.releaseSurfaces:858 android.view.SurfaceView.onDetachedFromWindow:500 android.view.View.dispatchDetachedFromWindow:22538
03-17 14:56:22.372 12493 12493 I SurfaceView@59f2643: applyTransactionOnVriDraw: viewRoot.applyTransactionOnDrawFromReleaseSurfaces
03-17 14:56:22.372 12493 12493 I ViewRootImpl@54907c9[CameraActivity]: applyTransactionOnDraw: mRemoved = false isHardwareEnabled = true t = 0x704433c4f0android.view.ViewRootImpl.applyTransactionOnDrawFromReleaseSurfaces:128 50 android.view.SurfaceView.applyTransactionOnVriDraw:2046 android.view.SurfaceView.releaseSurfaces:858 android.view.SurfaceView.onDetachedFromWindow:500 android.view.View.dispatchDetachedFromWindow:22538
03-17 14:56:22.374 12493 12493 I SurfaceView@fc2d414: onWindowVisibilityChanged(0) true android.view.SurfaceView{fc2d414 V.E...... ......I. 0,0-0,0} of ViewRootImpl@54907c9[CameraActivity]
03-17 14:56:22.381 12493 12493 I SurfaceView@fc2d414: Changes: creating=true format=true size=true visible=true alpha=false hint=false mUseAlpha=false visible=true left=true top=true
03-17 14:56:22.384 12493 12493 I BLASTBufferQueue: update, w= 1440 h= 1080 mName = null mNativeObject= 0x708434f010 sc.mNativeObject= 0x70143457d0 format= 4 caller= android.view.SurfaceView.createBlastSurfaceControls:1383 android.view.SurfaceView.updateSurface:1079 android.view.SurfaceView.lambda$new$0$android-view-SurfaceView:200 android.view.SurfaceView$$ExternalSyntheticLambda5.onPreDraw:2 android.view.ViewTreeObserver.dispatchOnPreDraw:1121 android.view.ViewRootImpl.performTraversals:4442
03-17 14:56:22.385 12493 12493 I SurfaceView@fc2d414: 264426516 Cur surface: Surface(name=null)/@0xe0a94bd
03-17 14:56:22.385 12493 12493 I SurfaceView@fc2d414: pST: sr = Rect(0, 312 - 1440, 2232) sw = 1440 sh = 1080
03-17 14:56:22.385 12493 12493 I SurfaceView@fc2d414: applyTransactionOnVriDraw: vri = ViewRootImpl@54907c9[CameraActivity] fRS = false t = 0x704433d270 android.view.SurfaceView.performSurfaceTransaction:959 android.view.SurfaceView.updateSurface:1105 android.view.SurfaceView.lambda$new$0$android-view-SurfaceView:200
03-17 14:56:22.386 12493 12493 I ViewRootImpl@54907c9[CameraActivity]: applyTransactionOnDraw: mRemoved = false isHardwareEnabled = true t = 0x704433d270android.view.SurfaceView.applyTransactionOnVriDraw:2048 android.view.SurfaceView.performSurfaceTransaction:959 android.view.SurfaceView.updateSurface:1105 android.view.SurfaceView.lambda$new$0$android-view-SurfaceView:200 android.view.SurfaceView$$ExternalSyntheticLambda5.onPreDraw:2
03-17 14:56:22.386 12493 12493 I SurfaceView@fc2d414: updateSurface: mVisible = true mSurface.isValid() = true
03-17 14:56:22.386 12493 12493 I SurfaceView@fc2d414: updateSurface: mSurfaceCreated = false surfaceChanged = true visibleChanged = true
03-17 14:56:22.386 12493 12493 I SurfaceView@fc2d414: visibleChanged -- surfaceCreated
03-17 14:56:22.386 12493 12493 I SurfaceView@fc2d414: surfaceCreated 2 #8 android.view.SurfaceView{fc2d414 V.E...... ......ID 0,312-1440,2232}
03-17 14:56:22.386 12493 12493 I SurfaceView@fc2d414: surfaceChanged -- format=4 w=1440 h=1080
03-17 14:56:22.386 12493 12493 I SurfaceView@fc2d414: surfaceChanged (1440,1080) 2 #8 android.view.SurfaceView{fc2d414 V.E...... ......ID 0,312-1440,2232}
03-17 14:56:22.387 12493 12493 I SurfaceView@fc2d414: surfaceRedrawNeeded
03-17 14:56:22.388 12493 12531 I CameraManagerGlobal: Camera 0 facing CAMERA_FACING_BACK state now CAMERA_STATE_OPEN for client com.samsung.android.scan3d API Level 2
03-17 14:56:22.391 12493 12584 I SurfaceView@fc2d414: uSP: rtp = Rect(0, 312 - 1440, 2232) rtsw = 1440 rtsh = 1080
03-17 14:56:22.391 12493 12584 I SurfaceView@fc2d414: onSSPAndSRT: pl = 0 pt = 312 sx = 1.0 sy = 1.7777778
03-17 14:56:22.391 12493 12584 I SurfaceView@fc2d414: aOrMT: ViewRootImpl@54907c9[CameraActivity] t = android.view.SurfaceControl$Transaction@c62035f fN = 2 android.view.SurfaceView.-$ $Nest$mapplyOrMergeTransaction:0 android.view.SurfaceView$SurfaceViewPositionUpdateListener.positionChanged:1537 android.graphics.RenderNode$CompositePositionUpdateListener.positionChanged:373
03-17 14:56:22.391 12493 12584 I ViewRootImpl@54907c9[CameraActivity]: mWNT: t=0x704433b9b0 mBlastBufferQueue=0x708432e310 fn= 2 caller= android.view.SurfaceView.applyOrMergeTransaction:1455 android.view.SurfaceView.-$ $Nest$mapplyOrMergeTransaction:0 android.view.SurfaceView$SurfaceViewPositionUpdateListener.positionChanged:1537
03-17 14:56:22.392 12493 12584 I ViewRootImpl@54907c9[CameraActivity]: mWNT: t=0x7044326950 mBlastBufferQueue=0x708432e310 fn= 2 caller= android.view.ViewRootImpl.lambda$applyTransactionOnDraw$11$android-view- ViewRootImpl:12865 android.view.ViewRootImpl$ $ExternalSyntheticLambda1.onFrameDraw:4 android.graphics.HardwareRenderer$FrameDrawingCallback.onFrameDraw:924
03-17 14:56:22.392 12493 12584 I ViewRootImpl@54907c9[CameraActivity]: mWNT: t=0x704433d810 mBlastBufferQueue=0x708432e310 fn= 2 caller= android.view.ViewRootImpl.lambda$applyTransactionOnDraw$11$android-view- ViewRootImpl:12865 android.view.ViewRootImpl$ $ExternalSyntheticLambda1.onFrameDraw:4 android.graphics.HardwareRenderer$FrameDrawingCallback.onFrameDraw:924
03-17 14:56:22.392 12493 12584 I ViewRootImpl@54907c9[CameraActivity]: mWNT: t=0x704433c4f0 mBlastBufferQueue=0x708432e310 fn= 2 caller= android.view.ViewRootImpl.lambda$applyTransactionOnDraw$11$android-view- ViewRootImpl:12865 android.view.ViewRootImpl$ $ExternalSyntheticLambda1.onFrameDraw:4 android.graphics.HardwareRenderer$FrameDrawingCallback.onFrameDraw:924
03-17 14:56:22.392 12493 12584 I ViewRootImpl@54907c9[CameraActivity]: mWNT: t=0x704433d270 mBlastBufferQueue=0x708432e310 fn= 2 caller= android.view.ViewRootImpl.lambda$applyTransactionOnDraw$11$android-view- ViewRootImpl:12865 android.view.ViewRootImpl$ $ExternalSyntheticLambda1.onFrameDraw:4 android.graphics.HardwareRenderer$FrameDrawingCallback.onFrameDraw:924
03-17 14:56:22.413 12493 12493 I ViewRootImpl@54907c9[CameraActivity]: handleResized, msg = 5 frames=ClientWindowFrames{frame=[0,0][1440,3040] display=[0,0][1440,3040] parentFrame=[0,0][0,0] parentClippedByDisplayCutout=false} forceNextWindowRelayout=false displayId=0 resizeMode=-1 frameChanged=false displayFrameChanged=false configChanged=false displayChanged=false
03-17 14:56:22.413 12493 12493 I ViewRootImpl@54907c9[CameraActivity]: handleResized mSyncSeqId = 0
03-17 14:56:22.413 12493 12493 I ViewRootImpl@54907c9[CameraActivity]: reportNextDraw android.view.ViewRootImpl.handleResized:2450 android.view.ViewRootImpl.-$$Nest$mhandleResized:0 android.view.ViewRootImpl$ViewRootHandler.handleMessageImpl:6728 android.view.ViewRootImpl$ViewRootHandler.handleMessage:6697 android.os.Handler.dispatchMessage:106
03-17 14:56:22.413 12493 12493 I SurfaceView@59f2643: finishedDrawing
03-17 14:56:22.416 12493 12493 I ViewRootImpl@54907c9[CameraActivity]: MSG_WINDOW_FOCUS_CHANGED 1 0
03-17 14:56:22.416 12493 12493 I ViewRootImpl@54907c9[CameraActivity]: mThreadedRenderer.initializeIfNeeded()#2 mSurface={isValid=true 0x711430da60}
03-17 14:56:22.422 12493 12493 I InputMethodManager: startInputInner - mService.startInputOrWindowGainedFocus
03-17 14:56:22.430 12493 12493 I ViewRootImpl@54907c9[CameraActivity]: Setup new sync id=2
03-17 14:56:22.430 12493 12493 I ViewRootImpl@54907c9[CameraActivity]: Setting syncFrameCallback
03-17 14:56:22.430 12493 12493 E SurfaceSyncer: Failed to find sync for id=0
03-17 14:56:22.430 12493 12493 I ViewRootImpl@54907c9[CameraActivity]: registerCallbacksForSync syncBuffer=false
03-17 14:56:22.434 12493 12584 I ViewRootImpl@54907c9[CameraActivity]: Received frameDrawingCallback syncResult=0 frameNum=3.
03-17 14:56:22.434 12493 12584 I ViewRootImpl@54907c9[CameraActivity]: Setting up sync and frameCommitCallback
03-17 14:56:22.435 12493 12515 I ViewRootImpl@54907c9[CameraActivity]: Received frameCommittedCallback lastAttemptedDrawFrameNum=3 didProduceBuffer=true
03-17 14:56:22.436 12493 12493 I ViewRootImpl@54907c9[CameraActivity]: onSyncComplete
03-17 14:56:22.436 12493 12493 I ViewRootImpl@54907c9[CameraActivity]: setupSync seqId=0 mSyncId=2 fn=3 caller=android.view.ViewRootImpl$ $ExternalSyntheticLambda11.accept:6 android.window.SurfaceSyncer.lambda$setupSync$1$android-window-SurfaceSyncer:128 android.window.SurfaceSyncer$$ExternalSyntheticLambda1.accept:8 android.window.SurfaceSyncer$SyncSet.checkIfSyncIsComplete:382 android.window.SurfaceSyncer$SyncSet.markSyncReady:359 android.window.SurfaceSyncer.markSyncReady:151 android.view.ViewRootImpl.performTraversals:4503
03-17 14:56:22.436 12493 12493 I ViewRootImpl@54907c9[CameraActivity]: reportDrawFinished seqId=0 mSyncId=-1 fn=3 mSurfaceChangedTransaction=0x7044311d70
03-17 14:56:22.437 12493 12493 I SurfaceView@fc2d414: finishedDrawing
03-17 14:56:22.445 12493 12493 W CAM_ModeSwitcher: ModeSwitcher WAS ALREADY ENABLED!
03-17 14:56:22.532 12493 12555 W CAM_SurfaceMap: Surface(name=null)/@0xe0a94bd is valid but deferred streams are not yet available for CaptureSession-1
03-17 14:56:22.532 12493 12555 W CAM_SimpleReqProcessor: Failed to add Stream-7 to CaptureRequest for Request-31. The surface is not yet available.
03-17 14:56:22.535 12493 12531 I CameraManagerGlobal: Camera 0 facing CAMERA_FACING_BACK state now CAMERA_STATE_ACTIVE for client com.samsung.android.scan3d API Level 2
03-17 14:56:22.542 12493 12555 W CAM_SurfaceMap: Surface(name=null)/@0xe0a94bd is valid but deferred streams are not yet available for CaptureSession-1
03-17 14:56:22.542 12493 12555 W CAM_SimpleReqProcessor: Failed to add Stream-7 to CaptureRequest for Request-32. The surface is not yet available.
03-17 14:56:22.871 12493 13091 W JankMonitorFacade: PHOTO > abs Δ(result sensor timestamp) = 19839.35 ms > 70.00 ms
03-17 14:56:22.871 12493 13091 W JankMonitorFacade: PHOTO > rel Δ(result sensor timestamp) = 594.27 > 0.25
03-17 14:56:22.871 12493 13091 W JankMonitorFacade: PHOTO > result sensor delay = 595.19 > 1.10
03-17 14:56:22.871 12493 13091 W CameraMetadataJV: Expect face scores and rectangles to be non-null
03-17 14:56:22.871 12493 13091 W CameraMetadataJV: Expect face scores and rectangles to be non-null
03-17 14:56:22.871 12493 13091 W CameraMetadataJV: Expect face scores and rectangles to be non-null
03-17 14:56:22.871 12493 13091 W CameraMetadataJV: Expect face scores and rectangles to be non-null
03-17 14:56:22.871 12493 13091 W CameraMetadataJV: Expect face scores and rectangles to be non-null
03-17 14:56:22.871 12493 13091 W CameraMetadataJV: Expect face scores and rectangles to be non-null
03-17 14:56:22.872 12493 13091 W CameraMetadataJV: Expect face scores and rectangles to be non-null
03-17 14:56:22.873 12493 12680 E OisListener: Null pointer for OIS data. OIS API version: 2
03-17 14:56:22.874 12493 12681 W CameraMetadataJV: Expect face scores and rectangles to be non-null
03-17 14:56:22.936 12493 13091 W JankMonitorFacade: PHOTO > rel Δ(result sensor timestamp) = 1.00 > 0.25
03-17 14:56:22.936 12493 13091 W JankMonitorFacade: PHOTO > result sensor delay = 2.00 > 1.10
03-17 14:56:22.937 12493 13091 W CameraMetadataJV: Expect face scores and rectangles to be non-null
03-17 14:56:22.937 12493 13091 W CameraMetadataJV: Expect face scores and rectangles to be non-null
03-17 14:56:22.937 12493 13091 W CameraMetadataJV: Expect face scores and rectangles to be non-null
03-17 14:56:22.937 12493 13091 W CameraMetadataJV: Expect face scores and rectangles to be non-null
03-17 14:56:22.937 12493 13091 W CameraMetadataJV: Expect face scores and rectangles to be non-null
03-17 14:56:22.937 12493 13091 W CameraMetadataJV: Expect face scores and rectangles to be non-null
03-17 14:56:22.937 12493 13091 W CameraMetadataJV: Expect face scores and rectangles to be non-null
03-17 14:56:22.937 12493 12680 E OisListener: Null pointer for OIS data. OIS API version: 2
03-17 14:56:22.937 12493 12681 W CameraMetadataJV: Expect face scores and rectangles to be non-null
03-17 14:56:22.945 12493 12986 I BLASTBufferQueue: [SurfaceView[com.samsung.android.scan3d/com.google.android.apps.camera.legacy.app.a ctivity.main.CameraActivity]@0#6](f:0,a:0) onFrameAvailable the first frame is available
03-17 14:56:22.970 12493 13091 W JankMonitorFacade: PHOTO > rel Δ(result sensor timestamp) = 0.50 > 0.25
03-17 14:56:22.970 12493 13091 W CameraMetadataJV: Expect face scores and rectangles to be non-null
03-17 14:56:22.970 12493 13091 W CameraMetadataJV: Expect face scores and rectangles to be non-null
03-17 14:56:22.970 12493 13091 W CameraMetadataJV: Expect face scores and rectangles to be non-null
03-17 14:56:22.970 12493 13091 W CameraMetadataJV: Expect face scores and rectangles to be non-null
03-17 14:56:22.970 12493 13091 W CameraMetadataJV: Expect face scores and rectangles to be non-null
03-17 14:56:22.970 12493 13091 W CameraMetadataJV: Expect face scores and rectangles to be non-null
03-17 14:56:22.970 12493 13091 W CameraMetadataJV: Expect face scores and rectangles to be non-null
03-17 14:56:22.970 12493 12680 E OisListener: Null pointer for OIS data. OIS API version: 2
03-17 14:56:22.971 12493 12681 W CameraMetadataJV: Expect face scores and rectangles to be non-null
03-17 14:56:23.012 12493 13091 W CameraMetadataJV: Expect face scores and rectangles to be non-null
03-17 14:56:23.012 12493 13091 W CameraMetadataJV: Expect face scores and rectangles to be non-null
03-17 14:56:23.013 12493 13091 W CameraMetadataJV: Expect face scores and rectangles to be non-null
03-17 14:56:23.013 12493 13091 W CameraMetadataJV: Expect face scores and rectangles to be non-null
03-17 14:56:23.013 12493 13091 W CameraMetadataJV: Expect face scores and rectangles to be non-null
03-17 14:56:23.013 12493 13091 W CameraMetadataJV: Expect face scores and rectangles to be non-null
03-17 14:56:23.013 12493 13091 W CameraMetadataJV: Expect face scores and rectangles to be non-null
03-17 14:56:23.013 12493 12680 E OisListener: Null pointer for OIS data. OIS API version: 2
03-17 14:56:23.014 12493 12681 W CameraMetadataJV: Expect face scores and rectangles to be non-null
03-17 14:56:23.051 12493 13091 W CameraMetadataJV: Expect face scores and rectangles to be non-null
03-17 14:56:23.051 12493 13091 W CameraMetadataJV: Expect face scores and rectangles to be non-null
03-17 14:56:23.052 12493 13091 W CameraMetadataJV: Expect face scores and rectangles to be non-null
03-17 14:56:23.052 12493 13091 W CameraMetadataJV: Expect face scores and rectangles to be non-null
03-17 14:56:23.052 12493 13091 W CameraMetadataJV: Expect face scores and rectangles to be non-null
03-17 14:56:23.052 12493 13091 W CameraMetadataJV: Expect face scores and rectangles to be non-null
03-17 14:56:23.052 12493 13091 W CameraMetadataJV: Expect face scores and rectangles to be non-null
03-17 14:56:23.053 12493 12680 E OisListener: Null pointer for OIS data. OIS API version: 2
03-17 14:56:23.053 12493 12681 W CameraMetadataJV: Expect face scores and rectangles to be non-null
03-17 14:56:23.060 12493 12493 I ViewRootImpl@54907c9[CameraActivity]: ViewPostIme pointer 0
03-17 14:56:23.061 12493 12493 I GestureDetector: obtain mCurrentMotionEventRaw. action: 0 id: 1005571067
03-17 14:56:23.061 12493 12493 I GestureDetector: obtain mCurrentDownEvent. id: 1005571067 caller: com.google.android.apps.camera.bottombar.BottomBar.onTouchEvent:2 android.view.View.dispatchTouchEvent:15544 android.view.ViewGroup.dispatchTransformedTouchEvent:3310
03-17 14:56:23.111 12493 13091 W JankMonitorFacade: PHOTO > rel Δ(result sensor timestamp) = 1.00 > 0.25
03-17 14:56:23.111 12493 13091 W JankMonitorFacade: PHOTO > result sensor delay = 2.00 > 1.10
03-17 14:56:23.112 12493 13091 W CameraMetadataJV: Expect face scores and rectangles to be non-null
03-17 14:56:23.112 12493 13091 W CameraMetadataJV: Expect face scores and rectangles to be non-null
03-17 14:56:23.112 12493 13091 W CameraMetadataJV: Expect face scores and rectangles to be non-null
03-17 14:56:23.112 12493 13091 W CameraMetadataJV: Expect face scores and rectangles to be non-null
03-17 14:56:23.112 12493 13091 W CameraMetadataJV: Expect face scores and rectangles to be non-null
03-17 14:56:23.112 12493 13091 W CameraMetadataJV: Expect face scores and rectangles to be non-null
03-17 14:56:23.112 12493 13091 W CameraMetadataJV: Expect face scores and rectangles to be non-null
03-17 14:56:23.113 12493 12680 E OisListener: Null pointer for OIS data. OIS API version: 2
03-17 14:56:23.114 12493 12681 W CameraMetadataJV: Expect face scores and rectangles to be non-null
03-17 14:56:23.135 12493 12493 I ViewRootImpl@54907c9[CameraActivity]: ViewPostIme pointer 1
03-17 14:56:23.182 12493 13091 W JankMonitorFacade: PHOTO > result sensor delay = 2.00 > 1.10
03-17 14:56:23.182 12493 13091 W CameraMetadataJV: Expect face scores and rectangles to be non-null
03-17 14:56:23.183 12493 13091 W CameraMetadataJV: Expect face scores and rectangles to be non-null
03-17 14:56:23.183 12493 13091 W CameraMetadataJV: Expect face scores and rectangles to be non-null
03-17 14:56:23.183 12493 13091 W CameraMetadataJV: Expect face scores and rectangles to be non-null
03-17 14:56:23.183 12493 13091 W CameraMetadataJV: Expect face scores and rectangles to be non-null
03-17 14:56:23.183 12493 13091 W CameraMetadataJV: Expect face scores and rectangles to be non-null
03-17 14:56:23.183 12493 13091 W CameraMetadataJV: Expect face scores and rectangles to be non-null
03-17 14:56:23.185 12493 12680 E OisListener: Null pointer for OIS data. OIS API version: 2
03-17 14:56:23.185 12493 12681 W CameraMetadataJV: Expect face scores and rectangles to be non-null
03-17 14:56:23.186 12493 12543 W CameraMetadataJV: Expect face scores and rectangles to be non-null
03-17 14:56:23.188 12493 12986 I ViewRootImpl@54907c9[CameraActivity]: Resizing android.view.ViewRootImpl@c57adc4: frame = [0,0][1440,3040] reportDraw = false forceLayout = false syncSeqId = 0
03-17 14:56:23.189 12493 12493 I ViewRootImpl@54907c9[CameraActivity]: handleResized, msg = 4 frames=ClientWindowFrames{frame=[0,0][1440,3040] display=[0,0][1440,3040] parentFrame=[0,0][0,0] parentClippedByDisplayCutout=false} forceNextWindowRelayout=false displayId=0 resizeMode=-1 frameChanged=false displayFrameChanged=false configChanged=false displayChanged=false
03-17 14:56:23.194 12493 12493 I ViewRootImpl@54907c9[CameraActivity]: ViewPostIme pointer 0
03-17 14:56:23.195 12493 12493 I GestureDetector: obtain mCurrentMotionEventRaw. action: 0 id: 190913283
03-17 14:56:23.195 12493 12493 I GestureDetector: obtain mCurrentDownEvent. id: 190913283 caller: com.google.android.apps.camera.bottombar.BottomBar.onTouchEvent:2 android.view.View.dispatchTouchEvent:15544 android.view.ViewGroup.dispatchTransformedTouchEvent:3310
03-17 14:56:23.202 12493 12493 I Dialog : mIsDeviceDefault = false, mIsSamsungBasicInteraction = false, isMetaDataInActivity = false
03-17 14:56:23.204 12493 12493 I DecorView: [INFO] isPopOver=false config=false
03-17 14:56:23.204 12493 12493 I DecorView: updateCaptionType: isFloating=true isApplication=true hasWindowDecorCaption=false this=DecorView@b6d4d01[]
03-17 14:56:23.205 12493 12493 I DecorView: setWindowBackground: isPopOver=false color=fff6f6f6 d=android.graphics.drawable.InsetDrawable@a545e7
03-17 14:56:23.217 12493 13091 W JankMonitorFacade: PHOTO > rel Δ(result sensor timestamp) = 0.50 > 0.25
03-17 14:56:23.217 12493 13091 W CameraMetadataJV: Expect face scores and rectangles to be non-null
03-17 14:56:23.217 12493 13091 W CameraMetadataJV: Expect face scores and rectangles to be non-null
03-17 14:56:23.217 12493 13091 W CameraMetadataJV: Expect face scores and rectangles to be non-null
03-17 14:56:23.217 12493 13091 W CameraMetadataJV: Expect face scores and rectangles to be non-null
03-17 14:56:23.217 12493 13091 W CameraMetadataJV: Expect face scores and rectangles to be non-null
03-17 14:56:23.217 12493 13091 W CameraMetadataJV: Expect face scores and rectangles to be non-null
03-17 14:56:23.217 12493 13091 W CameraMetadataJV: Expect face scores and rectangles to be non-null
03-17 14:56:23.217 12493 12680 E OisListener: Null pointer for OIS data. OIS API version: 2
03-17 14:56:23.218 12493 12681 W CameraMetadataJV: Expect face scores and rectangles to be non-null
03-17 14:56:23.219 12493 12493 W Settings: Setting show_button_background has moved from android.provider.Settings.System to android.provider.Settings.Global, returning read-only value.
03-17 14:56:23.224 12493 12493 I DecorView: notifyKeepScreenOnChanged: keepScreenOn=false
03-17 14:56:23.229 12493 12493 I ViewRootImpl@4fe4f5c[CameraActivity]: setView = com.android.internal.policy.DecorView@b6d4d01 TM=true
03-17 14:56:23.231 12493 12493 I GestureDetector: obtain mCurrentMotionEventRaw. action: 2 id: 879525977
03-17 14:56:23.241 12493 12493 I ViewRootImpl@4fe4f5c[CameraActivity]: performTraversals params={(0,0)(wrapxwrap) gr=CENTER sim={adjust=pan forwardNavigation} ty=APPLICATION fmt=TRANSLUCENT wanim=0x103030a surfaceInsets=Rect(140, 140 - 140, 140)
03-17 14:56:23.241 12493 12493 I ViewRootImpl@4fe4f5c[CameraActivity]: fl=1820002
03-17 14:56:23.241 12493 12493 I ViewRootImpl@4fe4f5c[CameraActivity]: pfl=42000000
03-17 14:56:23.241 12493 12493 I ViewRootImpl@4fe4f5c[CameraActivity]: vsysui=2000
03-17 14:56:23.241 12493 12493 I ViewRootImpl@4fe4f5c[CameraActivity]: apr=LIGHT_STATUS_BARS
03-17 14:56:23.241 12493 12493 I ViewRootImpl@4fe4f5c[CameraActivity]: bhv=DEFAULT
03-17 14:56:23.241 12493 12493 I ViewRootImpl@4fe4f5c[CameraActivity]: fitTypes=STATUS_BARS NAVIGATION_BARS CAPTION_BAR
03-17 14:56:23.241 12493 12493 I ViewRootImpl@4fe4f5c[CameraActivity]: dimAmount=0.6 naviIconColor=0}
03-17 14:56:23.242 12493 12493 I ViewRootImpl@4fe4f5c[CameraActivity]: performTraversals mFirst=true windowShouldResize=false viewVisibilityChanged=false mForceNextWindowRelayout=false params={(0,0)(wrapxwrap) gr=CENTER sim={adjust=pan forwardNavigation} ty=APPLICATION fmt=TRANSLUCENT wanim=0x103030a surfaceInsets=Rect(140, 140 - 140, 140)
03-17 14:56:23.242 12493 12493 I ViewRootImpl@4fe4f5c[CameraActivity]: fl=1820002
03-17 14:56:23.242 12493 12493 I ViewRootImpl@4fe4f5c[CameraActivity]: pfl=42000000
03-17 14:56:23.242 12493 12493 I ViewRootImpl@4fe4f5c[CameraActivity]: vsysui=2000
03-17 14:56:23.242 12493 12493 I ViewRootImpl@4fe4f5c[CameraActivity]: apr=LIGHT_STATUS_BARS
03-17 14:56:23.242 12493 12493 I ViewRootImpl@4fe4f5c[CameraActivity]: bhv=DEFAULT
03-17 14:56:23.242 12493 12493 I ViewRootImpl@4fe4f5c[CameraActivity]: fitTypes=STATUS_BARS NAVIGATION_BARS CAPTION_BAR
03-17 14:56:23.242 12493 12493 I ViewRootImpl@4fe4f5c[CameraActivity]: dimAmount=0.6 naviIconColor=0}
03-17 14:56:23.247 12493 13091 W CameraMetadataJV: Expect face scores and rectangles to be non-null
03-17 14:56:23.247 12493 13091 W CameraMetadataJV: Expect face scores and rectangles to be non-null
03-17 14:56:23.247 12493 13091 W CameraMetadataJV: Expect face scores and rectangles to be non-null
03-17 14:56:23.247 12493 13091 W CameraMetadataJV: Expect face scores and rectangles to be non-null
03-17 14:56:23.247 12493 13091 W CameraMetadataJV: Expect face scores and rectangles to be non-null
03-17 14:56:23.247 12493 12493 I ViewRootImpl@4fe4f5c[CameraActivity]: updateBlastSurfaceIfNeeded mBlastBufferQueue=null isSameSurfaceControl=false
03-17 14:56:23.247 12493 13091 W CameraMetadataJV: Expect face scores and rectangles to be non-null
03-17 14:56:23.248 12493 13091 W CameraMetadataJV: Expect face scores and rectangles to be non-null
03-17 14:56:23.248 12493 12680 E OisListener: Null pointer for OIS data. OIS API version: 2
03-17 14:56:23.248 12493 12493 I BLASTBufferQueue: new BLASTBufferQueue, mName= ViewRootImpl@4fe4f5c[CameraActivity] mNativeObject= 0x708431f590 sc.mNativeObject= 0x701438bbe0 caller= android.view.ViewRootImpl.updateBlastSurfaceIfNeeded:2909 android.view.ViewRootImpl.relayoutWindow:9847 android.view.ViewRootImpl.performTraversals:3884 android.view.ViewRootImpl.doTraversal:3116 android.view.ViewRootImpl$TraversalRunnable.run:10885 android.view.Choreographer$CallbackRecord.run:1301 android.view.Choreographer$CallbackRecord.run:1309 android.view.Choreographer.doCallbacks:923 android.view.Choreographer.doFrame:852 android.view.Choreographer$FrameDisplayEventReceiver.run:1283
03-17 14:56:23.248 12493 12493 I BLASTBufferQueue: update, w= 1646 h= 922 mName = ViewRootImpl@4fe4f5c[CameraActivity] mNativeObject= 0x708431f590 sc.mNativeObject= 0x701438bbe0 format= -3 caller= android.graphics.BLASTBufferQueue.<init>:84 android.view.ViewRootImpl.updateBlastSurfaceIfNeeded:2909 android.view.ViewRootImpl.relayoutWindow:9847 android.view.ViewRootImpl.performTraversals:3884 android.view.ViewRootImpl.doTraversal:3116 android.view.ViewRootImpl$TraversalRunnable.run:10885
03-17 14:56:23.248 12493 12681 W CameraMetadataJV: Expect face scores and rectangles to be non-null
03-17 14:56:23.248 12493 12493 I ViewRootImpl@4fe4f5c[CameraActivity]: Relayout returned: old=(0,139,1440,2872) new=(37,1184,1403,1826) req=(1366,642)0 dur=5 res=0x3 s={true 0x7114395e60} ch=true seqId=0
03-17 14:56:23.249 12493 12493 I ViewRootImpl@4fe4f5c[CameraActivity]: mThreadedRenderer.initialize() mSurface={isValid=true 0x7114395e60} hwInitialized=true
03-17 14:56:23.255 12493 12493 I ViewRootImpl@4fe4f5c[CameraActivity]: reportNextDraw android.view.ViewRootImpl.performTraversals:4438 android.view.ViewRootImpl.doTraversal:3116 android.view.ViewRootImpl$TraversalRunnable.run:10885 android.view.Choreographer$CallbackRecord.run:1301 android.view.Choreographer$CallbackRecord.run:1309
03-17 14:56:23.255 12493 12493 I ViewRootImpl@4fe4f5c[CameraActivity]: Setup new sync id=0
03-17 14:56:23.255 12493 12493 I ViewRootImpl@4fe4f5c[CameraActivity]: Setting syncFrameCallback
03-17 14:56:23.255 12493 12493 I ViewRootImpl@4fe4f5c[CameraActivity]: registerCallbacksForSync syncBuffer=false
03-17 14:56:23.264 12493 12583 I ViewRootImpl@4fe4f5c[CameraActivity]: Received frameDrawingCallback syncResult=0 frameNum=1.
03-17 14:56:23.264 12493 12583 I ViewRootImpl@4fe4f5c[CameraActivity]: Setting up sync and frameCommitCallback
03-17 14:56:23.267 12493 12515 I BLASTBufferQueue: [ViewRootImpl@4fe4f5c[CameraActivity]#7](f:0,a:0) onFrameAvailable the first frame is available
03-17 14:56:23.267 12493 12515 I ViewRootImpl@4fe4f5c[CameraActivity]: Received frameCommittedCallback lastAttemptedDrawFrameNum=1 didProduceBuffer=true
03-17 14:56:23.268 12493 12515 W Parcel : Expecting binder but got null!
03-17 14:56:23.268 12493 12493 I ViewRootImpl@4fe4f5c[CameraActivity]: onSyncComplete
03-17 14:56:23.269 12493 12493 I ViewRootImpl@4fe4f5c[CameraActivity]: setupSync seqId=0 mSyncId=0 fn=1 caller=android.view.ViewRootImpl$ $ExternalSyntheticLambda11.accept:6 android.window.SurfaceSyncer.lambda$setupSync$1$android-window-SurfaceSyncer:128 android.window.SurfaceSyncer$$ExternalSyntheticLambda1.accept:8 android.window.SurfaceSyncer$SyncSet.checkIfSyncIsComplete:382 android.window.SurfaceSyncer$SyncSet.markSyncReady:359 android.window.SurfaceSyncer.markSyncReady:151 android.view.ViewRootImpl.performTraversals:4503
03-17 14:56:23.270 12493 13091 W CameraMetadataJV: Expect face scores and rectangles to be non-null
03-17 14:56:23.270 12493 13091 W CameraMetadataJV: Expect face scores and rectangles to be non-null
03-17 14:56:23.271 12493 13091 W CameraMetadataJV: Expect face scores and rectangles to be non-null
03-17 14:56:23.271 12493 13091 W CameraMetadataJV: Expect face scores and rectangles to be non-null
03-17 14:56:23.271 12493 13091 W CameraMetadataJV: Expect face scores and rectangles to be non-null
03-17 14:56:23.271 12493 13091 W CameraMetadataJV: Expect face scores and rectangles to be non-null
03-17 14:56:23.271 12493 13091 W CameraMetadataJV: Expect face scores and rectangles to be non-null
03-17 14:56:23.271 12493 12680 E OisListener: Null pointer for OIS data. OIS API version: 2
03-17 14:56:23.271 12493 12681 W CameraMetadataJV: Expect face scores and rectangles to be non-null
03-17 14:56:23.272 12493 12493 I ViewRootImpl@54907c9[CameraActivity]: ViewPostIme pointer 1
03-17 14:56:23.272 12493 12493 I ViewRootImpl@4fe4f5c[CameraActivity]: reportDrawFinished seqId=0 mSyncId=-1 fn=1 mSurfaceChangedTransaction=0x7044314830
03-17 14:56:23.295 12493 12493 I ViewRootImpl@54907c9[CameraActivity]: MSG_WINDOW_FOCUS_CHANGED 0 0
03-17 14:56:23.326 12493 12493 I ViewRootImpl@4fe4f5c[CameraActivity]: MSG_WINDOW_FOCUS_CHANGED 1 0
03-17 14:56:23.326 12493 12493 I ViewRootImpl@4fe4f5c[CameraActivity]: mThreadedRenderer.initializeIfNeeded()#2 mSurface={isValid=true 0x7114395e60}
03-17 14:56:23.335 12493 13091 W JankMonitorFacade: PHOTO > rel Δ(result sensor timestamp) = 1.00 > 0.25
03-17 14:56:23.335 12493 13091 W JankMonitorFacade: PHOTO > result sensor delay = 2.00 > 1.10
03-17 14:56:23.335 12493 13091 W CameraMetadataJV: Expect face scores and rectangles to be non-null
03-17 14:56:23.335 12493 13091 W CameraMetadataJV: Expect face scores and rectangles to be non-null
03-17 14:56:23.335 12493 13091 W CameraMetadataJV: Expect face scores and rectangles to be non-null
03-17 14:56:23.335 12493 13091 W CameraMetadataJV: Expect face scores and rectangles to be non-null
03-17 14:56:23.336 12493 13091 W CameraMetadataJV: Expect face scores and rectangles to be non-null
03-17 14:56:23.336 12493 13091 W CameraMetadataJV: Expect face scores and rectangles to be non-null
03-17 14:56:23.336 12493 13091 W CameraMetadataJV: Expect face scores and rectangles to be non-null
03-17 14:56:23.336 12493 12680 E OisListener: Null pointer for OIS data. OIS API version: 2
03-17 14:56:23.336 12493 12681 W CameraMetadataJV: Expect face scores and rectangles to be non-null
03-17 14:56:23.410 12493 13091 W JankMonitorFacade: PHOTO > result sensor delay = 2.00 > 1.10
03-17 14:56:23.412 12493 13091 W CameraMetadataJV: Expect face scores and rectangles to be non-null
03-17 14:56:23.412 12493 13091 W CameraMetadataJV: Expect face scores and rectangles to be non-null
03-17 14:56:23.412 12493 13091 W CameraMetadataJV: Expect face scores and rectangles to be non-null
03-17 14:56:23.412 12493 13091 W CameraMetadataJV: Expect face scores and rectangles to be non-null
03-17 14:56:23.412 12493 13091 W CameraMetadataJV: Expect face scores and rectangles to be non-null
03-17 14:56:23.413 12493 13091 W CameraMetadataJV: Expect face scores and rectangles to be non-null
03-17 14:56:23.413 12493 13091 W CameraMetadataJV: Expect face scores and rectangles to be non-null
03-17 14:56:23.415 12493 12680 E OisListener: Null pointer for OIS data. OIS API version: 2
03-17 14:56:23.415 12493 12681 W CameraMetadataJV: Expect face scores and rectangles to be non-null
03-17 14:56:23.447 12493 13091 W JankMonitorFacade: PHOTO > rel Δ(result sensor timestamp) = 0.50 > 0.25
03-17 14:56:23.448 12493 13091 W CameraMetadataJV: Expect face scores and rectangles to be non-null
03-17 14:56:23.448 12493 13091 W CameraMetadataJV: Expect face scores and rectangles to be non-null
03-17 14:56:23.448 12493 13091 W CameraMetadataJV: Expect face scores and rectangles to be non-null
03-17 14:56:23.448 12493 13091 W CameraMetadataJV: Expect face scores and rectangles to be non-null
03-17 14:56:23.448 12493 13091 W CameraMetadataJV: Expect face scores and rectangles to be non-null
