03-17 14:56:38.853 13758 13758 I BLASTBufferQueue: new BLASTBufferQueue, mName= ViewRootImpl@eedbece[CameraLauncher] mNativeObject= 0x7084310b30 sc.mNativeObject= 0x7014321700 caller= android.view.ViewRootImpl.updateBlastSurfaceIfNeeded:2909 android.view.ViewRootImpl.relayoutWindow:9847 android.view.ViewRootImpl.performTraversals:3884 android.view.ViewRootImpl.doTraversal:3116 android.view.ViewRootImpl$TraversalRunnable.run:10885 android.view.Choreographer$CallbackRecord.run:1301 android.view.Choreographer$CallbackRecord.run:1309 android.view.Choreographer.doCallbacks:923 android.view.Choreographer.doFrame:852 android.view.Choreographer$FrameDisplayEventReceiver.run:1283
03-17 14:56:38.853 13758 13809 I ViewRootImpl@eedbece[CameraLauncher]: Resizing android.view.ViewRootImpl@dd97ffb: frame = [0,0][1440,3040] reportDraw = true forceLayout = false syncSeqId = 0
03-17 14:56:38.853 13758 13758 I BLASTBufferQueue: update, w= 1440 h= 3040 mName = ViewRootImpl@eedbece[CameraLauncher] mNativeObject= 0x7084310b30 sc.mNativeObject= 0x7014321700 format= -3 caller= android.graphics.BLASTBufferQueue.<init>:84 android.view.ViewRootImpl.updateBlastSurfaceIfNeeded:2909 android.view.ViewRootImpl.relayoutWindow:9847 android.view.ViewRootImpl.performTraversals:3884 android.view.ViewRootImpl.doTraversal:3116 android.view.ViewRootImpl$TraversalRunnable.run:10885
03-17 14:56:38.853 13758 13758 I ViewRootImpl@eedbece[CameraLauncher]: Relayout returned: old=(0,0,1440,3040) new=(0,0,1440,3040) req=(1440,3040)0 dur=7 res=0x3 s={true 0x711431c8d0} ch=true seqId=0
03-17 14:56:38.855 13758 13758 I ViewRootImpl@eedbece[CameraLauncher]: mThreadedRenderer.initialize() mSurface={isValid=true 0x711431c8d0} hwInitialized=true
03-17 14:56:38.859 13758 13839 I Gralloc4: mapper 4.x is not supported
03-17 14:56:38.859 13758 13839 W Gralloc3: mapper 3.x is not supported
03-17 14:56:38.860 13758 13839 I gralloc : Arm Module v1.0
03-17 14:56:38.862 13758 13839 W Gralloc4: allocator 4.x is not supported
03-17 14:56:38.862 13758 13839 W Gralloc3: allocator 3.x is not supported
03-17 14:56:38.869 13758 13758 I ViewRootImpl@eedbece[CameraLauncher]: reportNextDraw android.view.ViewRootImpl.performTraversals:4438 android.view.ViewRootImpl.doTraversal:3116 android.view.ViewRootImpl$TraversalRunnable.run:10885 android.view.Choreographer$CallbackRecord.run:1301 android.view.Choreographer$CallbackRecord.run:1309
03-17 14:56:38.869 13758 13758 I ViewRootImpl@eedbece[CameraLauncher]: Setup new sync id=0
03-17 14:56:38.869 13758 13758 I ViewRootImpl@eedbece[CameraLauncher]: Setting syncFrameCallback
03-17 14:56:38.869 13758 13758 I ViewRootImpl@eedbece[CameraLauncher]: registerCallbacksForSync syncBuffer=false
03-17 14:56:38.875 13758 13842 I ViewRootImpl@eedbece[CameraLauncher]: Received frameDrawingCallback syncResult=0 frameNum=1.
03-17 14:56:38.875 13758 13842 I ViewRootImpl@eedbece[CameraLauncher]: Setting up sync and frameCommitCallback
03-17 14:56:38.895 13758 13818 W CAM_Log : Tag SceneDistanceAdviceSettings is 8 chars longer than limit.
03-17 14:56:38.896 13758 13783 I BLASTBufferQueue: [ViewRootImpl@eedbece[CameraLauncher]#0](f:0,a:0) onFrameAvailable the first frame is available
03-17 14:56:38.896 13758 13783 I ViewRootImpl@eedbece[CameraLauncher]: Received frameCommittedCallback lastAttemptedDrawFrameNum=1 didProduceBuffer=true
03-17 14:56:38.899 13758 13818 W CAM_Log : Tag LongExposureStatechart is 3 chars longer than limit.
03-17 14:56:38.900 13758 13822 I CameraManager: registerAvailabilityCallback: Is device callback = false
03-17 14:56:38.900 13758 13822 I CameraManagerGlobal: postSingleUpdate device: camera id 0 status STATUS_NOT_AVAILABLE
03-17 14:56:38.900 13758 13822 I CameraManagerGlobal: postSingleUpdate device: camera id 1 status STATUS_PRESENT
03-17 14:56:38.900 13758 13822 I CameraManagerGlobal: postSingleUpdate device: camera id 2 status STATUS_PRESENT
03-17 14:56:38.900 13758 13822 I CameraManagerGlobal: postSingleUpdate device: camera id 3 status STATUS_PRESENT
03-17 14:56:38.900 13758 13822 I CameraManagerGlobal: postSingleUpdate device: camera id 4 status STATUS_PRESENT
03-17 14:56:38.900 13758 13822 I CameraManagerGlobal: postSingleUpdate device: camera id 5 status STATUS_PRESENT
03-17 14:56:38.900 13758 13822 I CameraManagerGlobal: postSingleUpdate device: camera id 20 status STATUS_PRESENT
03-17 14:56:38.901 13758 13822 I CameraManagerGlobal: postSingleUpdate device: camera id 21 status STATUS_PRESENT
03-17 14:56:38.901 13758 13822 I CameraManagerGlobal: postSingleUpdate device: camera id 23 status STATUS_PRESENT
03-17 14:56:38.901 13758 13822 I CameraManagerGlobal: postSingleUpdate device: camera id 40 status STATUS_PRESENT
03-17 14:56:38.901 13758 13822 I CameraManagerGlobal: postSingleUpdate device: camera id 41 status STATUS_PRESENT
03-17 14:56:38.901 13758 13822 I CameraManagerGlobal: postSingleUpdate device: camera id 50 status STATUS_PRESENT
03-17 14:56:38.901 13758 13822 I CameraManagerGlobal: postSingleUpdate device: camera id 52 status STATUS_PRESENT
03-17 14:56:38.901 13758 13822 I CameraManagerGlobal: postSingleUpdate device: camera id 80 status STATUS_PRESENT
03-17 14:56:38.902 13758 13822 I CameraManagerGlobal: postSingleUpdate device: camera id 81 status STATUS_PRESENT
03-17 14:56:38.902 13758 13783 W Parcel : Expecting binder but got null!
03-17 14:56:38.902 13758 13822 I CameraManagerGlobal: postSingleUpdate device: camera id 91 status STATUS_PRESENT
03-17 14:56:38.902 13758 13758 I ViewRootImpl@eedbece[CameraLauncher]: onSyncComplete
03-17 14:56:38.903 13758 13758 I ViewRootImpl@eedbece[CameraLauncher]: setupSync seqId=0 mSyncId=0 fn=1 caller=android.view.ViewRootImpl$ $ExternalSyntheticLambda11.accept:6 android.window.SurfaceSyncer.lambda$setupSync$1$android-window-SurfaceSyncer:128 android.window.SurfaceSyncer$$ExternalSyntheticLambda1.accept:8 android.window.SurfaceSyncer$SyncSet.checkIfSyncIsComplete:382 android.window.SurfaceSyncer$SyncSet.markSyncReady:359 android.window.SurfaceSyncer.markSyncReady:151 android.view.ViewRootImpl.performTraversals:4503
03-17 14:56:38.903 13758 13758 I ViewRootImpl@eedbece[CameraLauncher]: reportDrawFinished seqId=0 mSyncId=-1 fn=1 mSurfaceChangedTransaction=0x70442ff7d0
03-17 14:56:38.903 13758 13809 W libc : Access denied finding property "sys.perf.boostopt"
03-17 14:56:38.904 13758 13809 I CameraManagerGlobal: postSingleUpdate device: camera id 0 status STATUS_PRESENT
03-17 14:56:38.905 13758 13809 I CameraManagerGlobal: Camera 0 facing CAMERA_FACING_BACK state now CAMERA_STATE_CLOSED for client com.samsung.android.scan3d API Level 2
03-17 14:56:38.930 13758 13865 I CameraManagerGlobal: postSingleUpdate device: camera id 20 status STATUS_NOT_AVAILABLE
03-17 14:56:38.931 13758 13865 I CameraManagerGlobal: postSingleUpdate device: camera id 21 status STATUS_NOT_AVAILABLE
03-17 14:56:38.931 13758 13865 I CameraManagerGlobal: postSingleUpdate device: camera id 23 status STATUS_NOT_AVAILABLE
03-17 14:56:38.931 13758 13865 I CameraManagerGlobal: postSingleUpdate device: camera id 0 status STATUS_NOT_AVAILABLE
03-17 14:56:38.952 13758 13809 I CameraManagerGlobal: Camera 0 facing CAMERA_FACING_BACK state now CAMERA_STATE_OPEN for client com.samsung.android.scan3d API Level 2
03-17 14:56:38.963 13758 13814 W CAM_DebugCanvasAdapter: UI view not yet initialized
03-17 14:56:38.964 13758 13822 W CAM_SessionOpener: Unable to createCaptureSession for CaptureSession-0
03-17 14:56:38.964 13758 13822 W CAM_SessionOpener: java.lang.ExceptionInInitializerError
03-17 14:56:38.964 13758 13822 W CAM_SessionOpener: at ZGCAM.Static.MyZSettingsManager.LiveHdrBack(MyZSettingsManager.java:248)
03-17 14:56:38.964 13758 13822 W CAM_SessionOpener: at mfmMod.CapOverride(mfmMod.java:13)
03-17 14:56:38.964 13758 13822 W CAM_SessionOpener: at mfm.a(Unknown Source:11)
03-17 14:56:38.964 13758 13822 W CAM_SessionOpener: at mlk.a(Unknown Source:2)
03-17 14:56:38.964 13758 13822 W CAM_SessionOpener: at mlk.a(Unknown Source:2)
03-17 14:56:38.964 13758 13822 W CAM_SessionOpener: at mlk.a(Unknown Source:2)
03-17 14:56:38.964 13758 13822 W CAM_SessionOpener: at mlk.a(Unknown Source:2)
03-17 14:56:38.964 13758 13822 W CAM_SessionOpener: at mcg.a(Unknown Source:54)
03-17 14:56:38.964 13758 13822 W CAM_SessionOpener: at mdr.a(Unknown Source:193)
03-17 14:56:38.964 13758 13822 W CAM_SessionOpener: at mdr.a(Unknown Source:306)
03-17 14:56:38.964 13758 13822 W CAM_SessionOpener: at mci.a(Unknown Source:98)
03-17 14:56:38.964 13758 13822 W CAM_SessionOpener: at lsw.a(Unknown Source:2)
03-17 14:56:38.964 13758 13822 W CAM_SessionOpener: at lsy.a(Unknown Source:68)
03-17 14:56:38.964 13758 13822 W CAM_SessionOpener: at lsy.a(Unknown Source:38)
03-17 14:56:38.964 13758 13822 W CAM_SessionOpener: at ltn.a(Unknown Source:5)
03-17 14:56:38.964 13758 13822 W CAM_SessionOpener: at lsw.a(Unknown Source:2)
03-17 14:56:38.964 13758 13822 W CAM_SessionOpener: at lsy.a(Unknown Source:25)
03-17 14:56:38.964 13758 13822 W CAM_SessionOpener: at ltk.run(Unknown Source:6)
03-17 14:56:38.964 13758 13822 W CAM_SessionOpener: at oxw.run(Unknown Source:2)
03-17 14:56:38.964 13758 13822 W CAM_SessionOpener: at oxx.run(Unknown Source:71)
03-17 14:56:38.964 13758 13822 W CAM_SessionOpener: at java.util.concurrent.ThreadPoolExecutor.runWorker(ThreadPoolExecutor.java:1137)
03-17 14:56:38.964 13758 13822 W CAM_SessionOpener: at java.util.concurrent.ThreadPoolExecutor$Worker.run(ThreadPoolExecutor.java:637)
03-17 14:56:38.964 13758 13822 W CAM_SessionOpener: at java.lang.Thread.run(Thread.java:1012)
03-17 14:56:38.964 13758 13822 W CAM_SessionOpener: at lhu.run(Unknown Source:5)
03-17 14:56:38.964 13758 13822 W CAM_SessionOpener: Caused by: java.lang.ClassCastException: java.lang.String cannot be cast to java.lang.Boolean
03-17 14:56:38.964 13758 13822 W CAM_SessionOpener: at android.app.SharedPreferencesImpl.getBoolean(SharedPreferencesImpl.java:349)
03-17 14:56:38.964 13758 13822 W CAM_SessionOpener: at ZGCAM.ModUtils.staticMenuValueB(ModUtils.java:199)
03-17 14:56:38.964 13758 13822 W CAM_SessionOpener: at ZGCAM.Static.MyZSettingsManager.getValues(MyZSettingsManager.java:99)
03-17 14:56:38.964 13758 13822 W CAM_SessionOpener: at ZGCAM.Static.MyZSettingsManager.<clinit>(MyZSettingsManager.java:69)
03-17 14:56:38.964 13758 13822 W CAM_SessionOpener: ... 24 more --------- beginning of crash
03-17 14:56:39.003 13758 13758 E AndroidRuntime: FATAL EXCEPTION: main
03-17 14:56:39.003 13758 13758 E AndroidRuntime: Process: com.samsung.android.scan3d, PID: 13758
03-17 14:56:39.003 13758 13758 E AndroidRuntime: android.view.InflateException: Binary XML file line #35 in com.samsung.android.scan3d:layout/camera: Binary XML file line #35 in com.samsung.android.scan3d:layout/camera: Error inflating class ZGCAM.UI.ZFAB
03-17 14:56:39.003 13758 13758 E AndroidRuntime: Caused by: android.view.InflateException: Binary XML file line #35 in com.samsung.android.scan3d:layout/camera: Error inflating class ZGCAM.UI.ZFAB
03-17 14:56:39.003 13758 13758 E AndroidRuntime: Caused by: java.lang.reflect.InvocationTargetException
03-17 14:56:39.003 13758 13758 E AndroidRuntime: at java.lang.reflect.Constructor.newInstance0(Native Method)
03-17 14:56:39.003 13758 13758 E AndroidRuntime: at java.lang.reflect.Constructor.newInstance(Constructor.java:343)
03-17 14:56:39.003 13758 13758 E AndroidRuntime: at android.view.LayoutInflater.createView(LayoutInflater.java:876)
03-17 14:56:39.003 13758 13758 E AndroidRuntime: at android.view.LayoutInflater.createViewFromTag(LayoutInflater.java:1028)
03-17 14:56:39.003 13758 13758 E AndroidRuntime: at android.view.LayoutInflater.createViewFromTag(LayoutInflater.java:983)
03-17 14:56:39.003 13758 13758 E AndroidRuntime: at android.view.LayoutInflater.rInflate(LayoutInflater.java:1145)
03-17 14:56:39.003 13758 13758 E AndroidRuntime: at android.view.LayoutInflater.rInflateChildren(LayoutInflater.java:1106)
03-17 14:56:39.003 13758 13758 E AndroidRuntime: at android.view.LayoutInflater.rInflate(LayoutInflater.java:1148)
03-17 14:56:39.003 13758 13758 E AndroidRuntime: at android.view.LayoutInflater.rInflateChildren(LayoutInflater.java:1106)
03-17 14:56:39.003 13758 13758 E AndroidRuntime: at android.view.LayoutInflater.inflate(LayoutInflater.java:692)
03-17 14:56:39.003 13758 13758 E AndroidRuntime: at android.view.LayoutInflater.inflate(LayoutInflater.java:544)
03-17 14:56:39.003 13758 13758 E AndroidRuntime: at android.view.ViewStub.inflateViewNoAdd(ViewStub.java:272)
03-17 14:56:39.003 13758 13758 E AndroidRuntime: at android.view.ViewStub.inflate(ViewStub.java:305)
03-17 14:56:39.003 13758 13758 E AndroidRuntime: at jto.run(Unknown Source:31)
03-17 14:56:39.003 13758 13758 E AndroidRuntime: at lim.a(Unknown Source:6)
03-17 14:56:39.003 13758 13758 E AndroidRuntime: at jtr.get(Unknown Source:35)
03-17 14:56:39.003 13758 13758 E AndroidRuntime: at plw.get(Unknown Source:15)
03-17 14:56:39.003 13758 13758 E AndroidRuntime: at dws.run(Unknown Source:2)
03-17 14:56:39.003 13758 13758 E AndroidRuntime: at bmq.run(Unknown Source:66)
03-17 14:56:39.003 13758 13758 E AndroidRuntime: at android.os.Handler.handleCallback(Handler.java:942)
03-17 14:56:39.003 13758 13758 E AndroidRuntime: at android.os.Handler.dispatchMessage(Handler.java:99)
03-17 14:56:39.003 13758 13758 E AndroidRuntime: at android.os.Looper.loopOnce(Looper.java:226)
03-17 14:56:39.003 13758 13758 E AndroidRuntime: at android.os.Looper.loop(Looper.java:313)
03-17 14:56:39.003 13758 13758 E AndroidRuntime: at android.app.ActivityThread.main(ActivityThread.java:8757)
03-17 14:56:39.003 13758 13758 E AndroidRuntime: at java.lang.reflect.Method.invoke(Native Method)
03-17 14:56:39.003 13758 13758 E AndroidRuntime: at com.android.internal.os.RuntimeInit$MethodAndArgsCaller.run(RuntimeInit.java:571)
03-17 14:56:39.003 13758 13758 E AndroidRuntime: at com.android.internal.os.ZygoteInit.main(ZygoteInit.java:1067)
03-17 14:56:39.003 13758 13758 E AndroidRuntime: Caused by: java.lang.ClassCastException: java.lang.String cannot be cast to java.lang.Boolean
03-17 14:56:39.003 13758 13758 E AndroidRuntime: at android.app.SharedPreferencesImpl.getBoolean(SharedPreferencesImpl.java:349)
03-17 14:56:39.003 13758 13758 E AndroidRuntime: at ZGCAM.ModUtils.staticMenuValueBB(ModUtils.java:207)
03-17 14:56:39.003 13758 13758 E AndroidRuntime: at ZGCAM.UI.Elements.ZCameraLiveHDR.init(ZCameraLiveHDR.java:59)
03-17 14:56:39.003 13758 13758 E AndroidRuntime: at ZGCAM.UI.Elements.ZCameraLiveHDR.<init>(ZCameraLiveHDR.java:23)
03-17 14:56:39.003 13758 13758 E AndroidRuntime: at ZGCAM.UI.ZFAB.initFabMenu(ZFAB.java:55)
03-17 14:56:39.003 13758 13758 E AndroidRuntime: at ZGCAM.UI.ZFAB.<init>(ZFAB.java:48)
03-17 14:56:39.003 13758 13758 E AndroidRuntime: ... 27 more
03-17 14:56:39.003 13758 13758 E Uncaught Exception: Binary XML file line #35 in com.samsung.android.scan3d:layout/camera: Binary XML file line #35 in com.samsung.android.scan3d:layout/camera: Error inflating class ZGCAM.UI.ZFAB
03-17 14:56:39.003 13758 13758 E Saving error...:
03-17 14:56:39.004 13758 13758 E Saved error:: Binary XML file line #35 in com.samsung.android.scan3d:layout/camera: Binary XML file line #35 in com.samsung.android.scan3d:layout/camera: Error inflating class ZGCAM.UI.ZFAB
03-17 14:56:39.004 13758 13758 E Saved error:: Coused by:
03-17 14:56:39.004 13758 13758 E Saved error:: Coused by:
03-17 14:56:39.004 13758 13758 E Saved error:: java.lang.reflect.Constructor.newInstance0(Native Method)
03-17 14:56:39.004 13758 13758 E Saved error:: java.lang.reflect.Constructor.newInstance(Constructor.java:343)
03-17 14:56:39.004 13758 13758 E Saved error:: android.view.LayoutInflater.createView(LayoutInflater.java:876)
03-17 14:56:39.004 13758 13758 E Saved error:: android.view.LayoutInflater.createViewFromTag(LayoutInflater.java:1028)
03-17 14:56:39.004 13758 13758 E Saved error:: android.view.LayoutInflater.createViewFromTag(LayoutInflater.java:983)
03-17 14:56:39.004 13758 13758 E Saved error:: android.view.LayoutInflater.rInflate(LayoutInflater.java:1145)
03-17 14:56:39.004 13758 13758 E Saved error:: android.view.LayoutInflater.rInflateChildren(LayoutInflater.java:1106)
03-17 14:56:39.004 13758 13758 E Saved error:: android.view.LayoutInflater.rInflate(LayoutInflater.java:1148)
03-17 14:56:39.004 13758 13758 E Saved error:: android.view.LayoutInflater.rInflateChildren(LayoutInflater.java:1106)
03-17 14:56:39.004 13758 13758 E Saved error:: android.view.LayoutInflater.inflate(LayoutInflater.java:692)
03-17 14:56:39.004 13758 13758 E Saved error:: android.view.LayoutInflater.inflate(LayoutInflater.java:544)
03-17 14:56:39.004 13758 13758 E Saved error:: android.view.ViewStub.inflateViewNoAdd(ViewStub.java:272)
03-17 14:56:39.004 13758 13758 E Saved error:: android.view.ViewStub.inflate(ViewStub.java:305)
03-17 14:56:39.004 13758 13758 E Saved error:: jto.run(Unknown Source:31)
03-17 14:56:39.004 13758 13758 E Saved error:: lim.a(Unknown Source:6)
03-17 14:56:39.004 13758 13758 E Saved error:: jtr.get(Unknown Source:35)
03-17 14:56:39.004 13758 13758 E Saved error:: plw.get(Unknown Source:15)
03-17 14:56:39.004 13758 13758 E Saved error:: dws.run(Unknown Source:2)
03-17 14:56:39.004 13758 13758 E Saved error:: bmq.run(Unknown Source:66)
03-17 14:56:39.004 13758 13758 E Saved error:: android.os.Handler.handleCallback(Handler.java:942)
03-17 14:56:39.004 13758 13758 E Saved error:: android.os.Handler.dispatchMessage(Handler.java:99)
03-17 14:56:39.004 13758 13758 E Saved error:: android.os.Looper.loopOnce(Looper.java:226)
03-17 14:56:39.004 13758 13758 E Saved error:: android.os.Looper.loop(Looper.java:313)
03-17 14:56:39.004 13758 13758 E Saved error:: android.app.ActivityThread.main(ActivityThread.java:8757)
03-17 14:56:39.004 13758 1375--------- beginning of system
03-17 14:59:58.446 16476 16505 W ResourcesOffloading: An exception occurred :
03-17 14:59:58.446 16476 16505 W ResourcesOffloading: android.content.res.Resources$NotFoundException: Resource ID #0x0
03-17 14:59:58.446 16476 16505 W ResourcesOffloading: at android.content.res.ResourcesImpl.getValueForDensity(ResourcesImpl.java:251)
03-17 14:59:58.446 16476 16505 W ResourcesOffloading: at android.content.res.Resources.offloadDrawable(Resources.java:2916)
03-17 14:59:58.446 16476 16505 W ResourcesOffloading: at android.app.ResourcesOffloading$ResourcesOffloadingRunnable.run(ResourcesOffloading .java:94)
03-17 14:59:58.446 16476 16505 W ResourcesOffloading: at java.lang.Thread.run(Thread.java:1012) --------- beginning of main
03-17 14:59:58.554 16476 16528 I CameraManagerGlobal: Connecting to camera service
03-17 14:59:58.559 16476 16491 I CameraManagerGlobal: Camera 0 facing CAMERA_FACING_BACK state now CAMERA_STATE_CLOSED for client com.samsung.android.scan3d API Level 2
03-17 14:59:58.560 16476 16491 I CameraManagerGlobal: Camera 1 facing CAMERA_FACING_FRONT state now CAMERA_STATE_CLOSED for client com.sec.android.app.camera API Level 2
03-17 14:59:58.560 16476 16491 I CameraManagerGlobal: Camera 2 facing CAMERA_FACING_BACK state now CAMERA_STATE_CLOSED for client org.telegram.messenger API Level 1
03-17 14:59:58.560 16476 16491 I CameraManagerGlobal: Camera 20 facing CAMERA_FACING_BACK state now CAMERA_STATE_CLOSED for client com.sec.android.app.camera API Level 2
03-17 14:59:58.560 16476 16491 I CameraManagerGlobal: Camera 21 facing CAMERA_FACING_BACK state now CAMERA_STATE_CLOSED for client android.system API Level 2
03-17 14:59:58.560 16476 16491 I CameraManagerGlobal: Camera 23 facing CAMERA_FACING_BACK state now CAMERA_STATE_CLOSED for client android.system API Level 2
03-17 14:59:58.560 16476 16491 I CameraManagerGlobal: Camera 3 facing CAMERA_FACING_FRONT state now CAMERA_STATE_CLOSED for client org.telegram.messenger API Level 1
03-17 14:59:58.561 16476 16491 I CameraManagerGlobal: Camera 4 facing CAMERA_FACING_BACK state now CAMERA_STATE_CLOSED for client android.system API Level 2
03-17 14:59:58.561 16476 16491 I CameraManagerGlobal: Camera 40 facing CAMERA_FACING_BACK state now CAMERA_STATE_CLOSED for client android.system API Level 2
03-17 14:59:58.561 16476 16491 I CameraManagerGlobal: Camera 41 facing CAMERA_FACING_FRONT state now CAMERA_STATE_CLOSED for client android.system API Level 2
03-17 14:59:58.561 16476 16491 I CameraManagerGlobal: Camera 5 facing CAMERA_FACING_FRONT state now CAMERA_STATE_CLOSED for client android.system API Level 2
03-17 14:59:58.561 16476 16491 I CameraManagerGlobal: Camera 50 facing CAMERA_FACING_BACK state now CAMERA_STATE_CLOSED for client android.system API Level 2
03-17 14:59:58.561 16476 16491 I CameraManagerGlobal: Camera 52 facing CAMERA_FACING_BACK state now CAMERA_STATE_CLOSED for client android.system API Level 2
03-17 14:59:58.562 16476 16491 I CameraManagerGlobal: Camera 80 facing CAMERA_FACING_BACK state now CAMERA_STATE_CLOSED for client android.system API Level 2
03-17 14:59:58.562 16476 16491 I CameraManagerGlobal: Camera 81 facing CAMERA_FACING_FRONT state now CAMERA_STATE_CLOSED for client android.system API Level 2
03-17 14:59:58.562 16476 16491 I CameraManagerGlobal: Camera 91 facing CAMERA_FACING_FRONT state now CAMERA_STATE_CLOSED for client android.system API Level 2
03-17 14:59:58.601 16476 16476 W .android.scan3d: Accessing hidden method Landroid/os/SystemProperties;->set(Ljava/lang/String;Ljava/lang/String;)V (unsupported, reflection, allowed)
03-17 14:59:58.602 16476 16476 W CAM_Log : Tag ConfigGserviceSource is 1 chars longer than limit.
03-17 14:59:58.688 16476 16476 I DecorView: [INFO] isPopOver=false config=true
03-17 14:59:58.688 16476 16476 I DecorView: updateCaptionType: isFloating=false isApplication=true hasWindowDecorCaption=false this=DecorView@f1a67f2[]
03-17 14:59:58.691 16476 16476 I DecorView: getCurrentDensityDpi: from real metrics. densityDpi=560 msg=resources_loaded
03-17 14:59:58.691 16476 16476 I DecorView: setWindowBackground: isPopOver=false color=fff6f6f6 d=android.graphics.drawable.LayerDrawable@c63113e
03-17 14:59:58.694 16476 16476 W .android.scan3d: Accessing hidden method Landroid/view/View;->computeFitSystemWindows(Landroid/graphics/Rect;Landroid/ graphics/Rect;)Z (unsupported, reflection, allowed)
03-17 14:59:58.694 16476 16476 W .android.scan3d: Accessing hidden method Landroid/view/ViewGroup;->makeOptionalFitsSystemWindows()V (unsupported, reflection, allowed)
03-17 14:59:58.707 16476 16541 W AudioCapabilities: Unsupported mime audio/x-ape
03-17 14:59:58.707 16476 16541 W AudioCapabilities: Unsupported mime audio/x-ima
03-17 14:59:58.707 16476 16541 W AudioCapabilities: Unsupported mime audio/mpeg-L1
03-17 14:59:58.707 16476 16541 W AudioCapabilities: Unsupported mime audio/mpeg-L2
03-17 14:59:58.708 16476 16541 W VideoCapabilities: Unsupported mime video/mp43
03-17 14:59:58.708 16476 16541 W VideoCapabilities: Unsupported mime video/wvc1
03-17 14:59:58.708 16476 16541 W VideoCapabilities: Unsupported mime video/x-ms-wmv
03-17 14:59:58.708 16476 16541 W AudioCapabilities: Unsupported mime audio/x-ms-wma
03-17 14:59:58.709 16476 16541 W VideoCapabilities: Unsupported mime video/x-ms- wmv7
03-17 14:59:58.709 16476 16541 W VideoCapabilities: Unsupported mime video/x-ms- wmv8
03-17 14:59:58.731 16476 16476 W FontsContract: Platform version of downloadable fonts is deprecated. Please use androidx version instead.
03-17 14:59:58.750 16476 16545 I CameraManager: registerAvailabilityCallback: Is device callback = false
03-17 14:59:58.751 16476 16545 I CameraManagerGlobal: postSingleUpdate device: camera id 0 status STATUS_PRESENT
03-17 14:59:58.751 16476 16545 I CameraManagerGlobal: postSingleUpdate device: camera id 1 status STATUS_PRESENT
03-17 14:59:58.752 16476 16545 I CameraManagerGlobal: postSingleUpdate device: camera id 2 status STATUS_PRESENT
03-17 14:59:58.752 16476 16545 I CameraManagerGlobal: postSingleUpdate device: camera id 3 status STATUS_PRESENT
03-17 14:59:58.752 16476 16545 I CameraManagerGlobal: postSingleUpdate device: camera id 4 status STATUS_PRESENT
03-17 14:59:58.752 16476 16545 I CameraManagerGlobal: postSingleUpdate device: camera id 5 status STATUS_PRESENT
03-17 14:59:58.752 16476 16545 I CameraManagerGlobal: postSingleUpdate device: camera id 20 status STATUS_PRESENT
03-17 14:59:58.752 16476 16545 I CameraManagerGlobal: postSingleUpdate device: camera id 21 status STATUS_PRESENT
03-17 14:59:58.752 16476 16545 I CameraManagerGlobal: postSingleUpdate device: camera id 23 status STATUS_PRESENT
03-17 14:59:58.752 16476 16545 I CameraManagerGlobal: postSingleUpdate device: camera id 40 status STATUS_PRESENT
03-17 14:59:58.752 16476 16545 I CameraManagerGlobal: postSingleUpdate device: camera id 41 status STATUS_PRESENT
03-17 14:59:58.753 16476 16545 I CameraManagerGlobal: postSingleUpdate device: camera id 50 status STATUS_PRESENT
03-17 14:59:58.753 16476 16545 I CameraManagerGlobal: postSingleUpdate device: camera id 52 status STATUS_PRESENT
03-17 14:59:58.754 16476 16545 I CameraManagerGlobal: postSingleUpdate device: camera id 80 status STATUS_PRESENT
03-17 14:59:58.754 16476 16545 I CameraManagerGlobal: postSingleUpdate device: camera id 81 status STATUS_PRESENT
03-17 14:59:58.754 16476 16545 I CameraManagerGlobal: postSingleUpdate device: camera id 91 status STATUS_PRESENT
03-17 14:59:58.763 16476 16491 I CameraManagerGlobal: postSingleUpdate device: camera id 20 status STATUS_NOT_AVAILABLE
03-17 14:59:58.763 16476 16491 I CameraManagerGlobal: postSingleUpdate device: camera id 21 status STATUS_NOT_AVAILABLE
03-17 14:59:58.764 16476 16491 I CameraManagerGlobal: postSingleUpdate device: camera id 23 status STATUS_NOT_AVAILABLE
03-17 14:59:58.766 16476 16492 I CameraManagerGlobal: postSingleUpdate device: camera id 0 status STATUS_NOT_AVAILABLE
03-17 14:59:58.777 16476 16536 W CAM_Log : Tag PckStreamConfigModule is 2 chars longer than limit.
03-17 14:59:58.795 16476 16492 I CameraManagerGlobal: Camera 0 facing CAMERA_FACING_BACK state now CAMERA_STATE_OPEN for client com.samsung.android.scan3d API Level 2
03-17 14:59:58.825 16476 16476 W .android.scan3d: Accessing hidden method Landroid/app/Activity;->setDisablePreviewScreenshots(Z)V (max-target-s, reflection, allowed)
03-17 14:59:58.829 16476 16476 I MSHandlerLifeCycle: check: return. pkg=com.samsung.android.scan3d parent=null callers=com.android.internal.policy.DecorView.setVisibility:4411 android.app.ActivityThread.handleResumeActivity:5476 android.app.servertransaction.ResumeActivityItem.execute:54 android.app.servertransaction.ActivityTransactionItem.execute:45 android.app.servertransaction.TransactionExecutor.executeLifecycleState:176
03-17 14:59:58.829 16476 16476 I MSHandlerLifeCycle: removeMultiSplitHandler: no exist. decor=DecorView@f1a67f2[]
03-17 14:59:58.836 16476 16476 I DecorView: onImmersiveModeChanged: isStatusBarHidden=true
03-17 14:59:58.836 16476 16476 I DecorView: notifyKeepScreenOnChanged: keepScreenOn=false
03-17 14:59:58.852 16476 16476 I ViewRootImpl@d6d2f93[CameraActivity]: setView = com.android.internal.policy.DecorView@f1a67f2 TM=true
03-17 14:59:58.853 16476 16476 I MSHandlerLifeCycle: check: return. Multi-window not supported pkg=com.samsung.android.scan3d
03-17 14:59:58.853 16476 16476 I MSHandlerLifeCycle: removeMultiSplitHandler: no exist. decor=DecorView@f1a67f2[CameraActivity]
03-17 14:59:58.872 16476 16476 I ViewRootImpl@d6d2f93[CameraActivity]: performTraversals params={(0,0)(fillxfill) sim={state=always_hidden adjust=pan forwardNavigation} layoutInDisplayCutoutMode=shortEdges ty=BASE_APPLICATION fmt=TRANSLUCENT wanim=0x1030309 rotAnim=SEAMLESS
03-17 14:59:58.872 16476 16476 I ViewRootImpl@d6d2f93[CameraActivity]: fl=81810500
03-17 14:59:58.872 16476 16476 I ViewRootImpl@d6d2f93[CameraActivity]: pfl=12020040
03-17 14:59:58.872 16476 16476 I ViewRootImpl@d6d2f93[CameraActivity]: vsysui=705
03-17 14:59:58.872 16476 16476 I ViewRootImpl@d6d2f93[CameraActivity]: apr=LOW_PROFILE_BARS
03-17 14:59:58.872 16476 16476 I ViewRootImpl@d6d2f93[CameraActivity]: bhv=SHOW_TRANSIENT_BARS_BY_SWIPE
03-17 14:59:58.872 16476 16476 I ViewRootImpl@d6d2f93[CameraActivity]: fitSides= naviIconColor=0}
03-17 14:59:58.873 16476 16476 I ViewRootImpl@d6d2f93[CameraActivity]: performTraversals mFirst=true windowShouldResize=true viewVisibilityChanged=false mForceNextWindowRelayout=false params={(0,0)(fillxfill) sim={state=always_hidden adjust=pan forwardNavigation} layoutInDisplayCutoutMode=shortEdges ty=BASE_APPLICATION fmt=TRANSLUCENT wanim=0x1030309 rotAnim=SEAMLESS
03-17 14:59:58.873 16476 16476 I ViewRootImpl@d6d2f93[CameraActivity]: fl=81810500
03-17 14:59:58.873 16476 16476 I ViewRootImpl@d6d2f93[CameraActivity]: pfl=12020040
03-17 14:59:58.873 16476 16476 I ViewRootImpl@d6d2f93[CameraActivity]: vsysui=705
03-17 14:59:58.873 16476 16476 I ViewRootImpl@d6d2f93[CameraActivity]: apr=LOW_PROFILE_BARS
03-17 14:59:58.873 16476 16476 I ViewRootImpl@d6d2f93[CameraActivity]: bhv=SHOW_TRANSIENT_BARS_BY_SWIPE
03-17 14:59:58.873 16476 16476 I ViewRootImpl@d6d2f93[CameraActivity]: fitSides= naviIconColor=0}
03-17 14:59:58.875 16476 16541 W CAM_Log : Tag ShutterButtonAnimator is 2 chars longer than limit.
03-17 14:59:58.880 16476 16476 I ViewRootImpl@d6d2f93[CameraActivity]: updateBlastSurfaceIfNeeded mBlastBufferQueue=null isSameSurfaceControl=false
03-17 14:59:58.880 16476 16476 I BLASTBufferQueue: new BLASTBufferQueue, mName= ViewRootImpl@d6d2f93[CameraActivity] mNativeObject= 0x70843249f0 sc.mNativeObject= 0x701431add0 caller= android.view.ViewRootImpl.updateBlastSurfaceIfNeeded:2909 android.view.ViewRootImpl.relayoutWindow:9847 android.view.ViewRootImpl.performTraversals:3884 android.view.ViewRootImpl.doTraversal:3116 android.view.ViewRootImpl$TraversalRunnable.run:10885 android.view.Choreographer$CallbackRecord.run:1301 android.view.Choreographer$CallbackRecord.run:1309 android.view.Choreographer.doCallbacks:923 android.view.Choreographer.doFrame:852 android.view.Choreographer$FrameDisplayEventReceiver.run:1283
03-17 14:59:58.880 16476 16476 I BLASTBufferQueue: update, w= 1440 h= 3040 mName = ViewRootImpl@d6d2f93[CameraActivity] mNativeObject= 0x70843249f0 sc.mNativeObject= 0x701431add0 format= -3 caller= android.graphics.BLASTBufferQueue.<init>:84 android.view.ViewRootImpl.updateBlastSurfaceIfNeeded:2909 android.view.ViewRootImpl.relayoutWindow:9847 android.view.ViewRootImpl.performTraversals:3884 android.view.ViewRootImpl.doTraversal:3116 android.view.ViewRootImpl$TraversalRunnable.run:10885
03-17 14:59:58.881 16476 16476 I ViewRootImpl@d6d2f93[CameraActivity]: Relayout returned: old=(0,0,1440,3040) new=(0,0,1440,3040) req=(1440,3040)0 dur=6 res=0x3 s={true 0x71143162a0} ch=true seqId=0
03-17 14:59:58.882 16476 16492 W libc : Access denied finding property "sys.perf.boostopt"
03-17 14:59:58.882 16476 16476 I ViewRootImpl@d6d2f93[CameraActivity]: mThreadedRenderer.initialize() mSurface={isValid=true 0x71143162a0} hwInitialized=true
03-17 14:59:58.888 16476 16562 I Gralloc4: mapper 4.x is not supported
03-17 14:59:58.888 16476 16562 W Gralloc3: mapper 3.x is not supported
03-17 14:59:58.889 16476 16476 I ViewRootImpl@d6d2f93[CameraActivity]: reportNextDraw android.view.ViewRootImpl.performTraversals:4438 android.view.ViewRootImpl.doTraversal:3116 android.view.ViewRootImpl$TraversalRunnable.run:10885 android.view.Choreographer$CallbackRecord.run:1301 android.view.Choreographer$CallbackRecord.run:1309
03-17 14:59:58.890 16476 16562 I gralloc : Arm Module v1.0
03-17 14:59:58.890 16476 16476 I ViewRootImpl@d6d2f93[CameraActivity]: Setup new sync id=0
03-17 14:59:58.890 16476 16476 I ViewRootImpl@d6d2f93[CameraActivity]: Setting syncFrameCallback
03-17 14:59:58.890 16476 16476 I ViewRootImpl@d6d2f93[CameraActivity]: registerCallbacksForSync syncBuffer=false
03-17 14:59:58.891 16476 16562 W Gralloc4: allocator 4.x is not supported
03-17 14:59:58.891 16476 16562 W Gralloc3: allocator 3.x is not supported
03-17 14:59:58.894 16476 16563 I ViewRootImpl@d6d2f93[CameraActivity]: Received frameDrawingCallback syncResult=0 frameNum=1.
03-17 14:59:58.894 16476 16563 I ViewRootImpl@d6d2f93[CameraActivity]: Setting up sync and frameCommitCallback
03-17 14:59:58.911 16476 16507 I BLASTBufferQueue: [ViewRootImpl@d6d2f93[CameraActivity]#0](f:0,a:0) onFrameAvailable the first frame is available
03-17 14:59:58.912 16476 16507 I ViewRootImpl@d6d2f93[CameraActivity]: Received frameCommittedCallback lastAttemptedDrawFrameNum=1 didProduceBuffer=true
03-17 14:59:58.915 16476 16507 W Parcel : Expecting binder but got null!
03-17 14:59:58.915 16476 16541 W CAM_Log : Tag SceneDistanceAdviceSettings is 8 chars longer than limit.
03-17 14:59:58.915 16476 16476 I ViewRootImpl@d6d2f93[CameraActivity]: onSyncComplete
03-17 14:59:58.916 16476 16476 I ViewRootImpl@d6d2f93[CameraActivity]: setupSync seqId=0 mSyncId=0 fn=1 caller=android.view.ViewRootImpl$ $ExternalSyntheticLambda11.accept:6 android.window.SurfaceSyncer.lambda$setupSync$1$android-window-SurfaceSyncer:128 android.window.SurfaceSyncer$$ExternalSyntheticLambda1.accept:8 android.window.SurfaceSyncer$SyncSet.checkIfSyncIsComplete:382 android.window.SurfaceSyncer$SyncSet.markSyncReady:359 android.window.SurfaceSyncer.markSyncReady:151 android.view.ViewRootImpl.performTraversals:4503
03-17 14:59:58.917 16476 16476 I ViewRootImpl@d6d2f93[CameraActivity]: reportDrawFinished seqId=0 mSyncId=-1 fn=1 mSurfaceChangedTransaction=0x70443131b0
03-17 14:59:58.917 16476 16541 W CAM_Log : Tag LongExposureStatechart is 3 chars longer than limit.
03-17 14:59:58.920 16476 16491 W libc : Access denied finding property "sys.perf.boostopt"
03-17 14:59:58.921 16476 16491 I CameraManagerGlobal: Camera 0 facing CAMERA_FACING_BACK state now CAMERA_STATE_CLOSED for client com.samsung.android.scan3d API Level 2
03-17 14:59:58.922 16476 16545 I CameraManager: registerAvailabilityCallback: Is device callback = false
03-17 14:59:58.923 16476 16545 I CameraManagerGlobal: postSingleUpdate device: camera id 0 status STATUS_PRESENT
03-17 14:59:58.923 16476 16545 I CameraManagerGlobal: postSingleUpdate device: camera id 1 status STATUS_PRESENT
03-17 14:59:58.923 16476 16545 I CameraManagerGlobal: postSingleUpdate device: camera id 2 status STATUS_PRESENT
03-17 14:59:58.924 16476 16545 I CameraManagerGlobal: postSingleUpdate device: camera id 3 status STATUS_PRESENT
03-17 14:59:58.924 16476 16545 I CameraManagerGlobal: postSingleUpdate device: camera id 4 status STATUS_PRESENT
03-17 14:59:58.924 16476 16545 I CameraManagerGlobal: postSingleUpdate device: camera id 5 status STATUS_PRESENT
03-17 14:59:58.925 16476 16545 I CameraManagerGlobal: postSingleUpdate device: camera id 20 status STATUS_PRESENT
03-17 14:59:58.925 16476 16545 I CameraManagerGlobal: postSingleUpdate device: camera id 21 status STATUS_PRESENT
03-17 14:59:58.926 16476 16545 I CameraManagerGlobal: postSingleUpdate device: camera id 23 status STATUS_PRESENT
03-17 14:59:58.942 16476 16490 I CameraManagerGlobal: postSingleUpdate device: camera id 20 status STATUS_NOT_AVAILABLE
03-17 14:59:59.136 16476 16485 I .android.scan3d: Compiler allocated 4177KB to compile void android.widget.TextView.<init>(android.content.Context, android.util.AttributeSet, int, int)
03-17 14:59:59.177 16476 16476 W CAM_Log : Tag HdrPlusTemperatureListener is 7 chars longer than limit.
03-17 14:59:59.184 16476 16476 W CAM_ModeSwitcher: ModeSwitcher WAS ALREADY ENABLED!
03-17 14:59:59.197 16476 16476 I SurfaceView@87c8cec: onWindowVisibilityChanged(0) true android.view.SurfaceView{87c8cec V.E...... ......I. 0,0-0,0} of ViewRootImpl@d6d2f93[CameraActivity]
03-17 14:59:59.198 16476 16476 I DecorView: notifyKeepScreenOnChanged: keepScreenOn=true
03-17 14:59:59.212 16476 16476 I DecorView: notifyKeepScreenOnChanged: keepScreenOn=true
03-17 14:59:59.213 16476 16476 I ViewRootImpl@d6d2f93[CameraActivity]: performTraversals params={(0,0)(fillxfill) sim={state=always_hidden adjust=pan forwardNavigation} layoutInDisplayCutoutMode=shortEdges ty=BASE_APPLICATION fmt=TRANSLUCENT wanim=0x1030309 rotAnim=SEAMLESS sysuil=true
03-17 14:59:59.213 16476 16476 I ViewRootImpl@d6d2f93[CameraActivity]: fl=81810580
03-17 14:59:59.213 16476 16476 I ViewRootImpl@d6d2f93[CameraActivity]: pfl=12020040
03-17 14:59:59.213 16476 16476 I ViewRootImpl@d6d2f93[CameraActivity]: vsysui=705
03-17 14:59:59.213 16476 16476 I ViewRootImpl@d6d2f93[CameraActivity]: apr=LOW_PROFILE_BARS
03-17 14:59:59.213 16476 16476 I ViewRootImpl@d6d2f93[CameraActivity]: bhv=SHOW_TRANSIENT_BARS_BY_SWIPE
03-17 14:59:59.213 16476 16476 I ViewRootImpl@d6d2f93[CameraActivity]: fitSides= naviIconColor=0}
03-17 14:59:59.214 16476 16476 I ViewRootImpl@d6d2f93[CameraActivity]: performTraversals mFirst=false windowShouldResize=false viewVisibilityChanged=false mForceNextWindowRelayout=false params={(0,0)(fillxfill) sim={state=always_hidden adjust=pan forwardNavigation} layoutInDisplayCutoutMode=shortEdges ty=BASE_APPLICATION fmt=TRANSLUCENT wanim=0x1030309 rotAnim=SEAMLESS sysuil=true
03-17 14:59:59.214 16476 16476 I ViewRootImpl@d6d2f93[CameraActivity]: fl=81810580
03-17 14:59:59.214 16476 16476 I ViewRootImpl@d6d2f93[CameraActivity]: pfl=12020040
03-17 14:59:59.214 16476 16476 I ViewRootImpl@d6d2f93[CameraActivity]: vsysui=705
03-17 14:59:59.214 16476 16476 I ViewRootImpl@d6d2f93[CameraActivity]: apr=LOW_PROFILE_BARS
03-17 14:59:59.214 16476 16476 I ViewRootImpl@d6d2f93[CameraActivity]: bhv=SHOW_TRANSIENT_BARS_BY_SWIPE
03-17 14:59:59.214 16476 16476 I ViewRootImpl@d6d2f93[CameraActivity]: fitSides= naviIconColor=0}
03-17 14:59:59.218 16476 16476 I ViewRootImpl@d6d2f93[CameraActivity]: updateBlastSurfaceIfNeeded mBlastBufferQueue=0x70843249f0 isSameSurfaceControl=true
03-17 14:59:59.218 16476 16476 I BLASTBufferQueue: update, w= 1440 h= 3040 mName = ViewRootImpl@d6d2f93[CameraActivity] mNativeObject= 0x70843249f0 sc.mNativeObject= 0x701437ce00 format= -3 caller= android.view.ViewRootImpl.updateBlastSurfaceIfNeeded:2898 android.view.ViewRootImpl.relayoutWindow:9847 android.view.ViewRootImpl.performTraversals:3884 android.view.ViewRootImpl.doTraversal:3116 android.view.ViewRootImpl$TraversalRunnable.run:10885 android.view.Choreographer$CallbackRecord.run:1301
03-17 14:59:59.218 16476 16476 I ViewRootImpl@d6d2f93[CameraActivity]: Relayout returned: old=(0,0,1440,3040) new=(0,0,1440,3040) req=(1440,3040)0 dur=4 res=0x0 s={true 0x71143162a0} ch=false seqId=0
03-17 14:59:59.221 16476 16476 I SurfaceView@87c8cec: Changes: creating=true format=true size=true visible=true alpha=false hint=false mUseAlpha=false visible=true left=true top=true
03-17 14:59:59.222 16476 16476 I BLASTBufferQueue: update, w= 1440 h= 1080 mName = null mNativeObject= 0x708432ca10 sc.mNativeObject= 0x701437c3b0 format= 4 caller= android.view.SurfaceView.createBlastSurfaceControls:1383 android.view.SurfaceView.updateSurface:1079 android.view.SurfaceView.lambda$new$0$android-view-SurfaceView:200 android.view.SurfaceView$$ExternalSyntheticLambda5.onPreDraw:2 android.view.ViewTreeObserver.dispatchOnPreDraw:1121 android.view.ViewRootImpl.performTraversals:4442
03-17 14:59:59.222 16476 16476 I SurfaceView@87c8cec: 142380268 Cur surface: Surface(name=null)/@0xafdaafa
03-17 14:59:59.222 16476 16476 I SurfaceView@87c8cec: pST: sr = Rect(0, 312 - 1440, 2232) sw = 1440 sh = 1080
03-17 14:59:59.222 16476 16476 I SurfaceView@87c8cec: applyTransactionOnVriDraw: vri = ViewRootImpl@d6d2f93[CameraActivity] fRS = false t = 0x70443236b0 android.view.SurfaceView.performSurfaceTransaction:959 android.view.SurfaceView.updateSurface:1105 android.view.SurfaceView.lambda$new$0$android-view-SurfaceView:200
03-17 14:59:59.222 16476 16476 I ViewRootImpl@d6d2f93[CameraActivity]: applyTransactionOnDraw: mRemoved = false isHardwareEnabled = true t = 0x70443236b0android.view.SurfaceView.applyTransactionOnVriDraw:2048 android.view.SurfaceView.performSurfaceTransaction:959 android.view.SurfaceView.updateSurface:1105 android.view.SurfaceView.lambda$new$0$android-view-SurfaceView:200 android.view.SurfaceView$$ExternalSyntheticLambda5.onPreDraw:2
03-17 14:59:59.222 16476 16476 I SurfaceView@87c8cec: updateSurface: mVisible = true mSurface.isValid() = true
03-17 14:59:59.222 16476 16476 I SurfaceView@87c8cec: updateSurface: mSurfaceCreated = false surfaceChanged = true visibleChanged = true
03-17 14:59:59.222 16476 16476 I SurfaceView@87c8cec: visibleChanged -- surfaceCreated
03-17 14:59:59.222 16476 16476 I SurfaceView@87c8cec: surfaceCreated 2 #8 android.view.SurfaceView{87c8cec V.E...... ......ID 0,312-1440,2232}
03-17 14:59:59.222 16476 16476 I SurfaceView@87c8cec: surfaceChanged -- format=4 w=1440 h=1080
03-17 14:59:59.222 16476 16476 I SurfaceView@87c8cec: surfaceChanged (1440,1080) 2 #8 android.view.SurfaceView{87c8cec V.E...... ......ID 0,312-1440,2232}
03-17 14:59:59.223 16476 16476 I SurfaceView@87c8cec: surfaceRedrawNeeded
03-17 14:59:59.227 16476 16564 I SurfaceView@87c8cec: uSP: rtp = Rect(0, 312 - 1440, 2232) rtsw = 1440 rtsh = 1080
03-17 14:59:59.228 16476 16564 I SurfaceView@87c8cec: onSSPAndSRT: pl = 0 pt = 312 sx = 1.0 sy = 1.7777778
03-17 14:59:59.229 16476 16564 I SurfaceView@87c8cec: aOrMT: ViewRootImpl@d6d2f93[CameraActivity] t = android.view.SurfaceControl$Transaction@1ffa2a1 fN = 2 android.view.SurfaceView.-$ $Nest$mapplyOrMergeTransaction:0 android.view.SurfaceView$SurfaceViewPositionUpdateListener.positionChanged:1537 android.graphics.RenderNode$CompositePositionUpdateListener.positionChanged:373
03-17 14:59:59.230 16476 16564 I ViewRootImpl@d6d2f93[CameraActivity]: mWNT: t=0x7044322a50 mBlastBufferQueue=0x70843249f0 fn= 2 caller= android.view.SurfaceView.applyOrMergeTransaction:1455 android.view.SurfaceView.-$ $Nest$mapplyOrMergeTransaction:0 android.view.SurfaceView$SurfaceViewPositionUpdateListener.positionChanged:1537
03-17 14:59:59.236 16476 16563 I ViewRootImpl@d6d2f93[CameraActivity]: mWNT: t=0x70443236b0 mBlastBufferQueue=0x70843249f0 fn= 2 caller= android.view.ViewRootImpl.lambda$applyTransactionOnDraw$11$android-view- ViewRootImpl:12865 android.view.ViewRootImpl$ $ExternalSyntheticLambda1.onFrameDraw:4 android.graphics.HardwareRenderer$FrameDrawingCallback.onFrameDraw:924
03-17 14:59:59.239 16476 16560 W CAM_SurfaceMap: Surface(name=null)/@0xafdaafa is valid but deferred streams are not yet available for CaptureSession-0
03-17 14:59:59.239 16476 16560 W CAM_SimpleReqProcessor: Failed to add Stream-3 to CaptureRequest for Request-16. The surface is not yet available.
03-17 14:59:59.241 16476 16476 W CAM_Log : Tag SmartsGestureListener is 2 chars longer than limit.
03-17 14:59:59.243 16476 16476 W CAM_ModeSwitcher: ModeSwitcher WAS ALREADY ENABLED!
03-17 14:59:59.250 16476 16476 I ViewRootImpl@d6d2f93[CameraActivity]: MSG_WINDOW_FOCUS_CHANGED 1 0
03-17 14:59:59.251 16476 16476 I ViewRootImpl@d6d2f93[CameraActivity]: mThreadedRenderer.initializeIfNeeded()#2 mSurface={isValid=true 0x71143162a0}
03-17 14:59:59.253 16476 16476 I InputMethodManager: startInputInner - mService.startInputOrWindowGainedFocus
03-17 14:59:59.260 16476 16476 I SurfaceView@87c8cec: finishedDrawing
03-17 14:59:59.403 16476 16559 W CameraMetadataJV: Expect face scores and rectangles to be non-null
03-17 14:59:59.406 16476 16649 E OisListener: Null pointer for OIS data. OIS API version: 2
03-17 14:59:59.408 16476 16650 W CameraMetadataJV: Expect face scores and rectangles to be non-null
03-17 14:59:59.420 16476 16559 W CameraMetadataJV: Expect face scores and rectangles to be non-null
03-17 14:59:59.420 16476 16559 W CameraMetadataJV: Expect face scores and rectangles to be non-null
03-17 14:59:59.420 16476 16559 W CameraMetadataJV: Expect face scores and rectangles to be non-null
03-17 14:59:59.420 16476 16559 W CameraMetadataJV: Expect face scores and rectangles to be non-null
03-17 14:59:59.420 16476 16559 W CameraMetadataJV: Expect face scores and rectangles to be non-null
03-17 14:59:59.420 16476 16559 W CameraMetadataJV: Expect face scores and rectangles to be non-null
03-17 14:59:59.431 16476 16531 I tflite : Initialized TensorFlow Lite runtime.
03-17 14:59:59.474 16476 16559 W CameraMetadataJV: Expect face scores and rectangles to be non-null
03-17 14:59:59.474 16476 16649 E OisListener: Null pointer for OIS data. OIS API version: 2
03-17 14:59:59.475 16476 16559 W JankMonitorFacade: UNINITIALIZED > result sensor delay = 2.00 > 1.10
03-17 14:59:59.475 16476 16650 W CameraMetadataJV: Expect face scores and rectangles to be non-null
03-17 14:59:59.488 16476 16559 W CameraMetadataJV: Expect face scores and rectangles to be non-null
03-17 14:59:59.488 16476 16559 W CameraMetadataJV: Expect face scores and rectangles to be non-null
03-17 14:59:59.488 16476 16559 W CameraMetadataJV: Expect face scores and rectangles to be non-null
03-17 14:59:59.488 16476 16559 W CameraMetadataJV: Expect face scores and rectangles to be non-null
03-17 14:59:59.488 16476 16559 W CameraMetadataJV: Expect face scores and rectangles to be non-null
03-17 14:59:59.488 16476 16559 W CameraMetadataJV: Expect face scores and rectangles to be non-null
03-17 14:59:59.505 16476 16530 I tflite : Initialized TensorFlow Lite runtime.
03-17 14:59:59.509 16476 16676 I tflite : Created TensorFlow Lite delegate for GPU.
03-17 14:59:59.513 16476 16559 W CameraMetadataJV: Expect face scores and rectangles to be non-null
03-17 14:59:59.514 16476 16649 E OisListener: Null pointer for OIS data. OIS API version: 2
03-17 14:59:59.515 16476 16650 W CameraMetadataJV: Expect face scores and rectangles to be non-null
03-17 14:59:59.515 16476 16559 W JankMonitorFacade: UNINITIALIZED > rel Δ(result sensor timestamp) = 0.50 > 0.25
03-17 14:59:59.515 16476 16559 W CameraMetadataJV: Expect face scores and rectangles to be non-null
03-17 14:59:59.515 16476 16559 W CameraMetadataJV: Expect face scores and rectangles to be non-null
03-17 14:59:59.515 16476 16559 W CameraMetadataJV: Expect face scores and rectangles to be non-null
03-17 14:59:59.515 16476 16559 W CameraMetadataJV: Expect face scores and rectangles to be non-null
03-17 14:59:59.515 16476 16559 W CameraMetadataJV: Expect face scores and rectangles to be non-null
03-17 14:59:59.515 16476 16559 W CameraMetadataJV: Expect face scores and rectangles to be non-null
03-17 14:59:59.549 16476 16559 W CameraMetadataJV: Expect face scores and rectangles to be non-null
03-17 14:59:59.551 16476 16559 W CameraMetadataJV: Expect face scores and rectangles to be non-null
03-17 14:59:59.551 16476 16559 W CameraMetadataJV: Expect face scores and rectangles to be non-null
03-17 14:59:59.551 16476 16559 W CameraMetadataJV: Expect face scores and rectangles to be non-null
03-17 14:59:59.551 16476 16559 W CameraMetadataJV: Expect face scores and rectangles to be non-null
03-17 14:59:59.551 16476 16559 W CameraMetadataJV: Expect face scores and rectangles to be non-null
03-17 14:59:59.551 16476 16559 W CameraMetadataJV: Expect face scores and rectangles to be non-null
03-17 14:59:59.551 16476 16649 E OisListener: Null pointer for OIS data. OIS API version: 2
03-17 14:59:59.552 16476 16650 W CameraMetadataJV: Expect face scores and rectangles to be non-null
03-17 14:59:59.562 16476 16492 I BLASTBufferQueue: [SurfaceView[com.samsung.android.scan3d/com.google.android.apps.camera.legacy.app.a ctivity.main.CameraActivity]@0#1](f:0,a:0) onFrameAvailable the first frame is available
03-17 14:59:59.577 16476 16559 W CameraMetadataJV: Expect face scores and rectangles to be non-null
03-17 14:59:59.578 16476 16559 W CameraMetadataJV: Expect face scores and rectangles to be non-null
03-17 14:59:59.578 16476 16649 E OisListener: Null pointer for OIS data. OIS API version: 2
03-17 14:59:59.578 16476 16559 W CameraMetadataJV: Expect face scores and rectangles to be non-null
03-17 14:59:59.578 16476 16559 W CameraMetadataJV: Expect face scores and rectangles to be non-null
03-17 14:59:59.578 16476 16559 W CameraMetadataJV: Expect face scores and rectangles to be non-null
03-17 14:59:59.578 16476 16559 W CameraMetadataJV: Expect face scores and rectangles to be non-null
03-17 14:59:59.578 16476 16559 W CameraMetadataJV: Expect face scores and rectangles to be non-null
03-17 14:59:59.579 16476 16650 W CameraMetadataJV: Expect face scores and rectangles to be non-null
03-17 14:59:59.611 16476 16529 W EngineApiLoaderContr: All remote package attempts fail.
03-17 14:59:59.615 16476 16529 W EngineApiLoaderContr: EngineApi implementation not found
03-17 14:59:59.615 16476 16529 E CAM_LenslitePP: Unable to create LinkEngineApi
03-17 14:59:59.615 16476 16529 E CAM_LenslitePP: java.lang.RuntimeException: No engine implementation found
03-17 14:59:59.615 16476 16529 E CAM_LenslitePP: at elk.run(Unknown Source:1066)
03-17 14:59:59.615 16476 16529 E CAM_LenslitePP: at oxw.run(Unknown Source:2)
03-17 14:59:59.615 16476 16529 E CAM_LenslitePP: at oxx.run(Unknown Source:71)
03-17 14:59:59.615 16476 16529 E CAM_LenslitePP: at lis.run(Unknown Source:2)
03-17 14:59:59.615 16476 16529 E CAM_LenslitePP: at java.util.concurrent.Executors$RunnableAdapter.call(Executors.java:463)
03-17 14:59:59.615 16476 16529 E CAM_LenslitePP: at oye.b(Unknown Source:2)
03-17 14:59:59.615 16476 16529 E CAM_LenslitePP: at oxi.run(Unknown Source:22)
03-17 14:59:59.615 16476 16529 E CAM_LenslitePP: at oyf.run(Unknown Source:4)
03-17 14:59:59.615 16476 16529 E CAM_LenslitePP: at java.util.concurrent.Executors$RunnableAdapter.call(Executors.java:463)
03-17 14:59:59.615 16476 16529 E CAM_LenslitePP: at java.util.concurrent.FutureTask.run(FutureTask.java:264)
03-17 14:59:59.615 16476 16529 E CAM_LenslitePP: at java.util.concurrent.ScheduledThreadPoolExecutor$ScheduledFutureTask.run(ScheduledT hreadPoolExecutor.java:307)
03-17 14:59:59.615 16476 16529 E CAM_LenslitePP: at ljd.run(Unknown Source:2)
03-17 14:59:59.615 16476 16529 E CAM_LenslitePP: at ljc.run(Unknown Source:0)
03-17 14:59:59.615 16476 16529 E CAM_LenslitePP: at java.util.concurrent.ThreadPoolExecutor.runWorker(ThreadPoolExecutor.java:1137)
03-17 14:59:59.615 16476 16529 E CAM_LenslitePP: at java.util.concurrent.ThreadPoolExecutor$Worker.run(ThreadPoolExecutor.java:637)
