03-17 14:55:20.393 10923 11052 W CameraMetadataJV: Expect face scores and rectangles to be non-null
03-17 14:55:20.393 10923 11186 E OisListener: Null pointer for OIS data. OIS API version: 2
03-17 14:55:20.394 10923 11187 W CameraMetadataJV: Expect face scores and rectangles to be non-null
03-17 14:55:20.460 10923 11052 W JankMonitorFacade: PHOTO > rel Δ(result sensor timestamp) = 1.00 > 0.25
03-17 14:55:20.461 10923 11052 W JankMonitorFacade: PHOTO > result sensor delay = 2.00 > 1.10
03-17 14:55:20.461 10923 11052 W CameraMetadataJV: Expect face scores and rectangles to be non-null
03-17 14:55:20.463 10923 11052 W CameraMetadataJV: Expect face scores and rectangles to be non-null
03-17 14:55:20.463 10923 11052 W CameraMetadataJV: Expect face scores and rectangles to be non-null
03-17 14:55:20.463 10923 11052 W CameraMetadataJV: Expect face scores and rectangles to be non-null
03-17 14:55:20.463 10923 11052 W CameraMetadataJV: Expect face scores and rectangles to be non-null
03-17 14:55:20.463 10923 11052 W CameraMetadataJV: Expect face scores and rectangles to be non-null
03-17 14:55:20.464 10923 11052 W CameraMetadataJV: Expect face scores and rectangles to be non-null
03-17 14:55:20.464 10923 11186 E OisListener: Null pointer for OIS data. OIS API version: 2
03-17 14:55:20.465 10923 11187 W CameraMetadataJV: Expect face scores and rectangles to be non-null
03-17 14:55:20.492 10923 11052 W JankMonitorFacade: PHOTO > rel Δ(result sensor timestamp) = 0.50 > 0.25
03-17 14:55:20.493 10923 11052 W CameraMetadataJV: Expect face scores and rectangles to be non-null
03-17 14:55:20.493 10923 11052 W CameraMetadataJV: Expect face scores and rectangles to be non-null
03-17 14:55:20.493 10923 11052 W CameraMetadataJV: Expect face scores and rectangles to be non-null
03-17 14:55:20.493 10923 11052 W CameraMetadataJV: Expect face scores and rectangles to be non-null
03-17 14:55:20.493 10923 11052 W CameraMetadataJV: Expect face scores and rectangles to be non-null
03-17 14:55:20.493 10923 11052 W CameraMetadataJV: Expect face scores and rectangles to be non-null
03-17 14:55:20.493 10923 11052 W CameraMetadataJV: Expect face scores and rectangles to be non-null
03-17 14:55:20.493 10923 11186 E OisListener: Null pointer for OIS data. OIS API version: 2
03-17 14:55:20.493 10923 11187 W CameraMetadataJV: Expect face scores and rectangles to be non-null
03-17 14:55:20.566 10923 11052 W JankMonitorFacade: PHOTO > rel Δ(result sensor timestamp) = 1.00 > 0.25
03-17 14:55:20.566 10923 11052 W JankMonitorFacade: PHOTO > result sensor delay = 2.00 > 1.10
03-17 14:55:20.567 10923 11052 W CameraMetadataJV: Expect face scores and rectangles to be non-null
03-17 14:55:20.568 10923 11052 W CameraMetadataJV: Expect face scores and rectangles to be non-null
03-17 14:55:20.568 10923 11052 W CameraMetadataJV: Expect face scores and rectangles to be non-null
03-17 14:55:20.569 10923 11052 W CameraMetadataJV: Expect face scores and rectangles to be non-null
03-17 14:55:20.569 10923 11052 W CameraMetadataJV: Expect face scores and rectangles to be non-null
03-17 14:55:20.569 10923 11052 W CameraMetadataJV: Expect face scores and rectangles to be non-null
03-17 14:55:20.569 10923 11052 W CameraMetadataJV: Expect face scores and rectangles to be non-null
03-17 14:55:20.569 10923 11186 E OisListener: Null pointer for OIS data. OIS API version: 2
03-17 14:55:20.570 10923 11187 W CameraMetadataJV: Expect face scores and rectangles to be non-null
03-17 14:55:20.594 10923 11052 W JankMonitorFacade: PHOTO > rel Δ(result sensor timestamp) = 0.50 > 0.25
03-17 14:55:20.594 10923 11052 W CameraMetadataJV: Expect face scores and rectangles to be non-null
03-17 14:55:20.594 10923 11052 W CameraMetadataJV: Expect face scores and rectangles to be non-null
03-17 14:55:20.594 10923 11052 W CameraMetadataJV: Expect face scores and rectangles to be non-null
03-17 14:55:20.594 10923 11052 W CameraMetadataJV: Expect face scores and rectangles to be non-null
03-17 14:55:20.595 10923 11052 W CameraMetadataJV: Expect face scores and rectangles to be non-null
03-17 14:55:20.595 10923 11052 W CameraMetadataJV: Expect face scores and rectangles to be non-null
03-17 14:55:20.595 10923 11052 W CameraMetadataJV: Expect face scores and rectangles to be non-null
03-17 14:55:20.595 10923 11186 E OisListener: Null pointer for OIS data. OIS API version: 2
03-17 14:55:20.595 10923 11187 W CameraMetadataJV: Expect face scores and rectangles to be non-null
03-17 14:55:20.600 10923 11000 W CameraMetadataJV: Expect face scores and rectangles to be non-null
03-17 14:55:20.623 10923 11052 W CameraMetadataJV: Expect face scores and rectangles to be non-null
03-17 14:55:20.624 10923 11052 W CameraMetadataJV: Expect face scores and rectangles to be non-null
03-17 14:55:20.624 10923 11052 W CameraMetadataJV: Expect face scores and rectangles to be non-null
03-17 14:55:20.624 10923 11052 W CameraMetadataJV: Expect face scores and rectangles to be non-null
03-17 14:55:20.624 10923 11052 W CameraMetadataJV: Expect face scores and rectangles to be non-null
03-17 14:55:20.624 10923 11052 W CameraMetadataJV: Expect face scores and rectangles to be non-null
03-17 14:55:20.624 10923 11052 W CameraMetadataJV: Expect face scores and rectangles to be non-null
03-17 14:55:20.625 10923 11186 E OisListener: Null pointer for OIS data. OIS API version: 2
03-17 14:55:20.625 10923 11187 W CameraMetadataJV: Expect face scores and rectangles to be non-null
03-17 14:55:20.698 10923 11052 W JankMonitorFacade: PHOTO > rel Δ(result sensor timestamp) = 1.00 > 0.25
03-17 14:55:20.698 10923 11052 W JankMonitorFacade: PHOTO > result sensor delay = 2.00 > 1.10
03-17 14:55:20.698 10923 11052 W CameraMetadataJV: Expect face scores and rectangles to be non-null
03-17 14:55:20.699 10923 11052 W CameraMetadataJV: Expect face scores and rectangles to be non-null
03-17 14:55:20.699 10923 11052 W CameraMetadataJV: Expect face scores and rectangles to be non-null
03-17 14:55:20.699 10923 11052 W CameraMetadataJV: Expect face scores and rectangles to be non-null
03-17 14:55:20.699 10923 11052 W CameraMetadataJV: Expect face scores and rectangles to be non-null
03-17 14:55:20.699 10923 11052 W CameraMetadataJV: Expect face scores and rectangles to be non-null
03-17 14:55:20.699 10923 11052 W CameraMetadataJV: Expect face scores and rectangles to be non-null
03-17 14:55:20.699 10923 11186 E OisListener: Null pointer for OIS data. OIS API version: 2
03-17 14:55:20.699 10923 11187 W CameraMetadataJV: Expect face scores and rectangles to be non-null
03-17 14:55:20.724 10923 11052 W JankMonitorFacade: PHOTO > rel Δ(result sensor timestamp) = 0.50 > 0.25
03-17 14:55:20.724 10923 11052 W CameraMetadataJV: Expect face scores and rectangles to be non-null
03-17 14:55:20.725 10923 11052 W CameraMetadataJV: Expect face scores and rectangles to be non-null
03-17 14:55:20.725 10923 11052 W CameraMetadataJV: Expect face scores and rectangles to be non-null
03-17 14:55:20.725 10923 11052 W CameraMetadataJV: Expect face scores and rectangles to be non-null
03-17 14:55:20.725 10923 11052 W CameraMetadataJV: Expect face scores and rectangles to be non-null
03-17 14:55:20.725 10923 11052 W CameraMetadataJV: Expect face scores and rectangles to be non-null
03-17 14:55:20.725 10923 11052 W CameraMetadataJV: Expect face scores and rectangles to be non-null
03-17 14:55:20.725 10923 11186 E OisListener: Null pointer for OIS data. OIS API version: 2
03-17 14:55:20.726 10923 11187 W CameraMetadataJV: Expect face scores and rectangles to be non-null
03-17 14:55:20.802 10923 11052 W JankMonitorFacade: PHOTO > rel Δ(result sensor timestamp) = 1.00 > 0.25
03-17 14:55:20.802 10923 11052 W JankMonitorFacade: PHOTO > result sensor delay = 2.00 > 1.10
03-17 14:55:20.802 10923 11052 W CameraMetadataJV: Expect face scores and rectangles to be non-null
03-17 14:55:20.803 10923 11052 W CameraMetadataJV: Expect face scores and rectangles to be non-null
03-17 14:55:20.803 10923 11052 W CameraMetadataJV: Expect face scores and rectangles to be non-null
03-17 14:55:20.803 10923 11052 W CameraMetadataJV: Expect face scores and rectangles to be non-null
03-17 14:55:20.803 10923 11052 W CameraMetadataJV: Expect face scores and rectangles to be non-null
03-17 14:55:20.803 10923 11052 W CameraMetadataJV: Expect face scores and rectangles to be non-null
03-17 14:55:20.803 10923 11052 W CameraMetadataJV: Expect face scores and rectangles to be non-null
03-17 14:55:20.803 10923 11186 E OisListener: Null pointer for OIS data. OIS API version: 2
03-17 14:55:20.803 10923 11187 W CameraMetadataJV: Expect face scores and rectangles to be non-null
03-17 14:55:20.829 10923 11052 W JankMonitorFacade: PHOTO > rel Δ(result sensor timestamp) = 0.50 > 0.25
03-17 14:55:20.829 10923 11052 W CameraMetadataJV: Expect face scores and rectangles to be non-null
03-17 14:55:20.829 10923 11052 W CameraMetadataJV: Expect face scores and rectangles to be non-null
03-17 14:55:20.829 10923 11052 W CameraMetadataJV: Expect face scores and rectangles to be non-null
03-17 14:55:20.829 10923 11052 W CameraMetadataJV: Expect face scores and rectangles to be non-null
03-17 14:55:20.829 10923 11052 W CameraMetadataJV: Expect face scores and rectangles to be non-null
03-17 14:55:20.830 10923 11052 W CameraMetadataJV: Expect face scores and rectangles to be non-null
03-17 14:55:20.830 10923 11052 W CameraMetadataJV: Expect face scores and rectangles to be non-null
03-17 14:55:20.830 10923 11186 E OisListener: Null pointer for OIS data. OIS API version: 2
03-17 14:55:20.830 10923 11187 W CameraMetadataJV: Expect face scores and rectangles to be non-null
03-17 14:55:20.856 10923 11052 W CameraMetadataJV: Expect face scores and rectangles to be non-null
03-17 14:55:20.858 10923 11052 W CameraMetadataJV: Expect face scores and rectangles to be non-null
03-17 14:55:20.858 10923 11052 W CameraMetadataJV: Expect face scores and rectangles to be non-null
03-17 14:55:20.858 10923 11052 W CameraMetadataJV: Expect face scores and rectangles to be non-null
03-17 14:55:20.858 10923 11052 W CameraMetadataJV: Expect face scores and rectangles to be non-null
03-17 14:55:20.858 10923 11052 W CameraMetadataJV: Expect face scores and rectangles to be non-null
03-17 14:55:20.858 10923 11052 W CameraMetadataJV: Expect face scores and rectangles to be non-null
03-17 14:55:20.859 10923 11186 E OisListener: Null pointer for OIS data. OIS API version: 2
03-17 14:55:20.864 10923 10986 W CameraMetadataJV: Expect face scores and rectangles to be non-null
03-17 14:55:20.865 10923 11187 W CameraMetadataJV: Expect face scores and rectangles to be non-null
03-17 14:55:20.937 10923 11052 W JankMonitorFacade: PHOTO > rel Δ(result sensor timestamp) = 1.00 > 0.25
03-17 14:55:20.937 10923 11052 W JankMonitorFacade: PHOTO > result sensor delay = 2.00 > 1.10
03-17 14:55:20.938 10923 11052 W CameraMetadataJV: Expect face scores and rectangles to be non-null
03-17 14:55:20.939 10923 11052 W CameraMetadataJV: Expect face scores and rectangles to be non-null
03-17 14:55:20.939 10923 11052 W CameraMetadataJV: Expect face scores and rectangles to be non-null
03-17 14:55:20.939 10923 11052 W CameraMetadataJV: Expect face scores and rectangles to be non-null
03-17 14:55:20.939 10923 11052 W CameraMetadataJV: Expect face scores and rectangles to be non-null
03-17 14:55:20.940 10923 11052 W CameraMetadataJV: Expect face scores and rectangles to be non-null
03-17 14:55:20.940 10923 11052 W CameraMetadataJV: Expect face scores and rectangles to be non-null
03-17 14:55:20.940 10923 11186 E OisListener: Null pointer for OIS data. OIS API version: 2
03-17 14:55:20.945 10923 11187 W CameraMetadataJV: Expect face scores and rectangles to be non-null
03-17 14:55:20.953 10923 10923 I ViewRootImpl@28344fc[CameraLauncher]: ViewPostIme pointer 0
03-17 14:55:20.955 10923 10923 I GestureDetector: obtain mCurrentDownEvent. id: 799255059 caller: gnh.onTouch:4 android.view.View.dispatchTouchEvent:15540 android.view.ViewGroup.dispatchTransformedTouchEvent:3310
03-17 14:55:20.957 10923 10923 I GestureDetector: obtain mCurrentDownEvent. id: 799255059 caller: com.google.android.apps.camera.ui.wirers.PreviewOverlay.onTouchEvent:128 android.view.View.dispatchTouchEvent:15544 android.view.ViewGroup.dispatchTransformedTouchEvent:3316
03-17 14:55:20.958 10923 11052 W JankMonitorFacade: PHOTO > rel Δ(result sensor timestamp) = 0.50 > 0.25
03-17 14:55:20.958 10923 11052 W CameraMetadataJV: Expect face scores and rectangles to be non-null
03-17 14:55:20.959 10923 11052 W CameraMetadataJV: Expect face scores and rectangles to be non-null
03-17 14:55:20.959 10923 11052 W CameraMetadataJV: Expect face scores and rectangles to be non-null
03-17 14:55:20.959 10923 11052 W CameraMetadataJV: Expect face scores and rectangles to be non-null
03-17 14:55:20.959 10923 11052 W CameraMetadataJV: Expect face scores and rectangles to be non-null
03-17 14:55:20.959 10923 11052 W CameraMetadataJV: Expect face scores and rectangles to be non-null
03-17 14:55:20.959 10923 11052 W CameraMetadataJV: Expect face scores and rectangles to be non-null
03-17 14:55:20.960 10923 11186 E OisListener: Null pointer for OIS data. OIS API version: 2
03-17 14:55:20.961 10923 11187 W CameraMetadataJV: Expect face scores and rectangles to be non-null
03-17 14:55:20.967 10923 10923 I GestureDetector: obtain mCurrentMotionEventRaw. action: 2 id: 541415403
03-17 14:55:21.022 10923 11052 W JankMonitorFacade: PHOTO > rel Δ(result sensor timestamp) = 1.00 > 0.25
03-17 14:55:21.023 10923 11052 W JankMonitorFacade: PHOTO > result sensor delay = 2.00 > 1.10
03-17 14:55:21.023 10923 11052 W CameraMetadataJV: Expect face scores and rectangles to be non-null
03-17 14:55:21.024 10923 11052 W CameraMetadataJV: Expect face scores and rectangles to be non-null
03-17 14:55:21.024 10923 11052 W CameraMetadataJV: Expect face scores and rectangles to be non-null
03-17 14:55:21.024 10923 11052 W CameraMetadataJV: Expect face scores and rectangles to be non-null
03-17 14:55:21.024 10923 11052 W CameraMetadataJV: Expect face scores and rectangles to be non-null
03-17 14:55:21.024 10923 11052 W CameraMetadataJV: Expect face scores and rectangles to be non-null
03-17 14:55:21.024 10923 11052 W CameraMetadataJV: Expect face scores and rectangles to be non-null
03-17 14:55:21.029 10923 11186 E OisListener: Null pointer for OIS data. OIS API version: 2
03-17 14:55:21.031 10923 11187 W CameraMetadataJV: Expect face scores and rectangles to be non-null
03-17 14:55:21.061 10923 11052 W JankMonitorFacade: PHOTO > rel Δ(result sensor timestamp) = 0.50 > 0.25
03-17 14:55:21.061 10923 11052 W CameraMetadataJV: Expect face scores and rectangles to be non-null
03-17 14:55:21.062 10923 11052 W CameraMetadataJV: Expect face scores and rectangles to be non-null
03-17 14:55:21.062 10923 11052 W CameraMetadataJV: Expect face scores and rectangles to be non-null
03-17 14:55:21.062 10923 11052 W CameraMetadataJV: Expect face scores and rectangles to be non-null
03-17 14:55:21.062 10923 11052 W CameraMetadataJV: Expect face scores and rectangles to be non-null
03-17 14:55:21.062 10923 11052 W CameraMetadataJV: Expect face scores and rectangles to be non-null
03-17 14:55:21.063 10923 11052 W CameraMetadataJV: Expect face scores and rectangles to be non-null
03-17 14:55:21.063 10923 11186 E OisListener: Null pointer for OIS data. OIS API version: 2
03-17 14:55:21.063 10923 11187 W CameraMetadataJV: Expect face scores and rectangles to be non-null
03-17 14:55:21.084 10923 10923 W CAM_Log : Tag OptionsMenuAnimation is 1 chars longer than limit.
03-17 14:55:21.092 10923 11052 W CameraMetadataJV: Expect face scores and rectangles to be non-null
03-17 14:55:21.093 10923 11052 W CameraMetadataJV: Expect face scores and rectangles to be non-null
03-17 14:55:21.093 10923 11052 W CameraMetadataJV: Expect face scores and rectangles to be non-null
03-17 14:55:21.093 10923 11052 W CameraMetadataJV: Expect face scores and rectangles to be non-null
03-17 14:55:21.093 10923 11052 W CameraMetadataJV: Expect face scores and rectangles to be non-null
03-17 14:55:21.093 10923 11052 W CameraMetadataJV: Expect face scores and rectangles to be non-null
03-17 14:55:21.093 10923 11052 W CameraMetadataJV: Expect face scores and rectangles to be non-null
03-17 14:55:21.093 10923 11186 E OisListener: Null pointer for OIS data. OIS API version: 2
03-17 14:55:21.094 10923 11187 W CameraMetadataJV: Expect face scores and rectangles to be non-null
03-17 14:55:21.109 10923 10923 I ViewRootImpl@28344fc[CameraLauncher]: ViewPostIme pointer 1
03-17 14:55:21.162 10923 11052 W JankMonitorFacade: PHOTO > rel Δ(result sensor timestamp) = 1.00 > 0.25
03-17 14:55:21.162 10923 11052 W JankMonitorFacade: PHOTO > result sensor delay = 2.00 > 1.10
03-17 14:55:21.163 10923 11052 W CameraMetadataJV: Expect face scores and rectangles to be non-null
03-17 14:55:21.163 10923 11052 W CameraMetadataJV: Expect face scores and rectangles to be non-null
03-17 14:55:21.164 10923 11052 W CameraMetadataJV: Expect face scores and rectangles to be non-null
03-17 14:55:21.164 10923 11052 W CameraMetadataJV: Expect face scores and rectangles to be non-null
03-17 14:55:21.164 10923 11052 W CameraMetadataJV: Expect face scores and rectangles to be non-null
03-17 14:55:21.164 10923 11052 W CameraMetadataJV: Expect face scores and rectangles to be non-null
03-17 14:55:21.164 10923 11052 W CameraMetadataJV: Expect face scores and rectangles to be non-null
03-17 14:55:21.165 10923 11186 E OisListener: Null pointer for OIS data. OIS API version: 2
03-17 14:55:21.165 10923 11187 W CameraMetadataJV: Expect face scores and rectangles to be non-null
03-17 14:55:21.167 10923 10997 W CameraMetadataJV: Expect face scores and rectangles to be non-null
03-17 14:55:21.198 10923 11052 W JankMonitorFacade: PHOTO > rel Δ(result sensor timestamp) = 0.50 > 0.25
03-17 14:55:21.198 10923 11052 W CameraMetadataJV: Expect face scores and rectangles to be non-null
03-17 14:55:21.199 10923 11052 W CameraMetadataJV: Expect face scores and rectangles to be non-null
03-17 14:55:21.199 10923 11052 W CameraMetadataJV: Expect face scores and rectangles to be non-null
03-17 14:55:21.199 10923 11052 W CameraMetadataJV: Expect face scores and rectangles to be non-null
03-17 14:55:21.199 10923 11052 W CameraMetadataJV: Expect face scores and rectangles to be non-null
03-17 14:55:21.199 10923 11052 W CameraMetadataJV: Expect face scores and rectangles to be non-null
03-17 14:55:21.200 10923 11052 W CameraMetadataJV: Expect face scores and rectangles to be non-null
03-17 14:55:21.200 10923 11186 E OisListener: Null pointer for OIS data. OIS API version: 2
03-17 14:55:21.201 10923 11187 W CameraMetadataJV: Expect face scores and rectangles to be non-null
03-17 14:55:21.233 10923 11052 W CameraMetadataJV: Expect face scores and rectangles to be non-null
03-17 14:55:21.234 10923 11052 W CameraMetadataJV: Expect face scores and rectangles to be non-null
03-17 14:55:21.234 10923 11052 W CameraMetadataJV: Expect face scores and rectangles to be non-null
03-17 14:55:21.234 10923 11052 W CameraMetadataJV: Expect face scores and rectangles to be non-null
03-17 14:55:21.234 10923 11052 W CameraMetadataJV: Expect face scores and rectangles to be non-null
03-17 14:55:21.234 10923 11052 W CameraMetadataJV: Expect face scores and rectangles to be non-null
03-17 14:55:21.234 10923 11052 W CameraMetadataJV: Expect face scores and rectangles to be non-null
03-17 14:55:21.235 10923 11186 E OisListener: Null pointer for OIS data. OIS API version: 2
03-17 14:55:21.235 10923 11187 W CameraMetadataJV: Expect face scores and rectangles to be non-null
03-17 14:55:21.260 10923 11052 W CameraMetadataJV: Expect face scores and rectangles to be non-null
03-17 14:55:21.260 10923 11052 W CameraMetadataJV: Expect face scores and rectangles to be non-null
03-17 14:55:21.260 10923 11052 W CameraMetadataJV: Expect face scores and rectangles to be non-null
03-17 14:55:21.260 10923 11052 W CameraMetadataJV: Expect face scores and rectangles to be non-null
03-17 14:55:21.260 10923 11052 W CameraMetadataJV: Expect face scores and rectangles to be non-null
03-17 14:55:21.261 10923 11052 W CameraMetadataJV: Expect face scores and rectangles to be non-null
03-17 14:55:21.261 10923 11052 W CameraMetadataJV: Expect face scores and rectangles to be non-null
03-17 14:55:21.261 10923 11186 E OisListener: Null pointer for OIS data. OIS API version: 2
03-17 14:55:21.261 10923 11187 W CameraMetadataJV: Expect face scores and rectangles to be non-null
03-17 14:55:21.326 10923 11052 W JankMonitorFacade: PHOTO > rel Δ(result sensor timestamp) = 1.00 > 0.25
03-17 14:55:21.326 10923 11052 W JankMonitorFacade: PHOTO > result sensor delay = 2.00 > 1.10
03-17 14:55:21.326 10923 11052 W CameraMetadataJV: Expect face scores and rectangles to be non-null
03-17 14:55:21.326 10923 11052 W CameraMetadataJV: Expect face scores and rectangles to be non-null
03-17 14:55:21.326 10923 11052 W CameraMetadataJV: Expect face scores and rectangles to be non-null
03-17 14:55:21.326 10923 11052 W CameraMetadataJV: Expect face scores and rectangles to be non-null
03-17 14:55:21.327 10923 11052 W CameraMetadataJV: Expect face scores and rectangles to be non-null
03-17 14:55:21.327 10923 11052 W CameraMetadataJV: Expect face scores and rectangles to be non-null
03-17 14:55:21.327 10923 11052 W CameraMetadataJV: Expect face scores and rectangles to be non-null
03-17 14:55:21.327 10923 11186 E OisListener: Null pointer for OIS data. OIS API version: 2
03-17 14:55:21.327 10923 11187 W CameraMetadataJV: Expect face scores and rectangles to be non-null
03-17 14:55:21.394 10923 11052 W JankMonitorFacade: PHOTO > result sensor delay = 2.00 > 1.10
03-17 14:55:21.395 10923 11052 W CameraMetadataJV: Expect face scores and rectangles to be non-null
03-17 14:55:21.395 10923 11052 W CameraMetadataJV: Expect face scores and rectangles to be non-null
03-17 14:55:21.395 10923 11052 W CameraMetadataJV: Expect face scores and rectangles to be non-null
03-17 14:55:21.395 10923 11052 W CameraMetadataJV: Expect face scores and rectangles to be non-null
03-17 14:55:21.395 10923 11052 W CameraMetadataJV: Expect face scores and rectangles to be non-null
03-17 14:55:21.395 10923 11052 W CameraMetadataJV: Expect face scores and rectangles to be non-null
03-17 14:55:21.395 10923 11052 W CameraMetadataJV: Expect face scores and rectangles to be non-null
03-17 14:55:21.396 10923 11186 E OisListener: Null pointer for OIS data. OIS API version: 2
03-17 14:55:21.396 10923 11187 W CameraMetadataJV: Expect face scores and rectangles to be non-null
03-17 14:55:21.429 10923 11052 W JankMonitorFacade: PHOTO > rel Δ(result sensor timestamp) = 0.50 > 0.25
03-17 14:55:21.429 10923 11052 W CameraMetadataJV: Expect face scores and rectangles to be non-null
03-17 14:55:21.429 10923 11052 W CameraMetadataJV: Expect face scores and rectangles to be non-null
03-17 14:55:21.429 10923 11052 W CameraMetadataJV: Expect face scores and rectangles to be non-null
03-17 14:55:21.429 10923 11052 W CameraMetadataJV: Expect face scores and rectangles to be non-null
03-17 14:55:21.429 10923 11052 W CameraMetadataJV: Expect face scores and rectangles to be non-null
03-17 14:55:21.429 10923 11052 W CameraMetadataJV: Expect face scores and rectangles to be non-null
03-17 14:55:21.429 10923 11052 W CameraMetadataJV: Expect face scores and rectangles to be non-null
03-17 14:55:21.430 10923 11186 E OisListener: Null pointer for OIS data. OIS API version: 2
03-17 14:55:21.430 10923 11187 W CameraMetadataJV: Expect face scores and rectangles to be non-null
03-17 14:55:21.436 10923 10985 W CameraMetadataJV: Expect face scores and rectangles to be non-null
03-17 14:55:21.456 10923 10923 I GestureDetector: handleMessage LONG_PRESS
03-17 14:55:21.459 10923 11052 W CameraMetadataJV: Expect face scores and rectangles to be non-null
03-17 14:55:21.460 10923 11052 W CameraMetadataJV: Expect face scores and rectangles to be non-null
03-17 14:55:21.461 10923 11052 W CameraMetadataJV: Expect face scores and rectangles to be non-null
03-17 14:55:21.461 10923 11052 W CameraMetadataJV: Expect face scores and rectangles to be non-null
03-17 14:55:21.461 10923 11052 W CameraMetadataJV: Expect face scores and rectangles to be non-null
03-17 14:55:21.461 10923 11052 W CameraMetadataJV: Expect face scores and rectangles to be non-null
03-17 14:55:21.461 10923 11052 W CameraMetadataJV: Expect face scores and rectangles to be non-null
03-17 14:55:21.462 10923 11186 E OisListener: Null pointer for OIS data. OIS API version: 2
03-17 14:55:21.462 10923 11187 W CameraMetadataJV: Expect face scores and rectangles to be non-null
03-17 14:55:21.489 10923 11052 W CameraMetadataJV: Expect face scores and rectangles to be non-null
03-17 14:55:21.490 10923 11052 W CameraMetadataJV: Expect face scores and rectangles to be non-null
03-17 14:55:21.490 10923 11052 W CameraMetadataJV: Expect face scores and rectangles to be non-null
03-17 14:55:21.490 10923 11052 W CameraMetadataJV: Expect face scores and rectangles to be non-null
03-17 14:55:21.490 10923 11052 W CameraMetadataJV: Expect face scores and rectangles to be non-null
03-17 14:55:21.490 10923 11052 W CameraMetadataJV: Expect face scores and rectangles to be non-null
03-17 14:55:21.490 10923 11052 W CameraMetadataJV: Expect face scores and rectangles to be non-null
03-17 14:55:21.491 10923 11186 E OisListener: Null pointer for OIS data. OIS API version: 2
03-17 14:55:21.492 10923 11187 W CameraMetadataJV: Expect face scores and rectangles to be non-null
03-17 14:55:21.561 10923 11052 W JankMonitorFacade: PHOTO > rel Δ(result sensor timestamp) = 1.00 > 0.25
03-17 14:55:21.561 10923 11052 W JankMonitorFacade: PHOTO > result sensor delay = 2.00 > 1.10
03-17 14:55:21.561 10923 11052 W CameraMetadataJV: Expect face scores and rectangles to be non-null
03-17 14:55:21.562 10923 11052 W CameraMetadataJV: Expect face scores and rectangles to be non-null
03-17 14:55:21.562 10923 11052 W CameraMetadataJV: Expect face scores and rectangles to be non-null
03-17 14:55:21.562 10923 11052 W CameraMetadataJV: Expect face scores and rectangles to be non-null
03-17 14:55:21.562 10923 11052 W CameraMetadataJV: Expect face scores and rectangles to be non-null
03-17 14:55:21.562 10923 11052 W CameraMetadataJV: Expect face scores and rectangles to be non-null
03-17 14:55:21.562 10923 11052 W CameraMetadataJV: Expect face scores and rectangles to be non-null
03-17 14:55:21.562 10923 11186 E OisListener: Null pointer for OIS data. OIS API version: 2
03-17 14:55:21.563 10923 11187 W CameraMetadataJV: Expect face scores and rectangles to be non-null
03-17 14:55:21.634 10923 11052 W JankMonitorFacade: PHOTO > result sensor delay = 2.00 > 1.10
03-17 14:55:21.634 10923 11052 W CameraMetadataJV: Expect face scores and rectangles to be non-null
03-17 14:55:21.635 10923 11052 W CameraMetadataJV: Expect face scores and rectangles to be non-null
03-17 14:55:21.635 10923 11052 W CameraMetadataJV: Expect face scores and rectangles to be non-null
03-17 14:55:21.635 10923 11052 W CameraMetadataJV: Expect face scores and rectangles to be non-null
03-17 14:55:21.635 10923 11052 W CameraMetadataJV: Expect face scores and rectangles to be non-null
03-17 14:55:21.635 10923 11052 W CameraMetadataJV: Expect face scores and rectangles to be non-null
03-17 14:55:21.635 10923 11052 W CameraMetadataJV: Expect face scores and rectangles to be non-null
03-17 14:55:21.636 10923 11186 E OisListener: Null pointer for OIS data. OIS API version: 2
03-17 14:55:21.637 10923 11187 W CameraMetadataJV: Expect face scores and rectangles to be non-null
03-17 14:55:21.661 10923 11052 W JankMonitorFacade: PHOTO > rel Δ(result sensor timestamp) = 0.50 > 0.25
03-17 14:55:21.662 10923 11052 W CameraMetadataJV: Expect face scores and rectangles to be non-null
03-17 14:55:21.662 10923 11052 W CameraMetadataJV: Expect face scores and rectangles to be non-null
03-17 14:55:21.662 10923 11052 W CameraMetadataJV: Expect face scores and rectangles to be non-null
03-17 14:55:21.662 10923 11052 W CameraMetadataJV: Expect face scores and rectangles to be non-null
03-17 14:55:21.662 10923 11052 W CameraMetadataJV: Expect face scores and rectangles to be non-null
03-17 14:55:21.662 10923 11052 W CameraMetadataJV: Expect face scores and rectangles to be non-null
03-17 14:55:21.662 10923 11052 W CameraMetadataJV: Expect face scores and rectangles to be non-null
03-17 14:55:21.662 10923 11186 E OisListener: Null pointer for OIS data. OIS API version: 2
03-17 14:55:21.663 10923 11187 W CameraMetadataJV: Expect face scores and rectangles to be non-null
03-17 14:55:21.700 10923 11052 W CameraMetadataJV: Expect face scores and rectangles to be non-null
03-17 14:55:21.700 10923 11052 W CameraMetadataJV: Expect face scores and rectangles to be non-null
03-17 14:55:21.700 10923 11052 W CameraMetadataJV: Expect face scores and rectangles to be non-null
03-17 14:55:21.700 10923 11052 W CameraMetadataJV: Expect face scores and rectangles to be non-null
03-17 14:55:21.700 10923 11052 W CameraMetadataJV: Expect face scores and rectangles to be non-null
03-17 14:55:21.700 10923 11052 W CameraMetadataJV: Expect face scores and rectangles to be non-null
03-17 14:55:21.700 10923 11052 W CameraMetadataJV: Expect face scores and rectangles to be non-null
03-17 14:55:21.700 10923 11186 E OisListener: Null pointer for OIS data. OIS API version: 2
03-17 14:55:21.701 10923 11187 W CameraMetadataJV: Expect face scores and rectangles to be non-null
03-17 14:55:21.703 10923 10998 W CameraMetadataJV: Expect face scores and rectangles to be non-null
03-17 14:55:21.726 10923 11052 W CameraMetadataJV: Expect face scores and rectangles to be non-null
03-17 14:55:21.728 10923 11052 W CameraMetadataJV: Expect face scores and rectangles to be non-null
03-17 14:55:21.728 10923 11052 W CameraMetadataJV: Expect face scores and rectangles to be non-null
03-17 14:55:21.728 10923 11052 W CameraMetadataJV: Expect face scores and rectangles to be non-null
03-17 14:55:21.728 10923 11052 W CameraMetadataJV: Expect face scores and rectangles to be non-null
03-17 14:55:21.728 10923 11052 W CameraMetadataJV: Expect face scores and rectangles to be non-null
03-17 14:55:21.728 10923 11052 W CameraMetadataJV: Expect face scores and rectangles to be non-null
03-17 14:55:21.729 10923 11186 E OisListener: Null pointer for OIS data. OIS API version: 2
03-17 14:55:21.730 10923 11187 W CameraMetadataJV: Expect face scores and rectangles to be non-null
03-17 14:55:21.749 10923 10923 I ViewRootImpl@28344fc[CameraLauncher]: ViewPostIme pointer 0
03-17 14:55:21.796 10923 11052 W JankMonitorFacade: PHOTO > rel Δ(result sensor timestamp) = 1.00 > 0.25
03-17 14:55:21.796 10923 11052 W JankMonitorFacade: PHOTO > result sensor delay = 2.00 > 1.10
03-17 14:55:21.796 10923 11052 W CameraMetadataJV: Expect face scores and rectangles to be non-null
03-17 14:55:21.797 10923 11052 W CameraMetadataJV: Expect face scores and rectangles to be non-null
03-17 14:55:21.797 10923 11052 W CameraMetadataJV: Expect face scores and rectangles to be non-null
03-17 14:55:21.797 10923 11052 W CameraMetadataJV: Expect face scores and rectangles to be non-null
03-17 14:55:21.797 10923 11052 W CameraMetadataJV: Expect face scores and rectangles to be non-null
03-17 14:55:21.797 10923 11052 W CameraMetadataJV: Expect face scores and rectangles to be non-null
03-17 14:55:21.797 10923 11052 W CameraMetadataJV: Expect face scores and rectangles to be non-null
03-17 14:55:21.797 10923 11186 E OisListener: Null pointer for OIS data. OIS API version: 2
03-17 14:55:21.798 10923 11187 W CameraMetadataJV: Expect face scores and rectangles to be non-null
03-17 14:55:21.814 10923 10923 I ViewRootImpl@28344fc[CameraLauncher]: ViewPostIme pointer 1
03-17 14:55:21.857 10923 10923 I DecorView: notifyKeepScreenOnChanged: keepScreenOn=false
03-17 14:55:21.862 10923 11052 W JankMonitorFacade: PHOTO > result sensor delay = 2.00 > 1.10
03-17 14:55:21.862 10923 11052 W CameraMetadataJV: Expect face scores and rectangles to be non-null
03-17 14:55:21.863 10923 11052 W CameraMetadataJV: Expect face scores and rectangles to be non-null
03-17 14:55:21.863 10923 11052 W CameraMetadataJV: Expect face scores and rectangles to be non-null
03-17 14:55:21.863 10923 11052 W CameraMetadataJV: Expect face scores and rectangles to be non-null
03-17 14:55:21.863 10923 11052 W CameraMetadataJV: Expect face scores and rectangles to be non-null
03-17 14:55:21.863 10923 11052 W CameraMetadataJV: Expect face scores and rectangles to be non-null
03-17 14:55:21.863 10923 11052 W CameraMetadataJV: Expect face scores and rectangles to be non-null
03-17 14:55:21.863 10923 11186 E OisListener: Null pointer for OIS data. OIS API version: 2
03-17 14:55:21.864 10923 11187 W CameraMetadataJV: Expect face scores and rectangles to be non-null
03-17 14:55:21.871 10923 10923 I ViewRootImpl@28344fc[CameraLauncher]: performTraversals params={(0,0)(fillxfill) sim={state=always_hidden adjust=pan} layoutInDisplayCutoutMode=shortEdges ty=BASE_APPLICATION fmt=TRANSLUCENT wanim=0x1030309 rotAnim=SEAMLESS
03-17 14:55:21.871 10923 10923 I ViewRootImpl@28344fc[CameraLauncher]: fl=81810500
03-17 14:55:21.871 10923 10923 I ViewRootImpl@28344fc[CameraLauncher]: pfl=12020040
03-17 14:55:21.871 10923 10923 I ViewRootImpl@28344fc[CameraLauncher]: vsysui=705
03-17 14:55:21.871 10923 10923 I ViewRootImpl@28344fc[CameraLauncher]: apr=LOW_PROFILE_BARS
03-17 14:55:21.871 10923 10923 I ViewRootImpl@28344fc[CameraLauncher]: bhv=SHOW_TRANSIENT_BARS_BY_SWIPE
03-17 14:55:21.871 10923 10923 I ViewRootImpl@28344fc[CameraLauncher]: fitSides= naviIconColor=0}
03-17 14:55:21.872 10923 10923 I ViewRootImpl@28344fc[CameraLauncher]: performTraversals mFirst=false windowShouldResize=false viewVisibilityChanged=false mForceNextWindowRelayout=false params={(0,0)(fillxfill) sim={state=always_hidden adjust=pan} layoutInDisplayCutoutMode=shortEdges ty=BASE_APPLICATION fmt=TRANSLUCENT wanim=0x1030309 rotAnim=SEAMLESS
03-17 14:55:21.872 10923 10923 I ViewRootImpl@28344fc[CameraLauncher]: fl=81810500
03-17 14:55:21.872 10923 10923 I ViewRootImpl@28344fc[CameraLauncher]: pfl=12020040
03-17 14:55:21.872 10923 10923 I ViewRootImpl@28344fc[CameraLauncher]: vsysui=705
03-17 14:55:21.872 10923 10923 I ViewRootImpl@28344fc[CameraLauncher]: apr=LOW_PROFILE_BARS
03-17 14:55:21.872 10923 10923 I ViewRootImpl@28344fc[CameraLauncher]: bhv=SHOW_TRANSIENT_BARS_BY_SWIPE
03-17 14:55:21.872 10923 10923 I ViewRootImpl@28344fc[CameraLauncher]: fitSides= naviIconColor=0}
03-17 14:55:21.875 10923 10923 I ViewRootImpl@28344fc[CameraLauncher]: updateBlastSurfaceIfNeeded mBlastBufferQueue=0x708431dfb0 isSameSurfaceControl=true
03-17 14:55:21.875 10923 10923 I BLASTBufferQueue: update, w= 1440 h= 3040 mName = ViewRootImpl@28344fc[CameraLauncher] mNativeObject= 0x708431dfb0 sc.mNativeObject= 0x70143b09c0 format= -3 caller= android.view.ViewRootImpl.updateBlastSurfaceIfNeeded:2898 android.view.ViewRootImpl.relayoutWindow:9847 android.view.ViewRootImpl.performTraversals:3884 android.view.ViewRootImpl.doTraversal:3116 android.view.ViewRootImpl$TraversalRunnable.run:10885 android.view.Choreographer$CallbackRecord.run:1301
03-17 14:55:21.875 10923 10923 I ViewRootImpl@28344fc[CameraLauncher]: Relayout returned: old=(0,0,1440,3040) new=(0,0,1440,3040) req=(1440,3040)0 dur=3 res=0x0 s={true 0x711430b850} ch=false seqId=0
03-17 14:55:21.875 10923 10923 I ViewRootImpl@28344fc[CameraLauncher]: updateBoundsLayer: t = android.view.SurfaceControl$Transaction@674d321 sc = Surface(name=Bounds for - com.samsung.android.scan3d/com.android.camera.CameraLauncher@0)/@0x4982346 frame = 37
03-17 14:55:21.876 10923 10923 I ViewRootImpl@28344fc[CameraLauncher]: mWNT: t=0x704431ccf0 mBlastBufferQueue=0x708431dfb0 fn= 37 caller= android.view.ViewRootImpl.prepareSurfaces:2985 android.view.ViewRootImpl.performTraversals:4233 android.view.ViewRootImpl.doTraversal:3116
03-17 14:55:21.885 10923 11052 W JankMonitorFacade: PHOTO > rel Δ(result sensor timestamp) = 0.50 > 0.25
03-17 14:55:21.886 10923 11052 W CameraMetadataJV: Expect face scores and rectangles to be non-null
03-17 14:55:21.886 10923 11052 W CameraMetadataJV: Expect face scores and rectangles to be non-null
03-17 14:55:21.886 10923 11052 W CameraMetadataJV: Expect face scores and rectangles to be non-null
03-17 14:55:21.886 10923 11052 W CameraMetadataJV: Expect face scores and rectangles to be non-null
03-17 14:55:21.886 10923 11052 W CameraMetadataJV: Expect face scores and rectangles to be non-null
03-17 14:55:21.886 10923 11052 W CameraMetadataJV: Expect face scores and rectangles to be non-null
03-17 14:55:21.886 10923 11052 W CameraMetadataJV: Expect face scores and rectangles to be non-null
03-17 14:55:21.887 10923 11186 E OisListener: Null pointer for OIS data. OIS API version: 2
03-17 14:55:21.889 10923 11187 W CameraMetadataJV: Expect face scores and rectangles to be non-null
03-17 14:55:21.893 10923 10988 E PhenotypeFlagCommitter: Retrieving snapshot for com.google.android.apps.camera#com.samsung.android.scan3d failed
03-17 14:55:21.893 10923 10988 E PhenotypeFlagCommitter: java.util.concurrent.ExecutionException: java.lang.SecurityException: GoogleCertificatesRslt: not allowed: pkg=com.samsung.android.scan3d, sha256=[144e0735b48b4b395e820d53e9a49aa6d308645d42cc69a030aaf8528c51f1ef], atk=false, ver=230914044.true (go/gsrlt)
03-17 14:55:21.893 10923 10988 E PhenotypeFlagCommitter: at lbu.a(Unknown Source:31)
03-17 14:55:21.893 10923 10988 E PhenotypeFlagCommitter: at lbu.a(Unknown Source:57)
03-17 14:55:21.893 10923 10988 E PhenotypeFlagCommitter: at lab.a(Unknown Source:23)
03-17 14:55:21.893 10923 10988 E PhenotypeFlagCommitter: at lab.a(Unknown Source:35)
03-17 14:55:21.893 10923 10988 E PhenotypeFlagCommitter: at gon.c(Unknown Source:41)
03-17 14:55:21.893 10923 10988 E PhenotypeFlagCommitter: at dxk.run(Unknown Source:11)
03-17 14:55:21.893 10923 10988 E PhenotypeFlagCommitter: at lis.run(Unknown Source:2)
03-17 14:55:21.893 10923 10988 E PhenotypeFlagCommitter: at java.util.concurrent.Executors$RunnableAdapter.call(Executors.java:463)
03-17 14:55:21.893 10923 10988 E PhenotypeFlagCommitter: at oye.b(Unknown Source:2)
03-17 14:55:21.893 10923 10988 E PhenotypeFlagCommitter: at oxi.run(Unknown Source:22)
03-17 14:55:21.893 10923 10988 E PhenotypeFlagCommitter: at oyf.run(Unknown Source:4)
03-17 14:55:21.893 10923 10988 E PhenotypeFlagCommitter: at java.util.concurrent.Executors$RunnableAdapter.call(Executors.java:463)
03-17 14:55:21.893 10923 10988 E PhenotypeFlagCommitter: at java.util.concurrent.FutureTask.run(FutureTask.java:264)
03-17 14:55:21.893 10923 10988 E PhenotypeFlagCommitter: at java.util.concurrent.ScheduledThreadPoolExecutor$ScheduledFutureTask.run(ScheduledT hreadPoolExecutor.java:307)
03-17 14:55:21.893 10923 10988 E PhenotypeFlagCommitter: at ljd.run(Unknown Source:2)
03-17 14:55:21.893 10923 10988 E PhenotypeFlagCommitter: at ljc.run(Unknown Source:0)
03-17 14:55:21.893 10923 10988 E PhenotypeFlagCommitter: at java.util.concurrent.ThreadPoolExecutor.runWorker(ThreadPoolExecutor.java:1137)
03-17 14:55:21.893 10923 10988 E PhenotypeFlagCommitter: at java.util.concurrent.ThreadPoolExecutor$Worker.run(ThreadPoolExecutor.java:637)
03-17 14:55:21.893 10923 10988 E PhenotypeFlagCommitter: at java.lang.Thread.run(Thread.java:1012)
03-17 14:55:21.893 10923 10988 E PhenotypeFlagCommitter: at lhu.run(Unknown Source:5)
03-17 14:55:21.893 10923 10988 E PhenotypeFlagCommitter: Caused by: java.lang.SecurityException: GoogleCertificatesRslt: not allowed: pkg=com.samsung.android.scan3d, sha256=[144e0735b48b4b395e820d53e9a49aa6d308645d42cc69a030aaf8528c51f1ef], atk=false, ver=230914044.true (go/gsrlt)
03-17 14:55:21.893 10923 10988 E PhenotypeFlagCommitter: at android.os.Parcel.createExceptionOrNull(Parcel.java:3023)
03-17 14:55:21.893 10923 10988 E PhenotypeFlagCommitter: at android.os.Parcel.createException(Parcel.java:3007)
03-17 14:55:21.893 10923 10988 E PhenotypeFlagCommitter: at android.os.Parcel.readException(Parcel.java:2990)
03-17 14:55:21.893 10923 10988 E PhenotypeFlagCommitter: at android.os.Parcel.readException(Parcel.java:2932)
03-17 14:55:21.893 10923 10988 E PhenotypeFlagCommitter: at azi.b(Unknown Source:10)
03-17 14:55:21.893 10923 10988 E PhenotypeFlagCommitter: at kzz.a(Unknown Source:38)
03-17 14:55:21.893 10923 10988 E PhenotypeFlagCommitter: at krj.a(Unknown Source:4)
03-17 14:55:21.893 10923 10988 E PhenotypeFlagCommitter: at kpf.c(Unknown Source:6)
03-17 14:55:21.893 10923 10988 E PhenotypeFlagCommitter: at kqd.c(Unknown Source:9)
03-17 14:55:21.893 10923 10988 E PhenotypeFlagCommitter: at kqd.b(Unknown Source:22)
03-17 14:55:21.893 10923 10988 E PhenotypeFlagCommitter: at kqd.e(Unknown Source:28)
03-17 14:55:21.893 10923 10988 E PhenotypeFlagCommitter: at kqd.c(Unknown Source:73)
03-17 14:55:21.893 10923 10988 E PhenotypeFlagCommitter: at kqd.a(Unknown Source:16)
03-17 14:55:21.893 10923 10988 E PhenotypeFlagCommitter: at kse.a(Unknown Source:117)
03-17 14:55:21.893 10923 10988 E PhenotypeFlagCommitter: at kry.c(Unknown Source:89)
03-17 14:55:21.893 10923 10988 E PhenotypeFlagCommitter: at krz.handleMessage(Unknown Source:286)
03-17 14:55:21.893 10923 10988 E PhenotypeFlagCommitter: at android.os.Handler.dispatchMessage(Handler.java:106)
03-17 14:55:21.893 10923 10988 E PhenotypeFlagCommitter: at kxo.a(Unknown Source:0)
03-17 14:55:21.893 10923 10988 E PhenotypeFlagCommitter: at kxo.dispatchMessage(Unknown Source:0)
03-17 14:55:21.893 10923 10988 E PhenotypeFlagCommitter: at android.os.Looper.loopOnce(Looper.java:226)
03-17 14:55:21.893 10923 10988 E PhenotypeFlagCommitter: at android.os.Looper.loop(Looper.java:313)
03-17 14:55:21.893 10923 10988 E PhenotypeFlagCommitter: at android.os.HandlerThread.run(HandlerThread.java:67)
03-17 14:55:21.899 10923 10923 I DecorView: [INFO] isPopOver=false config=true
03-17 14:55:21.899 10923 10923 I DecorView: updateCaptionType: isFloating=false isApplication=true hasWindowDecorCaption=false this=DecorView@7b6350b[]
03-17 14:55:21.900 10923 10923 I DecorView: getCurrentDensityDpi: from real metrics. densityDpi=560 msg=resources_loaded
03-17 14:55:21.900 10923 10923 I DecorView: setWindowBackground: isPopOver=false color=ff202124 d=android.graphics.drawable.ColorDrawable@767601
03-17 14:55:21.911 10923 10923 W CAM_Log : Tag DevPrefScreenController is 4 chars longer than limit.
03-17 14:55:21.917 10923 11052 W CameraMetadataJV: Expect face scores and rectangles to be non-null
03-17 14:55:21.917 10923 11052 W CameraMetadataJV: Expect face scores and rectangles to be non-null
03-17 14:55:21.917 10923 11052 W CameraMetadataJV: Expect face scores and rectangles to be non-null
03-17 14:55:21.917 10923 11052 W CameraMetadataJV: Expect face scores and rectangles to be non-null
03-17 14:55:21.917 10923 11052 W CameraMetadataJV: Expect face scores and rectangles to be non-null
03-17 14:55:21.917 10923 11052 W CameraMetadataJV: Expect face scores and rectangles to be non-null
03-17 14:55:21.917 10923 11052 W CameraMetadataJV: Expect face scores and rectangles to be non-null
03-17 14:55:21.917 10923 11186 E OisListener: Null pointer for OIS data. OIS API version: 2
03-17 14:55:21.918 10923 11187 W CameraMetadataJV: Expect face scores and rectangles to be non-null
03-17 14:55:21.950 10923 11052 W CameraMetadataJV: Expect face scores and rectangles to be non-null
03-17 14:55:21.951 10923 11052 W CameraMetadataJV: Expect face scores and rectangles to be non-null
03-17 14:55:21.951 10923 11052 W CameraMetadataJV: Expect face scores and rectangles to be non-null
03-17 14:55:21.951 10923 11052 W CameraMetadataJV: Expect face scores and rectangles to be non-null
03-17 14:55:21.951 10923 11052 W CameraMetadataJV: Expect face scores and rectangles to be non-null
03-17 14:55:21.951 10923 11052 W CameraMetadataJV: Expect face scores and rectangles to be non-null
03-17 14:55:21.951 10923 11052 W CameraMetadataJV: Expect face scores and rectangles to be non-null
03-17 14:55:21.951 10923 11186 E OisListener: Null pointer for OIS data. OIS API version: 2
03-17 14:55:21.951 10923 11187 W CameraMetadataJV: Expect face scores and rectangles to be non-null
03-17 14:55:21.953 10923 10998 W CameraMetadataJV: Expect face scores and rectangles to be non-null
03-17 14:55:21.999 10923 10923 W Glide : Failed to find GeneratedAppGlideModule. You should include an annotationProcessor compile dependency on com.github.bumptech.glide:compiler in your application and a @GlideModule annotated AppGlideModule implementation or LibraryGlideModules will be silently ignored
03-17 14:55:22.011 10923 10923 I AppIconSolution: night mode is changed to true
03-17 14:55:22.018 10923 11052 W JankMonitorFacade: PHOTO > rel Δ(result sensor timestamp) = 1.00 > 0.25
03-17 14:55:22.018 10923 11052 W JankMonitorFacade: PHOTO > result sensor delay = 2.00 > 1.10
03-17 14:55:22.018 10923 11052 W CameraMetadataJV: Expect face scores and rectangles to be non-null
03-17 14:55:22.018 10923 11052 W CameraMetadataJV: Expect face scores and rectangles to be non-null
03-17 14:55:22.018 10923 11052 W CameraMetadataJV: Expect face scores and rectangles to be non-null
03-17 14:55:22.018 10923 11052 W CameraMetadataJV: Expect face scores and rectangles to be non-null
03-17 14:55:22.018 10923 11052 W CameraMetadataJV: Expect face scores and rectangles to be non-null
03-17 14:55:22.018 10923 11052 W CameraMetadataJV: Expect face scores and rectangles to be non-null
03-17 14:55:22.019 10923 11052 W CameraMetadataJV: Expect face scores and rectangles to be non-null
03-17 14:55:22.019 10923 11186 E OisListener: Null pointer for OIS data. OIS API version: 2
03-17 14:55:22.019 10923 11187 W CameraMetadataJV: Expect face scores and rectangles to be non-null
03-17 14:55:22.068 10923 10923 I MSHandlerLifeCycle: check: return. pkg=com.samsung.android.scan3d parent=null callers=com.android.internal.policy.DecorView.setVisibility:4411 android.app.ActivityThread.handleResumeActivity:5476 android.app.servertransaction.ResumeActivityItem.execute:54 android.app.servertransaction.ActivityTransactionItem.execute:45 android.app.servertransaction.TransactionExecutor.executeLifecycleState:176
03-17 14:55:22.068 10923 10923 I MSHandlerLifeCycle: removeMultiSplitHandler: no exist. decor=DecorView@7b6350b[]
03-17 14:55:22.071 10923 10923 I DecorView: onImmersiveModeChanged: isStatusBarHidden=true
03-17 14:55:22.076 10923 10923 I ViewRootImpl@105d3eb[CameraSettingsActivity]: setView = com.android.internal.policy.DecorView@7b6350b TM=true
03-17 14:55:22.076 10923 10923 I MSHandlerLifeCycle: check: return. Multi-window not supported pkg=com.samsung.android.scan3d
03-17 14:55:22.076 10923 10923 I MSHandlerLifeCycle: removeMultiSplitHandler: no exist. decor=DecorView@7b6350b[CameraSettingsActivity]
03-17 14:55:22.084 10923 10923 I ViewRootImpl@105d3eb[CameraSettingsActivity]: performTraversals params={(0,0)(fillxfill) sim={adjust=resize forwardNavigation} ty=BASE_APPLICATION wanim=0x1030309
03-17 14:55:22.084 10923 10923 I ViewRootImpl@105d3eb[CameraSettingsActivity]: fl=81810500
03-17 14:55:22.084 10923 10923 I ViewRootImpl@105d3eb[CameraSettingsActivity]: pfl=12020040
03-17 14:55:22.084 10923 10923 I ViewRootImpl@105d3eb[CameraSettingsActivity]: bhv=SHOW_TRANSIENT_BARS_BY_SWIPE
03-17 14:55:22.084 10923 10923 I ViewRootImpl@105d3eb[CameraSettingsActivity]: fitSides= naviIconColor=0}
03-17 14:55:22.084 10923 11052 W JankMonitorFacade: PHOTO > result sensor delay = 2.00 > 1.10
03-17 14:55:22.085 10923 11052 W CameraMetadataJV: Expect face scores and rectangles to be non-null
03-17 14:55:22.085 10923 10923 I ViewRootImpl@105d3eb[CameraSettingsActivity]: performTraversals mFirst=true windowShouldResize=true viewVisibilityChanged=false mForceNextWindowRelayout=false params={(0,0)(fillxfill) sim={adjust=resize forwardNavigation} ty=BASE_APPLICATION wanim=0x1030309
03-17 14:55:22.085 10923 10923 I ViewRootImpl@105d3eb[CameraSettingsActivity]: fl=81810500
03-17 14:55:22.085 10923 10923 I ViewRootImpl@105d3eb[CameraSettingsActivity]: pfl=12020040
03-17 14:55:22.085 10923 10923 I ViewRootImpl@105d3eb[CameraSettingsActivity]: bhv=SHOW_TRANSIENT_BARS_BY_SWIPE
03-17 14:55:22.085 10923 10923 I ViewRootImpl@105d3eb[CameraSettingsActivity]: fitSides= naviIconColor=0}
03-17 14:55:22.086 10923 11052 W CameraMetadataJV: Expect face scores and rectangles to be non-null
03-17 14:55:22.086 10923 11052 W CameraMetadataJV: Expect face scores and rectangles to be non-null
03-17 14:55:22.086 10923 11052 W CameraMetadataJV: Expect face scores and rectangles to be non-null
03-17 14:55:22.087 10923 11052 W CameraMetadataJV: Expect face scores and rectangles to be non-null
03-17 14:55:22.087 10923 11052 W CameraMetadataJV: Expect face scores and rectangles to be non-null
03-17 14:55:22.087 10923 11052 W CameraMetadataJV: Expect face scores and rectangles to be non-null
03-17 14:55:22.091 10923 11186 E OisListener: Null pointer for OIS data. OIS API version: 2
03-17 14:55:22.092 10923 11187 W CameraMetadataJV: Expect face scores and rectangles to be non-null
03-17 14:55:22.095 10923 10923 I ViewRootImpl@105d3eb[CameraSettingsActivity]: updateBlastSurfaceIfNeeded mBlastBufferQueue=null isSameSurfaceControl=false
03-17 14:55:22.095 10923 10923 I BLASTBufferQueue: new BLASTBufferQueue, mName= ViewRootImpl@105d3eb[CameraSettingsActivity] mNativeObject= 0x708437c830 sc.mNativeObject= 0x701437e8d0 caller= android.view.ViewRootImpl.updateBlastSurfaceIfNeeded:2909 android.view.ViewRootImpl.relayoutWindow:9847 android.view.ViewRootImpl.performTraversals:3884 android.view.ViewRootImpl.doTraversal:3116 android.view.ViewRootImpl$TraversalRunnable.run:10885 android.view.Choreographer$CallbackRecord.run:1301 android.view.Choreographer$CallbackRecord.run:1309 android.view.Choreographer.doCallbacks:923 android.view.Choreographer.doFrame:852 android.view.Choreographer$FrameDisplayEventReceiver.run:1283
