03-17 14:46:25.003 3767 3767 W Resources: at android.widget.FrameLayout.onLayout(FrameLayout.java:270)
03-17 14:46:25.003 3767 3767 W Resources: at com.google.android.apps.camera.ui.layout.GcaLayout.onLayout(Unknown Source:21)
03-17 14:46:25.003 3767 3767 W Resources: at com.google.android.apps.camera.ui.views.MainActivityLayout.onLayout(Unknown Source:0)
03-17 14:46:25.003 3767 3767 W Resources: at android.view.View.layout(View.java:24969)
03-17 14:46:25.003 3767 3767 W Resources: at android.view.ViewGroup.layout(ViewGroup.java:6784)
03-17 14:46:25.003 3767 3767 W Resources: at android.widget.FrameLayout.layoutChildren(FrameLayout.java:332)
03-17 14:46:25.003 3767 3767 W Resources: at android.widget.FrameLayout.onLayout(FrameLayout.java:270)
03-17 14:46:25.003 3767 3767 W Resources: at android.view.View.layout(View.java:24969)
03-17 14:46:25.003 3767 3767 W Resources: at android.view.ViewGroup.layout(ViewGroup.java:6784)
03-17 14:46:25.003 3767 3767 W Resources: at android.widget.LinearLayout.setChildFrame(LinearLayout.java:1829)
03-17 14:46:25.003 3767 3767 W Resources: at android.widget.LinearLayout.layoutVertical(LinearLayout.java:1673)
03-17 14:46:25.003 3767 3767 W Resources: at android.widget.LinearLayout.onLayout(LinearLayout.java:1582)
03-17 14:46:25.003 3767 3767 W Resources: at android.view.View.layout(View.java:24969)
03-17 14:46:25.003 3767 3767 W Resources: at android.view.ViewGroup.layout(ViewGroup.java:6784)
03-17 14:46:25.003 3767 3767 W Resources: at android.widget.FrameLayout.layoutChildren(FrameLayout.java:332)
03-17 14:46:25.003 3767 3767 W Resources: at android.widget.FrameLayout.onLayout(FrameLayout.java:270)
03-17 14:46:25.003 3767 3767 W Resources: at android.view.View.layout(View.java:24969)
03-17 14:46:25.003 3767 3767 W Resources: at android.view.ViewGroup.layout(ViewGroup.java:6784)
03-17 14:46:25.003 3767 3767 W Resources: at android.widget.LinearLayout.setChildFrame(LinearLayout.java:1829)
03-17 14:46:25.003 3767 3767 W Resources: at android.widget.LinearLayout.layoutVertical(LinearLayout.java:1673)
03-17 14:46:25.003 3767 3767 W Resources: at android.widget.LinearLayout.onLayout(LinearLayout.java:1582)
03-17 14:46:25.003 3767 3767 W Resources: at android.view.View.layout(View.java:24969)
03-17 14:46:25.003 3767 3767 W Resources: at android.view.ViewGroup.layout(ViewGroup.java:6784)
03-17 14:46:25.003 3767 3767 W Resources: at android.widget.FrameLayout.layoutChildren(FrameLayout.java:332)
03-17 14:46:25.003 3767 3767 W Resources: at android.widget.FrameLayout.onLayout(FrameLayout.java:270)
03-17 14:46:25.003 3767 3767 W Resources: at com.android.internal.policy.DecorView.onLayout(DecorView.java:1427)
03-17 14:46:25.003 3767 3767 W Resources: at android.view.View.layout(View.java:24969)
03-17 14:46:25.003 3767 3767 W Resources: at android.view.ViewGroup.layout(ViewGroup.java:6784)
03-17 14:46:25.003 3767 3767 W Resources: at android.view.ViewRootImpl.performLayout(ViewRootImpl.java:4917)
03-17 14:46:25.003 3767 3767 W Resources: at android.view.ViewRootImpl.performTraversals(ViewRootImpl.java:4240)
03-17 14:46:25.003 3767 3767 W Resources: at android.view.ViewRootImpl.doTraversal(ViewRootImpl.java:3116)
03-17 14:46:25.003 3767 3767 W Resources: at android.view.ViewRootImpl$TraversalRunnable.run(ViewRootImpl.java:10885)
03-17 14:46:25.003 3767 3767 W Resources: at android.view.Choreographer$CallbackRecord.run(Choreographer.java:1301)
03-17 14:46:25.003 3767 3767 W Resources: at android.view.Choreographer$CallbackRecord.run(Choreographer.java:1309)
03-17 14:46:25.003 3767 3767 W Resources: at android.view.Choreographer.doCallbacks(Choreographer.java:923)
03-17 14:46:25.003 3767 3767 W Resources: at android.view.Choreographer.doFrame(Choreographer.java:852)
03-17 14:46:25.003 3767 3767 W Resources: at android.view.Choreographer$FrameDisplayEventReceiver.run(Choreographer.java:1283)
03-17 14:46:25.003 3767 3767 W Resources: at android.os.Handler.handleCallback(Handler.java:942)
03-17 14:46:25.003 3767 3767 W Resources: at android.os.Handler.dispatchMessage(Handler.java:99)
03-17 14:46:25.003 3767 3767 W Resources: at android.os.Looper.loopOnce(Looper.java:226)
03-17 14:46:25.003 3767 3767 W Resources: at android.os.Looper.loop(Looper.java:313)
03-17 14:46:25.003 3767 3767 W Resources: at android.app.ActivityThread.main(ActivityThread.java:8757)
03-17 14:46:25.003 3767 3767 W Resources: at java.lang.reflect.Method.invoke(Native Method)
03-17 14:46:25.003 3767 3767 W Resources: at com.android.internal.os.RuntimeInit$MethodAndArgsCaller.run(RuntimeInit.java:571)
03-17 14:46:25.003 3767 3767 W Resources: at com.android.internal.os.ZygoteInit.main(ZygoteInit.java:1067)
03-17 14:46:25.004 3767 3767 W View : requestLayout() improperly called by nxq{99b5457 V.ED..... ......ID 523,1-916,166} during layout: running second layout pass
03-17 14:46:25.005 3767 3767 I SurfaceView@c758571: Changes: creating=true format=true size=true visible=true alpha=false hint=false mUseAlpha=false visible=true left=true top=true
03-17 14:46:25.006 3767 3767 I BLASTBufferQueue: update, w= 1440 h= 1080 mName = null mNativeObject= 0x7084310b30 sc.mNativeObject= 0x701437c250 format= 4 caller= android.view.SurfaceView.createBlastSurfaceControls:1383 android.view.SurfaceView.updateSurface:1079 android.view.SurfaceView.lambda$new$0$android-view-SurfaceView:200 android.view.SurfaceView$$ExternalSyntheticLambda5.onPreDraw:2 android.view.ViewTreeObserver.dispatchOnPreDraw:1121 android.view.ViewRootImpl.performTraversals:4442
03-17 14:46:25.007 3767 3767 I SurfaceView@c758571: 209028465 Cur surface: Surface(name=null)/@0xb699bf
03-17 14:46:25.007 3767 3767 I SurfaceView@c758571: pST: sr = Rect(0, 312 - 1440, 2232) sw = 1440 sh = 1080
03-17 14:46:25.007 3767 3767 I SurfaceView@c758571: applyTransactionOnVriDraw: vri = ViewRootImpl@b0b9141[CameraActivity] fRS = false t = 0x7044323590 android.view.SurfaceView.performSurfaceTransaction:959 android.view.SurfaceView.updateSurface:1105 android.view.SurfaceView.lambda$new$0$android-view-SurfaceView:200
03-17 14:46:25.007 3767 3767 I ViewRootImpl@b0b9141[CameraActivity]: applyTransactionOnDraw: mRemoved = false isHardwareEnabled = true t = 0x7044323590android.view.SurfaceView.applyTransactionOnVriDraw:2048 android.view.SurfaceView.performSurfaceTransaction:959 android.view.SurfaceView.updateSurface:1105 android.view.SurfaceView.lambda$new$0$android-view-SurfaceView:200 android.view.SurfaceView$$ExternalSyntheticLambda5.onPreDraw:2
03-17 14:46:25.007 3767 3767 I SurfaceView@c758571: updateSurface: mVisible = true mSurface.isValid() = true
03-17 14:46:25.007 3767 3767 I SurfaceView@c758571: updateSurface: mSurfaceCreated = false surfaceChanged = true visibleChanged = true
03-17 14:46:25.007 3767 3767 I SurfaceView@c758571: visibleChanged -- surfaceCreated
03-17 14:46:25.007 3767 3767 I SurfaceView@c758571: surfaceCreated 2 #8 android.view.SurfaceView{c758571 V.E...... ......ID 0,312-1440,2232}
03-17 14:46:25.007 3767 3767 I SurfaceView@c758571: surfaceChanged -- format=4 w=1440 h=1080
03-17 14:46:25.007 3767 3767 I SurfaceView@c758571: surfaceChanged (1440,1080) 2 #8 android.view.SurfaceView{c758571 V.E...... ......ID 0,312-1440,2232}
03-17 14:46:25.008 3767 3767 I SurfaceView@c758571: surfaceRedrawNeeded
03-17 14:46:25.017 3767 3888 I SurfaceView@c758571: uSP: rtp = Rect(0, 312 - 1440, 2232) rtsw = 1440 rtsh = 1080
03-17 14:46:25.017 3767 3888 I SurfaceView@c758571: onSSPAndSRT: pl = 0 pt = 312 sx = 1.0 sy = 1.7777778
03-17 14:46:25.017 3767 3888 I SurfaceView@c758571: aOrMT: ViewRootImpl@b0b9141[CameraActivity] t = android.view.SurfaceControl$Transaction@54512db fN = 2 android.view.SurfaceView.-$ $Nest$mapplyOrMergeTransaction:0 android.view.SurfaceView$SurfaceViewPositionUpdateListener.positionChanged:1537 android.graphics.RenderNode$CompositePositionUpdateListener.positionChanged:373
03-17 14:46:25.017 3767 3888 I ViewRootImpl@b0b9141[CameraActivity]: mWNT: t=0x7044323c50 mBlastBufferQueue=0x70843217f0 fn= 2 caller= android.view.SurfaceView.applyOrMergeTransaction:1455 android.view.SurfaceView.-$ $Nest$mapplyOrMergeTransaction:0 android.view.SurfaceView$SurfaceViewPositionUpdateListener.positionChanged:1537
03-17 14:46:25.024 3767 3888 I ViewRootImpl@b0b9141[CameraActivity]: mWNT: t=0x7044323590 mBlastBufferQueue=0x70843217f0 fn= 2 caller= android.view.ViewRootImpl.lambda$applyTransactionOnDraw$11$android-view- ViewRootImpl:12865 android.view.ViewRootImpl$ $ExternalSyntheticLambda1.onFrameDraw:4 android.graphics.HardwareRenderer$FrameDrawingCallback.onFrameDraw:924
03-17 14:46:25.026 3767 3767 I ViewRootImpl@b0b9141[CameraActivity]: handleResized, msg = 5 frames=ClientWindowFrames{frame=[0,0][1440,3040] display=[0,0][1440,3040] parentFrame=[0,0][0,0] parentClippedByDisplayCutout=false} forceNextWindowRelayout=false displayId=0 resizeMode=-1 frameChanged=false displayFrameChanged=false configChanged=false displayChanged=false
03-17 14:46:25.026 3767 3767 I ViewRootImpl@b0b9141[CameraActivity]: handleResized mSyncSeqId = 0
03-17 14:46:25.026 3767 3767 I ViewRootImpl@b0b9141[CameraActivity]: reportNextDraw android.view.ViewRootImpl.handleResized:2450 android.view.ViewRootImpl.-$$Nest$mhandleResized:0 android.view.ViewRootImpl$ViewRootHandler.handleMessageImpl:6728 android.view.ViewRootImpl$ViewRootHandler.handleMessage:6697 android.os.Handler.dispatchMessage:106
03-17 14:46:25.028 3767 3767 I ViewRootImpl@b0b9141[CameraActivity]: Setup new sync id=1
03-17 14:46:25.028 3767 3767 I ViewRootImpl@b0b9141[CameraActivity]: Setting syncFrameCallback
03-17 14:46:25.028 3767 3767 E SurfaceSyncer: Failed to find sync for id=0
03-17 14:46:25.028 3767 3883 W CAM_SurfaceMap: Surface(name=null)/@0xb699bf is valid but deferred streams are not yet available for CaptureSession-0
03-17 14:46:25.028 3767 3767 I ViewRootImpl@b0b9141[CameraActivity]: registerCallbacksForSync syncBuffer=false
03-17 14:46:25.028 3767 3883 W CAM_SimpleReqProcessor: Failed to add Stream-2 to CaptureRequest for Request-15. The surface is not yet available.
03-17 14:46:25.039 3767 3887 I ViewRootImpl@b0b9141[CameraActivity]: Received frameDrawingCallback syncResult=0 frameNum=3.
03-17 14:46:25.039 3767 3887 I ViewRootImpl@b0b9141[CameraActivity]: Setting up sync and frameCommitCallback
03-17 14:46:25.041 3767 3810 I ViewRootImpl@b0b9141[CameraActivity]: Received frameCommittedCallback lastAttemptedDrawFrameNum=3 didProduceBuffer=true
03-17 14:46:25.041 3767 3767 I ViewRootImpl@b0b9141[CameraActivity]: onSyncComplete
03-17 14:46:25.042 3767 3767 I ViewRootImpl@b0b9141[CameraActivity]: setupSync seqId=0 mSyncId=1 fn=3 caller=android.view.ViewRootImpl$ $ExternalSyntheticLambda11.accept:6 android.window.SurfaceSyncer.lambda$setupSync$1$android-window-SurfaceSyncer:128 android.window.SurfaceSyncer$$ExternalSyntheticLambda1.accept:8 android.window.SurfaceSyncer$SyncSet.checkIfSyncIsComplete:382 android.window.SurfaceSyncer$SyncSet.markSyncReady:359 android.window.SurfaceSyncer.markSyncReady:151 android.view.ViewRootImpl.performTraversals:4503
03-17 14:46:25.042 3767 3767 I ViewRootImpl@b0b9141[CameraActivity]: reportDrawFinished seqId=0 mSyncId=-1 fn=3 mSurfaceChangedTransaction=0x70443087d0
03-17 14:46:25.046 3767 3767 W CAM_Log : Tag SmartsGestureListener is 2 chars longer than limit.
03-17 14:46:25.048 3767 3767 W CAM_ModeSwitcher: ModeSwitcher WAS ALREADY ENABLED!
03-17 14:46:25.055 3767 3767 I ViewRootImpl@b0b9141[CameraActivity]: MSG_WINDOW_FOCUS_CHANGED 1 0
03-17 14:46:25.055 3767 3767 I ViewRootImpl@b0b9141[CameraActivity]: mThreadedRenderer.initializeIfNeeded()#2 mSurface={isValid=true 0x711430b850}
03-17 14:46:25.057 3767 3767 I InputMethodManager: startInputInner - mService.startInputOrWindowGainedFocus
03-17 14:46:25.067 3767 3767 I SurfaceView@c758571: finishedDrawing
03-17 14:46:25.231 3767 3991 E OisListener: Null pointer for OIS data. OIS API version: 2
03-17 14:46:25.236 3767 3992 W CameraMetadataJV: Expect face scores and rectangles to be non-null
03-17 14:46:25.243 3767 3882 W CameraMetadataJV: Expect face scores and rectangles to be non-null
03-17 14:46:25.243 3767 3882 W CameraMetadataJV: Expect face scores and rectangles to be non-null
03-17 14:46:25.243 3767 3882 W CameraMetadataJV: Expect face scores and rectangles to be non-null
03-17 14:46:25.244 3767 3882 W CameraMetadataJV: Expect face scores and rectangles to be non-null
03-17 14:46:25.244 3767 3882 W CameraMetadataJV: Expect face scores and rectangles to be non-null
03-17 14:46:25.244 3767 3882 W CameraMetadataJV: Expect face scores and rectangles to be non-null
03-17 14:46:25.244 3767 3882 W CameraMetadataJV: Expect face scores and rectangles to be non-null
03-17 14:46:25.259 3767 3842 I tflite : Initialized TensorFlow Lite runtime.
03-17 14:46:25.335 3767 3991 E OisListener: Null pointer for OIS data. OIS API version: 2
03-17 14:46:25.335 3767 3882 W JankMonitorFacade: UNINITIALIZED > result sensor delay = 2.00 > 1.10
03-17 14:46:25.336 3767 3992 W CameraMetadataJV: Expect face scores and rectangles to be non-null
03-17 14:46:25.336 3767 3882 W CameraMetadataJV: Expect face scores and rectangles to be non-null
03-17 14:46:25.336 3767 3882 W CameraMetadataJV: Expect face scores and rectangles to be non-null
03-17 14:46:25.337 3767 3882 W CameraMetadataJV: Expect face scores and rectangles to be non-null
03-17 14:46:25.337 3767 3882 W CameraMetadataJV: Expect face scores and rectangles to be non-null
03-17 14:46:25.337 3767 3882 W CameraMetadataJV: Expect face scores and rectangles to be non-null
03-17 14:46:25.337 3767 3882 W CameraMetadataJV: Expect face scores and rectangles to be non-null
03-17 14:46:25.339 3767 3882 W CameraMetadataJV: Expect face scores and rectangles to be non-null
03-17 14:46:25.359 3767 3991 E OisListener: Null pointer for OIS data. OIS API version: 2
03-17 14:46:25.359 3767 3882 W JankMonitorFacade: UNINITIALIZED > rel Δ(result sensor timestamp) = 0.50 > 0.25
03-17 14:46:25.359 3767 3882 W CameraMetadataJV: Expect face scores and rectangles to be non-null
03-17 14:46:25.359 3767 3882 W CameraMetadataJV: Expect face scores and rectangles to be non-null
03-17 14:46:25.360 3767 3882 W CameraMetadataJV: Expect face scores and rectangles to be non-null
03-17 14:46:25.360 3767 3882 W CameraMetadataJV: Expect face scores and rectangles to be non-null
03-17 14:46:25.360 3767 3882 W CameraMetadataJV: Expect face scores and rectangles to be non-null
03-17 14:46:25.360 3767 3882 W CameraMetadataJV: Expect face scores and rectangles to be non-null
03-17 14:46:25.360 3767 3882 W CameraMetadataJV: Expect face scores and rectangles to be non-null
03-17 14:46:25.361 3767 3992 W CameraMetadataJV: Expect face scores and rectangles to be non-null
03-17 14:46:25.406 3767 3991 E OisListener: Null pointer for OIS data. OIS API version: 2
03-17 14:46:25.407 3767 3882 W CameraMetadataJV: Expect face scores and rectangles to be non-null
03-17 14:46:25.408 3767 3882 W CameraMetadataJV: Expect face scores and rectangles to be non-null
03-17 14:46:25.408 3767 3781 I BLASTBufferQueue: [SurfaceView[com.samsung.android.scan3d/com.google.android.apps.camera.legacy.app.a ctivity.main.CameraActivity]@0#1](f:0,a:0) onFrameAvailable the first frame is available
03-17 14:46:25.408 3767 3882 W CameraMetadataJV: Expect face scores and rectangles to be non-null
03-17 14:46:25.409 3767 3882 W CameraMetadataJV: Expect face scores and rectangles to be non-null
03-17 14:46:25.409 3767 3882 W CameraMetadataJV: Expect face scores and rectangles to be non-null
03-17 14:46:25.409 3767 3992 W CameraMetadataJV: Expect face scores and rectangles to be non-null
03-17 14:46:25.409 3767 3882 W CameraMetadataJV: Expect face scores and rectangles to be non-null
03-17 14:46:25.412 3767 3882 W CameraMetadataJV: Expect face scores and rectangles to be non-null
03-17 14:46:25.423 3767 3882 W CameraMetadataJV: Expect face scores and rectangles to be non-null
03-17 14:46:25.423 3767 3882 W CameraMetadataJV: Expect face scores and rectangles to be non-null
03-17 14:46:25.423 3767 3882 W CameraMetadataJV: Expect face scores and rectangles to be non-null
03-17 14:46:25.423 3767 3882 W CameraMetadataJV: Expect face scores and rectangles to be non-null
03-17 14:46:25.423 3767 3882 W CameraMetadataJV: Expect face scores and rectangles to be non-null
03-17 14:46:25.423 3767 3882 W CameraMetadataJV: Expect face scores and rectangles to be non-null
03-17 14:46:25.423 3767 3882 W CameraMetadataJV: Expect face scores and rectangles to be non-null
03-17 14:46:25.424 3767 3991 E OisListener: Null pointer for OIS data. OIS API version: 2
03-17 14:46:25.426 3767 3992 W CameraMetadataJV: Expect face scores and rectangles to be non-null
03-17 14:46:25.427 3767 3845 I tflite : Initialized TensorFlow Lite runtime.
03-17 14:46:25.448 3767 4022 I tflite : Created TensorFlow Lite delegate for GPU.
03-17 14:46:25.490 3767 3882 W JankMonitorFacade: UNINITIALIZED > rel Δ(result sensor timestamp) = 1.00 > 0.25
03-17 14:46:25.490 3767 3991 E OisListener: Null pointer for OIS data. OIS API version: 2
03-17 14:46:25.490 3767 3882 W JankMonitorFacade: UNINITIALIZED > result sensor delay = 2.00 > 1.10
03-17 14:46:25.492 3767 3882 W CameraMetadataJV: Expect face scores and rectangles to be non-null
03-17 14:46:25.492 3767 3882 W CameraMetadataJV: Expect face scores and rectangles to be non-null
03-17 14:46:25.493 3767 3882 W CameraMetadataJV: Expect face scores and rectangles to be non-null
03-17 14:46:25.493 3767 3882 W CameraMetadataJV: Expect face scores and rectangles to be non-null
03-17 14:46:25.493 3767 3992 W CameraMetadataJV: Expect face scores and rectangles to be non-null
03-17 14:46:25.494 3767 3882 W CameraMetadataJV: Expect face scores and rectangles to be non-null
03-17 14:46:25.494 3767 3882 W CameraMetadataJV: Expect face scores and rectangles to be non-null
03-17 14:46:25.495 3767 3882 W CameraMetadataJV: Expect face scores and rectangles to be non-null
03-17 14:46:25.541 3767 3991 E OisListener: Null pointer for OIS data. OIS API version: 2
03-17 14:46:25.543 3767 3882 W JankMonitorFacade: PHOTO > result sensor delay = 2.00 > 1.10
03-17 14:46:25.545 3767 3882 W CameraMetadataJV: Expect face scores and rectangles to be non-null
03-17 14:46:25.545 3767 3882 W CameraMetadataJV: Expect face scores and rectangles to be non-null
03-17 14:46:25.545 3767 3882 W CameraMetadataJV: Expect face scores and rectangles to be non-null
03-17 14:46:25.545 3767 3882 W CameraMetadataJV: Expect face scores and rectangles to be non-null
03-17 14:46:25.545 3767 3882 W CameraMetadataJV: Expect face scores and rectangles to be non-null
03-17 14:46:25.545 3767 3992 W CameraMetadataJV: Expect face scores and rectangles to be non-null
03-17 14:46:25.545 3767 3882 W CameraMetadataJV: Expect face scores and rectangles to be non-null
03-17 14:46:25.547 3767 3882 W CameraMetadataJV: Expect face scores and rectangles to be non-null
03-17 14:46:25.551 3767 3782 I ViewRootImpl@b0b9141[CameraActivity]: Resizing android.view.ViewRootImpl@579a2a5: frame = [0,0][1440,3040] reportDraw = false forceLayout = false syncSeqId = 0
03-17 14:46:25.568 3767 3767 I ViewRootImpl@b0b9141[CameraActivity]: handleResized, msg = 4 frames=ClientWindowFrames{frame=[0,0][1440,3040] display=[0,0][1440,3040] parentFrame=[0,0][0,0] parentClippedByDisplayCutout=false} forceNextWindowRelayout=false displayId=0 resizeMode=-1 frameChanged=false displayFrameChanged=false configChanged=false displayChanged=false
03-17 14:46:25.573 3767 3844 W CameraMetadataJV: Expect face scores and rectangles to be non-null
03-17 14:46:25.614 3767 3842 W EngineApiLoaderContr: All remote package attempts fail.
03-17 14:46:25.619 3767 3776 I .android.scan3d: NativeAlloc concurrent copying GC freed 169409(13MB) AllocSpace objects, 17(17MB) LOS objects, 47% free, 26MB/50MB, paused 84us,395us total 255.326ms
03-17 14:46:25.628 3767 3991 E OisListener: Null pointer for OIS data. OIS API version: 2
03-17 14:46:25.629 3767 3882 W JankMonitorFacade: PHOTO > result sensor delay = 2.00 > 1.10
03-17 14:46:25.631 3767 3842 W EngineApiLoaderContr: EngineApi implementation not found
03-17 14:46:25.631 3767 3882 W CameraMetadataJV: Expect face scores and rectangles to be non-null
03-17 14:46:25.631 3767 3882 W CameraMetadataJV: Expect face scores and rectangles to be non-null
03-17 14:46:25.631 3767 3882 W CameraMetadataJV: Expect face scores and rectangles to be non-null
03-17 14:46:25.631 3767 3882 W CameraMetadataJV: Expect face scores and rectangles to be non-null
03-17 14:46:25.631 3767 3882 W CameraMetadataJV: Expect face scores and rectangles to be non-null
03-17 14:46:25.631 3767 3882 W CameraMetadataJV: Expect face scores and rectangles to be non-null
03-17 14:46:25.631 3767 3882 W CameraMetadataJV: Expect face scores and rectangles to be non-null
03-17 14:46:25.637 3767 3992 W CameraMetadataJV: Expect face scores and rectangles to be non-null
03-17 14:46:25.645 3767 3991 E OisListener: Null pointer for OIS data. OIS API version: 2
03-17 14:46:25.645 3767 3882 W JankMonitorFacade: PHOTO > rel Δ(result sensor timestamp) = 0.50 > 0.25
03-17 14:46:25.645 3767 3882 W CameraMetadataJV: Expect face scores and rectangles to be non-null
03-17 14:46:25.645 3767 3882 W CameraMetadataJV: Expect face scores and rectangles to be non-null
03-17 14:46:25.645 3767 3882 W CameraMetadataJV: Expect face scores and rectangles to be non-null
03-17 14:46:25.645 3767 3882 W CameraMetadataJV: Expect face scores and rectangles to be non-null
03-17 14:46:25.645 3767 3882 W CameraMetadataJV: Expect face scores and rectangles to be non-null
03-17 14:46:25.645 3767 3882 W CameraMetadataJV: Expect face scores and rectangles to be non-null
03-17 14:46:25.646 3767 3882 W CameraMetadataJV: Expect face scores and rectangles to be non-null
03-17 14:46:25.647 3767 3992 W CameraMetadataJV: Expect face scores and rectangles to be non-null
03-17 14:46:25.647 3767 3778 W System : A resource failed to call close.
03-17 14:46:25.648 3767 3842 E CAM_LenslitePP: Unable to create LinkEngineApi
03-17 14:46:25.648 3767 3842 E CAM_LenslitePP: java.lang.RuntimeException: No engine implementation found
03-17 14:46:25.648 3767 3842 E CAM_LenslitePP: at elk.run(Unknown Source:1066)
03-17 14:46:25.648 3767 3842 E CAM_LenslitePP: at oxw.run(Unknown Source:2)
03-17 14:46:25.648 3767 3842 E CAM_LenslitePP: at oxx.run(Unknown Source:71)
03-17 14:46:25.648 3767 3842 E CAM_LenslitePP: at lis.run(Unknown Source:2)
03-17 14:46:25.648 3767 3842 E CAM_LenslitePP: at java.util.concurrent.Executors$RunnableAdapter.call(Executors.java:463)
03-17 14:46:25.648 3767 3842 E CAM_LenslitePP: at oye.b(Unknown Source:2)
03-17 14:46:25.648 3767 3842 E CAM_LenslitePP: at oxi.run(Unknown Source:22)
03-17 14:46:25.648 3767 3842 E CAM_LenslitePP: at oyf.run(Unknown Source:4)
03-17 14:46:25.648 3767 3842 E CAM_LenslitePP: at java.util.concurrent.Executors$RunnableAdapter.call(Executors.java:463)
03-17 14:46:25.648 3767 3842 E CAM_LenslitePP: at java.util.concurrent.FutureTask.run(FutureTask.java:264)
03-17 14:46:25.648 3767 3842 E CAM_LenslitePP: at java.util.concurrent.ScheduledThreadPoolExecutor$ScheduledFutureTask.run(ScheduledT hreadPoolExecutor.java:307)
03-17 14:46:25.648 3767 3842 E CAM_LenslitePP: at ljd.run(Unknown Source:2)
03-17 14:46:25.648 3767 3842 E CAM_LenslitePP: at ljc.run(Unknown Source:0)
03-17 14:46:25.648 3767 3842 E CAM_LenslitePP: at java.util.concurrent.ThreadPoolExecutor.runWorker(ThreadPoolExecutor.java:1137)
03-17 14:46:25.648 3767 3842 E CAM_LenslitePP: at java.util.concurrent.ThreadPoolExecutor$Worker.run(ThreadPoolExecutor.java:637)
03-17 14:46:25.648 3767 3842 E CAM_LenslitePP: at java.lang.Thread.run(Thread.java:1012)
03-17 14:46:25.648 3767 3842 E CAM_LenslitePP: at lhu.run(Unknown Source:5)
03-17 14:46:25.685 3767 3991 E OisListener: Null pointer for OIS data. OIS API version: 2
03-17 14:46:25.686 3767 3882 W CameraMetadataJV: Expect face scores and rectangles to be non-null
03-17 14:46:25.686 3767 3882 W CameraMetadataJV: Expect face scores and rectangles to be non-null
03-17 14:46:25.686 3767 3882 W CameraMetadataJV: Expect face scores and rectangles to be non-null
03-17 14:46:25.688 3767 3882 W CameraMetadataJV: Expect face scores and rectangles to be non-null
03-17 14:46:25.688 3767 3882 W CameraMetadataJV: Expect face scores and rectangles to be non-null
03-17 14:46:25.688 3767 3882 W CameraMetadataJV: Expect face scores and rectangles to be non-null
03-17 14:46:25.689 3767 3909 E HeifDecoderImpl: getSize: not supported!
03-17 14:46:25.690 3767 3992 W CameraMetadataJV: Expect face scores and rectangles to be non-null
03-17 14:46:25.693 3767 3882 W CameraMetadataJV: Expect face scores and rectangles to be non-null
03-17 14:46:25.720 3767 3902 W libc : Access denied finding property "sys.perf.boostopt"
03-17 14:46:25.743 3767 3991 E OisListener: Null pointer for OIS data. OIS API version: 2
03-17 14:46:25.744 3767 3992 W CameraMetadataJV: Expect face scores and rectangles to be non-null
03-17 14:46:25.745 3767 3882 W JankMonitorFacade: PHOTO > rel Δ(result sensor timestamp) = 1.00 > 0.25
03-17 14:46:25.745 3767 3882 W JankMonitorFacade: PHOTO > result sensor delay = 2.00 > 1.10
03-17 14:46:25.746 3767 3882 W CameraMetadataJV: Expect face scores and rectangles to be non-null
03-17 14:46:25.746 3767 3882 W CameraMetadataJV: Expect face scores and rectangles to be non-null
03-17 14:46:25.746 3767 3882 W CameraMetadataJV: Expect face scores and rectangles to be non-null
03-17 14:46:25.746 3767 3882 W CameraMetadataJV: Expect face scores and rectangles to be non-null
03-17 14:46:25.746 3767 3882 W CameraMetadataJV: Expect face scores and rectangles to be non-null
03-17 14:46:25.746 3767 3882 W CameraMetadataJV: Expect face scores and rectangles to be non-null
03-17 14:46:25.747 3767 3882 W CameraMetadataJV: Expect face scores and rectangles to be non-null
03-17 14:46:25.750 3767 3845 E native : inference_engine_tf_lite.cc:543 Cannot serialize OpenGL kernel cache data; works only with OpenCL delegate.
03-17 14:46:25.775 3767 3991 E OisListener: Null pointer for OIS data. OIS API version: 2
03-17 14:46:25.775 3767 3882 W JankMonitorFacade: PHOTO > rel Δ(result sensor timestamp) = 0.50 > 0.25
03-17 14:46:25.776 3767 3882 W CameraMetadataJV: Expect face scores and rectangles to be non-null
03-17 14:46:25.776 3767 3882 W CameraMetadataJV: Expect face scores and rectangles to be non-null
03-17 14:46:25.776 3767 3882 W CameraMetadataJV: Expect face scores and rectangles to be non-null
03-17 14:46:25.776 3767 3992 W CameraMetadataJV: Expect face scores and rectangles to be non-null
03-17 14:46:25.776 3767 3882 W CameraMetadataJV: Expect face scores and rectangles to be non-null
03-17 14:46:25.776 3767 3882 W CameraMetadataJV: Expect face scores and rectangles to be non-null
03-17 14:46:25.776 3767 3882 W CameraMetadataJV: Expect face scores and rectangles to be non-null
03-17 14:46:25.776 3767 3882 W CameraMetadataJV: Expect face scores and rectangles to be non-null
03-17 14:46:25.877 3767 3882 W JankMonitorFacade: PHOTO > abs Δ(result sensor timestamp) = 99.99 ms > 70.00 ms
03-17 14:46:25.877 3767 3882 W JankMonitorFacade: PHOTO > rel Δ(result sensor timestamp) = 2.00 > 0.25
03-17 14:46:25.877 3767 3882 W JankMonitorFacade: PHOTO > result sensor delay = 3.00 > 1.10
03-17 14:46:25.877 3767 3991 E OisListener: Null pointer for OIS data. OIS API version: 2
03-17 14:46:25.878 3767 3882 W CameraMetadataJV: Expect face scores and rectangles to be non-null
03-17 14:46:25.878 3767 3882 W CameraMetadataJV: Expect face scores and rectangles to be non-null
03-17 14:46:25.878 3767 3882 W CameraMetadataJV: Expect face scores and rectangles to be non-null
03-17 14:46:25.878 3767 3882 W CameraMetadataJV: Expect face scores and rectangles to be non-null
03-17 14:46:25.878 3767 3882 W CameraMetadataJV: Expect face scores and rectangles to be non-null
03-17 14:46:25.878 3767 3882 W CameraMetadataJV: Expect face scores and rectangles to be non-null
03-17 14:46:25.879 3767 3882 W CameraMetadataJV: Expect face scores and rectangles to be non-null
03-17 14:46:25.879 3767 3992 W CameraMetadataJV: Expect face scores and rectangles to be non-null
03-17 14:46:25.881 3767 3838 W CameraMetadataJV: Expect face scores and rectangles to be non-null
03-17 14:46:25.920 3767 3991 E OisListener: Null pointer for OIS data. OIS API version: 2
03-17 14:46:25.920 3767 3882 W JankMonitorFacade: PHOTO > rel Δ(result sensor timestamp) = 0.67 > 0.25
03-17 14:46:25.921 3767 3882 W CameraMetadataJV: Expect face scores and rectangles to be non-null
03-17 14:46:25.921 3767 3882 W CameraMetadataJV: Expect face scores and rectangles to be non-null
03-17 14:46:25.921 3767 3882 W CameraMetadataJV: Expect face scores and rectangles to be non-null
03-17 14:46:25.921 3767 3882 W CameraMetadataJV: Expect face scores and rectangles to be non-null
03-17 14:46:25.921 3767 3882 W CameraMetadataJV: Expect face scores and rectangles to be non-null
03-17 14:46:25.921 3767 3882 W CameraMetadataJV: Expect face scores and rectangles to be non-null
03-17 14:46:25.921 3767 3882 W CameraMetadataJV: Expect face scores and rectangles to be non-null
03-17 14:46:25.921 3767 3992 W CameraMetadataJV: Expect face scores and rectangles to be non-null
03-17 14:46:25.951 3767 3991 E OisListener: Null pointer for OIS data. OIS API version: 2
03-17 14:46:25.951 3767 3882 W CameraMetadataJV: Expect face scores and rectangles to be non-null
03-17 14:46:25.951 3767 3882 W CameraMetadataJV: Expect face scores and rectangles to be non-null
03-17 14:46:25.951 3767 3882 W CameraMetadataJV: Expect face scores and rectangles to be non-null
03-17 14:46:25.951 3767 3992 W CameraMetadataJV: Expect face scores and rectangles to be non-null
03-17 14:46:25.951 3767 3882 W CameraMetadataJV: Expect face scores and rectangles to be non-null
03-17 14:46:25.951 3767 3882 W CameraMetadataJV: Expect face scores and rectangles to be non-null
03-17 14:46:25.951 3767 3882 W CameraMetadataJV: Expect face scores and rectangles to be non-null
03-17 14:46:25.952 3767 3882 W CameraMetadataJV: Expect face scores and rectangles to be non-null
03-17 14:46:25.977 3767 3991 E OisListener: Null pointer for OIS data. OIS API version: 2
03-17 14:46:25.977 3767 3882 W CameraMetadataJV: Expect face scores and rectangles to be non-null
03-17 14:46:25.977 3767 3882 W CameraMetadataJV: Expect face scores and rectangles to be non-null
03-17 14:46:25.977 3767 3882 W CameraMetadataJV: Expect face scores and rectangles to be non-null
03-17 14:46:25.977 3767 3882 W CameraMetadataJV: Expect face scores and rectangles to be non-null
03-17 14:46:25.978 3767 3882 W CameraMetadataJV: Expect face scores and rectangles to be non-null
03-17 14:46:25.978 3767 3882 W CameraMetadataJV: Expect face scores and rectangles to be non-null
03-17 14:46:25.978 3767 3882 W CameraMetadataJV: Expect face scores and rectangles to be non-null
03-17 14:46:25.978 3767 3992 W CameraMetadataJV: Expect face scores and rectangles to be non-null
03-17 14:46:26.006 3767 3991 E OisListener: Null pointer for OIS data. OIS API version: 2
03-17 14:46:26.006 3767 3882 W CameraMetadataJV: Expect face scores and rectangles to be non-null
03-17 14:46:26.006 3767 3882 W CameraMetadataJV: Expect face scores and rectangles to be non-null
03-17 14:46:26.006 3767 3882 W CameraMetadataJV: Expect face scores and rectangles to be non-null
03-17 14:46:26.006 3767 3882 W CameraMetadataJV: Expect face scores and rectangles to be non-null
03-17 14:46:26.007 3767 3882 W CameraMetadataJV: Expect face scores and rectangles to be non-null
03-17 14:46:26.007 3767 3882 W CameraMetadataJV: Expect face scores and rectangles to be non-null
03-17 14:46:26.007 3767 3882 W CameraMetadataJV: Expect face scores and rectangles to be non-null
03-17 14:46:26.009 3767 3992 W CameraMetadataJV: Expect face scores and rectangles to be non-null
03-17 14:46:26.089 3767 3991 E OisListener: Null pointer for OIS data. OIS API version: 2
03-17 14:46:26.090 3767 3882 W JankMonitorFacade: PHOTO > abs Δ(result sensor timestamp) = 99.99 ms > 70.00 ms
03-17 14:46:26.090 3767 3882 W JankMonitorFacade: PHOTO > rel Δ(result sensor timestamp) = 2.00 > 0.25
03-17 14:46:26.090 3767 3992 W CameraMetadataJV: Expect face scores and rectangles to be non-null
03-17 14:46:26.091 3767 3882 W JankMonitorFacade: PHOTO > result sensor delay = 3.00 > 1.10
03-17 14:46:26.092 3767 3882 W CameraMetadataJV: Expect face scores and rectangles to be non-null
03-17 14:46:26.092 3767 3882 W CameraMetadataJV: Expect face scores and rectangles to be non-null
03-17 14:46:26.092 3767 3882 W CameraMetadataJV: Expect face scores and rectangles to be non-null
03-17 14:46:26.092 3767 3882 W CameraMetadataJV: Expect face scores and rectangles to be non-null
03-17 14:46:26.092 3767 3882 W CameraMetadataJV: Expect face scores and rectangles to be non-null
03-17 14:46:26.092 3767 3882 W CameraMetadataJV: Expect face scores and rectangles to be non-null
03-17 14:46:26.093 3767 3882 W CameraMetadataJV: Expect face scores and rectangles to be non-null
03-17 14:46:26.131 3767 3991 E OisListener: Null pointer for OIS data. OIS API version: 2
03-17 14:46:26.131 3767 3882 W JankMonitorFacade: PHOTO > rel Δ(result sensor timestamp) = 0.67 > 0.25
03-17 14:46:26.132 3767 3882 W CameraMetadataJV: Expect face scores and rectangles to be non-null
03-17 14:46:26.132 3767 3882 W CameraMetadataJV: Expect face scores and rectangles to be non-null
03-17 14:46:26.132 3767 3992 W CameraMetadataJV: Expect face scores and rectangles to be non-null
03-17 14:46:26.132 3767 3882 W CameraMetadataJV: Expect face scores and rectangles to be non-null
03-17 14:46:26.133 3767 3882 W CameraMetadataJV: Expect face scores and rectangles to be non-null
03-17 14:46:26.133 3767 3882 W CameraMetadataJV: Expect face scores and rectangles to be non-null
03-17 14:46:26.133 3767 3882 W CameraMetadataJV: Expect face scores and rectangles to be non-null
03-17 14:46:26.133 3767 3882 W CameraMetadataJV: Expect face scores and rectangles to be non-null
03-17 14:46:26.138 3767 3845 W CameraMetadataJV: Expect face scores and rectangles to be non-null
03-17 14:46:26.156 3767 3991 E OisListener: Null pointer for OIS data. OIS API version: 2
03-17 14:46:26.157 3767 3882 W CameraMetadataJV: Expect face scores and rectangles to be non-null
03-17 14:46:26.157 3767 3882 W CameraMetadataJV: Expect face scores and rectangles to be non-null
03-17 14:46:26.157 3767 3882 W CameraMetadataJV: Expect face scores and rectangles to be non-null
03-17 14:46:26.157 3767 3882 W CameraMetadataJV: Expect face scores and rectangles to be non-null
03-17 14:46:26.157 3767 3882 W CameraMetadataJV: Expect face scores and rectangles to be non-null
03-17 14:46:26.157 3767 3882 W CameraMetadataJV: Expect face scores and rectangles to be non-null
03-17 14:46:26.158 3767 3992 W CameraMetadataJV: Expect face scores and rectangles to be non-null
03-17 14:46:26.158 3767 3882 W CameraMetadataJV: Expect face scores and rectangles to be non-null
03-17 14:46:26.207 3767 3991 E OisListener: Null pointer for OIS data. OIS API version: 2
03-17 14:46:26.207 3767 3882 W CameraMetadataJV: Expect face scores and rectangles to be non-null
03-17 14:46:26.207 3767 3882 W CameraMetadataJV: Expect face scores and rectangles to be non-null
03-17 14:46:26.207 3767 3882 W CameraMetadataJV: Expect face scores and rectangles to be non-null
03-17 14:46:26.207 3767 3992 W CameraMetadataJV: Expect face scores and rectangles to be non-null
03-17 14:46:26.207 3767 3882 W CameraMetadataJV: Expect face scores and rectangles to be non-null
03-17 14:46:26.207 3767 3882 W CameraMetadataJV: Expect face scores and rectangles to be non-null
03-17 14:46:26.208 3767 3882 W CameraMetadataJV: Expect face scores and rectangles to be non-null
03-17 14:46:26.208 3767 3882 W CameraMetadataJV: Expect face scores and rectangles to be non-null
03-17 14:46:26.233 3767 3991 E OisListener: Null pointer for OIS data. OIS API version: 2
03-17 14:46:26.235 3767 3992 W CameraMetadataJV: Expect face scores and rectangles to be non-null
03-17 14:46:26.235 3767 3882 W CameraMetadataJV: Expect face scores and rectangles to be non-null
03-17 14:46:26.235 3767 3882 W CameraMetadataJV: Expect face scores and rectangles to be non-null
03-17 14:46:26.236 3767 3882 W CameraMetadataJV: Expect face scores and rectangles to be non-null
03-17 14:46:26.236 3767 3882 W CameraMetadataJV: Expect face scores and rectangles to be non-null
03-17 14:46:26.236 3767 3882 W CameraMetadataJV: Expect face scores and rectangles to be non-null
03-17 14:46:26.236 3767 3882 W CameraMetadataJV: Expect face scores and rectangles to be non-null
03-17 14:46:26.236 3767 3882 W CameraMetadataJV: Expect face scores and rectangles to be non-null
03-17 14:46:26.304 3767 3991 E OisListener: Null pointer for OIS data. OIS API version: 2
03-17 14:46:26.304 3767 3882 W JankMonitorFacade: PHOTO > rel Δ(result sensor timestamp) = 1.00 > 0.25
03-17 14:46:26.305 3767 3882 W JankMonitorFacade: PHOTO > result sensor delay = 2.00 > 1.10
03-17 14:46:26.305 3767 3992 W CameraMetadataJV: Expect face scores and rectangles to be non-null
03-17 14:46:26.305 3767 3882 W CameraMetadataJV: Expect face scores and rectangles to be non-null
03-17 14:46:26.306 3767 3882 W CameraMetadataJV: Expect face scores and rectangles to be non-null
03-17 14:46:26.306 3767 3882 W CameraMetadataJV: Expect face scores and rectangles to be non-null
03-17 14:46:26.306 3767 3882 W CameraMetadataJV: Expect face scores and rectangles to be non-null
03-17 14:46:26.306 3767 3882 W CameraMetadataJV: Expect face scores and rectangles to be non-null
03-17 14:46:26.306 3767 3882 W CameraMetadataJV: Expect face scores and rectangles to be non-null
03-17 14:46:26.307 3767 3882 W CameraMetadataJV: Expect face scores and rectangles to be non-null
03-17 14:46:26.377 3767 3991 E OisListener: Null pointer for OIS data. OIS API version: 2
03-17 14:46:26.378 3767 3882 W JankMonitorFacade: PHOTO > result sensor delay = 2.00 > 1.10
03-17 14:46:26.379 3767 3992 W CameraMetadataJV: Expect face scores and rectangles to be non-null
03-17 14:46:26.379 3767 3882 W CameraMetadataJV: Expect face scores and rectangles to be non-null
03-17 14:46:26.379 3767 3882 W CameraMetadataJV: Expect face scores and rectangles to be non-null
03-17 14:46:26.379 3767 3882 W CameraMetadataJV: Expect face scores and rectangles to be non-null
03-17 14:46:26.379 3767 3882 W CameraMetadataJV: Expect face scores and rectangles to be non-null
03-17 14:46:26.379 3767 3882 W CameraMetadataJV: Expect face scores and rectangles to be non-null
03-17 14:46:26.379 3767 3882 W CameraMetadataJV: Expect face scores and rectangles to be non-null
03-17 14:46:26.380 3767 3882 W CameraMetadataJV: Expect face scores and rectangles to be non-null
03-17 14:46:26.399 3767 3991 E OisListener: Null pointer for OIS data. OIS API version: 2
03-17 14:46:26.400 3767 3992 W CameraMetadataJV: Expect face scores and rectangles to be non-null
03-17 14:46:26.400 3767 3882 W JankMonitorFacade: PHOTO > rel Δ(result sensor timestamp) = 0.50 > 0.25
03-17 14:46:26.401 3767 3882 W CameraMetadataJV: Expect face scores and rectangles to be non-null
03-17 14:46:26.401 3767 3882 W CameraMetadataJV: Expect face scores and rectangles to be non-null
03-17 14:46:26.402 3767 3882 W CameraMetadataJV: Expect face scores and rectangles to be non-null
03-17 14:46:26.402 3767 3882 W CameraMetadataJV: Expect face scores and rectangles to be non-null
03-17 14:46:26.402 3767 3882 W CameraMetadataJV: Expect face scores and rectangles to be non-null
03-17 14:46:26.402 3767 3882 W CameraMetadataJV: Expect face scores and rectangles to be non-null
03-17 14:46:26.403 3767 3882 W CameraMetadataJV: Expect face scores and rectangles to be non-null
03-17 14:46:26.409 3767 3838 W CameraMetadataJV: Expect face scores and rectangles to be non-null
03-17 14:46:26.429 3767 3991 E OisListener: Null pointer for OIS data. OIS API version: 2
03-17 14:46:26.429 3767 3882 W CameraMetadataJV: Expect face scores and rectangles to be non-null
03-17 14:46:26.430 3767 3882 W CameraMetadataJV: Expect face scores and rectangles to be non-null
03-17 14:46:26.430 3767 3882 W CameraMetadataJV: Expect face scores and rectangles to be non-null
03-17 14:46:26.430 3767 3882 W CameraMetadataJV: Expect face scores and rectangles to be non-null
03-17 14:46:26.430 3767 3882 W CameraMetadataJV: Expect face scores and rectangles to be non-null
03-17 14:46:26.430 3767 3882 W CameraMetadataJV: Expect face scores and rectangles to be non-null
03-17 14:46:26.431 3767 3882 W CameraMetadataJV: Expect face scores and rectangles to be non-null
03-17 14:46:26.433 3767 3992 W CameraMetadataJV: Expect face scores and rectangles to be non-null
03-17 14:46:26.464 3767 3991 E OisListener: Null pointer for OIS data. OIS API version: 2
03-17 14:46:26.465 3767 3992 W CameraMetadataJV: Expect face scores and rectangles to be non-null
03-17 14:46:26.466 3767 3882 W CameraMetadataJV: Expect face scores and rectangles to be non-null
03-17 14:46:26.466 3767 3882 W CameraMetadataJV: Expect face scores and rectangles to be non-null
03-17 14:46:26.466 3767 3882 W CameraMetadataJV: Expect face scores and rectangles to be non-null
03-17 14:46:26.466 3767 3882 W CameraMetadataJV: Expect face scores and rectangles to be non-null
03-17 14:46:26.466 3767 3882 W CameraMetadataJV: Expect face scores and rectangles to be non-null
03-17 14:46:26.466 3767 3882 W CameraMetadataJV: Expect face scores and rectangles to be non-null
03-17 14:46:26.468 3767 3882 W CameraMetadataJV: Expect face scores and rectangles to be non-null
03-17 14:46:26.516 3767 3767 I ViewRootImpl@b0b9141[CameraActivity]: ViewPostIme pointer 0
03-17 14:46:26.529 3767 3991 E OisListener: Null pointer for OIS data. OIS API version: 2
03-17 14:46:26.529 3767 3882 W JankMonitorFacade: PHOTO > rel Δ(result sensor timestamp) = 1.00 > 0.25
03-17 14:46:26.530 3767 3882 W JankMonitorFacade: PHOTO > result sensor delay = 2.00 > 1.10
03-17 14:46:26.530 3767 3882 W CameraMetadataJV: Expect face scores and rectangles to be non-null
03-17 14:46:26.530 3767 3882 W CameraMetadataJV: Expect face scores and rectangles to be non-null
03-17 14:46:26.530 3767 3882 W CameraMetadataJV: Expect face scores and rectangles to be non-null
03-17 14:46:26.530 3767 3882 W CameraMetadataJV: Expect face scores and rectangles to be non-null
03-17 14:46:26.530 3767 3882 W CameraMetadataJV: Expect face scores and rectangles to be non-null
03-17 14:46:26.530 3767 3882 W CameraMetadataJV: Expect face scores and rectangles to be non-null
03-17 14:46:26.530 3767 3882 W CameraMetadataJV: Expect face scores and rectangles to be non-null
03-17 14:46:26.531 3767 3992 W CameraMetadataJV: Expect face scores and rectangles to be non-null
03-17 14:46:26.572 3767 3767 I ViewRootImpl@b0b9141[CameraActivity]: ViewPostIme pointer 1
03-17 14:46:26.590 3767 3991 E OisListener: Null pointer for OIS data. OIS API version: 2
03-17 14:46:26.590 3767 3882 W JankMonitorFacade: PHOTO > result sensor delay = 2.00 > 1.10
03-17 14:46:26.591 3767 3992 W CameraMetadataJV: Expect face scores and rectangles to be non-null
03-17 14:46:26.591 3767 3882 W CameraMetadataJV: Expect face scores and rectangles to be non-null
03-17 14:46:26.591 3767 3882 W CameraMetadataJV: Expect face scores and rectangles to be non-null
03-17 14:46:26.591 3767 3882 W CameraMetadataJV: Expect face scores and rectangles to be non-null
03-17 14:46:26.591 3767 3882 W CameraMetadataJV: Expect face scores and rectangles to be non-null
03-17 14:46:26.591 3767 3882 W CameraMetadataJV: Expect face scores and rectangles to be non-null
03-17 14:46:26.592 3767 3882 W CameraMetadataJV: Expect face scores and rectangles to be non-null
03-17 14:46:26.592 3767 3882 W CameraMetadataJV: Expect face scores and rectangles to be non-null
03-17 14:46:26.623 3767 3882 W JankMonitorFacade: PHOTO > rel Δ(result sensor timestamp) = 0.50 > 0.25
03-17 14:46:26.623 3767 3882 W CameraMetadataJV: Expect face scores and rectangles to be non-null
03-17 14:46:26.623 3767 3882 W CameraMetadataJV: Expect face scores and rectangles to be non-null
03-17 14:46:26.623 3767 3882 W CameraMetadataJV: Expect face scores and rectangles to be non-null
03-17 14:46:26.623 3767 3882 W CameraMetadataJV: Expect face scores and rectangles to be non-null
03-17 14:46:26.623 3767 3882 W CameraMetadataJV: Expect face scores and rectangles to be non-null
03-17 14:46:26.623 3767 3882 W CameraMetadataJV: Expect face scores and rectangles to be non-null
03-17 14:46:26.623 3767 3882 W CameraMetadataJV: Expect face scores and rectangles to be non-null
03-17 14:46:26.624 3767 3991 E OisListener: Null pointer for OIS data. OIS API version: 2
03-17 14:46:26.624 3767 3992 W CameraMetadataJV: Expect face scores and rectangles to be non-null
03-17 14:46:26.630 3767 3767 W MediaFsQModule: Returning Q MediaFs implementation
03-17 14:46:26.646 3767 3767 I CAM_UsageStats: onCaptureStarted- API2_AUTO_HDR_PLUS 6478813011502
03-17 14:46:26.664 3767 3991 E OisListener: Null pointer for OIS data. OIS API version: 2
03-17 14:46:26.665 3767 3992 W CameraMetadataJV: Expect face scores and rectangles to be non-null
03-17 14:46:26.668 3767 3882 W CameraMetadataJV: Expect face scores and rectangles to be non-null
03-17 14:46:26.668 3767 3882 W CameraMetadataJV: Expect face scores and rectangles to be non-null
03-17 14:46:26.668 3767 3882 W CameraMetadataJV: Expect face scores and rectangles to be non-null
03-17 14:46:26.668 3767 3882 W CameraMetadataJV: Expect face scores and rectangles to be non-null
03-17 14:46:26.668 3767 3882 W CameraMetadataJV: Expect face scores and rectangles to be non-null
03-17 14:46:26.668 3767 3882 W CameraMetadataJV: Expect face scores and rectangles to be non-null
03-17 14:46:26.669 3767 3767 W .android.scan3d: Method void com.google.android.apps.camera.processing.ProcessingService.onDestroy() failed lock verification and will run slower.
03-17 14:46:26.669 3767 3767 W .android.scan3d: Common causes for lock verification issues are non-optimized dex code
03-17 14:46:26.669 3767 3767 W .android.scan3d: and incorrect proguard optimizations.
03-17 14:46:26.669 3767 3882 W CameraMetadataJV: Expect face scores and rectangles to be non-null
03-17 14:46:26.672 3767 3845 W CameraMetadataJV: Expect face scores and rectangles to be non-null
03-17 14:46:26.676 3767 4132 W CameraMetadataJV: Expect face scores and rectangles to be non-null
03-17 14:46:26.691 3767 3767 I CAM_UsageStats: onCaptureStartCommitted- API2_AUTO_HDR_PLUS 6478813011502
03-17 14:46:26.692 3767 3882 W CameraMetadataJV: Expect face scores and rectangles to be non-null
03-17 14:46:26.692 3767 3882 W CameraMetadataJV: Expect face scores and rectangles to be non-null
03-17 14:46:26.692 3767 3882 W CameraMetadataJV: Expect face scores and rectangles to be non-null
03-17 14:46:26.692 3767 3882 W CameraMetadataJV: Expect face scores and rectangles to be non-null
03-17 14:46:26.692 3767 3882 W CameraMetadataJV: Expect face scores and rectangles to be non-null
03-17 14:46:26.692 3767 3882 W CameraMetadataJV: Expect face scores and rectangles to be non-null
03-17 14:46:26.692 3767 3882 W CameraMetadataJV: Expect face scores and rectangles to be non-null
03-17 14:46:26.693 3767 3991 E OisListener: Null pointer for OIS data. OIS API version: 2
03-17 14:46:26.693 3767 3992 W CameraMetadataJV: Expect face scores and rectangles to be non-null
03-17 14:46:26.710 3767 3767 W CAM_SocialShare: CaptureSessionListener.onSessionQueued: type=HDR_PLUS_AUTO uri=camera_session://google.com/46399ea4-2044-48ca-a4fa-abb51fa0d909
03-17 14:46:26.714 3767 4132 W CameraMetadataJV: Expect face scores and rectangles to be non-null
03-17 14:46:26.720 3767 4132 W CameraMetadataJV: Expect face scores and rectangles to be non-null
03-17 14:46:26.723 3767 4132 W CameraMetadataJV: Expect face scores and rectangles to be non-null
03-17 14:46:26.726 3767 4132 W CameraMetadataJV: Expect face scores and rectangles to be non-null
03-17 14:46:26.730 3767 4132 W CameraMetadataJV: Expect face scores and rectangles to be non-null
03-17 14:46:26.733 3767 4132 W CameraMetadataJV: Expect face scores and rectangles to be non-null
03-17 14:46:26.736 3767 4132 W CameraMetadataJV: Expect face scores and rectangles to be non-null
03-17 14:46:26.739 3767 4132 W CameraMetadataJV: Expect face scores and rectangles to be non-null
03-17 14:46:26.742 3767 4132 W CameraMetadataJV: Expect face scores and rectangles to be non-null
03-17 14:46:26.746 3767 4132 W CameraMetadataJV: Expect face scores and rectangles to be non-null
03-17 14:46:26.761 3767 3991 E OisListener: Null pointer for OIS data. OIS API version: 2
03-17 14:46:26.761 3767 3882 W JankMonitorFacade: PHOTO > rel Δ(result sensor timestamp) = 1.00 > 0.25
03-17 14:46:26.761 3767 3992 W CameraMetadataJV: Expect face scores and rectangles to be non-null
03-17 14:46:26.761 3767 3882 W JankMonitorFacade: PHOTO > result sensor delay = 2.00 > 1.10
03-17 14:46:26.761 3767 3882 W CameraMetadataJV: Expect face scores and rectangles to be non-null
03-17 14:46:26.761 3767 3882 W CameraMetadataJV: Expect face scores and rectangles to be non-null
03-17 14:46:26.761 3767 3882 W CameraMetadataJV: Expect face scores and rectangles to be non-null
03-17 14:46:26.761 3767 3882 W CameraMetadataJV: Expect face scores and rectangles to be non-null
03-17 14:46:26.761 3767 3882 W CameraMetadataJV: Expect face scores and rectangles to be non-null
03-17 14:46:26.761 3767 3882 W CameraMetadataJV: Expect face scores and rectangles to be non-null
03-17 14:46:26.761 3767 3882 W CameraMetadataJV: Expect face scores and rectangles to be non-null
03-17 14:46:26.808 3767 3991 E OisListener: Null pointer for OIS data. OIS API version: 2
03-17 14:46:26.809 3767 3992 W CameraMetadataJV: Expect face scores and rectangles to be non-null
03-17 14:46:26.809 3767 3882 W JankMonitorFacade: PHOTO > rel Δ(result sensor timestamp) = 0.50 > 0.25
03-17 14:46:26.809 3767 3882 W CameraMetadataJV: Expect face scores and rectangles to be non-null
