01-01 14:25:54.378 D/ResipVolteHandler( 9342):
registerForDedicatedBearerNotifyEvent:
01-01 14:25:54.378 D/ResipVolteHandler( 9342): registerForCdpnInfoEvent:
01-01 14:25:54.378 D/ResipVolteHandler( 9342): registerForDtmfEvent:
01-01 14:25:54.378 D/ResipVolteHandler( 9342): registerForTextEvent:
01-01 14:25:54.378 D/ResipVolteHandler( 9342): registerForSIPMSGEvent:
01-01 14:25:54.378 D/ResipVolteHandler( 9342): registerForRtpLossRateNoti:
01-01 14:25:54.379 D/NetworkMonitor/NetworkAgentInfo [WIFI_P2P () - 601]( 5689):
mIsSupportAdvancedCaptivePortal is false
01-01 14:25:54.379 D/ImsPhoneStateManager[0](-2)( 9342): registerListener:
01-01 14:25:54.380 D/SupplicantP2pIfaceHal( 5689): entering
p2pSetCmd(discovery_icon, 256)
01-01 14:25:54.380 I/wpa_supplicant( 9139): P2P: Set Samsung Discovery Icon = 256
01-01 14:25:54.380 W/SupplicantP2pIfaceHal( 5689): p2pSetCmd(discovery_icon, 256)
failed: 1 ()
01-01 14:25:54.380 D/SupplicantP2pIfaceHal( 5689): leaving
p2pSetCmd(discovery_icon, 256)
01-01 14:25:54.380 D/SupplicantP2pIfaceHal( 5689): entering
setWpsDeviceName([Phone] Galaxy Note10+)
01-01 14:25:54.380 D/SupplicantP2pIfaceHal( 5689): setWpsDeviceName([Phone] Galaxy
Note10+) completed successfully.
01-01 14:25:54.380 D/SupplicantP2pIfaceHal( 5689): leaving setWpsDeviceName([Phone]
Galaxy Note10+)
01-01 14:25:54.380 D/SupplicantP2pIfaceHal( 5689): entering p2pSetCmd(name_prefix,
)
01-01 14:25:54.380 I/wpa_supplicant( 9139): P2P: Set Samsung Discovery name =
01-01 14:25:54.380 W/SupplicantP2pIfaceHal( 5689): p2pSetCmd(name_prefix, )
failed: 1 ()
01-01 14:25:54.380 D/SupplicantP2pIfaceHal( 5689): leaving
p2pSetCmd(name_prefix, )
01-01 14:25:54.381 D/SupplicantP2pIfaceHal( 5689): entering setWpsDeviceType(10-
0050F204-5)
01-01 14:25:54.381 D/SupplicantP2pIfaceHal( 5689): setWpsDeviceType(10-0050F204-5)
completed successfully.
01-01 14:25:54.381 D/ImsPhoneStateManager<0>( 9342):
registerPhoneStateListenerInternal:
01-01 14:25:54.381 D/SupplicantP2pIfaceHal( 5689): leaving setWpsDeviceType(10-
0050F204-5)
01-01 14:25:54.381 D/SimManager<0>( 9342): Register for sim ready
01-01 14:25:54.381 D/SupplicantP2pIfaceHal( 5689): entering setSsidPostfix(-SM-
N975F)
01-01 14:25:54.381 D/VolteServiceModule( 9342): onEventSimReady<0>
01-01 14:25:54.381 D/SupplicantP2pIfaceHal( 5689): setSsidPostfix(-SM-N975F)
completed successfully.
01-01 14:25:54.381 D/SupplicantP2pIfaceHal( 5689): leaving setSsidPostfix(-SM-
N975F)
01-01 14:25:54.381 D/VolteServiceModule( 9342): phoneId : 0
01-01 14:25:54.381 D/SupplicantP2pIfaceHal( 5689): entering
p2pSetCmd(samsung_discovery, 1)
01-01 14:25:54.381 D/SupplicantP2pIfaceHal( 5689): p2pSetCmd(samsung_discovery, 1)
completed successfully.
01-01 14:25:54.381 D/SupplicantP2pIfaceHal( 5689): leaving
p2pSetCmd(samsung_discovery, 1)
01-01 14:25:54.381 D/SupplicantP2pIfaceHal( 5689): entering
setWpsConfigMethods(virtual_push_button physical_display keypad)
01-01 14:25:54.381 D/SupplicantP2pIfaceHal( 5689):
setWpsConfigMethods(virtual_push_button physical_display keypad) completed
successfully.
01-01 14:25:54.381 D/SupplicantP2pIfaceHal( 5689): leaving
setWpsConfigMethods(virtual_push_button physical_display keypad)
01-01 14:25:54.382 D/SupplicantP2pIfaceHal( 5689): entering p2pSetCmd(fw_invite, 1)
01-01 14:25:54.382 D/SupplicantP2pIfaceHal( 5689): p2pSetCmd(fw_invite, 1)
completed successfully.
01-01 14:25:54.382 D/SupplicantP2pIfaceHal( 5689): leaving p2pSetCmd(fw_invite, 1)
01-01 14:25:54.382 D/SupplicantP2pIfaceHal( 5689): entering p2pSetCmd(static_ip,
192.168.49.10)
01-01 14:25:54.382 D/SupplicantP2pIfaceHal( 5689): p2pSetCmd(static_ip,
192.168.49.10) completed successfully.
01-01 14:25:54.382 D/SupplicantP2pIfaceHal( 5689): leaving p2pSetCmd(static_ip,
192.168.49.10)
01-01 14:25:54.382 D/SupplicantP2pIfaceHal( 5689): entering getDeviceAddress()
01-01 14:25:54.382 D/SupplicantP2pIfaceHal( 5689): getDeviceAddress() completed
successfully.
01-01 14:25:54.382 D/SupplicantP2pIfaceHal( 5689): leaving getDeviceAddress() with
result = 8e:b8:4a:99:0b:e4
01-01 14:25:54.383 D/SupplicantP2pIfaceHal( 5689): entering flush()
01-01 14:25:54.383 D/SupplicantP2pIfaceHal( 5689): flush() completed successfully.
01-01 14:25:54.383 D/SupplicantP2pIfaceHal( 5689): leaving flush()
01-01 14:25:54.383 D/ImsUtil<0>( 9342): preferred_rtt_mode : 0
01-01 14:25:54.383 D/SupplicantP2pIfaceHal( 5689): entering serviceFlush()
01-01 14:25:54.383 D/VolteServiceModule( 9342): setRttMode: 0 -> 0
01-01 14:25:54.383 D/VolteServiceModule( 9342): setRttMode: RTT registration is
skiped because the call session exist.
01-01 14:25:54.383 D/SupplicantP2pIfaceHal( 5689): serviceFlush() completed
successfully.
01-01 14:25:54.383 E/VolteServiceModule( 9342): setRttMode: not updating sessions
01-01 14:25:54.383 D/SupplicantP2pIfaceHal( 5689): leaving serviceFlush()
01-01 14:25:54.383 D/SupplicantP2pIfaceHal( 5689): entering listNetworks()
01-01 14:25:54.383 D/SupplicantP2pIfaceHal( 5689): listNetworks() completed
successfully.
01-01 14:25:54.383 D/SupplicantP2pIfaceHal( 5689): leaving listNetworks() with
result = []
01-01 14:25:54.383 D/SupplicantP2pIfaceHal( 5689): entering saveConfig()
01-01 14:25:54.384 D/SupplicantP2pIfaceHal( 5689): saveConfig() completed
successfully.
01-01 14:25:54.384 D/SupplicantP2pIfaceHal( 5689): leaving saveConfig()
01-01 14:25:54.386 D/VolteServiceModule( 9342): tryConnectEpdgManager
01-01 14:25:54.387 D/EPDG_Manager( 9342): connectService() on
com.sec.epdg.EpdgManager@99976f5
01-01 14:25:54.387 I/OggExtractor( 5750): ~OggExtractor ++
01-01 14:25:54.387 I/OggExtractor( 5750): ~MyOggExtractor ++
01-01 14:25:54.387 I/OggExtractor( 5750): ~MyOggExtractor --
01-01 14:25:54.387 I/OggExtractor( 5750): ~OggExtractor --
01-01 14:25:54.388 D/VolteServiceModule( 9342): VolteServiceModule created
01-01 14:25:54.388 D/VowifiConfig( 9342): Read Vowifi Setting (0) :wifi_call_enable
(0)
01-01 14:25:54.389 D/SimManagerFactory( 9342): getSimSlotPriority: No DDS simslot.
01-01 14:25:54.389 I/bt_userial_vendor( 5428): userial vendor open: opening
/dev/ttySAC1
01-01 14:25:54.389 D/DeviceConfigManager[0]( 9342): queryImsSwitch: name mmtel
01-01 14:25:54.390 D/DeviceConfigManager[0]( 9342): read from DB :
content://com.samsung.rcs.dmconfigurationprovider/omadm/./3GPP_IMS/VOLTE_ENABLED
01-01 14:25:54.390 D/DmConfigHelper( 9342): readBool(mmtel) from
omadm/./3GPP_IMS/VOLTE_ENABLED: [1]
01-01 14:25:54.391 I/bt_userial_vendor( 5428): userial_vendor_open():UART is setup
01-01 14:25:54.391 I/bt_userial_vendor( 5428): device fd = 6 open
01-01 14:25:54.391 D/DeviceConfigManager[0]( 9342): queryImsSwitch: name mmtel-
video
01-01 14:25:54.391 E/bt_hwcfg( 5428): Start CFG HW, HCI reset
01-01 14:25:54.391 D/DeviceConfigManager[0]( 9342): read from DB :
content://com.samsung.rcs.dmconfigurationprovider/omadm/./3GPP_IMS/LVC_ENABLED
01-01 14:25:54.392 D/DmConfigHelper( 9342): readBool(mmtel-video) from
omadm/./3GPP_IMS/LVC_ENABLED: [1]
01-01 14:25:54.392 D/MdecAccountManager( 9342): isMdecEnabled: from cmc version:
2.0
01-01 14:25:54.392 D/MdecAccountManager( 9342): isMdecEnabled: true
01-01 14:25:54.393 D/VolteServiceModule<0>( 9342): unRegisterPhoneStateListener:
01-01 14:25:54.394 D/SimManagerFactory( 9342): subInfo is null. Return 0..
01-01 14:25:54.394 D/VolteServiceModule<0>( 9342): registerPhoneStateListener:
01-01 14:25:54.398 D/SimManagerFactory( 9342): getSimSlotPriority: No DDS simslot.
01-01 14:25:54.400 D/SimManagerFactory( 9342): subInfo is null. Return 0..
01-01 14:25:54.400 E/bt_hwcfg( 5428): Read Local Name after HCI reset
01-01 14:25:54.401 D/IshTranslation( 9342): Create IshTranslation
01-01 14:25:54.403 I/OggExtractor( 5750): ~OggExtractor ++
01-01 14:25:54.403 I/OggExtractor( 5750): ~MyOggExtractor ++
01-01 14:25:54.403 I/OggExtractor( 5750): ~MyOggExtractor --
01-01 14:25:54.403 I/OggExtractor( 5750): ~OggExtractor --
01-01 14:25:54.404 D/SimManagerFactory( 9342): getSimSlotPriority: No DDS simslot.
01-01 14:25:54.405 D/SimManagerFactory( 9342): subInfo is null. Return 0..
01-01 14:25:54.405 D/VshTranslation( 9342): Create VshTranslation
01-01 14:25:54.406 D/WallpaperManager( 8882): checkDeviceDensity deviceRotation=0
deviceHeight=2280 deviceWidth=1080 bitmapHeight=3040 bitmapWidth=1440
01-01 14:25:54.408 D/SimManagerFactory( 9342): getSimSlotPriority: No DDS simslot.
01-01 14:25:54.409 D/SimManagerFactory( 9342): subInfo is null. Return 0..
01-01 14:25:54.409 I/TapiServiceManager( 9342): create TapiServiceManager
01-01 14:25:54.409 I/TapiServiceManager( 9342): createTapiServices
isSupportTapi=false
01-01 14:25:54.412 D/SimManagerFactory( 9342): getSimSlotPriority: No DDS simslot.
01-01 14:25:54.413 D/SimManagerFactory( 9342): subInfo is null. Return 0..
01-01 14:25:54.413 I/OggExtractor( 5750): ~OggExtractor ++
01-01 14:25:54.414 I/OggExtractor( 5750): ~MyOggExtractor ++
01-01 14:25:54.414 I/OggExtractor( 5750): ~MyOggExtractor --
01-01 14:25:54.414 I/OggExtractor( 5750): ~OggExtractor --
01-01 14:25:54.414 D/ResipRawSipHandler( 9342): registerForSipDialogEvent
01-01 14:25:54.419 D/WallpaperManager( 8882): resize scale down.:0.75
01-01 14:25:54.419 I/ImageWallpaper( 8882): onPostExecute: current which = 1
01-01 14:25:54.419 D/ImageWallpaper( 8882): updateBitmap
01-01 14:25:54.419 D/SimManagerFactory( 9342): getSimSlotPriority: No DDS simslot.
01-01 14:25:54.419 D/WallpaperManagerService( 5689): start getWallpaperHintInArea
which = 1 , useCache = true
01-01 14:25:54.419 D/WallpaperManagerService( 5689): generateResizedBitmap which =
1 type = 0
01-01 14:25:54.419 D/WallpaperManagerService( 5689): generateResizedBitmap file is
null, (which = 1) so create Operator wallpaper bitmap
01-01 14:25:54.419 D/WallpaperManagerService( 5689): getDefaultWallpaperBitmap()
01-01 14:25:54.419 D/WallpaperManager( 5689): omc wallpaper return:
/product/omc/COM/res/wallpaper/drawable/default_wallpaper.jpg
01-01 14:25:54.420 D/SimManagerFactory( 9342): subInfo is null. Return 0..
01-01 14:25:54.420 D/SimManager<0>( 9342): Register for sim ready
01-01 14:25:54.421 I/UtServiceModule( 9342): handleMessage 4
01-01 14:25:54.423 D/bt_hwcfg( 5428): Chipset BCM4375B1
01-01 14:25:54.423 D/bt_hwcfg( 5428): Target name = [BCM4375B1]
01-01 14:25:54.423 I/bt_hwcfg( 5428): module_type[semco_sem_e43_cs53].
01-01 14:25:54.424 I/bt_hwcfg( 5428): Found patchfile:
/vendor/firmware/bcm4375B1_semco_sem.hcd
01-01 14:25:54.424 E/bt_hwcfg( 5428): fw ver (org)0.0
01-01 14:25:54.424 E/bt_hwcfg( 5428): Final Patchram is
/vendor/firmware/bcm4375B1_semco_sem.hcd
01-01 14:25:54.425 I/bt_hwcfg( 5428): Axi patch failure or not include AXI patching
01-01 14:25:54.427 I/bt_hwcfg( 5428): bt vendor lib baud_1: set UART baud 4000000
01-01 14:25:54.428 I/OggExtractor( 5750): ~OggExtractor ++
01-01 14:25:54.428 I/OggExtractor( 5750): ~MyOggExtractor ++
01-01 14:25:54.428 I/OggExtractor( 5750): ~MyOggExtractor --
01-01 14:25:54.428 I/OggExtractor( 5750): ~OggExtractor --
01-01 14:25:54.429 D/SimManagerFactory( 9342): getSimSlotPriority: No DDS simslot.
01-01 14:25:54.430 D/SimManagerFactory( 9342): subInfo is null. Return 0..
01-01 14:25:54.430 I/RcsServiceModule( 9342): createRcsServices
01-01 14:25:54.431 D/libperflog( 5689): [PERFMON] perflog_write_log sock = 407
01-01 14:25:54.431 D/libperflog( 5689): [PERFMON] current_write_len = 60
01-01 14:25:54.431 D/libperflog( 5689): [LIBPERFLOG] perflog_write_log sent
logtype=1, pid=0, tid=5689, Slowdispatch took 133ms main
h=android.app.ActivityThread$H
01-01 14:25:54.431 I/SpenGestureManagerService( 5689): Receive broadcast :
android.intent.action.USER_SWITCHED
01-01 14:25:54.431 D/SpenGestureManagerService( 5689): onReceive : User switched
01-01 14:25:54.431 D/SpenGestureManagerService( 5689): onReceive : SPen insertion
state is not detected yet
01-01 14:25:54.431 I/WallpaperColors( 5689): calculateDarkHints end: avg =
0.40503369451569016 , dark = 7314 , max = 623 isStatusBarArea = false
01-01 14:25:54.431 I/WallpaperColors( 5689): calculateDarkHints :
took :8.362384msms 0~12474 of 12474
01-01 14:25:54.432 D/SecVibrator-HAL( 5455): >> writeNode
node:/sys/class/timed_output/vibrator/force_touch_intensity val:10000
01-01 14:25:54.432 D/WallpaperManagerService( 5689): extractColors end which = 2
01-01 14:25:54.432 D/WallpaperManagerService( 5689): start getWallpaperHintInArea
which = 2 , useCache = false
01-01 14:25:54.433 D/SecVibrator-HAL( 5455): << writeNode node OK
01-01 14:25:54.434 I/WallpaperManagerService( 5689): getWallpaperHintsInArea: start
useOldWallpaperColorCheckRange: false
01-01 14:25:54.434 D/WallpaperManagerService( 5689): resizedRect start rect =
Rect(0, 0 - 1080, 524) bitmap width = 440 , height = 928
01-01 14:25:54.434 D/WallpaperManagerService( 5689): resizedRect end new rect =
Rect(0, 0 - 440, 213)
01-01 14:25:54.435 E/RegiObsMgr( 9342): onChange:
content://settings/system/voicecall_type => match [0]
01-01 14:25:54.435 D/MotionRecognitionService( 5689): mReceiver.onReceive :
ACTION_POWER_DISCONNECTED
01-01 14:25:54.435 D/MotionRecognitionService( 5689): mCableConnection= 0
01-01 14:25:54.435 D/RestrictionPolicy( 5689):
android.intent.action.ACTION_POWER_DISCONNECTED
01-01 14:25:54.435 D/ImsConstants( 9342): getInt(system/voicecall_type) : -1
01-01 14:25:54.436 D/RegiObsMgr<0>( 9342): onVolteSettingChanged : unknown
01-01 14:25:54.436 I/CAE ( 5689): handleMessage(CaPowerManager.java:217) -
POWER_DISCONNECTED
01-01 14:25:54.436 I/MotionRecognitionService( 5689): On Battery, 0
01-01 14:25:54.436 D/MotionRecognitionService( 5689): mCableConnection= 0
01-01 14:25:54.436 E/RegiObsMgr( 9342): onChange:
content://settings/system/videocall_type => match [1]
01-01 14:25:54.436 D/SamsungPhoneWindowManager( 5689): ACTION_BATTERY_CHANGED -
Level :: 100, battStatus :: 3
01-01 14:25:54.436 I/CAE ( 5689):
sendCmdToSensorHub(SensorHubCommManager.java:158) - -76, 13, -41, 0,
01-01 14:25:54.437 D/ImsConstants( 9342): getInt(system/videocall_type) : -1
01-01 14:25:54.437 D/SensorService( 5689): setSContextDataLocked ints length 2 ,
byte length 4
01-01 14:25:54.437 D/SensorService( 5689): setSContextDataLocked d70db4
01-01 14:25:54.437 D/RegiObsMgr<0>( 9342): onVilteSettingChanged : unknown
01-01 14:25:54.437 D/Sensors ( 5444): poll_inject_sensor_data
01-01 14:25:54.437 D/Sensors ( 5444): b4 0d d7 00
01-01 14:25:54.437 E/Sensors ( 5444): inject_scontext_data: New
ssp_data_injection_fd(30)
01-01 14:25:54.437 D/Sensors ( 5444): SContext Data Injection return 4
01-01 14:25:54.437 D/ServiceModuleManager( 9342): getBinder for options
01-01 14:25:54.437 D/CapabilityDiscModule( 9342): isDualIMS : false
01-01 14:25:54.437 D/CapabilityDiscModule( 9342): mAvailablePhoneId : 0
01-01 14:25:54.437 D/CapabilityDiscModule<0>( 9342): registerListener:
com.sec.internal.ims.rcs.capability.CapabilityServiceImpl$1@95d13d7
01-01 14:25:54.437 D/CapabilityServiceImpl( 9342): onOwnCapabilityChanged:
01-01 14:25:54.437 D/CapabilityServiceImpl( 9342): notifyOwnCapabilityChange
01-01 14:25:54.438 D/ImModule( 9342): init()
01-01 14:25:54.441 D/SEP_UNION_ExclusiveTaskService( 5689): [ExclusiveTask]onChange
selfChange=false uri=content://settings/system/dark_theme
01-01 14:25:54.441 D/SEP_UNION_ExclusiveTaskService( 5689):
[ExclusiveTask]updateTaskStateLocked aFrom=[DarkTheme] state=0 value=0
01-01 14:25:54.442 I/InputMethodManagerService( 5689): Mobile Keyboard changed
to:false
01-01 14:25:54.442 D/NetworkScoreService( 5689): onChange(false,
content://settings/global/network_recommendations_package)
01-01 14:25:54.443 D/NetworkScoreService( 5689): onChange(false,
content://settings/global/network_recommendations_enabled)
01-01 14:25:54.443 I/APM_AudioPolicyManager( 5466): setForceUse() usage 3, config
8, mPhoneState 0
01-01 14:25:54.443 W/APM_AudioPolicyManager( 5466): setForceUse() usage 3, config 8
is already set
01-01 14:25:54.447 D/ImPersister( 9342): ImPersister create
01-01 14:25:54.458 D/ImPersister( 9342): DatabaseHelper onCreate()
01-01 14:25:54.459 D/ImPersister( 9342): createView()
01-01 14:25:54.460 D/ImPersister( 9342): DatabaseHelper onOpen()
01-01 14:25:54.460 D/ImPersister( 9342): closeDB()
01-01 14:25:54.462 D/OptionsModule( 9342): init
01-01 14:25:54.462 I/Sensors ( 5444): lux = 703, CCT = 0, r = 1112, g = 188, b =
280, c = 47, atime = 925, again = 0, time = 81025631831
01-01 14:25:54.462 I/Sensors ( 5444): luminance 128
01-01 14:25:54.463 D/PresenceModule( 9342): init
01-01 14:25:54.464 D/EucModule( 9342): init
01-01 14:25:54.464 D/ResipSmsHandler( 9342): registerForRrcConnectionEvent:
01-01 14:25:54.464 D/EucModule( 9342): handleInit, isMultiSimIms=false
01-01 14:25:54.464 D/EucModule( 9342): ConfigDualIMS is DSDS_SI_DDS
01-01 14:25:54.465 D/EucModule( 9342): Euc phoneId = 0
01-01 14:25:54.465 D/EucModule( 9342): initiateServiceSwitches
01-01 14:25:54.465 D/DeviceConfigManager[0]( 9342): queryImsSwitch: name euc
01-01 14:25:54.465 D/EucModule( 9342): Euc switch = false for phoneId = 0
01-01 14:25:54.465 D/EucModule( 9342): registerForSimReady, phoneId = 0
01-01 14:25:54.465 D/MessagingAppInfoReceiver( 9342): registerReceiver():
com.samsung.android.messaging
01-01 14:25:54.465 D/SimManager<0>( 9342): Register for sim ready
01-01 14:25:54.465 D/EucModule( 9342): registerForSimRefresh, phoneId = 0
01-01 14:25:54.465 D/EucModule( 9342): initiateSimAvailabilityStatuses
01-01 14:25:54.466 D/DeviceConfigManager[0]( 9342): queryImsSwitch: name
defaultmsgappinuse
01-01 14:25:54.466 I/SmsApplication( 9342): getIncomingUserId() : contextUserId =
0, callingUid = 1000
01-01 14:25:54.467 E/Telephony( 8838): PhoneInterfaceManager: Not getting aid.
Exception ex=java.lang.NullPointerException: Attempt to invoke virtual method
'com.android.internal.telephony.uicc.UiccCardApplication
com.android.internal.telephony.uicc.UiccCard.getApplicationByType(int)' on a null
object reference
01-01 14:25:54.467 D/SimManager<0>( 9342): hasIsim: [false]
01-01 14:25:54.467 D/GlobalSettingsRepoBase<0>( 9342): query:
01-01 14:25:54.468 I/SimManager( 9342): mSimState:ABSENT, mIsimLoaded:false,
hasIsim():false
01-01 14:25:54.468 D/EucModule( 9342): slot=0, isSimAvailable=false
01-01 14:25:54.468 D/EucModule( 9342): notifyOnInit
01-01 14:25:54.471 E/Telephony( 8838): PhoneInterfaceManager: Not getting aid.
Exception ex=java.lang.NullPointerException: Attempt to invoke virtual method
'com.android.internal.telephony.uicc.UiccCardApplication
com.android.internal.telephony.uicc.UiccCard.getApplicationByType(int)' on a null
object reference
01-01 14:25:54.471 D/SimManager<0>( 9342): hasIsim: [false]
01-01 14:25:54.471 D/GlobalSettingsRepoBase<0>( 9342): query:
01-01 14:25:54.472 I/OggExtractor( 5750): ~OggExtractor ++
01-01 14:25:54.472 I/OggExtractor( 5750): ~MyOggExtractor ++
01-01 14:25:54.472 I/OggExtractor( 5750): ~MyOggExtractor --
01-01 14:25:54.472 I/OggExtractor( 5750): ~OggExtractor --
01-01 14:25:54.472 I/SimManager( 9342): mSimState:ABSENT, mIsimLoaded:false,
hasIsim():false
01-01 14:25:54.472 D/EucModule( 9342): handleSimReady, phoneId = 0, isSimAvailable
= false
01-01 14:25:54.472 D/EucModule( 9342): stopConditionally
01-01 14:25:54.472 D/EucModule( 9342): checkConditionsForInternalStop:
mStartInternalCalled=false, couldBeStopped=true
01-01 14:25:54.473 D/ImsServiceSwitchBase[0]( 9342): smsApplication is null check
from Settings : com.samsung.android.messaging
01-01 14:25:54.474 D/ImsServiceSwitchBase[0]( 9342): isDefaultMessageAppInUse :
Result [true] Name [com.samsung.android.messaging]
01-01 14:25:54.474 D/MessagingAppInfoReceiver( 9342): getMessagingAppVersion():
com.samsung.android.messaging - 10.1.00.76
01-01 14:25:54.475 D/SessionModule( 9342): SessionModule init
01-01 14:25:54.475 V/CABModule( 9342): init
01-01 14:25:54.475 D/SimManager<0>( 9342): Register for sim ready
01-01 14:25:54.475 V/CABModule( 9342): onSimReady: isAbsent true
01-01 14:25:54.475 V/CmsModule( 9342): init
01-01 14:25:54.475 D/SimManager<0>( 9342): Register for sim ready
01-01 14:25:54.480 W/InputChannel-JNI( 8882): Input channel object
'NavBarGestureDetector (client)' was finalized without being disposed!
01-01 14:25:54.480 D/InputTransport( 8882): Input channel destroyed: fd=128
01-01 14:25:54.480 D/InputTransport( 5689): Input channel destroyed: fd=495
01-01 14:25:54.482 V/CmsModule( 9342): onSimReady: isAbsent=true
01-01 14:25:54.485 I/OggExtractor( 5750): ~OggExtractor ++
01-01 14:25:54.485 I/OggExtractor( 5750): ~MyOggExtractor ++
01-01 14:25:54.485 I/OggExtractor( 5750): ~MyOggExtractor --
01-01 14:25:54.485 I/OggExtractor( 5750): ~OggExtractor --
01-01 14:25:54.486 D/UtServiceModule<0>( 9342): Init State Machine
01-01 14:25:54.486 E/#IMSCR ( 9342): 01-01 14:25:54 0x31000000:Init
01-01 14:25:54.487 D/UtServiceModule<0>( 9342): Start UtState Machine
01-01 14:25:54.487 I/UtServiceModule( 9342): handleMessage 1
01-01 14:25:54.487 E/#IMSCR ( 9342): 01-01 14:25:54 0x31000004:0,Update Conf
01-01 14:25:54.488 D/CapabilityDiscModule( 9342): init
01-01 14:25:54.489 E/Telephony( 8838): PhoneInterfaceManager: Not getting aid.
Exception ex=java.lang.NullPointerException: Attempt to invoke virtual method
'com.android.internal.telephony.uicc.UiccCardApplication
com.android.internal.telephony.uicc.UiccCard.getApplicationByType(int)' on a null
object reference
01-01 14:25:54.489 D/SimManager<0>( 9342): hasIsim: [false]
01-01 14:25:54.489 D/GlobalSettingsRepoBase<0>( 9342): query:
01-01 14:25:54.489 I/SimManager( 9342): mSimState:ABSENT, mIsimLoaded:false,
hasIsim():false
01-01 14:25:54.492 D/CapabilityStorage( 9342): load
01-01 14:25:54.493 I/WallpaperColors( 5689): calculateDarkHints end: avg =
0.2765536951598351 , dark = 78961 , max = 4686 isStatusBarArea = false
01-01 14:25:54.493 I/WallpaperColors( 5689): calculateDarkHints :
took :59.046616msms 0~93720 of 408320
01-01 14:25:54.493 D/WallpaperManagerService( 5689): getWallpaperHintsInArea:
Region [0] rect = Rect(0, 0 - 440, 213) hint = 0
01-01 14:25:54.493 D/WallpaperManagerService( 5689): resizedRect start rect =
Rect(0, 0 - 1080, 2280) bitmap width = 440 , height = 928
01-01 14:25:54.493 D/WallpaperManagerService( 5689): resizedRect end new rect =
Rect(0, 0 - 440, 928)
01-01 14:25:54.494 D/CapabilityDiscModule( 9342): load last seen active
01-01 14:25:54.494 D/CapabilityDiscModule( 9342): init: last pollTimestamp: 0
01-01 14:25:54.494 D/ServiceModuleManager( 9342): startServiceModules
01-01 14:25:54.494 D/DeviceConfigManager[0]( 9342): queryImsSwitch: name rcs
01-01 14:25:54.494 D/ServiceModuleManager<0>( 9342): RCS enabled: 0
01-01 14:25:54.494 D/DeviceConfigManager[0]( 9342): queryImsSwitch: name im
01-01 14:25:54.494 D/DeviceConfigManager[0]( 9342): queryImsSwitch: name slm
01-01 14:25:54.494 D/DeviceConfigManager[0]( 9342): queryImsSwitch: name ft
01-01 14:25:54.494 D/DeviceConfigManager[0]( 9342): queryImsSwitch: name ft_http
01-01 14:25:54.494 D/DeviceConfigManager[0]( 9342): queryImsSwitch: name im
01-01 14:25:54.494 D/DeviceConfigManager[0]( 9342): queryImsSwitch: name gls
01-01 14:25:54.495 D/DeviceConfigManager[0]( 9342): queryImsSwitch: name options
01-01 14:25:54.495 D/DeviceConfigManager[0]( 9342): read from DB :
content://com.samsung.rcs.dmconfigurationprovider/omadm/./3GPP_IMS/EAB_SETTING
01-01 14:25:54.495 D/DmConfigHelper( 9342): readBool(presence) from
omadm/./3GPP_IMS/EAB_SETTING: [0]
01-01 14:25:54.495 D/DeviceConfigManager[0]( 9342): queryImsSwitch: name presence
01-01 14:25:54.495 D/DeviceConfigManager[0]( 9342): queryImsSwitch: name euc
01-01 14:25:54.495 D/DeviceConfigManager[0]( 9342): queryImsSwitch: name smsip
01-01 14:25:54.495 D/DeviceConfigManager[0]( 9342): queryImsSwitch: name ec
01-01 14:25:54.495 D/DeviceConfigManager[0]( 9342): queryImsSwitch: name cab
01-01 14:25:54.496 D/DeviceConfigManager[0]( 9342): queryImsSwitch: name cms
01-01 14:25:54.496 D/DeviceConfigManager[0]( 9342): queryImsSwitch: name im
01-01 14:25:54.496 D/DeviceConfigManager[0]( 9342): queryImsSwitch: name slm
01-01 14:25:54.496 D/DeviceConfigManager[0]( 9342): queryImsSwitch: name ft
01-01 14:25:54.496 D/DeviceConfigManager[0]( 9342): queryImsSwitch: name ft_http
01-01 14:25:54.496 D/DeviceConfigManager[0]( 9342): read from DB :
content://com.samsung.rcs.dmconfigurationprovider/omadm/./3GPP_IMS/VOLTE_ENABLED
01-01 14:25:54.496 D/DmConfigHelper( 9342): readBool(mmtel) from
omadm/./3GPP_IMS/VOLTE_ENABLED: [1]
01-01 14:25:54.496 D/DeviceConfigManager[0]( 9342): queryImsSwitch: name mmtel
01-01 14:25:54.496 D/ServiceModuleManager( 9342): startServiceModule: Starting
VolteServiceModule module.
01-01 14:25:54.496 D/DeviceConfigManager[0]( 9342): read from DB :
content://com.samsung.rcs.dmconfigurationprovider/omadm/./3GPP_IMS/VOLTE_ENABLED
01-01 14:25:54.497 D/DmConfigHelper( 9342): readBool(mmtel) from
omadm/./3GPP_IMS/VOLTE_ENABLED: [1]
01-01 14:25:54.497 D/DeviceConfigManager[0]( 9342): queryImsSwitch: name mmtel
01-01 14:25:54.497 D/ServiceModuleManager( 9342): startServiceModule: Starting
ImsStatusServiceModule module.
01-01 14:25:54.497 D/DeviceConfigManager[0]( 9342): queryImsSwitch: name is
01-01 14:25:54.497 D/DeviceConfigManager[0]( 9342): queryImsSwitch: name vs
01-01 14:25:54.497 D/DeviceConfigManager[0]( 9342): queryImsSwitch: name im
01-01 14:25:54.497 D/DeviceConfigManager[0]( 9342): queryImsSwitch: name slm
01-01 14:25:54.497 D/DeviceConfigManager[0]( 9342): queryImsSwitch: name ft
01-01 14:25:54.497 D/DeviceConfigManager[0]( 9342): queryImsSwitch: name ft_http
01-01 14:25:54.497 D/DeviceConfigManager[0]( 9342): queryImsSwitch: name options
01-01 14:25:54.497 D/DeviceConfigManager[0]( 9342): read from DB :
content://com.samsung.rcs.dmconfigurationprovider/omadm/./3GPP_IMS/EAB_SETTING
01-01 14:25:54.498 D/DmConfigHelper( 9342): readBool(presence) from
omadm/./3GPP_IMS/EAB_SETTING: [0]
01-01 14:25:54.498 D/DeviceConfigManager[0]( 9342): queryImsSwitch: name presence
01-01 14:25:54.498 D/DeviceConfigManager[0]( 9342): queryImsSwitch: name is
01-01 14:25:54.498 D/DeviceConfigManager[0]( 9342): queryImsSwitch: name vs
01-01 14:25:54.498 D/DeviceConfigManager[0]( 9342): read from DB :
content://com.samsung.rcs.dmconfigurationprovider/omadm/./3GPP_IMS/VOLTE_ENABLED
01-01 14:25:54.498 D/DmConfigHelper( 9342): readBool(mmtel) from
omadm/./3GPP_IMS/VOLTE_ENABLED: [1]
01-01 14:25:54.498 D/DeviceConfigManager[0]( 9342): queryImsSwitch: name mmtel
01-01 14:25:54.498 D/ServiceModuleManager( 9342): startServiceModule: Starting
OpenApiServiceModule module.
01-01 14:25:54.498 D/OpenApiServiceModule( 9342): connectVoLteService
01-01 14:25:54.499 D/OpenApiServiceModule( 9342): connectImsService
01-01 14:25:54.500 D/DeviceConfigManager[0]( 9342): queryImsSwitch: name ss
01-01 14:25:54.500 D/ServiceModuleManager( 9342): startServiceModule: Starting
UtServiceModule module.
01-01 14:25:54.501 D/DeviceConfigManager[0]( 9342): queryImsSwitch: name im
01-01 14:25:54.501 D/DeviceConfigManager[0]( 9342): queryImsSwitch: name slm
01-01 14:25:54.501 D/DeviceConfigManager[0]( 9342): queryImsSwitch: name ft
01-01 14:25:54.501 D/DeviceConfigManager[0]( 9342): queryImsSwitch: name ft_http
01-01 14:25:54.501 D/DeviceConfigManager[0]( 9342): queryImsSwitch: name options
01-01 14:25:54.501 D/DeviceConfigManager[0]( 9342): read from DB :
content://com.samsung.rcs.dmconfigurationprovider/omadm/./3GPP_IMS/EAB_SETTING
01-01 14:25:54.501 D/DmConfigHelper( 9342): readBool(presence) from
omadm/./3GPP_IMS/EAB_SETTING: [0]
01-01 14:25:54.501 D/DeviceConfigManager[0]( 9342): queryImsSwitch: name presence
01-01 14:25:54.502 D/DeviceConfigManager[0]( 9342): queryImsSwitch: name is
01-01 14:25:54.502 D/DeviceConfigManager[0]( 9342): queryImsSwitch: name vs
01-01 14:25:54.502 D/DeviceConfigManager[0]( 9342): queryImsSwitch: name options
01-01 14:25:54.502 D/DeviceConfigManager[0]( 9342): read from DB :
content://com.samsung.rcs.dmconfigurationprovider/omadm/./3GPP_IMS/EAB_SETTING
01-01 14:25:54.502 D/DmConfigHelper( 9342): readBool(presence) from
omadm/./3GPP_IMS/EAB_SETTING: [0]
01-01 14:25:54.502 D/DeviceConfigManager[0]( 9342): queryImsSwitch: name presence
01-01 14:25:54.502 D/DeviceConfigManager[0]( 9342): queryImsSwitch: name lastseen
01-01 14:25:54.502 D/DeviceConfigManager[0]( 9342): queryImsSwitch: name volte
01-01 14:25:54.502 D/ImsServiceSwitchBase[0]( 9342): isVoLteEnabled: true
01-01 14:25:54.502 D/DeviceConfigManager[0]( 9342): queryImsSwitch: name rcs
01-01 14:25:54.502 D/DeviceConfigManager[0]( 9342): queryImsSwitch: name ims
01-01 14:25:54.502 D/ImsServiceSwitchBase[0]( 9342): isVoLteEnabled: true
01-01 14:25:54.503 D/DeviceConfigManager[0]( 9342): queryImsSwitch: name ipme
01-01 14:25:54.503 D/ImsServiceSwitchBase<0>( 9342): isIpmeEnabled: true
01-01 14:25:54.503 D/DeviceConfigManager[0]( 9342): queryImsSwitch: name rcsswitch
01-01 14:25:54.503 D/DeviceConfigManager[0]( 9342): queryImsSwitch: name
videocall_type
01-01 14:25:54.503 D/ImsServiceSwitchBase[0]( 9342): getVideoCallType:
videocall_type_Claro_CO = [-1]
01-01 14:25:54.503 D/DeviceConfigManager[0]( 9342): queryImsSwitch: name
voicecall_type
01-01 14:25:54.503 I/ImsServiceSwitchBase[0]( 9342): getVoiceCallType:
voicecall_type_Claro_CO = [-1]
01-01 14:25:54.503 D/DeviceConfigManager[0]( 9342): queryImsSwitch: name
defaultmsgappinuse
01-01 14:25:54.503 I/SmsApplication( 9342): getIncomingUserId() : contextUserId =
0, callingUid = 1000
01-01 14:25:54.505 I/OggExtractor( 5750): ~OggExtractor ++
01-01 14:25:54.505 I/OggExtractor( 5750): ~MyOggExtractor ++
01-01 14:25:54.505 I/OggExtractor( 5750): ~MyOggExtractor --
01-01 14:25:54.505 I/OggExtractor( 5750): ~OggExtractor --
01-01 14:25:54.506 D/ImsServiceSwitchBase[0]( 9342): smsApplication is null check
from Settings : com.samsung.android.messaging
01-01 14:25:54.506 D/ImsServiceSwitchBase[0]( 9342): isDefaultMessageAppInUse :
Result [true] Name [com.samsung.android.messaging]
01-01 14:25:54.506 D/DeviceConfigManager[0]( 9342): queryImsSwitch: name mmtel
01-01 14:25:54.506 D/DeviceConfigManager[0]( 9342): queryImsSwitch: name mmtel-
video
01-01 14:25:54.506 D/DeviceConfigManager[0]( 9342): queryImsSwitch: name smsip
01-01 14:25:54.506 D/DeviceConfigManager[0]( 9342): queryImsSwitch: name ss
01-01 14:25:54.506 D/DeviceConfigManager[0]( 9342): queryImsSwitch: name cdpn
01-01 14:25:54.506 D/DeviceConfigManager[0]( 9342): queryImsSwitch: name options
01-01 14:25:54.506 D/DeviceConfigManager[0]( 9342): queryImsSwitch: name presence
01-01 14:25:54.506 D/DeviceConfigManager[0]( 9342): queryImsSwitch: name im
01-01 14:25:54.506 D/DeviceConfigManager[0]( 9342): queryImsSwitch: name ft
01-01 14:25:54.506 D/DeviceConfigManager[0]( 9342): queryImsSwitch: name ft_http
01-01 14:25:54.506 D/DeviceConfigManager[0]( 9342): queryImsSwitch: name slm
01-01 14:25:54.506 D/DeviceConfigManager[0]( 9342): queryImsSwitch: name lastseen
01-01 14:25:54.506 D/DeviceConfigManager[0]( 9342): queryImsSwitch: name is
01-01 14:25:54.506 D/DeviceConfigManager[0]( 9342): queryImsSwitch: name vs
01-01 14:25:54.506 D/DeviceConfigManager[0]( 9342): queryImsSwitch: name euc
01-01 14:25:54.506 D/DeviceConfigManager[0]( 9342): queryImsSwitch: name gls
01-01 14:25:54.506 D/DeviceConfigManager[0]( 9342): queryImsSwitch: name profile
01-01 14:25:54.506 D/DeviceConfigManager[0]( 9342): queryImsSwitch: name ec
01-01 14:25:54.506 D/DeviceConfigManager[0]( 9342): queryImsSwitch: name cab
01-01 14:25:54.506 D/DeviceConfigManager[0]( 9342): queryImsSwitch: name cms
01-01 14:25:54.506 D/DeviceConfigManager[0]( 9342): queryImsSwitch: name chatbot-
communication
01-01 14:25:54.509 D/CapabilityStorage( 9342): onCreate: Creating DB.
01-01 14:25:54.510 D/CapabilityStorage( 9342): loading 0 capabilities record.
01-01 14:25:54.510 D/GoogleImsService( 9342): Add GoogleImsService
01-01 14:25:54.512 D/CapabilityStorage( 9342): load done.
01-01 14:25:54.512 D/ImsServiceStub( 9342): Initializting AECModule
01-01 14:25:54.518 D/GeolocationCon( 9342): init
01-01 14:25:54.519 D/ImsServiceStub( 9342): sysBootCompleted=false
01-01 14:25:54.519 D/ImsServiceStub( 9342): registerPackageMgrListener
01-01 14:25:54.521 D/SemImsServiceStub( 9342): Creating SemImsService
01-01 14:25:54.521 D/SemImsServiceStub( 9342): SemImsServiceStub added
01-01 14:25:54.521 D/SemImsServiceStub( 9342): Done.
01-01 14:25:54.521 D/ImsServiceStub( 9342): Done.
01-01 14:25:54.522 D/libperflog( 9342): [PERFMON] perflog_write_log sock = -1
01-01 14:25:54.522 D/libperflog( 9342): [PERFMON] current_write_len = 135
01-01 14:25:54.522 D/libperflog( 9342): [LIBPERFLOG] perflog_write_log sent
logtype=1, pid=0, tid=9342, [LockC] ImsServiceStub/540/Binder.java/-2/boolean
android.os.BinderProxy.transactNative(int, android.os.Parcel, android.os.Parcel,
int)
01-01 14:25:54.522 D/ConfigModule<0>( 9342): hasAcsProfile:
01-01 14:25:54.522 D/ConfigModule<0>( 9342): isRcsEnabledFromSetting:
01-01 14:25:54.522 D/ServiceModuleManager( 9342): notifyConfigured: phoneId 0
01-01 14:25:54.522 D/SmsServiceModule( 9342): onConfigured:
01-01 14:25:54.522 D/VolteServiceModule( 9342): onConfigured:
01-01 14:25:54.522 D/VolteServiceModule( 9342): phoneId : 0
01-01 14:25:54.522 I/ImsServiceBase( 9342): onCreate():
01-01 14:25:54.523 I/ImsService( 9342): onCreate():
01-01 14:25:54.523 I/OggExtractor( 5750): ~OggExtractor ++
01-01 14:25:54.523 I/OggExtractor( 5750): ~MyOggExtractor ++
01-01 14:25:54.523 I/OggExtractor( 5750): ~MyOggExtractor --
01-01 14:25:54.523 I/OggExtractor( 5750): ~OggExtractor --
01-01 14:25:54.523 D/ImsService( 9342): onBind: intent Intent
{ cmp=com.sec.imsservice/com.sec.internal.ims.imsservice.ImsService }
01-01 14:25:54.523 D/DeviceConfigManager[0]( 9342): queryImsSwitch: name mmtel
01-01 14:25:54.524 D/DeviceConfigManager[0]( 9342): read from DB :
content://com.samsung.rcs.dmconfigurationprovider/omadm/./3GPP_IMS/VOLTE_ENABLED
01-01 14:25:54.524 D/semImsManager[0]( 9378): onReceive
com.sec.ims.imsmanager.RESTART
01-01 14:25:54.524 D/legacyImsManager[0]( 9166): onReceive
com.sec.ims.imsmanager.RESTART
01-01 14:25:54.524 D/DmConfigHelper( 9342): readBool(mmtel) from
omadm/./3GPP_IMS/VOLTE_ENABLED: [1]
01-01 14:25:54.525 D/DeviceConfigManager[0]( 9342): queryImsSwitch: name mmtel-
video
01-01 14:25:54.525 D/DeviceConfigManager[0]( 9342): read from DB :
content://com.samsung.rcs.dmconfigurationprovider/omadm/./3GPP_IMS/LVC_ENABLED
01-01 14:25:54.525 D/ImsServiceStub( 9342): Phone binder registered
01-01 14:25:54.525 I/ImsServiceBase( 9342): onCreate():
01-01 14:25:54.525 D/EPDG -- SIM0 [EpdgSubScription]( 9166): ImsManager connected.
01-01 14:25:54.525 D/VolteService( 9342): onCreate
01-01 14:25:54.525 D/VolteService( 9342): onBind:Intent {
cmp=com.sec.imsservice/com.sec.internal.ims.imsservice.VolteService2 }
01-01 14:25:54.526 D/legacyImsManager( 9166): registerPreviousListeners:
mRegListeners:0 mDialogListeners:0 mVideoListeners:0 mImSessionListeners:0
mOngoingFtEventListeners:0 mAutoConfigurationListener:0
mSimMobilityStatusListeners:0
01-01 14:25:54.526 D/DmConfigHelper( 9342): readBool(mmtel-video) from
omadm/./3GPP_IMS/LVC_ENABLED: [1]
01-01 14:25:54.526 D/ServiceModuleManager( 9342): getBinder for mmtel
01-01 14:25:54.526 D/MdecAccountManager( 9342): isMdecEnabled: from cmc version:
2.0
01-01 14:25:54.526 D/legacyImsManager[1]( 9166): onReceive
com.sec.ims.imsmanager.RESTART
01-01 14:25:54.526 D/MdecAccountManager( 9342): isMdecEnabled: true
01-01 14:25:54.526 D/ServiceModuleManager( 9342): notifyConfigured: CDM is not
running, trigger tryRegister
01-01 14:25:54.526 D/semImsManager[0]( 8838): onReceive
com.sec.ims.imsmanager.RESTART
01-01 14:25:54.526 D/WifiMWIPS( 5689): MWIPS on
01-01 14:25:54.526 D/ImsProxy( 9378): onConnected mImsManager, phoneId : 0
01-01 14:25:54.526 D/WifiMWIPS::dm( 5689): MWIPS updateAndProtect
01-01 14:25:54.526 D/WifiMWIPS( 5689): changeConnectionSign 26
01-01 14:25:54.526 I/ImsServiceBase( 9342): onCreate():
01-01 14:25:54.526 D/SmsService( 9342): onCreate
01-01 14:25:54.526 D/SmsService( 9342): onBind:Intent {
cmp=com.sec.imsservice/com.sec.internal.ims.imsservice.SmsService }
01-01 14:25:54.526 E/SupplicantStaIfaceHal( 5689): Can't call updateCurrentBss,
SupplicantStaNetwork is null
01-01 14:25:54.526 D/WifiMWIPS::nw( 5689): Set network event enabling : false to
true
01-01 14:25:54.526 D/WifiMWIPS::nw( 5689): Create internal network event handler
01-01 14:25:54.526 D/ServiceModuleManager( 9342): getBinder for smsip
01-01 14:25:54.527 I/ImsServiceBase( 9342): onCreate():
01-01 14:25:54.527 D/UtService( 9342): onCreate
01-01 14:25:54.527 D/UtService( 9342): onBind:Intent {
cmp=com.sec.imsservice/com.sec.internal.ims.imsservice.UtService }
01-01 14:25:54.527 D/semImsManager( 9378): registerPreviousListeners:
mRegListeners:0
01-01 14:25:54.527 D/ServiceModuleManager( 9342): getBinder for ss
01-01 14:25:54.527 D/RegiMgrBase<0>( 9342): hasLoadedProfile:
01-01 14:25:54.527 D/UriGeneratorProvider( 9342): sim state intent received -
ABSENT
01-01 14:25:54.527 D/UriGeneratorProvider( 9342): onReady: subId=0 absent=true
01-01 14:25:54.528 I/Telephony:SamsungImsManagerInjector( 8838): onConnected
mImsManager, phoneId : 0
01-01 14:25:54.528 D/EntitlementConfigService( 9342): onCreate:
01-01 14:25:54.528 D/semImsManager[0]( 8838): registerImsRegistrationListener
01-01 14:25:54.528 D/EPDG -- SIM1 [EpdgSubScription]( 9166): ImsManager connected.
01-01 14:25:54.528 D/legacyImsManager( 9166): registerPreviousListeners:
mRegListeners:0 mDialogListeners:0 mVideoListeners:0 mImSessionListeners:0
mOngoingFtEventListeners:0 mAutoConfigurationListener:0
mSimMobilityStatusListeners:0
01-01 14:25:54.528 D/WifiMWIPS::nw( 5689): Success: Network event enabled
01-01 14:25:54.529 D/WifiMWIPS::nw( 5689): Paused the network event
01-01 14:25:54.529 D/WifiMWIPS::a( 5689): ARP table check but gateway mac not set
yet
01-01 14:25:54.529 D/WifiMWIPS::a( 5689): no conn
01-01 14:25:54.529 D/SemImsServiceStub<0>( 9342):
SemRegisterImsRegistrationListenerForSlot: phoneId 0
01-01 14:25:54.530 D/ImsServiceStub<0>( 9342): registerImsRegistrationListener:
broadcast = false
01-01 14:25:54.530 D/RegiMgrBase<0>( 9342): getRegistrationInfoByPhoneId: not exist
matched info
01-01 14:25:54.530 D/WifiMWIPS::ds( 5689): Try to start DnsSpoofingDetector
01-01 14:25:54.530 D/semImsManager( 8838): registerPreviousListeners:
mRegListeners:1
01-01 14:25:54.531 D/SemImsServiceStub<0>( 9342):
SemRegisterImsRegistrationListenerForSlot: phoneId 0
01-01 14:25:54.531 D/RegiMgrBase<0>( 9342): getRegistrationInfoByPhoneId: not exist
matched info
01-01 14:25:54.531 D/legacyImsManager[0]( 8838): onReceive
com.sec.ims.imsmanager.RESTART
01-01 14:25:54.532 D/ImsAdaptorImpl( 8838): Connected to ImsManager
01-01 14:25:54.532 D/WifiMWIPS::ds::handler( 5689): mptcp is not supported
01-01 14:25:54.532 D/WifiMWIPS::nw( 5689): Register network event listener
01-01 14:25:54.532 D/WifiMWIPS::ds( 5689): Registration network event handler
success
01-01 14:25:54.533 D/legacyImsManager[0]( 8838): registerImsRegistrationListener
01-01 14:25:54.533 D/ResipRegiMgr<0>( 9342): configure:
01-01 14:25:54.534 D/ImsServiceStub( 9342): registerImsRegistrationListenerForSlot:
phoneId 0
01-01 14:25:54.534 D/ImsServiceStub<0>( 9342): registerImsRegistrationListener:
broadcast = true
01-01 14:25:54.535 D/legacyImsManager( 8838): registerPreviousListeners:
mRegListeners:1 mDialogListeners:0 mVideoListeners:0 mImSessionListeners:0
mOngoingFtEventListeners:0 mAutoConfigurationListener:0
mSimMobilityStatusListeners:0
01-01 14:25:54.535 D/NSDSSimEventManager( 9342): registerForSimEvents: phoneId 0
01-01 14:25:54.535 D/SimManager<0>( 9342): Register for sim ready
01-01 14:25:54.535 D/ImsServiceStub( 9342): registerImsRegistrationListenerForSlot:
phoneId 0
01-01 14:25:54.535 D/ImsServiceStub<0>( 9342): registerImsRegistrationListener:
broadcast = true
01-01 14:25:54.535 D/legacyImsManager[0]( 8838): onReceive
com.sec.ims.imsmanager.RESTART
01-01 14:25:54.535 D/NSDSSimEventManager( 9342): handleMessage:0
01-01 14:25:54.535 D/NSDSSimEventManager[0]( 9342): onEventSimReady:
01-01 14:25:54.536 D/legacyImsManager( 8838): registerPreviousListeners:
mRegListeners:0 mDialogListeners:0 mVideoListeners:0 mImSessionListeners:0
mOngoingFtEventListeners:0 mAutoConfigurationListener:0
mSimMobilityStatusListeners:0
01-01 14:25:54.536 D/EntitlementConfigService( 9342): onBind not supported:
01-01 14:25:54.536 D/ImsAdaptorImpl( 8838): Connected to SmsService.
01-01 14:25:54.536 D/SECIMSJ ( 9342): [0000]> 96
01-01 14:25:54.536 D/[IMS6.0]( 9342): IMS_onResponse()
01-01 14:25:54.536 D/GlobalSettingsRepoBase<0>( 9342): query:
01-01 14:25:54.536 D/StackIF ( 9342): processMessage 2
01-01 14:25:54.536 D/StackIF ( 9342): Processing Response
01-01 14:25:54.536 I/ImsServiceBase( 9342): onCreate():
01-01 14:25:54.536 D/SECIMSJ ( 9342): [0000]< 101
01-01 14:25:54.537 D/StackIF ( 9342): processResponse: reqId 101
01-01 14:25:54.537 D/SmsServiceModule0( 9342): registerForSMSStateChange
01-01 14:25:54.537 D/SmsServiceModule0( 9342): registerForSMSStateChange register
01-01 14:25:54.537 D/CapabilityService( 9342): onCreate
01-01 14:25:54.537 D/StackIF ( 9342): processResponse: handle -1 result 0 reason 0
01-01 14:25:54.537 D/CapabilityService( 9342): onBind:
01-01 14:25:54.537 D/ImsAdaptorImpl( 8838): Connected to VolteService.
01-01 14:25:54.537 D/StackIF[0]( 9342): configSrvcc(): mode: 10
01-01 14:25:54.537 D/SECIMSJ ( 9342): [0001]> 76
01-01 14:25:54.537 D/ImsAdaptorImpl( 8838): Connected to UtService.
01-01 14:25:54.537 D/[IMS6.0]( 9342): IMS_onResponse()
01-01 14:25:54.537 D/StackIF ( 9342): processMessage 2
01-01 14:25:54.537 D/StackIF ( 9342): Processing Response
01-01 14:25:54.537 D/SECIMSJ ( 9342): [0001]< 113
01-01 14:25:54.537 D/StackIF ( 9342): processResponse: reqId 113
01-01 14:25:54.537 D/StackIF ( 9342): processResponse: handle -1 result 0 reason 0
01-01 14:25:54.537 D/ServiceModuleManager( 9342): getBinder for options
01-01 14:25:54.538 I/ImsServiceBase( 9342): onCreate():
01-01 14:25:54.538 D/PresenceService( 9342): onCreate
01-01 14:25:54.538 D/PresenceService( 9342): onBind:
01-01 14:25:54.538 D/NSDSConfigHelper( 9342): User is lock
01-01 14:25:54.539 D/ServiceModuleManager( 9342): getBinder for presence
01-01 14:25:54.539 D/NSDSSimEventManager( 9342): isDeviceReady() User lock
01-01 14:25:54.539 D/EPDG -- EpdgSecChannelCallback( 9166): receive
01-01 14:25:54.539 D/NSDSMultiSimService( 9342): onCreate:
01-01 14:25:54.539 D/EPDG -- EpdgIpcMessageFactory( 9166): ipcMainCmd: 112
01-01 14:25:54.540 D/DeviceConfigManager[0]( 9342): read from DB :
content://com.samsung.rcs.dmconfigurationprovider/omadm/./3GPP_IMS/SMS_FORMAT
01-01 14:25:54.540 D/EPDG -- SIM0 [RILRECEIVER]( 9166): [Rx]: Main: IPC_IIL_CMD
Sub: IPC_IIL_SSAC_INFO
01-01 14:25:54.540 D/EPDG -- SIM0 [RILRECEIVER]( 9166): [Rx]: Param: FF 00 00 FF 00
00
01-01 14:25:54.541 D/EPDG -- [NETIPCMESSAGE]( 9166): decodeIilSsacInfo()
01-01 14:25:54.541 D/RegiMgrBase<0>( 9342): tryRegister:
01-01 14:25:54.541 E/EPDG -- SIM0 [RILRECEIVER]( 9166): Incorrect EpdgIilIpcMessage
IPC Message -- not initialized
01-01 14:25:54.541 D/RegiMgrBase<0>( 9342): pendingHasEmergencyTask:
01-01 14:25:54.541 D/RegiMgrBase<0>( 9342): RegisterTask(s): Nothing!
01-01 14:25:54.542 D/MdecAccountManager( 9342): handleMessage: 3
01-01 14:25:54.542 D/ImsConstants( 9342): getInt(global/cmc_activation) : 0
01-01 14:25:54.542 D/MdecAccountManager( 9342): onStartMdecRegistration: Mdec not
activated
01-01 14:25:54.543 D/EPDG -- [EPDGService]( 9166): com.android.ims.IMS_SERVICE_UP
intent received.
01-01 14:25:54.543 D/EPDG -- [EPDGService]( 9166): Event received: IMS_SERVICE_UP
01-01 14:25:54.543 D/GlobalSettingsRepoBase<0>( 9342): query:
01-01 14:25:54.544 D/NSDSMultiSimService( 9342): FirebaseApp initialization
successful
01-01 14:25:54.544 E/#IMSCR ( 9342): 01-01 14:25:54 0x14070000:FIS
01-01 14:25:54.544 D/EPDG -- [EPDGService]( 9166): ims service up without sim card.
ignore.
01-01 14:25:54.544 D/SimManager<0>( 9342): IsGuestMode = false
01-01 14:25:54.545 I/OggExtractor( 5750): ~OggExtractor ++
01-01 14:25:54.545 E/SimManagerFactory( 9342): subInfoList is null
01-01 14:25:54.545 I/OggExtractor( 5750): ~MyOggExtractor ++
01-01 14:25:54.545 D/EPDG_Manager( 9342): onServiceConnected () ComponentName :
ComponentInfo{com.sec.epdg/com.sec.epdg.EpdgService}
01-01 14:25:54.545 D/EPDG_Manager( 9342): mEpdgConnection onServiceConnected() :
service is connected.
01-01 14:25:54.545 I/OggExtractor( 5750): ~MyOggExtractor --
01-01 14:25:54.545 I/OggExtractor( 5750): ~OggExtractor --
01-01 14:25:54.545 D/PdnController( 9342): getEpdgManager() : mEpdgMgr is
connected.
01-01 14:25:54.545 D/GlobalSettingsRepoBase<0>( 9342): query:
01-01 14:25:54.545 D/EPDG_Manager( 9342): Register ePDG Listener
01-01 14:25:54.545 D/EPDG_Manager( 9342): ePDG Listener (PhoneID 0) : 1
01-01 14:25:54.545 D/ImsExternalCallTracker( 8838): Registering: Handler
(com.android.internal.telephony.imsphone.ImsPhone) {cfde3bb}
01-01 14:25:54.546 D/ConfigModule<0>( 9342): message: 12
01-01 14:25:54.546 D/EPDG -- SIM0 [EpdgSubScription]( 9166): addListener : send
MSG_EPDG_AVAILABILITY like sticky broadcast
01-01 14:25:54.546 D/ConfigModule( 9342): onSimReady:
01-01 14:25:54.546 D/EPDG -- SIM0 [EpdgSubScription]( 9166): addListener : send
MSG_EPDG_REGISTER like stiky broadcast
01-01 14:25:54.546 D/ImsPhoneStateManager<0>( 9342): onServiceStateChanged E
01-01 14:25:54.546 D/PdnController<0>( 9342): onEpdgAvailable : isAvailable :
false wifiState : 0
01-01 14:25:54.546 D/PdnController<0>( 9342): setPendedEPDGWeakSignal
01-01 14:25:54.546 D/SecVideoEngineManager( 9342): Connected
01-01 14:25:54.546 D/DeviceConfigManager[0]( 9342): read from DB :
content://com.samsung.rcs.dmconfigurationprovider/omadm/./3GPP_IMS/
sms_over_ip_network_indication
01-01 14:25:54.546 D/PdnController<0>( 9342): onEpdgRegister
01-01 14:25:54.546 D/PdnController<0>( 9342): notifyEpdgRequest:
01-01 14:25:54.546 D/ResipVshHandler( 9342): sve connected.
01-01 14:25:54.546 D/RegiMgrBase<0>( 9342): onEpdgRegister: cdmaAvailability :
false
01-01 14:25:54.546 D/CapabilityDiscModule( 9342): onCallStateChanged: 0
01-01 14:25:54.546 D/ImsPhoneStateManager<0>( 9342): onServiceStateChanged E
01-01 14:25:54.547 D/EPDG_Manager( 9342): onServiceConnected () ComponentName :
ComponentInfo{com.sec.epdg/com.sec.epdg.EpdgService}
01-01 14:25:54.547 D/EPDG_Manager( 9342): mEpdgConnection onServiceConnected() :
service is connected.
01-01 14:25:54.547 D/VolteServiceModule( 9342): tryConnectEpdgManager : connected.
01-01 14:25:54.547 D/EPDG_Manager( 9342): Register ePDG Listener
01-01 14:25:54.547 D/EPDG_Manager( 9342): ePDG Listener (PhoneID 0) : 1
01-01 14:25:54.547 D/EPDG -- SIM0 [EpdgSubScription]( 9166): addListener : send
MSG_EPDG_AVAILABILITY like sticky broadcast
01-01 14:25:54.547 D/EPDG -- SIM0 [EpdgSubScription]( 9166): addListener : send
MSG_EPDG_REGISTER like stiky broadcast
01-01 14:25:54.547 D/GlobalSettingsRepoBase<0>( 9342): query:
01-01 14:25:54.547 D/VolteServiceModule( 9342): Phone#0 is allow release call false
01-01 14:25:54.548 D/EPDG -- SIM0 [EpdgSubScription]( 9166): setReleaseCallBeforeHO
: false
01-01 14:25:54.548 W/TelecomManager( 8838): Telecom Service not found.
01-01 14:25:54.548 I/ImsService( 9342): onStartCommand(): Received start id 1:
Intent { cmp=com.sec.imsservice/com.sec.internal.ims.imsservice.ImsService }
01-01 14:25:54.549 D/OpenApiServiceModule( 9342): Connected to ImsService.
01-01 14:25:54.550 D/OpenApiServiceModule( 9342): Connected to VolteService.
01-01 14:25:54.550 D/EntitlementConfigProvider( 9342): onServiceConnected:
Connected to EntitlementConfigService.
01-01 14:25:54.550 D/GlobalSettingsRepoBase<0>( 9342): query:
01-01 14:25:54.550 E/TelephonyManagerWrapper( 9342): use backup imsi : null
01-01 14:25:54.550 D/ConfigModule( 9342): changedSimInfo: imsi is set,
01-01 14:25:54.551 D/SimManagerFactory( 9342): getSimSlotPriority: No DDS simslot.
01-01 14:25:54.552 D/SmsServiceModule<0>( 9342): getSmsFallback: false
01-01 14:25:54.552 D/CapabilityProvider( 9342): Connected to
CapabilityDiscoveryService.
01-01 14:25:54.552 D/CapabilityDiscModule( 9342): isDualIMS : false
01-01 14:25:54.552 D/CapabilityDiscModule( 9342): mAvailablePhoneId : 0
01-01 14:25:54.552 D/CapabilityDiscModule<0>( 9342): registerListener:
com.sec.internal.ims.options.CapabilityProvider$1$1@fb9b8af
01-01 14:25:54.552 D/CapabilityProvider( 9342): onOwnCapabilityChanged:
01-01 14:25:54.552 D/CapabilityProvider( 9342): notifyOwnServicesChange
01-01 14:25:54.552 D/SimManagerFactory( 9342): subInfo is null. Return 0..
01-01 14:25:54.552 D/GlobalSettingsRepoBase<0>( 9342): query:
01-01 14:25:54.552 D/GlobalSettingsRepoBase<0>( 9342): query:
01-01 14:25:54.553 D/CapabilityProvider( 9342): notifyInCallServicesChange
01-01 14:25:54.553 D/ConfigModule( 9342): changedSimInfo: not changed
01-01 14:25:54.553 D/PresenceProvider( 9342): Connected to SocialPresenceService.
01-01 14:25:54.553 D/ImsServiceStub( 9342): isRcsEnabled:
01-01 14:25:54.553 D/RcsUriProvider( 9342): Connected.
01-01 14:25:54.553 D/NSDSContentProvider( 9342): onServiceConnected: Connected to
NSDSMultiSimService.
01-01 14:25:54.554 D/ConfigModule<0>( 9342): isValidAcsVersion:
01-01 14:25:54.554 D/ConfigModule( 9342): isRcsEnabled: false isChanged: false
01-01 14:25:54.554 E/#IMSCR ( 9342): 01-01 14:25:54
0x13000008:0,RCSE:false,SIM:false
01-01 14:25:54.554 D/ConfigModule( 9342): mIsReceivedSimRefresh: false
01-01 14:25:54.554 E/ResipMediaHandler( 9342): SVE is not connected ? false
01-01 14:25:54.554 D/ResipMediaHandler( 9342): connectToSve
01-01 14:25:54.554 D/GlobalSettingsRepoBase<0>( 9342): query:
01-01 14:25:54.555 D/SecVideoEngineManager( 9342): Connected
01-01 14:25:54.555 D/ResipMediaHandler( 9342): sve connected.
01-01 14:25:54.555 D/AECLog ( 9342): AECModule<0>: onReceive: ABSENT
01-01 14:25:54.556 D/ImsDiagMonitorNotiMgr( 9342): Package was not installed, check
again #1
01-01 14:25:54.556 I/RegiMgrBase( 9342): handleMessage: OWN_CAPABILITIES_CHANGED
01-01 14:25:54.556 D/GlobalSettingsRepoBase<0>( 9342): query:
01-01 14:25:54.556 I/OggExtractor( 5750): ~OggExtractor ++
01-01 14:25:54.556 I/OggExtractor( 5750): ~MyOggExtractor ++
