03-26 13:22:11.386 I/QC2PipelinedEntity( 1124): pipelineid=101 inputDelay=1
03-26 13:22:11.386 I/QC2PipelineCodec( 1124): capshelpers vectorId 1 outputDelay=1
03-26 13:22:11.386 I/QC2PipelinedEntity( 1124): pipelineid=101 outputDelay=1
03-26 13:22:11.386 I/QC2PipelineCodec( 1124): computeDelays
03-26 13:22:11.386 I/QC2PipelinedEntity( 1124): pipelineid=100 extraAllocation=2
set maxOutputBuffers=4
03-26 13:22:11.386 I/QC2PipelinedEntity( 1124): pipelineid=101 extraAllocation=2
set maxOutputBuffers=3
03-26 13:22:11.386 I/QC2PipelineCodec( 1124): ComputeDelay: iDelay=0 pDelay=0
oDelay=7
03-26 13:22:11.386 I/QC2PipelineCodec( 1124): TotalInputDelay=0 (0)
totalOutputDelay=7 (7)
03-26 13:22:11.386 I/QC2PipelineCodec( 1124): ActualOutputDelayHelper value=7
03-26 13:22:11.386 I/QC2PipelineCodec( 1124): Resolve conflict 92008001 [qti-ext-
dec-forceNonUBWC]
03-26 13:22:11.386 I/QC2PipelineCodec( 1124): Resolve conflict 60000825
[algo.secure-mode]
03-26 13:22:11.386 I/QC2PipelineCodec( 1124): Resolve conflict 4000080e
[input.delay]
03-26 13:22:11.386 I/QC2PipelineCodec( 1124): Dont merge
delay/size/format/framerate params
03-26 13:22:11.386 I/QC2PipelineCodec( 1124): Resolve conflict 9001080c
[output.media-type]
03-26 13:22:11.386 I/QC2PipelineCodec( 1124): Resolve conflict 5000080e
[output.delay]
03-26 13:22:11.386 I/QC2PipelineCodec( 1124): Dont merge
delay/size/format/framerate params
03-26 13:22:11.386 I/QC2PipelineCodec( 1124): Resolve conflict a0000804
[component.kind]
03-26 13:22:11.386 I/QC2PipelineCodec( 1124): Resolve conflict 8001080c
[input.media-type]
03-26 13:22:11.386 I/QC2PipelineCodec( 1124): Resolve conflict a0000805
[component.domain]
03-26 13:22:11.386 I/QC2PipelineCodec( 1124): capsHelper add param=a0009013
03-26 13:22:11.386 I/QC2PipelineCodec( 1124): capsHelper add param=a0009012
03-26 13:22:11.386 I/QC2PipelineCodec( 1124): capsHelper add param=a0009011
03-26 13:22:11.386 I/QC2PipelineCodec( 1124): capsHelper add param=9200c047
03-26 13:22:11.386 I/QC2PipelineCodec( 1124): capsHelper add param=d200c03f
03-26 13:22:11.386 I/QC2PipelineCodec( 1124): capsHelper add param=9200c036
03-26 13:22:11.386 I/QC2PipelineCodec( 1124): capsHelper add param=d200c00e
03-26 13:22:11.386 I/QC2PipelineCodec( 1124): capsHelper add param=5200c012
03-26 13:22:11.386 I/QC2PipelineCodec( 1124): capsHelper add param=8200c042
03-26 13:22:11.386 I/QC2PipelineCodec( 1124): capsHelper add param=a0009010
03-26 13:22:11.386 I/QC2PipelineCodec( 1124): capsHelper add param=d200c000
03-26 13:22:11.386 I/QC2PipelineCodec( 1124): capsHelper add param=92008001
03-26 13:22:11.386 I/QC2PipelineCodec( 1124): capsHelper add param=d200c04a
03-26 13:22:11.386 I/QC2PipelineCodec( 1124): capsHelper add param=d201c00d
03-26 13:22:11.386 I/QC2PipelineCodec( 1124): capsHelper add param=d2008002
03-26 13:22:11.386 I/QC2PipelineCodec( 1124): capsHelper add param=d200c00b
03-26 13:22:11.386 I/QC2PipelineCodec( 1124): capsHelper add param=d200c034
03-26 13:22:11.386 I/QC2PipelineCodec( 1124): capsHelper add param=d200c013
03-26 13:22:11.386 I/QC2PipelineCodec( 1124): capsHelper add param=d200c01b
03-26 13:22:11.386 I/QC2PipelineCodec( 1124): capsHelper add param=c2001809
03-26 13:22:11.386 I/QC2PipelineCodec( 1124): isParamPipelineOwned 5000080e true
03-26 13:22:11.386 I/QC2PipelineCodec( 1124): capsHelper skip param 5000080e
03-26 13:22:11.386 I/QC2PipelineCodec( 1124): capsHelper add param=a0009014
03-26 13:22:11.386 I/QC2PipelineCodec( 1124): isParamPipelineOwned 4000080e true
03-26 13:22:11.386 I/QC2PipelineCodec( 1124): capsHelper skip param 4000080e
03-26 13:22:11.386 I/QC2PipelineCodec( 1124): capsHelper add param=d2001802
03-26 13:22:11.386 I/QC2PipelineCodec( 1124): capsHelper add param=c2000808
03-26 13:22:11.386 I/QC2PipelineCodec( 1124): capsHelper add param=60000824
03-26 13:22:11.386 I/QC2PipelineCodec( 1124): capsHelper add param=a0000801
03-26 13:22:11.386 I/QC2PipelineCodec( 1124): capsHelper add param=d2011811
03-26 13:22:11.386 I/QC2PipelineCodec( 1124): capsHelper add param=60000823
03-26 13:22:11.386 I/QC2PipelineCodec( 1124): capsHelper add param=c2002000
03-26 13:22:11.386 I/QC2PipelineCodec( 1124): capsHelper add param=d2001809
03-26 13:22:11.386 I/QC2PipelineCodec( 1124): capsHelper add param=d200c006
03-26 13:22:11.386 I/QC2PipelineCodec( 1124): capsHelper add param=52002003
03-26 13:22:11.386 I/QC2PipelineCodec( 1124): capsHelper add param=9001080c
03-26 13:22:11.386 I/QC2PipelineCodec( 1124): capsHelper add param=8001080c
03-26 13:22:11.386 I/QC2PipelineCodec( 1124): capsHelper add param=d2001800
03-26 13:22:11.386 I/QC2PipelineCodec( 1124): capsHelper add param=9200081b
03-26 13:22:11.386 I/QC2PipelineCodec( 1124): capsHelper add param=8200c035
03-26 13:22:11.386 I/QC2PipelineCodec( 1124): capsHelper add param=a0000804
03-26 13:22:11.386 I/QC2PipelineCodec( 1124): capsHelper add param=60000825
03-26 13:22:11.386 I/QC2PipelineCodec( 1124): capsHelper add param=5200180b
03-26 13:22:11.386 I/QC2PipelineCodec( 1124): capsHelper add param=d200180a
03-26 13:22:11.386 I/QC2PipelineCodec( 1124): capsHelper add param=d200c007
03-26 13:22:11.386 I/QC2PipelineCodec( 1124): capsHelper add param=d200c00c
03-26 13:22:11.386 I/QC2PipelineCodec( 1124): capsHelper add param=c2001800
03-26 13:22:11.386 I/QC2PipelineCodec( 1124): capsHelper add param=8200081b
03-26 13:22:11.386 I/QC2PipelineCodec( 1124): capsHelper add param=a0000805
03-26 13:22:11.386 I/QC2PipelineCodec( 1124): capsHelper add param=9200c046
03-26 13:22:11.386 I/QC2PipelineCodec( 1124): capsHelper add param=5001081a
03-26 13:22:11.386 I/QC2PipelineCodec( 1124): capsHelper add param=c200081e
03-26 13:22:11.386 I/QC2PipelineCodec( 1124): computeDelays
03-26 13:22:11.386 I/QC2PipelinedEntity( 1124): pipelineid=100 extraAllocation=2
set maxOutputBuffers=4
03-26 13:22:11.386 I/QC2PipelinedEntity( 1124): pipelineid=101 extraAllocation=2
set maxOutputBuffers=3
03-26 13:22:11.386 I/QC2PipelineCodec( 1124): ComputeDelay: iDelay=0 pDelay=0
oDelay=7
03-26 13:22:11.386 I/QC2PipelineCodec( 1124): Delays initialized iDelay=0 pDelay=0
oDelay=7
03-26 13:22:11.386 I/QC2PipelineCodec( 1124): init: end; processing-time=5 ms
03-26 13:22:11.386 I/QC2Registry( 1124): Initialized pipelined Codec for
c2.qti.hevc.decoder
03-26 13:22:11.386 I/QC2PipelineCodec( 1124): getCapsHelpersInternal:
piplinedcodecs size=2
03-26 13:22:11.386 I/StandardCaps( 1124): PixelFormatOutputHelper:
03-26 13:22:11.386 I/StandardCaps( 1124): VENUS_NV12
03-26 13:22:11.386 I/StandardCaps( 1124): VENUS_NV12_UBWC
03-26 13:22:11.386 I/StandardCaps( 1124): VENUS_TP10
03-26 13:22:11.386 I/StandardCaps( 1124): VENUS_P010
03-26 13:22:11.386 I/StandardCaps( 1124): PictureSizeOutputHelper: min [96 96] max
[8192 8192] default [96 96]
03-26 13:22:11.386 I/StandardCaps( 1124): PictureSizeInputHelper: min [96 96] max
[8192 8192] default [96 96]
03-26 13:22:11.386 I/StandardCaps( 1124): MaxPictureSizeOutputHelper: min [96 96]
max [8192 8192] default [96 96]
03-26 13:22:11.386 I/StandardCaps( 1124): FrameRateInputHelper: min 1 max 960 step
0 default 30
03-26 13:22:11.386 I/StandardCaps( 1124): OperatingRateHelper: min 30, max 32767,
step 0, default 30
03-26 13:22:11.386 E/QC2V4l2Caps( 1124): Failed to read platform HDR value
03-26 13:22:11.386 I/StandardCaps( 1124): ProfileLevelInputHelper: Profiles
03-26 13:22:11.386 I/StandardCaps( 1124): HEVC_MAIN
03-26 13:22:11.386 I/StandardCaps( 1124): HEVC_MAIN_STLL
03-26 13:22:11.386 I/StandardCaps( 1124): HEVC_MAIN10
03-26 13:22:11.386 I/StandardCaps( 1124): ProfileLevelInputHelper: Levels
03-26 13:22:11.386 I/StandardCaps( 1124): Main 1.0
03-26 13:22:11.386 I/StandardCaps( 1124): Main 2.0
03-26 13:22:11.386 I/StandardCaps( 1124): Main 2.1
03-26 13:22:11.386 I/StandardCaps( 1124): Main 3.0
03-26 13:22:11.386 I/StandardCaps( 1124): Main 3.1
03-26 13:22:11.386 I/StandardCaps( 1124): Main 4.0
03-26 13:22:11.386 I/StandardCaps( 1124): Main 4.1
03-26 13:22:11.386 I/StandardCaps( 1124): Main 5.0
03-26 13:22:11.386 I/StandardCaps( 1124): Main 5.1
03-26 13:22:11.386 I/StandardCaps( 1124): Main 5.2
03-26 13:22:11.386 I/StandardCaps( 1124): Main 6.0
03-26 13:22:11.386 I/StandardCaps( 1124): Main 6.1
03-26 13:22:11.386 I/StandardCaps( 1124): High 1.0
03-26 13:22:11.386 I/StandardCaps( 1124): High 2.0
03-26 13:22:11.386 I/StandardCaps( 1124): High 2.1
03-26 13:22:11.386 I/StandardCaps( 1124): High 3.0
03-26 13:22:11.386 I/StandardCaps( 1124): High 3.1
03-26 13:22:11.386 I/StandardCaps( 1124): High 4.0
03-26 13:22:11.386 I/StandardCaps( 1124): High 4.1
03-26 13:22:11.386 I/StandardCaps( 1124): High 5.0
03-26 13:22:11.386 I/StandardCaps( 1124): High 5.1
03-26 13:22:11.386 I/StandardCaps( 1124): High 5.2
03-26 13:22:11.386 I/StandardCaps( 1124): High 6.0
03-26 13:22:11.386 I/StandardCaps( 1124): High 6.1
03-26 13:22:11.387 I/VendorCaps( 1124): RenderFrameRateOutputHelper: min 0 max 120
step 30 default 0
03-26 13:22:11.387 I/VendorCaps( 1124): VideoRefreshRateOutputHelper: min 0 max 120
step 1 default 60
03-26 13:22:11.387 I/QC2Filter( 1124): FUNCTION_BEGIN:getCapsHelpers
03-26 13:22:11.387 I/QC2ImageFormatFilter( 1124): FUNCTION_BEGIN:onGetCapsHelpers
03-26 13:22:11.387 I/QC2ImageFormatFilter( 1124): FUNCTION_END:onGetCapsHelpers
TIME=0 ms
03-26 13:22:11.387 I/QC2Filter( 1124): FUNCTION_END:getCapsHelpers TIME=0 ms
03-26 13:22:11.387 I/QC2PipelineCodec( 1124): capshelpers vectorId 0 inputDelay=0
03-26 13:22:11.387 I/QC2PipelinedEntity( 1124): pipelineid=100 inputDelay=0
03-26 13:22:11.387 I/QC2PipelineCodec( 1124): capshelpers vectorId 0 outputDelay=1
03-26 13:22:11.387 I/QC2PipelinedEntity( 1124): pipelineid=100 outputDelay=1
03-26 13:22:11.387 I/QC2PipelineCodec( 1124): capshelpers vectorId 1 inputDelay=1
03-26 13:22:11.387 I/QC2PipelinedEntity( 1124): pipelineid=101 inputDelay=1
03-26 13:22:11.387 I/QC2PipelineCodec( 1124): capshelpers vectorId 1 outputDelay=1
03-26 13:22:11.387 I/QC2PipelinedEntity( 1124): pipelineid=101 outputDelay=1
03-26 13:22:11.387 I/QC2PipelineCodec( 1124): computeDelays
03-26 13:22:11.387 I/QC2PipelinedEntity( 1124): pipelineid=100 extraAllocation=2
set maxOutputBuffers=4
03-26 13:22:11.387 I/QC2PipelinedEntity( 1124): pipelineid=101 extraAllocation=2
set maxOutputBuffers=3
03-26 13:22:11.387 I/QC2PipelineCodec( 1124): ComputeDelay: iDelay=0 pDelay=0
oDelay=7
03-26 13:22:11.387 I/QC2PipelineCodec( 1124): TotalInputDelay=0 (0)
totalOutputDelay=7 (7)
03-26 13:22:11.387 I/QC2PipelineCodec( 1124): ActualOutputDelayHelper value=7
03-26 13:22:11.387 I/QC2PipelineCodec( 1124): Resolve conflict 92008001 [qti-ext-
dec-forceNonUBWC]
03-26 13:22:11.387 I/QC2PipelineCodec( 1124): Resolve conflict 60000825
[algo.secure-mode]
03-26 13:22:11.387 I/QC2PipelineCodec( 1124): Resolve conflict 4000080e
[input.delay]
03-26 13:22:11.387 I/QC2PipelineCodec( 1124): Dont merge
delay/size/format/framerate params
03-26 13:22:11.387 I/QC2PipelineCodec( 1124): Resolve conflict 9001080c
[output.media-type]
03-26 13:22:11.387 I/QC2PipelineCodec( 1124): Resolve conflict 5000080e
[output.delay]
03-26 13:22:11.387 I/QC2PipelineCodec( 1124): Dont merge
delay/size/format/framerate params
03-26 13:22:11.387 I/QC2PipelineCodec( 1124): Resolve conflict a0000804
[component.kind]
03-26 13:22:11.387 I/QC2PipelineCodec( 1124): Resolve conflict 8001080c
[input.media-type]
03-26 13:22:11.387 I/QC2PipelineCodec( 1124): Resolve conflict a0000805
[component.domain]
03-26 13:22:11.387 I/QC2PipelineCodec( 1124): capsHelper add param=a0009013
03-26 13:22:11.387 I/QC2PipelineCodec( 1124): capsHelper add param=a0009012
03-26 13:22:11.387 I/QC2PipelineCodec( 1124): capsHelper add param=a0009011
03-26 13:22:11.387 I/QC2PipelineCodec( 1124): capsHelper add param=9200c047
03-26 13:22:11.387 I/QC2PipelineCodec( 1124): capsHelper add param=d200c03f
03-26 13:22:11.387 I/QC2PipelineCodec( 1124): capsHelper add param=9200c036
03-26 13:22:11.387 I/QC2PipelineCodec( 1124): capsHelper add param=d200c00e
03-26 13:22:11.387 I/QC2PipelineCodec( 1124): capsHelper add param=5200c012
03-26 13:22:11.387 I/QC2PipelineCodec( 1124): capsHelper add param=8200c042
03-26 13:22:11.387 I/QC2PipelineCodec( 1124): capsHelper add param=a0009010
03-26 13:22:11.387 I/QC2PipelineCodec( 1124): capsHelper add param=d200c000
03-26 13:22:11.387 I/QC2PipelineCodec( 1124): capsHelper add param=92008001
03-26 13:22:11.387 I/QC2PipelineCodec( 1124): capsHelper add param=d200c04a
03-26 13:22:11.387 I/QC2PipelineCodec( 1124): capsHelper add param=d201c00d
03-26 13:22:11.387 I/QC2PipelineCodec( 1124): capsHelper add param=d2008002
03-26 13:22:11.387 I/QC2PipelineCodec( 1124): capsHelper add param=d200c00b
03-26 13:22:11.387 I/QC2PipelineCodec( 1124): capsHelper add param=d200c034
03-26 13:22:11.387 I/QC2PipelineCodec( 1124): capsHelper add param=d200c013
03-26 13:22:11.387 I/QC2PipelineCodec( 1124): capsHelper add param=d200c01b
03-26 13:22:11.387 I/QC2PipelineCodec( 1124): capsHelper add param=c2001809
03-26 13:22:11.387 I/QC2PipelineCodec( 1124): isParamPipelineOwned 5000080e true
03-26 13:22:11.387 I/QC2PipelineCodec( 1124): capsHelper skip param 5000080e
03-26 13:22:11.387 I/QC2PipelineCodec( 1124): capsHelper add param=a0009014
03-26 13:22:11.387 I/QC2PipelineCodec( 1124): isParamPipelineOwned 4000080e true
03-26 13:22:11.387 I/QC2PipelineCodec( 1124): capsHelper skip param 4000080e
03-26 13:22:11.387 I/QC2PipelineCodec( 1124): capsHelper add param=d2001802
03-26 13:22:11.387 I/QC2PipelineCodec( 1124): capsHelper add param=c2000808
03-26 13:22:11.387 I/QC2PipelineCodec( 1124): capsHelper add param=60000824
03-26 13:22:11.387 I/QC2PipelineCodec( 1124): capsHelper add param=a0000801
03-26 13:22:11.387 I/QC2PipelineCodec( 1124): capsHelper add param=d2011811
03-26 13:22:11.387 I/QC2PipelineCodec( 1124): capsHelper add param=60000823
03-26 13:22:11.387 I/QC2PipelineCodec( 1124): capsHelper add param=c2002000
03-26 13:22:11.387 I/QC2PipelineCodec( 1124): capsHelper add param=d2001809
03-26 13:22:11.387 I/QC2PipelineCodec( 1124): capsHelper add param=d200c006
03-26 13:22:11.387 I/QC2PipelineCodec( 1124): capsHelper add param=52002003
03-26 13:22:11.387 I/QC2PipelineCodec( 1124): capsHelper add param=9001080c
03-26 13:22:11.387 I/QC2PipelineCodec( 1124): capsHelper add param=8001080c
03-26 13:22:11.387 I/QC2PipelineCodec( 1124): capsHelper add param=d2001800
03-26 13:22:11.387 I/QC2PipelineCodec( 1124): capsHelper add param=9200081b
03-26 13:22:11.387 I/QC2PipelineCodec( 1124): capsHelper add param=8200c035
03-26 13:22:11.387 I/QC2PipelineCodec( 1124): capsHelper add param=a0000804
03-26 13:22:11.387 I/QC2PipelineCodec( 1124): capsHelper add param=60000825
03-26 13:22:11.387 I/QC2PipelineCodec( 1124): capsHelper add param=5200180b
03-26 13:22:11.387 I/QC2PipelineCodec( 1124): capsHelper add param=d200180a
03-26 13:22:11.387 I/QC2PipelineCodec( 1124): capsHelper add param=d200c007
03-26 13:22:11.387 I/QC2PipelineCodec( 1124): capsHelper add param=d200c00c
03-26 13:22:11.387 I/QC2PipelineCodec( 1124): capsHelper add param=c2001800
03-26 13:22:11.387 I/QC2PipelineCodec( 1124): capsHelper add param=8200081b
03-26 13:22:11.387 I/QC2PipelineCodec( 1124): capsHelper add param=a0000805
03-26 13:22:11.387 I/QC2PipelineCodec( 1124): capsHelper add param=9200c046
03-26 13:22:11.387 I/QC2PipelineCodec( 1124): capsHelper add param=5001081a
03-26 13:22:11.387 I/QC2PipelineCodec( 1124): capsHelper add param=c200081e
03-26 13:22:11.387 I/QC2PipelineCodec( 1124): release: begin
03-26 13:22:11.387 I/QC2PipelinedEntity( 1124): pipelinedid=100 release
03-26 13:22:11.388 I/QC2V4l2Driver( 1124): [hevcD_0] Closed device driver with fd:
7
03-26 13:22:11.388 I/QC2PipelinedEntity( 1124): pipelinedid=101 release
03-26 13:22:11.388 I/QC2Filter( 1124): FUNCTION_BEGIN:release
03-26 13:22:11.388 I/QC2Filter( 1124): FUNCTION_END:release TIME=0 ms
03-26 13:22:11.388 I/QC2PipelinedEntity( 1124): pipelineid=101 ~QC2PipelinedEntity
03-26 13:22:11.389 I/QC2PipelinedEntity( 1124): pipelineid=100 ~QC2PipelinedEntity
03-26 13:22:11.390 I/QC2PipelineCodec( 1124): release: end; processing-time=1 ms
03-26 13:22:11.390 I/QC2PipelineCodec( 1124): QC2PipelinedDecoder dtor
03-26 13:22:11.390 I/QC2ImageFormatFilter( 1124):
FUNCTION_BEGIN:~QC2ImageFormatFilter
03-26 13:22:11.390 I/QC2ImageFormatFilter( 1124):
FUNCTION_END:~QC2ImageFormatFilter TIME=0 ms
03-26 13:22:11.390 I/QC2Filter( 1124): FUNCTION_BEGIN:~QC2Filter
03-26 13:22:11.390 I/QC2Filter( 1124): FUNCTION_BEGIN:release
03-26 13:22:11.390 I/QC2Filter( 1124): FUNCTION_END:release TIME=0 ms
03-26 13:22:11.390 I/QC2Filter( 1124): FUNCTION_END:~QC2Filter TIME=0 ms
03-26 13:22:11.391 E/QC2V4l2Driver( 1124): Invalid device driver fd:-1
03-26 13:22:11.391 I/QC2V4l2Driver( 1124): [hevcD_0] Closed device driver with fd:
-1
03-26 13:22:11.391 I/QC2Comp ( 1124): codec capability queried!
03-26 13:22:11.391 I/QC2CompStore( 1124): Added capabilities for
c2.qti.hevc.decoder
03-26 13:22:11.391 D/audio_hw_utils( 1031): audio_extn_utils_open_snd_mixer: retry,
retry_num 1
03-26 13:22:11.392 D/audio_hw_utils( 1031): audio_extn_utils_open_snd_mixer: could
not open mixer for snd_card_num 0
03-26 13:22:11.392 D/audio_hw_utils( 1031): audio_extn_utils_open_snd_mixer: could
not open mixer for snd_card_num 1
03-26 13:22:11.392 D/audio_hw_utils( 1031): audio_extn_utils_open_snd_mixer: could
not open mixer for snd_card_num 2
03-26 13:22:11.392 D/audio_hw_utils( 1031): audio_extn_utils_open_snd_mixer: could
not open mixer for snd_card_num 3
03-26 13:22:11.392 D/audio_hw_utils( 1031): audio_extn_utils_open_snd_mixer: could
not open mixer for snd_card_num 4
03-26 13:22:11.392 D/audio_hw_utils( 1031): audio_extn_utils_open_snd_mixer: could
not open mixer for snd_card_num 5
03-26 13:22:11.392 D/audio_hw_utils( 1031): audio_extn_utils_open_snd_mixer: could
not open mixer for snd_card_num 6
03-26 13:22:11.392 D/audio_hw_utils( 1031): audio_extn_utils_open_snd_mixer: could
not open mixer for snd_card_num 7
03-26 13:22:11.392 I/QC2Registry( 1124): Getting stages for pipelined codec
03-26 13:22:11.392 I/QC2V4l2Codec( 1124): [hevcDLowLat_0] output buffer allocation
timeout threshold set to 1000ms
03-26 13:22:11.392 I/QC2Registry( 1124): Pipelining enabled
03-26 13:22:11.392 I/QC2Registry( 1124): Doesn't support pipelining. Create
standalone codec
03-26 13:22:11.392 I/QC2Registry( 1124): Return standalone codec caps for
c2.qti.hevc.decoder.low_latency
03-26 13:22:11.392 I/QC2V4l2Driver( 1124): [hevcDLowLat_0] Device /dev/video32
opened with fd: 7
03-26 13:22:11.393 I/heimdall( 1209): update_proc_tgid:436, put printf(1359) in
root memcg
03-26 13:22:11.394 I/StandardCaps( 1124): PixelFormatOutputHelper:
03-26 13:22:11.394 I/StandardCaps( 1124): VENUS_NV12
03-26 13:22:11.394 I/StandardCaps( 1124): VENUS_NV12_UBWC
03-26 13:22:11.394 I/StandardCaps( 1124): VENUS_TP10
03-26 13:22:11.394 I/StandardCaps( 1124): VENUS_P010
03-26 13:22:11.394 I/StandardCaps( 1124): PictureSizeOutputHelper: min [96 96] max
[8192 8192] default [96 96]
03-26 13:22:11.394 I/StandardCaps( 1124): PictureSizeInputHelper: min [96 96] max
[8192 8192] default [96 96]
03-26 13:22:11.394 I/StandardCaps( 1124): MaxPictureSizeOutputHelper: min [96 96]
max [8192 8192] default [96 96]
03-26 13:22:11.394 I/StandardCaps( 1124): FrameRateInputHelper: min 1 max 960 step
0 default 30
03-26 13:22:11.394 I/StandardCaps( 1124): OperatingRateHelper: min 30, max 32767,
step 0, default 30
03-26 13:22:11.394 E/QC2V4l2Caps( 1124): Failed to read platform HDR value
03-26 13:22:11.394 I/StandardCaps( 1124): ProfileLevelInputHelper: Profiles
03-26 13:22:11.394 I/StandardCaps( 1124): HEVC_MAIN
03-26 13:22:11.394 I/StandardCaps( 1124): HEVC_MAIN_STLL
03-26 13:22:11.394 I/StandardCaps( 1124): HEVC_MAIN10
03-26 13:22:11.394 I/StandardCaps( 1124): ProfileLevelInputHelper: Levels
03-26 13:22:11.394 I/StandardCaps( 1124): Main 1.0
03-26 13:22:11.394 I/StandardCaps( 1124): Main 2.0
03-26 13:22:11.394 I/StandardCaps( 1124): Main 2.1
03-26 13:22:11.394 I/StandardCaps( 1124): Main 3.0
03-26 13:22:11.394 I/StandardCaps( 1124): Main 3.1
03-26 13:22:11.394 I/StandardCaps( 1124): Main 4.0
03-26 13:22:11.394 I/StandardCaps( 1124): Main 4.1
03-26 13:22:11.394 I/StandardCaps( 1124): Main 5.0
03-26 13:22:11.394 I/StandardCaps( 1124): Main 5.1
03-26 13:22:11.394 I/StandardCaps( 1124): Main 5.2
03-26 13:22:11.394 I/StandardCaps( 1124): Main 6.0
03-26 13:22:11.394 I/StandardCaps( 1124): Main 6.1
03-26 13:22:11.394 I/StandardCaps( 1124): High 1.0
03-26 13:22:11.394 I/StandardCaps( 1124): High 2.0
03-26 13:22:11.394 I/StandardCaps( 1124): High 2.1
03-26 13:22:11.394 I/StandardCaps( 1124): High 3.0
03-26 13:22:11.394 I/StandardCaps( 1124): High 3.1
03-26 13:22:11.394 I/StandardCaps( 1124): High 4.0
03-26 13:22:11.394 I/StandardCaps( 1124): High 4.1
03-26 13:22:11.394 I/StandardCaps( 1124): High 5.0
03-26 13:22:11.394 I/StandardCaps( 1124): High 5.1
03-26 13:22:11.394 I/StandardCaps( 1124): High 5.2
03-26 13:22:11.394 I/StandardCaps( 1124): High 6.0
03-26 13:22:11.394 I/StandardCaps( 1124): High 6.1
03-26 13:22:11.394 I/VendorCaps( 1124): RenderFrameRateOutputHelper: min 0 max 120
step 30 default 0
03-26 13:22:11.394 I/VendorCaps( 1124): VideoRefreshRateOutputHelper: min 0 max 120
step 1 default 60
03-26 13:22:11.398 I/QC2V4l2Driver( 1124): [hevcDLowLat_0] Closed device driver
with fd: 7
03-26 13:22:11.399 E/QC2V4l2Driver( 1124): Invalid device driver fd:-1
03-26 13:22:11.399 I/QC2V4l2Driver( 1124): [hevcDLowLat_0] Closed device driver
with fd: -1
03-26 13:22:11.399 I/QC2Comp ( 1124): codec capability queried!
03-26 13:22:11.399 I/QC2CompStore( 1124): Added capabilities for
c2.qti.hevc.decoder.low_latency
03-26 13:22:11.400 I/QC2Registry( 1124): Getting stages for pipelined codec
03-26 13:22:11.400 I/QC2V4l2Codec( 1124): [hevcDSec_0] output buffer allocation
timeout threshold set to 1000ms
03-26 13:22:11.400 I/QC2Registry( 1124): Pipelining enabled
03-26 13:22:11.400 I/QC2Registry( 1124): Requested codec is pipelined. Create codec
list
03-26 13:22:11.400 I/QC2Registry( 1124): Filter c2.qti.ImageFormat.filter can't be
pipelined
03-26 13:22:11.400 I/QC2Registry( 1124): Created 0 codecs for pipelined codec
c2.qti.hevc.decoder.secure
03-26 13:22:11.400 I/QC2Registry( 1124): Return standalone codec caps for
c2.qti.hevc.decoder.secure
03-26 13:22:11.400 I/QC2V4l2Driver( 1124): [hevcDSec_0] Device /dev/video32 opened
with fd: 7
03-26 13:22:11.402 I/StandardCaps( 1124): PixelFormatOutputHelper:
03-26 13:22:11.402 I/StandardCaps( 1124): VENUS_NV12
03-26 13:22:11.402 I/StandardCaps( 1124): VENUS_NV12_UBWC
03-26 13:22:11.402 I/StandardCaps( 1124): VENUS_TP10
03-26 13:22:11.402 I/StandardCaps( 1124): VENUS_P010
03-26 13:22:11.402 I/StandardCaps( 1124): PictureSizeOutputHelper: min [96 96] max
[8192 8192] default [96 96]
03-26 13:22:11.403 I/StandardCaps( 1124): PictureSizeInputHelper: min [96 96] max
[8192 8192] default [96 96]
03-26 13:22:11.403 I/StandardCaps( 1124): MaxPictureSizeOutputHelper: min [96 96]
max [8192 8192] default [96 96]
03-26 13:22:11.403 I/StandardCaps( 1124): FrameRateInputHelper: min 1 max 960 step
0 default 30
03-26 13:22:11.403 I/StandardCaps( 1124): OperatingRateHelper: min 30, max 32767,
step 0, default 30
03-26 13:22:11.403 E/QC2V4l2Caps( 1124): Failed to read platform HDR value
03-26 13:22:11.403 I/StandardCaps( 1124): ProfileLevelInputHelper: Profiles
03-26 13:22:11.404 I/StandardCaps( 1124): HEVC_MAIN
03-26 13:22:11.404 I/StandardCaps( 1124): HEVC_MAIN_STLL
03-26 13:22:11.404 I/StandardCaps( 1124): HEVC_MAIN10
03-26 13:22:11.404 I/StandardCaps( 1124): ProfileLevelInputHelper: Levels
03-26 13:22:11.404 I/StandardCaps( 1124): Main 1.0
03-26 13:22:11.404 I/StandardCaps( 1124): Main 2.0
03-26 13:22:11.404 I/StandardCaps( 1124): Main 2.1
03-26 13:22:11.404 I/StandardCaps( 1124): Main 3.0
03-26 13:22:11.404 I/StandardCaps( 1124): Main 3.1
03-26 13:22:11.404 I/StandardCaps( 1124): Main 4.0
03-26 13:22:11.404 I/StandardCaps( 1124): Main 4.1
03-26 13:22:11.404 I/StandardCaps( 1124): Main 5.0
03-26 13:22:11.404 I/StandardCaps( 1124): Main 5.1
03-26 13:22:11.404 I/StandardCaps( 1124): Main 5.2
03-26 13:22:11.404 I/StandardCaps( 1124): Main 6.0
03-26 13:22:11.404 I/StandardCaps( 1124): Main 6.1
03-26 13:22:11.404 I/StandardCaps( 1124): High 1.0
03-26 13:22:11.404 I/StandardCaps( 1124): High 2.0
03-26 13:22:11.404 I/StandardCaps( 1124): High 2.1
03-26 13:22:11.404 I/StandardCaps( 1124): High 3.0
03-26 13:22:11.404 I/StandardCaps( 1124): High 3.1
03-26 13:22:11.404 I/StandardCaps( 1124): High 4.0
03-26 13:22:11.404 I/StandardCaps( 1124): High 4.1
03-26 13:22:11.404 I/StandardCaps( 1124): High 5.0
03-26 13:22:11.404 I/StandardCaps( 1124): High 5.1
03-26 13:22:11.404 I/StandardCaps( 1124): High 5.2
03-26 13:22:11.404 I/StandardCaps( 1124): High 6.0
03-26 13:22:11.404 I/StandardCaps( 1124): High 6.1
03-26 13:22:11.405 I/VendorCaps( 1124): RenderFrameRateOutputHelper: min 0 max 120
step 30 default 0
03-26 13:22:11.405 I/VendorCaps( 1124): VideoRefreshRateOutputHelper: min 0 max 120
step 1 default 60
03-26 13:22:11.407 I/QC2V4l2Driver( 1124): [hevcDSec_0] Closed device driver with
fd: 7
03-26 13:22:11.407 E/QC2V4l2Driver( 1124): Invalid device driver fd:-1
03-26 13:22:11.407 I/QC2V4l2Driver( 1124): [hevcDSec_0] Closed device driver with
fd: -1
03-26 13:22:11.407 I/QC2Comp ( 1124): codec capability queried!
03-26 13:22:11.407 I/QC2CompStore( 1124): Added capabilities for
c2.qti.hevc.decoder.secure
03-26 13:22:11.411 I/heimdall( 1209): update_proc_tgid:436, put cat(1362) in root
memcg
03-26 13:22:11.411 I/QC2Registry( 1124): Getting stages for pipelined codec
03-26 13:22:11.411 I/QC2V4l2Codec( 1124): [vp9D_0] output buffer allocation timeout
threshold set to 1000ms
03-26 13:22:11.411 I/QC2Registry( 1124): Pipelining enabled
03-26 13:22:11.411 I/QC2Registry( 1124): Requested codec is pipelined. Create codec
list
03-26 13:22:11.411 I/QC2Registry( 1124): Interface not provided. Enable by deafault
03-26 13:22:11.411 I/QC2Filter( 1124): FUNCTION_BEGIN:QC2Filter
03-26 13:22:11.411 I/QC2Filter( 1124): FUNCTION_END:QC2Filter TIME=0 ms
03-26 13:22:11.411 I/QC2ImageFormatFilter( 1124):
FUNCTION_BEGIN:QC2ImageFormatFilter
03-26 13:22:11.411 I/QC2ImageFormatFilter( 1124): FUNCTION_END:QC2ImageFormatFilter
TIME=0 ms
03-26 13:22:11.411 I/QC2Registry( 1124): Created 1 codecs for pipelined codec
c2.qti.vp9.decoder
03-26 13:22:11.411 I/QC2PipelineCodec( 1124): ctor: logmask=0x0 pvtlogmask=0x0
03-26 13:22:11.411 I/QC2PipelineCodec( 1124): QC2PipelinedDecoder ctor
03-26 13:22:11.412 I/QC2PipelineCodec( 1124): Created pipelined codec
03-26 13:22:11.412 I/QC2Registry( 1124): Created pipelined Codec for
c2.qti.vp9.decoder
03-26 13:22:11.412 I/QC2PipelineCodec( 1124): init: begin
03-26 13:22:11.412 I/QC2PipelineCodec( 1124): initializeConfiguration for decoder
03-26 13:22:11.412 I/QC2PipelinedEntity( 1124): pipelineid=100 QC2PipelinedEntity
03-26 13:22:11.412 I/QC2PipelinedEntity( 1124): pipelineid=101 QC2PipelinedEntity
03-26 13:22:11.412 I/QC2PipelineCodec( 1124): Init pipelineid=0
03-26 13:22:11.412 I/QC2PipelinedEntity( 1124): pipelineid=100 instantiation
succeeded
03-26 13:22:11.413 I/QC2V4l2Driver( 1124): [vp9D_0] Device /dev/video32 opened with
fd: 7
03-26 13:22:11.419 I/QC2PipelineCodec( 1124): Init pipelineid=0 status=0
03-26 13:22:11.419 I/QC2PipelineCodec( 1124): Init pipelineid=1
03-26 13:22:11.419 I/QC2PipelinedEntity( 1124): pipelineid=101 instantiation
succeeded
03-26 13:22:11.419 I/QC2Filter( 1124): FUNCTION_BEGIN:init
03-26 13:22:11.419 I/QC2Filter( 1124): FUNCTION_BEGIN:handleInit
03-26 13:22:11.419 I/QC2ImageFormatFilter( 1124):
FUNCTION_BEGIN:setFilterOperatingMode
03-26 13:22:11.419 I/QC2ImageFormatFilter( 1124):
FUNCTION_END:setFilterOperatingMode TIME=0 ms
03-26 13:22:11.419 I/QC2ImageFormatFilter( 1124): FUNCTION_BEGIN:onInit
03-26 13:22:11.419 I/QC2ImageFormatFilter( 1124): mCodecName is
c2.qti.ImageFormat.filter session id is 0
03-26 13:22:11.419 I/QC2ImageFormatFilter( 1124): mInputMime is c2.qti.vp9.decoder,
mOutputMime is
03-26 13:22:11.419 I/QC2ImageFormatFilter( 1124): FUNCTION_END:onInit TIME=0 ms
03-26 13:22:11.419 I/QC2Filter( 1124): FUNCTION_END:handleInit TIME=0 ms
03-26 13:22:11.419 I/QC2Filter( 1124): FUNCTION_END:init TIME=0 ms
03-26 13:22:11.419 I/QC2PipelineCodec( 1124): Init pipelineid=1 status=0
03-26 13:22:11.419 I/QC2PipelineCodec( 1124): getCapsHelpers internal
03-26 13:22:11.419 I/QC2PipelineCodec( 1124): getCapsHelpersInternal:
piplinedcodecs size=2
03-26 13:22:11.419 I/StandardCaps( 1124): PixelFormatOutputHelper:
03-26 13:22:11.419 I/StandardCaps( 1124): VENUS_NV12
03-26 13:22:11.419 I/StandardCaps( 1124): VENUS_NV12_UBWC
03-26 13:22:11.419 I/StandardCaps( 1124): VENUS_TP10
03-26 13:22:11.419 I/StandardCaps( 1124): VENUS_P010
03-26 13:22:11.419 I/StandardCaps( 1124): PictureSizeOutputHelper: min [96 96] max
[4096 4096] default [96 96]
03-26 13:22:11.419 I/StandardCaps( 1124): PictureSizeInputHelper: min [96 96] max
[4096 4096] default [96 96]
03-26 13:22:11.419 I/StandardCaps( 1124): MaxPictureSizeOutputHelper: min [96 96]
max [4096 4096] default [96 96]
03-26 13:22:11.419 I/StandardCaps( 1124): FrameRateInputHelper: min 1 max 960 step
0 default 30
03-26 13:22:11.419 I/StandardCaps( 1124): OperatingRateHelper: min 30, max 32767,
step 0, default 30
03-26 13:22:11.419 E/QC2V4l2Caps( 1124): Failed to read platform HDR value
03-26 13:22:11.419 E/QC2V4l2Caps( 1124): c2 level not found for v4l2 level 0
03-26 13:22:11.419 I/StandardCaps( 1124): ProfileLevelInputHelper: Profiles
03-26 13:22:11.419 I/StandardCaps( 1124): VP9_PROFILE_0
03-26 13:22:11.419 I/StandardCaps( 1124): VP9_PROFILE_2
03-26 13:22:11.419 I/StandardCaps( 1124): ProfileLevelInputHelper: Levels
03-26 13:22:11.419 I/StandardCaps( 1124): 1.0
03-26 13:22:11.419 I/StandardCaps( 1124): 1.1
03-26 13:22:11.419 I/StandardCaps( 1124): 2.0
03-26 13:22:11.419 I/StandardCaps( 1124): 2.1
03-26 13:22:11.419 I/StandardCaps( 1124): 3.0
03-26 13:22:11.419 I/StandardCaps( 1124): 3.1
03-26 13:22:11.419 I/StandardCaps( 1124): 4.0
03-26 13:22:11.419 I/StandardCaps( 1124): 4.1
03-26 13:22:11.419 I/StandardCaps( 1124): 5.0
03-26 13:22:11.419 I/StandardCaps( 1124): 5.1
03-26 13:22:11.420 I/VendorCaps( 1124): RenderFrameRateOutputHelper: min 0 max 120
step 30 default 0
03-26 13:22:11.420 I/VendorCaps( 1124): VideoRefreshRateOutputHelper: min 0 max 120
step 1 default 60
03-26 13:22:11.420 I/QC2Filter( 1124): FUNCTION_BEGIN:getCapsHelpers
03-26 13:22:11.420 I/QC2ImageFormatFilter( 1124): FUNCTION_BEGIN:onGetCapsHelpers
03-26 13:22:11.420 I/QC2ImageFormatFilter( 1124): FUNCTION_END:onGetCapsHelpers
TIME=0 ms
03-26 13:22:11.420 I/QC2Filter( 1124): FUNCTION_END:getCapsHelpers TIME=0 ms
03-26 13:22:11.420 I/QC2PipelineCodec( 1124): capshelpers vectorId 0 inputDelay=0
03-26 13:22:11.420 I/QC2PipelinedEntity( 1124): pipelineid=100 inputDelay=0
03-26 13:22:11.420 I/QC2PipelineCodec( 1124): capshelpers vectorId 0 outputDelay=1
03-26 13:22:11.420 I/QC2PipelinedEntity( 1124): pipelineid=100 outputDelay=1
03-26 13:22:11.420 I/QC2PipelineCodec( 1124): capshelpers vectorId 1 inputDelay=1
03-26 13:22:11.420 I/QC2PipelinedEntity( 1124): pipelineid=101 inputDelay=1
03-26 13:22:11.420 I/QC2PipelineCodec( 1124): capshelpers vectorId 1 outputDelay=1
03-26 13:22:11.420 I/QC2PipelinedEntity( 1124): pipelineid=101 outputDelay=1
03-26 13:22:11.420 I/QC2PipelineCodec( 1124): computeDelays
03-26 13:22:11.420 I/QC2PipelinedEntity( 1124): pipelineid=100 extraAllocation=2
set maxOutputBuffers=4
03-26 13:22:11.420 I/QC2PipelinedEntity( 1124): pipelineid=101 extraAllocation=2
set maxOutputBuffers=3
03-26 13:22:11.420 I/QC2PipelineCodec( 1124): ComputeDelay: iDelay=0 pDelay=0
oDelay=7
03-26 13:22:11.420 I/QC2PipelineCodec( 1124): TotalInputDelay=0 (0)
totalOutputDelay=7 (7)
03-26 13:22:11.420 I/QC2PipelineCodec( 1124): ActualOutputDelayHelper value=7
03-26 13:22:11.420 I/QC2PipelineCodec( 1124): Resolve conflict 92008001 [qti-ext-
dec-forceNonUBWC]
03-26 13:22:11.420 I/QC2PipelineCodec( 1124): Resolve conflict 60000825
[algo.secure-mode]
03-26 13:22:11.420 I/QC2PipelineCodec( 1124): Resolve conflict 4000080e
[input.delay]
03-26 13:22:11.420 I/QC2PipelineCodec( 1124): Dont merge
delay/size/format/framerate params
03-26 13:22:11.420 I/QC2PipelineCodec( 1124): Resolve conflict 9001080c
[output.media-type]
03-26 13:22:11.420 I/QC2PipelineCodec( 1124): Resolve conflict 5000080e
[output.delay]
03-26 13:22:11.420 I/QC2PipelineCodec( 1124): Dont merge
delay/size/format/framerate params
03-26 13:22:11.420 I/QC2PipelineCodec( 1124): Resolve conflict a0000804
[component.kind]
03-26 13:22:11.420 I/QC2PipelineCodec( 1124): Resolve conflict 8001080c
[input.media-type]
03-26 13:22:11.420 I/QC2PipelineCodec( 1124): Resolve conflict a0000805
[component.domain]
03-26 13:22:11.420 I/QC2PipelineCodec( 1124): capsHelper add param=a0009013
03-26 13:22:11.420 I/QC2PipelineCodec( 1124): capsHelper add param=a0009012
03-26 13:22:11.420 I/QC2PipelineCodec( 1124): capsHelper add param=a0009011
03-26 13:22:11.420 I/QC2PipelineCodec( 1124): capsHelper add param=9200c047
03-26 13:22:11.420 I/QC2PipelineCodec( 1124): capsHelper add param=d200c03f
03-26 13:22:11.420 I/QC2PipelineCodec( 1124): capsHelper add param=9200c036
03-26 13:22:11.420 I/QC2PipelineCodec( 1124): capsHelper add param=d200c00e
03-26 13:22:11.420 I/QC2PipelineCodec( 1124): capsHelper add param=5200c012
03-26 13:22:11.420 I/QC2PipelineCodec( 1124): capsHelper add param=8200c042
03-26 13:22:11.420 I/QC2PipelineCodec( 1124): capsHelper add param=a0009010
03-26 13:22:11.420 I/QC2PipelineCodec( 1124): capsHelper add param=d200c000
03-26 13:22:11.420 I/QC2PipelineCodec( 1124): capsHelper add param=92008001
03-26 13:22:11.420 I/QC2PipelineCodec( 1124): capsHelper add param=d200c04a
03-26 13:22:11.420 I/QC2PipelineCodec( 1124): capsHelper add param=d201c00d
03-26 13:22:11.420 I/QC2PipelineCodec( 1124): capsHelper add param=d2008002
03-26 13:22:11.420 I/QC2PipelineCodec( 1124): capsHelper add param=d200c00b
03-26 13:22:11.420 I/QC2PipelineCodec( 1124): capsHelper add param=d200c034
03-26 13:22:11.420 I/QC2PipelineCodec( 1124): capsHelper add param=d200c013
03-26 13:22:11.420 I/QC2PipelineCodec( 1124): capsHelper add param=d200c01b
03-26 13:22:11.420 I/QC2PipelineCodec( 1124): capsHelper add param=c2001809
03-26 13:22:11.420 I/QC2PipelineCodec( 1124): isParamPipelineOwned 5000080e true
03-26 13:22:11.420 I/QC2PipelineCodec( 1124): capsHelper skip param 5000080e
03-26 13:22:11.420 I/QC2PipelineCodec( 1124): capsHelper add param=a0009014
03-26 13:22:11.420 I/QC2PipelineCodec( 1124): isParamPipelineOwned 4000080e true
03-26 13:22:11.420 I/QC2PipelineCodec( 1124): capsHelper skip param 4000080e
03-26 13:22:11.420 I/QC2PipelineCodec( 1124): capsHelper add param=d2001802
03-26 13:22:11.420 I/QC2PipelineCodec( 1124): capsHelper add param=c2000808
03-26 13:22:11.420 I/QC2PipelineCodec( 1124): capsHelper add param=60000824
03-26 13:22:11.420 I/QC2PipelineCodec( 1124): capsHelper add param=a0000801
03-26 13:22:11.420 I/QC2PipelineCodec( 1124): capsHelper add param=d2011811
03-26 13:22:11.420 I/QC2PipelineCodec( 1124): capsHelper add param=60000823
03-26 13:22:11.420 I/QC2PipelineCodec( 1124): capsHelper add param=c2002000
03-26 13:22:11.420 I/QC2PipelineCodec( 1124): capsHelper add param=d2001809
03-26 13:22:11.420 I/QC2PipelineCodec( 1124): capsHelper add param=d200c006
03-26 13:22:11.420 I/QC2PipelineCodec( 1124): capsHelper add param=52002003
03-26 13:22:11.420 I/QC2PipelineCodec( 1124): capsHelper add param=9001080c
03-26 13:22:11.420 I/QC2PipelineCodec( 1124): capsHelper add param=8001080c
03-26 13:22:11.420 I/QC2PipelineCodec( 1124): capsHelper add param=d2001800
03-26 13:22:11.420 I/QC2PipelineCodec( 1124): capsHelper add param=9200081b
03-26 13:22:11.420 I/QC2PipelineCodec( 1124): capsHelper add param=8200c035
03-26 13:22:11.420 I/QC2PipelineCodec( 1124): capsHelper add param=a0000804
03-26 13:22:11.420 I/QC2PipelineCodec( 1124): capsHelper add param=60000825
03-26 13:22:11.420 I/QC2PipelineCodec( 1124): capsHelper add param=5200180b
03-26 13:22:11.420 I/QC2PipelineCodec( 1124): capsHelper add param=d200180a
03-26 13:22:11.420 I/QC2PipelineCodec( 1124): capsHelper add param=d200c007
03-26 13:22:11.420 I/QC2PipelineCodec( 1124): capsHelper add param=d200c00c
03-26 13:22:11.420 I/QC2PipelineCodec( 1124): capsHelper add param=c2001800
03-26 13:22:11.420 I/QC2PipelineCodec( 1124): capsHelper add param=8200081b
03-26 13:22:11.420 I/QC2PipelineCodec( 1124): capsHelper add param=a0000805
03-26 13:22:11.420 I/QC2PipelineCodec( 1124): capsHelper add param=9200c046
03-26 13:22:11.420 I/QC2PipelineCodec( 1124): capsHelper add param=5001081a
03-26 13:22:11.420 I/QC2PipelineCodec( 1124): capsHelper add param=c200081e
03-26 13:22:11.420 I/QC2PipelineCodec( 1124): computeDelays
03-26 13:22:11.420 I/QC2PipelinedEntity( 1124): pipelineid=100 extraAllocation=2
set maxOutputBuffers=4
03-26 13:22:11.420 I/QC2PipelinedEntity( 1124): pipelineid=101 extraAllocation=2
set maxOutputBuffers=3
03-26 13:22:11.420 I/QC2PipelineCodec( 1124): ComputeDelay: iDelay=0 pDelay=0
oDelay=7
03-26 13:22:11.420 I/QC2PipelineCodec( 1124): Delays initialized iDelay=0 pDelay=0
oDelay=7
03-26 13:22:11.420 I/QC2PipelineCodec( 1124): init: end; processing-time=8 ms
03-26 13:22:11.420 I/QC2Registry( 1124): Initialized pipelined Codec for
c2.qti.vp9.decoder
03-26 13:22:11.420 I/QC2PipelineCodec( 1124): getCapsHelpersInternal:
piplinedcodecs size=2
03-26 13:22:11.420 I/StandardCaps( 1124): PixelFormatOutputHelper:
03-26 13:22:11.420 I/StandardCaps( 1124): VENUS_NV12
03-26 13:22:11.420 I/StandardCaps( 1124): VENUS_NV12_UBWC
03-26 13:22:11.420 I/StandardCaps( 1124): VENUS_TP10
03-26 13:22:11.420 I/StandardCaps( 1124): VENUS_P010
03-26 13:22:11.420 I/StandardCaps( 1124): PictureSizeOutputHelper: min [96 96] max
[4096 4096] default [96 96]
03-26 13:22:11.420 I/StandardCaps( 1124): PictureSizeInputHelper: min [96 96] max
[4096 4096] default [96 96]
03-26 13:22:11.420 I/StandardCaps( 1124): MaxPictureSizeOutputHelper: min [96 96]
max [4096 4096] default [96 96]
03-26 13:22:11.420 I/StandardCaps( 1124): FrameRateInputHelper: min 1 max 960 step
0 default 30
03-26 13:22:11.420 I/StandardCaps( 1124): OperatingRateHelper: min 30, max 32767,
step 0, default 30
03-26 13:22:11.420 E/QC2V4l2Caps( 1124): Failed to read platform HDR value
03-26 13:22:11.420 E/QC2V4l2Caps( 1124): c2 level not found for v4l2 level 0
03-26 13:22:11.421 I/StandardCaps( 1124): ProfileLevelInputHelper: Profiles
03-26 13:22:11.421 I/StandardCaps( 1124): VP9_PROFILE_0
03-26 13:22:11.421 I/StandardCaps( 1124): VP9_PROFILE_2
03-26 13:22:11.421 I/StandardCaps( 1124): ProfileLevelInputHelper: Levels
03-26 13:22:11.421 I/StandardCaps( 1124): 1.0
03-26 13:22:11.421 I/StandardCaps( 1124): 1.1
03-26 13:22:11.421 I/StandardCaps( 1124): 2.0
03-26 13:22:11.421 I/StandardCaps( 1124): 2.1
03-26 13:22:11.421 I/StandardCaps( 1124): 3.0
03-26 13:22:11.421 I/StandardCaps( 1124): 3.1
03-26 13:22:11.421 I/StandardCaps( 1124): 4.0
03-26 13:22:11.421 I/StandardCaps( 1124): 4.1
03-26 13:22:11.421 I/StandardCaps( 1124): 5.0
03-26 13:22:11.421 I/StandardCaps( 1124): 5.1
03-26 13:22:11.421 I/VendorCaps( 1124): RenderFrameRateOutputHelper: min 0 max 120
step 30 default 0
03-26 13:22:11.421 I/VendorCaps( 1124): VideoRefreshRateOutputHelper: min 0 max 120
step 1 default 60
03-26 13:22:11.421 I/QC2Filter( 1124): FUNCTION_BEGIN:getCapsHelpers
03-26 13:22:11.421 I/QC2ImageFormatFilter( 1124): FUNCTION_BEGIN:onGetCapsHelpers
03-26 13:22:11.421 I/QC2ImageFormatFilter( 1124): FUNCTION_END:onGetCapsHelpers
TIME=0 ms
03-26 13:22:11.421 I/QC2Filter( 1124): FUNCTION_END:getCapsHelpers TIME=0 ms
03-26 13:22:11.421 I/QC2PipelineCodec( 1124): capshelpers vectorId 0 inputDelay=0
03-26 13:22:11.421 I/QC2PipelinedEntity( 1124): pipelineid=100 inputDelay=0
03-26 13:22:11.421 I/QC2PipelineCodec( 1124): capshelpers vectorId 0 outputDelay=1
03-26 13:22:11.421 I/QC2PipelinedEntity( 1124): pipelineid=100 outputDelay=1
03-26 13:22:11.421 I/QC2PipelineCodec( 1124): capshelpers vectorId 1 inputDelay=1
03-26 13:22:11.421 I/QC2PipelinedEntity( 1124): pipelineid=101 inputDelay=1
03-26 13:22:11.421 I/QC2PipelineCodec( 1124): capshelpers vectorId 1 outputDelay=1
03-26 13:22:11.421 I/QC2PipelinedEntity( 1124): pipelineid=101 outputDelay=1
03-26 13:22:11.421 I/QC2PipelineCodec( 1124): computeDelays
03-26 13:22:11.421 I/QC2PipelinedEntity( 1124): pipelineid=100 extraAllocation=2
set maxOutputBuffers=4
03-26 13:22:11.421 I/QC2PipelinedEntity( 1124): pipelineid=101 extraAllocation=2
set maxOutputBuffers=3
03-26 13:22:11.421 I/QC2PipelineCodec( 1124): ComputeDelay: iDelay=0 pDelay=0
oDelay=7
03-26 13:22:11.421 I/QC2PipelineCodec( 1124): TotalInputDelay=0 (0)
totalOutputDelay=7 (7)
03-26 13:22:11.421 I/QC2PipelineCodec( 1124): ActualOutputDelayHelper value=7
03-26 13:22:11.421 I/QC2PipelineCodec( 1124): Resolve conflict 92008001 [qti-ext-
dec-forceNonUBWC]
03-26 13:22:11.421 I/QC2PipelineCodec( 1124): Resolve conflict 60000825
[algo.secure-mode]
03-26 13:22:11.421 I/QC2PipelineCodec( 1124): Resolve conflict 4000080e
[input.delay]
03-26 13:22:11.421 I/QC2PipelineCodec( 1124): Dont merge
delay/size/format/framerate params
03-26 13:22:11.421 I/QC2PipelineCodec( 1124): Resolve conflict 9001080c
[output.media-type]
03-26 13:22:11.421 I/QC2PipelineCodec( 1124): Resolve conflict 5000080e
[output.delay]
03-26 13:22:11.421 I/QC2PipelineCodec( 1124): Dont merge
delay/size/format/framerate params
03-26 13:22:11.421 I/QC2PipelineCodec( 1124): Resolve conflict a0000804
[component.kind]
03-26 13:22:11.421 I/QC2PipelineCodec( 1124): Resolve conflict 8001080c
[input.media-type]
03-26 13:22:11.421 I/QC2PipelineCodec( 1124): Resolve conflict a0000805
[component.domain]
03-26 13:22:11.421 I/QC2PipelineCodec( 1124): capsHelper add param=a0009013
03-26 13:22:11.421 I/QC2PipelineCodec( 1124): capsHelper add param=a0009012
03-26 13:22:11.421 I/QC2PipelineCodec( 1124): capsHelper add param=a0009011
03-26 13:22:11.421 I/QC2PipelineCodec( 1124): capsHelper add param=9200c047
03-26 13:22:11.421 I/QC2PipelineCodec( 1124): capsHelper add param=d200c03f
03-26 13:22:11.421 I/QC2PipelineCodec( 1124): capsHelper add param=9200c036
03-26 13:22:11.421 I/QC2PipelineCodec( 1124): capsHelper add param=d200c00e
03-26 13:22:11.421 I/QC2PipelineCodec( 1124): capsHelper add param=5200c012
03-26 13:22:11.421 I/QC2PipelineCodec( 1124): capsHelper add param=8200c042
03-26 13:22:11.421 I/QC2PipelineCodec( 1124): capsHelper add param=a0009010
03-26 13:22:11.421 I/QC2PipelineCodec( 1124): capsHelper add param=d200c000
03-26 13:22:11.421 I/QC2PipelineCodec( 1124): capsHelper add param=92008001
03-26 13:22:11.421 I/QC2PipelineCodec( 1124): capsHelper add param=d200c04a
03-26 13:22:11.421 I/QC2PipelineCodec( 1124): capsHelper add param=d201c00d
03-26 13:22:11.421 I/QC2PipelineCodec( 1124): capsHelper add param=d2008002
03-26 13:22:11.421 I/QC2PipelineCodec( 1124): capsHelper add param=d200c00b
03-26 13:22:11.421 I/QC2PipelineCodec( 1124): capsHelper add param=d200c034
03-26 13:22:11.421 I/QC2PipelineCodec( 1124): capsHelper add param=d200c013
03-26 13:22:11.421 I/QC2PipelineCodec( 1124): capsHelper add param=d200c01b
03-26 13:22:11.421 I/QC2PipelineCodec( 1124): capsHelper add param=c2001809
03-26 13:22:11.421 I/QC2PipelineCodec( 1124): isParamPipelineOwned 5000080e true
03-26 13:22:11.421 I/QC2PipelineCodec( 1124): capsHelper skip param 5000080e
03-26 13:22:11.421 I/QC2PipelineCodec( 1124): capsHelper add param=a0009014
03-26 13:22:11.421 I/QC2PipelineCodec( 1124): isParamPipelineOwned 4000080e true
03-26 13:22:11.421 I/QC2PipelineCodec( 1124): capsHelper skip param 4000080e
03-26 13:22:11.421 I/QC2PipelineCodec( 1124): capsHelper add param=d2001802
03-26 13:22:11.421 I/QC2PipelineCodec( 1124): capsHelper add param=c2000808
03-26 13:22:11.421 I/QC2PipelineCodec( 1124): capsHelper add param=60000824
03-26 13:22:11.421 I/QC2PipelineCodec( 1124): capsHelper add param=a0000801
03-26 13:22:11.421 I/QC2PipelineCodec( 1124): capsHelper add param=d2011811
03-26 13:22:11.421 I/QC2PipelineCodec( 1124): capsHelper add param=60000823
03-26 13:22:11.421 I/QC2PipelineCodec( 1124): capsHelper add param=c2002000
03-26 13:22:11.421 I/QC2PipelineCodec( 1124): capsHelper add param=d2001809
03-26 13:22:11.421 I/QC2PipelineCodec( 1124): capsHelper add param=d200c006
03-26 13:22:11.421 I/QC2PipelineCodec( 1124): capsHelper add param=52002003
03-26 13:22:11.421 I/QC2PipelineCodec( 1124): capsHelper add param=9001080c
03-26 13:22:11.421 I/QC2PipelineCodec( 1124): capsHelper add param=8001080c
03-26 13:22:11.421 I/QC2PipelineCodec( 1124): capsHelper add param=d2001800
03-26 13:22:11.421 I/QC2PipelineCodec( 1124): capsHelper add param=9200081b
03-26 13:22:11.421 I/QC2PipelineCodec( 1124): capsHelper add param=8200c035
03-26 13:22:11.421 I/QC2PipelineCodec( 1124): capsHelper add param=a0000804
03-26 13:22:11.421 I/QC2PipelineCodec( 1124): capsHelper add param=60000825
03-26 13:22:11.421 I/QC2PipelineCodec( 1124): capsHelper add param=5200180b
03-26 13:22:11.421 I/QC2PipelineCodec( 1124): capsHelper add param=d200180a
03-26 13:22:11.421 I/QC2PipelineCodec( 1124): capsHelper add param=d200c007
03-26 13:22:11.421 I/QC2PipelineCodec( 1124): capsHelper add param=d200c00c
03-26 13:22:11.421 I/QC2PipelineCodec( 1124): capsHelper add param=c2001800
03-26 13:22:11.421 I/QC2PipelineCodec( 1124): capsHelper add param=8200081b
03-26 13:22:11.421 I/QC2PipelineCodec( 1124): capsHelper add param=a0000805
03-26 13:22:11.421 I/QC2PipelineCodec( 1124): capsHelper add param=9200c046
03-26 13:22:11.421 I/QC2PipelineCodec( 1124): capsHelper add param=5001081a
03-26 13:22:11.421 I/QC2PipelineCodec( 1124): capsHelper add param=c200081e
03-26 13:22:11.421 I/QC2PipelineCodec( 1124): release: begin
03-26 13:22:11.421 I/QC2PipelinedEntity( 1124): pipelinedid=100 release
03-26 13:22:11.422 I/QC2V4l2Driver( 1124): [vp9D_0] Closed device driver with fd: 7
03-26 13:22:11.422 I/QC2PipelinedEntity( 1124): pipelinedid=101 release
03-26 13:22:11.422 I/QC2Filter( 1124): FUNCTION_BEGIN:release
03-26 13:22:11.422 I/QC2Filter( 1124): FUNCTION_END:release TIME=0 ms
03-26 13:22:11.422 I/QC2PipelinedEntity( 1124): pipelineid=101 ~QC2PipelinedEntity
03-26 13:22:11.422 I/QC2PipelinedEntity( 1124): pipelineid=100 ~QC2PipelinedEntity
03-26 13:22:11.423 I/QC2PipelineCodec( 1124): release: end; processing-time=1 ms
03-26 13:22:11.423 I/QC2PipelineCodec( 1124): QC2PipelinedDecoder dtor
03-26 13:22:11.427 I/QC2ImageFormatFilter( 1124):
FUNCTION_BEGIN:~QC2ImageFormatFilter
03-26 13:22:11.427 I/QC2ImageFormatFilter( 1124):
FUNCTION_END:~QC2ImageFormatFilter TIME=0 ms
03-26 13:22:11.427 I/QC2Filter( 1124): FUNCTION_BEGIN:~QC2Filter
03-26 13:22:11.427 I/QC2Filter( 1124): FUNCTION_BEGIN:release
03-26 13:22:11.427 I/QC2Filter( 1124): FUNCTION_END:release TIME=0 ms
03-26 13:22:11.427 I/QC2Filter( 1124): FUNCTION_END:~QC2Filter TIME=0 ms
03-26 13:22:11.427 E/QC2V4l2Driver( 1124): Invalid device driver fd:-1
03-26 13:22:11.427 I/QC2V4l2Driver( 1124): [vp9D_0] Closed device driver with fd: -
1
03-26 13:22:11.427 I/sensors-hal( 1062): is_registry_up:336, registry_sensor
availability time '0.523605sec' from serviceup(no of repeats:'2')
03-26 13:22:11.427 I/QC2Comp ( 1124): codec capability queried!
03-26 13:22:11.427 I/QC2CompStore( 1124): Added capabilities for c2.qti.vp9.decoder
03-26 13:22:11.428 E/minksocket( 1028): MinkIPC_QRTR_Service: client with node 1
port 401b went down
03-26 13:22:11.430 I/sensors-hal( 1062): discover_sensors:593,
non_default_sensor_discovery is disabled
03-26 13:22:11.430 E/minksocket( 1028): MinkIPC_QRTR_Service: client with node 1
port 402e went down
03-26 13:22:11.431 E/minksocket( 1028): MinkIPC_QRTR_Service: client with node 1
port 402f went down
03-26 13:22:11.431 I/QC2Registry( 1124): Getting stages for pipelined codec
03-26 13:22:11.431 I/QC2V4l2Codec( 1124): [vp9DSec_0] output buffer allocation
timeout threshold set to 1000ms
03-26 13:22:11.431 I/QC2Registry( 1124): Pipelining enabled
03-26 13:22:11.431 I/QC2Registry( 1124): Requested codec is pipelined. Create codec
list
03-26 13:22:11.431 I/QC2Registry( 1124): Filter c2.qti.ImageFormat.filter can't be
pipelined
03-26 13:22:11.431 I/QC2Registry( 1124): Created 0 codecs for pipelined codec
c2.qti.vp9.decoder.secure
03-26 13:22:11.431 I/QC2Registry( 1124): Return standalone codec caps for
c2.qti.vp9.decoder.secure
03-26 13:22:11.431 E/minksocket( 1028): MinkIPC_QRTR_Service: client with node 1
port 4030 went down
03-26 13:22:11.431 I/QC2V4l2Driver( 1124): [vp9DSec_0] Device /dev/video32 opened
with fd: 7
03-26 13:22:11.431 E/minksocket( 1028): MinkIPC_QRTR_Service: client with node 1
port 4031 went down
03-26 13:22:11.431 I/sensors-hal( 1062): discover_sensors:606, add sensorhubs suid,
dummy attribute
03-26 13:22:11.432 I/StandardCaps( 1124): PixelFormatOutputHelper:
03-26 13:22:11.432 I/StandardCaps( 1124): VENUS_NV12
03-26 13:22:11.432 I/StandardCaps( 1124): VENUS_NV12_UBWC
03-26 13:22:11.432 I/StandardCaps( 1124): VENUS_TP10
03-26 13:22:11.432 I/StandardCaps( 1124): VENUS_P010
03-26 13:22:11.432 I/StandardCaps( 1124): PictureSizeOutputHelper: min [96 96] max
[4096 4096] default [96 96]
03-26 13:22:11.432 I/StandardCaps( 1124): PictureSizeInputHelper: min [96 96] max
[4096 4096] default [96 96]
03-26 13:22:11.433 I/StandardCaps( 1124): MaxPictureSizeOutputHelper: min [96 96]
max [4096 4096] default [96 96]
03-26 13:22:11.433 I/StandardCaps( 1124): FrameRateInputHelper: min 1 max 960 step
0 default 30
03-26 13:22:11.433 I/StandardCaps( 1124): OperatingRateHelper: min 30, max 32767,
step 0, default 30
03-26 13:22:11.433 E/QC2V4l2Caps( 1124): Failed to read platform HDR value
03-26 13:22:11.433 E/QC2V4l2Caps( 1124): c2 level not found for v4l2 level 0
03-26 13:22:11.433 I/StandardCaps( 1124): ProfileLevelInputHelper: Profiles
03-26 13:22:11.433 I/StandardCaps( 1124): VP9_PROFILE_0
03-26 13:22:11.433 I/StandardCaps( 1124): VP9_PROFILE_2
03-26 13:22:11.433 I/StandardCaps( 1124): ProfileLevelInputHelper: Levels
03-26 13:22:11.433 I/StandardCaps( 1124): 1.0
03-26 13:22:11.433 I/StandardCaps( 1124): 1.1
03-26 13:22:11.433 I/StandardCaps( 1124): 2.0
