03-26 13:22:11.235 I/heimdall( 1209): update_proc_tgid:436, put (23) in root memcg
03-26 13:22:11.235 I/heimdall( 1209): update_proc_tgid:436, put (24) in root memcg
03-26 13:22:11.235 I/heimdall( 1209): update_proc_tgid:436, put (25) in root memcg
03-26 13:22:11.235 I/heimdall( 1209): update_proc_tgid:436, put (26) in root memcg
03-26 13:22:11.236 I/heimdall( 1209): update_proc_tgid:436, put (27) in root memcg
03-26 13:22:11.236 I/heimdall( 1209): update_proc_tgid:436, put (28) in root memcg
03-26 13:22:11.236 I/heimdall( 1209): update_proc_tgid:436, put (29) in root memcg
03-26 13:22:11.236 I/heimdall( 1209): update_proc_tgid:436, put (30) in root memcg
03-26 13:22:11.236 I/sscrpcd ( 747):
vendor/qcom/proprietary/adsprpc/src/apps_std_imp.c:851: Successfully opened file
/mnt/vendor/persist/sensors/registry/registry/default_sensors.accel_cal
03-26 13:22:11.236 I/heimdall( 1209): update_proc_tgid:436, put (31) in root memcg
03-26 13:22:11.236 I/heimdall( 1209): update_proc_tgid:436, put (32) in root memcg
03-26 13:22:11.236 I/heimdall( 1209): update_proc_tgid:436, put (33) in root memcg
03-26 13:22:11.236 I/heimdall( 1209): update_proc_tgid:436, put (34) in root memcg
03-26 13:22:11.236 I/heimdall( 1209): update_proc_tgid:436, put (35) in root memcg
03-26 13:22:11.236 I/heimdall( 1209): update_proc_tgid:436, put (36) in root memcg
03-26 13:22:11.236 I/heimdall( 1209): update_proc_tgid:436, put (37) in root memcg
03-26 13:22:11.236 I/heimdall( 1209): update_proc_tgid:436, put (38) in root memcg
03-26 13:22:11.236 I/heimdall( 1209): update_proc_tgid:436, put (39) in root memcg
03-26 13:22:11.236 I/heimdall( 1209): update_proc_tgid:436, put (40) in root memcg
03-26 13:22:11.236 I/heimdall( 1209): update_proc_tgid:436, put (41) in root memcg
03-26 13:22:11.236 I/heimdall( 1209): update_proc_tgid:436, put (42) in root memcg
03-26 13:22:11.236 I/heimdall( 1209): update_proc_tgid:436, put (43) in root memcg
03-26 13:22:11.236 I/heimdall( 1209): update_proc_tgid:436, put (44) in root memcg
03-26 13:22:11.236 I/heimdall( 1209): update_proc_tgid:436, put (45) in root memcg
03-26 13:22:11.236 I/heimdall( 1209): update_proc_tgid:436, put (46) in root memcg
03-26 13:22:11.236 I/heimdall( 1209): update_proc_tgid:436, put (47) in root memcg
03-26 13:22:11.236 I/heimdall( 1209): update_proc_tgid:436, put (48) in root memcg
03-26 13:22:11.236 I/heimdall( 1209): update_proc_tgid:436, put (49) in root memcg
03-26 13:22:11.236 I/heimdall( 1209): update_proc_tgid:436, put (50) in root memcg
03-26 13:22:11.236 I/heimdall( 1209): update_proc_tgid:436, put (51) in root memcg
03-26 13:22:11.236 I/heimdall( 1209): update_proc_tgid:436, put (52) in root memcg
03-26 13:22:11.236 I/heimdall( 1209): update_proc_tgid:436, put (53) in root memcg
03-26 13:22:11.236 I/heimdall( 1209): update_proc_tgid:436, put (54) in root memcg
03-26 13:22:11.236 I/heimdall( 1209): update_proc_tgid:436, put (55) in root memcg
03-26 13:22:11.236 I/heimdall( 1209): update_proc_tgid:436, put (56) in root memcg
03-26 13:22:11.236 I/heimdall( 1209): update_proc_tgid:436, put (57) in root memcg
03-26 13:22:11.236 I/heimdall( 1209): update_proc_tgid:436, put (58) in root memcg
03-26 13:22:11.237 I/heimdall( 1209): update_proc_tgid:436, put (59) in root memcg
03-26 13:22:11.237 I/heimdall( 1209): update_proc_tgid:436, put (60) in root memcg
03-26 13:22:11.237 I/heimdall( 1209): update_proc_tgid:436, put (61) in root memcg
03-26 13:22:11.237 I/sscrpcd ( 747):
vendor/qcom/proprietary/adsprpc/src/apps_std_imp.c:851: Successfully opened file
/mnt/vendor/persist/sensors/registry/registry/lsm6dso_0.temp
03-26 13:22:11.237 I/heimdall( 1209): update_proc_tgid:436, put (62) in root memcg
03-26 13:22:11.237 I/heimdall( 1209): update_proc_tgid:436, put (63) in root memcg
03-26 13:22:11.237 I/heimdall( 1209): update_proc_tgid:436, put (64) in root memcg
03-26 13:22:11.237 I/heimdall( 1209): update_proc_tgid:436, put (65) in root memcg
03-26 13:22:11.237 I/heimdall( 1209): update_proc_tgid:436, put (66) in root memcg
03-26 13:22:11.237 I/heimdall( 1209): update_proc_tgid:436, put (67) in root memcg
03-26 13:22:11.237 I/heimdall( 1209): update_proc_tgid:436, put (68) in root memcg
03-26 13:22:11.237 I/heimdall( 1209): update_proc_tgid:436, put (69) in root memcg
03-26 13:22:11.237 I/heimdall( 1209): update_proc_tgid:436, put (70) in root memcg
03-26 13:22:11.237 I/heimdall( 1209): update_proc_tgid:436, put (71) in root memcg
03-26 13:22:11.237 I/sscrpcd ( 747):
vendor/qcom/proprietary/adsprpc/src/apps_std_imp.c:851: Successfully opened file
/mnt/vendor/persist/sensors/registry/registry/lsm6dso_0.temp
03-26 13:22:11.237 I/heimdall( 1209): update_proc_tgid:436, put (72) in root memcg
03-26 13:22:11.237 I/heimdall( 1209): update_proc_tgid:436, put (73) in root memcg
03-26 13:22:11.237 I/heimdall( 1209): update_proc_tgid:436, put (74) in root memcg
03-26 13:22:11.237 I/heimdall( 1209): update_proc_tgid:436, put (75) in root memcg
03-26 13:22:11.237 I/heimdall( 1209): update_proc_tgid:436, put (88) in root memcg
03-26 13:22:11.237 I/heimdall( 1209): update_proc_tgid:436, put (121) in root memcg
03-26 13:22:11.237 I/heimdall( 1209): update_proc_tgid:436, put (122) in root memcg
03-26 13:22:11.237 I/heimdall( 1209): update_proc_tgid:436, put (123) in root memcg
03-26 13:22:11.237 I/heimdall( 1209): update_proc_tgid:436, put (124) in root memcg
03-26 13:22:11.237 I/heimdall( 1209): update_proc_tgid:436, put (125) in root memcg
03-26 13:22:11.237 I/heimdall( 1209): update_proc_tgid:436, put (126) in root memcg
03-26 13:22:11.237 I/heimdall( 1209): update_proc_tgid:436, put (127) in root memcg
03-26 13:22:11.237 I/heimdall( 1209): update_proc_tgid:436, put (128) in root memcg
03-26 13:22:11.237 I/heimdall( 1209): update_proc_tgid:436, put (129) in root memcg
03-26 13:22:11.237 I/heimdall( 1209): update_proc_tgid:436, put (130) in root memcg
03-26 13:22:11.237 I/heimdall( 1209): update_proc_tgid:436, put (131) in root memcg
03-26 13:22:11.237 I/heimdall( 1209): update_proc_tgid:436, put (132) in root memcg
03-26 13:22:11.237 I/heimdall( 1209): update_proc_tgid:436, put (133) in root memcg
03-26 13:22:11.237 I/heimdall( 1209): update_proc_tgid:436, put (134) in root memcg
03-26 13:22:11.237 I/heimdall( 1209): update_proc_tgid:436, put (135) in root memcg
03-26 13:22:11.237 I/heimdall( 1209): update_proc_tgid:436, put (136) in root memcg
03-26 13:22:11.237 I/heimdall( 1209): update_proc_tgid:436, put (137) in root memcg
03-26 13:22:11.237 I/heimdall( 1209): update_proc_tgid:436, put (138) in root memcg
03-26 13:22:11.237 I/heimdall( 1209): update_proc_tgid:436, put (164) in root memcg
03-26 13:22:11.237 I/heimdall( 1209): update_proc_tgid:436, put (165) in root memcg
03-26 13:22:11.237 I/heimdall( 1209): update_proc_tgid:436, put (166) in root memcg
03-26 13:22:11.237 I/heimdall( 1209): update_proc_tgid:436, put (167) in root memcg
03-26 13:22:11.237 I/heimdall( 1209): update_proc_tgid:436, put (168) in root memcg
03-26 13:22:11.237 I/heimdall( 1209): update_proc_tgid:436, put (169) in root memcg
03-26 13:22:11.237 I/heimdall( 1209): update_proc_tgid:436, put (171) in root memcg
03-26 13:22:11.237 I/heimdall( 1209): update_proc_tgid:436, put (172) in root memcg
03-26 13:22:11.237 I/heimdall( 1209): update_proc_tgid:436, put (173) in root memcg
03-26 13:22:11.237 I/heimdall( 1209): update_proc_tgid:436, put (174) in root memcg
03-26 13:22:11.237 I/heimdall( 1209): update_proc_tgid:436, put (176) in root memcg
03-26 13:22:11.237 I/heimdall( 1209): update_proc_tgid:436, put (177) in root memcg
03-26 13:22:11.237 I/heimdall( 1209): update_proc_tgid:436, put (178) in root memcg
03-26 13:22:11.238 I/heimdall( 1209): update_proc_tgid:436, put (179) in root memcg
03-26 13:22:11.238 I/heimdall( 1209): update_proc_tgid:436, put (181) in root memcg
03-26 13:22:11.238 I/heimdall( 1209): update_proc_tgid:436, put (182) in root memcg
03-26 13:22:11.238 I/heimdall( 1209): update_proc_tgid:436, put (183) in root memcg
03-26 13:22:11.238 I/heimdall( 1209): update_proc_tgid:436, put (184) in root memcg
03-26 13:22:11.238 I/heimdall( 1209): update_proc_tgid:436, put (185) in root memcg
03-26 13:22:11.238 I/heimdall( 1209): update_proc_tgid:436, put (186) in root memcg
03-26 13:22:11.238 I/heimdall( 1209): update_proc_tgid:436, put cat(1305) in root
memcg
03-26 13:22:11.238 I/heimdall( 1209): update_proc_tgid:436, put (187) in root memcg
03-26 13:22:11.238 I/heimdall( 1209): update_proc_tgid:436, put (188) in root memcg
03-26 13:22:11.238 I/heimdall( 1209): update_proc_tgid:436, put (189) in root memcg
03-26 13:22:11.238 I/heimdall( 1209): update_proc_tgid:436, put (190) in root memcg
03-26 13:22:11.238 I/sscrpcd ( 747):
vendor/qcom/proprietary/adsprpc/src/apps_std_imp.c:851: Successfully opened file
/mnt/vendor/persist/sensors/registry/registry/ak0991x_0_platform.orient
03-26 13:22:11.238 I/heimdall( 1209): update_proc_tgid:436, put (191) in root memcg
03-26 13:22:11.238 I/heimdall( 1209): update_proc_tgid:436, put (192) in root memcg
03-26 13:22:11.238 I/heimdall( 1209): update_proc_tgid:436, put (193) in root memcg
03-26 13:22:11.238 I/heimdall( 1209): update_proc_tgid:436, put (194) in root memcg
03-26 13:22:11.238 I/heimdall( 1209): update_proc_tgid:436, put (195) in root memcg
03-26 13:22:11.238 I/heimdall( 1209): update_proc_tgid:436, put (196) in root memcg
03-26 13:22:11.238 I/heimdall( 1209): update_proc_tgid:436, put (197) in root memcg
03-26 13:22:11.238 I/heimdall( 1209): update_proc_tgid:436, put (198) in root memcg
03-26 13:22:11.238 I/heimdall( 1209): update_proc_tgid:436, put (199) in root memcg
03-26 13:22:11.238 I/heimdall( 1209): update_proc_tgid:436, put (200) in root memcg
03-26 13:22:11.238 I/sscrpcd ( 747):
vendor/qcom/proprietary/adsprpc/src/apps_std_imp.c:851: Successfully opened file
/mnt/vendor/persist/sensors/registry/registry/ak0991x_0_platform.orient
03-26 13:22:11.238 I/heimdall( 1209): update_proc_tgid:436, put (201) in root memcg
03-26 13:22:11.238 I/heimdall( 1209): update_proc_tgid:436, put (202) in root memcg
03-26 13:22:11.238 I/heimdall( 1209): update_proc_tgid:436, put (203) in root memcg
03-26 13:22:11.238 I/heimdall( 1209): update_proc_tgid:436, put (204) in root memcg
03-26 13:22:11.238 I/heimdall( 1209): update_proc_tgid:436, put (205) in root memcg
03-26 13:22:11.238 I/heimdall( 1209): update_proc_tgid:436, put (206) in root memcg
03-26 13:22:11.238 I/heimdall( 1209): update_proc_tgid:436, put (207) in root memcg
03-26 13:22:11.238 I/heimdall( 1209): update_proc_tgid:436, put (208) in root memcg
03-26 13:22:11.238 I/heimdall( 1209): update_proc_tgid:436, put (209) in root memcg
03-26 13:22:11.238 I/heimdall( 1209): update_proc_tgid:436, put (210) in root memcg
03-26 13:22:11.238 I/heimdall( 1209): update_proc_tgid:436, put (211) in root memcg
03-26 13:22:11.238 I/heimdall( 1209): update_proc_tgid:436, put (212) in root memcg
03-26 13:22:11.238 I/heimdall( 1209): update_proc_tgid:436, put (213) in root memcg
03-26 13:22:11.238 I/heimdall( 1209): update_proc_tgid:436, put (214) in root memcg
03-26 13:22:11.238 I/heimdall( 1209): update_proc_tgid:436, put (215) in root memcg
03-26 13:22:11.238 I/heimdall( 1209): update_proc_tgid:436, put (216) in root memcg
03-26 13:22:11.238 I/heimdall( 1209): update_proc_tgid:436, put (217) in root memcg
03-26 13:22:11.238 I/heimdall( 1209): update_proc_tgid:436, put (218) in root memcg
03-26 13:22:11.238 I/heimdall( 1209): update_proc_tgid:436, put (219) in root memcg
03-26 13:22:11.238 I/heimdall( 1209): update_proc_tgid:436, put (220) in root memcg
03-26 13:22:11.238 I/heimdall( 1209): update_proc_tgid:436, put (221) in root memcg
03-26 13:22:11.238 I/heimdall( 1209): update_proc_tgid:436, put (222) in root memcg
03-26 13:22:11.238 I/heimdall( 1209): update_proc_tgid:436, put (223) in root memcg
03-26 13:22:11.238 I/heimdall( 1209): update_proc_tgid:436, put (224) in root memcg
03-26 13:22:11.238 I/heimdall( 1209): update_proc_tgid:436, put (227) in root memcg
03-26 13:22:11.238 I/heimdall( 1209): update_proc_tgid:436, put (228) in root memcg
03-26 13:22:11.238 I/heimdall( 1209): update_proc_tgid:436, put (261) in root memcg
03-26 13:22:11.238 I/heimdall( 1209): update_proc_tgid:436, put (262) in root memcg
03-26 13:22:11.239 I/heimdall( 1209): update_proc_tgid:436, put (263) in root memcg
03-26 13:22:11.239 I/heimdall( 1209): update_proc_tgid:436, put (264) in root memcg
03-26 13:22:11.239 I/heimdall( 1209): update_proc_tgid:436, put (265) in root memcg
03-26 13:22:11.239 I/heimdall( 1209): update_proc_tgid:436, put (266) in root memcg
03-26 13:22:11.239 I/heimdall( 1209): update_proc_tgid:436, put (267) in root memcg
03-26 13:22:11.239 I/heimdall( 1209): update_proc_tgid:436, put (268) in root memcg
03-26 13:22:11.239 I/heimdall( 1209): update_proc_tgid:436, put (269) in root memcg
03-26 13:22:11.239 I/heimdall( 1209): update_proc_tgid:436, put (270) in root memcg
03-26 13:22:11.239 I/heimdall( 1209): update_proc_tgid:436, put (271) in root memcg
03-26 13:22:11.239 I/heimdall( 1209): update_proc_tgid:436, put (272) in root memcg
03-26 13:22:11.239 I/heimdall( 1209): update_proc_tgid:436, put (273) in root memcg
03-26 13:22:11.239 I/heimdall( 1209): update_proc_tgid:436, put (274) in root memcg
03-26 13:22:11.239 I/heimdall( 1209): update_proc_tgid:436, put (275) in root memcg
03-26 13:22:11.239 I/heimdall( 1209): update_proc_tgid:436, put (276) in root memcg
03-26 13:22:11.239 I/sscrpcd ( 747):
vendor/qcom/proprietary/adsprpc/src/apps_std_imp.c:851: Successfully opened file
/mnt/vendor/persist/sensors/registry/registry/ak0991x_0
03-26 13:22:11.239 I/heimdall( 1209): update_proc_tgid:436, put (277) in root memcg
03-26 13:22:11.239 I/heimdall( 1209): update_proc_tgid:436, put (278) in root memcg
03-26 13:22:11.239 I/heimdall( 1209): update_proc_tgid:436, put (279) in root memcg
03-26 13:22:11.239 I/heimdall( 1209): update_proc_tgid:436, put (280) in root memcg
03-26 13:22:11.239 I/heimdall( 1209): update_proc_tgid:436, put (281) in root memcg
03-26 13:22:11.239 I/heimdall( 1209): update_proc_tgid:436, put (282) in root memcg
03-26 13:22:11.239 I/heimdall( 1209): update_proc_tgid:436, put (283) in root memcg
03-26 13:22:11.239 I/heimdall( 1209): update_proc_tgid:436, put (284) in root memcg
03-26 13:22:11.239 I/heimdall( 1209): update_proc_tgid:436, put (285) in root memcg
03-26 13:22:11.239 I/heimdall( 1209): update_proc_tgid:436, put (286) in root memcg
03-26 13:22:11.239 I/sscrpcd ( 747):
vendor/qcom/proprietary/adsprpc/src/apps_std_imp.c:851: Successfully opened file
/mnt/vendor/persist/sensors/registry/registry/ak0991x_0
03-26 13:22:11.239 I/heimdall( 1209): update_proc_tgid:436, put (287) in root memcg
03-26 13:22:11.239 I/heimdall( 1209): update_proc_tgid:436, put (288) in root memcg
03-26 13:22:11.239 I/heimdall( 1209): update_proc_tgid:436, put (289) in root memcg
03-26 13:22:11.239 I/heimdall( 1209): update_proc_tgid:436, put (290) in root memcg
03-26 13:22:11.239 I/heimdall( 1209): update_proc_tgid:436, put (291) in root memcg
03-26 13:22:11.239 I/heimdall( 1209): update_proc_tgid:436, put (292) in root memcg
03-26 13:22:11.239 I/heimdall( 1209): update_proc_tgid:436, put (293) in root memcg
03-26 13:22:11.239 I/heimdall( 1209): update_proc_tgid:436, put (294) in root memcg
03-26 13:22:11.239 I/heimdall( 1209): update_proc_tgid:436, put (295) in root memcg
03-26 13:22:11.239 I/heimdall( 1209): update_proc_tgid:436, put (296) in root memcg
03-26 13:22:11.239 I/heimdall( 1209): update_proc_tgid:436, put (297) in root memcg
03-26 13:22:11.239 I/heimdall( 1209): update_proc_tgid:436, put (298) in root memcg
03-26 13:22:11.239 I/heimdall( 1209): update_proc_tgid:436, put (299) in root memcg
03-26 13:22:11.239 I/heimdall( 1209): update_proc_tgid:436, put (300) in root memcg
03-26 13:22:11.239 I/heimdall( 1209): update_proc_tgid:436, put (301) in root memcg
03-26 13:22:11.239 I/heimdall( 1209): update_proc_tgid:436, put (302) in root memcg
03-26 13:22:11.239 I/heimdall( 1209): update_proc_tgid:436, put (303) in root memcg
03-26 13:22:11.239 I/heimdall( 1209): update_proc_tgid:436, put (304) in root memcg
03-26 13:22:11.239 I/heimdall( 1209): update_proc_tgid:436, put (305) in root memcg
03-26 13:22:11.239 I/heimdall( 1209): update_proc_tgid:436, put (306) in root memcg
03-26 13:22:11.239 I/heimdall( 1209): update_proc_tgid:436, put (307) in root memcg
03-26 13:22:11.239 I/heimdall( 1209): update_proc_tgid:436, put (308) in root memcg
03-26 13:22:11.240 I/heimdall( 1209): update_proc_tgid:436, put (309) in root memcg
03-26 13:22:11.240 I/heimdall( 1209): update_proc_tgid:436, put (310) in root memcg
03-26 13:22:11.240 I/heimdall( 1209): update_proc_tgid:436, put (311) in root memcg
03-26 13:22:11.240 I/heimdall( 1209): update_proc_tgid:436, put (312) in root memcg
03-26 13:22:11.240 I/heimdall( 1209): update_proc_tgid:436, put (313) in root memcg
03-26 13:22:11.240 I/heimdall( 1209): update_proc_tgid:436, put (314) in root memcg
03-26 13:22:11.240 I/heimdall( 1209): update_proc_tgid:436, put (315) in root memcg
03-26 13:22:11.240 I/heimdall( 1209): update_proc_tgid:436, put (316) in root memcg
03-26 13:22:11.240 I/heimdall( 1209): update_proc_tgid:436, put (317) in root memcg
03-26 13:22:11.240 I/heimdall( 1209): update_proc_tgid:436, put (318) in root memcg
03-26 13:22:11.240 I/heimdall( 1209): update_proc_tgid:436, put (319) in root memcg
03-26 13:22:11.240 I/heimdall( 1209): update_proc_tgid:436, put (320) in root memcg
03-26 13:22:11.240 I/heimdall( 1209): update_proc_tgid:436, put (321) in root memcg
03-26 13:22:11.240 I/heimdall( 1209): update_proc_tgid:436, put (322) in root memcg
03-26 13:22:11.240 I/heimdall( 1209): update_proc_tgid:436, put (323) in root memcg
03-26 13:22:11.240 I/heimdall( 1209): update_proc_tgid:436, put (324) in root memcg
03-26 13:22:11.240 I/heimdall( 1209): update_proc_tgid:436, put (325) in root memcg
03-26 13:22:11.240 I/sscrpcd ( 747):
vendor/qcom/proprietary/adsprpc/src/apps_std_imp.c:851: Successfully opened file
/mnt/vendor/persist/sensors/registry/registry/sns_gyro_cal_persist_s0.bias
03-26 13:22:11.240 I/heimdall( 1209): update_proc_tgid:436, put (326) in root memcg
03-26 13:22:11.240 I/heimdall( 1209): update_proc_tgid:436, put (327) in root memcg
03-26 13:22:11.240 I/sscrpcd ( 747):
vendor/qcom/proprietary/adsprpc/src/apps_std_imp.c:851: Successfully opened file
/mnt/vendor/persist/sensors/registry/registry/sns_gyro_cal_persist_s0.bias
03-26 13:22:11.240 I/heimdall( 1209): update_proc_tgid:436, put (328) in root memcg
03-26 13:22:11.240 I/heimdall( 1209): update_proc_tgid:436, put (329) in root memcg
03-26 13:22:11.240 I/heimdall( 1209): update_proc_tgid:436, put (330) in root memcg
03-26 13:22:11.240 I/heimdall( 1209): update_proc_tgid:436, put (331) in root memcg
03-26 13:22:11.240 I/heimdall( 1209): update_proc_tgid:436, put (332) in root memcg
03-26 13:22:11.240 I/heimdall( 1209): update_proc_tgid:436, put (333) in root memcg
03-26 13:22:11.240 I/heimdall( 1209): update_proc_tgid:436, put (334) in root memcg
03-26 13:22:11.240 I/heimdall( 1209): update_proc_tgid:436, put (335) in root memcg
03-26 13:22:11.240 I/heimdall( 1209): update_proc_tgid:436, put (336) in root memcg
03-26 13:22:11.240 I/heimdall( 1209): update_proc_tgid:436, put (337) in root memcg
03-26 13:22:11.240 I/heimdall( 1209): update_proc_tgid:436, put (338) in root memcg
03-26 13:22:11.240 I/heimdall( 1209): update_proc_tgid:436, put (339) in root memcg
03-26 13:22:11.240 I/heimdall( 1209): update_proc_tgid:436, put (340) in root memcg
03-26 13:22:11.241 I/heimdall( 1209): update_proc_tgid:436, put (341) in root memcg
03-26 13:22:11.241 I/heimdall( 1209): update_proc_tgid:436, put (342) in root memcg
03-26 13:22:11.241 I/heimdall( 1209): update_proc_tgid:436, put (343) in root memcg
03-26 13:22:11.241 I/heimdall( 1209): update_proc_tgid:436, put (364) in root memcg
03-26 13:22:11.241 I/heimdall( 1209): update_proc_tgid:436, put (365) in root memcg
03-26 13:22:11.241 I/heimdall( 1209): update_proc_tgid:436, put (366) in root memcg
03-26 13:22:11.241 I/heimdall( 1209): update_proc_tgid:436, put (367) in root memcg
03-26 13:22:11.241 I/heimdall( 1209): update_proc_tgid:436, put (368) in root memcg
03-26 13:22:11.241 I/heimdall( 1209): update_proc_tgid:436, put (369) in root memcg
03-26 13:22:11.241 I/heimdall( 1209): update_proc_tgid:436, put (370) in root memcg
03-26 13:22:11.241 I/heimdall( 1209): update_proc_tgid:436, put (371) in root memcg
03-26 13:22:11.241 I/heimdall( 1209): update_proc_tgid:436, put (372) in root memcg
03-26 13:22:11.241 I/heimdall( 1209): update_proc_tgid:436, put (373) in root memcg
03-26 13:22:11.241 I/heimdall( 1209): update_proc_tgid:436, put (374) in root memcg
03-26 13:22:11.241 I/heimdall( 1209): update_proc_tgid:436, put (375) in root memcg
03-26 13:22:11.241 I/heimdall( 1209): update_proc_tgid:436, put (376) in root memcg
03-26 13:22:11.241 I/heimdall( 1209): update_proc_tgid:436, put (377) in root memcg
03-26 13:22:11.241 I/heimdall( 1209): update_proc_tgid:436, put (378) in root memcg
03-26 13:22:11.241 I/heimdall( 1209): update_proc_tgid:436, put (379) in root memcg
03-26 13:22:11.241 I/heimdall( 1209): update_proc_tgid:436, put (380) in root memcg
03-26 13:22:11.241 I/heimdall( 1209): update_proc_tgid:436, put (381) in root memcg
03-26 13:22:11.241 I/heimdall( 1209): update_proc_tgid:436, put (382) in root memcg
03-26 13:22:11.241 I/heimdall( 1209): update_proc_tgid:436, put (383) in root memcg
03-26 13:22:11.241 I/heimdall( 1209): update_proc_tgid:436, put (384) in root memcg
03-26 13:22:11.241 I/sscrpcd ( 747):
vendor/qcom/proprietary/adsprpc/src/apps_std_imp.c:851: Successfully opened file
/mnt/vendor/persist/sensors/registry/registry/sensors_registry
03-26 13:22:11.241 I/heimdall( 1209): update_proc_tgid:436, put (385) in root memcg
03-26 13:22:11.241 I/heimdall( 1209): update_proc_tgid:436, put (386) in root memcg
03-26 13:22:11.241 I/heimdall( 1209): update_proc_tgid:436, put (387) in root memcg
03-26 13:22:11.241 I/heimdall( 1209): update_proc_tgid:436, put (388) in root memcg
03-26 13:22:11.241 I/heimdall( 1209): update_proc_tgid:436, put (389) in root memcg
03-26 13:22:11.241 I/heimdall( 1209): update_proc_tgid:436, put (390) in root memcg
03-26 13:22:11.241 I/heimdall( 1209): update_proc_tgid:436, put (391) in root memcg
03-26 13:22:11.241 I/heimdall( 1209): update_proc_tgid:436, put (392) in root memcg
03-26 13:22:11.241 I/heimdall( 1209): update_proc_tgid:436, put (393) in root memcg
03-26 13:22:11.241 I/heimdall( 1209): update_proc_tgid:436, put (394) in root memcg
03-26 13:22:11.241 I/heimdall( 1209): update_proc_tgid:436, put (395) in root memcg
03-26 13:22:11.241 I/heimdall( 1209): update_proc_tgid:436, put (396) in root memcg
03-26 13:22:11.241 I/heimdall( 1209): update_proc_tgid:436, put (397) in root memcg
03-26 13:22:11.241 I/heimdall( 1209): update_proc_tgid:436, put (398) in root memcg
03-26 13:22:11.241 I/heimdall( 1209): update_proc_tgid:436, put (399) in root memcg
03-26 13:22:11.241 I/heimdall( 1209): update_proc_tgid:436, put (400) in root memcg
03-26 13:22:11.241 I/sscrpcd ( 747):
vendor/qcom/proprietary/adsprpc/src/apps_std_imp.c:851: Successfully opened file
/mnt/vendor/persist/sensors/registry/registry/default_sensors.sar
03-26 13:22:11.241 I/heimdall( 1209): update_proc_tgid:436, put (401) in root memcg
03-26 13:22:11.241 I/heimdall( 1209): update_proc_tgid:436, put (402) in root memcg
03-26 13:22:11.241 I/heimdall( 1209): update_proc_tgid:436, put (403) in root memcg
03-26 13:22:11.241 I/heimdall( 1209): update_proc_tgid:436, put (404) in root memcg
03-26 13:22:11.241 I/heimdall( 1209): update_proc_tgid:436, put (405) in root memcg
03-26 13:22:11.241 I/heimdall( 1209): update_proc_tgid:436, put (406) in root memcg
03-26 13:22:11.241 I/heimdall( 1209): update_proc_tgid:436, put (407) in root memcg
03-26 13:22:11.241 I/heimdall( 1209): update_proc_tgid:436, put (408) in root memcg
03-26 13:22:11.242 I/sscrpcd ( 747):
vendor/qcom/proprietary/adsprpc/src/apps_std_imp.c:851: Successfully opened file
/mnt/vendor/persist/sensors/registry/registry/default_sensors.sar
03-26 13:22:11.242 I/heimdall( 1209): update_proc_tgid:436, put (409) in root memcg
03-26 13:22:11.242 I/heimdall( 1209): update_proc_tgid:436, put (410) in root memcg
03-26 13:22:11.242 I/[email protected]( 1124): missing struct
descriptor #Param::CoreIndex(--4004) for field values of struct
#Param::CoreIndex(F-14005)
03-26 13:22:11.242 I/QC2CompStore( 1124):
==================================================================================
03-26 13:22:11.242 I/QC2CompStore( 1124): Build info
03-26 13:22:11.242 I/QC2CompStore( 1124): Baseline :
m/refs/tags/AU_LINUX_ANDROID_LA.UM.9.12.R1.11.00.00.597.095
03-26 13:22:11.242 I/QC2CompStore( 1124): Date : Mon Oct 18 06:56:01 2021 -
0700
03-26 13:22:11.242 I/QC2CompStore( 1124): Host : san-w175-na2-1-03 :
/local/mnt/workspace/lnxbuild/project/snap_trees_in_use/free_tree_dir/checkout
03-26 13:22:11.242 I/QC2CompStore( 1124): Commits : 62f5a29 Revert codec2: debug
patch for flush failure
03-26 13:22:11.242 I/QC2CompStore( 1124):
==================================================================================
03-26 13:22:11.242 I/QC2CompStore( 1124): initializing store (qti.c2.store) ...
03-26 13:22:11.242 I/heimdall( 1209): update_proc_tgid:436, put (411) in root memcg
03-26 13:22:11.242 I/heimdall( 1209): update_proc_tgid:436, put (412) in root memcg
03-26 13:22:11.243 I/heimdall( 1209): update_proc_tgid:436, put (413) in root memcg
03-26 13:22:11.243 I/QC2TargetSpec( 1124): Video Core Features:
03-26 13:22:11.243 I/QC2TargetSpec( 1124): dec_secure_static_count : 0
03-26 13:22:11.243 I/QC2TargetSpec( 1124): enc_auto_blur : 1
03-26 13:22:11.243 I/QC2TargetSpec( 1124): enc_c2d_rotation : 0
03-26 13:22:11.243 I/QC2TargetSpec( 1124): enc_csc_custom_matrix : 1
03-26 13:22:11.243 I/QC2TargetSpec( 1124): enc_csc_enable : 0
03-26 13:22:11.243 I/QC2TargetSpec( 1124): enc_cvp_enable : 1
03-26 13:22:11.243 I/QC2TargetSpec( 1124): enc_vpss_flip : 1
03-26 13:22:11.243 I/QC2TargetSpec( 1124): perf_control_enable : 0
03-26 13:22:11.243 I/QC2TargetSpec( 1124): pipelining : 1
03-26 13:22:11.243 I/QC2TargetSpec( 1124): Video Core Presets:
03-26 13:22:11.243 I/QC2TargetSpec( 1124): dec_linear_color_format
: 0
03-26 13:22:11.243 I/QC2TargetSpec( 1124): dec_sec_prefetch_size_internal
: 209715200
03-26 13:22:11.243 I/QC2TargetSpec( 1124): dec_sec_prefetch_size_output
: 13434880
03-26 13:22:11.243 I/QC2TargetSpec( 1124): default_primaries_override
: 1
03-26 13:22:11.243 I/QC2TargetSpec( 1124): enc_adaptive_b_max_mbs_per_frame
: 32400
03-26 13:22:11.243 I/QC2TargetSpec( 1124): enc_adaptive_b_max_mbs_per_sec
: 1944000
03-26 13:22:11.243 I/QC2TargetSpec( 1124): enc_adaptive_b_max_width
: 3840
03-26 13:22:11.243 I/QC2TargetSpec( 1124): enc_bitrate_boost
: 0
03-26 13:22:11.243 I/QC2TargetSpec( 1124): enc_bitrate_boost_qp_max
: 40
03-26 13:22:11.243 I/QC2TargetSpec( 1124): enc_bitrate_boost_qp_min
: 10
03-26 13:22:11.243 I/QC2TargetSpec( 1124): enc_bitrate_savings
: 3
03-26 13:22:11.243 I/QC2TargetSpec( 1124): enc_chroma_qp_offset_10_bit
: -12
03-26 13:22:11.243 I/QC2TargetSpec( 1124): enc_chroma_qp_offset_8_bit
: -12
03-26 13:22:11.243 I/QC2TargetSpec( 1124): enc_default_bframe_count
: 1
03-26 13:22:11.243 I/QC2TargetSpec( 1124): enc_hier_b_max_mbs_per_frame
: 8160
03-26 13:22:11.243 I/QC2TargetSpec( 1124): enc_hier_b_max_mbs_per_sec
: 489600
03-26 13:22:11.243 I/QC2TargetSpec( 1124):
enc_hier_b_max_temporal_layer_count : 4
03-26 13:22:11.243 I/QC2TargetSpec( 1124): enc_hier_b_max_width
: 1920
03-26 13:22:11.243 I/QC2TargetSpec( 1124):
enc_hier_p_max_temporal_layer_count : 6
03-26 13:22:11.243 I/QC2TargetSpec( 1124): enc_linear_color_format
: 3
03-26 13:22:11.243 I/QC2TargetSpec( 1124): ltr_max_count
: 2
03-26 13:22:11.243 I/QC2TargetSpec( 1124): max_retry_alloc_output_timeout
: 1000
03-26 13:22:11.243 I/QC2TargetSpec( 1124): max_supported_render_rate
: 120
03-26 13:22:11.243 I/QC2TargetSpec( 1124): pipeline_extra_output_buffers
: 2
03-26 13:22:11.243 I/QC2TargetSpec( 1124): preprocess_max_downscale_factor
: 8
03-26 13:22:11.243 I/QC2TargetSpec( 1124): preprocess_rotation
: 1
03-26 13:22:11.243 I/QC2TargetSpec( 1124): vt_driver_version
: 534123018
03-26 13:22:11.243 I/QC2TargetSpec( 1124): Codec plugins:
03-26 13:22:11.243 I/QC2TargetSpec( 1124): libqc2imageformatfilter.so
03-26 13:22:11.243 I/QC2TargetSpec( 1124): HW Codec entries:
03-26 13:22:11.243 I/QC2TargetSpec( 1124): c2.qti.heic.encoder
03-26 13:22:11.243 I/QC2TargetSpec( 1124): c2.qti.hevc.encoder.cq
03-26 13:22:11.243 I/QC2TargetSpec( 1124): c2.qti.hevc.encoder
03-26 13:22:11.243 I/QC2TargetSpec( 1124): c2.qti.avc.encoder
03-26 13:22:11.243 I/QC2TargetSpec( 1124): c2.qti.vp9.decoder
03-26 13:22:11.243 I/heimdall( 1209): update_proc_tgid:436, put (414) in root memcg
03-26 13:22:11.243 I/QC2TargetSpec( 1124): c2.qti.hevc.decoder.secure
03-26 13:22:11.243 I/QC2TargetSpec( 1124): c2.qti.hevc.decoder
03-26 13:22:11.243 I/QC2TargetSpec( 1124): c2.qti.avc.decoder.secure
03-26 13:22:11.243 I/QC2TargetSpec( 1124): c2.qti.avc.encoder.secure
03-26 13:22:11.243 I/QC2TargetSpec( 1124): c2.qti.hevc.decoder.low_latency
03-26 13:22:11.243 I/QC2TargetSpec( 1124): c2.qti.avc.decoder.low_latency
03-26 13:22:11.243 I/QC2TargetSpec( 1124): c2.qti.vp9.decoder.secure
03-26 13:22:11.243 I/QC2TargetSpec( 1124): c2.qti.hevc.encoder.secure
03-26 13:22:11.243 I/QC2TargetSpec( 1124): c2.qti.avc.decoder
03-26 13:22:11.243 I/QC2TargetSpec( 1124): HW Filter entries:
03-26 13:22:11.243 I/QC2TargetSpec( 1124): c2.qti.vpp.filter.secure
03-26 13:22:11.243 I/QC2TargetSpec( 1124): c2.qti.vpp.filter
03-26 13:22:11.243 E/QC2CompStore( 1124): Query Component names
03-26 13:22:11.243 I/sscrpcd ( 747):
vendor/qcom/proprietary/adsprpc/src/apps_std_imp.c:851: Successfully opened file
/mnt/vendor/persist/sensors/registry/registry/lsm6dso_0_platform.gyro.fac_cal.corr_
mat
03-26 13:22:11.243 I/sscrpcd ( 747):
vendor/qcom/proprietary/adsprpc/src/apps_std_imp.c:851: Successfully opened file
/mnt/vendor/persist/sensors/registry/registry/lsm6dso_0_platform.gyro.fac_cal.corr_
mat
03-26 13:22:11.245 I/sscrpcd ( 747):
vendor/qcom/proprietary/adsprpc/src/apps_std_imp.c:851: Successfully opened file
/mnt/vendor/persist/sensors/registry/registry/default_sensors.accel.attr_0
03-26 13:22:11.245 I/sscrpcd ( 747):
vendor/qcom/proprietary/adsprpc/src/apps_std_imp.c:851: Successfully opened file
/mnt/vendor/persist/sensors/registry/registry/default_sensors.accel.attr_0
03-26 13:22:11.246 I/SDM ( 1095): HWInfoDRM::GetHWPlanesInfo: Adding VIG Pipe :
Id 73, master_pipe_id : Id 0 block_sec_ui: 1
03-26 13:22:11.246 I/SDM ( 1095): HWInfoDRM::GetHWPlanesInfo: Adding VIG Pipe :
Id 93, master_pipe_id : Id 0 block_sec_ui: 1
03-26 13:22:11.246 I/SDM ( 1095): HWInfoDRM::GetHWPlanesInfo: Adding VIG Pipe :
Id 96, master_pipe_id : Id 0 block_sec_ui: 1
03-26 13:22:11.246 I/SDM ( 1095): HWInfoDRM::GetHWPlanesInfo: Adding VIG Pipe :
Id 99, master_pipe_id : Id 0 block_sec_ui: 1
03-26 13:22:11.246 I/SDM ( 1095): HWInfoDRM::GetHWPlanesInfo: Adding DMA Pipe :
Id 102, master_pipe_id : Id 0 block_sec_ui: 0
03-26 13:22:11.246 I/SDM ( 1095): HWInfoDRM::GetHWPlanesInfo: Adding DMA Pipe :
Id 108, master_pipe_id : Id 0 block_sec_ui: 1
03-26 13:22:11.246 I/SDM ( 1095): HWInfoDRM::GetHWPlanesInfo: Adding DMA Pipe :
Id 111, master_pipe_id : Id 0 block_sec_ui: 1
03-26 13:22:11.246 I/SDM ( 1095): HWInfoDRM::GetHWPlanesInfo: Adding DMA Pipe :
Id 114, master_pipe_id : Id 0 block_sec_ui: 1
03-26 13:22:11.246 I/SDM ( 1095): HWInfoDRM::GetHWPlanesInfo: Adding DMA Pipe :
Id 117, master_pipe_id : Id 102 block_sec_ui: 0
03-26 13:22:11.246 I/SDM ( 1095): HWInfoDRM::GetHWPlanesInfo: Adding DMA Pipe :
Id 121, master_pipe_id : Id 108 block_sec_ui: 1
03-26 13:22:11.246 I/SDM ( 1095): HWInfoDRM::GetHWPlanesInfo: Adding DMA Pipe :
Id 124, master_pipe_id : Id 111 block_sec_ui: 1
03-26 13:22:11.246 I/SDM ( 1095): HWInfoDRM::GetHWPlanesInfo: Adding DMA Pipe :
Id 127, master_pipe_id : Id 114 block_sec_ui: 1
03-26 13:22:11.246 I/SDM ( 1095): HWInfoDRM::GetHWPlanesInfo: Adding DMA Pipe :
Id 130, master_pipe_id : Id 73 block_sec_ui: 1
03-26 13:22:11.246 I/SDM ( 1095): HWInfoDRM::GetHWPlanesInfo: Adding DMA Pipe :
Id 133, master_pipe_id : Id 93 block_sec_ui: 1
03-26 13:22:11.246 I/SDM ( 1095): HWInfoDRM::GetHWPlanesInfo: Adding DMA Pipe :
Id 136, master_pipe_id : Id 96 block_sec_ui: 1
03-26 13:22:11.246 I/SDM ( 1095): HWInfoDRM::GetHWPlanesInfo: Adding DMA Pipe :
Id 139, master_pipe_id : Id 99 block_sec_ui: 1
03-26 13:22:11.246 I/SDM ( 1095): HWInfoDRM::GetHWResourceInfo: Destination
scaler found. Block count = 2.
03-26 13:22:11.246 I/SDM ( 1095): HWInfoDRM::GetHWResourceInfo: Max plane width
= 4096
03-26 13:22:11.246 I/SDM ( 1095): HWInfoDRM::GetHWResourceInfo: Max cursor
width = 128
03-26 13:22:11.246 I/SDM ( 1095): HWInfoDRM::GetHWResourceInfo: Max plane
upscale = 20
03-26 13:22:11.246 I/SDM ( 1095): HWInfoDRM::GetHWResourceInfo: Max plane
downscale = 4
03-26 13:22:11.246 I/SDM ( 1095): HWInfoDRM::GetHWResourceInfo: Has Decimation
= 0
03-26 13:22:11.246 I/SDM ( 1095): HWInfoDRM::GetHWResourceInfo: Max Blending
Stages = 11
03-26 13:22:11.246 I/SDM ( 1095): HWInfoDRM::GetHWResourceInfo: Has Source
Split = 1
03-26 13:22:11.246 I/SDM ( 1095): HWInfoDRM::GetHWResourceInfo: Has QSEED3 = 1
03-26 13:22:11.246 I/SDM ( 1095): HWInfoDRM::GetHWResourceInfo: Has UBWC = 1
03-26 13:22:11.246 I/SDM ( 1095): HWInfoDRM::GetHWResourceInfo: Has Micro Idle
= 1
03-26 13:22:11.246 I/SDM ( 1095): HWInfoDRM::GetHWResourceInfo: Has Concurrent
Writeback = 1
03-26 13:22:11.246 I/SDM ( 1095): HWInfoDRM::GetHWResourceInfo: Tap Points: 0 1
03-26 13:22:11.246 I/SDM ( 1095): HWInfoDRM::GetHWResourceInfo: Has Src Tonemap
= 6
03-26 13:22:11.246 I/SDM ( 1095): HWInfoDRM::GetHWResourceInfo: Max Low Bw =
11800000
03-26 13:22:11.246 I/SDM ( 1095): HWInfoDRM::GetHWResourceInfo: Max High Bw =
15500000
03-26 13:22:11.246 I/SDM ( 1095): HWInfoDRM::GetHWResourceInfo: Max Pipe Bw =
3900000 KBps
03-26 13:22:11.246 I/SDM ( 1095): HWInfoDRM::GetHWResourceInfo: Max Pipe Bw
High= 5200000 KBps
03-26 13:22:11.246 I/SDM ( 1095): HWInfoDRM::GetHWResourceInfo: MaxSDEClock =
460000000 Hz
03-26 13:22:11.246 I/SDM ( 1095): HWInfoDRM::GetHWResourceInfo: Clock Fudge
Factor = 1.050000
03-26 13:22:11.246 I/SDM ( 1095): HWInfoDRM::GetHWResourceInfo: Prefill
factors:
03-26 13:22:11.246 I/SDM ( 1095): HWInfoDRM::GetHWResourceInfo: Tiled_NV12 =
8
03-26 13:22:11.246 I/SDM ( 1095): HWInfoDRM::GetHWResourceInfo: Tiled = 4
03-26 13:22:11.246 I/SDM ( 1095): HWInfoDRM::GetHWResourceInfo: Linear = 1
03-26 13:22:11.246 I/SDM ( 1095): HWInfoDRM::GetHWResourceInfo: Scale = 1
03-26 13:22:11.246 I/SDM ( 1095): HWInfoDRM::GetHWResourceInfo: Fudge_factor
= 2
03-26 13:22:11.246 I/SDM ( 1095): HWInfoDRM::GetHWResourceInfo:
ib_fudge_factor = 6.000000
03-26 13:22:11.246 I/sscrpcd ( 747):
vendor/qcom/proprietary/adsprpc/src/apps_std_imp.c:851: Successfully opened file
/mnt/vendor/persist/sensors/registry/registry/sns_hw_revision
03-26 13:22:11.247 I/sscrpcd ( 747):
vendor/qcom/proprietary/adsprpc/src/apps_std_imp.c:851: Successfully opened file
/mnt/vendor/persist/sensors/registry/registry/sns_hw_revision
03-26 13:22:11.247 I/SDM ( 1095): HWInfoDRM::GetHWRotatorInfo: V4L2 Rotator:
Count = 0, Downscale = 0, Min_downscale = 2.000000,Downscale_compression = 0,
Max_line_width = 0
03-26 13:22:11.247 I/SDM ( 1095): HWInfoDRM::GetHWResourceInfo: Has Support for
multiple bw limits shown below
03-26 13:22:11.247 I/SDM ( 1095): HWInfoDRM::GetHWResourceInfo: Mode-index=0
total_bw_limit=15500000 and pipe_bw_limit=5200000
03-26 13:22:11.247 I/SDM ( 1095): HWInfoDRM::GetHWResourceInfo: Mode-index=1
total_bw_limit=11800000 and pipe_bw_limit=3900000
03-26 13:22:11.247 I/SDM ( 1095): PipeAllocDrm::Init: Smart DMA: Enabled
03-26 13:22:11.247 I/SDM ( 1095): PipeAllocDrm::Init: Pipe Priority Order:
Disabled
03-26 13:22:11.247 I/SDM ( 1095): PipeAllocDrm::Init: Prefer multirect Disabled
03-26 13:22:11.247 I/SDM ( 1095): PipeAllocDrm::Init: pipe->type = 1 Real
pipe_id = 73 priority = 0 tonemap = 1
03-26 13:22:11.247 I/SDM ( 1095): PipeAllocDrm::Init: pipe->type = 1 Real
pipe_id = 93 priority = 1 tonemap = 1
03-26 13:22:11.247 I/SDM ( 1095): PipeAllocDrm::Init: pipe->type = 1 Real
pipe_id = 96 priority = 2 tonemap = 1
03-26 13:22:11.247 I/SDM ( 1095): PipeAllocDrm::Init: pipe->type = 1 Real
pipe_id = 99 priority = 3 tonemap = 1
03-26 13:22:11.247 I/SDM ( 1095): PipeAllocDrm::Init: pipe->type = 3 Real
pipe_id = 102 priority = 4 tonemap = 2
03-26 13:22:11.247 I/SDM ( 1095): PipeAllocDrm::Init: pipe->type = 3 Real
pipe_id = 108 priority = 5 tonemap = 2
03-26 13:22:11.247 I/SDM ( 1095): PipeAllocDrm::Init: pipe->type = 3 Real
pipe_id = 111 priority = 6 tonemap = 2
03-26 13:22:11.247 I/SDM ( 1095): PipeAllocDrm::Init: pipe->type = 3 Real
pipe_id = 114 priority = 7 tonemap = 2
03-26 13:22:11.247 I/SDM ( 1095): PipeAllocDrm::Init: pipe->type = 3 Virtual
pipe_id = 117 priority = 8 tonemap = 2
03-26 13:22:11.247 I/SDM ( 1095): PipeAllocDrm::Init: pipe->type = 3 Virtual
pipe_id = 121 priority = 9 tonemap = 2
03-26 13:22:11.247 I/SDM ( 1095): PipeAllocDrm::Init: pipe->type = 3 Virtual
pipe_id = 124 priority = 10 tonemap = 2
03-26 13:22:11.247 I/SDM ( 1095): PipeAllocDrm::Init: pipe->type = 3 Virtual
pipe_id = 127 priority = 11 tonemap = 2
03-26 13:22:11.247 I/SDM ( 1095): PipeAllocDrm::Init: pipe->type = 3 Virtual
pipe_id = 130 priority = 12 tonemap = 0
03-26 13:22:11.247 I/SDM ( 1095): PipeAllocDrm::Init: pipe->type = 3 Virtual
pipe_id = 133 priority = 13 tonemap = 0
03-26 13:22:11.247 I/SDM ( 1095): PipeAllocDrm::Init: pipe->type = 3 Virtual
pipe_id = 136 priority = 14 tonemap = 0
03-26 13:22:11.247 I/SDM ( 1095): PipeAllocDrm::Init: pipe->type = 3 Virtual
pipe_id = 139 priority = 15 tonemap = 0
03-26 13:22:11.248 I/heimdall( 1209): update_proc_tgid:436, put (415) in root memcg
03-26 13:22:11.248 I/sscrpcd ( 747):
vendor/qcom/proprietary/adsprpc/src/apps_std_imp.c:851: Successfully opened file
/mnt/vendor/persist/sensors/registry/registry/default_sensors.motion_detect
03-26 13:22:11.248 I/heimdall( 1209): update_proc_tgid:436, put (416) in root memcg
03-26 13:22:11.248 I/heimdall( 1209): update_proc_tgid:436, put (417) in root memcg
03-26 13:22:11.248 I/sscrpcd ( 747):
vendor/qcom/proprietary/adsprpc/src/apps_std_imp.c:851: Successfully opened file
/mnt/vendor/persist/sensors/registry/registry/default_sensors.motion_detect
03-26 13:22:11.248 I/heimdall( 1209): update_proc_tgid:436, put (418) in root memcg
03-26 13:22:11.248 I/heimdall( 1209): update_proc_tgid:436, put (419) in root memcg
03-26 13:22:11.248 I/SDM ( 1095): PipeAllocDrm::Init: Registered Total Pipes =
16 SDma/virtual_pipes = 8
03-26 13:22:11.249 I/heimdall( 1209): update_proc_tgid:436, put (420) in root memcg
03-26 13:22:11.249 I/SDM ( 1095): PipeAllocDrm::Init: pipe->type=3 Real pipe_id
=114
03-26 13:22:11.249 I/SDM ( 1095): PipeAllocDrm::Init: pipe->type=3 Real pipe_id
=111
03-26 13:22:11.249 I/SDM ( 1095): PipeAllocDrm::Init: pipe->type=3 Real pipe_id
=108
03-26 13:22:11.249 I/SDM ( 1095): PipeAllocDrm::Init: pipe->type=3 Real pipe_id
=102
03-26 13:22:11.249 I/SDM ( 1095): PipeAllocDrm::Init: pipe->type=1 Real pipe_id
=99
03-26 13:22:11.249 I/SDM ( 1095): PipeAllocDrm::Init: pipe->type=1 Real pipe_id
=96
03-26 13:22:11.249 I/SDM ( 1095): PipeAllocDrm::Init: pipe->type=1 Real pipe_id
=93
03-26 13:22:11.249 I/SDM ( 1095): PipeAllocDrm::Init: pipe->type=1 Real pipe_id
=73
03-26 13:22:11.249 I/SDM ( 1095): PipeAllocDrm::Init: pipe->type=3 Virtual
pipe_id =117
03-26 13:22:11.249 I/SDM ( 1095): PipeAllocDrm::Init: pipe->type=3 Virtual
pipe_id =121
03-26 13:22:11.249 I/SDM ( 1095): PipeAllocDrm::Init: pipe->type=3 Virtual
pipe_id =124
03-26 13:22:11.249 I/SDM ( 1095): PipeAllocDrm::Init: pipe->type=3 Virtual
pipe_id =127
03-26 13:22:11.249 I/SDM ( 1095): PipeAllocDrm::Init: pipe->type=3 Virtual
pipe_id =130
03-26 13:22:11.249 I/SDM ( 1095): PipeAllocDrm::Init: pipe->type=3 Virtual
pipe_id =133
03-26 13:22:11.249 I/SDM ( 1095): PipeAllocDrm::Init: pipe->type=3 Virtual
pipe_id =136
03-26 13:22:11.249 I/SDM ( 1095): PipeAllocDrm::Init: pipe->type=3 Virtual
pipe_id =139
03-26 13:22:11.249 I/heimdall( 1209): update_proc_tgid:436, put (421) in root memcg
03-26 13:22:11.249 I/heimdall( 1209): update_proc_tgid:436, put (422) in root memcg
03-26 13:22:11.249 I/heimdall( 1209): update_proc_tgid:436, put (423) in root memcg
03-26 13:22:11.249 I/heimdall( 1209): update_proc_tgid:436, put (424) in root memcg
03-26 13:22:11.249 I/sscrpcd ( 747):
vendor/qcom/proprietary/adsprpc/src/apps_std_imp.c:851: Successfully opened file
/mnt/vendor/persist/sensors/registry/registry/lsm6dso_0_platform.ff
03-26 13:22:11.249 I/heimdall( 1209): update_proc_tgid:436, put (425) in root memcg
03-26 13:22:11.250 I/heimdall( 1209): update_proc_tgid:436, put (426) in root memcg
03-26 13:22:11.250 I/QC2V4l2CodecPlugin( 1124): getSupportedCodecs
03-26 13:22:11.250 W/QC2V4l2CodecPlugin( 1124): Skipping V4L2 Codec
c2.qti.mpeg2.decoder as it is not listed in json
03-26 13:22:11.250 I/QC2Registry( 1124): Plugin qc2_v4l2 (v-0) has 14 codecs
03-26 13:22:11.250 I/QC2Registry( 1124): Added Factory[0xf7005010] for
c2.qti.avc.decoder
03-26 13:22:11.250 I/sscrpcd ( 747):
vendor/qcom/proprietary/adsprpc/src/apps_std_imp.c:851: Successfully opened file
/mnt/vendor/persist/sensors/registry/registry/lsm6dso_0_platform.ff
03-26 13:22:11.250 I/QC2Registry( 1124): Added codec c2.qti.avc.decoder
03-26 13:22:11.250 I/QC2Registry( 1124): Added Factory[0xf7004a50] for
c2.qti.avc.decoder.low_latency
03-26 13:22:11.250 I/QC2Registry( 1124): Added codec
c2.qti.avc.decoder.low_latency
03-26 13:22:11.250 I/QC2Registry( 1124): Added Factory[0xf7004c10] for
c2.qti.avc.decoder.secure
03-26 13:22:11.250 I/QC2Registry( 1124): Added codec
c2.qti.avc.decoder.secure
03-26 13:22:11.250 I/QC2Registry( 1124): Added Factory[0xf7004ed0] for
c2.qti.hevc.decoder
03-26 13:22:11.250 I/QC2Registry( 1124): Added codec c2.qti.hevc.decoder
03-26 13:22:11.250 I/QC2Registry( 1124): Added Factory[0xf7004b10] for
c2.qti.hevc.decoder.low_latency
03-26 13:22:11.250 I/QC2Registry( 1124): Added codec
c2.qti.hevc.decoder.low_latency
03-26 13:22:11.250 I/QC2Registry( 1124): Added Factory[0xf70050d0] for
c2.qti.hevc.decoder.secure
03-26 13:22:11.250 I/QC2Registry( 1124): Added codec
c2.qti.hevc.decoder.secure
03-26 13:22:11.250 I/QC2Registry( 1124): Added Factory[0xf7004910] for
c2.qti.vp9.decoder
03-26 13:22:11.250 I/QC2Registry( 1124): Added codec c2.qti.vp9.decoder
03-26 13:22:11.250 I/QC2Registry( 1124): Added Factory[0xf7005110] for
c2.qti.vp9.decoder.secure
03-26 13:22:11.250 I/heimdall( 1209): update_proc_tgid:436, put (427) in root memcg
03-26 13:22:11.250 I/QC2Registry( 1124): Added codec
c2.qti.vp9.decoder.secure
03-26 13:22:11.250 I/QC2Registry( 1124): Added Factory[0xf7004790] for
c2.qti.avc.encoder
03-26 13:22:11.250 I/QC2Registry( 1124): Added codec c2.qti.avc.encoder
03-26 13:22:11.250 I/QC2Registry( 1124): Added Factory[0xf7004ad0] for
c2.qti.avc.encoder.secure
03-26 13:22:11.250 I/QC2Registry( 1124): Added codec
c2.qti.avc.encoder.secure
03-26 13:22:11.250 I/QC2Registry( 1124): Added Factory[0xf70052d0] for
c2.qti.hevc.encoder
03-26 13:22:11.250 I/QC2Registry( 1124): Added codec c2.qti.hevc.encoder
03-26 13:22:11.250 I/QC2Registry( 1124): Added Factory[0xf7005cd0] for
c2.qti.hevc.encoder.secure
03-26 13:22:11.250 I/QC2Registry( 1124): Added codec
c2.qti.hevc.encoder.secure
03-26 13:22:11.250 I/QC2Registry( 1124): Added Factory[0xf7005050] for
c2.qti.hevc.encoder.cq
03-26 13:22:11.250 I/QC2Registry( 1124): Added codec c2.qti.hevc.encoder.cq
03-26 13:22:11.250 I/QC2Registry( 1124): Added Factory[0xf7004610] for
c2.qti.heic.encoder
03-26 13:22:11.250 I/QC2Registry( 1124): Added codec c2.qti.heic.encoder
03-26 13:22:11.250 I/heimdall( 1209): update_proc_tgid:436, put (428) in root memcg
03-26 13:22:11.250 I/heimdall( 1209): update_proc_tgid:436, put (429) in root memcg
03-26 13:22:11.250 I/heimdall( 1209): update_proc_tgid:436, put (430) in root memcg
03-26 13:22:11.250 I/heimdall( 1209): update_proc_tgid:436, put (431) in root memcg
03-26 13:22:11.250 I/heimdall( 1209): update_proc_tgid:436, put (432) in root memcg
03-26 13:22:11.251 I/heimdall( 1209): update_proc_tgid:436, put (433) in root memcg
03-26 13:22:11.251 I/heimdall( 1209): update_proc_tgid:436, put (434) in root memcg
03-26 13:22:11.251 I/heimdall( 1209): update_proc_tgid:436, put (435) in root memcg
03-26 13:22:11.251 I/sscrpcd ( 747):
vendor/qcom/proprietary/adsprpc/src/apps_std_imp.c:851: Successfully opened file
/mnt/vendor/persist/sensors/registry/registry/sns_irq
03-26 13:22:11.251 I/heimdall( 1209): update_proc_tgid:436, put (436) in root memcg
03-26 13:22:11.251 I/sscrpcd ( 747):
vendor/qcom/proprietary/adsprpc/src/apps_std_imp.c:851: Successfully opened file
/mnt/vendor/persist/sensors/registry/registry/sns_irq
03-26 13:22:11.252 I/heimdall( 1209): update_proc_tgid:436, put (437) in root memcg
03-26 13:22:11.252 I/heimdall( 1209): update_proc_tgid:436, put (438) in root memcg
03-26 13:22:11.252 I/SDM ( 1095): QOSParserImpl::ParseXML: Successfully opened
XML file /vendor/etc/display/DPU7__.xml
03-26 13:22:11.252 I/heimdall( 1209): update_proc_tgid:436, put (439) in root memcg
03-26 13:22:11.252 I/heimdall( 1209): update_proc_tgid:436, put (440) in root memcg
03-26 13:22:11.252 I/heimdall( 1209): update_proc_tgid:436, put (441) in root memcg
03-26 13:22:11.252 I/heimdall( 1209): update_proc_tgid:436, put (442) in root memcg
03-26 13:22:11.252 I/heimdall( 1209): update_proc_tgid:436, put (443) in root memcg
03-26 13:22:11.252 I/heimdall( 1209): update_proc_tgid:436, put (444) in root memcg
03-26 13:22:11.253 I/heimdall( 1209): update_proc_tgid:436, put (445) in root memcg
03-26 13:22:11.253 I/SDM ( 1095): CpuHintsInterface::Init: cpu hint init done 1
03-26 13:22:11.253 D/SDM ( 1095): ToneMapConfigFactory::Create: Creating
ToneMapConfigImpl
03-26 13:22:11.253 I/SDM ( 1095): CpuHintsInterface::Init: cpu hint init done 1
03-26 13:22:11.253 I/heimdall( 1209): update_proc_tgid:436, put (446) in root memcg
03-26 13:22:11.253 I/heimdall( 1209): update_proc_tgid:436, put (447) in root memcg
03-26 13:22:11.253 I/heimdall( 1209): update_proc_tgid:436, put (448) in root memcg
03-26 13:22:11.254 I/heimdall( 1209): update_proc_tgid:436, put (449) in root memcg
03-26 13:22:11.254 I/heimdall( 1209): update_proc_tgid:436, put (450) in root memcg
03-26 13:22:11.254 I/heimdall( 1209): update_proc_tgid:436, put (451) in root memcg
03-26 13:22:11.254 I/heimdall( 1209): update_proc_tgid:436, put (452) in root memcg
03-26 13:22:11.254 I/heimdall( 1209): update_proc_tgid:436, put (453) in root memcg
03-26 13:22:11.254 I/heimdall( 1209): update_proc_tgid:436, put (454) in root memcg
03-26 13:22:11.254 I/heimdall( 1209): update_proc_tgid:436, put (455) in root memcg
03-26 13:22:11.255 I/heimdall( 1209): update_proc_tgid:436, put (456) in root memcg
03-26 13:22:11.255 I/STAR_HAL( 1070): ese_hal_reset
03-26 13:22:11.255 I/heimdall( 1209): update_proc_tgid:436, put (457) in root memcg
03-26 13:22:11.255 I/sscrpcd ( 747):
vendor/qcom/proprietary/adsprpc/src/apps_std_imp.c:851: Successfully opened file
/mnt/vendor/persist/sensors/registry/registry/lps22hh_0.presssure
03-26 13:22:11.255 I/heimdall( 1209): update_proc_tgid:436, put (458) in root memcg
03-26 13:22:11.255 I/sscrpcd ( 747):
vendor/qcom/proprietary/adsprpc/src/apps_std_imp.c:851: Successfully opened file
/mnt/vendor/persist/sensors/registry/registry/lps22hh_0.presssure
03-26 13:22:11.255 I/SDM ( 1095): HWInfoDRM::GetDisplaysStatus: display: 33-
2, connected: true, primary: false
03-26 13:22:11.256 I/SDM ( 1095): HWInfoDRM::GetDisplaysStatus: display: 55-
0, connected: true, primary: true
03-26 13:22:11.256 I/SDM ( 1095): HWInfoDRM::GetDisplaysStatus: display: 65-
1, connected: false, primary: false
03-26 13:22:11.256 I/SDM ( 1095): CoreInterface::CreateCore: Open interface
handle = 0x767bbcbd50
03-26 13:22:11.256 I/SDM ( 1095): HWInfoDRM::GetMaxDisplaysSupported: Max 4
concurrent displays.
03-26 13:22:11.256 I/SDM ( 1095): HWInfoDRM::GetMaxDisplaysSupported: Max 1
concurrent displays of type 0 (BuiltIn).
03-26 13:22:11.256 I/SDM ( 1095): HWInfoDRM::GetMaxDisplaysSupported: Max 2
concurrent displays of type 1 (Pluggable).
03-26 13:22:11.256 I/SDM ( 1095): HWInfoDRM::GetMaxDisplaysSupported: Max 1
concurrent displays of type 2 (Virtual).
03-26 13:22:11.256 I/SDM ( 1095): HWCSession::Init: Initializing supported
display slots...done!
03-26 13:22:11.256 I/SDM ( 1095): HWCSession::Init: Creating the Primary
display
03-26 13:22:11.256 I/heimdall( 1209): update_proc_tgid:436, put (459) in root memcg
03-26 13:22:11.256 I/heimdall( 1209): update_proc_tgid:436, put (460) in root memcg
03-26 13:22:11.256 I/heimdall( 1209): update_proc_tgid:436, put (461) in root memcg
03-26 13:22:11.256 I/heimdall( 1209): update_proc_tgid:436, put (462) in root memcg
03-26 13:22:11.256 I/heimdall( 1209): update_proc_tgid:436, put (463) in root memcg
03-26 13:22:11.256 I/heimdall( 1209): update_proc_tgid:436, put (464) in root memcg
03-26 13:22:11.256 I/heimdall( 1209): update_proc_tgid:436, put (465) in root memcg
03-26 13:22:11.256 I/heimdall( 1209): update_proc_tgid:436, put (466) in root memcg
03-26 13:22:11.256 I/heimdall( 1209): update_proc_tgid:436, put
/system/bin/init(469) in root memcg
03-26 13:22:11.256 I/heimdall( 1209): update_proc_tgid:436, put
/system/bin/ueventd(471) in root memcg
03-26 13:22:11.256 I/heimdall( 1209): update_proc_tgid:436, put (486) in root memcg
03-26 13:22:11.256 I/heimdall( 1209): update_proc_tgid:436, put (487) in root memcg
03-26 13:22:11.256 I/heimdall( 1209): update_proc_tgid:436, put (488) in root memcg
03-26 13:22:11.256 I/heimdall( 1209): update_proc_tgid:436, put (489) in root memcg
03-26 13:22:11.256 I/heimdall( 1209): update_proc_tgid:436, put (490) in root memcg
03-26 13:22:11.256 I/heimdall( 1209): update_proc_tgid:436, put (491) in root memcg
