/vendor/etc/sensors/config/faroe_vertigo_ak991x_0.json
03-26 13:22:11.301 I/sscrpcd ( 747):
vendor/qcom/proprietary/adsprpc/src/apps_std_imp.c:851: Successfully opened file
/vendor/etc/sensors/config/faroe_vertigo_lsm6dst_1.json
03-26 13:22:11.301 I/SDM ( 1095): HWCSession::CreatePrimaryDisplay: Created
primary display type = 0, sdm id = 55, client id = 0
03-26 13:22:11.301 I/heimdall( 1209): update_proc_tgid:436, put getprop(1321) in
root memcg
03-26 13:22:11.302 I/SDM ( 1095): HWCColorManager::CreateColorManager:
Successfully loaded libsdm-disp-vndapis.so
03-26 13:22:11.302 I/sscrpcd ( 747):
vendor/qcom/proprietary/adsprpc/src/apps_std_imp.c:851: Successfully opened file
/vendor/etc/sensors/config/faroe_idp_lsm6dst_1.json
03-26 13:22:11.302 I/sscrpcd ( 747):
vendor/qcom/proprietary/adsprpc/src/apps_std_imp.c:851: Successfully opened file
/vendor/etc/sensors/config/sns_cm.json
03-26 13:22:11.303 I/sscrpcd ( 747):
vendor/qcom/proprietary/adsprpc/src/apps_std_imp.c:851: Successfully opened file
/vendor/etc/sensors/config/sns_tilt_sw_disabled.json
03-26 13:22:11.303 I/sscrpcd ( 747):
vendor/qcom/proprietary/adsprpc/src/apps_std_imp.c:851: Successfully opened file
/vendor/etc/sensors/config/faroe_ak991x_0.json
03-26 13:22:11.303 E/Diag_Lib( 1095): diag:failed to connect to diag socket
03-26 13:22:11.304 E/Diag_Lib( 1095): Diag_LSM_Init: Failed to open handle to diag
driver, error = 25
03-26 13:22:11.304 E/Diag_Lib( 1095): diag: Diag_LSM_DeInit invoked for pid: 1095
03-26 13:22:11.304 E/Diag_Lib( 1095): diag: Diag_LSM_DeInit done for pid: 1095
03-26 13:22:11.304 I/SDM ( 1095): HWCColorManager::CreateColorManager:
Successfully loaded libsdm-disp-vndapis.so and libsdm-diag.so and diag_init'ed
03-26 13:22:11.304 I/SDM ( 1095): HWCSession::Init: Creating the Primary
display...done!
03-26 13:22:11.304 I/sscrpcd ( 747):
vendor/qcom/proprietary/adsprpc/src/apps_std_imp.c:851: Successfully opened file
/vendor/etc/sensors/config/sns_diag_filter.json
03-26 13:22:11.304 I/HidlServiceManagement( 1095): Registered
[email protected]::IDisplayConfig/default (start delay of 455ms)
03-26 13:22:11.304 I/sscrpcd ( 747):
vendor/qcom/proprietary/adsprpc/src/apps_std_imp.c:851: Successfully opened file
/vendor/etc/sensors/config/sns_amd.json
03-26 13:22:11.305 I/SDM ( 1095): HWCSession::StartServices: IDisplayConfig
service registration completed.
03-26 13:22:11.305 I/SDM ( 1095): HWCDisplayBuiltIn::InitLayerStitch: Layer
Stitch Disabled !!!
03-26 13:22:11.305 I/SDM ( 1095): HWCSession::Init: Initializing
HWCSession...done!
03-26 13:22:11.305 I/SDM ( 1095): Successfully initialized HWCSession, creating
QtiComposer
03-26 13:22:11.305 I/SDM ( 1095): Initializing QtiComposer...done!
03-26 13:22:11.305 I/SDM ( 1095): Configuring RPC threadpool
03-26 13:22:11.305 I/SDM ( 1095): Configuring RPC threadpool...done!
03-26 13:22:11.305 I/SDM ( 1095): Registering Display HW Composer HAL as a
service
03-26 13:22:11.305 I/sscrpcd ( 747):
vendor/qcom/proprietary/adsprpc/src/apps_std_imp.c:851: Successfully opened file
/vendor/etc/sensors/config/sns_mag_cal.json
03-26 13:22:11.305 I/HidlServiceManagement( 1095): Registered
[email protected]::IQtiComposer/default (start delay of
456ms)
03-26 13:22:11.305 I/HidlServiceManagement( 1095): Removing namespace from process
name vendor.qti.hardware.display.composer-service to composer-service.
03-26 13:22:11.305 I/heimdall( 1209): update_proc_tgid:436, put
/vendor/bin/hw/vendor.qti.hardware.display.composer-service(1095) in root memcg
03-26 13:22:11.305 I/SDM ( 1095): Registering Display HW Composer HAL as a
service...done!
03-26 13:22:11.305 I/SDM ( 1095): Joining RPC threadpool...
03-26 13:22:11.305 I/sscrpcd ( 747):
vendor/qcom/proprietary/adsprpc/src/apps_std_imp.c:851: Successfully opened file
/vendor/etc/sensors/config/lahaina_ak991x_1.json
03-26 13:22:11.305 I/hw-BpHwBinder( 669): onLastStrongRef automatically unlinking
death recipients
03-26 13:22:11.306 I/libdisplayconfigqti( 1095): Register client name:
SurfaceFlinger01215 device client: 0x758bbc6640
03-26 13:22:11.306 I/sscrpcd ( 747):
vendor/qcom/proprietary/adsprpc/src/apps_std_imp.c:851: Successfully opened file
/vendor/etc/sensors/config/lsm6dso_0.json
03-26 13:22:11.306 I/SurfaceFlinger( 1215): enable_qsync_idle, ret:-22 value:
03-26 13:22:11.306 I/sscrpcd ( 747):
vendor/qcom/proprietary/adsprpc/src/apps_std_imp.c:851: Successfully opened file
/vendor/etc/sensors/config/faroe_default_sensors.json
03-26 13:22:11.307 E/SurfaceFlinger( 1215): DisplayConfig AIDL is not present
03-26 13:22:11.307 I/sscrpcd ( 747):
vendor/qcom/proprietary/adsprpc/src/apps_std_imp.c:851: Successfully opened file
/vendor/etc/sensors/config/faroe_qrd_ak991x_0.json
03-26 13:22:11.307 I/sscrpcd ( 747):
vendor/qcom/proprietary/adsprpc/src/apps_std_imp.c:851: Successfully opened file
/vendor/etc/sensors/config/faroe_lsm6dst_1.json
03-26 13:22:11.308 I/sscrpcd ( 747):
vendor/qcom/proprietary/adsprpc/src/apps_std_imp.c:851: Successfully opened file
/vendor/etc/sensors/config/faroe_lps22hh_0.json
03-26 13:22:11.308 I/SurfaceFlinger( 1215): SurfaceFlinger's main thread ready to
run. Initializing graphics H/W...
03-26 13:22:11.309 W/surfaceflinger( 1215): ComposerExtnImpl::CreateFrameScheduler:
Frame scheduler extension property is disabled
03-26 13:22:11.309 I/SurfaceFlinger( 1215): Unable to create frame scheduler
extension
03-26 13:22:11.309 I/sscrpcd ( 747):
vendor/qcom/proprietary/adsprpc/src/apps_std_imp.c:851: Successfully opened file
/vendor/etc/sensors/config/lahaina_power_0.json
03-26 13:22:11.310 I/sscrpcd ( 747):
vendor/qcom/proprietary/adsprpc/src/apps_std_imp.c:851: Successfully opened file
/vendor/etc/sensors/config/sns_amd_sw_disabled.json
03-26 13:22:11.310 I/surfaceflinger( 1215): DisplayExtnImpl::Init: Perf 2.2 is
supported
03-26 13:22:11.310 I/hermesd ( 1070): hermes_command_handler.cpp(662)
HermesCommandHandler grdg_getPersistentCredential ret=0, read 359
03-26 13:22:11.310 I/hermesd ( 1070): hermes_command_handler.cpp(849)
HermesCommandHandler HERMES_CMD_DEINIT_HW, hc=0x0
03-26 13:22:11.310 I/STAR_HAL( 1070): ese_hal_close
03-26 13:22:11.310 D/hwvault_tee( 1070): [DBG] (nwd_hwvault_api.cpp:336)
hwvault_verify_get_response start
03-26 13:22:11.310 I/sscrpcd ( 747):
vendor/qcom/proprietary/adsprpc/src/apps_std_imp.c:851: Successfully opened file
/vendor/etc/sensors/config/faroe_dynamic_sensors.json
03-26 13:22:11.311 I/libdisplayconfigqti( 1095): Register client name:
display_extension1215 device client: 0x758bbc8860
03-26 13:22:11.311 I/sscrpcd ( 747):
vendor/qcom/proprietary/adsprpc/src/apps_std_imp.c:851: Successfully opened file
/vendor/etc/sensors/config/sns_tilt_sw_enabled.json
03-26 13:22:11.311 I/SurfaceFlinger( 1215): Init: mDisplayExtnIntf: 0x7846f2a600
03-26 13:22:11.311 D/RenderEngine( 1215): Threaded RenderEngine with SkiaGL Backend
03-26 13:22:11.311 I/sscrpcd ( 747):
vendor/qcom/proprietary/adsprpc/src/apps_std_imp.c:851: Successfully opened file
/vendor/etc/sensors/config/sns_fmv.json
03-26 13:22:11.312 I/sscrpcd ( 747):
vendor/qcom/proprietary/adsprpc/src/apps_std_imp.c:851: Successfully opened file
/vendor/etc/sensors/config/sns_rotv.json
03-26 13:22:11.313 I/sscrpcd ( 747):
vendor/qcom/proprietary/adsprpc/src/apps_std_imp.c:851: Successfully opened file
/vendor/etc/sensors/config/faroe_tmd3702_0.json
03-26 13:22:11.313 I/sscrpcd ( 747):
vendor/qcom/proprietary/adsprpc/src/apps_std_imp.c:851: Successfully opened file
/vendor/etc/sensors/config/lahaina_hdk_lsm6dst_1.json
03-26 13:22:11.314 I/sscrpcd ( 747):
vendor/qcom/proprietary/adsprpc/src/apps_std_imp.c:851: Successfully opened file
/vendor/etc/sensors/config/sns_amd_sw_enabled.json
03-26 13:22:11.314 I/sscrpcd ( 747):
vendor/qcom/proprietary/adsprpc/src/apps_std_imp.c:851: Successfully opened file
/vendor/etc/sensors/config/faroe_qrd_sx932x_0.json
03-26 13:22:11.315 I/libdisplayconfigqti( 1095): Register client name:
SurfaceFlinger01215 device client: 0x758bbc8c80
03-26 13:22:11.315 I/HwcComposer( 1215): enable_allow_idle_fallback, ret:-22 value:
03-26 13:22:11.316 I/SDM ( 1095): HWCSession::RegisterCallback: Registering
callback: Hotplug
03-26 13:22:11.316 I/SDM ( 1095): HWCSession::RegisterCallback: Hotplugging
primary...
03-26 13:22:11.316 I/SurfaceFlinger( 1215): onComposerHalHotplug(0, connected)
03-26 13:22:11.316 I/HWComposer( 1215): Switching to generalized multi-display mode
03-26 13:22:11.316 W/DisplayIdentification( 1215): Invalid EDID: falling back to
serial number due to missing display name.
03-26 13:22:11.316 W/DisplayIdentification( 1215): Invalid EDID: falling back to
ASCII text due to missing serial number.
03-26 13:22:11.317 I/heimdall( 1209): update_proc_tgid:436, put getprop(1327) in
root memcg
03-26 13:22:11.317 D/libEGL ( 1215): loaded /vendor/lib64/egl/libEGL_adreno.so
03-26 13:22:11.317 W/EventThread( 1215): Ignoring VSYNC request while display is
disconnected
03-26 13:22:11.317 W/EventThread( 1215): Ignoring VSYNC request while display is
disconnected
03-26 13:22:11.317 W/EventThread( 1215): Ignoring VSYNC request while display is
disconnected
03-26 13:22:11.317 I/Scheduler( 1215): DisplayModeChanged : 0
03-26 13:22:11.317 W/EventThread( 1215): Ignoring VSYNC request while display is
disconnected
03-26 13:22:11.317 W/EventThread( 1215): Ignoring VSYNC request while display is
disconnected
03-26 13:22:11.318 I/libdisplayconfigqti( 1095): Register client name: 1215 device
client: 0x758bbc60a0
03-26 13:22:11.318 I/CompositionEngine( 1215): Display::setConfiguration:
mDisplayExtnIntf: 0x7846f2a600
03-26 13:22:11.318 I/SDM ( 1095): HWCColorModeStc::GetColorModeCount: Supported
color mode count = 3
03-26 13:22:11.318 I/SDM ( 1095): HWCColorModeStc::GetColorModes: Color mode =
0 is supported
03-26 13:22:11.318 I/SDM ( 1095): HWCColorModeStc::GetColorModes: Color mode =
7 is supported
03-26 13:22:11.318 I/SDM ( 1095): HWCColorModeStc::GetColorModes: Color mode =
9 is supported
03-26 13:22:11.318 I/SDM ( 1095): HWCColorModeStc::GetRenderIntentCount: mode:
0 supported rendering intent count = 1
03-26 13:22:11.318 I/SDM ( 1095): HWCColorModeStc::GetRenderIntents: Color mode
= 0 is supported with render intent = 0
03-26 13:22:11.318 I/SDM ( 1095): HWCColorModeStc::GetRenderIntentCount: mode:
7 supported rendering intent count = 2
03-26 13:22:11.318 I/SDM ( 1095): HWCColorModeStc::GetRenderIntents: Color mode
= 7 is supported with render intent = 0
03-26 13:22:11.318 I/SDM ( 1095): HWCColorModeStc::GetRenderIntents: Color mode
= 7 is supported with render intent = 256
03-26 13:22:11.318 I/SDM ( 1095): HWCColorModeStc::GetRenderIntentCount: mode:
9 supported rendering intent count = 6
03-26 13:22:11.318 I/SDM ( 1095): HWCColorModeStc::GetRenderIntents: Color mode
= 9 is supported with render intent = 0
03-26 13:22:11.318 I/SDM ( 1095): HWCColorModeStc::GetRenderIntents: Color mode
= 9 is supported with render intent = 260
03-26 13:22:11.318 I/SDM ( 1095): HWCColorModeStc::GetRenderIntents: Color mode
= 9 is supported with render intent = 261
03-26 13:22:11.319 I/SDM ( 1095): HWCColorModeStc::GetRenderIntents: Color mode
= 9 is supported with render intent = 262
03-26 13:22:11.319 I/SDM ( 1095): HWCColorModeStc::GetRenderIntents: Color mode
= 9 is supported with render intent = 263
03-26 13:22:11.319 I/SDM ( 1095): HWCColorModeStc::GetRenderIntents: Color mode
= 9 is supported with render intent = 264
03-26 13:22:11.319 W/hwvault_tee( 1070): [WRN] (nwd_hwvault_api.cpp:223) TA:
hwvault [INF] (swd_hv_verify_get_res:578) verify req persistent=1,
encrypted_credential->len=359
03-26 13:22:11.319 W/hwvault_tee( 1070): [WRN] (nwd_hwvault_api.cpp:223) TA:
hwvault [INF] (set_cached_cred:347) set_cached_cred id=0, persistent=1, ret=0
03-26 13:22:11.319 W/hwvault_tee( 1070): [WRN] (nwd_hwvault_api.cpp:223) TA:
hwvault [INF] (tz_process_command:86) HV_TZ_CMD_VERIFY_RESPONSE_FOR_SECNVM_GET ret
0, cmd ret 0
03-26 13:22:11.319 I/hwvault_tee( 1070): [INFO] (nwd_hwvault_api.cpp:354)
hwvault_verify_get_response ret 0
03-26 13:22:11.319 I/hermesd ( 1070): hermes_credential_storage_helper.cpp(490)
get_credential start index=1, persistent=1
03-26 13:22:11.327 I/heimdall( 1209): update_proc_tgid:436, put getprop(1338) in
root memcg
03-26 13:22:11.328 I/GRDG_COMMON( 1070): grdg_deinit
03-26 13:22:11.328 I/hermesd ( 1070): hermes_command_handler.cpp(572)
HermesCommandHandler HERMES_CMD_SECNVM_GET_RANDOM_NONCE state=0, hc=0x0
03-26 13:22:11.328 I/GRDG_COMMON( 1070): MW VERSION (GRDG : 47010102)
03-26 13:22:11.328 I/STAR_HAL( 1070): ese_hal_open
03-26 13:22:11.329 D/libEGL ( 1215): loaded
/vendor/lib64/egl/libGLESv1_CM_adreno.so
03-26 13:22:11.330 E/ion ( 1093): ioctl c0044901 failed with code -1:
Inappropriate ioctl for device
03-26 13:22:11.331 D/libEGL ( 1215): loaded /vendor/lib64/egl/libGLESv2_adreno.so
03-26 13:22:11.335 I/heimdall( 1209): update_proc_tgid:436, put getprop(1339) in
root memcg
03-26 13:22:11.339 I/SurfaceFlinger( 1215): setPluggableVsyncPrioritized:
mGearVrManagerService is nullptr
03-26 13:22:11.340 D/DisplayDevice( 1215): setLayerStack : layerstack=-1,
DisplayDevice{4630947232161729154, internal, primary, ""}
03-26 13:22:11.340 I/SurfaceFlinger( 1215): Dispatching display hotplug event
displayId=4630947232161729154, connected=1
03-26 13:22:11.340 W/surfaceflinger( 1215): SpecFence::Init: Spec fence is not
supported.
03-26 13:22:11.340 E/surfaceflinger( 1215): DisplayExtnImpl::TryUnifiedDraw: Spec
fence is not supported on display 0
03-26 13:22:11.340 I/SDM ( 1095): HWCSession::RegisterCallback: Handling built-
in displays...
03-26 13:22:11.340 I/heimdall( 1209): update_proc_tgid:436, put getprop(1340) in
root memcg
03-26 13:22:11.340 I/SDM ( 1095): HWCSession::RegisterCallback: Handling
pluggable displays...
03-26 13:22:11.340 I/SDM ( 1095): HWCSession::HandlePluggableDisplays: Handling
hotplug...
03-26 13:22:11.341 I/SDM ( 1095): HWCSession::HandlePluggableDisplays: Handling
hotplug... Done.
03-26 13:22:11.341 I/SDM ( 1095): HWCSession::RegisterCallback: Registering
callback: Refresh
03-26 13:22:11.341 I/SDM ( 1095): HWCSession::RegisterCallback: Registering
callback: Vsync2.4
03-26 13:22:11.341 I/SDM ( 1095): HWCSession::RegisterCallback: Registering
callback: VsyncPeriodTimingChanged
03-26 13:22:11.341 I/SDM ( 1095): HWCSession::RegisterCallback: Registering
callback: SeamlessPossible
03-26 13:22:11.341 I/SurfaceFlinger( 1215): Enabling HAL virtual displays
03-26 13:22:11.341 I/SurfaceFlinger( 1215): IsAsyncVDSCreationSupported 0
03-26 13:22:11.341 W/SurfaceFlinger( 1215): Failed to set thread name on dispatch
thread
03-26 13:22:11.342 E/libEGL ( 1215): dlopen("libSEC_EGL.so") failed: dlopen
failed: library "libSEC_EGL.so" not found
03-26 13:22:11.343 I/AdrenoGLES-0( 1215): QUALCOMM build :
b25f720, I2fb6e682e6
03-26 13:22:11.343 I/AdrenoGLES-0( 1215): Build Date :
09/14/21
03-26 13:22:11.343 I/AdrenoGLES-0( 1215): OpenGL ES Shader Compiler Version:
EV031.35.01.09
03-26 13:22:11.343 I/AdrenoGLES-0( 1215): Local Branch :
CLDebug0914
03-26 13:22:11.343 I/AdrenoGLES-0( 1215): Remote Branch :
03-26 13:22:11.343 I/AdrenoGLES-0( 1215): Remote Branch :
03-26 13:22:11.343 I/AdrenoGLES-0( 1215): Reconstruct Branch :
03-26 13:22:11.343 I/AdrenoGLES-0( 1215): Build Config : S P
10.0.7 AArch64
03-26 13:22:11.343 I/AdrenoGLES-0( 1215): Driver Path :
/vendor/lib64/egl/libGLESv2_adreno.so
03-26 13:22:11.348 I/STAR_HAL( 1070): ese_hal_reset
03-26 13:22:11.351 I/heimdall( 1209): update_proc_tgid:436, put
/system/bin/bootanimation(1344) in root memcg
03-26 13:22:11.357 I/heimdall( 1209): update_proc_tgid:436, put
/system/bin/samsungpowersoundplay(1345) in root memcg
03-26 13:22:11.358 I/QC2V4l2Driver( 1124): [avcD_0] Device /dev/video32 opened with
fd: 7
03-26 13:22:11.360 I/QC2PipelineCodec( 1124): Init pipelineid=0 status=0
03-26 13:22:11.360 I/QC2PipelineCodec( 1124): Init pipelineid=1
03-26 13:22:11.360 I/QC2PipelinedEntity( 1124): pipelineid=101 instantiation
succeeded
03-26 13:22:11.360 I/QC2Filter( 1124): FUNCTION_BEGIN:init
03-26 13:22:11.360 I/QC2Filter( 1124): FUNCTION_BEGIN:handleInit
03-26 13:22:11.360 I/QC2ImageFormatFilter( 1124):
FUNCTION_BEGIN:setFilterOperatingMode
03-26 13:22:11.360 I/QC2ImageFormatFilter( 1124):
FUNCTION_END:setFilterOperatingMode TIME=0 ms
03-26 13:22:11.360 I/QC2ImageFormatFilter( 1124): FUNCTION_BEGIN:onInit
03-26 13:22:11.360 I/QC2ImageFormatFilter( 1124): mCodecName is
c2.qti.ImageFormat.filter session id is 0
03-26 13:22:11.360 I/QC2ImageFormatFilter( 1124): mInputMime is c2.qti.avc.decoder,
mOutputMime is
03-26 13:22:11.360 I/QC2ImageFormatFilter( 1124): FUNCTION_END:onInit TIME=0 ms
03-26 13:22:11.360 I/QC2Filter( 1124): FUNCTION_END:handleInit TIME=0 ms
03-26 13:22:11.360 I/QC2Filter( 1124): FUNCTION_END:init TIME=0 ms
03-26 13:22:11.360 I/QC2PipelineCodec( 1124): Init pipelineid=1 status=0
03-26 13:22:11.360 I/QC2PipelineCodec( 1124): getCapsHelpers internal
03-26 13:22:11.360 I/QC2PipelineCodec( 1124): getCapsHelpersInternal:
piplinedcodecs size=2
03-26 13:22:11.360 I/StandardCaps( 1124): PixelFormatOutputHelper:
03-26 13:22:11.360 I/StandardCaps( 1124): VENUS_NV12
03-26 13:22:11.360 I/StandardCaps( 1124): VENUS_NV12_UBWC
03-26 13:22:11.360 I/StandardCaps( 1124): VENUS_TP10
03-26 13:22:11.360 I/StandardCaps( 1124): VENUS_P010
03-26 13:22:11.360 I/StandardCaps( 1124): PictureSizeOutputHelper: min [96 96] max
[8192 8192] default [96 96]
03-26 13:22:11.360 I/StandardCaps( 1124): PictureSizeInputHelper: min [96 96] max
[8192 8192] default [96 96]
03-26 13:22:11.360 I/StandardCaps( 1124): MaxPictureSizeOutputHelper: min [96 96]
max [8192 8192] default [96 96]
03-26 13:22:11.360 I/StandardCaps( 1124): FrameRateInputHelper: min 1 max 960 step
0 default 30
03-26 13:22:11.360 I/StandardCaps( 1124): OperatingRateHelper: min 30, max 32767,
step 0, default 30
03-26 13:22:11.360 I/StandardCaps( 1124): ProfileLevelInputHelper: Profiles
03-26 13:22:11.361 I/StandardCaps( 1124): AVC_BP
03-26 13:22:11.361 I/StandardCaps( 1124): AVC_CBP
03-26 13:22:11.361 I/StandardCaps( 1124): AVC_MP
03-26 13:22:11.361 I/StandardCaps( 1124): AVC_HP
03-26 13:22:11.361 I/StandardCaps( 1124): AVC_CHP
03-26 13:22:11.361 I/StandardCaps( 1124): ProfileLevelInputHelper: Levels
03-26 13:22:11.361 I/StandardCaps( 1124): 1.0
03-26 13:22:11.361 I/StandardCaps( 1124): 1B
03-26 13:22:11.361 I/StandardCaps( 1124): 1.1
03-26 13:22:11.361 I/StandardCaps( 1124): 1.2
03-26 13:22:11.361 I/StandardCaps( 1124): 1.3
03-26 13:22:11.361 I/StandardCaps( 1124): 2.0
03-26 13:22:11.361 I/StandardCaps( 1124): 2.1
03-26 13:22:11.361 I/StandardCaps( 1124): 2.2
03-26 13:22:11.361 I/StandardCaps( 1124): 3.0
03-26 13:22:11.361 I/StandardCaps( 1124): 3.1
03-26 13:22:11.361 I/StandardCaps( 1124): 3.2
03-26 13:22:11.361 I/StandardCaps( 1124): 4.0
03-26 13:22:11.361 I/StandardCaps( 1124): 4.1
03-26 13:22:11.361 I/StandardCaps( 1124): 4.2
03-26 13:22:11.361 I/StandardCaps( 1124): 5.0
03-26 13:22:11.361 I/StandardCaps( 1124): 5.1
03-26 13:22:11.361 I/StandardCaps( 1124): 5.2
03-26 13:22:11.361 I/StandardCaps( 1124): 6.0
03-26 13:22:11.361 I/StandardCaps( 1124): 6.1
03-26 13:22:11.361 I/VendorCaps( 1124): RenderFrameRateOutputHelper: min 0 max 120
step 30 default 0
03-26 13:22:11.361 I/VendorCaps( 1124): VideoRefreshRateOutputHelper: min 0 max 120
step 1 default 60
03-26 13:22:11.361 I/QC2Filter( 1124): FUNCTION_BEGIN:getCapsHelpers
03-26 13:22:11.361 I/QC2ImageFormatFilter( 1124): FUNCTION_BEGIN:onGetCapsHelpers
03-26 13:22:11.361 I/QC2ImageFormatFilter( 1124): FUNCTION_END:onGetCapsHelpers
TIME=0 ms
03-26 13:22:11.361 I/QC2Filter( 1124): FUNCTION_END:getCapsHelpers TIME=0 ms
03-26 13:22:11.361 I/QC2PipelineCodec( 1124): capshelpers vectorId 0 inputDelay=0
03-26 13:22:11.361 I/QC2PipelinedEntity( 1124): pipelineid=100 inputDelay=0
03-26 13:22:11.361 I/QC2PipelineCodec( 1124): capshelpers vectorId 0 outputDelay=1
03-26 13:22:11.361 I/QC2PipelinedEntity( 1124): pipelineid=100 outputDelay=1
03-26 13:22:11.361 I/QC2PipelineCodec( 1124): capshelpers vectorId 1 inputDelay=1
03-26 13:22:11.361 I/QC2PipelinedEntity( 1124): pipelineid=101 inputDelay=1
03-26 13:22:11.361 I/QC2PipelineCodec( 1124): capshelpers vectorId 1 outputDelay=1
03-26 13:22:11.361 I/QC2PipelinedEntity( 1124): pipelineid=101 outputDelay=1
03-26 13:22:11.361 I/QC2PipelineCodec( 1124): computeDelays
03-26 13:22:11.361 I/QC2PipelinedEntity( 1124): pipelineid=100 extraAllocation=2
set maxOutputBuffers=4
03-26 13:22:11.361 I/QC2PipelinedEntity( 1124): pipelineid=101 extraAllocation=2
set maxOutputBuffers=3
03-26 13:22:11.361 I/QC2PipelineCodec( 1124): ComputeDelay: iDelay=0 pDelay=0
oDelay=7
03-26 13:22:11.361 I/QC2PipelineCodec( 1124): TotalInputDelay=0 (0)
totalOutputDelay=7 (7)
03-26 13:22:11.361 I/QC2PipelineCodec( 1124): ActualOutputDelayHelper value=7
03-26 13:22:11.362 I/QC2PipelineCodec( 1124): Resolve conflict 92008001
[2449506305]
03-26 13:22:11.362 I/QC2PipelineCodec( 1124): Resolve conflict 60000825
[1610614821]
03-26 13:22:11.362 I/QC2PipelineCodec( 1124): Resolve conflict 4000080e
[1073743886]
03-26 13:22:11.362 I/QC2PipelineCodec( 1124): Dont merge
delay/size/format/framerate params
03-26 13:22:11.362 I/QC2PipelineCodec( 1124): Resolve conflict 9001080c
[2415986700]
03-26 13:22:11.362 I/QC2PipelineCodec( 1124): Resolve conflict 5000080e
[1342179342]
03-26 13:22:11.362 I/QC2PipelineCodec( 1124): Dont merge
delay/size/format/framerate params
03-26 13:22:11.362 I/QC2PipelineCodec( 1124): Resolve conflict a0000804
[2684356612]
03-26 13:22:11.362 I/QC2PipelineCodec( 1124): Resolve conflict 8001080c
[2147551244]
03-26 13:22:11.362 I/QC2PipelineCodec( 1124): Resolve conflict a0000805
[2684356613]
03-26 13:22:11.362 I/QC2PipelineCodec( 1124): capsHelper add param=a0009013
03-26 13:22:11.362 I/QC2PipelineCodec( 1124): capsHelper add param=a0009012
03-26 13:22:11.362 I/QC2PipelineCodec( 1124): capsHelper add param=a0009011
03-26 13:22:11.362 I/QC2PipelineCodec( 1124): capsHelper add param=9200c047
03-26 13:22:11.362 I/QC2PipelineCodec( 1124): capsHelper add param=d200c03f
03-26 13:22:11.362 I/QC2PipelineCodec( 1124): capsHelper add param=9200c036
03-26 13:22:11.362 I/QC2PipelineCodec( 1124): capsHelper add param=d200c00e
03-26 13:22:11.362 I/QC2PipelineCodec( 1124): capsHelper add param=5200c012
03-26 13:22:11.362 I/QC2PipelineCodec( 1124): capsHelper add param=8200c042
03-26 13:22:11.362 I/QC2PipelineCodec( 1124): capsHelper add param=a0009010
03-26 13:22:11.362 I/QC2PipelineCodec( 1124): capsHelper add param=d200c000
03-26 13:22:11.362 I/QC2PipelineCodec( 1124): capsHelper add param=92008001
03-26 13:22:11.362 I/QC2PipelineCodec( 1124): capsHelper add param=d200c04a
03-26 13:22:11.362 I/QC2PipelineCodec( 1124): capsHelper add param=d201c00d
03-26 13:22:11.362 I/QC2PipelineCodec( 1124): capsHelper add param=d2008002
03-26 13:22:11.362 I/QC2PipelineCodec( 1124): capsHelper add param=d200c00b
03-26 13:22:11.362 I/QC2PipelineCodec( 1124): capsHelper add param=d200c034
03-26 13:22:11.362 I/QC2PipelineCodec( 1124): capsHelper add param=d200c013
03-26 13:22:11.362 I/QC2PipelineCodec( 1124): capsHelper add param=d200c01b
03-26 13:22:11.362 I/QC2PipelineCodec( 1124): capsHelper add param=c2001809
03-26 13:22:11.362 I/QC2PipelineCodec( 1124): isParamPipelineOwned 5000080e true
03-26 13:22:11.362 I/QC2PipelineCodec( 1124): capsHelper skip param 5000080e
03-26 13:22:11.362 I/QC2PipelineCodec( 1124): capsHelper add param=a0009014
03-26 13:22:11.362 I/QC2PipelineCodec( 1124): isParamPipelineOwned 4000080e true
03-26 13:22:11.362 I/QC2PipelineCodec( 1124): capsHelper skip param 4000080e
03-26 13:22:11.362 I/QC2PipelineCodec( 1124): capsHelper add param=d2001802
03-26 13:22:11.362 I/QC2PipelineCodec( 1124): capsHelper add param=c2000808
03-26 13:22:11.362 I/QC2PipelineCodec( 1124): capsHelper add param=60000824
03-26 13:22:11.362 I/QC2PipelineCodec( 1124): capsHelper add param=a0000801
03-26 13:22:11.362 I/QC2PipelineCodec( 1124): capsHelper add param=60000823
03-26 13:22:11.362 I/QC2PipelineCodec( 1124): capsHelper add param=c2002000
03-26 13:22:11.362 I/QC2PipelineCodec( 1124): capsHelper add param=d2001809
03-26 13:22:11.362 I/QC2PipelineCodec( 1124): capsHelper add param=d200c006
03-26 13:22:11.362 I/QC2PipelineCodec( 1124): capsHelper add param=52002003
03-26 13:22:11.362 I/QC2PipelineCodec( 1124): capsHelper add param=9001080c
03-26 13:22:11.362 I/heimdall( 1209): update_proc_tgid:436, put cat(1348) in root
memcg
03-26 13:22:11.362 I/QC2PipelineCodec( 1124): capsHelper add param=8001080c
03-26 13:22:11.362 I/QC2PipelineCodec( 1124): capsHelper add param=d2001800
03-26 13:22:11.362 I/QC2PipelineCodec( 1124): capsHelper add param=9200081b
03-26 13:22:11.362 I/QC2PipelineCodec( 1124): capsHelper add param=8200c035
03-26 13:22:11.362 I/QC2PipelineCodec( 1124): capsHelper add param=a0000804
03-26 13:22:11.362 I/QC2PipelineCodec( 1124): capsHelper add param=60000825
03-26 13:22:11.362 I/QC2PipelineCodec( 1124): capsHelper add param=5200180b
03-26 13:22:11.362 I/QC2PipelineCodec( 1124): capsHelper add param=d200180a
03-26 13:22:11.362 I/QC2PipelineCodec( 1124): capsHelper add param=d200c007
03-26 13:22:11.362 I/QC2PipelineCodec( 1124): capsHelper add param=d200c00c
03-26 13:22:11.362 I/QC2PipelineCodec( 1124): capsHelper add param=c2001800
03-26 13:22:11.362 I/QC2PipelineCodec( 1124): capsHelper add param=8200081b
03-26 13:22:11.362 I/QC2PipelineCodec( 1124): capsHelper add param=a0000805
03-26 13:22:11.362 I/QC2PipelineCodec( 1124): capsHelper add param=9200c046
03-26 13:22:11.362 I/QC2PipelineCodec( 1124): capsHelper add param=5001081a
03-26 13:22:11.362 I/QC2PipelineCodec( 1124): capsHelper add param=c200081e
03-26 13:22:11.362 I/QC2PipelineCodec( 1124): computeDelays
03-26 13:22:11.362 I/QC2PipelinedEntity( 1124): pipelineid=100 extraAllocation=2
set maxOutputBuffers=4
03-26 13:22:11.362 I/QC2PipelinedEntity( 1124): pipelineid=101 extraAllocation=2
set maxOutputBuffers=3
03-26 13:22:11.362 I/QC2PipelineCodec( 1124): ComputeDelay: iDelay=0 pDelay=0
oDelay=7
03-26 13:22:11.362 I/QC2PipelineCodec( 1124): Delays initialized iDelay=0 pDelay=0
oDelay=7
03-26 13:22:11.362 I/QC2PipelineCodec( 1124): init: end; processing-time=97 ms
03-26 13:22:11.362 I/QC2Registry( 1124): Initialized pipelined Codec for
c2.qti.avc.decoder
03-26 13:22:11.362 I/QC2PipelineCodec( 1124): getCapsHelpersInternal:
piplinedcodecs size=2
03-26 13:22:11.362 I/StandardCaps( 1124): PixelFormatOutputHelper:
03-26 13:22:11.362 I/StandardCaps( 1124): VENUS_NV12
03-26 13:22:11.362 I/StandardCaps( 1124): VENUS_NV12_UBWC
03-26 13:22:11.362 I/StandardCaps( 1124): VENUS_TP10
03-26 13:22:11.362 I/StandardCaps( 1124): VENUS_P010
03-26 13:22:11.362 I/StandardCaps( 1124): PictureSizeOutputHelper: min [96 96] max
[8192 8192] default [96 96]
03-26 13:22:11.362 I/StandardCaps( 1124): PictureSizeInputHelper: min [96 96] max
[8192 8192] default [96 96]
03-26 13:22:11.362 I/StandardCaps( 1124): MaxPictureSizeOutputHelper: min [96 96]
max [8192 8192] default [96 96]
03-26 13:22:11.362 I/StandardCaps( 1124): FrameRateInputHelper: min 1 max 960 step
0 default 30
03-26 13:22:11.362 I/StandardCaps( 1124): OperatingRateHelper: min 30, max 32767,
step 0, default 30
03-26 13:22:11.362 I/StandardCaps( 1124): ProfileLevelInputHelper: Profiles
03-26 13:22:11.362 I/StandardCaps( 1124): AVC_BP
03-26 13:22:11.362 I/StandardCaps( 1124): AVC_CBP
03-26 13:22:11.362 I/StandardCaps( 1124): AVC_MP
03-26 13:22:11.362 I/StandardCaps( 1124): AVC_HP
03-26 13:22:11.362 I/StandardCaps( 1124): AVC_CHP
03-26 13:22:11.362 I/StandardCaps( 1124): ProfileLevelInputHelper: Levels
03-26 13:22:11.362 I/StandardCaps( 1124): 1.0
03-26 13:22:11.362 I/StandardCaps( 1124): 1B
03-26 13:22:11.362 I/StandardCaps( 1124): 1.1
03-26 13:22:11.362 I/StandardCaps( 1124): 1.2
03-26 13:22:11.362 I/StandardCaps( 1124): 1.3
03-26 13:22:11.362 I/StandardCaps( 1124): 2.0
03-26 13:22:11.362 I/StandardCaps( 1124): 2.1
03-26 13:22:11.362 I/StandardCaps( 1124): 2.2
03-26 13:22:11.362 I/StandardCaps( 1124): 3.0
03-26 13:22:11.362 I/StandardCaps( 1124): 3.1
03-26 13:22:11.362 I/StandardCaps( 1124): 3.2
03-26 13:22:11.362 I/StandardCaps( 1124): 4.0
03-26 13:22:11.362 I/StandardCaps( 1124): 4.1
03-26 13:22:11.362 I/StandardCaps( 1124): 4.2
03-26 13:22:11.362 I/StandardCaps( 1124): 5.0
03-26 13:22:11.362 I/StandardCaps( 1124): 5.1
03-26 13:22:11.362 I/StandardCaps( 1124): 5.2
03-26 13:22:11.362 I/StandardCaps( 1124): 6.0
03-26 13:22:11.362 I/StandardCaps( 1124): 6.1
03-26 13:22:11.362 I/VendorCaps( 1124): RenderFrameRateOutputHelper: min 0 max 120
step 30 default 0
03-26 13:22:11.362 I/VendorCaps( 1124): VideoRefreshRateOutputHelper: min 0 max 120
step 1 default 60
03-26 13:22:11.363 I/QC2Filter( 1124): FUNCTION_BEGIN:getCapsHelpers
03-26 13:22:11.363 I/QC2ImageFormatFilter( 1124): FUNCTION_BEGIN:onGetCapsHelpers
03-26 13:22:11.363 I/QC2ImageFormatFilter( 1124): FUNCTION_END:onGetCapsHelpers
TIME=0 ms
03-26 13:22:11.363 I/QC2Filter( 1124): FUNCTION_END:getCapsHelpers TIME=0 ms
03-26 13:22:11.363 I/QC2PipelineCodec( 1124): capshelpers vectorId 0 inputDelay=0
03-26 13:22:11.363 I/QC2PipelinedEntity( 1124): pipelineid=100 inputDelay=0
03-26 13:22:11.363 I/QC2PipelineCodec( 1124): capshelpers vectorId 0 outputDelay=1
03-26 13:22:11.363 I/QC2PipelinedEntity( 1124): pipelineid=100 outputDelay=1
03-26 13:22:11.363 I/QC2PipelineCodec( 1124): capshelpers vectorId 1 inputDelay=1
03-26 13:22:11.363 I/QC2PipelinedEntity( 1124): pipelineid=101 inputDelay=1
03-26 13:22:11.363 I/QC2PipelineCodec( 1124): capshelpers vectorId 1 outputDelay=1
03-26 13:22:11.363 I/QC2PipelinedEntity( 1124): pipelineid=101 outputDelay=1
03-26 13:22:11.363 I/QC2PipelineCodec( 1124): computeDelays
03-26 13:22:11.363 I/QC2PipelinedEntity( 1124): pipelineid=100 extraAllocation=2
set maxOutputBuffers=4
03-26 13:22:11.363 I/QC2PipelinedEntity( 1124): pipelineid=101 extraAllocation=2
set maxOutputBuffers=3
03-26 13:22:11.363 I/QC2PipelineCodec( 1124): ComputeDelay: iDelay=0 pDelay=0
oDelay=7
03-26 13:22:11.363 I/QC2PipelineCodec( 1124): TotalInputDelay=0 (0)
totalOutputDelay=7 (7)
03-26 13:22:11.363 I/QC2PipelineCodec( 1124): ActualOutputDelayHelper value=7
03-26 13:22:11.363 I/QC2PipelineCodec( 1124): Resolve conflict 92008001
[2449506305]
03-26 13:22:11.363 I/QC2PipelineCodec( 1124): Resolve conflict 60000825
[1610614821]
03-26 13:22:11.363 I/QC2PipelineCodec( 1124): Resolve conflict 4000080e
[1073743886]
03-26 13:22:11.363 I/QC2PipelineCodec( 1124): Dont merge
delay/size/format/framerate params
03-26 13:22:11.363 I/QC2PipelineCodec( 1124): Resolve conflict 9001080c
[2415986700]
03-26 13:22:11.363 I/QC2PipelineCodec( 1124): Resolve conflict 5000080e
[1342179342]
03-26 13:22:11.363 I/QC2PipelineCodec( 1124): Dont merge
delay/size/format/framerate params
03-26 13:22:11.363 I/QC2PipelineCodec( 1124): Resolve conflict a0000804
[2684356612]
03-26 13:22:11.363 I/QC2PipelineCodec( 1124): Resolve conflict 8001080c
[2147551244]
03-26 13:22:11.363 I/QC2PipelineCodec( 1124): Resolve conflict a0000805
[2684356613]
03-26 13:22:11.363 I/QC2PipelineCodec( 1124): capsHelper add param=a0009013
03-26 13:22:11.363 I/QC2PipelineCodec( 1124): capsHelper add param=a0009012
03-26 13:22:11.363 I/QC2PipelineCodec( 1124): capsHelper add param=a0009011
03-26 13:22:11.363 I/QC2PipelineCodec( 1124): capsHelper add param=9200c047
03-26 13:22:11.363 I/QC2PipelineCodec( 1124): capsHelper add param=d200c03f
03-26 13:22:11.363 I/QC2PipelineCodec( 1124): capsHelper add param=9200c036
03-26 13:22:11.363 I/QC2PipelineCodec( 1124): capsHelper add param=d200c00e
03-26 13:22:11.363 I/QC2PipelineCodec( 1124): capsHelper add param=5200c012
03-26 13:22:11.363 I/QC2PipelineCodec( 1124): capsHelper add param=8200c042
03-26 13:22:11.363 I/QC2PipelineCodec( 1124): capsHelper add param=a0009010
03-26 13:22:11.363 I/QC2PipelineCodec( 1124): capsHelper add param=d200c000
03-26 13:22:11.363 I/QC2PipelineCodec( 1124): capsHelper add param=92008001
03-26 13:22:11.363 I/QC2PipelineCodec( 1124): capsHelper add param=d200c04a
03-26 13:22:11.363 I/QC2PipelineCodec( 1124): capsHelper add param=d201c00d
03-26 13:22:11.363 I/QC2PipelineCodec( 1124): capsHelper add param=d2008002
03-26 13:22:11.363 I/QC2PipelineCodec( 1124): capsHelper add param=d200c00b
03-26 13:22:11.363 I/QC2PipelineCodec( 1124): capsHelper add param=d200c034
03-26 13:22:11.363 I/QC2PipelineCodec( 1124): capsHelper add param=d200c013
03-26 13:22:11.363 I/QC2PipelineCodec( 1124): capsHelper add param=d200c01b
03-26 13:22:11.363 I/QC2PipelineCodec( 1124): capsHelper add param=c2001809
03-26 13:22:11.363 I/QC2PipelineCodec( 1124): isParamPipelineOwned 5000080e true
03-26 13:22:11.363 I/QC2PipelineCodec( 1124): capsHelper skip param 5000080e
03-26 13:22:11.363 I/QC2PipelineCodec( 1124): capsHelper add param=a0009014
03-26 13:22:11.363 I/QC2PipelineCodec( 1124): isParamPipelineOwned 4000080e true
03-26 13:22:11.363 I/QC2PipelineCodec( 1124): capsHelper skip param 4000080e
03-26 13:22:11.363 I/QC2PipelineCodec( 1124): capsHelper add param=d2001802
03-26 13:22:11.363 I/QC2PipelineCodec( 1124): capsHelper add param=c2000808
03-26 13:22:11.363 I/QC2PipelineCodec( 1124): capsHelper add param=60000824
03-26 13:22:11.363 I/QC2PipelineCodec( 1124): capsHelper add param=a0000801
03-26 13:22:11.363 I/QC2PipelineCodec( 1124): capsHelper add param=60000823
03-26 13:22:11.363 I/QC2PipelineCodec( 1124): capsHelper add param=c2002000
03-26 13:22:11.363 I/QC2PipelineCodec( 1124): capsHelper add param=d2001809
03-26 13:22:11.363 I/QC2PipelineCodec( 1124): capsHelper add param=d200c006
03-26 13:22:11.363 I/QC2PipelineCodec( 1124): capsHelper add param=52002003
03-26 13:22:11.363 I/QC2PipelineCodec( 1124): capsHelper add param=9001080c
03-26 13:22:11.363 I/QC2PipelineCodec( 1124): capsHelper add param=8001080c
03-26 13:22:11.363 I/QC2PipelineCodec( 1124): capsHelper add param=d2001800
03-26 13:22:11.363 I/QC2PipelineCodec( 1124): capsHelper add param=9200081b
03-26 13:22:11.363 I/QC2PipelineCodec( 1124): capsHelper add param=8200c035
03-26 13:22:11.363 I/QC2PipelineCodec( 1124): capsHelper add param=a0000804
03-26 13:22:11.363 I/QC2PipelineCodec( 1124): capsHelper add param=60000825
03-26 13:22:11.363 I/QC2PipelineCodec( 1124): capsHelper add param=5200180b
03-26 13:22:11.363 I/QC2PipelineCodec( 1124): capsHelper add param=d200180a
03-26 13:22:11.363 I/QC2PipelineCodec( 1124): capsHelper add param=d200c007
03-26 13:22:11.363 I/QC2PipelineCodec( 1124): capsHelper add param=d200c00c
03-26 13:22:11.363 I/QC2PipelineCodec( 1124): capsHelper add param=c2001800
03-26 13:22:11.363 I/QC2PipelineCodec( 1124): capsHelper add param=8200081b
03-26 13:22:11.363 I/QC2PipelineCodec( 1124): capsHelper add param=a0000805
03-26 13:22:11.363 I/QC2PipelineCodec( 1124): capsHelper add param=9200c046
03-26 13:22:11.363 I/QC2PipelineCodec( 1124): capsHelper add param=5001081a
03-26 13:22:11.363 I/QC2PipelineCodec( 1124): capsHelper add param=c200081e
03-26 13:22:11.363 I/QC2PipelineCodec( 1124): release: begin
03-26 13:22:11.363 I/QC2PipelinedEntity( 1124): pipelinedid=100 release
03-26 13:22:11.363 D/hwvault_tee( 1070): [DBG] (nwd_hwvault_api.cpp:306)
hwvault_sign_get_request start
03-26 13:22:11.364 I/QC2V4l2Driver( 1124): [avcD_0] Closed device driver with fd: 7
03-26 13:22:11.364 I/QC2PipelinedEntity( 1124): pipelinedid=101 release
03-26 13:22:11.364 I/QC2Filter( 1124): FUNCTION_BEGIN:release
03-26 13:22:11.364 I/QC2Filter( 1124): FUNCTION_END:release TIME=0 ms
03-26 13:22:11.364 I/QC2PipelinedEntity( 1124): pipelineid=101 ~QC2PipelinedEntity
03-26 13:22:11.364 I/QC2PipelinedEntity( 1124): pipelineid=100 ~QC2PipelinedEntity
03-26 13:22:11.364 I/QC2PipelineCodec( 1124): release: end; processing-time=1 ms
03-26 13:22:11.364 I/QC2PipelineCodec( 1124): QC2PipelinedDecoder dtor
03-26 13:22:11.365 I/QC2ImageFormatFilter( 1124):
FUNCTION_BEGIN:~QC2ImageFormatFilter
03-26 13:22:11.365 I/QC2ImageFormatFilter( 1124):
FUNCTION_END:~QC2ImageFormatFilter TIME=0 ms
03-26 13:22:11.365 I/QC2Filter( 1124): FUNCTION_BEGIN:~QC2Filter
03-26 13:22:11.365 I/QC2Filter( 1124): FUNCTION_BEGIN:release
03-26 13:22:11.365 I/QC2Filter( 1124): FUNCTION_END:release TIME=0 ms
03-26 13:22:11.365 I/QC2Filter( 1124): FUNCTION_END:~QC2Filter TIME=0 ms
03-26 13:22:11.365 W/hwvault_tee( 1070): [WRN] (nwd_hwvault_api.cpp:223) TA:
hwvault [INF] (swd_hv_sign_get_req:541) get req slot_id=1
03-26 13:22:11.365 W/hwvault_tee( 1070): [WRN] (nwd_hwvault_api.cpp:223) TA:
hwvault [INF] (tz_process_command:86) HV_TZ_CMD_SIGN_REQUEST_FOR_SECNVM_GET ret 0,
cmd ret 0
03-26 13:22:11.365 I/hwvault_tee( 1070): [INFO] (nwd_hwvault_api.cpp:322)
hwvault_sign_get_request ret 0
03-26 13:22:11.365 I/hermesd ( 1070): hermes_command_handler.cpp(98) already power
on state
03-26 13:22:11.365 I/hermesd ( 1070): hermes_command_handler.cpp(656)
HermesCommandHandler grdg_getPersistentCredential index=1
03-26 13:22:11.365 E/QC2V4l2Driver( 1124): Invalid device driver fd:-1
03-26 13:22:11.365 I/QC2V4l2Driver( 1124): [avcD_0] Closed device driver with fd: -
1
03-26 13:22:11.365 I/QC2Comp ( 1124): codec capability queried!
03-26 13:22:11.365 I/QC2CompStore( 1124): Added capabilities for c2.qti.avc.decoder
03-26 13:22:11.366 I/QC2Registry( 1124): Getting stages for pipelined codec
03-26 13:22:11.366 I/QC2V4l2Codec( 1124): [avcDLowLat_0] output buffer allocation
timeout threshold set to 1000ms
03-26 13:22:11.366 I/QC2Registry( 1124): Pipelining enabled
03-26 13:22:11.366 I/QC2Registry( 1124): Doesn't support pipelining. Create
standalone codec
03-26 13:22:11.366 I/QC2Registry( 1124): Return standalone codec caps for
c2.qti.avc.decoder.low_latency
03-26 13:22:11.366 I/QC2V4l2Driver( 1124): [avcDLowLat_0] Device /dev/video32
opened with fd: 7
03-26 13:22:11.368 I/StandardCaps( 1124): PixelFormatOutputHelper:
03-26 13:22:11.368 I/StandardCaps( 1124): VENUS_NV12
03-26 13:22:11.368 I/StandardCaps( 1124): VENUS_NV12_UBWC
03-26 13:22:11.368 I/StandardCaps( 1124): VENUS_TP10
03-26 13:22:11.368 I/StandardCaps( 1124): VENUS_P010
03-26 13:22:11.368 I/StandardCaps( 1124): PictureSizeOutputHelper: min [96 96] max
[8192 8192] default [96 96]
03-26 13:22:11.368 I/StandardCaps( 1124): PictureSizeInputHelper: min [96 96] max
[8192 8192] default [96 96]
03-26 13:22:11.368 I/StandardCaps( 1124): MaxPictureSizeOutputHelper: min [96 96]
max [8192 8192] default [96 96]
03-26 13:22:11.368 I/StandardCaps( 1124): FrameRateInputHelper: min 1 max 960 step
0 default 30
03-26 13:22:11.368 I/StandardCaps( 1124): OperatingRateHelper: min 30, max 32767,
step 0, default 30
03-26 13:22:11.368 I/StandardCaps( 1124): ProfileLevelInputHelper: Profiles
03-26 13:22:11.368 I/StandardCaps( 1124): AVC_BP
03-26 13:22:11.368 I/StandardCaps( 1124): AVC_CBP
03-26 13:22:11.368 I/StandardCaps( 1124): AVC_MP
03-26 13:22:11.368 I/StandardCaps( 1124): AVC_HP
03-26 13:22:11.368 I/StandardCaps( 1124): AVC_CHP
03-26 13:22:11.368 I/StandardCaps( 1124): ProfileLevelInputHelper: Levels
03-26 13:22:11.368 I/StandardCaps( 1124): 1.0
03-26 13:22:11.368 I/StandardCaps( 1124): 1B
03-26 13:22:11.368 I/StandardCaps( 1124): 1.1
03-26 13:22:11.368 I/StandardCaps( 1124): 1.2
03-26 13:22:11.368 I/StandardCaps( 1124): 1.3
03-26 13:22:11.368 I/StandardCaps( 1124): 2.0
03-26 13:22:11.368 I/StandardCaps( 1124): 2.1
03-26 13:22:11.368 I/StandardCaps( 1124): 2.2
03-26 13:22:11.368 I/StandardCaps( 1124): 3.0
03-26 13:22:11.368 I/StandardCaps( 1124): 3.1
03-26 13:22:11.368 I/StandardCaps( 1124): 3.2
03-26 13:22:11.368 I/StandardCaps( 1124): 4.0
03-26 13:22:11.368 I/StandardCaps( 1124): 4.1
03-26 13:22:11.368 I/StandardCaps( 1124): 4.2
03-26 13:22:11.368 I/StandardCaps( 1124): 5.0
03-26 13:22:11.368 I/StandardCaps( 1124): 5.1
03-26 13:22:11.368 I/StandardCaps( 1124): 5.2
03-26 13:22:11.368 I/StandardCaps( 1124): 6.0
03-26 13:22:11.368 I/StandardCaps( 1124): 6.1
03-26 13:22:11.369 I/VendorCaps( 1124): RenderFrameRateOutputHelper: min 0 max 120
step 30 default 0
03-26 13:22:11.369 I/VendorCaps( 1124): VideoRefreshRateOutputHelper: min 0 max 120
step 1 default 60
03-26 13:22:11.369 I/QC2V4l2Driver( 1124): [avcDLowLat_0] Closed device driver with
fd: 7
03-26 13:22:11.369 E/QC2V4l2Driver( 1124): Invalid device driver fd:-1
03-26 13:22:11.369 I/QC2V4l2Driver( 1124): [avcDLowLat_0] Closed device driver with
fd: -1
03-26 13:22:11.369 I/QC2Comp ( 1124): codec capability queried!
03-26 13:22:11.369 I/QC2CompStore( 1124): Added capabilities for
c2.qti.avc.decoder.low_latency
03-26 13:22:11.370 I/QC2Registry( 1124): Getting stages for pipelined codec
03-26 13:22:11.370 I/QC2V4l2Codec( 1124): [avcDSec_0] output buffer allocation
timeout threshold set to 1000ms
03-26 13:22:11.370 I/QC2Registry( 1124): Pipelining enabled
03-26 13:22:11.370 I/QC2Registry( 1124): Requested codec is pipelined. Create codec
list
03-26 13:22:11.370 I/QC2Registry( 1124): Filter c2.qti.ImageFormat.filter can't be
pipelined
03-26 13:22:11.370 I/QC2Registry( 1124): Created 0 codecs for pipelined codec
c2.qti.avc.decoder.secure
03-26 13:22:11.370 I/QC2Registry( 1124): Return standalone codec caps for
c2.qti.avc.decoder.secure
03-26 13:22:11.370 I/QC2V4l2Driver( 1124): [avcDSec_0] Device /dev/video32 opened
with fd: 7
03-26 13:22:11.371 I/StandardCaps( 1124): PixelFormatOutputHelper:
03-26 13:22:11.371 I/StandardCaps( 1124): VENUS_NV12
03-26 13:22:11.371 I/StandardCaps( 1124): VENUS_NV12_UBWC
03-26 13:22:11.371 I/StandardCaps( 1124): VENUS_TP10
03-26 13:22:11.371 I/StandardCaps( 1124): VENUS_P010
03-26 13:22:11.371 I/StandardCaps( 1124): PictureSizeOutputHelper: min [96 96] max
[8192 8192] default [96 96]
03-26 13:22:11.371 I/StandardCaps( 1124): PictureSizeInputHelper: min [96 96] max
[8192 8192] default [96 96]
03-26 13:22:11.371 I/StandardCaps( 1124): MaxPictureSizeOutputHelper: min [96 96]
max [8192 8192] default [96 96]
03-26 13:22:11.372 I/StandardCaps( 1124): FrameRateInputHelper: min 1 max 960 step
0 default 30
03-26 13:22:11.372 I/StandardCaps( 1124): OperatingRateHelper: min 30, max 32767,
step 0, default 30
03-26 13:22:11.372 I/StandardCaps( 1124): ProfileLevelInputHelper: Profiles
03-26 13:22:11.372 I/StandardCaps( 1124): AVC_BP
03-26 13:22:11.372 I/StandardCaps( 1124): AVC_CBP
03-26 13:22:11.372 I/StandardCaps( 1124): AVC_MP
03-26 13:22:11.372 I/StandardCaps( 1124): AVC_HP
03-26 13:22:11.372 I/StandardCaps( 1124): AVC_CHP
03-26 13:22:11.372 I/StandardCaps( 1124): ProfileLevelInputHelper: Levels
03-26 13:22:11.372 I/StandardCaps( 1124): 1.0
03-26 13:22:11.372 I/StandardCaps( 1124): 1B
03-26 13:22:11.372 I/StandardCaps( 1124): 1.1
03-26 13:22:11.372 I/StandardCaps( 1124): 1.2
03-26 13:22:11.372 I/StandardCaps( 1124): 1.3
03-26 13:22:11.372 I/StandardCaps( 1124): 2.0
03-26 13:22:11.372 I/StandardCaps( 1124): 2.1
03-26 13:22:11.372 I/StandardCaps( 1124): 2.2
03-26 13:22:11.372 I/StandardCaps( 1124): 3.0
03-26 13:22:11.372 I/StandardCaps( 1124): 3.1
03-26 13:22:11.372 I/StandardCaps( 1124): 3.2
03-26 13:22:11.373 I/StandardCaps( 1124): 4.0
03-26 13:22:11.373 I/StandardCaps( 1124): 4.1
03-26 13:22:11.373 I/StandardCaps( 1124): 4.2
03-26 13:22:11.373 I/StandardCaps( 1124): 5.0
03-26 13:22:11.373 I/StandardCaps( 1124): 5.1
03-26 13:22:11.373 I/StandardCaps( 1124): 5.2
03-26 13:22:11.373 I/StandardCaps( 1124): 6.0
03-26 13:22:11.373 I/StandardCaps( 1124): 6.1
03-26 13:22:11.374 I/VendorCaps( 1124): RenderFrameRateOutputHelper: min 0 max 120
step 30 default 0
03-26 13:22:11.374 I/VendorCaps( 1124): VideoRefreshRateOutputHelper: min 0 max 120
step 1 default 60
03-26 13:22:11.377 I/QC2V4l2Driver( 1124): [avcDSec_0] Closed device driver with
fd: 7
03-26 13:22:11.377 E/QC2V4l2Driver( 1124): Invalid device driver fd:-1
03-26 13:22:11.377 I/QC2V4l2Driver( 1124): [avcDSec_0] Closed device driver with
fd: -1
03-26 13:22:11.377 I/QC2Comp ( 1124): codec capability queried!
03-26 13:22:11.377 I/QC2CompStore( 1124): Added capabilities for
c2.qti.avc.decoder.secure
03-26 13:22:11.379 I/QC2Registry( 1124): Getting stages for pipelined codec
03-26 13:22:11.379 I/QC2V4l2Codec( 1124): [hevcD_0] output buffer allocation
timeout threshold set to 1000ms
03-26 13:22:11.379 I/QC2Registry( 1124): Pipelining enabled
03-26 13:22:11.380 I/QC2Registry( 1124): Requested codec is pipelined. Create codec
list
03-26 13:22:11.380 I/QC2Registry( 1124): Interface not provided. Enable by deafault
03-26 13:22:11.380 I/QC2Filter( 1124): FUNCTION_BEGIN:QC2Filter
03-26 13:22:11.380 I/QC2Filter( 1124): FUNCTION_END:QC2Filter TIME=0 ms
03-26 13:22:11.380 I/QC2ImageFormatFilter( 1124):
FUNCTION_BEGIN:QC2ImageFormatFilter
03-26 13:22:11.380 I/QC2ImageFormatFilter( 1124): FUNCTION_END:QC2ImageFormatFilter
TIME=0 ms
03-26 13:22:11.380 I/QC2Registry( 1124): Created 1 codecs for pipelined codec
c2.qti.hevc.decoder
03-26 13:22:11.380 I/QC2PipelineCodec( 1124): ctor: logmask=0x0 pvtlogmask=0x0
03-26 13:22:11.380 I/QC2PipelineCodec( 1124): QC2PipelinedDecoder ctor
03-26 13:22:11.380 I/QC2PipelineCodec( 1124): Created pipelined codec
03-26 13:22:11.381 I/QC2Registry( 1124): Created pipelined Codec for
c2.qti.hevc.decoder
03-26 13:22:11.381 I/QC2PipelineCodec( 1124): init: begin
03-26 13:22:11.381 I/QC2PipelineCodec( 1124): initializeConfiguration for decoder
03-26 13:22:11.381 I/QC2PipelinedEntity( 1124): pipelineid=100 QC2PipelinedEntity
03-26 13:22:11.381 I/QC2PipelinedEntity( 1124): pipelineid=101 QC2PipelinedEntity
03-26 13:22:11.381 I/QC2PipelineCodec( 1124): Init pipelineid=0
03-26 13:22:11.381 I/QC2PipelinedEntity( 1124): pipelineid=100 instantiation
succeeded
03-26 13:22:11.381 I/QC2V4l2Driver( 1124): [hevcD_0] Device /dev/video32 opened
with fd: 7
03-26 13:22:11.384 I/QC2PipelineCodec( 1124): Init pipelineid=0 status=0
03-26 13:22:11.384 I/QC2PipelineCodec( 1124): Init pipelineid=1
03-26 13:22:11.384 I/QC2PipelinedEntity( 1124): pipelineid=101 instantiation
succeeded
03-26 13:22:11.384 I/QC2Filter( 1124): FUNCTION_BEGIN:init
03-26 13:22:11.384 I/QC2Filter( 1124): FUNCTION_BEGIN:handleInit
03-26 13:22:11.384 I/QC2ImageFormatFilter( 1124):
FUNCTION_BEGIN:setFilterOperatingMode
03-26 13:22:11.384 I/QC2ImageFormatFilter( 1124):
FUNCTION_END:setFilterOperatingMode TIME=0 ms
03-26 13:22:11.384 I/QC2ImageFormatFilter( 1124): FUNCTION_BEGIN:onInit
03-26 13:22:11.384 I/QC2ImageFormatFilter( 1124): mCodecName is
c2.qti.ImageFormat.filter session id is 0
03-26 13:22:11.384 I/QC2ImageFormatFilter( 1124): mInputMime is
c2.qti.hevc.decoder, mOutputMime is
03-26 13:22:11.384 I/QC2ImageFormatFilter( 1124): FUNCTION_END:onInit TIME=0 ms
03-26 13:22:11.384 I/QC2Filter( 1124): FUNCTION_END:handleInit TIME=0 ms
03-26 13:22:11.384 I/QC2Filter( 1124): FUNCTION_END:init TIME=0 ms
03-26 13:22:11.384 I/QC2PipelineCodec( 1124): Init pipelineid=1 status=0
03-26 13:22:11.384 I/QC2PipelineCodec( 1124): getCapsHelpers internal
03-26 13:22:11.384 I/QC2PipelineCodec( 1124): getCapsHelpersInternal:
piplinedcodecs size=2
03-26 13:22:11.384 I/StandardCaps( 1124): PixelFormatOutputHelper:
03-26 13:22:11.384 I/StandardCaps( 1124): VENUS_NV12
03-26 13:22:11.384 I/StandardCaps( 1124): VENUS_NV12_UBWC
03-26 13:22:11.384 I/StandardCaps( 1124): VENUS_TP10
03-26 13:22:11.384 I/StandardCaps( 1124): VENUS_P010
03-26 13:22:11.384 I/StandardCaps( 1124): PictureSizeOutputHelper: min [96 96] max
[8192 8192] default [96 96]
03-26 13:22:11.384 I/StandardCaps( 1124): PictureSizeInputHelper: min [96 96] max
[8192 8192] default [96 96]
03-26 13:22:11.384 I/StandardCaps( 1124): MaxPictureSizeOutputHelper: min [96 96]
max [8192 8192] default [96 96]
03-26 13:22:11.384 I/StandardCaps( 1124): FrameRateInputHelper: min 1 max 960 step
0 default 30
03-26 13:22:11.384 I/StandardCaps( 1124): OperatingRateHelper: min 30, max 32767,
step 0, default 30
03-26 13:22:11.385 E/QC2V4l2Caps( 1124): Failed to read platform HDR value
03-26 13:22:11.385 I/StandardCaps( 1124): ProfileLevelInputHelper: Profiles
03-26 13:22:11.385 I/StandardCaps( 1124): HEVC_MAIN
03-26 13:22:11.385 I/StandardCaps( 1124): HEVC_MAIN_STLL
03-26 13:22:11.385 I/StandardCaps( 1124): HEVC_MAIN10
03-26 13:22:11.385 I/StandardCaps( 1124): ProfileLevelInputHelper: Levels
03-26 13:22:11.385 I/StandardCaps( 1124): Main 1.0
03-26 13:22:11.385 I/StandardCaps( 1124): Main 2.0
03-26 13:22:11.385 I/StandardCaps( 1124): Main 2.1
03-26 13:22:11.385 I/StandardCaps( 1124): Main 3.0
03-26 13:22:11.385 I/StandardCaps( 1124): Main 3.1
03-26 13:22:11.385 I/StandardCaps( 1124): Main 4.0
03-26 13:22:11.385 I/StandardCaps( 1124): Main 4.1
03-26 13:22:11.385 I/StandardCaps( 1124): Main 5.0
03-26 13:22:11.385 I/StandardCaps( 1124): Main 5.1
03-26 13:22:11.385 I/StandardCaps( 1124): Main 5.2
03-26 13:22:11.385 I/StandardCaps( 1124): Main 6.0
03-26 13:22:11.385 I/StandardCaps( 1124): Main 6.1
03-26 13:22:11.385 I/StandardCaps( 1124): High 1.0
03-26 13:22:11.385 I/StandardCaps( 1124): High 2.0
03-26 13:22:11.385 I/StandardCaps( 1124): High 2.1
03-26 13:22:11.385 I/StandardCaps( 1124): High 3.0
03-26 13:22:11.385 I/StandardCaps( 1124): High 3.1
03-26 13:22:11.385 I/StandardCaps( 1124): High 4.0
03-26 13:22:11.385 I/StandardCaps( 1124): High 4.1
03-26 13:22:11.385 I/StandardCaps( 1124): High 5.0
03-26 13:22:11.385 I/StandardCaps( 1124): High 5.1
03-26 13:22:11.385 I/StandardCaps( 1124): High 5.2
03-26 13:22:11.385 I/StandardCaps( 1124): High 6.0
03-26 13:22:11.385 I/StandardCaps( 1124): High 6.1
03-26 13:22:11.385 I/VendorCaps( 1124): RenderFrameRateOutputHelper: min 0 max 120
step 30 default 0
03-26 13:22:11.385 I/VendorCaps( 1124): VideoRefreshRateOutputHelper: min 0 max 120
step 1 default 60
03-26 13:22:11.385 I/QC2Filter( 1124): FUNCTION_BEGIN:getCapsHelpers
03-26 13:22:11.385 I/QC2ImageFormatFilter( 1124): FUNCTION_BEGIN:onGetCapsHelpers
03-26 13:22:11.386 I/QC2ImageFormatFilter( 1124): FUNCTION_END:onGetCapsHelpers
TIME=0 ms
03-26 13:22:11.386 I/QC2Filter( 1124): FUNCTION_END:getCapsHelpers TIME=0 ms
03-26 13:22:11.386 I/QC2PipelineCodec( 1124): capshelpers vectorId 0 inputDelay=0
03-26 13:22:11.386 I/QC2PipelinedEntity( 1124): pipelineid=100 inputDelay=0
03-26 13:22:11.386 I/QC2PipelineCodec( 1124): capshelpers vectorId 0 outputDelay=1
03-26 13:22:11.386 I/QC2PipelinedEntity( 1124): pipelineid=100 outputDelay=1
03-26 13:22:11.386 I/QC2PipelineCodec( 1124): capshelpers vectorId 1 inputDelay=1
