08-14 18:10:37.975 11640 11640 D Installations: Installation ID: c83wtf75RJqP9ohDf- c3xt
08-14 18:10:43.689 11640 11640 E MethodChannel#jojoy.app_resource_plugin: Failed to handle method call
08-14 18:10:43.689 11640 11640 E MethodChannel#jojoy.app_resource_plugin: android.content.res.Resources$NotFoundException: Drawable apkdone.com:mipmap/ic_launcher_foreground with resource ID #0x7f0f0001
08-14 18:10:43.689 11640 11640 E MethodChannel#jojoy.app_resource_plugin: Caused by: android.content.res.Resources$NotFoundException: File res/mipmap/ic_launcher_foreground.xml from drawable resource ID #0x7f0f0001
08-14 18:10:43.689 11640 11640 E MethodChannel#jojoy.app_resource_plugin: at android.content.res.ResourcesImpl.loadDrawableForCookie(ResourcesImpl.java:914)
08-14 18:10:43.689 11640 11640 E MethodChannel#jojoy.app_resource_plugin: at android.content.res.ResourcesImpl.originalLoadDrawable(ResourcesImpl.java:693)
08-14 18:10:43.689 11640 11640 E MethodChannel#jojoy.app_resource_plugin: at android.content.res.ResourcesImpl.loadDrawable(ResourcesImpl.java:600)
08-14 18:10:43.689 11640 11640 E MethodChannel#jojoy.app_resource_plugin: at android.content.res.MiuiResourcesImpl.loadDrawable(MiuiResourcesImpl.java:307)
08-14 18:10:43.689 11640 11640 E MethodChannel#jojoy.app_resource_plugin: at android.content.res.Resources.loadDrawable(Resources.java:1010)
08-14 18:10:43.689 11640 11640 E MethodChannel#jojoy.app_resource_plugin: at android.content.res.Resources.getDrawableForDensity(Resources.java:1000)
08-14 18:10:43.689 11640 11640 E MethodChannel#jojoy.app_resource_plugin: at android.content.res.Resources.getDrawable(Resources.java:939)
08-14 18:10:43.689 11640 11640 E MethodChannel#jojoy.app_resource_plugin: at android.content.Context.getDrawable(Context.java:702)
08-14 18:10:43.689 11640 11640 E MethodChannel#jojoy.app_resource_plugin: at androidx.core.content.ContextCompat$Api21Impl.getDrawable(Unknown Source:0)
08-14 18:10:43.689 11640 11640 E MethodChannel#jojoy.app_resource_plugin: at androidx.core.content.ContextCompat.getDrawable(Unknown Source:0)
08-14 18:10:43.689 11640 11640 E MethodChannel#jojoy.app_resource_plugin: at com.example.plugin.AppResourcePlugin.a(AppResourcePlugin.kt:4)
08-14 18:10:43.689 11640 11640 E MethodChannel#jojoy.app_resource_plugin: at com.example.plugin.AppResourcePlugin.onMethodCall(AppResourcePlugin.kt:22)
08-14 18:10:43.689 11640 11640 E MethodChannel#jojoy.app_resource_plugin: at io.flutter.plugin.common.MethodChannel$IncomingMethodCallHandler.onMessage(MethodCh annel.java:2)
08-14 18:10:43.689 11640 11640 E MethodChannel#jojoy.app_resource_plugin: at io.flutter.embedding.engine.dart.DartMessenger.invokeHandler(DartMessenger.java:2)
08-14 18:10:43.689 11640 11640 E MethodChannel#jojoy.app_resource_plugin: at io.flutter.embedding.engine.dart.DartMessenger.lambda$dispatchMessageToQueue$0(Dart Messenger.java:2)
08-14 18:10:43.689 11640 11640 E MethodChannel#jojoy.app_resource_plugin: at io.flutter.embedding.engine.dart.DartMessenger.a(Unknown Source:0)
08-14 18:10:43.689 11640 11640 E MethodChannel#jojoy.app_resource_plugin: at io.flutter.embedding.engine.dart.a.run(Unknown Source:12)
08-14 18:10:43.689 11640 11640 E MethodChannel#jojoy.app_resource_plugin: at android.os.Handler.handleCallback(Handler.java:938)
08-14 18:10:43.689 11640 11640 E MethodChannel#jojoy.app_resource_plugin: at android.os.Handler.dispatchMessage(Handler.java:99)
08-14 18:10:43.689 11640 11640 E MethodChannel#jojoy.app_resource_plugin: at android.os.Looper.loop(Looper.java:236)
08-14 18:10:43.689 11640 11640 E MethodChannel#jojoy.app_resource_plugin: at android.app.ActivityThread.main(ActivityThread.java:8037)
08-14 18:10:43.689 11640 11640 E MethodChannel#jojoy.app_resource_plugin: at java.lang.reflect.Method.invoke(Native Method)
08-14 18:10:43.689 11640 11640 E MethodChannel#jojoy.app_resource_plugin: at com.android.internal.os.RuntimeInit$MethodAndArgsCaller.run(RuntimeInit.java:656)
08-14 18:10:43.689 11640 11640 E MethodChannel#jojoy.app_resource_plugin: at com.android.internal.os.ZygoteInit.main(ZygoteInit.java:967)
08-14 18:10:43.689 11640 11640 E MethodChannel#jojoy.app_resource_plugin: Caused by: android.view.InflateException: Class not found x
08-14 18:10:43.689 11640 11640 E MethodChannel#jojoy.app_resource_plugin: at android.graphics.drawable.DrawableInflater.inflateFromClass(DrawableInflater.java:2 24)
08-14 18:10:43.689 11640 11640 E MethodChannel#jojoy.app_resource_plugin: at android.graphics.drawable.DrawableInflater.inflateFromXmlForDensity(DrawableInflate r.java:141)
08-14 18:10:43.689 11640 11640 E MethodChannel#jojoy.app_resource_plugin: at android.graphics.drawable.Drawable.createFromXmlInnerForDensity(Drawable.java:1402)
08-14 18:10:43.689 11640 11640 E MethodChannel#jojoy.app_resource_plugin: at android.graphics.drawable.Drawable.createFromXmlForDensity(Drawable.java:1361)
08-14 18:10:43.689 11640 11640 E MethodChannel#jojoy.app_resource_plugin: at android.content.res.ResourcesImpl.createFromXmlForDensity(ResourcesImpl.java:1633)
08-14 18:10:43.689 11640 11640 E MethodChannel#jojoy.app_resource_plugin: at android.content.res.ResourcesImpl.loadXmlDrawable(ResourcesImpl.java:979)
08-14 18:10:43.689 11640 11640 E MethodChannel#jojoy.app_resource_plugin: at android.content.res.ResourcesImpl.loadDrawableForCookie(ResourcesImpl.java:897)
08-14 18:10:43.689 11640 11640 E MethodChannel#jojoy.app_resource_plugin: ... 23 more
08-14 18:10:43.689 11640 11640 E MethodChannel#jojoy.app_resource_plugin: Caused by: java.lang.ClassNotFoundException: Didn't find class "x" on path: DexPathList[[zip file "/data/app/~~443BwroT5Fnqspny0BcVbQ==/apkdone.com- lhKG54JJQVGEhjNhAZ825A==/base.apk"],nativeLibraryDirectories=[/data/app/ ~~443BwroT5Fnqspny0BcVbQ==/apkdone.com-lhKG54JJQVGEhjNhAZ825A==/lib/arm, /data/app/~~443BwroT5Fnqspny0BcVbQ==/apkdone.com-lhKG54JJQVGEhjNhAZ825A==/ base.apk!/lib/armeabi-v7a, /system/lib, /system/system_ext/lib]]
08-14 18:10:43.689 11640 11640 E MethodChannel#jojoy.app_resource_plugin: at dalvik.system.BaseDexClassLoader.findClass(BaseDexClassLoader.java:207)
08-14 18:10:43.689 11640 11640 E MethodChannel#jojoy.app_resource_plugin: at java.lang.ClassLoader.loadClass(ClassLoader.java:379)
08-14 18:10:43.689 11640 11640 E MethodChannel#jojoy.app_resource_plugin: at java.lang.ClassLoader.loadClass(ClassLoader.java:312)
08-14 18:10:43.689 11640 11640 E MethodChannel#jojoy.app_resource_plugin: at android.graphics.drawable.DrawableInflater.inflateFromClass(DrawableInflater.java:2 05)
08-14 18:10:43.689 11640 11640 E MethodChannel#jojoy.app_resource_plugin: ... 29 more
08-14 18:10:43.692 11640 11640 D Installations: Installation ID: c83wtf75RJqP9ohDf- c3xt
08-14 18:10:59.808 11640 11640 D DynamitePackage: Instantiating com.google.android.gms.ads.ChimeraAdManagerCreatorImpl
08-14 18:10:59.812 11640 11640 I Ads : Use RequestConfiguration.Builder().setTestDeviceIds(Arrays.asList("A6C8D8E54F9C2046154C 0FAA5A68B56A")) to get test ads on this device.
08-14 18:10:59.819 11640 14685 I AudioManager: In isSpeakerphoneOn(), calling application: apkdone.com
08-14 18:10:59.832 11640 11640 E MethodChannel#jojoy.app_resource_plugin: Failed to handle method call
08-14 18:10:59.832 11640 11640 E MethodChannel#jojoy.app_resource_plugin: android.content.res.Resources$NotFoundException: Drawable apkdone.com:mipmap/ic_launcher_foreground with resource ID #0x7f0f0001
08-14 18:10:59.832 11640 11640 E MethodChannel#jojoy.app_resource_plugin: Caused by: android.content.res.Resources$NotFoundException: File res/mipmap/ic_launcher_foreground.xml from drawable resource ID #0x7f0f0001
08-14 18:10:59.832 11640 11640 E MethodChannel#jojoy.app_resource_plugin: at android.content.res.ResourcesImpl.loadDrawableForCookie(ResourcesImpl.java:914)
08-14 18:10:59.832 11640 11640 E MethodChannel#jojoy.app_resource_plugin: at android.content.res.ResourcesImpl.originalLoadDrawable(ResourcesImpl.java:693)
08-14 18:10:59.832 11640 11640 E MethodChannel#jojoy.app_resource_plugin: at android.content.res.ResourcesImpl.loadDrawable(ResourcesImpl.java:600)
08-14 18:10:59.832 11640 11640 E MethodChannel#jojoy.app_resource_plugin: at android.content.res.MiuiResourcesImpl.loadDrawable(MiuiResourcesImpl.java:307)
08-14 18:10:59.832 11640 11640 E MethodChannel#jojoy.app_resource_plugin: at android.content.res.Resources.loadDrawable(Resources.java:1010)
08-14 18:10:59.832 11640 11640 E MethodChannel#jojoy.app_resource_plugin: at android.content.res.Resources.getDrawableForDensity(Resources.java:1000)
08-14 18:10:59.832 11640 11640 E MethodChannel#jojoy.app_resource_plugin: at android.content.res.Resources.getDrawable(Resources.java:939)
08-14 18:10:59.832 11640 11640 E MethodChannel#jojoy.app_resource_plugin: at android.content.Context.getDrawable(Context.java:702)
08-14 18:10:59.832 11640 11640 E MethodChannel#jojoy.app_resource_plugin: at androidx.core.content.ContextCompat$Api21Impl.getDrawable(Unknown Source:0)
08-14 18:10:59.832 11640 11640 E MethodChannel#jojoy.app_resource_plugin: at androidx.core.content.ContextCompat.getDrawable(Unknown Source:0)
08-14 18:10:59.832 11640 11640 E MethodChannel#jojoy.app_resource_plugin: at com.example.plugin.AppResourcePlugin.a(AppResourcePlugin.kt:4)
08-14 18:10:59.832 11640 11640 E MethodChannel#jojoy.app_resource_plugin: at com.example.plugin.AppResourcePlugin.onMethodCall(AppResourcePlugin.kt:22)
08-14 18:10:59.832 11640 11640 E MethodChannel#jojoy.app_resource_plugin: at io.flutter.plugin.common.MethodChannel$IncomingMethodCallHandler.onMessage(MethodCh annel.java:2)
08-14 18:10:59.832 11640 11640 E MethodChannel#jojoy.app_resource_plugin: at io.flutter.embedding.engine.dart.DartMessenger.invokeHandler(DartMessenger.java:2)
08-14 18:10:59.832 11640 11640 E MethodChannel#jojoy.app_resource_plugin: at io.flutter.embedding.engine.dart.DartMessenger.lambda$dispatchMessageToQueue$0(Dart Messenger.java:2)
08-14 18:10:59.832 11640 11640 E MethodChannel#jojoy.app_resource_plugin: at io.flutter.embedding.engine.dart.DartMessenger.a(Unknown Source:0)
08-14 18:10:59.832 11640 11640 E MethodChannel#jojoy.app_resource_plugin: at io.flutter.embedding.engine.dart.a.run(Unknown Source:12)
08-14 18:10:59.832 11640 11640 E MethodChannel#jojoy.app_resource_plugin: at android.os.Handler.handleCallback(Handler.java:938)
08-14 18:10:59.832 11640 11640 E MethodChannel#jojoy.app_resource_plugin: at android.os.Handler.dispatchMessage(Handler.java:99)
08-14 18:10:59.832 11640 11640 E MethodChannel#jojoy.app_resource_plugin: at android.os.Looper.loop(Looper.java:236)
08-14 18:10:59.832 11640 11640 E MethodChannel#jojoy.app_resource_plugin: at android.app.ActivityThread.main(ActivityThread.java:8037)
08-14 18:10:59.832 11640 11640 E MethodChannel#jojoy.app_resource_plugin: at java.lang.reflect.Method.invoke(Native Method)
08-14 18:10:59.832 11640 11640 E MethodChannel#jojoy.app_resource_plugin: at com.android.internal.os.RuntimeInit$MethodAndArgsCaller.run(RuntimeInit.java:656)
08-14 18:10:59.832 11640 11640 E MethodChannel#jojoy.app_resource_plugin: at com.android.internal.os.ZygoteInit.main(ZygoteInit.java:967)
08-14 18:10:59.832 11640 11640 E MethodChannel#jojoy.app_resource_plugin: Caused by: android.view.InflateException: Class not found x
08-14 18:10:59.832 11640 11640 E MethodChannel#jojoy.app_resource_plugin: at android.graphics.drawable.DrawableInflater.inflateFromClass(DrawableInflater.java:2 24)
08-14 18:10:59.832 11640 11640 E MethodChannel#jojoy.app_resource_plugin: at android.graphics.drawable.DrawableInflater.inflateFromXmlForDensity(DrawableInflate r.java:141)
08-14 18:10:59.832 11640 11640 E MethodChannel#jojoy.app_resource_plugin: at android.graphics.drawable.Drawable.createFromXmlInnerForDensity(Drawable.java:1402)
08-14 18:10:59.832 11640 11640 E MethodChannel#jojoy.app_resource_plugin: at android.graphics.drawable.Drawable.createFromXmlForDensity(Drawable.java:1361)
08-14 18:10:59.832 11640 11640 E MethodChannel#jojoy.app_resource_plugin: at android.content.res.ResourcesImpl.createFromXmlForDensity(ResourcesImpl.java:1633)
08-14 18:10:59.832 11640 11640 E MethodChannel#jojoy.app_resource_plugin: at android.content.res.ResourcesImpl.loadXmlDrawable(ResourcesImpl.java:979)
08-14 18:10:59.832 11640 11640 E MethodChannel#jojoy.app_resource_plugin: at android.content.res.ResourcesImpl.loadDrawableForCookie(ResourcesImpl.java:897)
08-14 18:10:59.832 11640 11640 E MethodChannel#jojoy.app_resource_plugin: ... 23 more
08-14 18:10:59.832 11640 11640 E MethodChannel#jojoy.app_resource_plugin: Caused by: java.lang.ClassNotFoundException: Didn't find class "x" on path: DexPathList[[zip file "/data/app/~~443BwroT5Fnqspny0BcVbQ==/apkdone.com- lhKG54JJQVGEhjNhAZ825A==/base.apk"],nativeLibraryDirectories=[/data/app/ ~~443BwroT5Fnqspny0BcVbQ==/apkdone.com-lhKG54JJQVGEhjNhAZ825A==/lib/arm, /data/app/~~443BwroT5Fnqspny0BcVbQ==/apkdone.com-lhKG54JJQVGEhjNhAZ825A==/ base.apk!/lib/armeabi-v7a, /system/lib, /system/system_ext/lib]]
08-14 18:10:59.832 11640 11640 E MethodChannel#jojoy.app_resource_plugin: at dalvik.system.BaseDexClassLoader.findClass(BaseDexClassLoader.java:207)
08-14 18:10:59.832 11640 11640 E MethodChannel#jojoy.app_resource_plugin: at java.lang.ClassLoader.loadClass(ClassLoader.java:379)
08-14 18:10:59.832 11640 11640 E MethodChannel#jojoy.app_resource_plugin: at java.lang.ClassLoader.loadClass(ClassLoader.java:312)
08-14 18:10:59.832 11640 11640 E MethodChannel#jojoy.app_resource_plugin: at android.graphics.drawable.DrawableInflater.inflateFromClass(DrawableInflater.java:2 05)
08-14 18:10:59.832 11640 11640 E MethodChannel#jojoy.app_resource_plugin: ... 29 more
08-14 18:10:59.848 11640 11640 I chatty : uid=11400(apkdone.com) identical 3 lines
08-14 18:10:59.850 11640 11640 E MethodChannel#jojoy.app_resource_plugin: Failed to handle method call
08-14 18:10:59.850 11640 11640 E MethodChannel#jojoy.app_resource_plugin: android.content.res.Resources$NotFoundException: Drawable apkdone.com:mipmap/ic_launcher_foreground with resource ID #0x7f0f0001
08-14 18:10:59.850 11640 11640 E MethodChannel#jojoy.app_resource_plugin: Caused by: android.content.res.Resources$NotFoundException: File res/mipmap/ic_launcher_foreground.xml from drawable resource ID #0x7f0f0001
08-14 18:10:59.850 11640 11640 E MethodChannel#jojoy.app_resource_plugin: at android.content.res.ResourcesImpl.loadDrawableForCookie(ResourcesImpl.java:914)
08-14 18:10:59.850 11640 11640 E MethodChannel#jojoy.app_resource_plugin: at android.content.res.ResourcesImpl.originalLoadDrawable(ResourcesImpl.java:693)
08-14 18:10:59.850 11640 11640 E MethodChannel#jojoy.app_resource_plugin: at android.content.res.ResourcesImpl.loadDrawable(ResourcesImpl.java:600)
08-14 18:10:59.850 11640 11640 E MethodChannel#jojoy.app_resource_plugin: at android.content.res.MiuiResourcesImpl.loadDrawable(MiuiResourcesImpl.java:307)
08-14 18:10:59.850 11640 11640 E MethodChannel#jojoy.app_resource_plugin: at android.content.res.Resources.loadDrawable(Resources.java:1010)
08-14 18:10:59.850 11640 11640 E MethodChannel#jojoy.app_resource_plugin: at android.content.res.Resources.getDrawableForDensity(Resources.java:1000)
08-14 18:10:59.850 11640 11640 E MethodChannel#jojoy.app_resource_plugin: at android.content.res.Resources.getDrawable(Resources.java:939)
08-14 18:10:59.850 11640 11640 E MethodChannel#jojoy.app_resource_plugin: at android.content.Context.getDrawable(Context.java:702)
08-14 18:10:59.850 11640 11640 E MethodChannel#jojoy.app_resource_plugin: at androidx.core.content.ContextCompat$Api21Impl.getDrawable(Unknown Source:0)
08-14 18:10:59.850 11640 11640 E MethodChannel#jojoy.app_resource_plugin: at androidx.core.content.ContextCompat.getDrawable(Unknown Source:0)
08-14 18:10:59.850 11640 11640 E MethodChannel#jojoy.app_resource_plugin: at com.example.plugin.AppResourcePlugin.a(AppResourcePlugin.kt:4)
08-14 18:10:59.850 11640 11640 E MethodChannel#jojoy.app_resource_plugin: at com.example.plugin.AppResourcePlugin.onMethodCall(AppResourcePlugin.kt:22)
08-14 18:10:59.850 11640 11640 E MethodChannel#jojoy.app_resource_plugin: at io.flutter.plugin.common.MethodChannel$IncomingMethodCallHandler.onMessage(MethodCh annel.java:2)
08-14 18:10:59.850 11640 11640 E MethodChannel#jojoy.app_resource_plugin: at io.flutter.embedding.engine.dart.DartMessenger.invokeHandler(DartMessenger.java:2)
08-14 18:10:59.850 11640 11640 E MethodChannel#jojoy.app_resource_plugin: at io.flutter.embedding.engine.dart.DartMessenger.lambda$dispatchMessageToQueue$0(Dart Messenger.java:2)
08-14 18:10:59.850 11640 11640 E MethodChannel#jojoy.app_resource_plugin: at io.flutter.embedding.engine.dart.DartMessenger.a(Unknown Source:0)
08-14 18:10:59.850 11640 11640 E MethodChannel#jojoy.app_resource_plugin: at io.flutter.embedding.engine.dart.a.run(Unknown Source:12)
08-14 18:10:59.850 11640 11640 E MethodChannel#jojoy.app_resource_plugin: at android.os.Handler.handleCallback(Handler.java:938)
08-14 18:10:59.850 11640 11640 E MethodChannel#jojoy.app_resource_plugin: at android.os.Handler.dispatchMessage(Handler.java:99)
08-14 18:10:59.850 11640 11640 E MethodChannel#jojoy.app_resource_plugin: at android.os.Looper.loop(Looper.java:236)
08-14 18:10:59.850 11640 11640 E MethodChannel#jojoy.app_resource_plugin: at android.app.ActivityThread.main(ActivityThread.java:8037)
08-14 18:10:59.850 11640 11640 E MethodChannel#jojoy.app_resource_plugin: at java.lang.reflect.Method.invoke(Native Method)
08-14 18:10:59.850 11640 11640 E MethodChannel#jojoy.app_resource_plugin: at com.android.internal.os.RuntimeInit$MethodAndArgsCaller.run(RuntimeInit.java:656)
08-14 18:10:59.850 11640 11640 E MethodChannel#jojoy.app_resource_plugin: at com.android.internal.os.ZygoteInit.main(ZygoteInit.java:967)
08-14 18:10:59.850 11640 11640 E MethodChannel#jojoy.app_resource_plugin: Caused by: android.view.InflateException: Class not found x
08-14 18:10:59.850 11640 11640 E MethodChannel#jojoy.app_resource_plugin: at android.graphics.drawable.DrawableInflater.inflateFromClass(DrawableInflater.java:2 24)
08-14 18:10:59.850 11640 11640 E MethodChannel#jojoy.app_resource_plugin: at android.graphics.drawable.DrawableInflater.inflateFromXmlForDensity(DrawableInflate r.java:141)
08-14 18:10:59.850 11640 11640 E MethodChannel#jojoy.app_resource_plugin: at android.graphics.drawable.Drawable.createFromXmlInnerForDensity(Drawable.java:1402)
08-14 18:10:59.850 11640 11640 E MethodChannel#jojoy.app_resource_plugin: at android.graphics.drawable.Drawable.createFromXmlForDensity(Drawable.java:1361)
08-14 18:10:59.850 11640 11640 E MethodChannel#jojoy.app_resource_plugin: at android.content.res.ResourcesImpl.createFromXmlForDensity(ResourcesImpl.java:1633)
08-14 18:10:59.850 11640 11640 E MethodChannel#jojoy.app_resource_plugin: at android.content.res.ResourcesImpl.loadXmlDrawable(ResourcesImpl.java:979)
08-14 18:10:59.850 11640 11640 E MethodChannel#jojoy.app_resource_plugin: at android.content.res.ResourcesImpl.loadDrawableForCookie(ResourcesImpl.java:897)
08-14 18:10:59.850 11640 11640 E MethodChannel#jojoy.app_resource_plugin: ... 23 more
08-14 18:10:59.850 11640 11640 E MethodChannel#jojoy.app_resource_plugin: Caused by: java.lang.ClassNotFoundException: Didn't find class "x" on path: DexPathList[[zip file "/data/app/~~443BwroT5Fnqspny0BcVbQ==/apkdone.com- lhKG54JJQVGEhjNhAZ825A==/base.apk"],nativeLibraryDirectories=[/data/app/ ~~443BwroT5Fnqspny0BcVbQ==/apkdone.com-lhKG54JJQVGEhjNhAZ825A==/lib/arm, /data/app/~~443BwroT5Fnqspny0BcVbQ==/apkdone.com-lhKG54JJQVGEhjNhAZ825A==/ base.apk!/lib/armeabi-v7a, /system/lib, /system/system_ext/lib]]
08-14 18:10:59.850 11640 11640 E MethodChannel#jojoy.app_resource_plugin: at dalvik.system.BaseDexClassLoader.findClass(BaseDexClassLoader.java:207)
08-14 18:10:59.850 11640 11640 E MethodChannel#jojoy.app_resource_plugin: at java.lang.ClassLoader.loadClass(ClassLoader.java:379)
08-14 18:10:59.850 11640 11640 E MethodChannel#jojoy.app_resource_plugin: at java.lang.ClassLoader.loadClass(ClassLoader.java:312)
08-14 18:10:59.850 11640 11640 E MethodChannel#jojoy.app_resource_plugin: at android.graphics.drawable.DrawableInflater.inflateFromClass(DrawableInflater.java:2 05)
08-14 18:10:59.850 11640 11640 E MethodChannel#jojoy.app_resource_plugin: ... 29 more
08-14 18:10:59.850 11640 14799 W ConnectionStatusConfig: Dynamic lookup for intent failed for action: com.google.android.gms.ads.service.START
08-14 18:10:59.852 11640 11640 E MethodChannel#jojoy.app_resource_plugin: Failed to handle method call
08-14 18:10:59.852 11640 11640 E MethodChannel#jojoy.app_resource_plugin: android.content.res.Resources$NotFoundException: Drawable apkdone.com:mipmap/ic_launcher_foreground with resource ID #0x7f0f0001
08-14 18:10:59.852 11640 11640 E MethodChannel#jojoy.app_resource_plugin: Caused by: android.content.res.Resources$NotFoundException: File res/mipmap/ic_launcher_foreground.xml from drawable resource ID #0x7f0f0001
08-14 18:10:59.852 11640 11640 E MethodChannel#jojoy.app_resource_plugin: at android.content.res.ResourcesImpl.loadDrawableForCookie(ResourcesImpl.java:914)
08-14 18:10:59.852 11640 11640 E MethodChannel#jojoy.app_resource_plugin: at android.content.res.ResourcesImpl.originalLoadDrawable(ResourcesImpl.java:693)
08-14 18:10:59.852 11640 11640 E MethodChannel#jojoy.app_resource_plugin: at android.content.res.ResourcesImpl.loadDrawable(ResourcesImpl.java:600)
08-14 18:10:59.852 11640 11640 E MethodChannel#jojoy.app_resource_plugin: at android.content.res.MiuiResourcesImpl.loadDrawable(MiuiResourcesImpl.java:307)
08-14 18:10:59.852 11640 11640 E MethodChannel#jojoy.app_resource_plugin: at android.content.res.Resources.loadDrawable(Resources.java:1010)
08-14 18:10:59.852 11640 11640 E MethodChannel#jojoy.app_resource_plugin: at android.content.res.Resources.getDrawableForDensity(Resources.java:1000)
08-14 18:10:59.852 11640 11640 E MethodChannel#jojoy.app_resource_plugin: at android.content.res.Resources.getDrawable(Resources.java:939)
08-14 18:10:59.852 11640 11640 E MethodChannel#jojoy.app_resource_plugin: at android.content.Context.getDrawable(Context.java:702)
08-14 18:10:59.852 11640 11640 E MethodChannel#jojoy.app_resource_plugin: at androidx.core.content.ContextCompat$Api21Impl.getDrawable(Unknown Source:0)
08-14 18:10:59.852 11640 11640 E MethodChannel#jojoy.app_resource_plugin: at androidx.core.content.ContextCompat.getDrawable(Unknown Source:0)
08-14 18:10:59.852 11640 11640 E MethodChannel#jojoy.app_resource_plugin: at com.example.plugin.AppResourcePlugin.a(AppResourcePlugin.kt:4)
08-14 18:10:59.852 11640 11640 E MethodChannel#jojoy.app_resource_plugin: at com.example.plugin.AppResourcePlugin.onMethodCall(AppResourcePlugin.kt:22)
08-14 18:10:59.852 11640 11640 E MethodChannel#jojoy.app_resource_plugin: at io.flutter.plugin.common.MethodChannel$IncomingMethodCallHandler.onMessage(MethodCh annel.java:2)
08-14 18:10:59.852 11640 11640 E MethodChannel#jojoy.app_resource_plugin: at io.flutter.embedding.engine.dart.DartMessenger.invokeHandler(DartMessenger.java:2)
08-14 18:10:59.852 11640 11640 E MethodChannel#jojoy.app_resource_plugin: at io.flutter.embedding.engine.dart.DartMessenger.lambda$dispatchMessageToQueue$0(Dart Messenger.java:2)
08-14 18:10:59.852 11640 11640 E MethodChannel#jojoy.app_resource_plugin: at io.flutter.embedding.engine.dart.DartMessenger.a(Unknown Source:0)
08-14 18:10:59.852 11640 11640 E MethodChannel#jojoy.app_resource_plugin: at io.flutter.embedding.engine.dart.a.run(Unknown Source:12)
08-14 18:10:59.852 11640 11640 E MethodChannel#jojoy.app_resource_plugin: at android.os.Handler.handleCallback(Handler.java:938)
08-14 18:10:59.852 11640 11640 E MethodChannel#jojoy.app_resource_plugin: at android.os.Handler.dispatchMessage(Handler.java:99)
08-14 18:10:59.852 11640 11640 E MethodChannel#jojoy.app_resource_plugin: at android.os.Looper.loop(Looper.java:236)
08-14 18:10:59.852 11640 11640 E MethodChannel#jojoy.app_resource_plugin: at android.app.ActivityThread.main(ActivityThread.java:8037)
08-14 18:10:59.852 11640 11640 E MethodChannel#jojoy.app_resource_plugin: at java.lang.reflect.Method.invoke(Native Method)
08-14 18:10:59.852 11640 11640 E MethodChannel#jojoy.app_resource_plugin: at com.android.internal.os.RuntimeInit$MethodAndArgsCaller.run(RuntimeInit.java:656)
08-14 18:10:59.852 11640 11640 E MethodChannel#jojoy.app_resource_plugin: at com.android.internal.os.ZygoteInit.main(ZygoteInit.java:967)
08-14 18:10:59.852 11640 11640 E MethodChannel#jojoy.app_resource_plugin: Caused by: android.view.InflateException: Class not found x
08-14 18:10:59.852 11640 11640 E MethodChannel#jojoy.app_resource_plugin: at android.graphics.drawable.DrawableInflater.inflateFromClass(DrawableInflater.java:2 24)
08-14 18:10:59.852 11640 11640 E MethodChannel#jojoy.app_resource_plugin: at android.graphics.drawable.DrawableInflater.inflateFromXmlForDensity(DrawableInflate r.java:141)
08-14 18:10:59.852 11640 11640 E MethodChannel#jojoy.app_resource_plugin: at android.graphics.drawable.Drawable.createFromXmlInnerForDensity(Drawable.java:1402)
08-14 18:10:59.852 11640 11640 E MethodChannel#jojoy.app_resource_plugin: at android.graphics.drawable.Drawable.createFromXmlForDensity(Drawable.java:1361)
08-14 18:10:59.852 11640 11640 E MethodChannel#jojoy.app_resource_plugin: at android.content.res.ResourcesImpl.createFromXmlForDensity(ResourcesImpl.java:1633)
08-14 18:10:59.852 11640 11640 E MethodChannel#jojoy.app_resource_plugin: at android.content.res.ResourcesImpl.loadXmlDrawable(ResourcesImpl.java:979)
08-14 18:10:59.852 11640 11640 E MethodChannel#jojoy.app_resource_plugin: at android.content.res.ResourcesImpl.loadDrawableForCookie(ResourcesImpl.java:897)
08-14 18:10:59.852 11640 11640 E MethodChannel#jojoy.app_resource_plugin: ... 23 more
08-14 18:10:59.852 11640 11640 E MethodChannel#jojoy.app_resource_plugin: Caused by: java.lang.ClassNotFoundException: Didn't find class "x" on path: DexPathList[[zip file "/data/app/~~443BwroT5Fnqspny0BcVbQ==/apkdone.com- lhKG54JJQVGEhjNhAZ825A==/base.apk"],nativeLibraryDirectories=[/data/app/ ~~443BwroT5Fnqspny0BcVbQ==/apkdone.com-lhKG54JJQVGEhjNhAZ825A==/lib/arm, /data/app/~~443BwroT5Fnqspny0BcVbQ==/apkdone.com-lhKG54JJQVGEhjNhAZ825A==/ base.apk!/lib/armeabi-v7a, /system/lib, /system/system_ext/lib]]
08-14 18:10:59.852 11640 11640 E MethodChannel#jojoy.app_resource_plugin: at dalvik.system.BaseDexClassLoader.findClass(BaseDexClassLoader.java:207)
08-14 18:10:59.852 11640 11640 E MethodChannel#jojoy.app_resource_plugin: at java.lang.ClassLoader.loadClass(ClassLoader.java:379)
08-14 18:10:59.852 11640 11640 E MethodChannel#jojoy.app_resource_plugin: at java.lang.ClassLoader.loadClass(ClassLoader.java:312)
08-14 18:10:59.852 11640 11640 E MethodChannel#jojoy.app_resource_plugin: at android.graphics.drawable.DrawableInflater.inflateFromClass(DrawableInflater.java:2 05)
08-14 18:10:59.852 11640 11640 E MethodChannel#jojoy.app_resource_plugin: ... 29 more
08-14 18:10:59.897 11640 11640 D DynamitePackage: Instantiating com.google.android.gms.ads.ChimeraAdManagerCreatorImpl
08-14 18:10:59.900 11640 11640 I Ads : Use RequestConfiguration.Builder().setTestDeviceIds(Arrays.asList("A6C8D8E54F9C2046154C 0FAA5A68B56A")) to get test ads on this device.
08-14 18:10:59.907 11640 14792 I AudioManager: In isSpeakerphoneOn(), calling application: apkdone.com
08-14 18:10:59.926 11640 11640 D Installations: Installation ID: c83wtf75RJqP9ohDf- c3xt
08-14 18:10:59.927 11640 11640 I chatty : uid=11400(apkdone.com) identical 4 lines
08-14 18:10:59.927 11640 11640 D Installations: Installation ID: c83wtf75RJqP9ohDf- c3xt
08-14 18:10:59.940 11640 14791 W Ads : Not retrying to fetch app settings
08-14 18:11:00.027 11640 11652 I apkdone.com: Background young concurrent copying GC freed 142614(8981KB) AllocSpace objects, 111(2480KB) LOS objects, 47% free, 12MB/23MB, paused 789us total 105.412ms
08-14 18:11:00.216 11640 11807 W RenderInspector: QueueBuffer time out on apkdone.com/com.example.MainActivity, count=1, avg=17 ms, max=17 ms.
08-14 18:11:00.282 11640 12146 I UnityAds: com.unity3d.services.core.api.Sdk.logInfo() (line:1) :: Opening performance ad unit with orientation PORTRAIT, hardware acceleration enabled
08-14 18:11:00.284 11640 12146 I Timeline: Timeline: Activity_launch_request time:414625260
08-14 18:11:00.342 11640 11640 I Ads : Ad failed to load : 3
08-14 18:11:00.419 11640 11640 D DecorView[]: getWindowModeFromSystem windowmode is 1
08-14 18:11:00.419 11640 11640 D DecorView: createDecorCaptionView windowingMode:1 mWindowMode 1 isFullscreen: true
08-14 18:11:00.453 11640 11640 D DecorView[]: getWindowModeFromSystem windowmode is 1
08-14 18:11:00.474 11640 11640 W ContentCatcher: Failed to notify a WebView
08-14 18:11:00.519 11640 11640 D SurfaceView: UPDATE null, mIsCastMode = false
08-14 18:11:00.603 11640 11640 I Ads : Ad failed to load : 3
08-14 18:11:00.973 11640 11954 I AAudio : AAudioStreamBuilder_openStream() called ----------------------------------------
08-14 18:11:00.974 11640 11954 I AudioStreamBuilder: rate = 48000, channels = 2, format = 5, sharing = SH, dir = OUTPUT
08-14 18:11:00.974 11640 11954 I AudioStreamBuilder: device = 0, sessionId = - 1, perfMode = 12, callback: ON with frames = 192
08-14 18:11:00.974 11640 11954 I AudioStreamBuilder: usage = 1, contentType = 0, inputPreset = 0, allowedCapturePolicy = 0
08-14 18:11:00.974 11640 11954 I AudioStreamBuilder: privacy sensitive = false
08-14 18:11:00.974 11640 11954 D apkdone.com: PlayerBase::PlayerBase()
08-14 18:11:00.975 11640 11954 D AudioStreamTrack: open(), request notificationFrames = -8, frameCount = 0
08-14 18:11:01.032 11640 11954 I AudioTrack: createTrack_l(-1458259008): AUDIO_OUTPUT_FLAG_FAST successful; frameCount 0 -> 1536
08-14 18:11:01.033 11640 11954 D AAudioStream: setState(s#1) from 0 to 2
08-14 18:11:01.033 11640 11954 W AudioStreamTrack: open() flags changed from 0x00000104 to 0x00000004
08-14 18:11:01.035 11640 11954 I AAudio : AAudioStreamBuilder_openStream() returns 0 = AAUDIO_OK for s#1 ----------------
08-14 18:11:01.037 11640 11954 D AAudio : AAudioStream_requestStart(s#1) called --------------
08-14 18:11:01.037 11640 11954 D AAudioStream: setState(s#1) from 2 to 3
08-14 18:11:01.061 11640 11954 D apkdone.com: PlayerBase::start() from IPlayer
08-14 18:11:01.061 11640 11954 D AAudio : AAudioStream_requestStart(s#1) returned 0 ---------
08-14 18:11:01.061 11640 14742 D AudioStreamLegacy: onAudioDeviceUpdate() devId 3 => 3
08-14 18:11:01.115 11640 12146 E UnityAds: com.unity3d.services.core.api.Sdk.logError() (line:1) :: No fill for placement game_detail_banner
08-14 18:11:01.222 11640 14830 D AAudioStream: setState(s#1) from 3 to 4
08-14 18:11:01.503 11640 11667 I TRuntime.CctTransportBackend: Making request to: https://firebaselogging-pa.googleapis.com/v1/firelog/legacy/batchlog
08-14 18:11:01.707 11640 11640 I UnityAds: com.unity3d.services.banners.BannerView.destroy() (line:8) :: Banner [game_detail_banner] was destroyed
08-14 18:11:01.864 11640 11640 D MediaPlayerNative: getMetadata
08-14 18:11:01.866 11640 11807 W RenderInspector: QueueBuffer time out on apkdone.com/com.unity3d.services.ads.adunit.AdUnitActivity, count=1, avg=16 ms, max=16 ms.
08-14 18:11:02.069 11640 12146 W UnityAds: com.unity3d.services.core.device.Device.getNetworkType() (line:4) :: Unity Ads was not able to get current network type due to missing permission
08-14 18:11:02.081 11640 12146 W UnityAds: com.unity3d.services.core.device.Device.getNetworkType() (line:4) :: Unity Ads was not able to get current network type due to missing permission
08-14 18:11:02.227 11640 14830 I AudioTrack: isLongTimeZoreData zoer date time 1 Seconds
08-14 18:11:03.249 11640 14830 I AudioTrack: isLongTimeZoreData zoer date time 2 Seconds
08-14 18:11:03.693 11640 11640 D DecorView[]: getWindowModeFromSystem windowmode is 1
08-14 18:11:03.721 11640 11667 I TRuntime.CctTransportBackend: Status Code: 200
08-14 18:11:03.858 11640 14742 W MediaPlayerNative: info/warning (3, 0)
08-14 18:11:04.021 11640 12146 W UnityAds: com.unity3d.services.core.device.Device.getNetworkType() (line:4) :: Unity Ads was not able to get current network type due to missing permission
08-14 18:11:04.043 11640 12146 I UnityAds: com.unity3d.services.core.api.Sdk.logInfo() (line:1) :: Unity Ads event: sending start event to https://publisher-event.unityads.unity3d.com/events/v2/video/video_start/ 4557173/62e116933f185d733441ff6b-62c6dfd97c66baba662373f5
08-14 18:11:04.265 11640 14830 I AudioTrack: isLongTimeZoreData zoer date time 3 Seconds
08-14 18:11:05.281 11640 14830 I AudioTrack: isLongTimeZoreData zoer date time 4 Seconds
08-14 18:11:06.306 11640 14830 I AudioTrack: isLongTimeZoreData zoer date time 5 Seconds
08-14 18:11:07.266 11640 11807 W RenderInspector: DequeueBuffer time out on apkdone.com/com.unity3d.services.ads.adunit.AdUnitActivity, count=1, avg=24 ms, max=24 ms.
08-14 18:11:07.322 11640 14830 I AudioTrack: isLongTimeZoreData zoer date time 6 Seconds
08-14 18:11:08.345 11640 14830 I AudioTrack: isLongTimeZoreData zoer date time 7 Seconds
08-14 18:11:09.260 11640 12146 W UnityAds: com.unity3d.services.core.device.Device.getNetworkType() (line:4) :: Unity Ads was not able to get current network type due to missing permission
08-14 18:11:09.280 11640 12146 W UnityAds: com.unity3d.services.core.device.Device.getNetworkType() (line:4) :: Unity Ads was not able to get current network type due to missing permission
08-14 18:11:09.362 11640 14830 I AudioTrack: isLongTimeZoreData zoer date time 8 Seconds
08-14 18:11:10.378 11640 14830 I AudioTrack: isLongTimeZoreData zoer date time 9 Seconds
08-14 18:11:11.394 11640 14830 I AudioTrack: isLongTimeZoreData zoer date time 10 Seconds
08-14 18:11:12.409 11640 14830 I AudioTrack: isLongTimeZoreData zoer date time 11 Seconds
08-14 18:11:13.426 11640 14830 I AudioTrack: isLongTimeZoreData zoer date time 12 Seconds
08-14 18:11:14.441 11640 14830 I AudioTrack: isLongTimeZoreData zoer date time 13 Seconds
08-14 18:11:14.576 11640 11807 I OpenGLRenderer: Davey! duration=4875ms; Flags=0, IntendedVsync=414634568155982, Vsync=414634568155982, OldestInputEvent=9223372036854775807, NewestInputEvent=0, HandleInputStart=414634573984844, AnimationStart=414634573991823, PerformTraversalsStart=414634579897084, DrawStart=414634580155105, SyncQueued=414634580512657, SyncStart=414634675709063, IssueDrawCommandsStart=414634675865365, SwapBuffers=414639535028124, FrameCompleted=414639538811978, DequeueBufferDuration=602448, QueueBufferDuration=1530521, GpuCompleted=414630528836148,
08-14 18:11:14.582 11640 11640 W Looper : PerfMonitor longMsg : seq=14040 plan=18:11:09.607 late=93ms wall=4879ms running=2ms h=android.view.Choreographer$FrameHandler c=android.view.Choreographer$FrameDisplayEventReceiver procState=2
08-14 18:11:14.582 11640 11640 W Looper : PerfMonitor doFrame : time=4879ms vsyncFrame=0 latency=93ms procState=2 historyMsgCount=1 (msgIndex=1 wall=103ms seq=14039 running=2ms runnable=2ms late=5ms h=android.view.Choreographer$FrameHandler c=android.view.Choreographer$FrameDisplayEventReceiver)
08-14 18:11:14.584 11640 11640 I Choreographer: Skipped 292 frames! The application may be doing too much work on its main thread.
08-14 18:11:14.587 11640 11640 W Looper : PerfMonitor doFrame : time=3ms vsyncFrame=0 latency=4877ms procState=2 historyMsgCount=1 (msgIndex=1 wall=4879ms seq=14040 running=2ms late=93ms h=android.view.Choreographer$FrameHandler c=android.view.Choreographer$FrameDisplayEventReceiver)
08-14 18:11:14.615 11640 11807 W RenderInspector: QueueBuffer time out on apkdone.com/com.unity3d.services.ads.adunit.AdUnitActivity, count=56, avg=44 ms, max=162 ms.
08-14 18:11:14.701 11640 12146 W UnityAds: com.unity3d.services.core.device.Device.getNetworkType() (line:4) :: Unity Ads was not able to get current network type due to missing permission
08-14 18:11:14.748 11640 12146 I UnityAds: com.unity3d.services.core.api.Sdk.logInfo() (line:1) :: Unity Ads event: sending first_quartile event to https://publisher-event.unityads.unity3d.com/events/v2/video/first_quartile/ 4557173/62e116933f185d733441ff6b-62c6dfd97c66baba662373f5
08-14 18:11:15.457 11640 14830 I AudioTrack: isLongTimeZoreData zoer date time 14 Seconds
08-14 18:11:16.473 11640 14830 I AudioTrack: isLongTimeZoreData zoer date time 15 Seconds
08-14 18:11:17.022 11640 12146 W UnityAds: com.unity3d.services.core.device.Device.getNetworkType() (line:4) :: Unity Ads was not able to get current network type due to missing permission
08-14 18:11:17.031 11640 12146 I UnityAds: com.unity3d.services.core.api.Sdk.logInfo() (line:1) :: Unity Ads event: sending midpoint event to https://publisher-event.unityads.unity3d.com/events/v2/video/midpoint/ 4557173/62e116933f185d733441ff6b-62c6dfd97c66baba662373f5
08-14 18:11:17.489 11640 14830 I AudioTrack: isLongTimeZoreData zoer date time 16 Seconds
08-14 18:11:18.071 11640 11652 I apkdone.com: Background concurrent copying GC freed 167803(9711KB) AllocSpace objects, 84(2308KB) LOS objects, 49% free, 10MB/21MB, paused 269us total 375.813ms
08-14 18:11:18.078 11640 11654 W System : A resource failed to call end.
08-14 18:11:18.079 11640 11654 I chatty : uid=11400(apkdone.com) FinalizerDaemon identical 1 line
08-14 18:11:18.080 11640 11654 W System : A resource failed to call end.
08-14 18:11:18.505 11640 14830 I AudioTrack: isLongTimeZoreData zoer date time 17 Seconds
08-14 18:11:19.521 11640 14830 I AudioTrack: isLongTimeZoreData zoer date time 18 Seconds
08-14 18:11:20.538 11640 14830 I AudioTrack: isLongTimeZoreData zoer date time 19 Seconds
08-14 18:11:21.289 11640 11807 W RenderInspector: QueueBuffer time out on apkdone.com/com.unity3d.services.ads.adunit.AdUnitActivity, count=59, avg=48 ms, max=104 ms.
08-14 18:11:21.554 11640 14830 I AudioTrack: isLongTimeZoreData zoer date time 20 Seconds
08-14 18:11:22.570 11640 14830 I AudioTrack: isLongTimeZoreData zoer date time 21 Seconds
08-14 18:11:23.463 11640 12146 W UnityAds: com.unity3d.services.core.device.Device.getNetworkType() (line:4) :: Unity Ads was not able to get current network type due to missing permission
08-14 18:11:23.586 11640 14830 I AudioTrack: isLongTimeZoreData zoer date time 22 Seconds
08-14 18:11:23.674 11640 12146 I UnityAds: com.unity3d.services.core.api.Sdk.logInfo() (line:1) :: Unity Ads event: sending third_quartile event to https://publisher-event.unityads.unity3d.com/events/v2/video/third_quartile/ 4557173/62e116933f185d733441ff6b-62c6dfd97c66baba662373f5
08-14 18:11:24.519 11640 11807 W RenderInspector: QueueBuffer time out on apkdone.com/com.unity3d.services.ads.adunit.AdUnitActivity, count=60, avg=44 ms, max=99 ms.
08-14 18:11:24.603 11640 14830 I AudioTrack: isLongTimeZoreData zoer date time 23 Seconds
08-14 18:11:25.200 11640 11807 W RenderInspector: QueueBuffer time out on apkdone.com/com.unity3d.services.ads.adunit.AdUnitActivity, count=13, avg=45 ms, max=88 ms.
08-14 18:11:25.255 11640 11807 W RenderInspector: DequeueBuffer time out on apkdone.com/com.unity3d.services.ads.adunit.AdUnitActivity, count=1, avg=27 ms, max=27 ms.
08-14 18:11:25.617 11640 14830 I AudioTrack: isLongTimeZoreData zoer date time 24 Seconds
08-14 18:11:26.635 11640 14830 I AudioTrack: isLongTimeZoreData zoer date time 25 Seconds
08-14 18:11:27.651 11640 14830 I AudioTrack: isLongTimeZoreData zoer date time 26 Seconds
08-14 18:11:28.662 11640 14830 I AudioTrack: isLongTimeZoreData zoer date time 27 Seconds
08-14 18:11:29.359 11640 11640 D DecorView[]: getWindowModeFromSystem windowmode is 1
08-14 18:11:29.678 11640 14830 I AudioTrack: isLongTimeZoreData zoer date time 28 Seconds
08-14 18:11:30.035 11640 11640 W Looper : PerfMonitor doFrame : time=697ms vsyncFrame=0 latency=8ms procState=2 historyMsgCount=3
08-14 18:11:30.042 11640 11640 I Choreographer: Skipped 41 frames! The application may be doing too much work on its main thread.
08-14 18:11:30.071 11640 11954 I AAudio : AAudioStreamBuilder_openStream() called ----------------------------------------
08-14 18:11:30.071 11640 11954 I AudioStreamBuilder: rate = 48000, channels = 2, format = 5, sharing = SH, dir = OUTPUT
08-14 18:11:30.072 11640 11954 I AudioStreamBuilder: device = 0, sessionId = - 1, perfMode = 12, callback: ON with frames = 192
08-14 18:11:30.072 11640 11954 I AudioStreamBuilder: usage = 1, contentType = 0, inputPreset = 0, allowedCapturePolicy = 0
08-14 18:11:30.072 11640 11954 I AudioStreamBuilder: privacy sensitive = false
08-14 18:11:30.072 11640 11954 D apkdone.com: PlayerBase::PlayerBase()
08-14 18:11:30.072 11640 11954 D AudioStreamTrack: open(), request notificationFrames = -8, frameCount = 0
08-14 18:11:30.107 11640 11954 I AudioTrack: createTrack_l(-1340434422): AUDIO_OUTPUT_FLAG_FAST successful; frameCount 0 -> 1536
08-14 18:11:30.108 11640 11954 D AAudioStream: setState(s#2) from 0 to 2
08-14 18:11:30.109 11640 11954 W AudioStreamTrack: open() flags changed from 0x00000104 to 0x00000004
08-14 18:11:30.112 11640 11954 I AAudio : AAudioStreamBuilder_openStream() returns 0 = AAUDIO_OK for s#2 ----------------
08-14 18:11:30.117 11640 11954 D AAudio : AAudioStream_requestStart(s#2) called --------------
08-14 18:11:30.117 11640 11954 D AAudioStream: setState(s#2) from 2 to 3
08-14 18:11:30.130 11640 11954 D apkdone.com: PlayerBase::start() from IPlayer
08-14 18:11:30.130 11640 11954 D AAudio : AAudioStream_requestStart(s#2) returned 0 ---------
08-14 18:11:30.145 11640 12411 D AudioStreamLegacy: onAudioDeviceUpdate() devId 3 => 3
08-14 18:11:30.146 11640 15689 D AAudioStream: setState(s#2) from 3 to 4
08-14 18:11:30.695 11640 14830 I AudioTrack: isLongTimeZoreData zoer date time 29 Seconds
08-14 18:11:31.149 11640 15689 I AudioTrack: isLongTimeZoreData zoer date time 1 Seconds
08-14 18:11:31.709 11640 14830 I AudioTrack: isLongTimeZoreData zoer date time 30 Seconds
08-14 18:11:32.168 11640 15689 I AudioTrack: isLongTimeZoreData zoer date time 2 Seconds
08-14 18:11:32.726 11640 14830 I AudioTrack: isLongTimeZoreData zoer date time 31 Seconds
08-14 18:11:33.182 11640 15689 I AudioTrack: isLongTimeZoreData zoer date time 3 Seconds
08-14 18:11:33.742 11640 14830 I AudioTrack: isLongTimeZoreData zoer date time 32 Seconds
08-14 18:11:34.200 11640 15689 I AudioTrack: isLongTimeZoreData zoer date time 4 Seconds
08-14 18:11:34.759 11640 14830 I AudioTrack: isLongTimeZoreData zoer date time 33 Seconds
08-14 18:11:35.215 11640 15689 I AudioTrack: isLongTimeZoreData zoer date time 5 Seconds
08-14 18:11:35.775 11640 14830 I AudioTrack: isLongTimeZoreData zoer date time 34 Seconds
08-14 18:11:35.907 11640 11807 I OpenGLRenderer: Davey! duration=6575ms; Flags=1, IntendedVsync=414654307933521, Vsync=414654307933521, OldestInputEvent=9223372036854775807, NewestInputEvent=0, HandleInputStart=414654315932337, AnimationStart=414654315936035, PerformTraversalsStart=414654317309785, DrawStart=414655011427388, SyncQueued=414655011734055, SyncStart=414655012201711, IssueDrawCommandsStart=414655012279941, SwapBuffers=414660881261553, FrameCompleted=414660883572907, DequeueBufferDuration=255000, QueueBufferDuration=1445364, GpuCompleted=414650774759682,
08-14 18:11:35.909 11640 11640 W Looper : PerfMonitor longMsg : seq=14721 plan=18:11:29.347 late=695ms wall=5865ms running=1ms h=android.view.Choreographer$FrameHandler c=android.view.Choreographer$FrameDisplayEventReceiver procState=2
08-14 18:11:35.909 11640 11640 W Looper : PerfMonitor doFrame : time=5865ms vsyncFrame=0 latency=695ms procState=2 historyMsgCount=1 (msgIndex=1 wall=697ms seq=14720 running=47ms runnable=10ms io=516ms late=8ms h=android.view.Choreographer$FrameHandler c=android.view.Choreographer$FrameDisplayEventReceiver)
08-14 18:11:35.980 11640 11807 I OpenGLRenderer: Davey! duration=771ms; Flags=0, IntendedVsync=414654324503340, Vsync=414655007836646, OldestInputEvent=9223372036854775807, NewestInputEvent=0, HandleInputStart=414655019780722, AnimationStart=414655019786243, PerformTraversalsStart=414655022541868, DrawStart=414655022701138, SyncQueued=414655022957649, SyncStart=414660884728115, IssueDrawCommandsStart=414660884835251, SwapBuffers=414660887884522, FrameCompleted=414660957332126, DequeueBufferDuration=275208, QueueBufferDuration=68028750, GpuCompleted=414650791160515,
08-14 18:11:36.024 11640 11640 I Choreographer: Skipped 358 frames! The application may be doing too much work on its main thread.
08-14 18:11:36.027 11640 11640 W Looper : PerfMonitor doFrame : time=3ms vsyncFrame=0 latency=5977ms procState=2 historyMsgCount=4 (msgIndex=1 wall=5865ms seq=14721 running=1ms late=695ms h=android.view.Choreographer$FrameHandler c=android.view.Choreographer$FrameDisplayEventReceiver)
08-14 18:11:36.081 11640 11667 I TRuntime.CctTransportBackend: Making request to: https://firebaselogging-pa.googleapis.com/v1/firelog/legacy/batchlog
08-14 18:11:36.147 11640 11954 D AAudio : AAudioStream_requestStop(s#1) called
08-14 18:11:36.147 11640 11954 D AAudioStream: setState(s#1) from 4 to 9
08-14 18:11:36.147 11640 11954 D AudioTrack: stop(17479): called with 1675776 frames delivered
08-14 18:11:36.148 11640 11954 D apkdone.com: PlayerBase::stop() from IPlayer
08-14 18:11:36.149 11640 11954 D AAudioStream: setState(s#1) from 9 to 10
08-14 18:11:36.229 11640 15689 I AudioTrack: isLongTimeZoreData zoer date time 6 Seconds
08-14 18:11:36.461 11640 12146 W UnityAds: com.unity3d.services.core.device.Device.getNetworkType() (line:4) :: Unity Ads was not able to get current network type due to missing permission
08-14 18:11:36.881 11640 11640 V MediaPlayer: resetDrmState: mDrmInfo=null mDrmProvisioningThread=null mPrepareDrmInProgress=false mActiveDrmScheme=false
08-14 18:11:36.881 11640 11640 V MediaPlayer: cleanDrmObj: mDrmObj=null mDrmSessionId=null
08-14 18:11:37.006 11640 11640 D SurfaceView: UPDATE Surface(name=SurfaceView - apkdone.com/com.unity3d.services.ads.adunit.AdUnitActivity)/@0x3965222, mIsCastMode = false
08-14 18:11:37.142 11640 12146 I UnityAds: com.unity3d.services.core.api.Sdk.logInfo() (line:1) :: Unity Ads event: sending view event to https://publisher-event.unityads.unity3d.com/events/v2/video/video_end/ 4557173/62e116933f185d733441ff6b-62c6dfd97c66baba662373f5
08-14 18:11:37.154 11640 11807 W RenderInspector: QueueBuffer time out on apkdone.com/com.unity3d.services.ads.adunit.AdUnitActivity, count=47, avg=43 ms, max=110 ms.
08-14 18:11:37.247 11640 15689 I AudioTrack: isLongTimeZoreData zoer date time 7 Seconds
08-14 18:11:38.262 11640 15689 I AudioTrack: isLongTimeZoreData zoer date time 8 Seconds
08-14 18:11:38.666 11640 11667 I TRuntime.CctTransportBackend: Status Code: 200
08-14 18:11:39.278 11640 15689 I AudioTrack: isLongTimeZoreData zoer date time 9 Seconds
08-14 18:11:39.719 11640 11807 W RenderInspector: QueueBuffer time out on apkdone.com/com.unity3d.services.ads.adunit.AdUnitActivity, count=60, avg=31 ms, max=94 ms.
08-14 18:11:40.297 11640 15689 I AudioTrack: isLongTimeZoreData zoer date time 10 Seconds
08-14 18:11:41.149 11640 11954 D AAudio : AAudioStream_close(s#1) called ---------------
08-14 18:11:41.149 11640 11954 D AAudioStream: setState(s#1) from 10 to 11
08-14 18:11:41.149 11640 11954 D AAudioStream: setState(s#1) from 11 to 12
08-14 18:11:41.154 11640 11954 D AAudio : AAudioStream_close(s#1) returned 0 ---------
08-14 18:11:41.314 11640 15689 I AudioTrack: isLongTimeZoreData zoer date time 11 Seconds
08-14 18:11:42.189 11640 11807 W RenderInspector: QueueBuffer time out on apkdone.com/com.unity3d.services.ads.adunit.AdUnitActivity, count=60, avg=28 ms, max=60 ms.
08-14 18:11:42.330 11640 15689 I AudioTrack: isLongTimeZoreData zoer date time 12 Seconds
08-14 18:11:43.346 11640 15689 I AudioTrack: isLongTimeZoreData zoer date time 13 Seconds
08-14 18:11:44.361 11640 15689 I AudioTrack: isLongTimeZoreData zoer date time 14 Seconds
08-14 18:11:44.408 11640 11807 W RenderInspector: QueueBuffer time out on apkdone.com/com.unity3d.services.ads.adunit.AdUnitActivity, count=60, avg=29 ms, max=31 ms.
08-14 18:11:45.377 11640 15689 I AudioTrack: isLongTimeZoreData zoer date time 15 Seconds
08-14 18:11:46.394 11640 15689 I AudioTrack: isLongTimeZoreData zoer date time 16 Seconds
08-14 18:11:47.409 11640 15689 I AudioTrack: isLongTimeZoreData zoer date time 17 Seconds
08-14 18:11:48.427 11640 15689 I AudioTrack: isLongTimeZoreData zoer date time 18 Seconds
08-14 18:11:49.442 11640 15689 I AudioTrack: isLongTimeZoreData zoer date time 19 Seconds
08-14 18:11:50.458 11640 15689 I AudioTrack: isLongTimeZoreData zoer date time 20 Seconds
08-14 18:11:51.474 11640 15689 I AudioTrack: isLongTimeZoreData zoer date time 21 Seconds
08-14 18:11:51.763 11640 15689 W chromium: [WARNING:sync_reader.cc(237)] ASR: No room in socket buffer.: Broken pipe (32)
08-14 18:11:51.771 11640 11954 D AAudio : AAudioStream_requestStop(s#2) called
08-14 18:11:51.771 11640 11954 D AAudioStream: setState(s#2) from 4 to 9
08-14 18:11:51.771 11640 11954 D AudioTrack: stop(17483): called with 1037952 frames delivered
08-14 18:11:51.773 11640 11954 D apkdone.com: PlayerBase::stop() from IPlayer
08-14 18:11:51.773 11640 11954 D AAudioStream: setState(s#2) from 9 to 10
08-14 18:11:51.939 11640 11640 W ContentCatcher: Failed to notify a WebView
08-14 18:11:51.960 11640 11640 W Activity: Slow Operation: Activity apkdone.com/com.unity3d.services.ads.adunit.AdUnitActivity onPause took 107ms
08-14 18:11:52.183 11640 11640 W Activity: Slow Operation: Activity apkdone.com/com.example.MainActivity onStart took 149ms
08-14 18:11:52.427 16504 16504 E kdone.com:blac: Unknown bits set in runtime_flags: 0x800000
08-14 18:11:52.428 16504 16504 W kdone.com:blac: Using default instruction set features for ARM CPU variant (cortex-a9) using conservative defaults
08-14 18:11:52.435 16504 16504 E kdone.com:blac: Not starting debugger since process cannot load the jdwp agent.
08-14 18:11:52.591 16504 16504 I Perf : Connecting to perf service.
