08-14 18:11:52.638 16504 16504 D NetworkSecurityConfig: Using Network Security Config from resource network_security_config debugBuild: false
08-14 18:11:52.643 16504 16504 D NetworkSecurityConfig: Using Network Security Config from resource network_security_config debugBuild: false
08-14 18:11:52.664 16504 16504 W kdone.com:blac: Accessing hidden method Ldalvik/system/VMRuntime;->setHiddenApiExemptions([Ljava/lang/String;)V (blacklist,core-platform-api, reflection, denied)
08-14 18:11:52.669 16504 16504 W BootstrapClass: reflect bootstrap failed:
08-14 18:11:52.669 16504 16504 W BootstrapClass: java.lang.reflect.InvocationTargetException
08-14 18:11:52.669 16504 16504 W BootstrapClass: at java.lang.reflect.Method.invoke(Native Method)
08-14 18:11:52.669 16504 16504 W BootstrapClass: at me.weishu.reflection.BootstrapClass.<clinit>(BootstrapClass.java:6)
08-14 18:11:52.669 16504 16504 W BootstrapClass: at me.weishu.reflection.Reflection.unseal(Reflection.java:2)
08-14 18:11:52.669 16504 16504 W BootstrapClass: at top.niunaijun.blackbox.BlackBoxCore.doAttachBaseContext(BlackBoxCore.java:1)
08-14 18:11:52.669 16504 16504 W BootstrapClass: at com.example.Application.attachBaseContext(Application.kt:2)
08-14 18:11:52.669 16504 16504 W BootstrapClass: at android.app.Application.attach(Application.java:353)
08-14 18:11:52.669 16504 16504 W BootstrapClass: at android.app.Instrumentation.newApplication(Instrumentation.java:1160)
08-14 18:11:52.669 16504 16504 W BootstrapClass: at android.app.LoadedApk.makeApplication(LoadedApk.java:1240)
08-14 18:11:52.669 16504 16504 W BootstrapClass: at android.app.ActivityThread.handleBindApplication(ActivityThread.java:6946)
08-14 18:11:52.669 16504 16504 W BootstrapClass: at android.app.ActivityThread.access$1500(ActivityThread.java:257)
08-14 18:11:52.669 16504 16504 W BootstrapClass: at android.app.ActivityThread$H.handleMessage(ActivityThread.java:1982)
08-14 18:11:52.669 16504 16504 W BootstrapClass: at android.os.Handler.dispatchMessage(Handler.java:106)
08-14 18:11:52.669 16504 16504 W BootstrapClass: at android.os.Looper.loop(Looper.java:236)
08-14 18:11:52.669 16504 16504 W BootstrapClass: at android.app.ActivityThread.main(ActivityThread.java:8037)
08-14 18:11:52.669 16504 16504 W BootstrapClass: at java.lang.reflect.Method.invoke(Native Method)
08-14 18:11:52.669 16504 16504 W BootstrapClass: at com.android.internal.os.RuntimeInit$MethodAndArgsCaller.run(RuntimeInit.java:656)
08-14 18:11:52.669 16504 16504 W BootstrapClass: at com.android.internal.os.ZygoteInit.main(ZygoteInit.java:967)
08-14 18:11:52.669 16504 16504 W BootstrapClass: Caused by: java.lang.NoSuchMethodException: dalvik.system.VMRuntime.setHiddenApiExemptions [class [Ljava.lang.String;]
08-14 18:11:52.669 16504 16504 W BootstrapClass: at java.lang.Class.getMethod(Class.java:2072)
08-14 18:11:52.669 16504 16504 W BootstrapClass: at java.lang.Class.getDeclaredMethod(Class.java:2050)
08-14 18:11:52.669 16504 16504 W BootstrapClass: ... 17 more
08-14 18:11:52.672 16504 16504 W kdone.com:blac: Opening an oat file without a class loader. Are you using the deprecated DexFile APIs?
08-14 18:11:52.674 16504 16504 W kdone.com:blac: DexFile /data/user/0/apkdone.com/code_cache/1660489912669.dex is in boot class path but is not in a known location
08-14 18:11:52.785 16504 16504 D HookManager: hook: top.niunaijun.blackbox.fake.service.ITelephonyManagerProxy@17f71f5
08-14 18:11:52.794 16504 16504 D HookManager: hook: top.niunaijun.blackbox.fake.service.context.ContentServiceStub@6d60bc4
08-14 18:11:52.796 16504 16504 D HookManager: hook: top.niunaijun.blackbox.fake.service.IUserManagerProxy@43e84a9
08-14 18:11:52.799 16504 16504 D HookManager: hook: top.niunaijun.blackbox.fake.service.IStorageManagerProxy@728bb3a
08-14 18:11:52.801 16504 16504 D HookManager: hook: top.niunaijun.blackbox.fake.service.INotificationManagerProxy@48183c7
08-14 18:11:52.811 16504 16504 D HookManager: hook: top.niunaijun.blackbox.fake.service.IGraphicsStatsProxy@b877792
08-14 18:11:52.813 16504 16504 D HookManager: hook: top.niunaijun.blackbox.fake.service.IDevicePolicyManagerProxy@f6524bf
08-14 18:11:52.819 16504 16504 D HookManager: hook: top.niunaijun.blackbox.fake.service.IVibratorServiceProxy@c391078
08-14 18:11:52.820 16504 16504 D HookManager: hook: top.niunaijun.blackbox.fake.service.IStorageStatsManagerProxy@75d438d
08-14 18:11:52.823 16504 16504 D HookManager: hook: top.niunaijun.blackbox.fake.service.IDeviceIdentifiersPolicyProxy@490578e
08-14 18:11:52.827 16504 16504 D HookManager: hook: top.niunaijun.blackbox.fake.service.IAutofillManagerProxy@6fd63cb
08-14 18:11:52.829 16504 16504 D HookManager: hook: top.niunaijun.blackbox.fake.service.INetworkManagementServiceProxy@7c77654
08-14 18:11:52.832 16504 16504 D HookManager: hook: top.niunaijun.blackbox.fake.service.IAccessibilityManagerProxy@84d68f9
08-14 18:11:52.834 16504 16504 D HookManager: hook: top.niunaijun.blackbox.fake.service.ISystemUpdateProxy@fc62ad8
08-14 18:11:52.848 16504 16504 D HookManager: hook error: top.niunaijun.blackbox.fake.service.ISystemUpdateProxy@fc62ad8
08-14 18:11:52.848 16504 16504 D HookManager: hook: top.niunaijun.blackbox.fake.service.IShortcutManagerProxy@37e3e31
08-14 18:11:52.864 16504 16504 D HookManager: hook: top.niunaijun.blackbox.fake.service.IDisplayManagerProxy@c0e30a2
08-14 18:11:52.866 16504 16504 D HookManager: hook: top.niunaijun.blackbox.fake.service.HCallbackProxy@12931fa
08-14 18:11:52.870 16504 16504 D HookManager: hook: top.niunaijun.blackbox.fake.service.ITelephonyRegistryProxy@6716add
08-14 18:11:52.874 16504 16504 D HookManager: hook: top.niunaijun.blackbox.fake.service.IAppWidgetManagerProxy@bc359e
08-14 18:11:52.877 16504 16504 D HookManager: hook: top.niunaijun.blackbox.fake.service.context.RestrictionsManagerStub@bf5cd9b
08-14 18:11:52.887 16504 16504 D HookManager: hook: top.niunaijun.blackbox.fake.service.ILauncherAppsProxy@8b2ce4
08-14 18:11:52.889 16504 16504 D HookManager: hook: top.niunaijun.blackbox.fake.service.IJobServiceProxy@ad86949
08-14 18:11:52.891 16504 16504 D HookManager: hook: top.niunaijun.blackbox.fake.service.IPackageManagerProxy@ac1355a
08-14 18:11:52.897 16504 16504 D HookManager: hook: top.niunaijun.blackbox.fake.service.IConnectivityManagerProxy@8859714
08-14 18:11:52.899 16504 16504 D HookManager: hook: top.niunaijun.blackbox.fake.service.IWifiScannerProxy@c68d25f
08-14 18:11:52.900 16504 16504 D HookManager: hook error: top.niunaijun.blackbox.fake.service.IWifiScannerProxy@c68d25f
08-14 18:11:52.901 16504 16504 D HookManager: hook: top.niunaijun.blackbox.fake.delegate.AppInstrumentation@1a90a
08-14 18:11:52.902 16504 16504 D HookManager: hook: top.niunaijun.blackbox.fake.service.libcore.OsStub@9f2357b
08-14 18:11:52.904 16504 16504 D HookManager: hook: top.niunaijun.blackbox.fake.service.IAlarmManagerProxy@b994bd6
08-14 18:11:52.906 16504 16504 D HookManager: hook: top.niunaijun.blackbox.fake.service.IPersistentDataBlockServiceProxy@21bd8f3
08-14 18:11:52.908 16504 16504 D HookManager: hook error: top.niunaijun.blackbox.fake.service.IPersistentDataBlockServiceProxy@21bd8f3
08-14 18:11:52.908 16504 16504 D HookManager: hook: top.niunaijun.blackbox.fake.service.IContextHubServiceProxy@6adffae
08-14 18:11:52.909 16504 16504 D HookManager: hook error: top.niunaijun.blackbox.fake.service.IContextHubServiceProxy@6adffae
08-14 18:11:52.909 16504 16504 D HookManager: hook: top.niunaijun.blackbox.fake.service.IAppOpsManagerProxy@fc3b5e5
08-14 18:11:52.911 16504 16504 D HookManager: hook: top.niunaijun.blackbox.fake.service.IWindowManagerProxy@27bbc9d
08-14 18:11:52.915 16504 16504 D HookManager: hook: top.niunaijun.blackbox.fake.service.IAccountManagerProxy@4bff90c
08-14 18:11:52.918 16504 16504 D HookManager: hook: top.niunaijun.blackbox.fake.service.IActivityTaskManagerProxy@2004ed1
08-14 18:11:52.923 16504 16504 D HookManager: hook: top.niunaijun.blackbox.fake.service.IMediaRouterServiceProxy@dd1632f
08-14 18:11:52.925 16504 16504 D HookManager: hook: top.niunaijun.blackbox.fake.service.IPhoneSubInfoProxy@2037128
08-14 18:11:52.926 16504 16504 D HookManager: hook: top.niunaijun.blackbox.fake.service.IPowerManagerProxy@b148927
08-14 18:11:52.928 16504 16504 D HookManager: hook: top.niunaijun.blackbox.fake.service.IActivityManagerProxy@6a93d40
08-14 18:11:52.933 16504 16504 D HookManager: hook: top.niunaijun.blackbox.fake.service.ILocationManagerProxy@38c6fca
08-14 18:11:52.937 16504 16504 D HookManager: hook: top.niunaijun.blackbox.fake.service.IFingerprintManagerProxy@19c0a17
08-14 18:11:52.938 16504 16504 D HookManager: hook: top.niunaijun.blackbox.fake.service.IWifiManagerProxy@f4d7e04
08-14 18:11:52.946 16504 16504 D HookManager: hook: top.niunaijun.blackbox.fake.service.IPermissionManagerProxy@94d30b3
08-14 18:11:52.948 16504 16504 D HookManager: hook: top.niunaijun.blackbox.fake.service.IMediaSessionManagerProxy@c54899c
08-14 18:11:52.999 16504 16504 D SystemCallProvider: call: VM, Bundle[{_B_| _server_name_=package_manager}]
08-14 18:11:52.999 16504 16504 D BlackBoxCore: getService: package_manager, top.niunaijun.blackbox.core.system.pm.BPackageManagerService@a0dce5d
08-14 18:11:53.009 11640 11640 W BpBinder: PerfMonitor binderTransact : time=634ms interface=android.app.IActivityManager code=22
08-14 18:11:53.010 16504 16525 D SystemCallProvider: call: VM, Bundle[mParcelledData.dataSize=84]
08-14 18:11:53.011 11640 11640 D BlackBoxCore: getService: package_manager, android.os.BinderProxy@6bac7dc
08-14 18:11:53.022 11640 11640 I Choreographer: Skipped 40 frames! The application may be doing too much work on its main thread.
08-14 18:11:53.027 16504 16504 I DaemonService: DaemonInnerService -> onCreate
08-14 18:11:53.027 16504 16504 I DaemonService: DaemonInnerService -> onStartCommand
08-14 18:11:53.030 11640 11640 W Looper : PerfMonitor doFrame : time=8ms vsyncFrame=0 latency=667ms procState=2 historyMsgCount=11 (msgIndex=1 wall=659ms seq=15451 running=4ms runnable=5ms io=14ms late=100ms h=android.os.Handler c=io.flutter.embedding.engine.dart.a)
08-14 18:11:53.031 16504 16504 I DaemonService: DaemonInnerService -> onDestroy
08-14 18:11:53.096 11640 11640 D DynamitePackage: Instantiating com.google.android.gms.ads.ChimeraAdManagerCreatorImpl
08-14 18:11:53.109 11640 11640 I Ads : Use RequestConfiguration.Builder().setTestDeviceIds(Arrays.asList("A6C8D8E54F9C2046154C 0FAA5A68B56A")) to get test ads on this device.
08-14 18:11:53.131 11640 14789 I AudioManager: In isSpeakerphoneOn(), calling application: apkdone.com
08-14 18:11:53.131 11640 11640 W ConnectionStatusConfig: Dynamic lookup for intent failed for action: com.google.android.gms.ads.service.CACHE
08-14 18:11:53.185 11640 16583 W ConnectionStatusConfig: Dynamic lookup for intent failed for action: com.google.android.gms.ads.service.START
08-14 18:11:54.545 11640 11640 I Ads : Ad failed to load : 3
08-14 18:11:54.564 11640 12146 E UnityAds: com.unity3d.services.core.api.Sdk.logError() (line:1) :: No fill for placement game_detail_banner
08-14 18:11:54.581 11640 11640 I UnityAds: com.unity3d.services.banners.BannerView.destroy() (line:8) :: Banner [game_detail_banner] was destroyed
08-14 18:11:56.775 11640 11954 D AAudio : AAudioStream_close(s#2) called ---------------
08-14 18:11:56.776 11640 11954 D AAudioStream: setState(s#2) from 10 to 11
08-14 18:11:56.776 11640 11954 D AAudioStream: setState(s#2) from 11 to 12
08-14 18:11:56.796 11640 11954 D AAudio : AAudioStream_close(s#2) returned 0 ---------
08-14 18:12:07.992 11640 11640 E MethodChannel#jojoy.app_resource_plugin: Failed to handle method call
08-14 18:12:07.992 11640 11640 E MethodChannel#jojoy.app_resource_plugin: android.content.res.Resources$NotFoundException: Drawable apkdone.com:mipmap/ic_launcher_foreground with resource ID #0x7f0f0001
08-14 18:12:07.992 11640 11640 E MethodChannel#jojoy.app_resource_plugin: Caused by: android.content.res.Resources$NotFoundException: File res/mipmap/ic_launcher_foreground.xml from drawable resource ID #0x7f0f0001
08-14 18:12:07.992 11640 11640 E MethodChannel#jojoy.app_resource_plugin: at android.content.res.ResourcesImpl.loadDrawableForCookie(ResourcesImpl.java:914)
08-14 18:12:07.992 11640 11640 E MethodChannel#jojoy.app_resource_plugin: at android.content.res.ResourcesImpl.originalLoadDrawable(ResourcesImpl.java:693)
08-14 18:12:07.992 11640 11640 E MethodChannel#jojoy.app_resource_plugin: at android.content.res.ResourcesImpl.loadDrawable(ResourcesImpl.java:600)
08-14 18:12:07.992 11640 11640 E MethodChannel#jojoy.app_resource_plugin: at android.content.res.MiuiResourcesImpl.loadDrawable(MiuiResourcesImpl.java:307)
08-14 18:12:07.992 11640 11640 E MethodChannel#jojoy.app_resource_plugin: at android.content.res.Resources.loadDrawable(Resources.java:1010)
08-14 18:12:07.992 11640 11640 E MethodChannel#jojoy.app_resource_plugin: at android.content.res.Resources.getDrawableForDensity(Resources.java:1000)
08-14 18:12:07.992 11640 11640 E MethodChannel#jojoy.app_resource_plugin: at android.content.res.Resources.getDrawable(Resources.java:939)
08-14 18:12:07.992 11640 11640 E MethodChannel#jojoy.app_resource_plugin: at android.content.Context.getDrawable(Context.java:702)
08-14 18:12:07.992 11640 11640 E MethodChannel#jojoy.app_resource_plugin: at androidx.core.content.ContextCompat$Api21Impl.getDrawable(Unknown Source:0)
08-14 18:12:07.992 11640 11640 E MethodChannel#jojoy.app_resource_plugin: at androidx.core.content.ContextCompat.getDrawable(Unknown Source:0)
08-14 18:12:07.992 11640 11640 E MethodChannel#jojoy.app_resource_plugin: at com.example.plugin.AppResourcePlugin.a(AppResourcePlugin.kt:4)
08-14 18:12:07.992 11640 11640 E MethodChannel#jojoy.app_resource_plugin: at com.example.plugin.AppResourcePlugin.onMethodCall(AppResourcePlugin.kt:22)
08-14 18:12:07.992 11640 11640 E MethodChannel#jojoy.app_resource_plugin: at io.flutter.plugin.common.MethodChannel$IncomingMethodCallHandler.onMessage(MethodCh annel.java:2)
08-14 18:12:07.992 11640 11640 E MethodChannel#jojoy.app_resource_plugin: at io.flutter.embedding.engine.dart.DartMessenger.invokeHandler(DartMessenger.java:2)
08-14 18:12:07.992 11640 11640 E MethodChannel#jojoy.app_resource_plugin: at io.flutter.embedding.engine.dart.DartMessenger.lambda$dispatchMessageToQueue$0(Dart Messenger.java:2)
08-14 18:12:07.992 11640 11640 E MethodChannel#jojoy.app_resource_plugin: at io.flutter.embedding.engine.dart.DartMessenger.a(Unknown Source:0)
08-14 18:12:07.992 11640 11640 E MethodChannel#jojoy.app_resource_plugin: at io.flutter.embedding.engine.dart.a.run(Unknown Source:12)
08-14 18:12:07.992 11640 11640 E MethodChannel#jojoy.app_resource_plugin: at android.os.Handler.handleCallback(Handler.java:938)
08-14 18:12:07.992 11640 11640 E MethodChannel#jojoy.app_resource_plugin: at android.os.Handler.dispatchMessage(Handler.java:99)
08-14 18:12:07.992 11640 11640 E MethodChannel#jojoy.app_resource_plugin: at android.os.Looper.loop(Looper.java:236)
08-14 18:12:07.992 11640 11640 E MethodChannel#jojoy.app_resource_plugin: at android.app.ActivityThread.main(ActivityThread.java:8037)
08-14 18:12:07.992 11640 11640 E MethodChannel#jojoy.app_resource_plugin: at java.lang.reflect.Method.invoke(Native Method)
08-14 18:12:07.992 11640 11640 E MethodChannel#jojoy.app_resource_plugin: at com.android.internal.os.RuntimeInit$MethodAndArgsCaller.run(RuntimeInit.java:656)
08-14 18:12:07.992 11640 11640 E MethodChannel#jojoy.app_resource_plugin: at com.android.internal.os.ZygoteInit.main(ZygoteInit.java:967)
08-14 18:12:07.992 11640 11640 E MethodChannel#jojoy.app_resource_plugin: Caused by: android.view.InflateException: Class not found x
08-14 18:12:07.992 11640 11640 E MethodChannel#jojoy.app_resource_plugin: at android.graphics.drawable.DrawableInflater.inflateFromClass(DrawableInflater.java:2 24)
08-14 18:12:07.992 11640 11640 E MethodChannel#jojoy.app_resource_plugin: at android.graphics.drawable.DrawableInflater.inflateFromXmlForDensity(DrawableInflate r.java:141)
08-14 18:12:07.992 11640 11640 E MethodChannel#jojoy.app_resource_plugin: at android.graphics.drawable.Drawable.createFromXmlInnerForDensity(Drawable.java:1402)
08-14 18:12:07.992 11640 11640 E MethodChannel#jojoy.app_resource_plugin: at android.graphics.drawable.Drawable.createFromXmlForDensity(Drawable.java:1361)
08-14 18:12:07.992 11640 11640 E MethodChannel#jojoy.app_resource_plugin: at android.content.res.ResourcesImpl.createFromXmlForDensity(ResourcesImpl.java:1633)
08-14 18:12:07.992 11640 11640 E MethodChannel#jojoy.app_resource_plugin: at android.content.res.ResourcesImpl.loadXmlDrawable(ResourcesImpl.java:979)
08-14 18:12:07.992 11640 11640 E MethodChannel#jojoy.app_resource_plugin: at android.content.res.ResourcesImpl.loadDrawableForCookie(ResourcesImpl.java:897)
08-14 18:12:07.992 11640 11640 E MethodChannel#jojoy.app_resource_plugin: ... 23 more
08-14 18:12:07.992 11640 11640 E MethodChannel#jojoy.app_resource_plugin: Caused by: java.lang.ClassNotFoundException: Didn't find class "x" on path: DexPathList[[zip file "/data/app/~~443BwroT5Fnqspny0BcVbQ==/apkdone.com- lhKG54JJQVGEhjNhAZ825A==/base.apk"],nativeLibraryDirectories=[/data/app/ ~~443BwroT5Fnqspny0BcVbQ==/apkdone.com-lhKG54JJQVGEhjNhAZ825A==/lib/arm, /data/app/~~443BwroT5Fnqspny0BcVbQ==/apkdone.com-lhKG54JJQVGEhjNhAZ825A==/ base.apk!/lib/armeabi-v7a, /system/lib, /system/system_ext/lib]]
08-14 18:12:07.992 11640 11640 E MethodChannel#jojoy.app_resource_plugin: at dalvik.system.BaseDexClassLoader.findClass(BaseDexClassLoader.java:207)
08-14 18:12:07.992 11640 11640 E MethodChannel#jojoy.app_resource_plugin: at java.lang.ClassLoader.loadClass(ClassLoader.java:379)
08-14 18:12:07.992 11640 11640 E MethodChannel#jojoy.app_resource_plugin: at java.lang.ClassLoader.loadClass(ClassLoader.java:312)
08-14 18:12:07.992 11640 11640 E MethodChannel#jojoy.app_resource_plugin: at android.graphics.drawable.DrawableInflater.inflateFromClass(DrawableInflater.java:2 05)
08-14 18:12:07.992 11640 11640 E MethodChannel#jojoy.app_resource_plugin: ... 29 more
08-14 18:12:27.528 11640 11731 W UnityAds: com.unity3d.services.core.connectivity.ConnectivityMonitor.connectionStatusChanged( ) (line:8) :: Unity Ads was not able to get current network type due to missing permission
08-14 18:12:27.911 11640 11667 I TRuntime.CctTransportBackend: Making request to: https://firebaselogging-pa.googleapis.com/v1/firelog/legacy/batchlog
08-14 18:12:28.117 11640 11667 I TRuntime.CctTransportBackend: Status Code: 200
08-14 18:12:31.118 11640 16898 E FA : Name must consist of letters, digits or _ (underscores). Type, name: event, app-mod_tab
08-14 18:12:31.119 11640 16898 E FA : Invalid public event name. Event will not be logged (FE): app-mod_tab
08-14 18:12:31.121 11640 11640 D DynamitePackage: Instantiating com.google.android.gms.ads.ChimeraAdManagerCreatorImpl
08-14 18:12:31.127 11640 11640 I Ads : Use RequestConfiguration.Builder().setTestDeviceIds(Arrays.asList("A6C8D8E54F9C2046154C 0FAA5A68B56A")) to get test ads on this device.
08-14 18:12:31.135 11640 16572 I AudioManager: In isSpeakerphoneOn(), calling application: apkdone.com
08-14 18:12:31.149 11640 11640 W ConnectionStatusConfig: Dynamic lookup for intent failed for action: com.google.android.gms.ads.service.CACHE
08-14 18:12:31.184 11640 16926 W ConnectionStatusConfig: Dynamic lookup for intent failed for action: com.google.android.gms.ads.service.START
08-14 18:12:31.625 11640 11640 I Ads : Ad failed to load : 3
08-14 18:12:31.657 11640 12146 E UnityAds: com.unity3d.services.core.api.Sdk.logError() (line:1) :: No fill for placement game_detail_banner
08-14 18:12:31.688 11640 11640 I UnityAds: com.unity3d.services.banners.BannerView.destroy() (line:8) :: Banner [game_detail_banner] was destroyed
08-14 18:12:31.900 11640 11640 D DynamitePackage: Instantiating com.google.android.gms.ads.ChimeraAdManagerCreatorImpl
08-14 18:12:31.902 11640 16898 E FA : Name must consist of letters, digits or _ (underscores). Type, name: event, app-info_tab
08-14 18:12:31.902 11640 16898 E FA : Invalid public event name. Event will not be logged (FE): app-info_tab
08-14 18:12:31.908 11640 11640 I Ads : Use RequestConfiguration.Builder().setTestDeviceIds(Arrays.asList("A6C8D8E54F9C2046154C 0FAA5A68B56A")) to get test ads on this device.
08-14 18:12:31.921 11640 16923 I AudioManager: In isSpeakerphoneOn(), calling application: apkdone.com
08-14 18:12:31.939 11640 11640 E MethodChannel#jojoy.app_resource_plugin: Failed to handle method call
08-14 18:12:31.939 11640 11640 E MethodChannel#jojoy.app_resource_plugin: android.content.res.Resources$NotFoundException: Drawable apkdone.com:mipmap/ic_launcher_foreground with resource ID #0x7f0f0001
08-14 18:12:31.939 11640 11640 E MethodChannel#jojoy.app_resource_plugin: Caused by: android.content.res.Resources$NotFoundException: File res/mipmap/ic_launcher_foreground.xml from drawable resource ID #0x7f0f0001
08-14 18:12:31.939 11640 11640 E MethodChannel#jojoy.app_resource_plugin: at android.content.res.ResourcesImpl.loadDrawableForCookie(ResourcesImpl.java:914)
08-14 18:12:31.939 11640 11640 E MethodChannel#jojoy.app_resource_plugin: at android.content.res.ResourcesImpl.originalLoadDrawable(ResourcesImpl.java:693)
08-14 18:12:31.939 11640 11640 E MethodChannel#jojoy.app_resource_plugin: at android.content.res.ResourcesImpl.loadDrawable(ResourcesImpl.java:600)
08-14 18:12:31.939 11640 11640 E MethodChannel#jojoy.app_resource_plugin: at android.content.res.MiuiResourcesImpl.loadDrawable(MiuiResourcesImpl.java:307)
08-14 18:12:31.939 11640 11640 E MethodChannel#jojoy.app_resource_plugin: at android.content.res.Resources.loadDrawable(Resources.java:1010)
08-14 18:12:31.939 11640 11640 E MethodChannel#jojoy.app_resource_plugin: at android.content.res.Resources.getDrawableForDensity(Resources.java:1000)
08-14 18:12:31.939 11640 11640 E MethodChannel#jojoy.app_resource_plugin: at android.content.res.Resources.getDrawable(Resources.java:939)
08-14 18:12:31.939 11640 11640 E MethodChannel#jojoy.app_resource_plugin: at android.content.Context.getDrawable(Context.java:702)
08-14 18:12:31.939 11640 11640 E MethodChannel#jojoy.app_resource_plugin: at androidx.core.content.ContextCompat$Api21Impl.getDrawable(Unknown Source:0)
08-14 18:12:31.939 11640 11640 E MethodChannel#jojoy.app_resource_plugin: at androidx.core.content.ContextCompat.getDrawable(Unknown Source:0)
08-14 18:12:31.939 11640 11640 E MethodChannel#jojoy.app_resource_plugin: at com.example.plugin.AppResourcePlugin.a(AppResourcePlugin.kt:4)
08-14 18:12:31.939 11640 11640 E MethodChannel#jojoy.app_resource_plugin: at com.example.plugin.AppResourcePlugin.onMethodCall(AppResourcePlugin.kt:22)
08-14 18:12:31.939 11640 11640 E MethodChannel#jojoy.app_resource_plugin: at io.flutter.plugin.common.MethodChannel$IncomingMethodCallHandler.onMessage(MethodCh annel.java:2)
08-14 18:12:31.939 11640 11640 E MethodChannel#jojoy.app_resource_plugin: at io.flutter.embedding.engine.dart.DartMessenger.invokeHandler(DartMessenger.java:2)
08-14 18:12:31.939 11640 11640 E MethodChannel#jojoy.app_resource_plugin: at io.flutter.embedding.engine.dart.DartMessenger.lambda$dispatchMessageToQueue$0(Dart Messenger.java:2)
08-14 18:12:31.939 11640 11640 E MethodChannel#jojoy.app_resource_plugin: at io.flutter.embedding.engine.dart.DartMessenger.a(Unknown Source:0)
08-14 18:12:31.939 11640 11640 E MethodChannel#jojoy.app_resource_plugin: at io.flutter.embedding.engine.dart.a.run(Unknown Source:12)
08-14 18:12:31.939 11640 11640 E MethodChannel#jojoy.app_resource_plugin: at android.os.Handler.handleCallback(Handler.java:938)
08-14 18:12:31.939 11640 11640 E MethodChannel#jojoy.app_resource_plugin: at android.os.Handler.dispatchMessage(Handler.java:99)
08-14 18:12:31.939 11640 11640 E MethodChannel#jojoy.app_resource_plugin: at android.os.Looper.loop(Looper.java:236)
08-14 18:12:31.939 11640 11640 E MethodChannel#jojoy.app_resource_plugin: at android.app.ActivityThread.main(ActivityThread.java:8037)
08-14 18:12:31.939 11640 11640 E MethodChannel#jojoy.app_resource_plugin: at java.lang.reflect.Method.invoke(Native Method)
08-14 18:12:31.939 11640 11640 E MethodChannel#jojoy.app_resource_plugin: at com.android.internal.os.RuntimeInit$MethodAndArgsCaller.run(RuntimeInit.java:656)
08-14 18:12:31.939 11640 11640 E MethodChannel#jojoy.app_resource_plugin: at com.android.internal.os.ZygoteInit.main(ZygoteInit.java:967)
08-14 18:12:31.939 11640 11640 E MethodChannel#jojoy.app_resource_plugin: Caused by: android.view.InflateException: Class not found x
08-14 18:12:31.939 11640 11640 E MethodChannel#jojoy.app_resource_plugin: at android.graphics.drawable.DrawableInflater.inflateFromClass(DrawableInflater.java:2 24)
08-14 18:12:31.939 11640 11640 E MethodChannel#jojoy.app_resource_plugin: at android.graphics.drawable.DrawableInflater.inflateFromXmlForDensity(DrawableInflate r.java:141)
08-14 18:12:31.939 11640 11640 E MethodChannel#jojoy.app_resource_plugin: at android.graphics.drawable.Drawable.createFromXmlInnerForDensity(Drawable.java:1402)
08-14 18:12:31.939 11640 11640 E MethodChannel#jojoy.app_resource_plugin: at android.graphics.drawable.Drawable.createFromXmlForDensity(Drawable.java:1361)
08-14 18:12:31.939 11640 11640 E MethodChannel#jojoy.app_resource_plugin: at android.content.res.ResourcesImpl.createFromXmlForDensity(ResourcesImpl.java:1633)
08-14 18:12:31.939 11640 11640 E MethodChannel#jojoy.app_resource_plugin: at android.content.res.ResourcesImpl.loadXmlDrawable(ResourcesImpl.java:979)
08-14 18:12:31.939 11640 11640 E MethodChannel#jojoy.app_resource_plugin: at android.content.res.ResourcesImpl.loadDrawableForCookie(ResourcesImpl.java:897)
08-14 18:12:31.939 11640 11640 E MethodChannel#jojoy.app_resource_plugin: ... 23 more
08-14 18:12:31.939 11640 11640 E MethodChannel#jojoy.app_resource_plugin: Caused by: java.lang.ClassNotFoundException: Didn't find class "x" on path: DexPathList[[zip file "/data/app/~~443BwroT5Fnqspny0BcVbQ==/apkdone.com- lhKG54JJQVGEhjNhAZ825A==/base.apk"],nativeLibraryDirectories=[/data/app/ ~~443BwroT5Fnqspny0BcVbQ==/apkdone.com-lhKG54JJQVGEhjNhAZ825A==/lib/arm, /data/app/~~443BwroT5Fnqspny0BcVbQ==/apkdone.com-lhKG54JJQVGEhjNhAZ825A==/ base.apk!/lib/armeabi-v7a, /system/lib, /system/system_ext/lib]]
08-14 18:12:31.939 11640 11640 E MethodChannel#jojoy.app_resource_plugin: at dalvik.system.BaseDexClassLoader.findClass(BaseDexClassLoader.java:207)
08-14 18:12:31.939 11640 11640 E MethodChannel#jojoy.app_resource_plugin: at java.lang.ClassLoader.loadClass(ClassLoader.java:379)
08-14 18:12:31.939 11640 11640 E MethodChannel#jojoy.app_resource_plugin: at java.lang.ClassLoader.loadClass(ClassLoader.java:312)
08-14 18:12:31.939 11640 11640 E MethodChannel#jojoy.app_resource_plugin: at android.graphics.drawable.DrawableInflater.inflateFromClass(DrawableInflater.java:2 05)
08-14 18:12:31.939 11640 11640 E MethodChannel#jojoy.app_resource_plugin: ... 29 more
08-14 18:12:31.945 11640 16910 W Ads : Not retrying to fetch app settings
08-14 18:12:31.984 11640 11654 W System : A resource failed to call end.
08-14 18:12:32.395 11640 11640 I Ads : Ad failed to load : 3
08-14 18:12:32.405 11640 12146 E UnityAds: com.unity3d.services.core.api.Sdk.logError() (line:1) :: No fill for placement game_detail_banner
08-14 18:12:32.411 11640 11640 I UnityAds: com.unity3d.services.banners.BannerView.destroy() (line:8) :: Banner [game_detail_banner] was destroyed
08-14 18:12:33.455 11640 11640 E MethodChannel#jojoy.app_resource_plugin: Failed to handle method call
08-14 18:12:33.455 11640 11640 E MethodChannel#jojoy.app_resource_plugin: android.content.res.Resources$NotFoundException: Drawable apkdone.com:mipmap/ic_launcher_foreground with resource ID #0x7f0f0001
08-14 18:12:33.455 11640 11640 E MethodChannel#jojoy.app_resource_plugin: Caused by: android.content.res.Resources$NotFoundException: File res/mipmap/ic_launcher_foreground.xml from drawable resource ID #0x7f0f0001
08-14 18:12:33.455 11640 11640 E MethodChannel#jojoy.app_resource_plugin: at android.content.res.ResourcesImpl.loadDrawableForCookie(ResourcesImpl.java:914)
08-14 18:12:33.455 11640 11640 E MethodChannel#jojoy.app_resource_plugin: at android.content.res.ResourcesImpl.originalLoadDrawable(ResourcesImpl.java:693)
08-14 18:12:33.455 11640 11640 E MethodChannel#jojoy.app_resource_plugin: at android.content.res.ResourcesImpl.loadDrawable(ResourcesImpl.java:600)
08-14 18:12:33.455 11640 11640 E MethodChannel#jojoy.app_resource_plugin: at android.content.res.MiuiResourcesImpl.loadDrawable(MiuiResourcesImpl.java:307)
08-14 18:12:33.455 11640 11640 E MethodChannel#jojoy.app_resource_plugin: at android.content.res.Resources.loadDrawable(Resources.java:1010)
08-14 18:12:33.455 11640 11640 E MethodChannel#jojoy.app_resource_plugin: at android.content.res.Resources.getDrawableForDensity(Resources.java:1000)
08-14 18:12:33.455 11640 11640 E MethodChannel#jojoy.app_resource_plugin: at android.content.res.Resources.getDrawable(Resources.java:939)
08-14 18:12:33.455 11640 11640 E MethodChannel#jojoy.app_resource_plugin: at android.content.Context.getDrawable(Context.java:702)
08-14 18:12:33.455 11640 11640 E MethodChannel#jojoy.app_resource_plugin: at androidx.core.content.ContextCompat$Api21Impl.getDrawable(Unknown Source:0)
08-14 18:12:33.455 11640 11640 E MethodChannel#jojoy.app_resource_plugin: at androidx.core.content.ContextCompat.getDrawable(Unknown Source:0)
08-14 18:12:33.455 11640 11640 E MethodChannel#jojoy.app_resource_plugin: at com.example.plugin.AppResourcePlugin.a(AppResourcePlugin.kt:4)
08-14 18:12:33.455 11640 11640 E MethodChannel#jojoy.app_resource_plugin: at com.example.plugin.AppResourcePlugin.onMethodCall(AppResourcePlugin.kt:22)
08-14 18:12:33.455 11640 11640 E MethodChannel#jojoy.app_resource_plugin: at io.flutter.plugin.common.MethodChannel$IncomingMethodCallHandler.onMessage(MethodCh annel.java:2)
08-14 18:12:33.455 11640 11640 E MethodChannel#jojoy.app_resource_plugin: at io.flutter.embedding.engine.dart.DartMessenger.invokeHandler(DartMessenger.java:2)
08-14 18:12:33.455 11640 11640 E MethodChannel#jojoy.app_resource_plugin: at io.flutter.embedding.engine.dart.DartMessenger.lambda$dispatchMessageToQueue$0(Dart Messenger.java:2)
08-14 18:12:33.455 11640 11640 E MethodChannel#jojoy.app_resource_plugin: at io.flutter.embedding.engine.dart.DartMessenger.a(Unknown Source:0)
08-14 18:12:33.455 11640 11640 E MethodChannel#jojoy.app_resource_plugin: at io.flutter.embedding.engine.dart.a.run(Unknown Source:12)
08-14 18:12:33.455 11640 11640 E MethodChannel#jojoy.app_resource_plugin: at android.os.Handler.handleCallback(Handler.java:938)
08-14 18:12:33.455 11640 11640 E MethodChannel#jojoy.app_resource_plugin: at android.os.Handler.dispatchMessage(Handler.java:99)
08-14 18:12:33.455 11640 11640 E MethodChannel#jojoy.app_resource_plugin: at android.os.Looper.loop(Looper.java:236)
08-14 18:12:33.455 11640 11640 E MethodChannel#jojoy.app_resource_plugin: at android.app.ActivityThread.main(ActivityThread.java:8037)
08-14 18:12:33.455 11640 11640 E MethodChannel#jojoy.app_resource_plugin: at java.lang.reflect.Method.invoke(Native Method)
08-14 18:12:33.455 11640 11640 E MethodChannel#jojoy.app_resource_plugin: at com.android.internal.os.RuntimeInit$MethodAndArgsCaller.run(RuntimeInit.java:656)
08-14 18:12:33.455 11640 11640 E MethodChannel#jojoy.app_resource_plugin: at com.android.internal.os.ZygoteInit.main(ZygoteInit.java:967)
08-14 18:12:33.455 11640 11640 E MethodChannel#jojoy.app_resource_plugin: Caused by: android.view.InflateException: Class not found x
08-14 18:12:33.455 11640 11640 E MethodChannel#jojoy.app_resource_plugin: at android.graphics.drawable.DrawableInflater.inflateFromClass(DrawableInflater.java:2 24)
08-14 18:12:33.455 11640 11640 E MethodChannel#jojoy.app_resource_plugin: at android.graphics.drawable.DrawableInflater.inflateFromXmlForDensity(DrawableInflate r.java:141)
08-14 18:12:33.455 11640 11640 E MethodChannel#jojoy.app_resource_plugin: at android.graphics.drawable.Drawable.createFromXmlInnerForDensity(Drawable.java:1402)
08-14 18:12:33.455 11640 11640 E MethodChannel#jojoy.app_resource_plugin: at android.graphics.drawable.Drawable.createFromXmlForDensity(Drawable.java:1361)
08-14 18:12:33.455 11640 11640 E MethodChannel#jojoy.app_resource_plugin: at android.content.res.ResourcesImpl.createFromXmlForDensity(ResourcesImpl.java:1633)
08-14 18:12:33.455 11640 11640 E MethodChannel#jojoy.app_resource_plugin: at android.content.res.ResourcesImpl.loadXmlDrawable(ResourcesImpl.java:979)
08-14 18:12:33.455 11640 11640 E MethodChannel#jojoy.app_resource_plugin: at android.content.res.ResourcesImpl.loadDrawableForCookie(ResourcesImpl.java:897)
08-14 18:12:33.455 11640 11640 E MethodChannel#jojoy.app_resource_plugin: ... 23 more
08-14 18:12:33.455 11640 11640 E MethodChannel#jojoy.app_resource_plugin: Caused by: java.lang.ClassNotFoundException: Didn't find class "x" on path: DexPathList[[zip file "/data/app/~~443BwroT5Fnqspny0BcVbQ==/apkdone.com- lhKG54JJQVGEhjNhAZ825A==/base.apk"],nativeLibraryDirectories=[/data/app/ ~~443BwroT5Fnqspny0BcVbQ==/apkdone.com-lhKG54JJQVGEhjNhAZ825A==/lib/arm, /data/app/~~443BwroT5Fnqspny0BcVbQ==/apkdone.com-lhKG54JJQVGEhjNhAZ825A==/ base.apk!/lib/armeabi-v7a, /system/lib, /system/system_ext/lib]]
08-14 18:12:33.455 11640 11640 E MethodChannel#jojoy.app_resource_plugin: at dalvik.system.BaseDexClassLoader.findClass(BaseDexClassLoader.java:207)
08-14 18:12:33.455 11640 11640 E MethodChannel#jojoy.app_resource_plugin: at java.lang.ClassLoader.loadClass(ClassLoader.java:379)
08-14 18:12:33.455 11640 11640 E MethodChannel#jojoy.app_resource_plugin: at java.lang.ClassLoader.loadClass(ClassLoader.java:312)
08-14 18:12:33.455 11640 11640 E MethodChannel#jojoy.app_resource_plugin: at android.graphics.drawable.DrawableInflater.inflateFromClass(DrawableInflater.java:2 05)
08-14 18:12:33.455 11640 11640 E MethodChannel#jojoy.app_resource_plugin: ... 29 more
08-14 18:12:37.389 11640 11640 E MethodChannel#jojoy.app_resource_plugin: Failed to handle method call
08-14 18:12:37.389 11640 11640 E MethodChannel#jojoy.app_resource_plugin: android.content.res.Resources$NotFoundException: Drawable apkdone.com:mipmap/ic_launcher_foreground with resource ID #0x7f0f0001
08-14 18:12:37.389 11640 11640 E MethodChannel#jojoy.app_resource_plugin: Caused by: android.content.res.Resources$NotFoundException: File res/mipmap/ic_launcher_foreground.xml from drawable resource ID #0x7f0f0001
08-14 18:12:37.389 11640 11640 E MethodChannel#jojoy.app_resource_plugin: at android.content.res.ResourcesImpl.loadDrawableForCookie(ResourcesImpl.java:914)
08-14 18:12:37.389 11640 11640 E MethodChannel#jojoy.app_resource_plugin: at android.content.res.ResourcesImpl.originalLoadDrawable(ResourcesImpl.java:693)
08-14 18:12:37.389 11640 11640 E MethodChannel#jojoy.app_resource_plugin: at android.content.res.ResourcesImpl.loadDrawable(ResourcesImpl.java:600)
08-14 18:12:37.389 11640 11640 E MethodChannel#jojoy.app_resource_plugin: at android.content.res.MiuiResourcesImpl.loadDrawable(MiuiResourcesImpl.java:307)
08-14 18:12:37.389 11640 11640 E MethodChannel#jojoy.app_resource_plugin: at android.content.res.Resources.loadDrawable(Resources.java:1010)
08-14 18:12:37.389 11640 11640 E MethodChannel#jojoy.app_resource_plugin: at android.content.res.Resources.getDrawableForDensity(Resources.java:1000)
08-14 18:12:37.389 11640 11640 E MethodChannel#jojoy.app_resource_plugin: at android.content.res.Resources.getDrawable(Resources.java:939)
08-14 18:12:37.389 11640 11640 E MethodChannel#jojoy.app_resource_plugin: at android.content.Context.getDrawable(Context.java:702)
08-14 18:12:37.389 11640 11640 E MethodChannel#jojoy.app_resource_plugin: at androidx.core.content.ContextCompat$Api21Impl.getDrawable(Unknown Source:0)
08-14 18:12:37.389 11640 11640 E MethodChannel#jojoy.app_resource_plugin: at androidx.core.content.ContextCompat.getDrawable(Unknown Source:0)
08-14 18:12:37.389 11640 11640 E MethodChannel#jojoy.app_resource_plugin: at com.example.plugin.AppResourcePlugin.a(AppResourcePlugin.kt:4)
08-14 18:12:37.389 11640 11640 E MethodChannel#jojoy.app_resource_plugin: at com.example.plugin.AppResourcePlugin.onMethodCall(AppResourcePlugin.kt:22)
08-14 18:12:37.389 11640 11640 E MethodChannel#jojoy.app_resource_plugin: at io.flutter.plugin.common.MethodChannel$IncomingMethodCallHandler.onMessage(MethodCh annel.java:2)
08-14 18:12:37.389 11640 11640 E MethodChannel#jojoy.app_resource_plugin: at io.flutter.embedding.engine.dart.DartMessenger.invokeHandler(DartMessenger.java:2)
08-14 18:12:37.389 11640 11640 E MethodChannel#jojoy.app_resource_plugin: at io.flutter.embedding.engine.dart.DartMessenger.lambda$dispatchMessageToQueue$0(Dart Messenger.java:2)
08-14 18:12:37.389 11640 11640 E MethodChannel#jojoy.app_resource_plugin: at io.flutter.embedding.engine.dart.DartMessenger.a(Unknown Source:0)
08-14 18:12:37.389 11640 11640 E MethodChannel#jojoy.app_resource_plugin: at io.flutter.embedding.engine.dart.a.run(Unknown Source:12)
08-14 18:12:37.389 11640 11640 E MethodChannel#jojoy.app_resource_plugin: at android.os.Handler.handleCallback(Handler.java:938)
08-14 18:12:37.389 11640 11640 E MethodChannel#jojoy.app_resource_plugin: at android.os.Handler.dispatchMessage(Handler.java:99)
08-14 18:12:37.389 11640 11640 E MethodChannel#jojoy.app_resource_plugin: at android.os.Looper.loop(Looper.java:236)
08-14 18:12:37.389 11640 11640 E MethodChannel#jojoy.app_resource_plugin: at android.app.ActivityThread.main(ActivityThread.java:8037)
08-14 18:12:37.389 11640 11640 E MethodChannel#jojoy.app_resource_plugin: at java.lang.reflect.Method.invoke(Native Method)
08-14 18:12:37.389 11640 11640 E MethodChannel#jojoy.app_resource_plugin: at com.android.internal.os.RuntimeInit$MethodAndArgsCaller.run(RuntimeInit.java:656)
08-14 18:12:37.389 11640 11640 E MethodChannel#jojoy.app_resource_plugin: at com.android.internal.os.ZygoteInit.main(ZygoteInit.java:967)
08-14 18:12:37.389 11640 11640 E MethodChannel#jojoy.app_resource_plugin: Caused by: android.view.InflateException: Class not found x
08-14 18:12:37.389 11640 11640 E MethodChannel#jojoy.app_resource_plugin: at android.graphics.drawable.DrawableInflater.inflateFromClass(DrawableInflater.java:2 24)
08-14 18:12:37.389 11640 11640 E MethodChannel#jojoy.app_resource_plugin: at android.graphics.drawable.DrawableInflater.inflateFromXmlForDensity(DrawableInflate r.java:141)
08-14 18:12:37.389 11640 11640 E MethodChannel#jojoy.app_resource_plugin: at android.graphics.drawable.Drawable.createFromXmlInnerForDensity(Drawable.java:1402)
08-14 18:12:37.389 11640 11640 E MethodChannel#jojoy.app_resource_plugin: at android.graphics.drawable.Drawable.createFromXmlForDensity(Drawable.java:1361)
08-14 18:12:37.389 11640 11640 E MethodChannel#jojoy.app_resource_plugin: at android.content.res.ResourcesImpl.createFromXmlForDensity(ResourcesImpl.java:1633)
08-14 18:12:37.389 11640 11640 E MethodChannel#jojoy.app_resource_plugin: at android.content.res.ResourcesImpl.loadXmlDrawable(ResourcesImpl.java:979)
08-14 18:12:37.389 11640 11640 E MethodChannel#jojoy.app_resource_plugin: at android.content.res.ResourcesImpl.loadDrawableForCookie(ResourcesImpl.java:897)
08-14 18:12:37.389 11640 11640 E MethodChannel#jojoy.app_resource_plugin: ... 23 more
08-14 18:12:37.389 11640 11640 E MethodChannel#jojoy.app_resource_plugin: Caused by: java.lang.ClassNotFoundException: Didn't find class "x" on path: DexPathList[[zip file "/data/app/~~443BwroT5Fnqspny0BcVbQ==/apkdone.com- lhKG54JJQVGEhjNhAZ825A==/base.apk"],nativeLibraryDirectories=[/data/app/ ~~443BwroT5Fnqspny0BcVbQ==/apkdone.com-lhKG54JJQVGEhjNhAZ825A==/lib/arm, /data/app/~~443BwroT5Fnqspny0BcVbQ==/apkdone.com-lhKG54JJQVGEhjNhAZ825A==/ base.apk!/lib/armeabi-v7a, /system/lib, /system/system_ext/lib]]
08-14 18:12:37.389 11640 11640 E MethodChannel#jojoy.app_resource_plugin: at dalvik.system.BaseDexClassLoader.findClass(BaseDexClassLoader.java:207)
08-14 18:12:37.389 11640 11640 E MethodChannel#jojoy.app_resource_plugin: at java.lang.ClassLoader.loadClass(ClassLoader.java:379)
08-14 18:12:37.389 11640 11640 E MethodChannel#jojoy.app_resource_plugin: at java.lang.ClassLoader.loadClass(ClassLoader.java:312)
08-14 18:12:37.389 11640 11640 E MethodChannel#jojoy.app_resource_plugin: at android.graphics.drawable.DrawableInflater.inflateFromClass(DrawableInflater.java:2 05)
08-14 18:12:37.389 11640 11640 E MethodChannel#jojoy.app_resource_plugin: ... 29 more
08-14 18:12:43.091 11640 11640 E MethodChannel#jojoy.app_resource_plugin: Failed to handle method call
08-14 18:12:43.091 11640 11640 E MethodChannel#jojoy.app_resource_plugin: android.content.res.Resources$NotFoundException: Drawable apkdone.com:mipmap/ic_launcher_foreground with resource ID #0x7f0f0001
08-14 18:12:43.091 11640 11640 E MethodChannel#jojoy.app_resource_plugin: Caused by: android.content.res.Resources$NotFoundException: File res/mipmap/ic_launcher_foreground.xml from drawable resource ID #0x7f0f0001
08-14 18:12:43.091 11640 11640 E MethodChannel#jojoy.app_resource_plugin: at android.content.res.ResourcesImpl.loadDrawableForCookie(ResourcesImpl.java:914)
08-14 18:12:43.091 11640 11640 E MethodChannel#jojoy.app_resource_plugin: at android.content.res.ResourcesImpl.originalLoadDrawable(ResourcesImpl.java:693)
08-14 18:12:43.091 11640 11640 E MethodChannel#jojoy.app_resource_plugin: at android.content.res.ResourcesImpl.loadDrawable(ResourcesImpl.java:600)
08-14 18:12:43.091 11640 11640 E MethodChannel#jojoy.app_resource_plugin: at android.content.res.MiuiResourcesImpl.loadDrawable(MiuiResourcesImpl.java:307)
08-14 18:12:43.091 11640 11640 E MethodChannel#jojoy.app_resource_plugin: at android.content.res.Resources.loadDrawable(Resources.java:1010)
08-14 18:12:43.091 11640 11640 E MethodChannel#jojoy.app_resource_plugin: at android.content.res.Resources.getDrawableForDensity(Resources.java:1000)
08-14 18:12:43.091 11640 11640 E MethodChannel#jojoy.app_resource_plugin: at android.content.res.Resources.getDrawable(Resources.java:939)
08-14 18:12:43.091 11640 11640 E MethodChannel#jojoy.app_resource_plugin: at android.content.Context.getDrawable(Context.java:702)
08-14 18:12:43.091 11640 11640 E MethodChannel#jojoy.app_resource_plugin: at androidx.core.content.ContextCompat$Api21Impl.getDrawable(Unknown Source:0)
08-14 18:12:43.091 11640 11640 E MethodChannel#jojoy.app_resource_plugin: at androidx.core.content.ContextCompat.getDrawable(Unknown Source:0)
08-14 18:12:43.091 11640 11640 E MethodChannel#jojoy.app_resource_plugin: at com.example.plugin.AppResourcePlugin.a(AppResourcePlugin.kt:4)
08-14 18:12:43.091 11640 11640 E MethodChannel#jojoy.app_resource_plugin: at com.example.plugin.AppResourcePlugin.onMethodCall(AppResourcePlugin.kt:22)
08-14 18:12:43.091 11640 11640 E MethodChannel#jojoy.app_resource_plugin: at io.flutter.plugin.common.MethodChannel$IncomingMethodCallHandler.onMessage(MethodCh annel.java:2)
08-14 18:12:43.091 11640 11640 E MethodChannel#jojoy.app_resource_plugin: at io.flutter.embedding.engine.dart.DartMessenger.invokeHandler(DartMessenger.java:2)
08-14 18:12:43.091 11640 11640 E MethodChannel#jojoy.app_resource_plugin: at io.flutter.embedding.engine.dart.DartMessenger.lambda$dispatchMessageToQueue$0(Dart Messenger.java:2)
08-14 18:12:43.091 11640 11640 E MethodChannel#jojoy.app_resource_plugin: at io.flutter.embedding.engine.dart.DartMessenger.a(Unknown Source:0)
08-14 18:12:43.091 11640 11640 E MethodChannel#jojoy.app_resource_plugin: at io.flutter.embedding.engine.dart.a.run(Unknown Source:12)
08-14 18:12:43.091 11640 11640 E MethodChannel#jojoy.app_resource_plugin: at android.os.Handler.handleCallback(Handler.java:938)
08-14 18:12:43.091 11640 11640 E MethodChannel#jojoy.app_resource_plugin: at android.os.Handler.dispatchMessage(Handler.java:99)
08-14 18:12:43.091 11640 11640 E MethodChannel#jojoy.app_resource_plugin: at android.os.Looper.loop(Looper.java:236)
08-14 18:12:43.091 11640 11640 E MethodChannel#jojoy.app_resource_plugin: at android.app.ActivityThread.main(ActivityThread.java:8037)
08-14 18:12:43.091 11640 11640 E MethodChannel#jojoy.app_resource_plugin: at java.lang.reflect.Method.invoke(Native Method)
08-14 18:12:43.091 11640 11640 E MethodChannel#jojoy.app_resource_plugin: at com.android.internal.os.RuntimeInit$MethodAndArgsCaller.run(RuntimeInit.java:656)
08-14 18:12:43.091 11640 11640 E MethodChannel#jojoy.app_resource_plugin: at com.android.internal.os.ZygoteInit.main(ZygoteInit.java:967)
08-14 18:12:43.091 11640 11640 E MethodChannel#jojoy.app_resource_plugin: Caused by: android.view.InflateException: Class not found x
08-14 18:12:43.091 11640 11640 E MethodChannel#jojoy.app_resource_plugin: at android.graphics.drawable.DrawableInflater.inflateFromClass(DrawableInflater.java:2 24)
08-14 18:12:43.091 11640 11640 E MethodChannel#jojoy.app_resource_plugin: at android.graphics.drawable.DrawableInflater.inflateFromXmlForDensity(DrawableInflate r.java:141)
08-14 18:12:43.091 11640 11640 E MethodChannel#jojoy.app_resource_plugin: at android.graphics.drawable.Drawable.createFromXmlInnerForDensity(Drawable.java:1402)
08-14 18:12:43.091 11640 11640 E MethodChannel#jojoy.app_resource_plugin: at android.graphics.drawable.Drawable.createFromXmlForDensity(Drawable.java:1361)
08-14 18:12:43.091 11640 11640 E MethodChannel#jojoy.app_resource_plugin: at android.content.res.ResourcesImpl.createFromXmlForDensity(ResourcesImpl.java:1633)
08-14 18:12:43.091 11640 11640 E MethodChannel#jojoy.app_resource_plugin: at android.content.res.ResourcesImpl.loadXmlDrawable(ResourcesImpl.java:979)
08-14 18:12:43.091 11640 11640 E MethodChannel#jojoy.app_resource_plugin: at android.content.res.ResourcesImpl.loadDrawableForCookie(ResourcesImpl.java:897)
08-14 18:12:43.091 11640 11640 E MethodChannel#jojoy.app_resource_plugin: ... 23 more
08-14 18:12:43.091 11640 11640 E MethodChannel#jojoy.app_resource_plugin: Caused by: java.lang.ClassNotFoundException: Didn't find class "x" on path: DexPathList[[zip file "/data/app/~~443BwroT5Fnqspny0BcVbQ==/apkdone.com- lhKG54JJQVGEhjNhAZ825A==/base.apk"],nativeLibraryDirectories=[/data/app/ ~~443BwroT5Fnqspny0BcVbQ==/apkdone.com-lhKG54JJQVGEhjNhAZ825A==/lib/arm, /data/app/~~443BwroT5Fnqspny0BcVbQ==/apkdone.com-lhKG54JJQVGEhjNhAZ825A==/ base.apk!/lib/armeabi-v7a, /system/lib, /system/system_ext/lib]]
08-14 18:12:43.091 11640 11640 E MethodChannel#jojoy.app_resource_plugin: at dalvik.system.BaseDexClassLoader.findClass(BaseDexClassLoader.java:207)
08-14 18:12:43.091 11640 11640 E MethodChannel#jojoy.app_resource_plugin: at java.lang.ClassLoader.loadClass(ClassLoader.java:379)
08-14 18:12:43.091 11640 11640 E MethodChannel#jojoy.app_resource_plugin: at java.lang.ClassLoader.loadClass(ClassLoader.java:312)
08-14 18:12:43.091 11640 11640 E MethodChannel#jojoy.app_resource_plugin: at android.graphics.drawable.DrawableInflater.inflateFromClass(DrawableInflater.java:2 05)
08-14 18:12:43.091 11640 11640 E MethodChannel#jojoy.app_resource_plugin: ... 29 more
08-14 18:12:43.344 11640 11640 E MethodChannel#jojoy.app_resource_plugin: Failed to handle method call
08-14 18:12:43.344 11640 11640 E MethodChannel#jojoy.app_resource_plugin: android.content.res.Resources$NotFoundException: Drawable apkdone.com:mipmap/ic_launcher_foreground with resource ID #0x7f0f0001
08-14 18:12:43.344 11640 11640 E MethodChannel#jojoy.app_resource_plugin: Caused by: android.content.res.Resources$NotFoundException: File res/mipmap/ic_launcher_foreground.xml from drawable resource ID #0x7f0f0001
08-14 18:12:43.344 11640 11640 E MethodChannel#jojoy.app_resource_plugin: at android.content.res.ResourcesImpl.loadDrawableForCookie(ResourcesImpl.java:914)
08-14 18:12:43.344 11640 11640 E MethodChannel#jojoy.app_resource_plugin: at android.content.res.ResourcesImpl.originalLoadDrawable(ResourcesImpl.java:693)
08-14 18:12:43.344 11640 11640 E MethodChannel#jojoy.app_resource_plugin: at android.content.res.ResourcesImpl.loadDrawable(ResourcesImpl.java:600)
08-14 18:12:43.344 11640 11640 E MethodChannel#jojoy.app_resource_plugin: at android.content.res.MiuiResourcesImpl.loadDrawable(MiuiResourcesImpl.java:307)
08-14 18:12:43.344 11640 11640 E MethodChannel#jojoy.app_resource_plugin: at android.content.res.Resources.loadDrawable(Resources.java:1010)
08-14 18:12:43.344 11640 11640 E MethodChannel#jojoy.app_resource_plugin: at android.content.res.Resources.getDrawableForDensity(Resources.java:1000)
08-14 18:12:43.344 11640 11640 E MethodChannel#jojoy.app_resource_plugin: at android.content.res.Resources.getDrawable(Resources.java:939)
08-14 18:12:43.344 11640 11640 E MethodChannel#jojoy.app_resource_plugin: at android.content.Context.getDrawable(Context.java:702)
08-14 18:12:43.344 11640 11640 E MethodChannel#jojoy.app_resource_plugin: at androidx.core.content.ContextCompat$Api21Impl.getDrawable(Unknown Source:0)
08-14 18:12:43.344 11640 11640 E MethodChannel#jojoy.app_resource_plugin: at androidx.core.content.ContextCompat.getDrawable(Unknown Source:0)
08-14 18:12:43.344 11640 11640 E MethodChannel#jojoy.app_resource_plugin: at com.example.plugin.AppResourcePlugin.a(AppResourcePlugin.kt:4)
08-14 18:12:43.344 11640 11640 E MethodChannel#jojoy.app_resource_plugin: at com.example.plugin.AppResourcePlugin.onMethodCall(AppResourcePlugin.kt:22)
08-14 18:12:43.344 11640 11640 E MethodChannel#jojoy.app_resource_plugin: at io.flutter.plugin.common.MethodChannel$IncomingMethodCallHandler.onMessage(MethodCh annel.java:2)
08-14 18:12:43.344 11640 11640 E MethodChannel#jojoy.app_resource_plugin: at io.flutter.embedding.engine.dart.DartMessenger.invokeHandler(DartMessenger.java:2)
08-14 18:12:43.344 11640 11640 E MethodChannel#jojoy.app_resource_plugin: at io.flutter.embedding.engine.dart.DartMessenger.lambda$dispatchMessageToQueue$0(Dart Messenger.java:2)
08-14 18:12:43.344 11640 11640 E MethodChannel#jojoy.app_resource_plugin: at io.flutter.embedding.engine.dart.DartMessenger.a(Unknown Source:0)
