08-14 18:07:45.815 11640 12060 D PlacementModel: SupportedTemplatesTypes : banner
08-14 18:07:45.815 11640 12060 D PlacementModel: SupportedTemplatesTypes : mrec
08-14 18:07:46.027 11640 12060 D com.vungle.warren.Vungle: starting jobs for autocached advs
08-14 18:07:46.027 11640 12217 D a : Setting process thread prio = 12 for p1.c
08-14 18:07:46.027 11640 12217 D a : Start job p1.cThread vng_jr-th-1
08-14 18:07:46.028 11640 12218 D a : Setting process thread prio = 10 for p1.k
08-14 18:07:46.028 11640 12218 D a : Start job p1.kThread vng_jr-th-2
08-14 18:07:46.029 11640 12217 D p1.c : CleanupJob: Current directory snapshot
08-14 18:07:46.030 11640 12220 D a : Setting process thread prio = 10 for a
08-14 18:07:46.030 11640 12220 D a : Start job aThread vng_jr-th-4
08-14 18:07:46.031 11640 12219 D a : Setting process thread prio = 10 for j
08-14 18:07:46.031 11640 12219 D a : Start job jThread vng_jr-th-3
08-14 18:07:46.031 11640 12219 D c : Crash report disabled, no need to send crash log files.
08-14 18:07:46.031 11640 12219 D c : Logging disabled, no need to send log files.
08-14 18:07:46.031 11640 12219 D a : On job finished j with result 0
08-14 18:07:46.032 11640 12218 D a : On job finished p1.k with result 0
08-14 18:07:46.049 11640 12220 D a : On job finished a with result 0
08-14 18:07:46.049 11640 12066 I b : Searching for valid advertisement for placement with GAME_DOWNLOAD_MREC_BIDDING-0675446event ID null
08-14 18:07:46.051 11640 12060 I com.vungle.warren.d: didn't find cached adv for AdRequest{placementId='GAME_DOWNLOAD_MREC_BIDDING-0675446', adMarkup=null, type=2, adCount=1} downloading
08-14 18:07:46.051 11640 12060 D com.vungle.warren.d: No adv for placement GAME_DOWNLOAD_MREC_BIDDING-0675446 getting new data
08-14 18:07:46.052 11640 12060 V com.vungle.warren.d: [ttDownloadContext] Start to request ad, request = AdRequest{placementId='GAME_DOWNLOAD_MREC_BIDDING-0675446', adMarkup=null, type=2, adCount=1}, at: 1660489666052
08-14 18:07:46.145 11640 12217 V p1.c : Deleting assets under directory 62f685bc32c3dba4f9b723c2
08-14 18:07:46.145 11640 12217 D a : On job finished p1.c with result 0
08-14 18:07:46.356 11640 12146 W UnityAds: com.unity3d.services.core.api.Sdk.logWarning() (line:1) :: {"message":"model: DeviceInfo key: openAdvertisingTrackingId with value: null: null is not in: string,undefined","name":"CheckValueError"}
08-14 18:07:46.597 11640 11640 D Installations: Installation ID: c83wtf75RJqP9ohDf- c3xt
08-14 18:07:46.748 11640 11731 W UnityAds: com.unity3d.services.core.connectivity.ConnectivityMonitor.connectionStatusChanged( ) (line:8) :: Unity Ads was not able to get current network type due to missing permission
08-14 18:07:46.752 11640 11731 W UnityAds: com.unity3d.services.core.connectivity.ConnectivityMonitor.connectionStatusChanged( ) (line:8) :: Unity Ads was not able to get current network type due to missing permission
08-14 18:07:46.767 11640 12146 I UnityAds: com.unity3d.services.core.api.Sdk.logInfo() (line:1) :: Requesting configuration from https://publisher-config.unityads.unity3d.com/games/4557173/configuration? deviceMake=Xiaomi&screenDensity=440&screenSize=268435810&idfi=2b54d462-6433-41f4- 87c4-7228115e8092&advertisingTrackingId=8ca5ef26-0681-45f7-8cd5- c486cfeab8e2&limitAdTracking=false&installationId=2b54d462-6433-41f4-87c4- 7228115e8092&connectionType=wifi&screenHeight=2216&screenWidth=1080&bundleId=apkdon e.com&encrypted=true&rooted=false&platform=android&sdkVersion=4210&osVersion=11&dev iceModel=Redmi%20Note %208&language=ro_RO&test=false&first=false&userLevelFlagDetected=false
08-14 18:07:46.996 11640 12221 V com.vungle.warren.d: [ttDownloadContext] Request ad got response, request = AdRequest{placementId='GAME_DOWNLOAD_MREC_BIDDING- 0675446', adMarkup=null, type=2, adCount=1}, elapsed time = 944ms
08-14 18:07:47.000 11640 12060 D com.vungle.warren.d: Ads Response: {"ads": [{"placement_reference_id":"GAME_DOWNLOAD_MREC_BIDDING-0675446","ad_markup": {"id":"","campaign":null,"app_id":null,"sleep":965,"info":"impression auctioned but unsold","delay":0,"showClose":0,"showCloseIncentivized":0,"countdown":0,"url":"","v ideoWidth":0,"videoHeight":0,"requires_sideloading":false}}]}
08-14 18:07:47.018 11640 12066 I b : Searching for valid advertisement for placement with GAME_DETAIL_BANNER_BIDDING-9742167event ID null
08-14 18:07:47.020 11640 12060 I com.vungle.warren.d: didn't find cached adv for AdRequest{placementId='GAME_DETAIL_BANNER_BIDDING-9742167', adMarkup=null, type=2, adCount=1} downloading
08-14 18:07:47.021 11640 12060 D com.vungle.warren.d: No adv for placement GAME_DETAIL_BANNER_BIDDING-9742167 getting new data
08-14 18:07:47.021 11640 12060 V com.vungle.warren.d: [ttDownloadContext] Start to request ad, request = AdRequest{placementId='GAME_DETAIL_BANNER_BIDDING-9742167', adMarkup=null, type=2, adCount=1}, at: 1660489667021
08-14 18:07:47.069 11640 11640 D Installations: Installation ID: c83wtf75RJqP9ohDf- c3xt
08-14 18:07:47.140 11640 12283 D a : Setting process thread prio = 10 for p1.d AdRequest{placementId='GAME_DOWNLOAD_REWARD_BIDDING-7168597', adMarkup=null, type=2, adCount=1}
08-14 18:07:47.140 11640 12283 D a : Start job p1.d AdRequest{placementId='GAME_DOWNLOAD_REWARD_BIDDING-7168597', adMarkup=null, type=2, adCount=1}Thread vng_jr-th-5
08-14 18:07:47.144 11640 12283 D a : On job finished p1.d AdRequest{placementId='GAME_DOWNLOAD_REWARD_BIDDING-7168597', adMarkup=null, type=2, adCount=1} with result 0
08-14 18:07:47.411 11640 12221 V com.vungle.warren.d: [ttDownloadContext] Request ad got response, request = AdRequest{placementId='GAME_DETAIL_BANNER_BIDDING- 9742167', adMarkup=null, type=2, adCount=1}, elapsed time = 389ms
08-14 18:07:47.417 11640 12060 D com.vungle.warren.d: Ads Response: {"ads": [{"placement_reference_id":"GAME_DETAIL_BANNER_BIDDING-9742167","ad_markup": {"id":"","campaign":null,"app_id":null,"sleep":1205,"info":"impression auctioned but unsold","delay":0,"showClose":0,"showCloseIncentivized":0,"countdown":0,"url":"","v ideoWidth":0,"videoHeight":0,"requires_sideloading":false}}]}
08-14 18:07:47.429 11640 12066 I b : Searching for valid advertisement for placement with APP_OPEN_BIDDING-3723667event ID null
08-14 18:07:47.430 11640 12060 I com.vungle.warren.d: didn't find cached adv for AdRequest{placementId='APP_OPEN_BIDDING-3723667', adMarkup=null, type=2, adCount=1} downloading
08-14 18:07:47.430 11640 12060 D com.vungle.warren.d: No adv for placement APP_OPEN_BIDDING-3723667 getting new data
08-14 18:07:47.430 11640 12060 V com.vungle.warren.d: [ttDownloadContext] Start to request ad, request = AdRequest{placementId='APP_OPEN_BIDDING-3723667', adMarkup=null, type=2, adCount=1}, at: 1660489667430
08-14 18:07:47.495 11640 12118 I DrmUtils: found [email protected]::IDrmFactory clearkey
08-14 18:07:47.527 11640 12118 I DrmUtils: found [email protected]::IDrmFactory wfdhdcp
08-14 18:07:47.530 11640 12118 I DrmUtils: found [email protected]::IDrmFactory widevine
08-14 18:07:47.533 11640 12118 I DrmUtils: found [email protected]::IDrmFactory clearkey
08-14 18:07:47.536 11640 12118 I DrmUtils: found [email protected]::IDrmFactory wfdhdcp
08-14 18:07:47.537 11640 12118 I DrmUtils: found [email protected]::IDrmFactory widevine
08-14 18:07:47.542 11640 12118 I DrmUtils: found [email protected]::IDrmFactory clearkey
08-14 18:07:47.544 11640 12118 I DrmUtils: found [email protected]::IDrmFactory wfdhdcp
08-14 18:07:47.545 11640 12118 I DrmUtils: found [email protected]::IDrmFactory widevine
08-14 18:07:47.551 11640 12118 I DrmUtils: found [email protected]::IDrmFactory clearkey
08-14 18:07:47.553 11640 12118 I DrmUtils: found [email protected]::IDrmFactory wfdhdcp
08-14 18:07:47.555 11640 12118 I DrmUtils: found [email protected]::IDrmFactory widevine
08-14 18:07:47.644 11640 12146 I UnityAds: com.unity3d.services.core.api.Sdk.logInfo() (line:1) :: Received configuration for token eyJhbGciOiJIUzI1NiIsInR5cCI6IkpXVCJ9.eyJhZyI6IkFkVGVyaG9xZnVTbTg3UVZva3VIdjBEWXMxbG luYWQvT3JyYWJNV2kxQnU5ZWxxc2kvMTZPcStuTDc0Z2xjOHh5VHU2bFE9PSIsImFwcCI6MzMsImFwcExld mVsQ29wcGEiOmZhbHNlLCJhdHQiOjAsImF1YyI6NiwiYXVpIjo1MSwiYXpwIjoiODBmOGMzMGEtM2Q5OC00 MTM2LWI2ZmYtYzNkOGE4Yjk4YmJkIiwiY2FsY3VsYXRlZENvcHBhIjpmYWxzZSwiY29uc2VudCI6ZmFsc2U sImNvbnRleHR1YWxPbmx5IjpmYWxzZSwiY3BpIjo3NywiY3JlYXRlZCI6MTYwNDA3MTA0MzAwMCwiZGx0Ij owLCJkdCI6MCwiZXR0IjpbMjE0NzQ4Mzg3NCw2MDIyLDU3NTYsNjkxNSw1OTQxLDU5NjMsNTM0NSw1MzQ5X SwiZXhwIjoxNjYxNjk5MjY4LCJpYXAiOjE2MCwiaWF0IjoxNjYwNDg5NjY4LCJpZyI6IlJjK3hVZnFnZDFy MjNoWC95QlB1cjJvMTBiMHc3Yi9RWldmN0IvbG9IUmdYK25HUjZsQ3U4akZJaHVOYmN5QlFtUi9MV0E9PSI sImluc3RhbGxhdGlvbklkIjoiMmI1NGQ0NjItNjQzMy00MWY0LTg3YzQtNzIyODExNWU4MDkyIiwiaXNzIj oiYWRzLXNkay1jb25maWd1cmF0aW9uLnVuaXR5YWRzLnVuaXR5M2QuY29tIiwibGVnYWxUZXJyaXRvcnkiO jAsImx0diI6MTE4LCJtaXhlZCI6ZmFsc2UsInBybyI6NzAsInByb3hpZWQiOmZhbHNlLCJzdWIiOiJuMUNO blkwdVR1dXQ4R2pFK2hRelFxRkNaSnJ4RWU4bzVmT1BYRExhQ21JY1RxNk5KaU5hRlZhaUNobjBVUE9UR3h XSW1RPT0iLCJ0Z3QiOjc2LCJ4cHIiOjI0OH0.tcwj6_OSOaCLmoNTUZyUit5im94K0-UqEjAovVEnqXs (A/B group 9)
08-14 18:07:47.711 11640 11640 I DynamiteModule: Considering local module com.google.android.gms.ads.dynamite:0 and remote module com.google.android.gms.ads.dynamite:221908400
08-14 18:07:47.711 11640 11640 I DynamiteModule: Selected remote version of com.google.android.gms.ads.dynamite, version >= 221908400
08-14 18:07:47.711 11640 11640 V DynamiteModule: Dynamite loader version >= 2, using loadModule2NoCrashUtils
08-14 18:07:47.729 11640 11640 I Ads : Use RequestConfiguration.Builder().setTestDeviceIds(Arrays.asList("A6C8D8E54F9C2046154C 0FAA5A68B56A")) to get test ads on this device.
08-14 18:07:47.751 11640 12221 V com.vungle.warren.d: [ttDownloadContext] Request ad got response, request = AdRequest{placementId='APP_OPEN_BIDDING-3723667', adMarkup=null, type=2, adCount=1}, elapsed time = 321ms
08-14 18:07:47.753 11640 12060 D com.vungle.warren.d: Ads Response: {"ads": [{"placement_reference_id":"APP_OPEN_BIDDING-3723667","ad_markup": {"id":"","campaign":null,"app_id":null,"sleep":1745,"info":"impression auctioned but unsold","delay":0,"showClose":0,"showCloseIncentivized":0,"countdown":0,"url":"","v ideoWidth":0,"videoHeight":0,"requires_sideloading":false}}]}
08-14 18:07:47.760 11640 12066 I b : Searching for valid advertisement for placement with GAME_PAGE_DETAIL_INTER_BIDDING-6482773event ID null
08-14 18:07:47.761 11640 12060 I com.vungle.warren.d: didn't find cached adv for AdRequest{placementId='GAME_PAGE_DETAIL_INTER_BIDDING-6482773', adMarkup=null, type=2, adCount=1} downloading
08-14 18:07:47.761 11640 12060 D com.vungle.warren.d: No adv for placement GAME_PAGE_DETAIL_INTER_BIDDING-6482773 getting new data
08-14 18:07:47.761 11640 12060 V com.vungle.warren.d: [ttDownloadContext] Start to request ad, request = AdRequest{placementId='GAME_PAGE_DETAIL_INTER_BIDDING- 6482773', adMarkup=null, type=2, adCount=1}, at: 1660489667761
08-14 18:07:47.854 11640 12294 I AudioManager: In isSpeakerphoneOn(), calling application: apkdone.com
08-14 18:07:47.865 11640 11640 W ConnectionStatusConfig: Dynamic lookup for intent failed for action: com.google.android.gms.ads.service.CACHE
08-14 18:07:47.905 11640 11640 D DynamitePackage: Instantiating com.google.android.gms.ads.ChimeraAdManagerCreatorImpl
08-14 18:07:47.917 11640 12118 V MediaPlayer: resetDrmState: mDrmInfo=null mDrmProvisioningThread=null mPrepareDrmInProgress=false mActiveDrmScheme=false
08-14 18:07:47.917 11640 12118 V MediaPlayer: cleanDrmObj: mDrmObj=null mDrmSessionId=null
08-14 18:07:47.918 11640 12118 V MediaPlayer: resetDrmState: mDrmInfo=null mDrmProvisioningThread=null mPrepareDrmInProgress=false mActiveDrmScheme=false
08-14 18:07:47.918 11640 12118 V MediaPlayer: cleanDrmObj: mDrmObj=null mDrmSessionId=null
08-14 18:07:47.918 11640 12118 D Ringtone: Problem opening; delegating to remote player
08-14 18:07:47.924 11640 11640 I Ads : Use RequestConfiguration.Builder().setTestDeviceIds(Arrays.asList("A6C8D8E54F9C2046154C 0FAA5A68B56A")) to get test ads on this device.
08-14 18:07:47.946 11640 12020 I AudioManager: In isSpeakerphoneOn(), calling application: apkdone.com
08-14 18:07:47.961 11640 11640 D DynamitePackage: Instantiating com.google.android.gms.ads.ChimeraAdManagerCreatorImpl
08-14 18:07:47.965 11640 11640 I Ads : Use RequestConfiguration.Builder().setTestDeviceIds(Arrays.asList("A6C8D8E54F9C2046154C 0FAA5A68B56A")) to get test ads on this device.
08-14 18:07:47.975 11640 12025 I AudioManager: In isSpeakerphoneOn(), calling application: apkdone.com
08-14 18:07:47.979 11640 12025 W Ads : Not retrying to fetch app settings
08-14 18:07:47.983 11640 11640 D DynamitePackage: Instantiating com.google.android.gms.ads.ChimeraAdManagerCreatorImpl
08-14 18:07:47.992 11640 11640 I Ads : Use RequestConfiguration.Builder().setTestDeviceIds(Arrays.asList("A6C8D8E54F9C2046154C 0FAA5A68B56A")) to get test ads on this device.
08-14 18:07:47.993 11640 12304 W ConnectionStatusConfig: Dynamic lookup for intent failed for action: com.google.android.gms.ads.service.START
08-14 18:07:47.995 11640 12299 W Ads : Not retrying to fetch app settings
08-14 18:07:48.005 11640 12298 I AudioManager: In isSpeakerphoneOn(), calling application: apkdone.com
08-14 18:07:48.019 11640 11640 D DynamitePackage: Instantiating com.google.android.gms.ads.ChimeraAdLoaderBuilderCreatorImpl
08-14 18:07:48.025 11640 12306 W Ads : Not retrying to fetch app settings
08-14 18:07:48.029 11640 11640 I Ads : Use RequestConfiguration.Builder().setTestDeviceIds(Arrays.asList("A6C8D8E54F9C2046154C 0FAA5A68B56A")) to get test ads on this device.
08-14 18:07:48.060 11640 12300 I AudioManager: In isSpeakerphoneOn(), calling application: apkdone.com
08-14 18:07:48.061 11640 12026 W Ads : Not retrying to fetch app settings
08-14 18:07:48.076 11640 11640 D DynamitePackage: Instantiating com.google.android.gms.ads.ChimeraAdLoaderBuilderCreatorImpl
08-14 18:07:48.079 11640 11640 I Ads : Use RequestConfiguration.Builder().setTestDeviceIds(Arrays.asList("A6C8D8E54F9C2046154C 0FAA5A68B56A")) to get test ads on this device.
08-14 18:07:48.085 11640 12300 W Ads : Not retrying to fetch app settings
08-14 18:07:48.086 11640 12298 I AudioManager: In isSpeakerphoneOn(), calling application: apkdone.com
08-14 18:07:48.105 11640 12018 W Ads : Not retrying to fetch app settings
08-14 18:07:48.105 11640 11640 D DynamitePackage: Instantiating com.google.android.gms.ads.ChimeraAdManagerCreatorImpl
08-14 18:07:48.111 11640 11640 I Ads : Use RequestConfiguration.Builder().setTestDeviceIds(Arrays.asList("A6C8D8E54F9C2046154C 0FAA5A68B56A")) to get test ads on this device.
08-14 18:07:48.127 11640 12024 I AudioManager: In isSpeakerphoneOn(), calling application: apkdone.com
08-14 18:07:48.137 11640 11640 D DynamitePackage: Instantiating com.google.android.gms.ads.ChimeraAdManagerCreatorImpl
08-14 18:07:48.141 11640 11640 I Ads : Use RequestConfiguration.Builder().setTestDeviceIds(Arrays.asList("A6C8D8E54F9C2046154C 0FAA5A68B56A")) to get test ads on this device.
08-14 18:07:48.148 11640 12024 I AudioManager: In isSpeakerphoneOn(), calling application: apkdone.com
08-14 18:07:48.149 11640 12300 W Ads : Not retrying to fetch app settings
08-14 18:07:48.157 11640 11640 D DynamitePackage: Instantiating com.google.android.gms.ads.ChimeraAdManagerCreatorImpl
08-14 18:07:48.161 11640 11640 I Ads : Use RequestConfiguration.Builder().setTestDeviceIds(Arrays.asList("A6C8D8E54F9C2046154C 0FAA5A68B56A")) to get test ads on this device.
08-14 18:07:48.173 11640 12295 I AudioManager: In isSpeakerphoneOn(), calling application: apkdone.com
08-14 18:07:48.185 11640 11640 D EgretLoader: EgretLoader(Context context)
08-14 18:07:48.185 11640 11640 D EgretLoader: The context is not activity
08-14 18:07:48.199 11640 12299 W Ads : Not retrying to fetch app settings
08-14 18:07:48.206 11640 12118 E libc : Access denied finding property "ro.serialno"
08-14 18:07:48.216 11640 12020 W Ads : Not retrying to fetch app settings
08-14 18:07:48.236 11640 11640 D Installations: Installation ID: c83wtf75RJqP9ohDf- c3xt
08-14 18:07:48.245 11640 12146 W UnityAds: com.unity3d.services.core.device.Device.getNetworkType() (line:4) :: Unity Ads was not able to get current network type due to missing permission
08-14 18:07:48.260 11640 12146 W UnityAds: com.unity3d.services.core.device.Device.getNetworkType() (line:4) :: Unity Ads was not able to get current network type due to missing permission
08-14 18:07:48.282 11640 11640 E MethodChannel#jojoy.app_resource_plugin: Failed to handle method call
08-14 18:07:48.282 11640 11640 E MethodChannel#jojoy.app_resource_plugin: android.content.res.Resources$NotFoundException: Drawable apkdone.com:mipmap/ic_launcher_foreground with resource ID #0x7f0f0001
08-14 18:07:48.282 11640 11640 E MethodChannel#jojoy.app_resource_plugin: Caused by: android.content.res.Resources$NotFoundException: File res/mipmap/ic_launcher_foreground.xml from drawable resource ID #0x7f0f0001
08-14 18:07:48.282 11640 11640 E MethodChannel#jojoy.app_resource_plugin: at android.content.res.ResourcesImpl.loadDrawableForCookie(ResourcesImpl.java:914)
08-14 18:07:48.282 11640 11640 E MethodChannel#jojoy.app_resource_plugin: at android.content.res.ResourcesImpl.originalLoadDrawable(ResourcesImpl.java:693)
08-14 18:07:48.282 11640 11640 E MethodChannel#jojoy.app_resource_plugin: at android.content.res.ResourcesImpl.loadDrawable(ResourcesImpl.java:600)
08-14 18:07:48.282 11640 11640 E MethodChannel#jojoy.app_resource_plugin: at android.content.res.MiuiResourcesImpl.loadDrawable(MiuiResourcesImpl.java:307)
08-14 18:07:48.282 11640 11640 E MethodChannel#jojoy.app_resource_plugin: at android.content.res.Resources.loadDrawable(Resources.java:1010)
08-14 18:07:48.282 11640 11640 E MethodChannel#jojoy.app_resource_plugin: at android.content.res.Resources.getDrawableForDensity(Resources.java:1000)
08-14 18:07:48.282 11640 11640 E MethodChannel#jojoy.app_resource_plugin: at android.content.res.Resources.getDrawable(Resources.java:939)
08-14 18:07:48.282 11640 11640 E MethodChannel#jojoy.app_resource_plugin: at android.content.Context.getDrawable(Context.java:702)
08-14 18:07:48.282 11640 11640 E MethodChannel#jojoy.app_resource_plugin: at androidx.core.content.ContextCompat$Api21Impl.getDrawable(Unknown Source:0)
08-14 18:07:48.282 11640 11640 E MethodChannel#jojoy.app_resource_plugin: at androidx.core.content.ContextCompat.getDrawable(Unknown Source:0)
08-14 18:07:48.282 11640 11640 E MethodChannel#jojoy.app_resource_plugin: at com.example.plugin.AppResourcePlugin.a(AppResourcePlugin.kt:4)
08-14 18:07:48.282 11640 11640 E MethodChannel#jojoy.app_resource_plugin: at com.example.plugin.AppResourcePlugin.onMethodCall(AppResourcePlugin.kt:22)
08-14 18:07:48.282 11640 11640 E MethodChannel#jojoy.app_resource_plugin: at io.flutter.plugin.common.MethodChannel$IncomingMethodCallHandler.onMessage(MethodCh annel.java:2)
08-14 18:07:48.282 11640 11640 E MethodChannel#jojoy.app_resource_plugin: at io.flutter.embedding.engine.dart.DartMessenger.invokeHandler(DartMessenger.java:2)
08-14 18:07:48.282 11640 11640 E MethodChannel#jojoy.app_resource_plugin: at io.flutter.embedding.engine.dart.DartMessenger.lambda$dispatchMessageToQueue$0(Dart Messenger.java:2)
08-14 18:07:48.282 11640 11640 E MethodChannel#jojoy.app_resource_plugin: at io.flutter.embedding.engine.dart.DartMessenger.a(Unknown Source:0)
08-14 18:07:48.282 11640 11640 E MethodChannel#jojoy.app_resource_plugin: at io.flutter.embedding.engine.dart.a.run(Unknown Source:12)
08-14 18:07:48.282 11640 11640 E MethodChannel#jojoy.app_resource_plugin: at android.os.Handler.handleCallback(Handler.java:938)
08-14 18:07:48.282 11640 11640 E MethodChannel#jojoy.app_resource_plugin: at android.os.Handler.dispatchMessage(Handler.java:99)
08-14 18:07:48.282 11640 11640 E MethodChannel#jojoy.app_resource_plugin: at android.os.Looper.loop(Looper.java:236)
08-14 18:07:48.282 11640 11640 E MethodChannel#jojoy.app_resource_plugin: at android.app.ActivityThread.main(ActivityThread.java:8037)
08-14 18:07:48.282 11640 11640 E MethodChannel#jojoy.app_resource_plugin: at java.lang.reflect.Method.invoke(Native Method)
08-14 18:07:48.282 11640 11640 E MethodChannel#jojoy.app_resource_plugin: at com.android.internal.os.RuntimeInit$MethodAndArgsCaller.run(RuntimeInit.java:656)
08-14 18:07:48.282 11640 11640 E MethodChannel#jojoy.app_resource_plugin: at com.android.internal.os.ZygoteInit.main(ZygoteInit.java:967)
08-14 18:07:48.282 11640 11640 E MethodChannel#jojoy.app_resource_plugin: Caused by: android.view.InflateException: Class not found x
08-14 18:07:48.282 11640 11640 E MethodChannel#jojoy.app_resource_plugin: at android.graphics.drawable.DrawableInflater.inflateFromClass(DrawableInflater.java:2 24)
08-14 18:07:48.282 11640 11640 E MethodChannel#jojoy.app_resource_plugin: at android.graphics.drawable.DrawableInflater.inflateFromXmlForDensity(DrawableInflate r.java:141)
08-14 18:07:48.282 11640 11640 E MethodChannel#jojoy.app_resource_plugin: at android.graphics.drawable.Drawable.createFromXmlInnerForDensity(Drawable.java:1402)
08-14 18:07:48.282 11640 11640 E MethodChannel#jojoy.app_resource_plugin: at android.graphics.drawable.Drawable.createFromXmlForDensity(Drawable.java:1361)
08-14 18:07:48.282 11640 11640 E MethodChannel#jojoy.app_resource_plugin: at android.content.res.ResourcesImpl.createFromXmlForDensity(ResourcesImpl.java:1633)
08-14 18:07:48.282 11640 11640 E MethodChannel#jojoy.app_resource_plugin: at android.content.res.ResourcesImpl.loadXmlDrawable(ResourcesImpl.java:979)
08-14 18:07:48.282 11640 11640 E MethodChannel#jojoy.app_resource_plugin: at android.content.res.ResourcesImpl.loadDrawableForCookie(ResourcesImpl.java:897)
08-14 18:07:48.282 11640 11640 E MethodChannel#jojoy.app_resource_plugin: ... 23 more
08-14 18:07:48.282 11640 11640 E MethodChannel#jojoy.app_resource_plugin: Caused by: java.lang.ClassNotFoundException: Didn't find class "x" on path: DexPathList[[zip file "/data/app/~~443BwroT5Fnqspny0BcVbQ==/apkdone.com- lhKG54JJQVGEhjNhAZ825A==/base.apk"],nativeLibraryDirectories=[/data/app/ ~~443BwroT5Fnqspny0BcVbQ==/apkdone.com-lhKG54JJQVGEhjNhAZ825A==/lib/arm, /data/app/~~443BwroT5Fnqspny0BcVbQ==/apkdone.com-lhKG54JJQVGEhjNhAZ825A==/ base.apk!/lib/armeabi-v7a, /system/lib, /system/system_ext/lib]]
08-14 18:07:48.282 11640 11640 E MethodChannel#jojoy.app_resource_plugin: at dalvik.system.BaseDexClassLoader.findClass(BaseDexClassLoader.java:207)
08-14 18:07:48.282 11640 11640 E MethodChannel#jojoy.app_resource_plugin: at java.lang.ClassLoader.loadClass(ClassLoader.java:379)
08-14 18:07:48.282 11640 11640 E MethodChannel#jojoy.app_resource_plugin: at java.lang.ClassLoader.loadClass(ClassLoader.java:312)
08-14 18:07:48.282 11640 11640 E MethodChannel#jojoy.app_resource_plugin: at android.graphics.drawable.DrawableInflater.inflateFromClass(DrawableInflater.java:2 05)
08-14 18:07:48.282 11640 11640 E MethodChannel#jojoy.app_resource_plugin: ... 29 more
08-14 18:07:48.301 11640 11640 D Installations: Installation ID: c83wtf75RJqP9ohDf- c3xt
08-14 18:07:48.302 11640 11640 I chatty : uid=11400(apkdone.com) identical 1 line
08-14 18:07:48.305 11640 11640 D Installations: Installation ID: c83wtf75RJqP9ohDf- c3xt
08-14 18:07:48.342 11640 11640 E MethodChannel#jojoy.app_resource_plugin: Failed to handle method call
08-14 18:07:48.342 11640 11640 E MethodChannel#jojoy.app_resource_plugin: android.content.res.Resources$NotFoundException: Drawable apkdone.com:mipmap/ic_launcher_foreground with resource ID #0x7f0f0001
08-14 18:07:48.342 11640 11640 E MethodChannel#jojoy.app_resource_plugin: Caused by: android.content.res.Resources$NotFoundException: File res/mipmap/ic_launcher_foreground.xml from drawable resource ID #0x7f0f0001
08-14 18:07:48.342 11640 11640 E MethodChannel#jojoy.app_resource_plugin: at android.content.res.ResourcesImpl.loadDrawableForCookie(ResourcesImpl.java:914)
08-14 18:07:48.342 11640 11640 E MethodChannel#jojoy.app_resource_plugin: at android.content.res.ResourcesImpl.originalLoadDrawable(ResourcesImpl.java:693)
08-14 18:07:48.342 11640 11640 E MethodChannel#jojoy.app_resource_plugin: at android.content.res.ResourcesImpl.loadDrawable(ResourcesImpl.java:600)
08-14 18:07:48.342 11640 11640 E MethodChannel#jojoy.app_resource_plugin: at android.content.res.MiuiResourcesImpl.loadDrawable(MiuiResourcesImpl.java:307)
08-14 18:07:48.342 11640 11640 E MethodChannel#jojoy.app_resource_plugin: at android.content.res.Resources.loadDrawable(Resources.java:1010)
08-14 18:07:48.342 11640 11640 E MethodChannel#jojoy.app_resource_plugin: at android.content.res.Resources.getDrawableForDensity(Resources.java:1000)
08-14 18:07:48.342 11640 11640 E MethodChannel#jojoy.app_resource_plugin: at android.content.res.Resources.getDrawable(Resources.java:939)
08-14 18:07:48.342 11640 11640 E MethodChannel#jojoy.app_resource_plugin: at android.content.Context.getDrawable(Context.java:702)
08-14 18:07:48.342 11640 11640 E MethodChannel#jojoy.app_resource_plugin: at androidx.core.content.ContextCompat$Api21Impl.getDrawable(Unknown Source:0)
08-14 18:07:48.342 11640 11640 E MethodChannel#jojoy.app_resource_plugin: at androidx.core.content.ContextCompat.getDrawable(Unknown Source:0)
08-14 18:07:48.342 11640 11640 E MethodChannel#jojoy.app_resource_plugin: at com.example.plugin.AppResourcePlugin.a(AppResourcePlugin.kt:4)
08-14 18:07:48.342 11640 11640 E MethodChannel#jojoy.app_resource_plugin: at com.example.plugin.AppResourcePlugin.onMethodCall(AppResourcePlugin.kt:22)
08-14 18:07:48.342 11640 11640 E MethodChannel#jojoy.app_resource_plugin: at io.flutter.plugin.common.MethodChannel$IncomingMethodCallHandler.onMessage(MethodCh annel.java:2)
08-14 18:07:48.342 11640 11640 E MethodChannel#jojoy.app_resource_plugin: at io.flutter.embedding.engine.dart.DartMessenger.invokeHandler(DartMessenger.java:2)
08-14 18:07:48.342 11640 11640 E MethodChannel#jojoy.app_resource_plugin: at io.flutter.embedding.engine.dart.DartMessenger.lambda$dispatchMessageToQueue$0(Dart Messenger.java:2)
08-14 18:07:48.342 11640 11640 E MethodChannel#jojoy.app_resource_plugin: at io.flutter.embedding.engine.dart.DartMessenger.a(Unknown Source:0)
08-14 18:07:48.342 11640 11640 E MethodChannel#jojoy.app_resource_plugin: at io.flutter.embedding.engine.dart.a.run(Unknown Source:12)
08-14 18:07:48.342 11640 11640 E MethodChannel#jojoy.app_resource_plugin: at android.os.Handler.handleCallback(Handler.java:938)
08-14 18:07:48.342 11640 11640 E MethodChannel#jojoy.app_resource_plugin: at android.os.Handler.dispatchMessage(Handler.java:99)
08-14 18:07:48.342 11640 11640 E MethodChannel#jojoy.app_resource_plugin: at android.os.Looper.loop(Looper.java:236)
08-14 18:07:48.342 11640 11640 E MethodChannel#jojoy.app_resource_plugin: at android.app.ActivityThread.main(ActivityThread.java:8037)
08-14 18:07:48.342 11640 11640 E MethodChannel#jojoy.app_resource_plugin: at java.lang.reflect.Method.invoke(Native Method)
08-14 18:07:48.342 11640 11640 E MethodChannel#jojoy.app_resource_plugin: at com.android.internal.os.RuntimeInit$MethodAndArgsCaller.run(RuntimeInit.java:656)
08-14 18:07:48.342 11640 11640 E MethodChannel#jojoy.app_resource_plugin: at com.android.internal.os.ZygoteInit.main(ZygoteInit.java:967)
08-14 18:07:48.342 11640 11640 E MethodChannel#jojoy.app_resource_plugin: Caused by: android.view.InflateException: Class not found x
08-14 18:07:48.342 11640 11640 E MethodChannel#jojoy.app_resource_plugin: at android.graphics.drawable.DrawableInflater.inflateFromClass(DrawableInflater.java:2 24)
08-14 18:07:48.342 11640 11640 E MethodChannel#jojoy.app_resource_plugin: at android.graphics.drawable.DrawableInflater.inflateFromXmlForDensity(DrawableInflate r.java:141)
08-14 18:07:48.342 11640 11640 E MethodChannel#jojoy.app_resource_plugin: at android.graphics.drawable.Drawable.createFromXmlInnerForDensity(Drawable.java:1402)
08-14 18:07:48.342 11640 11640 E MethodChannel#jojoy.app_resource_plugin: at android.graphics.drawable.Drawable.createFromXmlForDensity(Drawable.java:1361)
08-14 18:07:48.342 11640 11640 E MethodChannel#jojoy.app_resource_plugin: at android.content.res.ResourcesImpl.createFromXmlForDensity(ResourcesImpl.java:1633)
08-14 18:07:48.342 11640 11640 E MethodChannel#jojoy.app_resource_plugin: at android.content.res.ResourcesImpl.loadXmlDrawable(ResourcesImpl.java:979)
08-14 18:07:48.342 11640 11640 E MethodChannel#jojoy.app_resource_plugin: at android.content.res.ResourcesImpl.loadDrawableForCookie(ResourcesImpl.java:897)
08-14 18:07:48.342 11640 11640 E MethodChannel#jojoy.app_resource_plugin: ... 23 more
08-14 18:07:48.342 11640 11640 E MethodChannel#jojoy.app_resource_plugin: Caused by: java.lang.ClassNotFoundException: Didn't find class "x" on path: DexPathList[[zip file "/data/app/~~443BwroT5Fnqspny0BcVbQ==/apkdone.com- lhKG54JJQVGEhjNhAZ825A==/base.apk"],nativeLibraryDirectories=[/data/app/ ~~443BwroT5Fnqspny0BcVbQ==/apkdone.com-lhKG54JJQVGEhjNhAZ825A==/lib/arm, /data/app/~~443BwroT5Fnqspny0BcVbQ==/apkdone.com-lhKG54JJQVGEhjNhAZ825A==/ base.apk!/lib/armeabi-v7a, /system/lib, /system/system_ext/lib]]
08-14 18:07:48.342 11640 11640 E MethodChannel#jojoy.app_resource_plugin: at dalvik.system.BaseDexClassLoader.findClass(BaseDexClassLoader.java:207)
08-14 18:07:48.342 11640 11640 E MethodChannel#jojoy.app_resource_plugin: at java.lang.ClassLoader.loadClass(ClassLoader.java:379)
08-14 18:07:48.342 11640 11640 E MethodChannel#jojoy.app_resource_plugin: at java.lang.ClassLoader.loadClass(ClassLoader.java:312)
08-14 18:07:48.342 11640 11640 E MethodChannel#jojoy.app_resource_plugin: at android.graphics.drawable.DrawableInflater.inflateFromClass(DrawableInflater.java:2 05)
08-14 18:07:48.342 11640 11640 E MethodChannel#jojoy.app_resource_plugin: ... 29 more
08-14 18:07:48.346 11640 11640 D Installations: Installation ID: c83wtf75RJqP9ohDf- c3xt
08-14 18:07:48.485 12347 12347 E kdone.com:blac: Unknown bits set in runtime_flags: 0x800000
08-14 18:07:48.486 12347 12347 W kdone.com:blac: Using default instruction set features for ARM CPU variant (cortex-a9) using conservative defaults
08-14 18:07:48.491 12347 12347 E kdone.com:blac: Not starting debugger since process cannot load the jdwp agent.
08-14 18:07:48.491 12307 12307 W dexoptanalyzer: Could not get dex checksums for location /data/app/~~443BwroT5Fnqspny0BcVbQ==/apkdone.com- lhKG54JJQVGEhjNhAZ825A==/base.apk, fd=8
08-14 18:07:48.492 12307 12307 W dexoptanalyzer: Current thread not detached in Runtime shutdown
08-14 18:07:48.579 12347 12347 I Perf : Connecting to perf service.
08-14 18:07:48.600 12373 12373 W dex2oat32: Using default instruction set features for ARM CPU variant (cortex-a9) using conservative defaults
08-14 18:07:48.601 12373 12373 I dex2oat32: dex2oat of ppid 1103, cpu affinity is set to 0,1,4,5, success.
08-14 18:07:48.601 12373 12373 I dex2oat32: /apex/com.android.art/bin/dex2oat32 -- input-vdex-fd=-1 --output-vdex-fd=10 --call-from-installd=1 --updatable-bcp- packages-file=/system/etc/updatable-bcp-packages.txt --resolve-startup-const- strings=true --max-image-block-size=524288 --compiler-filter=verify -j4 -- classpath-dir=/data/user/0/apkdone.com/app_pccache/2/117C95851EC485EC4907D09F893EF6 EC1460731E --class-loader-context=PCL[];PCL[/data/app/~~443BwroT5Fnqspny0BcVbQ==/ apkdone.com-lhKG54JJQVGEhjNhAZ825A==/base.apk] --class-loader-context-fds=8 -- generate-mini-debug-info --compilation-reason=secondary
08-14 18:07:48.602 12347 12347 D NetworkSecurityConfig: Using Network Security Config from resource network_security_config debugBuild: false
08-14 18:07:48.603 12347 12347 D NetworkSecurityConfig: Using Network Security Config from resource network_security_config debugBuild: false
08-14 18:07:48.605 12373 12373 I dex2oat32: setting boot class path to /apex/com.android.art/javalib/core-oj.jar:/apex/com.android.art/javalib/core- libart.jar:/apex/com.android.art/javalib/core-icu4j.jar:/apex/com.android.art/ javalib/okhttp.jar:/apex/com.android.art/javalib/bouncycastle.jar:/apex/ com.android.art/javalib/apache-xml.jar:/system/framework/framework.jar:/system/ framework/[email protected]:/system/framework/[email protected]:/system/ framework/ext.jar:/system/framework/telephony-common.jar:/system/framework/voip- common.jar:/system/framework/ims-common.jar:/system/framework/framework-atb- backward-compatibility.jar:/system/framework/tcmiface.jar:/system/framework/ telephony-ext.jar:/system/framework/qcom.fmradio.jar:/system/framework/ QPerformance.jar:/system/framework/UxPerformance.jar:/system/framework/ WfdCommon.jar
08-14 18:07:48.607 12347 12347 W kdone.com:blac: Accessing hidden method Ldalvik/system/VMRuntime;->setHiddenApiExemptions([Ljava/lang/String;)V (blacklist,core-platform-api, reflection, denied)
08-14 18:07:48.608 12347 12347 W BootstrapClass: reflect bootstrap failed:
08-14 18:07:48.608 12347 12347 W BootstrapClass: java.lang.reflect.InvocationTargetException
08-14 18:07:48.608 12347 12347 W BootstrapClass: at java.lang.reflect.Method.invoke(Native Method)
08-14 18:07:48.608 12347 12347 W BootstrapClass: at me.weishu.reflection.BootstrapClass.<clinit>(BootstrapClass.java:6)
08-14 18:07:48.608 12347 12347 W BootstrapClass: at me.weishu.reflection.Reflection.unseal(Reflection.java:2)
08-14 18:07:48.608 12347 12347 W BootstrapClass: at top.niunaijun.blackbox.BlackBoxCore.doAttachBaseContext(BlackBoxCore.java:1)
08-14 18:07:48.608 12347 12347 W BootstrapClass: at com.example.Application.attachBaseContext(Application.kt:2)
08-14 18:07:48.608 12347 12347 W BootstrapClass: at android.app.Application.attach(Application.java:353)
08-14 18:07:48.608 12347 12347 W BootstrapClass: at android.app.Instrumentation.newApplication(Instrumentation.java:1160)
08-14 18:07:48.608 12347 12347 W BootstrapClass: at android.app.LoadedApk.makeApplication(LoadedApk.java:1240)
08-14 18:07:48.608 12347 12347 W BootstrapClass: at android.app.ActivityThread.handleBindApplication(ActivityThread.java:6946)
08-14 18:07:48.608 12347 12347 W BootstrapClass: at android.app.ActivityThread.access$1500(ActivityThread.java:257)
08-14 18:07:48.608 12347 12347 W BootstrapClass: at android.app.ActivityThread$H.handleMessage(ActivityThread.java:1982)
08-14 18:07:48.608 12347 12347 W BootstrapClass: at android.os.Handler.dispatchMessage(Handler.java:106)
08-14 18:07:48.608 12347 12347 W BootstrapClass: at android.os.Looper.loop(Looper.java:236)
08-14 18:07:48.608 12347 12347 W BootstrapClass: at android.app.ActivityThread.main(ActivityThread.java:8037)
08-14 18:07:48.608 12347 12347 W BootstrapClass: at java.lang.reflect.Method.invoke(Native Method)
08-14 18:07:48.608 12347 12347 W BootstrapClass: at com.android.internal.os.RuntimeInit$MethodAndArgsCaller.run(RuntimeInit.java:656)
08-14 18:07:48.608 12347 12347 W BootstrapClass: at com.android.internal.os.ZygoteInit.main(ZygoteInit.java:967)
08-14 18:07:48.608 12347 12347 W BootstrapClass: Caused by: java.lang.NoSuchMethodException: dalvik.system.VMRuntime.setHiddenApiExemptions [class [Ljava.lang.String;]
08-14 18:07:48.608 12347 12347 W BootstrapClass: at java.lang.Class.getMethod(Class.java:2072)
08-14 18:07:48.608 12347 12347 W BootstrapClass: at java.lang.Class.getDeclaredMethod(Class.java:2050)
08-14 18:07:48.608 12347 12347 W BootstrapClass: ... 17 more
08-14 18:07:48.609 12347 12347 W kdone.com:blac: Opening an oat file without a class loader. Are you using the deprecated DexFile APIs?
08-14 18:07:48.610 12347 12347 W kdone.com:blac: DexFile /data/user/0/apkdone.com/code_cache/1660489668608.dex is in boot class path but is not in a known location
08-14 18:07:48.652 12347 12347 D HookManager: hook: top.niunaijun.blackbox.fake.service.ITelephonyManagerProxy@17f71f5
08-14 18:07:48.670 12347 12347 D HookManager: hook: top.niunaijun.blackbox.fake.service.context.ContentServiceStub@6d60bc4
08-14 18:07:48.672 12347 12347 D HookManager: hook: top.niunaijun.blackbox.fake.service.IUserManagerProxy@43e84a9
08-14 18:07:48.675 12347 12347 D HookManager: hook: top.niunaijun.blackbox.fake.service.IStorageManagerProxy@728bb3a
08-14 18:07:48.681 12347 12347 D HookManager: hook: top.niunaijun.blackbox.fake.service.INotificationManagerProxy@48183c7
08-14 18:07:48.684 12347 12347 D HookManager: hook: top.niunaijun.blackbox.fake.service.IGraphicsStatsProxy@b877792
08-14 18:07:48.686 12347 12347 D HookManager: hook: top.niunaijun.blackbox.fake.service.IDevicePolicyManagerProxy@f6524bf
08-14 18:07:48.691 12347 12347 D HookManager: hook: top.niunaijun.blackbox.fake.service.IVibratorServiceProxy@c391078
08-14 18:07:48.692 12347 12347 D HookManager: hook: top.niunaijun.blackbox.fake.service.IStorageStatsManagerProxy@75d438d
08-14 18:07:48.694 12347 12347 D HookManager: hook: top.niunaijun.blackbox.fake.service.IDeviceIdentifiersPolicyProxy@490578e
08-14 18:07:48.695 12347 12347 D HookManager: hook: top.niunaijun.blackbox.fake.service.IAutofillManagerProxy@6fd63cb
08-14 18:07:48.701 12347 12347 D HookManager: hook: top.niunaijun.blackbox.fake.service.INetworkManagementServiceProxy@7c77654
08-14 18:07:48.703 12347 12347 D HookManager: hook: top.niunaijun.blackbox.fake.service.IAccessibilityManagerProxy@84d68f9
08-14 18:07:48.705 12347 12347 D HookManager: hook: top.niunaijun.blackbox.fake.service.ISystemUpdateProxy@fc62ad8
08-14 18:07:48.706 12347 12347 D HookManager: hook error: top.niunaijun.blackbox.fake.service.ISystemUpdateProxy@fc62ad8
08-14 18:07:48.706 12347 12347 D HookManager: hook: top.niunaijun.blackbox.fake.service.IShortcutManagerProxy@37e3e31
08-14 18:07:48.709 12347 12347 D HookManager: hook: top.niunaijun.blackbox.fake.service.IDisplayManagerProxy@c0e30a2
08-14 18:07:48.711 12347 12347 D HookManager: hook: top.niunaijun.blackbox.fake.service.HCallbackProxy@12931fa
08-14 18:07:48.715 12347 12347 D HookManager: hook: top.niunaijun.blackbox.fake.service.ITelephonyRegistryProxy@6716add
08-14 18:07:48.718 12347 12347 D HookManager: hook: top.niunaijun.blackbox.fake.service.IAppWidgetManagerProxy@bc359e
08-14 18:07:48.720 12347 12347 D HookManager: hook: top.niunaijun.blackbox.fake.service.context.RestrictionsManagerStub@bf5cd9b
08-14 18:07:48.722 12347 12347 D HookManager: hook: top.niunaijun.blackbox.fake.service.ILauncherAppsProxy@8b2ce4
08-14 18:07:48.723 12347 12347 D HookManager: hook: top.niunaijun.blackbox.fake.service.IJobServiceProxy@ad86949
08-14 18:07:48.725 12347 12347 D HookManager: hook: top.niunaijun.blackbox.fake.service.IPackageManagerProxy@ac1355a
08-14 18:07:48.730 12347 12347 D HookManager: hook: top.niunaijun.blackbox.fake.service.IConnectivityManagerProxy@8859714
08-14 18:07:48.732 12347 12347 D HookManager: hook: top.niunaijun.blackbox.fake.service.IWifiScannerProxy@c68d25f
08-14 18:07:48.734 12347 12347 D HookManager: hook error: top.niunaijun.blackbox.fake.service.IWifiScannerProxy@c68d25f
08-14 18:07:48.734 12347 12347 D HookManager: hook: top.niunaijun.blackbox.fake.delegate.AppInstrumentation@1a90a
08-14 18:07:48.735 12347 12347 D HookManager: hook: top.niunaijun.blackbox.fake.service.libcore.OsStub@9f2357b
08-14 18:07:48.737 12347 12347 D HookManager: hook: top.niunaijun.blackbox.fake.service.IAlarmManagerProxy@b994bd6
08-14 18:07:48.738 12347 12347 D HookManager: hook: top.niunaijun.blackbox.fake.service.IPersistentDataBlockServiceProxy@21bd8f3
08-14 18:07:48.740 12347 12347 D HookManager: hook error: top.niunaijun.blackbox.fake.service.IPersistentDataBlockServiceProxy@21bd8f3
08-14 18:07:48.740 12347 12347 D HookManager: hook: top.niunaijun.blackbox.fake.service.IContextHubServiceProxy@6adffae
08-14 18:07:48.741 12347 12347 D HookManager: hook error: top.niunaijun.blackbox.fake.service.IContextHubServiceProxy@6adffae
08-14 18:07:48.741 12347 12347 D HookManager: hook: top.niunaijun.blackbox.fake.service.IAppOpsManagerProxy@fc3b5e5
08-14 18:07:48.744 12347 12347 D HookManager: hook: top.niunaijun.blackbox.fake.service.IWindowManagerProxy@27bbc9d
08-14 18:07:48.748 12347 12347 D HookManager: hook: top.niunaijun.blackbox.fake.service.IAccountManagerProxy@4bff90c
08-14 18:07:48.751 12347 12347 D HookManager: hook: top.niunaijun.blackbox.fake.service.IActivityTaskManagerProxy@2004ed1
08-14 18:07:48.757 12347 12347 D HookManager: hook: top.niunaijun.blackbox.fake.service.IMediaRouterServiceProxy@dd1632f
08-14 18:07:48.760 12347 12347 D HookManager: hook: top.niunaijun.blackbox.fake.service.IPhoneSubInfoProxy@2037128
08-14 18:07:48.761 12347 12347 D HookManager: hook: top.niunaijun.blackbox.fake.service.IPowerManagerProxy@b148927
08-14 18:07:48.762 12347 12347 D HookManager: hook: top.niunaijun.blackbox.fake.service.IActivityManagerProxy@6a93d40
08-14 18:07:48.769 12347 12347 D HookManager: hook: top.niunaijun.blackbox.fake.service.ILocationManagerProxy@38c6fca
08-14 18:07:48.794 12347 12347 D HookManager: hook: top.niunaijun.blackbox.fake.service.IFingerprintManagerProxy@19c0a17
08-14 18:07:48.795 12347 12347 D HookManager: hook: top.niunaijun.blackbox.fake.service.IWifiManagerProxy@f4d7e04
08-14 18:07:48.798 12347 12347 D HookManager: hook: top.niunaijun.blackbox.fake.service.IPermissionManagerProxy@94d30b3
08-14 18:07:48.800 12347 12347 D HookManager: hook: top.niunaijun.blackbox.fake.service.IMediaSessionManagerProxy@c54899c
08-14 18:07:48.846 12347 12347 D SystemCallProvider: call: VM, Bundle[{_B_| _server_name_=package_manager}]
08-14 18:07:48.846 12347 12347 D BlackBoxCore: getService: package_manager, top.niunaijun.blackbox.core.system.pm.BPackageManagerService@a0dce5d
08-14 18:07:48.852 11640 11640 W BpBinder: PerfMonitor binderTransact : time=414ms interface=android.app.IActivityManager code=22
08-14 18:07:48.853 12347 12374 D SystemCallProvider: call: VM, Bundle[mParcelledData.dataSize=84]
08-14 18:07:48.854 11640 11640 D BlackBoxCore: getService: package_manager, android.os.BinderProxy@d13390
08-14 18:07:48.878 12347 12347 I DaemonService: DaemonInnerService -> onCreate
08-14 18:07:48.879 12347 12347 I DaemonService: DaemonInnerService -> onStartCommand
08-14 18:07:48.887 12347 12347 I DaemonService: DaemonInnerService -> onDestroy
08-14 18:07:48.928 11640 12221 V com.vungle.warren.d: [ttDownloadContext] Request ad got response, request = AdRequest{placementId='GAME_PAGE_DETAIL_INTER_BIDDING- 6482773', adMarkup=null, type=2, adCount=1}, elapsed time = 1165ms
08-14 18:07:48.934 11640 12060 D com.vungle.warren.d: Ads Response: {"ads": [{"placement_reference_id":"GAME_PAGE_DETAIL_INTER_BIDDING-6482773","ad_markup": {"id":"","campaign":null,"app_id":null,"sleep":725,"info":"impression auctioned but unsold","delay":0,"showClose":0,"showCloseIncentivized":0,"countdown":0,"url":"","v ideoWidth":0,"videoHeight":0,"requires_sideloading":false}}]}
08-14 18:07:48.970 11640 12066 I b : Searching for valid advertisement for placement with GAME_DOWNLOAD_REWARD_BIDDING-7168597event ID null
08-14 18:07:48.971 11640 12060 I com.vungle.warren.d: didn't find cached adv for AdRequest{placementId='GAME_DOWNLOAD_REWARD_BIDDING-7168597', adMarkup=null, type=2, adCount=1} downloading
08-14 18:07:48.971 11640 12060 D com.vungle.warren.d: No adv for placement GAME_DOWNLOAD_REWARD_BIDDING-7168597 getting new data
08-14 18:07:48.972 11640 12060 V com.vungle.warren.d: [ttDownloadContext] Start to request ad, request = AdRequest{placementId='GAME_DOWNLOAD_REWARD_BIDDING-7168597', adMarkup=null, type=2, adCount=1}, at: 1660489668971
08-14 18:07:48.974 11640 11640 D Installations: Installation ID: c83wtf75RJqP9ohDf- c3xt
08-14 18:07:49.175 12373 12373 I dex2oat32: dex2oat took 577.075ms (349.194ms cpu) (threads: 4) arena alloc=0B (0B) java alloc=66KB (67704B) native alloc=2153KB (2205440B) free=630KB (645376B)
08-14 18:07:49.284 11640 12221 V com.vungle.warren.d: [ttDownloadContext] Request ad got response, request = AdRequest{placementId='GAME_DOWNLOAD_REWARD_BIDDING- 7168597', adMarkup=null, type=2, adCount=1}, elapsed time = 313ms
08-14 18:07:49.286 11640 12060 D com.vungle.warren.d: Ads Response: {"ads": [{"placement_reference_id":"GAME_DOWNLOAD_REWARD_BIDDING-7168597","ad_markup": {"id":"","campaign":null,"app_id":null,"sleep":1385,"info":"impression auctioned but unsold","delay":0,"showClose":0,"showCloseIncentivized":0,"countdown":0,"url":"","v ideoWidth":0,"videoHeight":0,"requires_sideloading":false}}]}
08-14 18:07:49.303 11640 12066 I b : Searching for valid advertisement for placement with DEFAULT-6045176event ID null
08-14 18:07:49.305 11640 12060 I com.vungle.warren.d: didn't find cached adv for AdRequest{placementId='DEFAULT-6045176', adMarkup=null, type=0, adCount=1} downloading
08-14 18:07:49.305 11640 12060 D com.vungle.warren.d: No adv for placement DEFAULT- 6045176 getting new data
08-14 18:07:49.305 11640 12060 V com.vungle.warren.d: [ttDownloadContext] Start to request ad, request = AdRequest{placementId='DEFAULT-6045176', adMarkup=null, type=0, adCount=1}, at: 1660489669305
08-14 18:07:49.370 11640 11640 E MethodChannel#jojoy.app_resource_plugin: Failed to handle method call
08-14 18:07:49.370 11640 11640 E MethodChannel#jojoy.app_resource_plugin: android.content.res.Resources$NotFoundException: Drawable apkdone.com:mipmap/ic_launcher_foreground with resource ID #0x7f0f0001
08-14 18:07:49.370 11640 11640 E MethodChannel#jojoy.app_resource_plugin: Caused by: android.content.res.Resources$NotFoundException: File res/mipmap/ic_launcher_foreground.xml from drawable resource ID #0x7f0f0001
08-14 18:07:49.370 11640 11640 E MethodChannel#jojoy.app_resource_plugin: at android.content.res.ResourcesImpl.loadDrawableForCookie(ResourcesImpl.java:914)
08-14 18:07:49.370 11640 11640 E MethodChannel#jojoy.app_resource_plugin: at android.content.res.ResourcesImpl.originalLoadDrawable(ResourcesImpl.java:693)
08-14 18:07:49.370 11640 11640 E MethodChannel#jojoy.app_resource_plugin: at android.content.res.ResourcesImpl.loadDrawable(ResourcesImpl.java:600)
08-14 18:07:49.370 11640 11640 E MethodChannel#jojoy.app_resource_plugin: at android.content.res.MiuiResourcesImpl.loadDrawable(MiuiResourcesImpl.java:307)
08-14 18:07:49.370 11640 11640 E MethodChannel#jojoy.app_resource_plugin: at android.content.res.Resources.loadDrawable(Resources.java:1010)
08-14 18:07:49.370 11640 11640 E MethodChannel#jojoy.app_resource_plugin: at android.content.res.Resources.getDrawableForDensity(Resources.java:1000)
08-14 18:07:49.370 11640 11640 E MethodChannel#jojoy.app_resource_plugin: at android.content.res.Resources.getDrawable(Resources.java:939)
08-14 18:07:49.370 11640 11640 E MethodChannel#jojoy.app_resource_plugin: at android.content.Context.getDrawable(Context.java:702)
08-14 18:07:49.370 11640 11640 E MethodChannel#jojoy.app_resource_plugin: at androidx.core.content.ContextCompat$Api21Impl.getDrawable(Unknown Source:0)
08-14 18:07:49.370 11640 11640 E MethodChannel#jojoy.app_resource_plugin: at androidx.core.content.ContextCompat.getDrawable(Unknown Source:0)
08-14 18:07:49.370 11640 11640 E MethodChannel#jojoy.app_resource_plugin: at com.example.plugin.AppResourcePlugin.a(AppResourcePlugin.kt:4)
08-14 18:07:49.370 11640 11640 E MethodChannel#jojoy.app_resource_plugin: at com.example.plugin.AppResourcePlugin.onMethodCall(AppResourcePlugin.kt:22)
08-14 18:07:49.370 11640 11640 E MethodChannel#jojoy.app_resource_plugin: at io.flutter.plugin.common.MethodChannel$IncomingMethodCallHandler.onMessage(MethodCh annel.java:2)
08-14 18:07:49.370 11640 11640 E MethodChannel#jojoy.app_resource_plugin: at io.flutter.embedding.engine.dart.DartMessenger.invokeHandler(DartMessenger.java:2)
08-14 18:07:49.370 11640 11640 E MethodChannel#jojoy.app_resource_plugin: at io.flutter.embedding.engine.dart.DartMessenger.lambda$dispatchMessageToQueue$0(Dart Messenger.java:2)
08-14 18:07:49.370 11640 11640 E MethodChannel#jojoy.app_resource_plugin: at io.flutter.embedding.engine.dart.DartMessenger.a(Unknown Source:0)
08-14 18:07:49.370 11640 11640 E MethodChannel#jojoy.app_resource_plugin: at io.flutter.embedding.engine.dart.a.run(Unknown Source:12)
08-14 18:07:49.370 11640 11640 E MethodChannel#jojoy.app_resource_plugin: at android.os.Handler.handleCallback(Handler.java:938)
08-14 18:07:49.370 11640 11640 E MethodChannel#jojoy.app_resource_plugin: at android.os.Handler.dispatchMessage(Handler.java:99)
08-14 18:07:49.370 11640 11640 E MethodChannel#jojoy.app_resource_plugin: at android.os.Looper.loop(Looper.java:236)
08-14 18:07:49.370 11640 11640 E MethodChannel#jojoy.app_resource_plugin: at android.app.ActivityThread.main(ActivityThread.java:8037)
08-14 18:07:49.370 11640 11640 E MethodChannel#jojoy.app_resource_plugin: at java.lang.reflect.Method.invoke(Native Method)
08-14 18:07:49.370 11640 11640 E MethodChannel#jojoy.app_resource_plugin: at com.android.internal.os.RuntimeInit$MethodAndArgsCaller.run(RuntimeInit.java:656)
08-14 18:07:49.370 11640 11640 E MethodChannel#jojoy.app_resource_plugin: at com.android.internal.os.ZygoteInit.main(ZygoteInit.java:967)
08-14 18:07:49.370 11640 11640 E MethodChannel#jojoy.app_resource_plugin: Caused by: android.view.InflateException: Class not found x
08-14 18:07:49.370 11640 11640 E MethodChannel#jojoy.app_resource_plugin: at android.graphics.drawable.DrawableInflater.inflateFromClass(DrawableInflater.java:2 24)
08-14 18:07:49.370 11640 11640 E MethodChannel#jojoy.app_resource_plugin: at android.graphics.drawable.DrawableInflater.inflateFromXmlForDensity(DrawableInflate r.java:141)
08-14 18:07:49.370 11640 11640 E MethodChannel#jojoy.app_resource_plugin: at android.graphics.drawable.Drawable.createFromXmlInnerForDensity(Drawable.java:1402)
08-14 18:07:49.370 11640 11640 E MethodChannel#jojoy.app_resource_plugin: at android.graphics.drawable.Drawable.createFromXmlForDensity(Drawable.java:1361)
08-14 18:07:49.370 11640 11640 E MethodChannel#jojoy.app_resource_plugin: at android.content.res.ResourcesImpl.createFromXmlForDensity(ResourcesImpl.java:1633)
08-14 18:07:49.370 11640 11640 E MethodChannel#jojoy.app_resource_plugin: at android.content.res.ResourcesImpl.loadXmlDrawable(ResourcesImpl.java:979)
