The log file records the startup process of an Android application. It shows the loading of various modules, libraries and services, including Firebase, Facebook SDK, and other third party libraries. There are also warnings about permissions and configuration issues with some libraries. The application then initializes hooks to intercept and proxy various system services.
The log file records the startup process of an Android application. It shows the loading of various modules, libraries and services, including Firebase, Facebook SDK, and other third party libraries. There are also warnings about permissions and configuration issues with some libraries. The application then initializes hooks to intercept and proxy various system services.
The log file records the startup process of an Android application. It shows the loading of various modules, libraries and services, including Firebase, Facebook SDK, and other third party libraries. There are also warnings about permissions and configuration issues with some libraries. The application then initializes hooks to intercept and proxy various system services.
The log file records the startup process of an Android application. It shows the loading of various modules, libraries and services, including Firebase, Facebook SDK, and other third party libraries. There are also warnings about permissions and configuration issues with some libraries. The application then initializes hooks to intercept and proxy various system services.
Download as TXT, PDF, TXT or read online from Scribd
Download as txt, pdf, or txt
You are on page 1of 194
--------- beginning of main
08-14 18:07:41.860 11640 11672 I DynamiteModule: Considering local module
com.google.android.gms.measurement.dynamite:73 and remote module com.google.android.gms.measurement.dynamite:75
08-14 18:07:41.860 11640 11672 I DynamiteModule: Selected remote version of com.google.android.gms.measurement.dynamite, version >= 75
08-14 18:07:41.860 11640 11672 V DynamiteModule: Dynamite loader version >= 2, using loadModule2NoCrashUtils
08-14 18:07:41.868 11640 11672 W System : ClassLoader referenced unknown path:
08-14 18:07:41.870 11640 11640 I FirebaseInitProvider: FirebaseApp initialization successful
08-14 18:07:41.871 11640 11640 D FLTFireContextHolder: received application context.
08-14 18:07:41.880 11640 11640 I TetheringManager: registerTetheringEventCallback:apkdone.com
08-14 18:07:41.882 11640 11681 I DpmTcmClient: RegisterTcmMonitor from: $Proxy1
08-14 18:07:41.885 11640 11640 D CompatibilityChangeReporter: Compat change id reported: 147600208; UID 11400; state: ENABLED
08-14 18:07:41.890 11640 11640 D DownloaderInitializer: MAX_CONCURRENT_TASKS = 10
08-14 18:07:41.924 11640 11640 W com.facebook.J: Please set a value for AutoLogAppEventsEnabled. Set the flag to TRUE if you want to collect app install, app launch and in-app purchase events automatically. To request user consent before collecting data, set the flag value to FALSE, then change to TRUE once user consent is received. Learn more: https://developers.facebook.com/docs/app-events/getting- started-app-events-android#disable-auto-events.
08-14 18:07:41.924 11640 11640 W com.facebook.J: You haven't set a value for AdvertiserIDCollectionEnabled. Set the flag to TRUE if you want to collect Advertiser ID for better advertising and analytics results. To request user consent before collecting data, set the flag value to FALSE, then change to TRUE once user consent is received. Learn more: https://developers.facebook.com/docs/app-events/getting-started-app-events- android#disable-auto-events.
08-14 18:07:42.052 11728 11728 E kdone.com:blac: Unknown bits set in runtime_flags: 0x800000
08-14 18:07:42.054 11728 11728 W kdone.com:blac: Using default instruction set features for ARM CPU variant (cortex-a9) using conservative defaults
08-14 18:07:42.066 11728 11728 E kdone.com:blac: Not starting debugger since process cannot load the jdwp agent.
08-14 18:07:42.068 11640 11687 I DynamiteModule: Considering local module com.google.android.gms.ads.dynamite:0 and remote module com.google.android.gms.ads.dynamite:221908400
08-14 18:07:42.068 11640 11687 I DynamiteModule: Selected remote version of com.google.android.gms.ads.dynamite, version >= 221908400
08-14 18:07:42.068 11640 11687 V DynamiteModule: Dynamite loader version >= 2, using loadModule2NoCrashUtils
08-14 18:07:42.142 11728 11728 I Perf : Connecting to perf service.
08-14 18:07:42.160 11640 11725 I FA : App measurement initialized, version: 66000
08-14 18:07:42.160 11640 11725 I FA : To enable debug logging run: adb shell setprop log.tag.FA VERBOSE
08-14 18:07:42.161 11728 11728 D NetworkSecurityConfig: Using Network Security Config from resource network_security_config debugBuild: false
08-14 18:07:42.161 11640 11725 I FA : To enable faster debug mode event logging run:
08-14 18:07:42.161 11640 11725 I FA : adb shell setprop debug.firebase.analytics.app apkdone.com
08-14 18:07:42.161 11728 11728 D NetworkSecurityConfig: Using Network Security Config from resource network_security_config debugBuild: false
08-14 18:07:42.164 11728 11728 W kdone.com:blac: Accessing hidden method Ldalvik/system/VMRuntime;->setHiddenApiExemptions([Ljava/lang/String;)V (blacklist,core-platform-api, reflection, denied)
08-14 18:07:42.165 11728 11728 W BootstrapClass: reflect bootstrap failed:
08-14 18:07:42.165 11728 11728 W BootstrapClass: java.lang.reflect.InvocationTargetException
08-14 18:07:42.165 11728 11728 W BootstrapClass: at java.lang.reflect.Method.invoke(Native Method)
08-14 18:07:42.165 11728 11728 W BootstrapClass: at me.weishu.reflection.BootstrapClass.<clinit>(BootstrapClass.java:6)
08-14 18:07:42.165 11728 11728 W BootstrapClass: at me.weishu.reflection.Reflection.unseal(Reflection.java:2)
08-14 18:07:42.165 11728 11728 W BootstrapClass: at top.niunaijun.blackbox.BlackBoxCore.doAttachBaseContext(BlackBoxCore.java:1)
08-14 18:07:42.165 11728 11728 W BootstrapClass: at com.example.Application.attachBaseContext(Application.kt:2)
08-14 18:07:42.165 11728 11728 W BootstrapClass: at android.app.Application.attach(Application.java:353)
08-14 18:07:42.165 11728 11728 W BootstrapClass: at android.app.Instrumentation.newApplication(Instrumentation.java:1160)
08-14 18:07:42.165 11728 11728 W BootstrapClass: at android.app.LoadedApk.makeApplication(LoadedApk.java:1240)
08-14 18:07:42.165 11728 11728 W BootstrapClass: at android.app.ActivityThread.handleBindApplication(ActivityThread.java:6946)
08-14 18:07:42.165 11728 11728 W BootstrapClass: at android.app.ActivityThread.access$1500(ActivityThread.java:257)
08-14 18:07:42.165 11728 11728 W BootstrapClass: at android.app.ActivityThread$H.handleMessage(ActivityThread.java:1982)
08-14 18:07:42.165 11728 11728 W BootstrapClass: at android.os.Handler.dispatchMessage(Handler.java:106)
08-14 18:07:42.165 11728 11728 W BootstrapClass: at android.os.Looper.loop(Looper.java:236)
08-14 18:07:42.165 11728 11728 W BootstrapClass: at android.app.ActivityThread.main(ActivityThread.java:8037)
08-14 18:07:42.165 11728 11728 W BootstrapClass: at java.lang.reflect.Method.invoke(Native Method)
08-14 18:07:42.165 11728 11728 W BootstrapClass: at com.android.internal.os.RuntimeInit$MethodAndArgsCaller.run(RuntimeInit.java:656)
08-14 18:07:42.165 11728 11728 W BootstrapClass: at com.android.internal.os.ZygoteInit.main(ZygoteInit.java:967)
08-14 18:07:42.165 11728 11728 W BootstrapClass: Caused by: java.lang.NoSuchMethodException: dalvik.system.VMRuntime.setHiddenApiExemptions [class [Ljava.lang.String;]
08-14 18:07:42.165 11728 11728 W BootstrapClass: at java.lang.Class.getMethod(Class.java:2072)
08-14 18:07:42.165 11728 11728 W BootstrapClass: at java.lang.Class.getDeclaredMethod(Class.java:2050)
08-14 18:07:42.165 11728 11728 W BootstrapClass: ... 17 more
08-14 18:07:42.166 11728 11728 W kdone.com:blac: Opening an oat file without a class loader. Are you using the deprecated DexFile APIs?
08-14 18:07:42.166 11728 11728 W kdone.com:blac: DexFile /data/user/0/apkdone.com/code_cache/1660489662165.dex is in boot class path but is not in a known location
08-14 18:07:42.212 11640 11725 I FA : Tag Manager is not found and thus will not be used
08-14 18:07:42.236 11728 11728 D HookManager: hook: top.niunaijun.blackbox.fake.service.ITelephonyManagerProxy@17f71f5
08-14 18:07:42.245 11728 11728 D HookManager: hook: top.niunaijun.blackbox.fake.service.context.ContentServiceStub@6d60bc4
08-14 18:07:42.250 11728 11728 D HookManager: hook: top.niunaijun.blackbox.fake.service.IUserManagerProxy@43e84a9
08-14 18:07:42.258 11728 11728 D HookManager: hook: top.niunaijun.blackbox.fake.service.IStorageManagerProxy@728bb3a
08-14 18:07:42.261 11728 11728 D HookManager: hook: top.niunaijun.blackbox.fake.service.INotificationManagerProxy@48183c7
08-14 18:07:42.269 11728 11728 D HookManager: hook: top.niunaijun.blackbox.fake.service.IGraphicsStatsProxy@b877792
08-14 18:07:42.270 11728 11728 D HookManager: hook: top.niunaijun.blackbox.fake.service.IDevicePolicyManagerProxy@f6524bf
08-14 18:07:42.276 11728 11728 D HookManager: hook: top.niunaijun.blackbox.fake.service.IVibratorServiceProxy@c391078
08-14 18:07:42.277 11728 11728 D HookManager: hook: top.niunaijun.blackbox.fake.service.IStorageStatsManagerProxy@75d438d
08-14 18:07:42.279 11728 11728 D HookManager: hook: top.niunaijun.blackbox.fake.service.IDeviceIdentifiersPolicyProxy@490578e
08-14 18:07:42.285 11728 11728 D HookManager: hook: top.niunaijun.blackbox.fake.service.IAutofillManagerProxy@6fd63cb
08-14 18:07:42.288 11728 11728 D HookManager: hook: top.niunaijun.blackbox.fake.service.INetworkManagementServiceProxy@7c77654
08-14 18:07:42.290 11728 11728 D HookManager: hook: top.niunaijun.blackbox.fake.service.IAccessibilityManagerProxy@84d68f9
08-14 18:07:42.292 11728 11728 D HookManager: hook: top.niunaijun.blackbox.fake.service.ISystemUpdateProxy@fc62ad8
08-14 18:07:42.301 11728 11728 D HookManager: hook error: top.niunaijun.blackbox.fake.service.ISystemUpdateProxy@fc62ad8
08-14 18:07:42.301 11728 11728 D HookManager: hook: top.niunaijun.blackbox.fake.service.IShortcutManagerProxy@37e3e31
08-14 18:07:42.304 11728 11728 D HookManager: hook: top.niunaijun.blackbox.fake.service.IDisplayManagerProxy@c0e30a2
08-14 18:07:42.306 11728 11728 D HookManager: hook: top.niunaijun.blackbox.fake.service.HCallbackProxy@12931fa
08-14 18:07:42.309 11728 11728 D HookManager: hook: top.niunaijun.blackbox.fake.service.ITelephonyRegistryProxy@6716add
08-14 18:07:42.312 11728 11728 D HookManager: hook: top.niunaijun.blackbox.fake.service.IAppWidgetManagerProxy@bc359e
08-14 18:07:42.318 11728 11728 D HookManager: hook: top.niunaijun.blackbox.fake.service.context.RestrictionsManagerStub@bf5cd9b
08-14 18:07:42.319 11728 11728 D HookManager: hook: top.niunaijun.blackbox.fake.service.ILauncherAppsProxy@8b2ce4
08-14 18:07:42.321 11728 11728 D HookManager: hook: top.niunaijun.blackbox.fake.service.IJobServiceProxy@ad86949
08-14 18:07:42.322 11728 11728 D HookManager: hook: top.niunaijun.blackbox.fake.service.IPackageManagerProxy@ac1355a
08-14 18:07:42.327 11728 11728 D HookManager: hook: top.niunaijun.blackbox.fake.service.IConnectivityManagerProxy@8859714
08-14 18:07:42.329 11728 11728 D HookManager: hook: top.niunaijun.blackbox.fake.service.IWifiScannerProxy@c68d25f
08-14 18:07:42.335 11728 11728 D HookManager: hook error: top.niunaijun.blackbox.fake.service.IWifiScannerProxy@c68d25f
08-14 18:07:42.335 11728 11728 D HookManager: hook: top.niunaijun.blackbox.fake.delegate.AppInstrumentation@1a90a
08-14 18:07:42.336 11728 11728 D HookManager: hook: top.niunaijun.blackbox.fake.service.libcore.OsStub@9f2357b
08-14 18:07:42.339 11728 11728 D HookManager: hook: top.niunaijun.blackbox.fake.service.IAlarmManagerProxy@b994bd6 --------- beginning of system
08-14 18:07:42.340 11640 11705 W BpBinder: PerfMonitor binderTransact : time=385ms interface=android.app.IActivityManager code=22
08-14 18:07:42.340 11728 11728 D HookManager: hook: top.niunaijun.blackbox.fake.service.IPersistentDataBlockServiceProxy@21bd8f3
08-14 18:07:42.342 11728 11728 D HookManager: hook error: top.niunaijun.blackbox.fake.service.IPersistentDataBlockServiceProxy@21bd8f3
08-14 18:07:42.342 11728 11728 D HookManager: hook: top.niunaijun.blackbox.fake.service.IContextHubServiceProxy@6adffae
08-14 18:07:42.343 11728 11728 D HookManager: hook error: top.niunaijun.blackbox.fake.service.IContextHubServiceProxy@6adffae
08-14 18:07:42.343 11728 11728 D HookManager: hook: top.niunaijun.blackbox.fake.service.IAppOpsManagerProxy@fc3b5e5
08-14 18:07:42.346 11728 11728 D HookManager: hook: top.niunaijun.blackbox.fake.service.IWindowManagerProxy@27bbc9d
08-14 18:07:42.358 11728 11728 D HookManager: hook: top.niunaijun.blackbox.fake.service.IAccountManagerProxy@4bff90c
08-14 18:07:42.361 11728 11728 D HookManager: hook: top.niunaijun.blackbox.fake.service.IActivityTaskManagerProxy@2004ed1
08-14 18:07:42.367 11728 11728 D HookManager: hook: top.niunaijun.blackbox.fake.service.IMediaRouterServiceProxy@dd1632f
08-14 18:07:42.369 11728 11728 D HookManager: hook: top.niunaijun.blackbox.fake.service.IPhoneSubInfoProxy@2037128
08-14 18:07:42.370 11728 11728 D HookManager: hook: top.niunaijun.blackbox.fake.service.IPowerManagerProxy@b148927
08-14 18:07:42.372 11728 11728 D HookManager: hook: top.niunaijun.blackbox.fake.service.IActivityManagerProxy@6a93d40
08-14 18:07:42.377 11728 11728 D HookManager: hook: top.niunaijun.blackbox.fake.service.ILocationManagerProxy@38c6fca
08-14 18:07:42.380 11728 11728 D HookManager: hook: top.niunaijun.blackbox.fake.service.IFingerprintManagerProxy@19c0a17
08-14 18:07:42.383 11728 11728 D HookManager: hook: top.niunaijun.blackbox.fake.service.IWifiManagerProxy@f4d7e04
08-14 18:07:42.386 11728 11728 D HookManager: hook: top.niunaijun.blackbox.fake.service.IPermissionManagerProxy@94d30b3
08-14 18:07:42.388 11728 11728 D HookManager: hook: top.niunaijun.blackbox.fake.service.IMediaSessionManagerProxy@c54899c
08-14 18:07:42.452 11728 11728 D SystemCallProvider: call: VM, Bundle[{_B_| _server_name_=package_manager}]
08-14 18:07:42.453 11728 11728 D BlackBoxCore: getService: package_manager, top.niunaijun.blackbox.core.system.pm.BPackageManagerService@a0dce5d
08-14 18:07:42.464 11640 11640 W BpBinder: PerfMonitor binderTransact : time=460ms interface=android.app.IActivityManager code=22
08-14 18:07:42.465 11728 11771 D SystemCallProvider: call: VM, Bundle[mParcelledData.dataSize=88]
08-14 18:07:42.466 11640 11640 D BlackBoxCore: getService: activity_manager, android.os.BinderProxy@924c325
08-14 18:07:42.466 11728 11771 D SystemCallProvider: call: VM, Bundle[mParcelledData.dataSize=76]
08-14 18:07:42.466 11640 11640 D BlackBoxCore: getService: job_manager, android.os.BinderProxy@bba8cfa
08-14 18:07:42.467 11728 11773 D SystemCallProvider: call: VM, Bundle[mParcelledData.dataSize=84]
08-14 18:07:42.467 11640 11640 D BlackBoxCore: getService: package_manager, android.os.BinderProxy@8be62ab
08-14 18:07:42.468 11728 11771 D SystemCallProvider: call: VM, Bundle[mParcelledData.dataSize=84]
08-14 18:07:42.468 11640 11640 D BlackBoxCore: getService: storage_manager, android.os.BinderProxy@6624d08
08-14 18:07:42.468 11728 11771 D SystemCallProvider: call: VM, Bundle[mParcelledData.dataSize=80]
08-14 18:07:42.469 11640 11640 D BlackBoxCore: getService: user_manager, android.os.BinderProxy@7836ca1
08-14 18:07:42.469 11728 11771 D SystemCallProvider: call: VM, Bundle[mParcelledData.dataSize=84]
08-14 18:07:42.469 11640 11640 D BlackBoxCore: getService: xposed_manager, android.os.BinderProxy@3947ec6
08-14 18:07:42.470 11728 11771 D SystemCallProvider: call: VM, Bundle[mParcelledData.dataSize=84]
08-14 18:07:42.470 11640 11640 D BlackBoxCore: getService: account_manager, android.os.BinderProxy@7fe7e87
08-14 18:07:42.470 11728 11771 D SystemCallProvider: call: VM, Bundle[mParcelledData.dataSize=88]
08-14 18:07:42.470 11640 11640 D BlackBoxCore: getService: location_manager, android.os.BinderProxy@55331b4
08-14 18:07:42.471 11728 11773 D SystemCallProvider: call: VM, Bundle[mParcelledData.dataSize=96]
08-14 18:07:42.471 11640 11640 D BlackBoxCore: getService: notification_manager, android.os.BinderProxy@2c931dd
08-14 18:07:42.486 11728 11728 I DaemonService: DaemonInnerService -> onCreate
08-14 18:07:42.487 11728 11728 I DaemonService: DaemonInnerService -> onStartCommand
08-14 18:07:42.490 11728 11728 I DaemonService: DaemonInnerService -> onDestroy
08-14 18:07:42.544 11640 11640 I AdrenoGLES-0: QUALCOMM build : 03e27f8, I326e6aff90
08-14 18:07:42.544 11640 11640 I AdrenoGLES-0: Build Date : 11/02/20
08-14 18:07:42.544 11640 11640 I AdrenoGLES-0: OpenGL ES Shader Compiler Version: EV031.32.02.04
08-14 18:07:42.544 11640 11640 I AdrenoGLES-0: Local Branch : mybrancheb1d781c-1a78-f1f4-8c78-ac1f6bcc2cee
08-14 18:07:42.544 11640 11640 I AdrenoGLES-0: Remote Branch : quic/gfx-adreno.lnx.1.0.r116-rel
08-14 18:07:42.544 11640 11640 I AdrenoGLES-0: Remote Branch : NONE
08-14 18:07:42.544 11640 11640 I AdrenoGLES-0: Reconstruct Branch : NOTHING
08-14 18:07:42.544 11640 11640 I AdrenoGLES-0: Build Config : S P 10.0.7 AArch32
08-14 18:07:42.544 11640 11640 I AdrenoGLES-0: Driver Path : /vendor/lib/egl/libGLESv2_adreno.so
08-14 18:07:42.586 11640 11640 I AdrenoGLES-0: PFP: 0x016ee190, ME: 0x00000000
08-14 18:07:42.639 11640 11640 D com.llfbandit.app_links: handleIntent: (Action) android.intent.action.MAIN
08-14 18:07:42.639 11640 11640 D com.llfbandit.app_links: handleIntent: (Data) null
08-14 18:07:42.641 11640 11640 D FlutterArchivePlugin: onAttachedToEngine - IN
08-14 18:07:42.641 11640 11640 D FlutterArchivePlugin: doOnAttachedToEngine - IN
08-14 18:07:42.641 11640 11640 D FlutterArchivePlugin: doOnAttachedToEngine - OUT
08-14 18:07:42.641 11640 11640 D FlutterArchivePlugin: onAttachedToEngine - OUT
08-14 18:07:42.726 11640 11640 I WebViewFactory: Loading com.google.android.webview version 103.0.5060.129 (code 506012933)
08-14 18:07:42.897 11640 11640 I cr_WVCFactoryProvider: Loaded version=103.0.5060.129 minSdkVersion=29 isBundle=true multiprocess=true packageId=2
08-14 18:07:42.971 11640 11640 I cr_LibraryLoader: Successfully loaded native library
08-14 18:07:42.974 11640 11640 I cr_CachingUmaRecorder: Flushed 8 samples from 8 histograms.
08-14 18:07:43.064 11640 11705 W BpBinder: PerfMonitor binderTransact : time=724ms interface=android.content.IContentProvider code=1
08-14 18:07:43.176 11640 11640 E libc : Access denied finding property "ro.vendor.df.effect.conflict"
08-14 18:07:43.176 11640 11640 E libc : Access denied finding property "ro.vendor.knock.type"
08-14 18:07:43.475 11640 11640 W FlutterEngineCxnRegstry: Attempted to register plugin (O0.c@7ab6820) but it was already registered with this FlutterEngine (io.flutter.embedding.engine.FlutterEngine@67545d9).
08-14 18:07:43.475 11640 11640 W FlutterEngineCxnRegstry: Attempted to register plugin (N0.a@a0d0b9e) but it was already registered with this FlutterEngine (io.flutter.embedding.engine.FlutterEngine@67545d9).
08-14 18:07:43.475 11640 11640 W FlutterEngineCxnRegstry: Attempted to register plugin (L0.a@b4c467f) but it was already registered with this FlutterEngine (io.flutter.embedding.engine.FlutterEngine@67545d9).
08-14 18:07:43.475 11640 11640 W FlutterEngineCxnRegstry: Attempted to register plugin (J0.g@22ee64c) but it was already registered with this FlutterEngine (io.flutter.embedding.engine.FlutterEngine@67545d9).
08-14 18:07:43.475 11640 11640 W FlutterEngineCxnRegstry: Attempted to register plugin (io.flutter.plugins.camera.CameraPlugin@2eb6695) but it was already registered with this FlutterEngine (io.flutter.embedding.engine.FlutterEngine@67545d9).
08-14 18:07:43.475 11640 11640 W FlutterEngineCxnRegstry: Attempted to register plugin (C1.d@3ba43aa) but it was already registered with this FlutterEngine (io.flutter.embedding.engine.FlutterEngine@67545d9).
08-14 18:07:43.475 11640 11640 W FlutterEngineCxnRegstry: Attempted to register plugin (H1.c@668cb9b) but it was already registered with this FlutterEngine (io.flutter.embedding.engine.FlutterEngine@67545d9).
08-14 18:07:43.476 11640 11640 W FlutterEngineCxnRegstry: Attempted to register plugin (D1.a@d8a1b38) but it was already registered with this FlutterEngine (io.flutter.embedding.engine.FlutterEngine@67545d9).
08-14 18:07:43.476 11640 11640 W FlutterEngineCxnRegstry: Attempted to register plugin (B1.a@f50f076) but it was already registered with this FlutterEngine (io.flutter.embedding.engine.FlutterEngine@67545d9).
08-14 18:07:43.476 11640 11640 W FlutterEngineCxnRegstry: Attempted to register plugin (R0.a@ffe8677) but it was already registered with this FlutterEngine (io.flutter.embedding.engine.FlutterEngine@67545d9).
08-14 18:07:43.476 11640 11640 W FlutterEngineCxnRegstry: Attempted to register plugin (io.flutter.plugins.firebase.analytics.FlutterFirebaseAnalyticsPlugin@361b2e4) but it was already registered with this FlutterEngine (io.flutter.embedding.engine.FlutterEngine@67545d9).
08-14 18:07:43.476 11640 11640 W FlutterEngineCxnRegstry: Attempted to register plugin (io.flutter.plugins.firebase.core.FlutterFirebaseCorePlugin@572d34d) but it was already registered with this FlutterEngine (io.flutter.embedding.engine.FlutterEngine@67545d9).
08-14 18:07:43.476 11640 11640 W FlutterEngineCxnRegstry: Attempted to register plugin (io.flutter.plugins.firebase.crashlytics.FlutterFirebaseCrashlyticsPlugin@8d39e02) but it was already registered with this FlutterEngine (io.flutter.embedding.engine.FlutterEngine@67545d9).
08-14 18:07:43.476 11640 11640 W FlutterEngineCxnRegstry: Attempted to register plugin (K1.a@3cb1313) but it was already registered with this FlutterEngine (io.flutter.embedding.engine.FlutterEngine@67545d9).
08-14 18:07:43.476 11640 11640 W FlutterEngineCxnRegstry: Attempted to register plugin (io.flutter.plugins.firebase.messaging.FlutterFirebaseMessagingPlugin@f91950) but it was already registered with this FlutterEngine (io.flutter.embedding.engine.FlutterEngine@67545d9).
08-14 18:07:43.476 11640 11640 W FlutterEngineCxnRegstry: Attempted to register plugin (io.flutter.plugins.firebase.performance.FlutterFirebasePerformancePlugin@3a65749) but it was already registered with this FlutterEngine (io.flutter.embedding.engine.FlutterEngine@67545d9).
08-14 18:07:43.476 11640 11640 W FlutterEngineCxnRegstry: Attempted to register plugin (io.flutter.plugins.firebase.firebaseremoteconfig.FirebaseRemoteConfigPlugin@7e1984 e) but it was already registered with this FlutterEngine (io.flutter.embedding.engine.FlutterEngine@67545d9).
08-14 18:07:43.476 11640 11640 W FlutterEngineCxnRegstry: Attempted to register plugin (K0.a@1c9cd6f) but it was already registered with this FlutterEngine (io.flutter.embedding.engine.FlutterEngine@67545d9).
08-14 18:07:43.476 11640 11640 W FlutterEngineCxnRegstry: Attempted to register plugin (vn.hunghd.flutterdownloader.d@25e7a7c) but it was already registered with this FlutterEngine (io.flutter.embedding.engine.FlutterEngine@67545d9).
08-14 18:07:43.476 11640 11640 W FlutterEngineCxnRegstry: Attempted to register plugin (S0.a@3741f05) but it was already registered with this FlutterEngine (io.flutter.embedding.engine.FlutterEngine@67545d9).
08-14 18:07:43.476 11640 11640 W FlutterEngineCxnRegstry: Attempted to register plugin (d.f@cc2eb5a) but it was already registered with this FlutterEngine (io.flutter.embedding.engine.FlutterEngine@67545d9).
08-14 18:07:43.476 11640 11640 W FlutterEngineCxnRegstry: Attempted to register plugin (F.a@44fd18b) but it was already registered with this FlutterEngine (io.flutter.embedding.engine.FlutterEngine@67545d9).
08-14 18:07:43.476 11640 11640 W FlutterEngineCxnRegstry: Attempted to register plugin (com.pichillilorenzo.flutter_inappwebview.InAppWebViewFlutterPlugin@456c268) but it was already registered with this FlutterEngine (io.flutter.embedding.engine.FlutterEngine@67545d9).
08-14 18:07:43.476 11640 11640 W FlutterEngineCxnRegstry: Attempted to register plugin (f.a@c9ca681) but it was already registered with this FlutterEngine (io.flutter.embedding.engine.FlutterEngine@67545d9).
08-14 18:07:43.476 11640 11640 W FlutterEngineCxnRegstry: Attempted to register plugin (com.dexterous.flutterlocalnotifications.FlutterLocalNotificationsPlugin@2346326) but it was already registered with this FlutterEngine (io.flutter.embedding.engine.FlutterEngine@67545d9).
08-14 18:07:43.476 11640 11640 W FlutterEngineCxnRegstry: Attempted to register plugin (M0.i@be7fb67) but it was already registered with this FlutterEngine (io.flutter.embedding.engine.FlutterEngine@67545d9).
08-14 18:07:43.476 11640 11640 W FlutterEngineCxnRegstry: Attempted to register plugin (io.flutter.plugins.flutter_plugin_android_lifecycle.FlutterAndroidLifecyclePlugin@ 9099d14) but it was already registered with this FlutterEngine (io.flutter.embedding.engine.FlutterEngine@67545d9).
08-14 18:07:43.476 11640 11640 W FlutterEngineCxnRegstry: Attempted to register plugin (J1.a@86c29bd) but it was already registered with this FlutterEngine (io.flutter.embedding.engine.FlutterEngine@67545d9).
08-14 18:07:43.476 11640 11640 W FlutterEngineCxnRegstry: Attempted to register plugin (io.flutter.plugins.googlemobileads.GoogleMobileAdsPlugin@ff38bb2) but it was already registered with this FlutterEngine (io.flutter.embedding.engine.FlutterEngine@67545d9).
08-14 18:07:43.476 11640 11640 W FlutterEngineCxnRegstry: Attempted to register plugin (io.flutter.plugins.googlesignin.GoogleSignInPlugin@ceee703) but it was already registered with this FlutterEngine (io.flutter.embedding.engine.FlutterEngine@67545d9).
08-14 18:07:43.476 11640 11640 W FlutterEngineCxnRegstry: Attempted to register plugin (F2.c@b6d7680) but it was already registered with this FlutterEngine (io.flutter.embedding.engine.FlutterEngine@67545d9).
08-14 18:07:43.476 11640 11640 W FlutterEngineCxnRegstry: Attempted to register plugin (N.a@eb6a4b9) but it was already registered with this FlutterEngine (io.flutter.embedding.engine.FlutterEngine@67545d9).
08-14 18:07:43.476 11640 11640 W FlutterEngineCxnRegstry: Attempted to register plugin (io.flutter.plugins.packageinfo.PackageInfoPlugin@a0ab0fe) but it was already registered with this FlutterEngine (io.flutter.embedding.engine.FlutterEngine@67545d9).
08-14 18:07:43.476 11640 11640 W FlutterEngineCxnRegstry: Attempted to register plugin (io.flutter.plugins.pathprovider.PathProviderPlugin@aeef05f) but it was already registered with this FlutterEngine (io.flutter.embedding.engine.FlutterEngine@67545d9).
08-14 18:07:43.476 11640 11640 W FlutterEngineCxnRegstry: Attempted to register plugin (e.f@d737aac) but it was already registered with this FlutterEngine (io.flutter.embedding.engine.FlutterEngine@67545d9).
08-14 18:07:43.476 11640 11640 W FlutterEngineCxnRegstry: Attempted to register plugin (o0.b@693d375) but it was already registered with this FlutterEngine (io.flutter.embedding.engine.FlutterEngine@67545d9).
08-14 18:07:43.476 11640 11640 W FlutterEngineCxnRegstry: Attempted to register plugin (E1.f@8dcdf0a) but it was already registered with this FlutterEngine (io.flutter.embedding.engine.FlutterEngine@67545d9).
08-14 18:07:43.476 11640 11640 W FlutterEngineCxnRegstry: Attempted to register plugin (io.flutter.plugins.sharedpreferences.SharedPreferencesPlugin@dbc337b) but it was already registered with this FlutterEngine (io.flutter.embedding.engine.FlutterEngine@67545d9).
08-14 18:07:43.476 11640 11640 W FlutterEngineCxnRegstry: Attempted to register plugin (I0.b@cf39598) but it was already registered with this FlutterEngine (io.flutter.embedding.engine.FlutterEngine@67545d9).
08-14 18:07:43.476 11640 11640 W FlutterEngineCxnRegstry: Attempted to register plugin (V0.l@6db31f1) but it was already registered with this FlutterEngine (io.flutter.embedding.engine.FlutterEngine@67545d9).
08-14 18:07:43.477 11640 11640 W FlutterEngineCxnRegstry: Attempted to register plugin (P0.l@5f1e1d6) but it was already registered with this FlutterEngine (io.flutter.embedding.engine.FlutterEngine@67545d9).
08-14 18:07:43.477 11640 11640 W FlutterEngineCxnRegstry: Attempted to register plugin (io.flutter.plugins.urllauncher.UrlLauncherPlugin@c508c57) but it was already registered with this FlutterEngine (io.flutter.embedding.engine.FlutterEngine@67545d9).
08-14 18:07:43.477 11640 11640 W FlutterEngineCxnRegstry: Attempted to register plugin (io.flutter.plugins.videoplayer.VideoPlayerPlugin@b587344) but it was already registered with this FlutterEngine (io.flutter.embedding.engine.FlutterEngine@67545d9).
08-14 18:07:43.477 11640 11640 W FlutterEngineCxnRegstry: Attempted to register plugin (G2.a@25ffc2d) but it was already registered with this FlutterEngine (io.flutter.embedding.engine.FlutterEngine@67545d9).
08-14 18:07:43.477 11640 11640 W FlutterEngineCxnRegstry: Attempted to register plugin (i1.n@9824562) but it was already registered with this FlutterEngine (io.flutter.embedding.engine.FlutterEngine@67545d9).
08-14 18:07:43.477 11640 11640 W FlutterEngineCxnRegstry: Attempted to register plugin (z1.d@96796f3) but it was already registered with this FlutterEngine (io.flutter.embedding.engine.FlutterEngine@67545d9).
08-14 18:07:43.495 11640 11640 W FlutterActivityAndFragmentDelegate: A splash screen was provided to Flutter, but this is deprecated. See flutter.dev/go/android- splash-migration for migration steps.
08-14 18:07:43.525 11640 11640 D DecorView[]: getWindowModeFromSystem windowmode is 1
08-14 18:07:43.525 11640 11640 D DecorView: createDecorCaptionView windowingMode:1 mWindowMode 1 isFullscreen: true
08-14 18:07:43.536 11640 11640 W Activity: Slow Operation: Activity apkdone.com/com.example.MainActivity onCreate took 1042ms
08-14 18:07:43.585 11640 11640 D DecorView[]: getWindowModeFromSystem windowmode is 1
08-14 18:07:43.595 11640 11640 W Looper : PerfMonitor longMsg : seq=3 plan=18:07:41.542 late=931ms wall=1121ms running=344ms runnable=24ms io=579ms h=android.app.ActivityThread$H w=159 procState=2
08-14 18:07:43.596 11640 11640 W Looper : PerfMonitor looperActivity : package=apkdone.com/com.example.MainActivity time=1121ms latency=931ms running=344ms procState=2 ClientTransaction{ callbacks=[android.app.servertransaction.LaunchActivityItem] lifecycleRequest=android.app.servertransaction.ResumeActivityItem } historyMsgCount=1 (msgIndex=1 wall=957ms seq=2 running=165ms runnable=34ms io=199ms late=7ms h=android.app.ActivityThread$H w=110)
08-14 18:07:43.599 11640 11640 W Looper : PerfMonitor looperActivity : package=apkdone.com/com.example.MainActivity time=0ms latency=2057ms running=0ms procState=2 ClientTransaction{ callbacks=[android.app.servertransaction.TopResumedActivityChang eItem] } historyMsgCount=2 (msgIndex=1 wall=957ms seq=2 running=165ms runnable=34ms io=199ms late=7ms h=android.app.ActivityThread$H w=110) (msgIndex=2 wall=1121ms seq=3 running=344ms runnable=24ms io=579ms late=931ms h=android.app.ActivityThread$H w=159)
08-14 18:07:43.665 11640 11699 I ActivityThread: com.facebook.katana.provider.AttributionIdProvider acquiringCount 2
08-14 18:07:43.811 11640 11807 E LB : fail to open file: No such file or directory
08-14 18:07:44.043 11640 11640 D Installations: Installation ID: c83wtf75RJqP9ohDf- c3xt
08-14 18:07:44.043 11640 11659 I apkdone.com: Waiting for a blocking GC ProfileSaver
08-14 18:07:44.077 11640 11640 E MethodChannel#jojoy.app_resource_plugin: Failed to handle method call
08-14 18:07:44.077 11640 11640 E MethodChannel#jojoy.app_resource_plugin: android.content.res.Resources$NotFoundException: Drawable apkdone.com:mipmap/ic_launcher_foreground with resource ID #0x7f0f0001
08-14 18:07:44.077 11640 11640 E MethodChannel#jojoy.app_resource_plugin: Caused by: android.content.res.Resources$NotFoundException: File res/mipmap/ic_launcher_foreground.xml from drawable resource ID #0x7f0f0001
08-14 18:07:44.077 11640 11640 E MethodChannel#jojoy.app_resource_plugin: at android.content.res.ResourcesImpl.loadDrawableForCookie(ResourcesImpl.java:914)
08-14 18:07:44.077 11640 11640 E MethodChannel#jojoy.app_resource_plugin: at android.content.res.ResourcesImpl.originalLoadDrawable(ResourcesImpl.java:693)
08-14 18:07:44.077 11640 11640 E MethodChannel#jojoy.app_resource_plugin: at android.content.res.ResourcesImpl.loadDrawable(ResourcesImpl.java:600)
08-14 18:07:44.077 11640 11640 E MethodChannel#jojoy.app_resource_plugin: at android.content.res.MiuiResourcesImpl.loadDrawable(MiuiResourcesImpl.java:307)
08-14 18:07:44.077 11640 11640 E MethodChannel#jojoy.app_resource_plugin: at android.content.res.Resources.loadDrawable(Resources.java:1010)
08-14 18:07:44.077 11640 11640 E MethodChannel#jojoy.app_resource_plugin: at android.content.res.Resources.getDrawableForDensity(Resources.java:1000)
08-14 18:07:44.077 11640 11640 E MethodChannel#jojoy.app_resource_plugin: at android.content.res.Resources.getDrawable(Resources.java:939)
08-14 18:07:44.077 11640 11640 E MethodChannel#jojoy.app_resource_plugin: at android.content.Context.getDrawable(Context.java:702)
08-14 18:07:44.077 11640 11640 E MethodChannel#jojoy.app_resource_plugin: at androidx.core.content.ContextCompat$Api21Impl.getDrawable(Unknown Source:0)
08-14 18:07:44.077 11640 11640 E MethodChannel#jojoy.app_resource_plugin: at androidx.core.content.ContextCompat.getDrawable(Unknown Source:0)
08-14 18:07:44.077 11640 11640 E MethodChannel#jojoy.app_resource_plugin: at com.example.plugin.AppResourcePlugin.a(AppResourcePlugin.kt:4)
08-14 18:07:44.077 11640 11640 E MethodChannel#jojoy.app_resource_plugin: at com.example.plugin.AppResourcePlugin.onMethodCall(AppResourcePlugin.kt:22)
08-14 18:07:44.077 11640 11640 E MethodChannel#jojoy.app_resource_plugin: at io.flutter.plugin.common.MethodChannel$IncomingMethodCallHandler.onMessage(MethodCh annel.java:2)
08-14 18:07:44.077 11640 11640 E MethodChannel#jojoy.app_resource_plugin: at io.flutter.embedding.engine.dart.DartMessenger.invokeHandler(DartMessenger.java:2)
08-14 18:07:44.077 11640 11640 E MethodChannel#jojoy.app_resource_plugin: at io.flutter.embedding.engine.dart.DartMessenger.lambda$dispatchMessageToQueue$0(Dart Messenger.java:2)
08-14 18:07:44.077 11640 11640 E MethodChannel#jojoy.app_resource_plugin: at io.flutter.embedding.engine.dart.DartMessenger.a(Unknown Source:0)
08-14 18:07:44.077 11640 11640 E MethodChannel#jojoy.app_resource_plugin: at io.flutter.embedding.engine.dart.a.run(Unknown Source:12)
08-14 18:07:44.077 11640 11640 E MethodChannel#jojoy.app_resource_plugin: at android.os.Handler.handleCallback(Handler.java:938)
08-14 18:07:44.077 11640 11640 E MethodChannel#jojoy.app_resource_plugin: at android.os.Handler.dispatchMessage(Handler.java:99)
08-14 18:07:44.077 11640 11640 E MethodChannel#jojoy.app_resource_plugin: at android.os.Looper.loop(Looper.java:236)
08-14 18:07:44.077 11640 11640 E MethodChannel#jojoy.app_resource_plugin: at android.app.ActivityThread.main(ActivityThread.java:8037)
08-14 18:07:44.077 11640 11640 E MethodChannel#jojoy.app_resource_plugin: at java.lang.reflect.Method.invoke(Native Method)
08-14 18:07:44.077 11640 11640 E MethodChannel#jojoy.app_resource_plugin: at com.android.internal.os.RuntimeInit$MethodAndArgsCaller.run(RuntimeInit.java:656)
08-14 18:07:44.077 11640 11640 E MethodChannel#jojoy.app_resource_plugin: at com.android.internal.os.ZygoteInit.main(ZygoteInit.java:967)
08-14 18:07:44.077 11640 11640 E MethodChannel#jojoy.app_resource_plugin: Caused by: android.view.InflateException: Class not found x
08-14 18:07:44.077 11640 11640 E MethodChannel#jojoy.app_resource_plugin: at android.graphics.drawable.DrawableInflater.inflateFromClass(DrawableInflater.java:2 24)
08-14 18:07:44.077 11640 11640 E MethodChannel#jojoy.app_resource_plugin: at android.graphics.drawable.DrawableInflater.inflateFromXmlForDensity(DrawableInflate r.java:141)
08-14 18:07:44.077 11640 11640 E MethodChannel#jojoy.app_resource_plugin: at android.graphics.drawable.Drawable.createFromXmlInnerForDensity(Drawable.java:1402)
08-14 18:07:44.077 11640 11640 E MethodChannel#jojoy.app_resource_plugin: at android.graphics.drawable.Drawable.createFromXmlForDensity(Drawable.java:1361)
08-14 18:07:44.077 11640 11640 E MethodChannel#jojoy.app_resource_plugin: at android.content.res.ResourcesImpl.createFromXmlForDensity(ResourcesImpl.java:1633)
08-14 18:07:44.077 11640 11640 E MethodChannel#jojoy.app_resource_plugin: at android.content.res.ResourcesImpl.loadXmlDrawable(ResourcesImpl.java:979)
08-14 18:07:44.077 11640 11640 E MethodChannel#jojoy.app_resource_plugin: at android.content.res.ResourcesImpl.loadDrawableForCookie(ResourcesImpl.java:897)
08-14 18:07:44.077 11640 11640 E MethodChannel#jojoy.app_resource_plugin: ... 23 more
08-14 18:07:44.077 11640 11640 E MethodChannel#jojoy.app_resource_plugin: Caused by: java.lang.ClassNotFoundException: Didn't find class "x" on path: DexPathList[[zip file "/data/app/~~443BwroT5Fnqspny0BcVbQ==/apkdone.com- lhKG54JJQVGEhjNhAZ825A==/base.apk"],nativeLibraryDirectories=[/data/app/ ~~443BwroT5Fnqspny0BcVbQ==/apkdone.com-lhKG54JJQVGEhjNhAZ825A==/lib/arm, /data/app/~~443BwroT5Fnqspny0BcVbQ==/apkdone.com-lhKG54JJQVGEhjNhAZ825A==/ base.apk!/lib/armeabi-v7a, /system/lib, /system/system_ext/lib]]
08-14 18:07:44.077 11640 11640 E MethodChannel#jojoy.app_resource_plugin: at dalvik.system.BaseDexClassLoader.findClass(BaseDexClassLoader.java:207)
08-14 18:07:44.077 11640 11640 E MethodChannel#jojoy.app_resource_plugin: at java.lang.ClassLoader.loadClass(ClassLoader.java:379)
08-14 18:07:44.077 11640 11640 E MethodChannel#jojoy.app_resource_plugin: at java.lang.ClassLoader.loadClass(ClassLoader.java:312)
08-14 18:07:44.077 11640 11640 E MethodChannel#jojoy.app_resource_plugin: at android.graphics.drawable.DrawableInflater.inflateFromClass(DrawableInflater.java:2 05)
08-14 18:07:44.077 11640 11640 E MethodChannel#jojoy.app_resource_plugin: ... 29 more
08-14 18:07:44.080 11640 11770 W FlutterJNI: FlutterJNI.loadLibrary called more than once
08-14 18:07:44.086 11640 12011 W FlutterJNI: FlutterJNI.prefetchDefaultFontManager called more than once
08-14 18:07:44.121 11640 11640 W FlutterJNI: FlutterJNI.init called more than once
08-14 18:07:44.189 11640 11725 W BpBinder: PerfMonitor binderTransact : time=226ms interface=com.google.android.gms.measurement.internal.IMeasurementService code=11
08-14 18:07:44.375 11640 11640 I DynamiteModule: Considering local module com.google.android.gms.ads.dynamite:0 and remote module com.google.android.gms.ads.dynamite:221908400
08-14 18:07:44.375 11640 11640 I DynamiteModule: Selected remote version of com.google.android.gms.ads.dynamite, version >= 221908400
08-14 18:07:44.377 11640 11640 D DynamitePackage: Instantiated singleton DynamitePackage.
08-14 18:07:44.377 11640 11640 D DynamitePackage: Instantiating com.google.android.gms.ads.ChimeraMobileAdsSettingManagerCreatorImpl
08-14 18:07:44.436 11640 12022 W ConnectionStatusConfig: Dynamic lookup for intent failed for action: com.google.android.gms.leibniz.events.service.START
08-14 18:07:44.438 11640 12022 W GmsClient: unable to connect to service: com.google.android.gms.leibniz.events.service.START on com.google.android.gms
08-14 18:07:44.603 11640 11640 D EgretLoader: EgretLoader(Context context)
08-14 18:07:44.603 11640 11640 D EgretLoader: The context is not activity
08-14 18:07:44.682 11640 11640 D UnityAds: com.unity3d.services.ads.UnityAdsImplementation.initialize() (line:3) :: ENTERED METHOD
08-14 18:07:44.684 11640 11640 D UnityAds: com.unity3d.services.UnityServices.initialize() (line:1) :: ENTERED METHOD
08-14 18:07:44.686 11640 11640 I UnityAds: com.unity3d.services.UnityServices.initialize() (line:39) :: Initializing Unity Services 4.2.1 (4210) with game id 4557173 in production mode
08-14 18:07:44.704 11640 11640 I UnityAds: com.unity3d.services.UnityServices.initialize() (line:46) :: Unity Services environment check OK
08-14 18:07:44.715 11640 11640 D VungleLogger: Please setup Logger first.
08-14 18:07:44.718 11640 11640 I Choreographer: Skipped 37 frames! The application may be doing too much work on its main thread.
08-14 18:07:44.746 11640 11640 W Looper : PerfMonitor doFrame : time=27ms vsyncFrame=0 latency=624ms procState=2 historyMsgCount=14 (msgIndex=8 wall=528ms seq=113 running=214ms runnable=22ms io=239ms late=60ms h=android.os.Handler c=io.flutter.embedding.engine.dart.a)
08-14 18:07:44.750 11640 11990 W FlurryAgent: Analytics report sent to https://data.flurry.com/v1/flr.do
08-14 18:07:44.757 11640 11640 I FLTFireBGExecutor: Creating background FlutterEngine instance, with args: []
08-14 18:07:44.802 11640 12060 D c : crash report is disabled.
08-14 18:07:44.819 11640 11640 D FlutterArchivePlugin: onAttachedToEngine - IN
08-14 18:07:44.819 11640 11640 D FlutterArchivePlugin: doOnAttachedToEngine - IN
08-14 18:07:44.819 11640 11640 D FlutterArchivePlugin: doOnAttachedToEngine - OUT
08-14 18:07:44.819 11640 11640 D FlutterArchivePlugin: onAttachedToEngine - OUT
08-14 18:07:44.877 11640 12060 D m : on network changed: 0->1
08-14 18:07:44.944 11640 12102 E ActivityThread: Failed to find provider info for com.xiaomi.market.provider.DirectMailProvider
08-14 18:07:44.948 11640 11640 I FLTFireMsgService: FlutterFirebaseMessagingBackgroundService started!
08-14 18:07:44.990 11640 12054 I UnityAds: com.unity3d.services.core.configuration.InitializeThread$InitializeStateConfig.exec ute() (line:2) :: Unity Ads init: load configuration from https://configv2.unityads.unity3d.com/webview/4.2.1/release/config.json
08-14 18:07:45.032 11640 11652 I apkdone.com: Background concurrent copying GC freed 82450(5281KB) AllocSpace objects, 46(1448KB) LOS objects, 49% free, 7832KB/15MB, paused 157us total 152.881ms
08-14 18:07:45.069 11640 11640 D CompatibilityChangeReporter: Compat change id reported: 150939131; UID 11400; state: ENABLED
08-14 18:07:45.071 11640 11640 D Installations: Installation ID: c83wtf75RJqP9ohDf- c3xt
08-14 18:07:45.195 11640 11640 D EgretLoader: EgretLoader(Context context)
08-14 18:07:45.195 11640 11640 D EgretLoader: The context is not activity
08-14 18:07:45.249 11640 11640 D Installations: Installation ID: c83wtf75RJqP9ohDf- c3xt
08-14 18:07:45.250 11640 11640 D Installations: Installation ID: c83wtf75RJqP9ohDf- c3xt
08-14 18:07:45.571 11640 12054 I UnityAds: com.unity3d.services.core.configuration.InitializeThread$InitializeStateLoadCache.e xecute() (line:6) :: Unity Ads init: webapp loaded from local cache
08-14 18:07:45.598 11640 11640 D EgretLoader: EgretLoader(Context context)
08-14 18:07:45.598 11640 11640 D EgretLoader: The context is not activity
08-14 18:07:45.690 11640 11652 I apkdone.com: Background concurrent copying GC freed 10270(439KB) AllocSpace objects, 10(12MB) LOS objects, 49% free, 21MB/43MB, paused 4.321ms total 104.041ms
08-14 18:07:45.691 11640 11654 W System : A resource failed to call end.
08-14 18:07:45.772 11640 11640 D Installations: Installation ID: c83wtf75RJqP9ohDf- c3xt
08-14 18:07:45.812 11640 12060 D com.vungle.warren.VungleApiClient: Config Response: {"endpoints":{"new":"https://api.vungle.com/api/v5/new","ads":"https:// api.vungle.com/api/v5/ads","will_play_ad":"https://api.vungle.com/api/v5/ will_play_ad","report_ad":"https://api.vungle.com/api/v5/ report_ad","log":"https://logs.ads.vungle.com/sdk","ri":"https:// events.ads.vungle.com/api/v5/ri","cache_bust":"https://events.ads.vungle.com/api/ v5/cache_bust","sdk_bi":"https://logs.ads.vungle.com/api/v5/sdk_bi"},"placements": [{"id":"6231bb02073c1f2f79d7c6c7","reference_id":"DEFAULT- 6045176","is_auto_cached":true,"is_incentivized":false,"supported_template_types": ["fullscreen","fullscreen"],"supported_ad_formats": ["third_party","third_party_playable","vungle_mraid"],"cache_priority":6}, {"id":"623316691261eebebcaf40b1","reference_id":"DOWNLOAD_GAME_REWARD_ALL_PRICE- 0719134","is_auto_cached":false,"is_incentivized":true,"supported_template_types": ["fullscreen","fullscreen"],"supported_ad_formats": ["third_party","third_party_playable","vungle_mraid"]}, {"id":"623c4e0e4537632917292735","reference_id":"RECOMMEND_BANNER_ALL_PRICE- 7236779","is_auto_cached":false,"is_incentivized":false,"ad_refresh_duration":0,"su pported_template_types":["banner"],"supported_ad_formats": ["third_party","vungle_mraid"]}, {"id":"623c4e5b9a33c27e2342a014","reference_id":"GAME_DETAIL_BANNER_ALL_PRICE- 5033098","is_auto_cached":false,"is_incentivized":false,"ad_refresh_duration":0,"su pported_template_types":["banner"],"supported_ad_formats": ["third_party","vungle_mraid"]}, {"id":"624ee6a4e65ce16d1fe99de9","reference_id":"APP_OPEN_ALL_PRICE_TEST- 2943948","is_auto_cached":false,"is_incentivized":false,"supported_template_types": ["fullscreen","fullscreen"],"supported_ad_formats": ["third_party","third_party_playable","vungle_mraid"]}, {"id":"624fd639adb1db293611114b","reference_id":"APP_OPEN_ALL_PRICE_TEST02- 2456068","is_auto_cached":false,"is_incentivized":false,"supported_template_types": ["fullscreen","fullscreen"],"supported_ad_formats": ["third_party","third_party_playable","vungle_mraid"]}, {"id":"624fdd63b53e77a886fda92f","reference_id":"APP_OPEN_HIGH_PRICE- 9667104","is_auto_cached":true,"is_incentivized":false,"supported_template_types": ["fullscreen","fullscreen"],"supported_ad_formats": ["third_party","third_party_playable","vungle_mraid"],"cache_priority":7}, {"id":"624fdfa25b1c6777b6616f3c","reference_id":"APP_OPEN_MID_PRICE- 1652114","is_auto_cached":false,"is_incentivized":false,"supported_template_types": ["fullscreen","fullscreen"],"supported_ad_formats": ["third_party","third_party_playable","vungle_mraid"]}, {"id":"624fe093b53e77a886fda940","reference_id":"DOWNLOAD_GAME_REWARD_HIGH_PRICE- 6088314","is_auto_cached":false,"is_incentivized":true,"supported_template_types": ["fullscreen","fullscreen"],"supported_ad_formats": ["third_party","third_party_playable","vungle_mraid"]}, {"id":"624fe104b385686851afce07","reference_id":"DOWNLOAD_GAME_MID_PRICE- 1901884","is_auto_cached":false,"is_incentivized":true,"supported_template_types": ["fullscreen","fullscreen"],"supported_ad_formats": ["third_party","third_party_playable","vungle_mraid"]}, {"id":"6257c670ac21cddf70f41537","reference_id":"GAME_OPEN_APP_TEST- 0995526","is_auto_cached":false,"is_incentivized":false,"supported_template_types": ["fullscreen","fullscreen"],"supported_ad_formats": ["third_party","third_party_playable","vungle_mraid"]}, {"id":"625d472ac69cb9c677468a05","reference_id":"RECOMMEND_BANNER_TEST- 1908672","is_auto_cached":false,"is_incentivized":false,"ad_refresh_duration":0,"su pported_template_types":["banner"],"supported_ad_formats": ["third_party","vungle_mraid"]}, {"id":"625e8225cb3c632c6b16e652","reference_id":"GAME_DETAIL_BANNER_TEST- 0364547","is_auto_cached":false,"is_incentivized":false,"ad_refresh_duration":0,"su pported_template_types":["banner"],"supported_ad_formats": ["third_party","vungle_mraid"]}, {"id":"6260c792b090bdfbd3c52da9","reference_id":"EXIT_APP_MREC- 8896541","is_auto_cached":false,"is_incentivized":false,"supported_template_types": ["mrec","mrec","mrec"],"supported_ad_formats":["vungle_mraid","third_pa
08-14 18:07:45.813 11640 12060 D PlacementModel: SupportedTemplatesTypes : fullscreen
08-14 18:07:45.814 11640 12060 D PlacementModel: SupportedTemplatesTypes : fullscreen
08-14 18:07:45.814 11640 12060 D PlacementModel: SupportedTemplatesTypes : banner
08-14 18:07:45.814 11640 12060 D PlacementModel: SupportedTemplatesTypes : banner
08-14 18:07:45.814 11640 12060 D PlacementModel: SupportedTemplatesTypes : fullscreen
08-14 18:07:45.814 11640 12060 I chatty : uid=11400(apkdone.com) vng_background- identical 5 lines
08-14 18:07:45.814 11640 12060 D PlacementModel: SupportedTemplatesTypes : fullscreen
08-14 18:07:45.814 11640 12060 D PlacementModel: SupportedTemplatesTypes : banner
08-14 18:07:45.814 11640 12060 D PlacementModel: SupportedTemplatesTypes : banner
08-14 18:07:45.814 11640 12060 D PlacementModel: SupportedTemplatesTypes : mrec
08-14 18:07:45.814 11640 12060 D PlacementModel: SupportedTemplatesTypes : banner
08-14 18:07:45.814 11640 12060 I chatty : uid=11400(apkdone.com) vng_background- identical 4 lines
08-14 18:07:45.814 11640 12060 D PlacementModel: SupportedTemplatesTypes : banner
08-14 18:07:45.814 11640 12060 D PlacementModel: SupportedTemplatesTypes : mrec
08-14 18:07:45.814 11640 12060 I chatty : uid=11400(apkdone.com) vng_background- identical 1 line
08-14 18:07:45.814 11640 12060 D PlacementModel: SupportedTemplatesTypes : mrec
08-14 18:07:45.814 11640 12060 D PlacementModel: SupportedTemplatesTypes : banner
08-14 18:07:45.815 11640 12060 D PlacementModel: SupportedTemplatesTypes : mrec
08-14 18:07:45.815 11640 12060 D PlacementModel: SupportedTemplatesTypes : fullscreen
08-14 18:07:45.815 11640 12060 D PlacementModel: SupportedTemplatesTypes : mrec
08-14 18:07:45.815 11640 12060 I chatty : uid=11400(apkdone.com) vng_background- identical 1 line
08-14 18:07:45.815 11640 12060 D PlacementModel: SupportedTemplatesTypes : mrec
08-14 18:07:45.815 11640 12060 D PlacementModel: SupportedTemplatesTypes : fullscreen
08-14 18:07:45.815 11640 12060 I chatty : uid=11400(apkdone.com) vng_background- identical 1 line
08-14 18:07:45.815 11640 12060 D PlacementModel: SupportedTemplatesTypes : fullscreen
08-14 18:07:45.815 11640 12060 D PlacementModel: SupportedTemplatesTypes : banner
08-14 18:07:45.815 11640 12060 I chatty : uid=11400(apkdone.com) vng_background- identical 3 lines
08-14 18:07:45.815 11640 12060 D PlacementModel: SupportedTemplatesTypes : banner
08-14 18:07:45.815 11640 12060 D PlacementModel: SupportedTemplatesTypes : fullscreen
08-14 18:07:45.815 11640 12060 D PlacementModel: SupportedTemplatesTypes : banner
08-14 18:07:45.815 11640 12060 D PlacementModel: SupportedTemplatesTypes : mrec
