08-14 18:10:32.308 11640 11640 E MethodChannel#jojoy.app_resource_plugin: at android.content.res.ResourcesImpl.loadDrawableForCookie(ResourcesImpl.java:914)
08-14 18:10:32.308 11640 11640 E MethodChannel#jojoy.app_resource_plugin: at android.content.res.ResourcesImpl.originalLoadDrawable(ResourcesImpl.java:693)
08-14 18:10:32.308 11640 11640 E MethodChannel#jojoy.app_resource_plugin: at android.content.res.ResourcesImpl.loadDrawable(ResourcesImpl.java:600)
08-14 18:10:32.308 11640 11640 E MethodChannel#jojoy.app_resource_plugin: at android.content.res.MiuiResourcesImpl.loadDrawable(MiuiResourcesImpl.java:307)
08-14 18:10:32.308 11640 11640 E MethodChannel#jojoy.app_resource_plugin: at android.content.res.Resources.loadDrawable(Resources.java:1010)
08-14 18:10:32.308 11640 11640 E MethodChannel#jojoy.app_resource_plugin: at android.content.res.Resources.getDrawableForDensity(Resources.java:1000)
08-14 18:10:32.308 11640 11640 E MethodChannel#jojoy.app_resource_plugin: at android.content.res.Resources.getDrawable(Resources.java:939)
08-14 18:10:32.308 11640 11640 E MethodChannel#jojoy.app_resource_plugin: at android.content.Context.getDrawable(Context.java:702)
08-14 18:10:32.308 11640 11640 E MethodChannel#jojoy.app_resource_plugin: at androidx.core.content.ContextCompat$Api21Impl.getDrawable(Unknown Source:0)
08-14 18:10:32.308 11640 11640 E MethodChannel#jojoy.app_resource_plugin: at androidx.core.content.ContextCompat.getDrawable(Unknown Source:0)
08-14 18:10:32.308 11640 11640 E MethodChannel#jojoy.app_resource_plugin: at com.example.plugin.AppResourcePlugin.a(AppResourcePlugin.kt:4)
08-14 18:10:32.308 11640 11640 E MethodChannel#jojoy.app_resource_plugin: at com.example.plugin.AppResourcePlugin.onMethodCall(AppResourcePlugin.kt:22)
08-14 18:10:32.308 11640 11640 E MethodChannel#jojoy.app_resource_plugin: at io.flutter.plugin.common.MethodChannel$IncomingMethodCallHandler.onMessage(MethodCh annel.java:2)
08-14 18:10:32.308 11640 11640 E MethodChannel#jojoy.app_resource_plugin: at io.flutter.embedding.engine.dart.DartMessenger.invokeHandler(DartMessenger.java:2)
08-14 18:10:32.308 11640 11640 E MethodChannel#jojoy.app_resource_plugin: at io.flutter.embedding.engine.dart.DartMessenger.lambda$dispatchMessageToQueue$0(Dart Messenger.java:2)
08-14 18:10:32.308 11640 11640 E MethodChannel#jojoy.app_resource_plugin: at io.flutter.embedding.engine.dart.DartMessenger.a(Unknown Source:0)
08-14 18:10:32.308 11640 11640 E MethodChannel#jojoy.app_resource_plugin: at io.flutter.embedding.engine.dart.a.run(Unknown Source:12)
08-14 18:10:32.308 11640 11640 E MethodChannel#jojoy.app_resource_plugin: at android.os.Handler.handleCallback(Handler.java:938)
08-14 18:10:32.308 11640 11640 E MethodChannel#jojoy.app_resource_plugin: at android.os.Handler.dispatchMessage(Handler.java:99)
08-14 18:10:32.308 11640 11640 E MethodChannel#jojoy.app_resource_plugin: at android.os.Looper.loop(Looper.java:236)
08-14 18:10:32.308 11640 11640 E MethodChannel#jojoy.app_resource_plugin: at android.app.ActivityThread.main(ActivityThread.java:8037)
08-14 18:10:32.308 11640 11640 E MethodChannel#jojoy.app_resource_plugin: at java.lang.reflect.Method.invoke(Native Method)
08-14 18:10:32.308 11640 11640 E MethodChannel#jojoy.app_resource_plugin: at com.android.internal.os.RuntimeInit$MethodAndArgsCaller.run(RuntimeInit.java:656)
08-14 18:10:32.308 11640 11640 E MethodChannel#jojoy.app_resource_plugin: at com.android.internal.os.ZygoteInit.main(ZygoteInit.java:967)
08-14 18:10:32.308 11640 11640 E MethodChannel#jojoy.app_resource_plugin: Caused by: android.view.InflateException: Class not found x
08-14 18:10:32.308 11640 11640 E MethodChannel#jojoy.app_resource_plugin: at android.graphics.drawable.DrawableInflater.inflateFromClass(DrawableInflater.java:2 24)
08-14 18:10:32.308 11640 11640 E MethodChannel#jojoy.app_resource_plugin: at android.graphics.drawable.DrawableInflater.inflateFromXmlForDensity(DrawableInflate r.java:141)
08-14 18:10:32.308 11640 11640 E MethodChannel#jojoy.app_resource_plugin: at android.graphics.drawable.Drawable.createFromXmlInnerForDensity(Drawable.java:1402)
08-14 18:10:32.308 11640 11640 E MethodChannel#jojoy.app_resource_plugin: at android.graphics.drawable.Drawable.createFromXmlForDensity(Drawable.java:1361)
08-14 18:10:32.308 11640 11640 E MethodChannel#jojoy.app_resource_plugin: at android.content.res.ResourcesImpl.createFromXmlForDensity(ResourcesImpl.java:1633)
08-14 18:10:32.308 11640 11640 E MethodChannel#jojoy.app_resource_plugin: at android.content.res.ResourcesImpl.loadXmlDrawable(ResourcesImpl.java:979)
08-14 18:10:32.308 11640 11640 E MethodChannel#jojoy.app_resource_plugin: at android.content.res.ResourcesImpl.loadDrawableForCookie(ResourcesImpl.java:897)
08-14 18:10:32.308 11640 11640 E MethodChannel#jojoy.app_resource_plugin: ... 23 more
08-14 18:10:32.308 11640 11640 E MethodChannel#jojoy.app_resource_plugin: Caused by: java.lang.ClassNotFoundException: Didn't find class "x" on path: DexPathList[[zip file "/data/app/~~443BwroT5Fnqspny0BcVbQ==/apkdone.com- lhKG54JJQVGEhjNhAZ825A==/base.apk"],nativeLibraryDirectories=[/data/app/ ~~443BwroT5Fnqspny0BcVbQ==/apkdone.com-lhKG54JJQVGEhjNhAZ825A==/lib/arm, /data/app/~~443BwroT5Fnqspny0BcVbQ==/apkdone.com-lhKG54JJQVGEhjNhAZ825A==/ base.apk!/lib/armeabi-v7a, /system/lib, /system/system_ext/lib]]
08-14 18:10:32.308 11640 11640 E MethodChannel#jojoy.app_resource_plugin: at dalvik.system.BaseDexClassLoader.findClass(BaseDexClassLoader.java:207)
08-14 18:10:32.308 11640 11640 E MethodChannel#jojoy.app_resource_plugin: at java.lang.ClassLoader.loadClass(ClassLoader.java:379)
08-14 18:10:32.308 11640 11640 E MethodChannel#jojoy.app_resource_plugin: at java.lang.ClassLoader.loadClass(ClassLoader.java:312)
08-14 18:10:32.308 11640 11640 E MethodChannel#jojoy.app_resource_plugin: at android.graphics.drawable.DrawableInflater.inflateFromClass(DrawableInflater.java:2 05)
08-14 18:10:32.308 11640 11640 E MethodChannel#jojoy.app_resource_plugin: ... 29 more
08-14 18:10:32.311 11640 11640 E MethodChannel#jojoy.app_resource_plugin: Failed to handle method call
08-14 18:10:32.311 11640 11640 E MethodChannel#jojoy.app_resource_plugin: android.content.res.Resources$NotFoundException: Drawable apkdone.com:mipmap/ic_launcher_foreground with resource ID #0x7f0f0001
08-14 18:10:32.311 11640 11640 E MethodChannel#jojoy.app_resource_plugin: Caused by: android.content.res.Resources$NotFoundException: File res/mipmap/ic_launcher_foreground.xml from drawable resource ID #0x7f0f0001
08-14 18:10:32.311 11640 11640 E MethodChannel#jojoy.app_resource_plugin: at android.content.res.ResourcesImpl.loadDrawableForCookie(ResourcesImpl.java:914)
08-14 18:10:32.311 11640 11640 E MethodChannel#jojoy.app_resource_plugin: at android.content.res.ResourcesImpl.originalLoadDrawable(ResourcesImpl.java:693)
08-14 18:10:32.311 11640 11640 E MethodChannel#jojoy.app_resource_plugin: at android.content.res.ResourcesImpl.loadDrawable(ResourcesImpl.java:600)
08-14 18:10:32.311 11640 11640 E MethodChannel#jojoy.app_resource_plugin: at android.content.res.MiuiResourcesImpl.loadDrawable(MiuiResourcesImpl.java:307)
08-14 18:10:32.311 11640 11640 E MethodChannel#jojoy.app_resource_plugin: at android.content.res.Resources.loadDrawable(Resources.java:1010)
08-14 18:10:32.311 11640 11640 E MethodChannel#jojoy.app_resource_plugin: at android.content.res.Resources.getDrawableForDensity(Resources.java:1000)
08-14 18:10:32.311 11640 11640 E MethodChannel#jojoy.app_resource_plugin: at android.content.res.Resources.getDrawable(Resources.java:939)
08-14 18:10:32.311 11640 11640 E MethodChannel#jojoy.app_resource_plugin: at android.content.Context.getDrawable(Context.java:702)
08-14 18:10:32.311 11640 11640 E MethodChannel#jojoy.app_resource_plugin: at androidx.core.content.ContextCompat$Api21Impl.getDrawable(Unknown Source:0)
08-14 18:10:32.311 11640 11640 E MethodChannel#jojoy.app_resource_plugin: at androidx.core.content.ContextCompat.getDrawable(Unknown Source:0)
08-14 18:10:32.311 11640 11640 E MethodChannel#jojoy.app_resource_plugin: at com.example.plugin.AppResourcePlugin.a(AppResourcePlugin.kt:4)
08-14 18:10:32.311 11640 11640 E MethodChannel#jojoy.app_resource_plugin: at com.example.plugin.AppResourcePlugin.onMethodCall(AppResourcePlugin.kt:22)
08-14 18:10:32.311 11640 11640 E MethodChannel#jojoy.app_resource_plugin: at io.flutter.plugin.common.MethodChannel$IncomingMethodCallHandler.onMessage(MethodCh annel.java:2)
08-14 18:10:32.311 11640 11640 E MethodChannel#jojoy.app_resource_plugin: at io.flutter.embedding.engine.dart.DartMessenger.invokeHandler(DartMessenger.java:2)
08-14 18:10:32.311 11640 11640 E MethodChannel#jojoy.app_resource_plugin: at io.flutter.embedding.engine.dart.DartMessenger.lambda$dispatchMessageToQueue$0(Dart Messenger.java:2)
08-14 18:10:32.311 11640 11640 E MethodChannel#jojoy.app_resource_plugin: at io.flutter.embedding.engine.dart.DartMessenger.a(Unknown Source:0)
08-14 18:10:32.311 11640 11640 E MethodChannel#jojoy.app_resource_plugin: at io.flutter.embedding.engine.dart.a.run(Unknown Source:12)
08-14 18:10:32.311 11640 11640 E MethodChannel#jojoy.app_resource_plugin: at android.os.Handler.handleCallback(Handler.java:938)
08-14 18:10:32.311 11640 11640 E MethodChannel#jojoy.app_resource_plugin: at android.os.Handler.dispatchMessage(Handler.java:99)
08-14 18:10:32.311 11640 11640 E MethodChannel#jojoy.app_resource_plugin: at android.os.Looper.loop(Looper.java:236)
08-14 18:10:32.311 11640 11640 E MethodChannel#jojoy.app_resource_plugin: at android.app.ActivityThread.main(ActivityThread.java:8037)
08-14 18:10:32.311 11640 11640 E MethodChannel#jojoy.app_resource_plugin: at java.lang.reflect.Method.invoke(Native Method)
08-14 18:10:32.311 11640 11640 E MethodChannel#jojoy.app_resource_plugin: at com.android.internal.os.RuntimeInit$MethodAndArgsCaller.run(RuntimeInit.java:656)
08-14 18:10:32.311 11640 11640 E MethodChannel#jojoy.app_resource_plugin: at com.android.internal.os.ZygoteInit.main(ZygoteInit.java:967)
08-14 18:10:32.311 11640 11640 E MethodChannel#jojoy.app_resource_plugin: Caused by: android.view.InflateException: Class not found x
08-14 18:10:32.311 11640 11640 E MethodChannel#jojoy.app_resource_plugin: at android.graphics.drawable.DrawableInflater.inflateFromClass(DrawableInflater.java:2 24)
08-14 18:10:32.311 11640 11640 E MethodChannel#jojoy.app_resource_plugin: at android.graphics.drawable.DrawableInflater.inflateFromXmlForDensity(DrawableInflate r.java:141)
08-14 18:10:32.311 11640 11640 E MethodChannel#jojoy.app_resource_plugin: at android.graphics.drawable.Drawable.createFromXmlInnerForDensity(Drawable.java:1402)
08-14 18:10:32.311 11640 11640 E MethodChannel#jojoy.app_resource_plugin: at android.graphics.drawable.Drawable.createFromXmlForDensity(Drawable.java:1361)
08-14 18:10:32.311 11640 11640 E MethodChannel#jojoy.app_resource_plugin: at android.content.res.ResourcesImpl.createFromXmlForDensity(ResourcesImpl.java:1633)
08-14 18:10:32.311 11640 11640 E MethodChannel#jojoy.app_resource_plugin: at android.content.res.ResourcesImpl.loadXmlDrawable(ResourcesImpl.java:979)
08-14 18:10:32.311 11640 11640 E MethodChannel#jojoy.app_resource_plugin: at android.content.res.ResourcesImpl.loadDrawableForCookie(ResourcesImpl.java:897)
08-14 18:10:32.311 11640 11640 E MethodChannel#jojoy.app_resource_plugin: ... 23 more
08-14 18:10:32.311 11640 11640 E MethodChannel#jojoy.app_resource_plugin: Caused by: java.lang.ClassNotFoundException: Didn't find class "x" on path: DexPathList[[zip file "/data/app/~~443BwroT5Fnqspny0BcVbQ==/apkdone.com- lhKG54JJQVGEhjNhAZ825A==/base.apk"],nativeLibraryDirectories=[/data/app/ ~~443BwroT5Fnqspny0BcVbQ==/apkdone.com-lhKG54JJQVGEhjNhAZ825A==/lib/arm, /data/app/~~443BwroT5Fnqspny0BcVbQ==/apkdone.com-lhKG54JJQVGEhjNhAZ825A==/ base.apk!/lib/armeabi-v7a, /system/lib, /system/system_ext/lib]]
08-14 18:10:32.311 11640 11640 E MethodChannel#jojoy.app_resource_plugin: at dalvik.system.BaseDexClassLoader.findClass(BaseDexClassLoader.java:207)
08-14 18:10:32.311 11640 11640 E MethodChannel#jojoy.app_resource_plugin: at java.lang.ClassLoader.loadClass(ClassLoader.java:379)
08-14 18:10:32.311 11640 11640 E MethodChannel#jojoy.app_resource_plugin: at java.lang.ClassLoader.loadClass(ClassLoader.java:312)
08-14 18:10:32.311 11640 11640 E MethodChannel#jojoy.app_resource_plugin: at android.graphics.drawable.DrawableInflater.inflateFromClass(DrawableInflater.java:2 05)
08-14 18:10:32.311 11640 11640 E MethodChannel#jojoy.app_resource_plugin: ... 29 more
08-14 18:10:32.364 11640 11640 D DynamitePackage: Instantiating com.google.android.gms.ads.ChimeraAdManagerCreatorImpl
08-14 18:10:32.368 11640 11640 I Ads : Use RequestConfiguration.Builder().setTestDeviceIds(Arrays.asList("A6C8D8E54F9C2046154C 0FAA5A68B56A")) to get test ads on this device.
08-14 18:10:32.384 11640 14686 I AudioManager: In isSpeakerphoneOn(), calling application: apkdone.com
08-14 18:10:32.391 11640 11640 D DynamitePackage: Instantiating com.google.android.gms.ads.ChimeraAdManagerCreatorImpl
08-14 18:10:32.396 11640 11640 I Ads : Use RequestConfiguration.Builder().setTestDeviceIds(Arrays.asList("A6C8D8E54F9C2046154C 0FAA5A68B56A")) to get test ads on this device.
08-14 18:10:32.406 11640 14696 W Ads : Not retrying to fetch app settings
08-14 18:10:32.412 11640 14693 I AudioManager: In isSpeakerphoneOn(), calling application: apkdone.com
08-14 18:10:32.424 11640 11640 D DynamitePackage: Instantiating com.google.android.gms.ads.ChimeraAdLoaderBuilderCreatorImpl
08-14 18:10:32.428 11640 11640 I Ads : Use RequestConfiguration.Builder().setTestDeviceIds(Arrays.asList("A6C8D8E54F9C2046154C 0FAA5A68B56A")) to get test ads on this device.
08-14 18:10:32.436 11640 14683 W Ads : Not retrying to fetch app settings
08-14 18:10:32.450 11640 14693 I AudioManager: In isSpeakerphoneOn(), calling application: apkdone.com
08-14 18:10:32.456 11640 11640 D DynamitePackage: Instantiating com.google.android.gms.ads.ChimeraAdLoaderBuilderCreatorImpl
08-14 18:10:32.461 11640 11640 I Ads : Use RequestConfiguration.Builder().setTestDeviceIds(Arrays.asList("A6C8D8E54F9C2046154C 0FAA5A68B56A")) to get test ads on this device.
08-14 18:10:32.461 11640 14696 W Ads : Not retrying to fetch app settings
08-14 18:10:32.469 11640 14685 I AudioManager: In isSpeakerphoneOn(), calling application: apkdone.com
08-14 18:10:32.489 11640 11640 D DynamitePackage: Instantiating com.google.android.gms.ads.ChimeraAdManagerCreatorImpl
08-14 18:10:32.492 11640 11640 I Ads : Use RequestConfiguration.Builder().setTestDeviceIds(Arrays.asList("A6C8D8E54F9C2046154C 0FAA5A68B56A")) to get test ads on this device.
08-14 18:10:32.494 11640 14744 W Ads : Not retrying to fetch app settings
08-14 18:10:32.499 11640 14693 I AudioManager: In isSpeakerphoneOn(), calling application: apkdone.com
08-14 18:10:32.513 11640 11640 D DynamitePackage: Instantiating com.google.android.gms.ads.ChimeraAdManagerCreatorImpl
08-14 18:10:32.518 11640 11640 I Ads : Use RequestConfiguration.Builder().setTestDeviceIds(Arrays.asList("A6C8D8E54F9C2046154C 0FAA5A68B56A")) to get test ads on this device.
08-14 18:10:32.528 11640 14683 I AudioManager: In isSpeakerphoneOn(), calling application: apkdone.com
08-14 18:10:32.532 11640 11640 E MethodChannel#jojoy.app_resource_plugin: Failed to handle method call
08-14 18:10:32.532 11640 11640 E MethodChannel#jojoy.app_resource_plugin: android.content.res.Resources$NotFoundException: Drawable apkdone.com:mipmap/ic_launcher_foreground with resource ID #0x7f0f0001
08-14 18:10:32.532 11640 11640 E MethodChannel#jojoy.app_resource_plugin: Caused by: android.content.res.Resources$NotFoundException: File res/mipmap/ic_launcher_foreground.xml from drawable resource ID #0x7f0f0001
08-14 18:10:32.532 11640 11640 E MethodChannel#jojoy.app_resource_plugin: at android.content.res.ResourcesImpl.loadDrawableForCookie(ResourcesImpl.java:914)
08-14 18:10:32.532 11640 11640 E MethodChannel#jojoy.app_resource_plugin: at android.content.res.ResourcesImpl.originalLoadDrawable(ResourcesImpl.java:693)
08-14 18:10:32.532 11640 11640 E MethodChannel#jojoy.app_resource_plugin: at android.content.res.ResourcesImpl.loadDrawable(ResourcesImpl.java:600)
08-14 18:10:32.532 11640 11640 E MethodChannel#jojoy.app_resource_plugin: at android.content.res.MiuiResourcesImpl.loadDrawable(MiuiResourcesImpl.java:307)
08-14 18:10:32.532 11640 11640 E MethodChannel#jojoy.app_resource_plugin: at android.content.res.Resources.loadDrawable(Resources.java:1010)
08-14 18:10:32.532 11640 11640 E MethodChannel#jojoy.app_resource_plugin: at android.content.res.Resources.getDrawableForDensity(Resources.java:1000)
08-14 18:10:32.532 11640 11640 E MethodChannel#jojoy.app_resource_plugin: at android.content.res.Resources.getDrawable(Resources.java:939)
08-14 18:10:32.532 11640 11640 E MethodChannel#jojoy.app_resource_plugin: at android.content.Context.getDrawable(Context.java:702)
08-14 18:10:32.532 11640 11640 E MethodChannel#jojoy.app_resource_plugin: at androidx.core.content.ContextCompat$Api21Impl.getDrawable(Unknown Source:0)
08-14 18:10:32.532 11640 11640 E MethodChannel#jojoy.app_resource_plugin: at androidx.core.content.ContextCompat.getDrawable(Unknown Source:0)
08-14 18:10:32.532 11640 11640 E MethodChannel#jojoy.app_resource_plugin: at com.example.plugin.AppResourcePlugin.a(AppResourcePlugin.kt:4)
08-14 18:10:32.532 11640 11640 E MethodChannel#jojoy.app_resource_plugin: at com.example.plugin.AppResourcePlugin.onMethodCall(AppResourcePlugin.kt:22)
08-14 18:10:32.532 11640 11640 E MethodChannel#jojoy.app_resource_plugin: at io.flutter.plugin.common.MethodChannel$IncomingMethodCallHandler.onMessage(MethodCh annel.java:2)
08-14 18:10:32.532 11640 11640 E MethodChannel#jojoy.app_resource_plugin: at io.flutter.embedding.engine.dart.DartMessenger.invokeHandler(DartMessenger.java:2)
08-14 18:10:32.532 11640 11640 E MethodChannel#jojoy.app_resource_plugin: at io.flutter.embedding.engine.dart.DartMessenger.lambda$dispatchMessageToQueue$0(Dart Messenger.java:2)
08-14 18:10:32.532 11640 11640 E MethodChannel#jojoy.app_resource_plugin: at io.flutter.embedding.engine.dart.DartMessenger.a(Unknown Source:0)
08-14 18:10:32.532 11640 11640 E MethodChannel#jojoy.app_resource_plugin: at io.flutter.embedding.engine.dart.a.run(Unknown Source:12)
08-14 18:10:32.532 11640 11640 E MethodChannel#jojoy.app_resource_plugin: at android.os.Handler.handleCallback(Handler.java:938)
08-14 18:10:32.532 11640 11640 E MethodChannel#jojoy.app_resource_plugin: at android.os.Handler.dispatchMessage(Handler.java:99)
08-14 18:10:32.532 11640 11640 E MethodChannel#jojoy.app_resource_plugin: at android.os.Looper.loop(Looper.java:236)
08-14 18:10:32.532 11640 11640 E MethodChannel#jojoy.app_resource_plugin: at android.app.ActivityThread.main(ActivityThread.java:8037)
08-14 18:10:32.532 11640 11640 E MethodChannel#jojoy.app_resource_plugin: at java.lang.reflect.Method.invoke(Native Method)
08-14 18:10:32.532 11640 11640 E MethodChannel#jojoy.app_resource_plugin: at com.android.internal.os.RuntimeInit$MethodAndArgsCaller.run(RuntimeInit.java:656)
08-14 18:10:32.532 11640 11640 E MethodChannel#jojoy.app_resource_plugin: at com.android.internal.os.ZygoteInit.main(ZygoteInit.java:967)
08-14 18:10:32.532 11640 11640 E MethodChannel#jojoy.app_resource_plugin: Caused by: android.view.InflateException: Class not found x
08-14 18:10:32.532 11640 11640 E MethodChannel#jojoy.app_resource_plugin: at android.graphics.drawable.DrawableInflater.inflateFromClass(DrawableInflater.java:2 24)
08-14 18:10:32.532 11640 11640 E MethodChannel#jojoy.app_resource_plugin: at android.graphics.drawable.DrawableInflater.inflateFromXmlForDensity(DrawableInflate r.java:141)
08-14 18:10:32.532 11640 11640 E MethodChannel#jojoy.app_resource_plugin: at android.graphics.drawable.Drawable.createFromXmlInnerForDensity(Drawable.java:1402)
08-14 18:10:32.532 11640 11640 E MethodChannel#jojoy.app_resource_plugin: at android.graphics.drawable.Drawable.createFromXmlForDensity(Drawable.java:1361)
08-14 18:10:32.532 11640 11640 E MethodChannel#jojoy.app_resource_plugin: at android.content.res.ResourcesImpl.createFromXmlForDensity(ResourcesImpl.java:1633)
08-14 18:10:32.532 11640 11640 E MethodChannel#jojoy.app_resource_plugin: at android.content.res.ResourcesImpl.loadXmlDrawable(ResourcesImpl.java:979)
08-14 18:10:32.532 11640 11640 E MethodChannel#jojoy.app_resource_plugin: at android.content.res.ResourcesImpl.loadDrawableForCookie(ResourcesImpl.java:897)
08-14 18:10:32.532 11640 11640 E MethodChannel#jojoy.app_resource_plugin: ... 23 more
08-14 18:10:32.532 11640 11640 E MethodChannel#jojoy.app_resource_plugin: Caused by: java.lang.ClassNotFoundException: Didn't find class "x" on path: DexPathList[[zip file "/data/app/~~443BwroT5Fnqspny0BcVbQ==/apkdone.com- lhKG54JJQVGEhjNhAZ825A==/base.apk"],nativeLibraryDirectories=[/data/app/ ~~443BwroT5Fnqspny0BcVbQ==/apkdone.com-lhKG54JJQVGEhjNhAZ825A==/lib/arm, /data/app/~~443BwroT5Fnqspny0BcVbQ==/apkdone.com-lhKG54JJQVGEhjNhAZ825A==/ base.apk!/lib/armeabi-v7a, /system/lib, /system/system_ext/lib]]
08-14 18:10:32.532 11640 11640 E MethodChannel#jojoy.app_resource_plugin: at dalvik.system.BaseDexClassLoader.findClass(BaseDexClassLoader.java:207)
08-14 18:10:32.532 11640 11640 E MethodChannel#jojoy.app_resource_plugin: at java.lang.ClassLoader.loadClass(ClassLoader.java:379)
08-14 18:10:32.532 11640 11640 E MethodChannel#jojoy.app_resource_plugin: at java.lang.ClassLoader.loadClass(ClassLoader.java:312)
08-14 18:10:32.532 11640 11640 E MethodChannel#jojoy.app_resource_plugin: at android.graphics.drawable.DrawableInflater.inflateFromClass(DrawableInflater.java:2 05)
08-14 18:10:32.532 11640 11640 E MethodChannel#jojoy.app_resource_plugin: ... 29 more
08-14 18:10:32.541 11640 11640 E MethodChannel#jojoy.app_resource_plugin: Failed to handle method call
08-14 18:10:32.541 11640 11640 E MethodChannel#jojoy.app_resource_plugin: android.content.res.Resources$NotFoundException: Drawable apkdone.com:mipmap/ic_launcher_foreground with resource ID #0x7f0f0001
08-14 18:10:32.541 11640 11640 E MethodChannel#jojoy.app_resource_plugin: Caused by: android.content.res.Resources$NotFoundException: File res/mipmap/ic_launcher_foreground.xml from drawable resource ID #0x7f0f0001
08-14 18:10:32.541 11640 11640 E MethodChannel#jojoy.app_resource_plugin: at android.content.res.ResourcesImpl.loadDrawableForCookie(ResourcesImpl.java:914)
08-14 18:10:32.541 11640 11640 E MethodChannel#jojoy.app_resource_plugin: at android.content.res.ResourcesImpl.originalLoadDrawable(ResourcesImpl.java:693)
08-14 18:10:32.541 11640 11640 E MethodChannel#jojoy.app_resource_plugin: at android.content.res.ResourcesImpl.loadDrawable(ResourcesImpl.java:600)
08-14 18:10:32.541 11640 11640 E MethodChannel#jojoy.app_resource_plugin: at android.content.res.MiuiResourcesImpl.loadDrawable(MiuiResourcesImpl.java:307)
08-14 18:10:32.541 11640 11640 E MethodChannel#jojoy.app_resource_plugin: at android.content.res.Resources.loadDrawable(Resources.java:1010)
08-14 18:10:32.541 11640 11640 E MethodChannel#jojoy.app_resource_plugin: at android.content.res.Resources.getDrawableForDensity(Resources.java:1000)
08-14 18:10:32.541 11640 11640 E MethodChannel#jojoy.app_resource_plugin: at android.content.res.Resources.getDrawable(Resources.java:939)
08-14 18:10:32.541 11640 11640 E MethodChannel#jojoy.app_resource_plugin: at android.content.Context.getDrawable(Context.java:702)
08-14 18:10:32.541 11640 11640 E MethodChannel#jojoy.app_resource_plugin: at androidx.core.content.ContextCompat$Api21Impl.getDrawable(Unknown Source:0)
08-14 18:10:32.541 11640 11640 E MethodChannel#jojoy.app_resource_plugin: at androidx.core.content.ContextCompat.getDrawable(Unknown Source:0)
08-14 18:10:32.541 11640 11640 E MethodChannel#jojoy.app_resource_plugin: at com.example.plugin.AppResourcePlugin.a(AppResourcePlugin.kt:4)
08-14 18:10:32.541 11640 11640 E MethodChannel#jojoy.app_resource_plugin: at com.example.plugin.AppResourcePlugin.onMethodCall(AppResourcePlugin.kt:22)
08-14 18:10:32.541 11640 11640 E MethodChannel#jojoy.app_resource_plugin: at io.flutter.plugin.common.MethodChannel$IncomingMethodCallHandler.onMessage(MethodCh annel.java:2)
08-14 18:10:32.541 11640 11640 E MethodChannel#jojoy.app_resource_plugin: at io.flutter.embedding.engine.dart.DartMessenger.invokeHandler(DartMessenger.java:2)
08-14 18:10:32.541 11640 11640 E MethodChannel#jojoy.app_resource_plugin: at io.flutter.embedding.engine.dart.DartMessenger.lambda$dispatchMessageToQueue$0(Dart Messenger.java:2)
08-14 18:10:32.541 11640 11640 E MethodChannel#jojoy.app_resource_plugin: at io.flutter.embedding.engine.dart.DartMessenger.a(Unknown Source:0)
08-14 18:10:32.541 11640 11640 E MethodChannel#jojoy.app_resource_plugin: at io.flutter.embedding.engine.dart.a.run(Unknown Source:12)
08-14 18:10:32.541 11640 11640 E MethodChannel#jojoy.app_resource_plugin: at android.os.Handler.handleCallback(Handler.java:938)
08-14 18:10:32.541 11640 11640 E MethodChannel#jojoy.app_resource_plugin: at android.os.Handler.dispatchMessage(Handler.java:99)
08-14 18:10:32.541 11640 11640 E MethodChannel#jojoy.app_resource_plugin: at android.os.Looper.loop(Looper.java:236)
08-14 18:10:32.541 11640 11640 E MethodChannel#jojoy.app_resource_plugin: at android.app.ActivityThread.main(ActivityThread.java:8037)
08-14 18:10:32.541 11640 11640 E MethodChannel#jojoy.app_resource_plugin: at java.lang.reflect.Method.invoke(Native Method)
08-14 18:10:32.541 11640 11640 E MethodChannel#jojoy.app_resource_plugin: at com.android.internal.os.RuntimeInit$MethodAndArgsCaller.run(RuntimeInit.java:656)
08-14 18:10:32.541 11640 11640 E MethodChannel#jojoy.app_resource_plugin: at com.android.internal.os.ZygoteInit.main(ZygoteInit.java:967)
08-14 18:10:32.541 11640 11640 E MethodChannel#jojoy.app_resource_plugin: Caused by: android.view.InflateException: Class not found x
08-14 18:10:32.541 11640 11640 E MethodChannel#jojoy.app_resource_plugin: at android.graphics.drawable.DrawableInflater.inflateFromClass(DrawableInflater.java:2 24)
08-14 18:10:32.541 11640 11640 E MethodChannel#jojoy.app_resource_plugin: at android.graphics.drawable.DrawableInflater.inflateFromXmlForDensity(DrawableInflate r.java:141)
08-14 18:10:32.541 11640 11640 E MethodChannel#jojoy.app_resource_plugin: at android.graphics.drawable.Drawable.createFromXmlInnerForDensity(Drawable.java:1402)
08-14 18:10:32.541 11640 11640 E MethodChannel#jojoy.app_resource_plugin: at android.graphics.drawable.Drawable.createFromXmlForDensity(Drawable.java:1361)
08-14 18:10:32.541 11640 11640 E MethodChannel#jojoy.app_resource_plugin: at android.content.res.ResourcesImpl.createFromXmlForDensity(ResourcesImpl.java:1633)
08-14 18:10:32.541 11640 11640 E MethodChannel#jojoy.app_resource_plugin: at android.content.res.ResourcesImpl.loadXmlDrawable(ResourcesImpl.java:979)
08-14 18:10:32.541 11640 11640 E MethodChannel#jojoy.app_resource_plugin: at android.content.res.ResourcesImpl.loadDrawableForCookie(ResourcesImpl.java:897)
08-14 18:10:32.541 11640 11640 E MethodChannel#jojoy.app_resource_plugin: ... 23 more
08-14 18:10:32.541 11640 11640 E MethodChannel#jojoy.app_resource_plugin: Caused by: java.lang.ClassNotFoundException: Didn't find class "x" on path: DexPathList[[zip file "/data/app/~~443BwroT5Fnqspny0BcVbQ==/apkdone.com- lhKG54JJQVGEhjNhAZ825A==/base.apk"],nativeLibraryDirectories=[/data/app/ ~~443BwroT5Fnqspny0BcVbQ==/apkdone.com-lhKG54JJQVGEhjNhAZ825A==/lib/arm, /data/app/~~443BwroT5Fnqspny0BcVbQ==/apkdone.com-lhKG54JJQVGEhjNhAZ825A==/ base.apk!/lib/armeabi-v7a, /system/lib, /system/system_ext/lib]]
08-14 18:10:32.541 11640 11640 E MethodChannel#jojoy.app_resource_plugin: at dalvik.system.BaseDexClassLoader.findClass(BaseDexClassLoader.java:207)
08-14 18:10:32.541 11640 11640 E MethodChannel#jojoy.app_resource_plugin: at java.lang.ClassLoader.loadClass(ClassLoader.java:379)
08-14 18:10:32.541 11640 11640 E MethodChannel#jojoy.app_resource_plugin: at java.lang.ClassLoader.loadClass(ClassLoader.java:312)
08-14 18:10:32.541 11640 11640 E MethodChannel#jojoy.app_resource_plugin: at android.graphics.drawable.DrawableInflater.inflateFromClass(DrawableInflater.java:2 05)
08-14 18:10:32.541 11640 11640 E MethodChannel#jojoy.app_resource_plugin: ... 29 more
08-14 18:10:32.555 11640 14688 W Ads : Not retrying to fetch app settings
08-14 18:10:32.587 11640 14688 W Ads : Not retrying to fetch app settings
08-14 18:10:32.652 11640 11640 E MethodChannel#jojoy.app_resource_plugin: Failed to handle method call
08-14 18:10:32.652 11640 11640 E MethodChannel#jojoy.app_resource_plugin: android.content.res.Resources$NotFoundException: Drawable apkdone.com:mipmap/ic_launcher_foreground with resource ID #0x7f0f0001
08-14 18:10:32.652 11640 11640 E MethodChannel#jojoy.app_resource_plugin: Caused by: android.content.res.Resources$NotFoundException: File res/mipmap/ic_launcher_foreground.xml from drawable resource ID #0x7f0f0001
08-14 18:10:32.652 11640 11640 E MethodChannel#jojoy.app_resource_plugin: at android.content.res.ResourcesImpl.loadDrawableForCookie(ResourcesImpl.java:914)
08-14 18:10:32.652 11640 11640 E MethodChannel#jojoy.app_resource_plugin: at android.content.res.ResourcesImpl.originalLoadDrawable(ResourcesImpl.java:693)
08-14 18:10:32.652 11640 11640 E MethodChannel#jojoy.app_resource_plugin: at android.content.res.ResourcesImpl.loadDrawable(ResourcesImpl.java:600)
08-14 18:10:32.652 11640 11640 E MethodChannel#jojoy.app_resource_plugin: at android.content.res.MiuiResourcesImpl.loadDrawable(MiuiResourcesImpl.java:307)
08-14 18:10:32.652 11640 11640 E MethodChannel#jojoy.app_resource_plugin: at android.content.res.Resources.loadDrawable(Resources.java:1010)
08-14 18:10:32.652 11640 11640 E MethodChannel#jojoy.app_resource_plugin: at android.content.res.Resources.getDrawableForDensity(Resources.java:1000)
08-14 18:10:32.652 11640 11640 E MethodChannel#jojoy.app_resource_plugin: at android.content.res.Resources.getDrawable(Resources.java:939)
08-14 18:10:32.652 11640 11640 E MethodChannel#jojoy.app_resource_plugin: at android.content.Context.getDrawable(Context.java:702)
08-14 18:10:32.652 11640 11640 E MethodChannel#jojoy.app_resource_plugin: at androidx.core.content.ContextCompat$Api21Impl.getDrawable(Unknown Source:0)
08-14 18:10:32.652 11640 11640 E MethodChannel#jojoy.app_resource_plugin: at androidx.core.content.ContextCompat.getDrawable(Unknown Source:0)
08-14 18:10:32.652 11640 11640 E MethodChannel#jojoy.app_resource_plugin: at com.example.plugin.AppResourcePlugin.a(AppResourcePlugin.kt:4)
08-14 18:10:32.652 11640 11640 E MethodChannel#jojoy.app_resource_plugin: at com.example.plugin.AppResourcePlugin.onMethodCall(AppResourcePlugin.kt:22)
08-14 18:10:32.652 11640 11640 E MethodChannel#jojoy.app_resource_plugin: at io.flutter.plugin.common.MethodChannel$IncomingMethodCallHandler.onMessage(MethodCh annel.java:2)
08-14 18:10:32.652 11640 11640 E MethodChannel#jojoy.app_resource_plugin: at io.flutter.embedding.engine.dart.DartMessenger.invokeHandler(DartMessenger.java:2)
08-14 18:10:32.652 11640 11640 E MethodChannel#jojoy.app_resource_plugin: at io.flutter.embedding.engine.dart.DartMessenger.lambda$dispatchMessageToQueue$0(Dart Messenger.java:2)
08-14 18:10:32.652 11640 11640 E MethodChannel#jojoy.app_resource_plugin: at io.flutter.embedding.engine.dart.DartMessenger.a(Unknown Source:0)
08-14 18:10:32.652 11640 11640 E MethodChannel#jojoy.app_resource_plugin: at io.flutter.embedding.engine.dart.a.run(Unknown Source:12)
08-14 18:10:32.652 11640 11640 E MethodChannel#jojoy.app_resource_plugin: at android.os.Handler.handleCallback(Handler.java:938)
08-14 18:10:32.652 11640 11640 E MethodChannel#jojoy.app_resource_plugin: at android.os.Handler.dispatchMessage(Handler.java:99)
08-14 18:10:32.652 11640 11640 E MethodChannel#jojoy.app_resource_plugin: at android.os.Looper.loop(Looper.java:236)
08-14 18:10:32.652 11640 11640 E MethodChannel#jojoy.app_resource_plugin: at android.app.ActivityThread.main(ActivityThread.java:8037)
08-14 18:10:32.652 11640 11640 E MethodChannel#jojoy.app_resource_plugin: at java.lang.reflect.Method.invoke(Native Method)
08-14 18:10:32.652 11640 11640 E MethodChannel#jojoy.app_resource_plugin: at com.android.internal.os.RuntimeInit$MethodAndArgsCaller.run(RuntimeInit.java:656)
08-14 18:10:32.652 11640 11640 E MethodChannel#jojoy.app_resource_plugin: at com.android.internal.os.ZygoteInit.main(ZygoteInit.java:967)
08-14 18:10:32.652 11640 11640 E MethodChannel#jojoy.app_resource_plugin: Caused by: android.view.InflateException: Class not found x
08-14 18:10:32.652 11640 11640 E MethodChannel#jojoy.app_resource_plugin: at android.graphics.drawable.DrawableInflater.inflateFromClass(DrawableInflater.java:2 24)
08-14 18:10:32.652 11640 11640 E MethodChannel#jojoy.app_resource_plugin: at android.graphics.drawable.DrawableInflater.inflateFromXmlForDensity(DrawableInflate r.java:141)
08-14 18:10:32.652 11640 11640 E MethodChannel#jojoy.app_resource_plugin: at android.graphics.drawable.Drawable.createFromXmlInnerForDensity(Drawable.java:1402)
08-14 18:10:32.652 11640 11640 E MethodChannel#jojoy.app_resource_plugin: at android.graphics.drawable.Drawable.createFromXmlForDensity(Drawable.java:1361)
08-14 18:10:32.652 11640 11640 E MethodChannel#jojoy.app_resource_plugin: at android.content.res.ResourcesImpl.createFromXmlForDensity(ResourcesImpl.java:1633)
08-14 18:10:32.652 11640 11640 E MethodChannel#jojoy.app_resource_plugin: at android.content.res.ResourcesImpl.loadXmlDrawable(ResourcesImpl.java:979)
08-14 18:10:32.652 11640 11640 E MethodChannel#jojoy.app_resource_plugin: at android.content.res.ResourcesImpl.loadDrawableForCookie(ResourcesImpl.java:897)
08-14 18:10:32.652 11640 11640 E MethodChannel#jojoy.app_resource_plugin: ... 23 more
08-14 18:10:32.652 11640 11640 E MethodChannel#jojoy.app_resource_plugin: Caused by: java.lang.ClassNotFoundException: Didn't find class "x" on path: DexPathList[[zip file "/data/app/~~443BwroT5Fnqspny0BcVbQ==/apkdone.com- lhKG54JJQVGEhjNhAZ825A==/base.apk"],nativeLibraryDirectories=[/data/app/ ~~443BwroT5Fnqspny0BcVbQ==/apkdone.com-lhKG54JJQVGEhjNhAZ825A==/lib/arm, /data/app/~~443BwroT5Fnqspny0BcVbQ==/apkdone.com-lhKG54JJQVGEhjNhAZ825A==/ base.apk!/lib/armeabi-v7a, /system/lib, /system/system_ext/lib]]
08-14 18:10:32.652 11640 11640 E MethodChannel#jojoy.app_resource_plugin: at dalvik.system.BaseDexClassLoader.findClass(BaseDexClassLoader.java:207)
08-14 18:10:32.652 11640 11640 E MethodChannel#jojoy.app_resource_plugin: at java.lang.ClassLoader.loadClass(ClassLoader.java:379)
08-14 18:10:32.652 11640 11640 E MethodChannel#jojoy.app_resource_plugin: at java.lang.ClassLoader.loadClass(ClassLoader.java:312)
08-14 18:10:32.652 11640 11640 E MethodChannel#jojoy.app_resource_plugin: at android.graphics.drawable.DrawableInflater.inflateFromClass(DrawableInflater.java:2 05)
08-14 18:10:32.652 11640 11640 E MethodChannel#jojoy.app_resource_plugin: ... 29 more
08-14 18:10:32.819 11640 11640 E MethodChannel#jojoy.app_resource_plugin: Failed to handle method call
08-14 18:10:32.819 11640 11640 E MethodChannel#jojoy.app_resource_plugin: android.content.res.Resources$NotFoundException: Drawable apkdone.com:mipmap/ic_launcher_foreground with resource ID #0x7f0f0001
08-14 18:10:32.819 11640 11640 E MethodChannel#jojoy.app_resource_plugin: Caused by: android.content.res.Resources$NotFoundException: File res/mipmap/ic_launcher_foreground.xml from drawable resource ID #0x7f0f0001
08-14 18:10:32.819 11640 11640 E MethodChannel#jojoy.app_resource_plugin: at android.content.res.ResourcesImpl.loadDrawableForCookie(ResourcesImpl.java:914)
08-14 18:10:32.819 11640 11640 E MethodChannel#jojoy.app_resource_plugin: at android.content.res.ResourcesImpl.originalLoadDrawable(ResourcesImpl.java:693)
08-14 18:10:32.819 11640 11640 E MethodChannel#jojoy.app_resource_plugin: at android.content.res.ResourcesImpl.loadDrawable(ResourcesImpl.java:600)
08-14 18:10:32.819 11640 11640 E MethodChannel#jojoy.app_resource_plugin: at android.content.res.MiuiResourcesImpl.loadDrawable(MiuiResourcesImpl.java:307)
08-14 18:10:32.819 11640 11640 E MethodChannel#jojoy.app_resource_plugin: at android.content.res.Resources.loadDrawable(Resources.java:1010)
08-14 18:10:32.819 11640 11640 E MethodChannel#jojoy.app_resource_plugin: at android.content.res.Resources.getDrawableForDensity(Resources.java:1000)
08-14 18:10:32.819 11640 11640 E MethodChannel#jojoy.app_resource_plugin: at android.content.res.Resources.getDrawable(Resources.java:939)
08-14 18:10:32.819 11640 11640 E MethodChannel#jojoy.app_resource_plugin: at android.content.Context.getDrawable(Context.java:702)
08-14 18:10:32.819 11640 11640 E MethodChannel#jojoy.app_resource_plugin: at androidx.core.content.ContextCompat$Api21Impl.getDrawable(Unknown Source:0)
08-14 18:10:32.819 11640 11640 E MethodChannel#jojoy.app_resource_plugin: at androidx.core.content.ContextCompat.getDrawable(Unknown Source:0)
08-14 18:10:32.819 11640 11640 E MethodChannel#jojoy.app_resource_plugin: at com.example.plugin.AppResourcePlugin.a(AppResourcePlugin.kt:4)
08-14 18:10:32.819 11640 11640 E MethodChannel#jojoy.app_resource_plugin: at com.example.plugin.AppResourcePlugin.onMethodCall(AppResourcePlugin.kt:22)
08-14 18:10:32.819 11640 11640 E MethodChannel#jojoy.app_resource_plugin: at io.flutter.plugin.common.MethodChannel$IncomingMethodCallHandler.onMessage(MethodCh annel.java:2)
08-14 18:10:32.819 11640 11640 E MethodChannel#jojoy.app_resource_plugin: at io.flutter.embedding.engine.dart.DartMessenger.invokeHandler(DartMessenger.java:2)
08-14 18:10:32.819 11640 11640 E MethodChannel#jojoy.app_resource_plugin: at io.flutter.embedding.engine.dart.DartMessenger.lambda$dispatchMessageToQueue$0(Dart Messenger.java:2)
08-14 18:10:32.819 11640 11640 E MethodChannel#jojoy.app_resource_plugin: at io.flutter.embedding.engine.dart.DartMessenger.a(Unknown Source:0)
08-14 18:10:32.819 11640 11640 E MethodChannel#jojoy.app_resource_plugin: at io.flutter.embedding.engine.dart.a.run(Unknown Source:12)
08-14 18:10:32.819 11640 11640 E MethodChannel#jojoy.app_resource_plugin: at android.os.Handler.handleCallback(Handler.java:938)
08-14 18:10:32.819 11640 11640 E MethodChannel#jojoy.app_resource_plugin: at android.os.Handler.dispatchMessage(Handler.java:99)
08-14 18:10:32.819 11640 11640 E MethodChannel#jojoy.app_resource_plugin: at android.os.Looper.loop(Looper.java:236)
08-14 18:10:32.819 11640 11640 E MethodChannel#jojoy.app_resource_plugin: at android.app.ActivityThread.main(ActivityThread.java:8037)
08-14 18:10:32.819 11640 11640 E MethodChannel#jojoy.app_resource_plugin: at java.lang.reflect.Method.invoke(Native Method)
08-14 18:10:32.819 11640 11640 E MethodChannel#jojoy.app_resource_plugin: at com.android.internal.os.RuntimeInit$MethodAndArgsCaller.run(RuntimeInit.java:656)
08-14 18:10:32.819 11640 11640 E MethodChannel#jojoy.app_resource_plugin: at com.android.internal.os.ZygoteInit.main(ZygoteInit.java:967)
08-14 18:10:32.819 11640 11640 E MethodChannel#jojoy.app_resource_plugin: Caused by: android.view.InflateException: Class not found x
08-14 18:10:32.819 11640 11640 E MethodChannel#jojoy.app_resource_plugin: at android.graphics.drawable.DrawableInflater.inflateFromClass(DrawableInflater.java:2 24)
08-14 18:10:32.819 11640 11640 E MethodChannel#jojoy.app_resource_plugin: at android.graphics.drawable.DrawableInflater.inflateFromXmlForDensity(DrawableInflate r.java:141)
08-14 18:10:32.819 11640 11640 E MethodChannel#jojoy.app_resource_plugin: at android.graphics.drawable.Drawable.createFromXmlInnerForDensity(Drawable.java:1402)
08-14 18:10:32.819 11640 11640 E MethodChannel#jojoy.app_resource_plugin: at android.graphics.drawable.Drawable.createFromXmlForDensity(Drawable.java:1361)
08-14 18:10:32.819 11640 11640 E MethodChannel#jojoy.app_resource_plugin: at android.content.res.ResourcesImpl.createFromXmlForDensity(ResourcesImpl.java:1633)
08-14 18:10:32.819 11640 11640 E MethodChannel#jojoy.app_resource_plugin: at android.content.res.ResourcesImpl.loadXmlDrawable(ResourcesImpl.java:979)
08-14 18:10:32.819 11640 11640 E MethodChannel#jojoy.app_resource_plugin: at android.content.res.ResourcesImpl.loadDrawableForCookie(ResourcesImpl.java:897)
08-14 18:10:32.819 11640 11640 E MethodChannel#jojoy.app_resource_plugin: ... 23 more
08-14 18:10:32.819 11640 11640 E MethodChannel#jojoy.app_resource_plugin: Caused by: java.lang.ClassNotFoundException: Didn't find class "x" on path: DexPathList[[zip file "/data/app/~~443BwroT5Fnqspny0BcVbQ==/apkdone.com- lhKG54JJQVGEhjNhAZ825A==/base.apk"],nativeLibraryDirectories=[/data/app/ ~~443BwroT5Fnqspny0BcVbQ==/apkdone.com-lhKG54JJQVGEhjNhAZ825A==/lib/arm, /data/app/~~443BwroT5Fnqspny0BcVbQ==/apkdone.com-lhKG54JJQVGEhjNhAZ825A==/ base.apk!/lib/armeabi-v7a, /system/lib, /system/system_ext/lib]]
08-14 18:10:32.819 11640 11640 E MethodChannel#jojoy.app_resource_plugin: at dalvik.system.BaseDexClassLoader.findClass(BaseDexClassLoader.java:207)
08-14 18:10:32.819 11640 11640 E MethodChannel#jojoy.app_resource_plugin: at java.lang.ClassLoader.loadClass(ClassLoader.java:379)
08-14 18:10:32.819 11640 11640 E MethodChannel#jojoy.app_resource_plugin: at java.lang.ClassLoader.loadClass(ClassLoader.java:312)
08-14 18:10:32.819 11640 11640 E MethodChannel#jojoy.app_resource_plugin: at android.graphics.drawable.DrawableInflater.inflateFromClass(DrawableInflater.java:2 05)
08-14 18:10:32.819 11640 11640 E MethodChannel#jojoy.app_resource_plugin: ... 29 more
08-14 18:10:32.901 11640 11640 I Ads : Ad failed to load : 3
08-14 18:10:32.924 11640 12146 E UnityAds: com.unity3d.services.core.api.Sdk.logError() (line:1) :: No fill for placement app_top_banner
08-14 18:10:32.950 11640 11640 I UnityAds: com.unity3d.services.banners.BannerView.destroy() (line:8) :: Banner [app_top_banner] was destroyed
08-14 18:10:32.970 11640 11640 I Ads : Ad failed to load : 3
08-14 18:10:33.002 11640 12146 E UnityAds: com.unity3d.services.core.api.Sdk.logError() (line:1) :: No fill for placement game_detail_banner
08-14 18:10:33.008 11640 11640 I UnityAds: com.unity3d.services.banners.BannerView.destroy() (line:8) :: Banner [game_detail_banner] was destroyed
08-14 18:10:33.048 11640 11652 I apkdone.com: NativeAlloc concurrent copying GC freed 136436(8554KB) AllocSpace objects, 74(1544KB) LOS objects, 49% free, 11MB/23MB, paused 2.540ms total 221.268ms
08-14 18:10:33.053 11640 14689 I Ads : Ad failed to load : 3
08-14 18:10:33.175 11640 14692 I Ads : Ad failed to load : 3
08-14 18:10:33.267 11640 11640 I Ads : Ad failed to load : 3
08-14 18:10:33.277 11640 12146 E UnityAds: com.unity3d.services.core.api.Sdk.logError() (line:1) :: No fill for placement search_game_all_price
08-14 18:10:33.283 11640 11640 I UnityAds: com.unity3d.services.banners.BannerView.destroy() (line:8) :: Banner [search_game_all_price] was destroyed
08-14 18:10:33.354 11640 11640 I Ads : Ad failed to load : 3
08-14 18:10:33.360 11640 12146 E UnityAds: com.unity3d.services.core.api.Sdk.logError() (line:1) :: No fill for placement my_game_banner_all_price
08-14 18:10:33.384 11640 11640 I UnityAds: com.unity3d.services.banners.BannerView.destroy() (line:8) :: Banner [my_game_banner_all_price] was destroyed
08-14 18:10:37.927 11640 11725 E FA : Name must consist of letters, digits or _ (underscores). Type, name: event, home-ranking_tab
08-14 18:10:37.927 11640 11725 E FA : Invalid public event name. Event will not be logged (FE): home-ranking_tab
08-14 18:10:37.961 11640 11640 E MethodChannel#jojoy.app_resource_plugin: Failed to handle method call
08-14 18:10:37.961 11640 11640 E MethodChannel#jojoy.app_resource_plugin: android.content.res.Resources$NotFoundException: Drawable apkdone.com:mipmap/ic_launcher_foreground with resource ID #0x7f0f0001
08-14 18:10:37.961 11640 11640 E MethodChannel#jojoy.app_resource_plugin: Caused by: android.content.res.Resources$NotFoundException: File res/mipmap/ic_launcher_foreground.xml from drawable resource ID #0x7f0f0001
08-14 18:10:37.961 11640 11640 E MethodChannel#jojoy.app_resource_plugin: at android.content.res.ResourcesImpl.loadDrawableForCookie(ResourcesImpl.java:914)
08-14 18:10:37.961 11640 11640 E MethodChannel#jojoy.app_resource_plugin: at android.content.res.ResourcesImpl.originalLoadDrawable(ResourcesImpl.java:693)
08-14 18:10:37.961 11640 11640 E MethodChannel#jojoy.app_resource_plugin: at android.content.res.ResourcesImpl.loadDrawable(ResourcesImpl.java:600)
08-14 18:10:37.961 11640 11640 E MethodChannel#jojoy.app_resource_plugin: at android.content.res.MiuiResourcesImpl.loadDrawable(MiuiResourcesImpl.java:307)
08-14 18:10:37.961 11640 11640 E MethodChannel#jojoy.app_resource_plugin: at android.content.res.Resources.loadDrawable(Resources.java:1010)
08-14 18:10:37.961 11640 11640 E MethodChannel#jojoy.app_resource_plugin: at android.content.res.Resources.getDrawableForDensity(Resources.java:1000)
08-14 18:10:37.961 11640 11640 E MethodChannel#jojoy.app_resource_plugin: at android.content.res.Resources.getDrawable(Resources.java:939)
08-14 18:10:37.961 11640 11640 E MethodChannel#jojoy.app_resource_plugin: at android.content.Context.getDrawable(Context.java:702)
08-14 18:10:37.961 11640 11640 E MethodChannel#jojoy.app_resource_plugin: at androidx.core.content.ContextCompat$Api21Impl.getDrawable(Unknown Source:0)
08-14 18:10:37.961 11640 11640 E MethodChannel#jojoy.app_resource_plugin: at androidx.core.content.ContextCompat.getDrawable(Unknown Source:0)
08-14 18:10:37.961 11640 11640 E MethodChannel#jojoy.app_resource_plugin: at com.example.plugin.AppResourcePlugin.a(AppResourcePlugin.kt:4)
08-14 18:10:37.961 11640 11640 E MethodChannel#jojoy.app_resource_plugin: at com.example.plugin.AppResourcePlugin.onMethodCall(AppResourcePlugin.kt:22)
08-14 18:10:37.961 11640 11640 E MethodChannel#jojoy.app_resource_plugin: at io.flutter.plugin.common.MethodChannel$IncomingMethodCallHandler.onMessage(MethodCh annel.java:2)
08-14 18:10:37.961 11640 11640 E MethodChannel#jojoy.app_resource_plugin: at io.flutter.embedding.engine.dart.DartMessenger.invokeHandler(DartMessenger.java:2)
08-14 18:10:37.961 11640 11640 E MethodChannel#jojoy.app_resource_plugin: at io.flutter.embedding.engine.dart.DartMessenger.lambda$dispatchMessageToQueue$0(Dart Messenger.java:2)
08-14 18:10:37.961 11640 11640 E MethodChannel#jojoy.app_resource_plugin: at io.flutter.embedding.engine.dart.DartMessenger.a(Unknown Source:0)
08-14 18:10:37.961 11640 11640 E MethodChannel#jojoy.app_resource_plugin: at io.flutter.embedding.engine.dart.a.run(Unknown Source:12)
08-14 18:10:37.961 11640 11640 E MethodChannel#jojoy.app_resource_plugin: at android.os.Handler.handleCallback(Handler.java:938)
08-14 18:10:37.961 11640 11640 E MethodChannel#jojoy.app_resource_plugin: at android.os.Handler.dispatchMessage(Handler.java:99)
08-14 18:10:37.961 11640 11640 E MethodChannel#jojoy.app_resource_plugin: at android.os.Looper.loop(Looper.java:236)
08-14 18:10:37.961 11640 11640 E MethodChannel#jojoy.app_resource_plugin: at android.app.ActivityThread.main(ActivityThread.java:8037)
08-14 18:10:37.961 11640 11640 E MethodChannel#jojoy.app_resource_plugin: at java.lang.reflect.Method.invoke(Native Method)
08-14 18:10:37.961 11640 11640 E MethodChannel#jojoy.app_resource_plugin: at com.android.internal.os.RuntimeInit$MethodAndArgsCaller.run(RuntimeInit.java:656)
08-14 18:10:37.961 11640 11640 E MethodChannel#jojoy.app_resource_plugin: at com.android.internal.os.ZygoteInit.main(ZygoteInit.java:967)
08-14 18:10:37.961 11640 11640 E MethodChannel#jojoy.app_resource_plugin: Caused by: android.view.InflateException: Class not found x
08-14 18:10:37.961 11640 11640 E MethodChannel#jojoy.app_resource_plugin: at android.graphics.drawable.DrawableInflater.inflateFromClass(DrawableInflater.java:2 24)
08-14 18:10:37.961 11640 11640 E MethodChannel#jojoy.app_resource_plugin: at android.graphics.drawable.DrawableInflater.inflateFromXmlForDensity(DrawableInflate r.java:141)
08-14 18:10:37.961 11640 11640 E MethodChannel#jojoy.app_resource_plugin: at android.graphics.drawable.Drawable.createFromXmlInnerForDensity(Drawable.java:1402)
08-14 18:10:37.961 11640 11640 E MethodChannel#jojoy.app_resource_plugin: at android.graphics.drawable.Drawable.createFromXmlForDensity(Drawable.java:1361)
08-14 18:10:37.961 11640 11640 E MethodChannel#jojoy.app_resource_plugin: at android.content.res.ResourcesImpl.createFromXmlForDensity(ResourcesImpl.java:1633)
08-14 18:10:37.961 11640 11640 E MethodChannel#jojoy.app_resource_plugin: at android.content.res.ResourcesImpl.loadXmlDrawable(ResourcesImpl.java:979)
08-14 18:10:37.961 11640 11640 E MethodChannel#jojoy.app_resource_plugin: at android.content.res.ResourcesImpl.loadDrawableForCookie(ResourcesImpl.java:897)
08-14 18:10:37.961 11640 11640 E MethodChannel#jojoy.app_resource_plugin: ... 23 more
08-14 18:10:37.961 11640 11640 E MethodChannel#jojoy.app_resource_plugin: Caused by: java.lang.ClassNotFoundException: Didn't find class "x" on path: DexPathList[[zip file "/data/app/~~443BwroT5Fnqspny0BcVbQ==/apkdone.com- lhKG54JJQVGEhjNhAZ825A==/base.apk"],nativeLibraryDirectories=[/data/app/ ~~443BwroT5Fnqspny0BcVbQ==/apkdone.com-lhKG54JJQVGEhjNhAZ825A==/lib/arm, /data/app/~~443BwroT5Fnqspny0BcVbQ==/apkdone.com-lhKG54JJQVGEhjNhAZ825A==/ base.apk!/lib/armeabi-v7a, /system/lib, /system/system_ext/lib]]
08-14 18:10:37.961 11640 11640 E MethodChannel#jojoy.app_resource_plugin: at dalvik.system.BaseDexClassLoader.findClass(BaseDexClassLoader.java:207)
08-14 18:10:37.961 11640 11640 E MethodChannel#jojoy.app_resource_plugin: at java.lang.ClassLoader.loadClass(ClassLoader.java:379)
08-14 18:10:37.961 11640 11640 E MethodChannel#jojoy.app_resource_plugin: at java.lang.ClassLoader.loadClass(ClassLoader.java:312)
08-14 18:10:37.961 11640 11640 E MethodChannel#jojoy.app_resource_plugin: at android.graphics.drawable.DrawableInflater.inflateFromClass(DrawableInflater.java:2 05)
08-14 18:10:37.961 11640 11640 E MethodChannel#jojoy.app_resource_plugin: ... 29 more
