08-14 18:09:14.590 11640 11640 E MethodChannel#jojoy.app_resource_plugin: at android.graphics.drawable.Drawable.createFromXmlInnerForDensity(Drawable.java:1402)
08-14 18:09:14.590 11640 11640 E MethodChannel#jojoy.app_resource_plugin: at android.graphics.drawable.Drawable.createFromXmlForDensity(Drawable.java:1361)
08-14 18:09:14.590 11640 11640 E MethodChannel#jojoy.app_resource_plugin: at android.content.res.ResourcesImpl.createFromXmlForDensity(ResourcesImpl.java:1633)
08-14 18:09:14.590 11640 11640 E MethodChannel#jojoy.app_resource_plugin: at android.content.res.ResourcesImpl.loadXmlDrawable(ResourcesImpl.java:979)
08-14 18:09:14.590 11640 11640 E MethodChannel#jojoy.app_resource_plugin: at android.content.res.ResourcesImpl.loadDrawableForCookie(ResourcesImpl.java:897)
08-14 18:09:14.590 11640 11640 E MethodChannel#jojoy.app_resource_plugin: ... 23 more
08-14 18:09:14.590 11640 11640 E MethodChannel#jojoy.app_resource_plugin: Caused by: java.lang.ClassNotFoundException: Didn't find class "x" on path: DexPathList[[zip file "/data/app/~~443BwroT5Fnqspny0BcVbQ==/apkdone.com- lhKG54JJQVGEhjNhAZ825A==/base.apk"],nativeLibraryDirectories=[/data/app/ ~~443BwroT5Fnqspny0BcVbQ==/apkdone.com-lhKG54JJQVGEhjNhAZ825A==/lib/arm, /data/app/~~443BwroT5Fnqspny0BcVbQ==/apkdone.com-lhKG54JJQVGEhjNhAZ825A==/ base.apk!/lib/armeabi-v7a, /system/lib, /system/system_ext/lib]]
08-14 18:09:14.590 11640 11640 E MethodChannel#jojoy.app_resource_plugin: at dalvik.system.BaseDexClassLoader.findClass(BaseDexClassLoader.java:207)
08-14 18:09:14.590 11640 11640 E MethodChannel#jojoy.app_resource_plugin: at java.lang.ClassLoader.loadClass(ClassLoader.java:379)
08-14 18:09:14.590 11640 11640 E MethodChannel#jojoy.app_resource_plugin: at java.lang.ClassLoader.loadClass(ClassLoader.java:312)
08-14 18:09:14.590 11640 11640 E MethodChannel#jojoy.app_resource_plugin: at android.graphics.drawable.DrawableInflater.inflateFromClass(DrawableInflater.java:2 05)
08-14 18:09:14.590 11640 11640 E MethodChannel#jojoy.app_resource_plugin: ... 29 more
08-14 18:09:14.597 13136 13136 I DaemonService: DaemonInnerService -> onDestroy
08-14 18:09:14.652 11640 11640 D DecorView[]: getWindowModeFromSystem windowmode is 1
08-14 18:09:14.653 11640 11640 D DecorView: createDecorCaptionView windowingMode:1 mWindowMode 1 isFullscreen: true
08-14 18:09:14.732 11640 11640 D DecorView[]: getWindowModeFromSystem windowmode is 1
08-14 18:09:14.753 11640 11640 W ContentCatcher: Failed to notify a WebView
08-14 18:09:14.907 11640 11640 D SurfaceView: UPDATE null, mIsCastMode = false
08-14 18:09:15.052 11640 11640 I Ads : Ad failed to load : 3
08-14 18:09:15.054 11640 11640 I Ads : Ad failed to load : 3
08-14 18:09:15.302 11640 12146 E UnityAds: com.unity3d.services.core.api.Sdk.logError() (line:1) :: No fill for placement game_detail_banner
08-14 18:09:15.318 11640 11807 W RenderInspector: DequeueBuffer time out on apkdone.com/com.unity3d.services.ads.adunit.AdUnitActivity, count=1, avg=60 ms, max=60 ms.
08-14 18:09:15.381 11640 11640 D MediaPlayerNative: getMetadata
08-14 18:09:15.387 11640 11640 I UnityAds: com.unity3d.services.banners.BannerView.destroy() (line:8) :: Banner [game_detail_banner] was destroyed
08-14 18:09:15.396 11640 12146 W UnityAds: com.unity3d.services.core.device.Device.getNetworkType() (line:4) :: Unity Ads was not able to get current network type due to missing permission
08-14 18:09:15.413 11640 12146 W UnityAds: com.unity3d.services.core.device.Device.getNetworkType() (line:4) :: Unity Ads was not able to get current network type due to missing permission
08-14 18:09:17.458 11640 11640 D DecorView[]: getWindowModeFromSystem windowmode is 1
08-14 18:09:18.014 11640 11707 W MediaPlayerNative: info/warning (3, 0)
08-14 18:09:18.332 11640 12146 W UnityAds: com.unity3d.services.core.device.Device.getNetworkType() (line:4) :: Unity Ads was not able to get current network type due to missing permission
08-14 18:09:18.362 11640 12146 I UnityAds: com.unity3d.services.core.api.Sdk.logInfo() (line:1) :: Unity Ads event: sending start event to https://publisher-event.unityads.unity3d.com/events/v2/video/video_start/ 4557173/61817393a5ee9080046b0bd7-617bb77ad7122218583abb95
08-14 18:09:18.963 11640 11652 I apkdone.com: Background concurrent copying GC freed 139265(8214KB) AllocSpace objects, 113(3076KB) LOS objects, 49% free, 10MB/21MB, paused 182us total 118.944ms
08-14 18:09:21.170 11640 11667 I TRuntime.CctTransportBackend: Making request to: https://firebaselogging-pa.googleapis.com/v1/firelog/legacy/batchlog
08-14 18:09:21.516 11640 11667 I TRuntime.CctTransportBackend: Status Code: 200
08-14 18:09:23.318 11640 12146 W UnityAds: com.unity3d.services.core.device.Device.getNetworkType() (line:4) :: Unity Ads was not able to get current network type due to missing permission
08-14 18:09:23.339 11640 12146 W UnityAds: com.unity3d.services.core.device.Device.getNetworkType() (line:4) :: Unity Ads was not able to get current network type due to missing permission
08-14 18:09:25.071 11640 12146 W UnityAds: com.unity3d.services.core.device.Device.getNetworkType() (line:4) :: Unity Ads was not able to get current network type due to missing permission
08-14 18:09:25.100 11640 12146 I UnityAds: com.unity3d.services.core.api.Sdk.logInfo() (line:1) :: Unity Ads event: sending first_quartile event to https://publisher-event.unityads.unity3d.com/events/v2/video/first_quartile/ 4557173/61817393a5ee9080046b0bd7-617bb77ad7122218583abb95
08-14 18:09:31.318 11640 12146 W UnityAds: com.unity3d.services.core.device.Device.getNetworkType() (line:4) :: Unity Ads was not able to get current network type due to missing permission
08-14 18:09:31.335 11640 12146 I UnityAds: com.unity3d.services.core.api.Sdk.logInfo() (line:1) :: Unity Ads event: sending midpoint event to https://publisher-event.unityads.unity3d.com/events/v2/video/midpoint/ 4557173/61817393a5ee9080046b0bd7-617bb77ad7122218583abb95
08-14 18:09:37.008 11640 11807 W RenderInspector: DequeueBuffer time out on apkdone.com/com.unity3d.services.ads.adunit.AdUnitActivity, count=1, avg=19 ms, max=19 ms.
08-14 18:09:37.245 11640 11807 W RenderInspector: DequeueBuffer time out on apkdone.com/com.unity3d.services.ads.adunit.AdUnitActivity, count=1, avg=19 ms, max=19 ms.
08-14 18:09:37.738 11640 11807 W RenderInspector: DequeueBuffer time out on apkdone.com/com.unity3d.services.ads.adunit.AdUnitActivity, count=1, avg=17 ms, max=17 ms.
08-14 18:09:37.817 11640 12146 W UnityAds: com.unity3d.services.core.device.Device.getNetworkType() (line:4) :: Unity Ads was not able to get current network type due to missing permission
08-14 18:09:37.904 11640 11807 W RenderInspector: DequeueBuffer time out on apkdone.com/com.unity3d.services.ads.adunit.AdUnitActivity, count=1, avg=20 ms, max=20 ms.
08-14 18:09:37.959 11640 12146 I UnityAds: com.unity3d.services.core.api.Sdk.logInfo() (line:1) :: Unity Ads event: sending third_quartile event to https://publisher-event.unityads.unity3d.com/events/v2/video/third_quartile/ 4557173/61817393a5ee9080046b0bd7-617bb77ad7122218583abb95
08-14 18:09:38.125 11640 11807 W RenderInspector: DequeueBuffer time out on apkdone.com/com.unity3d.services.ads.adunit.AdUnitActivity, count=4, avg=12 ms, max=17 ms.
08-14 18:09:38.332 11640 11807 W RenderInspector: DequeueBuffer time out on apkdone.com/com.unity3d.services.ads.adunit.AdUnitActivity, count=1, avg=20 ms, max=20 ms.
08-14 18:09:38.865 11640 11807 W RenderInspector: DequeueBuffer time out on apkdone.com/com.unity3d.services.ads.adunit.AdUnitActivity, count=1, avg=16 ms, max=16 ms.
08-14 18:09:39.210 11640 11807 W RenderInspector: DequeueBuffer time out on apkdone.com/com.unity3d.services.ads.adunit.AdUnitActivity, count=1, avg=17 ms, max=17 ms.
08-14 18:09:43.675 11640 11807 W RenderInspector: DequeueBuffer time out on apkdone.com/com.unity3d.services.ads.adunit.AdUnitActivity, count=1, avg=22 ms, max=22 ms.
08-14 18:09:43.967 11640 11640 D DecorView[]: getWindowModeFromSystem windowmode is 1
08-14 18:09:44.428 11640 11640 W Looper : PerfMonitor doFrame : time=508ms vsyncFrame=0 latency=54ms procState=2 historyMsgCount=2 (msgIndex=1 wall=58ms seq=8995 running=3ms io=49ms h=android.media.MediaPlayer$EventHandler w=2)
08-14 18:09:44.438 11640 11640 W Looper : PerfMonitor doFrame : time=9ms vsyncFrame=0 latency=497ms procState=2 historyMsgCount=2 (msgIndex=1 wall=508ms seq=8997 running=77ms runnable=5ms io=380ms late=54ms h=android.view.Choreographer$FrameHandler c=android.view.Choreographer$FrameDisplayEventReceiver)
08-14 18:09:44.625 11640 12146 W UnityAds: com.unity3d.services.core.device.Device.getNetworkType() (line:4) :: Unity Ads was not able to get current network type due to missing permission
08-14 18:09:44.752 11640 11640 V MediaPlayer: resetDrmState: mDrmInfo=null mDrmProvisioningThread=null mPrepareDrmInProgress=false mActiveDrmScheme=false
08-14 18:09:44.753 11640 11640 V MediaPlayer: cleanDrmObj: mDrmObj=null mDrmSessionId=null
08-14 18:09:44.841 11640 11640 D SurfaceView: UPDATE Surface(name=SurfaceView - apkdone.com/com.unity3d.services.ads.adunit.AdUnitActivity)/@0xbf495aa, mIsCastMode = false
08-14 18:09:45.039 11640 12146 I UnityAds: com.unity3d.services.core.api.Sdk.logInfo() (line:1) :: Unity Ads event: sending view event to https://publisher-event.unityads.unity3d.com/events/v2/video/video_end/ 4557173/61817393a5ee9080046b0bd7-617bb77ad7122218583abb95
08-14 18:09:45.140 11640 11807 W RenderInspector: DequeueBuffer time out on apkdone.com/com.unity3d.services.ads.adunit.AdUnitActivity, count=1, avg=16 ms, max=16 ms.
08-14 18:09:45.913 11640 11807 W RenderInspector: DequeueBuffer time out on apkdone.com/com.unity3d.services.ads.adunit.AdUnitActivity, count=1, avg=17 ms, max=17 ms.
08-14 18:09:52.469 11640 11640 W ContentCatcher: Failed to notify a WebView
08-14 18:09:52.477 11640 11640 W Activity: Slow Operation: Activity apkdone.com/com.unity3d.services.ads.adunit.AdUnitActivity onPause took 96ms
08-14 18:09:52.805 11640 11807 W RenderInspector: DequeueBuffer time out on apkdone.com/com.example.MainActivity, count=1, avg=17 ms, max=17 ms.
08-14 18:09:52.847 11640 11652 I apkdone.com: Background young concurrent copying GC freed 116365(9246KB) AllocSpace objects, 45(1528KB) LOS objects, 45% free, 11MB/21MB, paused 218us total 142.413ms
08-14 18:09:52.852 11640 11654 W System : A resource failed to call end.
08-14 18:09:52.852 11640 11654 I chatty : uid=11400(apkdone.com) FinalizerDaemon identical 1 line
08-14 18:09:52.864 11640 11654 W System : A resource failed to call end.
08-14 18:09:52.924 11640 11640 D DynamitePackage: Instantiating com.google.android.gms.ads.ChimeraAdManagerCreatorImpl
08-14 18:09:52.952 11640 11640 I Ads : Use RequestConfiguration.Builder().setTestDeviceIds(Arrays.asList("A6C8D8E54F9C2046154C 0FAA5A68B56A")) to get test ads on this device.
08-14 18:09:52.994 11640 11640 W ConnectionStatusConfig: Dynamic lookup for intent failed for action: com.google.android.gms.ads.service.CACHE
08-14 18:09:53.002 11640 13100 I AudioManager: In isSpeakerphoneOn(), calling application: apkdone.com
08-14 18:09:53.024 11640 14592 W ConnectionStatusConfig: Dynamic lookup for intent failed for action: com.google.android.gms.ads.service.START
08-14 18:09:53.856 11640 11640 I Ads : Ad failed to load : 3
08-14 18:09:53.867 11640 12146 E UnityAds: com.unity3d.services.core.api.Sdk.logError() (line:1) :: No fill for placement game_detail_banner
08-14 18:09:53.894 11640 11640 I UnityAds: com.unity3d.services.banners.BannerView.destroy() (line:8) :: Banner [game_detail_banner] was destroyed
08-14 18:10:02.580 11640 11725 E FA : Name must consist of letters, digits or _ (underscores). Type, name: event, app-mod_tab
08-14 18:10:02.581 11640 11725 E FA : Invalid public event name. Event will not be logged (FE): app-mod_tab
08-14 18:10:02.597 11640 11640 D DynamitePackage: Instantiating com.google.android.gms.ads.ChimeraAdManagerCreatorImpl
08-14 18:10:02.603 11640 11640 I Ads : Use RequestConfiguration.Builder().setTestDeviceIds(Arrays.asList("A6C8D8E54F9C2046154C 0FAA5A68B56A")) to get test ads on this device.
08-14 18:10:02.614 11640 14590 I AudioManager: In isSpeakerphoneOn(), calling application: apkdone.com
08-14 18:10:02.636 11640 14629 W ConnectionStatusConfig: Dynamic lookup for intent failed for action: com.google.android.gms.ads.service.START
08-14 18:10:03.195 11640 11640 I Ads : Ad failed to load : 3
08-14 18:10:03.218 11640 12146 E UnityAds: com.unity3d.services.core.api.Sdk.logError() (line:1) :: No fill for placement game_detail_banner
08-14 18:10:03.241 11640 11640 I UnityAds: com.unity3d.services.banners.BannerView.destroy() (line:8) :: Banner [game_detail_banner] was destroyed
08-14 18:10:03.313 11640 11807 W RenderInspector: QueueBuffer time out on apkdone.com/com.example.MainActivity, count=3, avg=18 ms, max=24 ms.
08-14 18:10:06.959 11640 11640 D MIUIInput: [KeyEvent] ViewRootImpl KeyEvent { action=ACTION_DOWN, keyCode=KEYCODE_BACK, scanCode=0, metaState=0, flags=0x8, repeatCount=0, eventTime=414571929, downTime=414571929, deviceId=-1, source=0x101, displayId=0 }
08-14 18:10:07.035 11640 11640 D MIUIInput: [KeyEvent] ViewRootImpl KeyEvent { action=ACTION_UP, keyCode=KEYCODE_BACK, scanCode=0, metaState=0, flags=0x8, repeatCount=0, eventTime=414571929, downTime=414571929, deviceId=-1, source=0x101, displayId=0 }
08-14 18:10:07.088 11640 11640 D DynamitePackage: Instantiating com.google.android.gms.ads.ChimeraAdManagerCreatorImpl
08-14 18:10:07.092 11640 11640 I Ads : Use RequestConfiguration.Builder().setTestDeviceIds(Arrays.asList("A6C8D8E54F9C2046154C 0FAA5A68B56A")) to get test ads on this device.
08-14 18:10:07.105 11640 14573 I AudioManager: In isSpeakerphoneOn(), calling application: apkdone.com
08-14 18:10:07.118 11640 14584 W Ads : Not retrying to fetch app settings
08-14 18:10:07.391 11640 11640 D DynamitePackage: Instantiating com.google.android.gms.ads.ChimeraAdManagerCreatorImpl
08-14 18:10:07.395 11640 11640 I Ads : Use RequestConfiguration.Builder().setTestDeviceIds(Arrays.asList("A6C8D8E54F9C2046154C 0FAA5A68B56A")) to get test ads on this device.
08-14 18:10:07.402 11640 14643 I AudioManager: In isSpeakerphoneOn(), calling application: apkdone.com
08-14 18:10:07.410 11640 11640 D DynamitePackage: Instantiating com.google.android.gms.ads.ChimeraAdLoaderBuilderCreatorImpl
08-14 18:10:07.413 11640 11640 I Ads : Use RequestConfiguration.Builder().setTestDeviceIds(Arrays.asList("A6C8D8E54F9C2046154C 0FAA5A68B56A")) to get test ads on this device.
08-14 18:10:07.419 11640 14644 W Ads : Not retrying to fetch app settings
08-14 18:10:07.422 11640 14579 I AudioManager: In isSpeakerphoneOn(), calling application: apkdone.com
08-14 18:10:07.431 11640 11640 D DynamitePackage: Instantiating com.google.android.gms.ads.ChimeraAdLoaderBuilderCreatorImpl
08-14 18:10:07.435 11640 11640 I Ads : Use RequestConfiguration.Builder().setTestDeviceIds(Arrays.asList("A6C8D8E54F9C2046154C 0FAA5A68B56A")) to get test ads on this device.
08-14 18:10:07.442 11640 14644 I AudioManager: In isSpeakerphoneOn(), calling application: apkdone.com
08-14 18:10:07.456 11640 11640 D DynamitePackage: Instantiating com.google.android.gms.ads.ChimeraAdManagerCreatorImpl
08-14 18:10:07.460 11640 11640 I Ads : Use RequestConfiguration.Builder().setTestDeviceIds(Arrays.asList("A6C8D8E54F9C2046154C 0FAA5A68B56A")) to get test ads on this device.
08-14 18:10:07.461 11640 14575 W Ads : Not retrying to fetch app settings
08-14 18:10:07.468 11640 14591 W Ads : Not retrying to fetch app settings
08-14 18:10:07.468 11640 14585 I AudioManager: In isSpeakerphoneOn(), calling application: apkdone.com
08-14 18:10:07.493 11640 11640 D DynamitePackage: Instantiating com.google.android.gms.ads.ChimeraAdManagerCreatorImpl
08-14 18:10:07.497 11640 11640 I Ads : Use RequestConfiguration.Builder().setTestDeviceIds(Arrays.asList("A6C8D8E54F9C2046154C 0FAA5A68B56A")) to get test ads on this device.
08-14 18:10:07.499 11640 14591 W Ads : Not retrying to fetch app settings
08-14 18:10:07.508 11640 14573 I AudioManager: In isSpeakerphoneOn(), calling application: apkdone.com
08-14 18:10:07.532 11640 14579 W Ads : Not retrying to fetch app settings
08-14 18:10:07.693 11640 11640 I Ads : Ad failed to load : 3
08-14 18:10:07.744 11640 12146 E UnityAds: com.unity3d.services.core.api.Sdk.logError() (line:1) :: No fill for placement game_detail_banner
08-14 18:10:07.765 11640 11640 I UnityAds: com.unity3d.services.banners.BannerView.destroy() (line:8) :: Banner [game_detail_banner] was destroyed
08-14 18:10:08.111 11640 11640 I Ads : Ad failed to load : 3
08-14 18:10:08.117 11640 14590 I Ads : Ad failed to load : 3
08-14 18:10:08.123 11640 12146 E UnityAds: com.unity3d.services.core.api.Sdk.logError() (line:1) :: No fill for placement app_top_banner
08-14 18:10:08.138 11640 14591 I Ads : Ad failed to load : 3
08-14 18:10:08.145 11640 11640 I Ads : Ad failed to load : 3
08-14 18:10:08.154 11640 11640 I UnityAds: com.unity3d.services.banners.BannerView.destroy() (line:8) :: Banner [app_top_banner] was destroyed
08-14 18:10:08.164 11640 12146 E UnityAds: com.unity3d.services.core.api.Sdk.logError() (line:1) :: No fill for placement search_game_all_price
08-14 18:10:08.177 11640 11640 I UnityAds: com.unity3d.services.banners.BannerView.destroy() (line:8) :: Banner [search_game_all_price] was destroyed
08-14 18:10:08.245 11640 11640 I Ads : Ad failed to load : 3
08-14 18:10:08.262 11640 12146 E UnityAds: com.unity3d.services.core.api.Sdk.logError() (line:1) :: No fill for placement my_game_banner_all_price
08-14 18:10:08.283 11640 11640 I UnityAds: com.unity3d.services.banners.BannerView.destroy() (line:8) :: Banner [my_game_banner_all_price] was destroyed
08-14 18:10:21.529 11640 11652 I apkdone.com: Background concurrent copying GC freed 142200(7990KB) AllocSpace objects, 87(1996KB) LOS objects, 49% free, 10MB/21MB, paused 178us total 104.570ms
08-14 18:10:21.535 11640 11654 W System : A resource failed to call end.
08-14 18:10:23.288 11640 11667 I TRuntime.CctTransportBackend: Making request to: https://firebaselogging-pa.googleapis.com/v1/firelog/legacy/batchlog
08-14 18:10:26.153 11640 11667 I TRuntime.CctTransportBackend: Status Code: 200
08-14 18:10:28.379 11640 11640 D DynamitePackage: Instantiating com.google.android.gms.ads.ChimeraAdManagerCreatorImpl
08-14 18:10:28.383 11640 11640 I Ads : Use RequestConfiguration.Builder().setTestDeviceIds(Arrays.asList("A6C8D8E54F9C2046154C 0FAA5A68B56A")) to get test ads on this device.
08-14 18:10:28.407 11640 11640 D DynamitePackage: Instantiating com.google.android.gms.ads.ChimeraAdManagerCreatorImpl
08-14 18:10:28.412 11640 11640 I Ads : Use RequestConfiguration.Builder().setTestDeviceIds(Arrays.asList("A6C8D8E54F9C2046154C 0FAA5A68B56A")) to get test ads on this device.
08-14 18:10:28.412 11640 14689 I AudioManager: In isSpeakerphoneOn(), calling application: apkdone.com
08-14 18:10:28.420 11640 14685 I AudioManager: In isSpeakerphoneOn(), calling application: apkdone.com
08-14 18:10:28.431 11640 11640 D DynamitePackage: Instantiating com.google.android.gms.ads.ChimeraAdManagerCreatorImpl
08-14 18:10:28.433 11640 14690 W Ads : Not retrying to fetch app settings
08-14 18:10:28.434 11640 11640 I Ads : Use RequestConfiguration.Builder().setTestDeviceIds(Arrays.asList("A6C8D8E54F9C2046154C 0FAA5A68B56A")) to get test ads on this device.
08-14 18:10:28.435 11640 14694 W ConnectionStatusConfig: Dynamic lookup for intent failed for action: com.google.android.gms.ads.service.START
08-14 18:10:28.442 11640 14691 I AudioManager: In isSpeakerphoneOn(), calling application: apkdone.com
08-14 18:10:28.449 11640 11640 D DynamitePackage: Instantiating com.google.android.gms.ads.ChimeraAdLoaderBuilderCreatorImpl
08-14 18:10:28.452 11640 11640 I Ads : Use RequestConfiguration.Builder().setTestDeviceIds(Arrays.asList("A6C8D8E54F9C2046154C 0FAA5A68B56A")) to get test ads on this device.
08-14 18:10:28.460 11640 14692 I AudioManager: In isSpeakerphoneOn(), calling application: apkdone.com
08-14 18:10:28.461 11640 14683 W Ads : Not retrying to fetch app settings
08-14 18:10:28.472 11640 11640 D DynamitePackage: Instantiating com.google.android.gms.ads.ChimeraAdLoaderBuilderCreatorImpl
08-14 18:10:28.474 11640 11640 I Ads : Use RequestConfiguration.Builder().setTestDeviceIds(Arrays.asList("A6C8D8E54F9C2046154C 0FAA5A68B56A")) to get test ads on this device.
08-14 18:10:28.481 11640 14688 W Ads : Not retrying to fetch app settings
08-14 18:10:28.483 11640 14689 I AudioManager: In isSpeakerphoneOn(), calling application: apkdone.com
08-14 18:10:28.494 11640 11640 D DynamitePackage: Instantiating com.google.android.gms.ads.ChimeraAdManagerCreatorImpl
08-14 18:10:28.497 11640 14690 W Ads : Not retrying to fetch app settings
08-14 18:10:28.498 11640 11640 I Ads : Use RequestConfiguration.Builder().setTestDeviceIds(Arrays.asList("A6C8D8E54F9C2046154C 0FAA5A68B56A")) to get test ads on this device.
08-14 18:10:28.507 11640 14684 I AudioManager: In isSpeakerphoneOn(), calling application: apkdone.com
08-14 18:10:28.526 11640 14573 W Ads : Not retrying to fetch app settings
08-14 18:10:29.016 11640 11640 I Ads : Ad failed to load : 3
08-14 18:10:29.044 11640 12146 E UnityAds: com.unity3d.services.core.api.Sdk.logError() (line:1) :: No fill for placement game_detail_banner
08-14 18:10:29.057 11640 11640 I UnityAds: com.unity3d.services.banners.BannerView.destroy() (line:8) :: Banner [game_detail_banner] was destroyed
08-14 18:10:29.067 11640 14689 I Ads : Ad failed to load : 3
08-14 18:10:29.134 11640 11640 I Ads : Ad failed to load : 3
08-14 18:10:29.154 11640 12146 E UnityAds: com.unity3d.services.core.api.Sdk.logError() (line:1) :: No fill for placement my_game_banner_all_price
08-14 18:10:29.183 11640 11640 I UnityAds: com.unity3d.services.banners.BannerView.destroy() (line:8) :: Banner [my_game_banner_all_price] was destroyed
08-14 18:10:29.208 11640 14683 I Ads : Ad failed to load : 3
08-14 18:10:29.284 11640 11640 I Ads : Ad failed to load : 3
08-14 18:10:29.293 11640 12146 E UnityAds: com.unity3d.services.core.api.Sdk.logError() (line:1) :: No fill for placement app_top_banner
08-14 18:10:29.299 11640 11640 I UnityAds: com.unity3d.services.banners.BannerView.destroy() (line:8) :: Banner [app_top_banner] was destroyed
08-14 18:10:29.486 11640 11640 I Ads : Ad failed to load : 3
08-14 18:10:29.493 11640 12146 E UnityAds: com.unity3d.services.core.api.Sdk.logError() (line:1) :: No fill for placement search_game_all_price
08-14 18:10:29.514 11640 11640 I UnityAds: com.unity3d.services.banners.BannerView.destroy() (line:8) :: Banner [search_game_all_price] was destroyed
08-14 18:10:30.823 11640 11640 E MethodChannel#jojoy.app_resource_plugin: Failed to handle method call
08-14 18:10:30.823 11640 11640 E MethodChannel#jojoy.app_resource_plugin: android.content.res.Resources$NotFoundException: Drawable apkdone.com:mipmap/ic_launcher_foreground with resource ID #0x7f0f0001
08-14 18:10:30.823 11640 11640 E MethodChannel#jojoy.app_resource_plugin: Caused by: android.content.res.Resources$NotFoundException: File res/mipmap/ic_launcher_foreground.xml from drawable resource ID #0x7f0f0001
08-14 18:10:30.823 11640 11640 E MethodChannel#jojoy.app_resource_plugin: at android.content.res.ResourcesImpl.loadDrawableForCookie(ResourcesImpl.java:914)
08-14 18:10:30.823 11640 11640 E MethodChannel#jojoy.app_resource_plugin: at android.content.res.ResourcesImpl.originalLoadDrawable(ResourcesImpl.java:693)
08-14 18:10:30.823 11640 11640 E MethodChannel#jojoy.app_resource_plugin: at android.content.res.ResourcesImpl.loadDrawable(ResourcesImpl.java:600)
08-14 18:10:30.823 11640 11640 E MethodChannel#jojoy.app_resource_plugin: at android.content.res.MiuiResourcesImpl.loadDrawable(MiuiResourcesImpl.java:307)
08-14 18:10:30.823 11640 11640 E MethodChannel#jojoy.app_resource_plugin: at android.content.res.Resources.loadDrawable(Resources.java:1010)
08-14 18:10:30.823 11640 11640 E MethodChannel#jojoy.app_resource_plugin: at android.content.res.Resources.getDrawableForDensity(Resources.java:1000)
08-14 18:10:30.823 11640 11640 E MethodChannel#jojoy.app_resource_plugin: at android.content.res.Resources.getDrawable(Resources.java:939)
08-14 18:10:30.823 11640 11640 E MethodChannel#jojoy.app_resource_plugin: at android.content.Context.getDrawable(Context.java:702)
08-14 18:10:30.823 11640 11640 E MethodChannel#jojoy.app_resource_plugin: at androidx.core.content.ContextCompat$Api21Impl.getDrawable(Unknown Source:0)
08-14 18:10:30.823 11640 11640 E MethodChannel#jojoy.app_resource_plugin: at androidx.core.content.ContextCompat.getDrawable(Unknown Source:0)
08-14 18:10:30.823 11640 11640 E MethodChannel#jojoy.app_resource_plugin: at com.example.plugin.AppResourcePlugin.a(AppResourcePlugin.kt:4)
08-14 18:10:30.823 11640 11640 E MethodChannel#jojoy.app_resource_plugin: at com.example.plugin.AppResourcePlugin.onMethodCall(AppResourcePlugin.kt:22)
08-14 18:10:30.823 11640 11640 E MethodChannel#jojoy.app_resource_plugin: at io.flutter.plugin.common.MethodChannel$IncomingMethodCallHandler.onMessage(MethodCh annel.java:2)
08-14 18:10:30.823 11640 11640 E MethodChannel#jojoy.app_resource_plugin: at io.flutter.embedding.engine.dart.DartMessenger.invokeHandler(DartMessenger.java:2)
08-14 18:10:30.823 11640 11640 E MethodChannel#jojoy.app_resource_plugin: at io.flutter.embedding.engine.dart.DartMessenger.lambda$dispatchMessageToQueue$0(Dart Messenger.java:2)
08-14 18:10:30.823 11640 11640 E MethodChannel#jojoy.app_resource_plugin: at io.flutter.embedding.engine.dart.DartMessenger.a(Unknown Source:0)
08-14 18:10:30.823 11640 11640 E MethodChannel#jojoy.app_resource_plugin: at io.flutter.embedding.engine.dart.a.run(Unknown Source:12)
08-14 18:10:30.823 11640 11640 E MethodChannel#jojoy.app_resource_plugin: at android.os.Handler.handleCallback(Handler.java:938)
08-14 18:10:30.823 11640 11640 E MethodChannel#jojoy.app_resource_plugin: at android.os.Handler.dispatchMessage(Handler.java:99)
08-14 18:10:30.823 11640 11640 E MethodChannel#jojoy.app_resource_plugin: at android.os.Looper.loop(Looper.java:236)
08-14 18:10:30.823 11640 11640 E MethodChannel#jojoy.app_resource_plugin: at android.app.ActivityThread.main(ActivityThread.java:8037)
08-14 18:10:30.823 11640 11640 E MethodChannel#jojoy.app_resource_plugin: at java.lang.reflect.Method.invoke(Native Method)
08-14 18:10:30.823 11640 11640 E MethodChannel#jojoy.app_resource_plugin: at com.android.internal.os.RuntimeInit$MethodAndArgsCaller.run(RuntimeInit.java:656)
08-14 18:10:30.823 11640 11640 E MethodChannel#jojoy.app_resource_plugin: at com.android.internal.os.ZygoteInit.main(ZygoteInit.java:967)
08-14 18:10:30.823 11640 11640 E MethodChannel#jojoy.app_resource_plugin: Caused by: android.view.InflateException: Class not found x
08-14 18:10:30.823 11640 11640 E MethodChannel#jojoy.app_resource_plugin: at android.graphics.drawable.DrawableInflater.inflateFromClass(DrawableInflater.java:2 24)
08-14 18:10:30.823 11640 11640 E MethodChannel#jojoy.app_resource_plugin: at android.graphics.drawable.DrawableInflater.inflateFromXmlForDensity(DrawableInflate r.java:141)
08-14 18:10:30.823 11640 11640 E MethodChannel#jojoy.app_resource_plugin: at android.graphics.drawable.Drawable.createFromXmlInnerForDensity(Drawable.java:1402)
08-14 18:10:30.823 11640 11640 E MethodChannel#jojoy.app_resource_plugin: at android.graphics.drawable.Drawable.createFromXmlForDensity(Drawable.java:1361)
08-14 18:10:30.823 11640 11640 E MethodChannel#jojoy.app_resource_plugin: at android.content.res.ResourcesImpl.createFromXmlForDensity(ResourcesImpl.java:1633)
08-14 18:10:30.823 11640 11640 E MethodChannel#jojoy.app_resource_plugin: at android.content.res.ResourcesImpl.loadXmlDrawable(ResourcesImpl.java:979)
08-14 18:10:30.823 11640 11640 E MethodChannel#jojoy.app_resource_plugin: at android.content.res.ResourcesImpl.loadDrawableForCookie(ResourcesImpl.java:897)
08-14 18:10:30.823 11640 11640 E MethodChannel#jojoy.app_resource_plugin: ... 23 more
08-14 18:10:30.823 11640 11640 E MethodChannel#jojoy.app_resource_plugin: Caused by: java.lang.ClassNotFoundException: Didn't find class "x" on path: DexPathList[[zip file "/data/app/~~443BwroT5Fnqspny0BcVbQ==/apkdone.com- lhKG54JJQVGEhjNhAZ825A==/base.apk"],nativeLibraryDirectories=[/data/app/ ~~443BwroT5Fnqspny0BcVbQ==/apkdone.com-lhKG54JJQVGEhjNhAZ825A==/lib/arm, /data/app/~~443BwroT5Fnqspny0BcVbQ==/apkdone.com-lhKG54JJQVGEhjNhAZ825A==/ base.apk!/lib/armeabi-v7a, /system/lib, /system/system_ext/lib]]
08-14 18:10:30.823 11640 11640 E MethodChannel#jojoy.app_resource_plugin: at dalvik.system.BaseDexClassLoader.findClass(BaseDexClassLoader.java:207)
08-14 18:10:30.823 11640 11640 E MethodChannel#jojoy.app_resource_plugin: at java.lang.ClassLoader.loadClass(ClassLoader.java:379)
08-14 18:10:30.823 11640 11640 E MethodChannel#jojoy.app_resource_plugin: at java.lang.ClassLoader.loadClass(ClassLoader.java:312)
08-14 18:10:30.823 11640 11640 E MethodChannel#jojoy.app_resource_plugin: at android.graphics.drawable.DrawableInflater.inflateFromClass(DrawableInflater.java:2 05)
08-14 18:10:30.823 11640 11640 E MethodChannel#jojoy.app_resource_plugin: ... 29 more
08-14 18:10:30.835 11640 11640 D DynamitePackage: Instantiating com.google.android.gms.ads.ChimeraAdManagerCreatorImpl
08-14 18:10:30.839 11640 11640 I Ads : Use RequestConfiguration.Builder().setTestDeviceIds(Arrays.asList("A6C8D8E54F9C2046154C 0FAA5A68B56A")) to get test ads on this device.
08-14 18:10:30.845 11640 14690 I AudioManager: In isSpeakerphoneOn(), calling application: apkdone.com
08-14 18:10:30.854 11640 11640 D DynamitePackage: Instantiating com.google.android.gms.ads.ChimeraAdManagerCreatorImpl
08-14 18:10:30.857 11640 11640 I Ads : Use RequestConfiguration.Builder().setTestDeviceIds(Arrays.asList("A6C8D8E54F9C2046154C 0FAA5A68B56A")) to get test ads on this device.
08-14 18:10:30.864 11640 14692 I AudioManager: In isSpeakerphoneOn(), calling application: apkdone.com
08-14 18:10:30.873 11640 14692 W Ads : Not retrying to fetch app settings
08-14 18:10:30.879 11640 11640 D DynamitePackage: Instantiating com.google.android.gms.ads.ChimeraAdLoaderBuilderCreatorImpl
08-14 18:10:30.881 11640 11640 I Ads : Use RequestConfiguration.Builder().setTestDeviceIds(Arrays.asList("A6C8D8E54F9C2046154C 0FAA5A68B56A")) to get test ads on this device.
08-14 18:10:30.890 11640 14692 W Ads : Not retrying to fetch app settings
08-14 18:10:30.900 11640 14692 I AudioManager: In isSpeakerphoneOn(), calling application: apkdone.com
08-14 18:10:30.910 11640 11640 D DynamitePackage: Instantiating com.google.android.gms.ads.ChimeraAdLoaderBuilderCreatorImpl
08-14 18:10:30.913 11640 11640 I Ads : Use RequestConfiguration.Builder().setTestDeviceIds(Arrays.asList("A6C8D8E54F9C2046154C 0FAA5A68B56A")) to get test ads on this device.
08-14 18:10:30.918 11640 14687 W Ads : Not retrying to fetch app settings
08-14 18:10:30.924 11640 14686 I AudioManager: In isSpeakerphoneOn(), calling application: apkdone.com
08-14 18:10:30.927 11640 11640 D DynamitePackage: Instantiating com.google.android.gms.ads.ChimeraAdManagerCreatorImpl
08-14 18:10:30.930 11640 11640 I Ads : Use RequestConfiguration.Builder().setTestDeviceIds(Arrays.asList("A6C8D8E54F9C2046154C 0FAA5A68B56A")) to get test ads on this device.
08-14 18:10:30.939 11640 14642 I AudioManager: In isSpeakerphoneOn(), calling application: apkdone.com
08-14 18:10:30.954 11640 14642 W Ads : Not retrying to fetch app settings
08-14 18:10:30.961 11640 11640 D DynamitePackage: Instantiating com.google.android.gms.ads.ChimeraAdManagerCreatorImpl
08-14 18:10:30.969 11640 11640 I Ads : Use RequestConfiguration.Builder().setTestDeviceIds(Arrays.asList("A6C8D8E54F9C2046154C 0FAA5A68B56A")) to get test ads on this device.
08-14 18:10:30.978 11640 14690 I AudioManager: In isSpeakerphoneOn(), calling application: apkdone.com
08-14 18:10:30.986 11640 14686 W Ads : Not retrying to fetch app settings
08-14 18:10:30.997 11640 11640 D Installations: Installation ID: c83wtf75RJqP9ohDf- c3xt
08-14 18:10:31.006 11640 14686 W Ads : Not retrying to fetch app settings
08-14 18:10:31.318 11640 11640 I Ads : Ad failed to load : 3
08-14 18:10:31.337 11640 12146 E UnityAds: com.unity3d.services.core.api.Sdk.logError() (line:1) :: No fill for placement app_top_banner
08-14 18:10:31.354 11640 11640 I UnityAds: com.unity3d.services.banners.BannerView.destroy() (line:8) :: Banner [app_top_banner] was destroyed
08-14 18:10:31.383 11640 11640 I Ads : Ad failed to load : 3
08-14 18:10:31.395 11640 11640 E MethodChannel#jojoy.app_resource_plugin: Failed to handle method call
08-14 18:10:31.395 11640 11640 E MethodChannel#jojoy.app_resource_plugin: android.content.res.Resources$NotFoundException: Drawable apkdone.com:mipmap/ic_launcher_foreground with resource ID #0x7f0f0001
08-14 18:10:31.395 11640 11640 E MethodChannel#jojoy.app_resource_plugin: Caused by: android.content.res.Resources$NotFoundException: File res/mipmap/ic_launcher_foreground.xml from drawable resource ID #0x7f0f0001
08-14 18:10:31.395 11640 11640 E MethodChannel#jojoy.app_resource_plugin: at android.content.res.ResourcesImpl.loadDrawableForCookie(ResourcesImpl.java:914)
08-14 18:10:31.395 11640 11640 E MethodChannel#jojoy.app_resource_plugin: at android.content.res.ResourcesImpl.originalLoadDrawable(ResourcesImpl.java:693)
08-14 18:10:31.395 11640 11640 E MethodChannel#jojoy.app_resource_plugin: at android.content.res.ResourcesImpl.loadDrawable(ResourcesImpl.java:600)
08-14 18:10:31.395 11640 11640 E MethodChannel#jojoy.app_resource_plugin: at android.content.res.MiuiResourcesImpl.loadDrawable(MiuiResourcesImpl.java:307)
08-14 18:10:31.395 11640 11640 E MethodChannel#jojoy.app_resource_plugin: at android.content.res.Resources.loadDrawable(Resources.java:1010)
08-14 18:10:31.395 11640 11640 E MethodChannel#jojoy.app_resource_plugin: at android.content.res.Resources.getDrawableForDensity(Resources.java:1000)
08-14 18:10:31.395 11640 11640 E MethodChannel#jojoy.app_resource_plugin: at android.content.res.Resources.getDrawable(Resources.java:939)
08-14 18:10:31.395 11640 11640 E MethodChannel#jojoy.app_resource_plugin: at android.content.Context.getDrawable(Context.java:702)
08-14 18:10:31.395 11640 11640 E MethodChannel#jojoy.app_resource_plugin: at androidx.core.content.ContextCompat$Api21Impl.getDrawable(Unknown Source:0)
08-14 18:10:31.395 11640 11640 E MethodChannel#jojoy.app_resource_plugin: at androidx.core.content.ContextCompat.getDrawable(Unknown Source:0)
08-14 18:10:31.395 11640 11640 E MethodChannel#jojoy.app_resource_plugin: at com.example.plugin.AppResourcePlugin.a(AppResourcePlugin.kt:4)
08-14 18:10:31.395 11640 11640 E MethodChannel#jojoy.app_resource_plugin: at com.example.plugin.AppResourcePlugin.onMethodCall(AppResourcePlugin.kt:22)
08-14 18:10:31.395 11640 11640 E MethodChannel#jojoy.app_resource_plugin: at io.flutter.plugin.common.MethodChannel$IncomingMethodCallHandler.onMessage(MethodCh annel.java:2)
08-14 18:10:31.395 11640 11640 E MethodChannel#jojoy.app_resource_plugin: at io.flutter.embedding.engine.dart.DartMessenger.invokeHandler(DartMessenger.java:2)
08-14 18:10:31.395 11640 11640 E MethodChannel#jojoy.app_resource_plugin: at io.flutter.embedding.engine.dart.DartMessenger.lambda$dispatchMessageToQueue$0(Dart Messenger.java:2)
08-14 18:10:31.395 11640 11640 E MethodChannel#jojoy.app_resource_plugin: at io.flutter.embedding.engine.dart.DartMessenger.a(Unknown Source:0)
08-14 18:10:31.395 11640 11640 E MethodChannel#jojoy.app_resource_plugin: at io.flutter.embedding.engine.dart.a.run(Unknown Source:12)
08-14 18:10:31.395 11640 11640 E MethodChannel#jojoy.app_resource_plugin: at android.os.Handler.handleCallback(Handler.java:938)
08-14 18:10:31.395 11640 11640 E MethodChannel#jojoy.app_resource_plugin: at android.os.Handler.dispatchMessage(Handler.java:99)
08-14 18:10:31.395 11640 11640 E MethodChannel#jojoy.app_resource_plugin: at android.os.Looper.loop(Looper.java:236)
08-14 18:10:31.395 11640 11640 E MethodChannel#jojoy.app_resource_plugin: at android.app.ActivityThread.main(ActivityThread.java:8037)
08-14 18:10:31.395 11640 11640 E MethodChannel#jojoy.app_resource_plugin: at java.lang.reflect.Method.invoke(Native Method)
08-14 18:10:31.395 11640 11640 E MethodChannel#jojoy.app_resource_plugin: at com.android.internal.os.RuntimeInit$MethodAndArgsCaller.run(RuntimeInit.java:656)
08-14 18:10:31.395 11640 11640 E MethodChannel#jojoy.app_resource_plugin: at com.android.internal.os.ZygoteInit.main(ZygoteInit.java:967)
08-14 18:10:31.395 11640 11640 E MethodChannel#jojoy.app_resource_plugin: Caused by: android.view.InflateException: Class not found x
08-14 18:10:31.395 11640 11640 E MethodChannel#jojoy.app_resource_plugin: at android.graphics.drawable.DrawableInflater.inflateFromClass(DrawableInflater.java:2 24)
08-14 18:10:31.395 11640 11640 E MethodChannel#jojoy.app_resource_plugin: at android.graphics.drawable.DrawableInflater.inflateFromXmlForDensity(DrawableInflate r.java:141)
08-14 18:10:31.395 11640 11640 E MethodChannel#jojoy.app_resource_plugin: at android.graphics.drawable.Drawable.createFromXmlInnerForDensity(Drawable.java:1402)
08-14 18:10:31.395 11640 11640 E MethodChannel#jojoy.app_resource_plugin: at android.graphics.drawable.Drawable.createFromXmlForDensity(Drawable.java:1361)
08-14 18:10:31.395 11640 11640 E MethodChannel#jojoy.app_resource_plugin: at android.content.res.ResourcesImpl.createFromXmlForDensity(ResourcesImpl.java:1633)
08-14 18:10:31.395 11640 11640 E MethodChannel#jojoy.app_resource_plugin: at android.content.res.ResourcesImpl.loadXmlDrawable(ResourcesImpl.java:979)
08-14 18:10:31.395 11640 11640 E MethodChannel#jojoy.app_resource_plugin: at android.content.res.ResourcesImpl.loadDrawableForCookie(ResourcesImpl.java:897)
08-14 18:10:31.395 11640 11640 E MethodChannel#jojoy.app_resource_plugin: ... 23 more
08-14 18:10:31.395 11640 11640 E MethodChannel#jojoy.app_resource_plugin: Caused by: java.lang.ClassNotFoundException: Didn't find class "x" on path: DexPathList[[zip file "/data/app/~~443BwroT5Fnqspny0BcVbQ==/apkdone.com- lhKG54JJQVGEhjNhAZ825A==/base.apk"],nativeLibraryDirectories=[/data/app/ ~~443BwroT5Fnqspny0BcVbQ==/apkdone.com-lhKG54JJQVGEhjNhAZ825A==/lib/arm, /data/app/~~443BwroT5Fnqspny0BcVbQ==/apkdone.com-lhKG54JJQVGEhjNhAZ825A==/ base.apk!/lib/armeabi-v7a, /system/lib, /system/system_ext/lib]]
08-14 18:10:31.395 11640 11640 E MethodChannel#jojoy.app_resource_plugin: at dalvik.system.BaseDexClassLoader.findClass(BaseDexClassLoader.java:207)
08-14 18:10:31.395 11640 11640 E MethodChannel#jojoy.app_resource_plugin: at java.lang.ClassLoader.loadClass(ClassLoader.java:379)
08-14 18:10:31.395 11640 11640 E MethodChannel#jojoy.app_resource_plugin: at java.lang.ClassLoader.loadClass(ClassLoader.java:312)
08-14 18:10:31.395 11640 11640 E MethodChannel#jojoy.app_resource_plugin: at android.graphics.drawable.DrawableInflater.inflateFromClass(DrawableInflater.java:2 05)
08-14 18:10:31.395 11640 11640 E MethodChannel#jojoy.app_resource_plugin: ... 29 more
08-14 18:10:31.404 11640 11640 D Installations: Installation ID: c83wtf75RJqP9ohDf- c3xt
08-14 18:10:31.407 11640 12146 E UnityAds: com.unity3d.services.core.api.Sdk.logError() (line:1) :: No fill for placement game_detail_banner
08-14 18:10:31.432 11640 11640 I UnityAds: com.unity3d.services.banners.BannerView.destroy() (line:8) :: Banner [game_detail_banner] was destroyed
08-14 18:10:31.470 11640 14691 I Ads : Ad failed to load : 3
08-14 18:10:31.577 11640 14686 I Ads : Ad failed to load : 3
08-14 18:10:31.616 11640 11640 I Ads : Ad failed to load : 3
08-14 18:10:31.639 11640 12146 E UnityAds: com.unity3d.services.core.api.Sdk.logError() (line:1) :: No fill for placement search_game_all_price
08-14 18:10:31.652 11640 11640 I UnityAds: com.unity3d.services.banners.BannerView.destroy() (line:8) :: Banner [search_game_all_price] was destroyed
08-14 18:10:31.734 11640 11640 I Ads : Ad failed to load : 3
08-14 18:10:31.741 11640 12146 E UnityAds: com.unity3d.services.core.api.Sdk.logError() (line:1) :: No fill for placement my_game_banner_all_price
08-14 18:10:31.757 11640 11640 I UnityAds: com.unity3d.services.banners.BannerView.destroy() (line:8) :: Banner [my_game_banner_all_price] was destroyed
08-14 18:10:31.790 11640 11640 E MethodChannel#jojoy.app_resource_plugin: Failed to handle method call
08-14 18:10:31.790 11640 11640 E MethodChannel#jojoy.app_resource_plugin: android.content.res.Resources$NotFoundException: Drawable apkdone.com:mipmap/ic_launcher_foreground with resource ID #0x7f0f0001
08-14 18:10:31.790 11640 11640 E MethodChannel#jojoy.app_resource_plugin: Caused by: android.content.res.Resources$NotFoundException: File res/mipmap/ic_launcher_foreground.xml from drawable resource ID #0x7f0f0001
08-14 18:10:31.790 11640 11640 E MethodChannel#jojoy.app_resource_plugin: at android.content.res.ResourcesImpl.loadDrawableForCookie(ResourcesImpl.java:914)
08-14 18:10:31.790 11640 11640 E MethodChannel#jojoy.app_resource_plugin: at android.content.res.ResourcesImpl.originalLoadDrawable(ResourcesImpl.java:693)
08-14 18:10:31.790 11640 11640 E MethodChannel#jojoy.app_resource_plugin: at android.content.res.ResourcesImpl.loadDrawable(ResourcesImpl.java:600)
08-14 18:10:31.790 11640 11640 E MethodChannel#jojoy.app_resource_plugin: at android.content.res.MiuiResourcesImpl.loadDrawable(MiuiResourcesImpl.java:307)
08-14 18:10:31.790 11640 11640 E MethodChannel#jojoy.app_resource_plugin: at android.content.res.Resources.loadDrawable(Resources.java:1010)
08-14 18:10:31.790 11640 11640 E MethodChannel#jojoy.app_resource_plugin: at android.content.res.Resources.getDrawableForDensity(Resources.java:1000)
08-14 18:10:31.790 11640 11640 E MethodChannel#jojoy.app_resource_plugin: at android.content.res.Resources.getDrawable(Resources.java:939)
08-14 18:10:31.790 11640 11640 E MethodChannel#jojoy.app_resource_plugin: at android.content.Context.getDrawable(Context.java:702)
08-14 18:10:31.790 11640 11640 E MethodChannel#jojoy.app_resource_plugin: at androidx.core.content.ContextCompat$Api21Impl.getDrawable(Unknown Source:0)
08-14 18:10:31.790 11640 11640 E MethodChannel#jojoy.app_resource_plugin: at androidx.core.content.ContextCompat.getDrawable(Unknown Source:0)
08-14 18:10:31.790 11640 11640 E MethodChannel#jojoy.app_resource_plugin: at com.example.plugin.AppResourcePlugin.a(AppResourcePlugin.kt:4)
08-14 18:10:31.790 11640 11640 E MethodChannel#jojoy.app_resource_plugin: at com.example.plugin.AppResourcePlugin.onMethodCall(AppResourcePlugin.kt:22)
08-14 18:10:31.790 11640 11640 E MethodChannel#jojoy.app_resource_plugin: at io.flutter.plugin.common.MethodChannel$IncomingMethodCallHandler.onMessage(MethodCh annel.java:2)
08-14 18:10:31.790 11640 11640 E MethodChannel#jojoy.app_resource_plugin: at io.flutter.embedding.engine.dart.DartMessenger.invokeHandler(DartMessenger.java:2)
08-14 18:10:31.790 11640 11640 E MethodChannel#jojoy.app_resource_plugin: at io.flutter.embedding.engine.dart.DartMessenger.lambda$dispatchMessageToQueue$0(Dart Messenger.java:2)
08-14 18:10:31.790 11640 11640 E MethodChannel#jojoy.app_resource_plugin: at io.flutter.embedding.engine.dart.DartMessenger.a(Unknown Source:0)
08-14 18:10:31.790 11640 11640 E MethodChannel#jojoy.app_resource_plugin: at io.flutter.embedding.engine.dart.a.run(Unknown Source:12)
08-14 18:10:31.790 11640 11640 E MethodChannel#jojoy.app_resource_plugin: at android.os.Handler.handleCallback(Handler.java:938)
08-14 18:10:31.790 11640 11640 E MethodChannel#jojoy.app_resource_plugin: at android.os.Handler.dispatchMessage(Handler.java:99)
08-14 18:10:31.790 11640 11640 E MethodChannel#jojoy.app_resource_plugin: at android.os.Looper.loop(Looper.java:236)
08-14 18:10:31.790 11640 11640 E MethodChannel#jojoy.app_resource_plugin: at android.app.ActivityThread.main(ActivityThread.java:8037)
08-14 18:10:31.790 11640 11640 E MethodChannel#jojoy.app_resource_plugin: at java.lang.reflect.Method.invoke(Native Method)
08-14 18:10:31.790 11640 11640 E MethodChannel#jojoy.app_resource_plugin: at com.android.internal.os.RuntimeInit$MethodAndArgsCaller.run(RuntimeInit.java:656)
08-14 18:10:31.790 11640 11640 E MethodChannel#jojoy.app_resource_plugin: at com.android.internal.os.ZygoteInit.main(ZygoteInit.java:967)
08-14 18:10:31.790 11640 11640 E MethodChannel#jojoy.app_resource_plugin: Caused by: android.view.InflateException: Class not found x
08-14 18:10:31.790 11640 11640 E MethodChannel#jojoy.app_resource_plugin: at android.graphics.drawable.DrawableInflater.inflateFromClass(DrawableInflater.java:2 24)
08-14 18:10:31.790 11640 11640 E MethodChannel#jojoy.app_resource_plugin: at android.graphics.drawable.DrawableInflater.inflateFromXmlForDensity(DrawableInflate r.java:141)
08-14 18:10:31.790 11640 11640 E MethodChannel#jojoy.app_resource_plugin: at android.graphics.drawable.Drawable.createFromXmlInnerForDensity(Drawable.java:1402)
08-14 18:10:31.790 11640 11640 E MethodChannel#jojoy.app_resource_plugin: at android.graphics.drawable.Drawable.createFromXmlForDensity(Drawable.java:1361)
08-14 18:10:31.790 11640 11640 E MethodChannel#jojoy.app_resource_plugin: at android.content.res.ResourcesImpl.createFromXmlForDensity(ResourcesImpl.java:1633)
08-14 18:10:31.790 11640 11640 E MethodChannel#jojoy.app_resource_plugin: at android.content.res.ResourcesImpl.loadXmlDrawable(ResourcesImpl.java:979)
08-14 18:10:31.790 11640 11640 E MethodChannel#jojoy.app_resource_plugin: at android.content.res.ResourcesImpl.loadDrawableForCookie(ResourcesImpl.java:897)
08-14 18:10:31.790 11640 11640 E MethodChannel#jojoy.app_resource_plugin: ... 23 more
08-14 18:10:31.790 11640 11640 E MethodChannel#jojoy.app_resource_plugin: Caused by: java.lang.ClassNotFoundException: Didn't find class "x" on path: DexPathList[[zip file "/data/app/~~443BwroT5Fnqspny0BcVbQ==/apkdone.com- lhKG54JJQVGEhjNhAZ825A==/base.apk"],nativeLibraryDirectories=[/data/app/ ~~443BwroT5Fnqspny0BcVbQ==/apkdone.com-lhKG54JJQVGEhjNhAZ825A==/lib/arm, /data/app/~~443BwroT5Fnqspny0BcVbQ==/apkdone.com-lhKG54JJQVGEhjNhAZ825A==/ base.apk!/lib/armeabi-v7a, /system/lib, /system/system_ext/lib]]
08-14 18:10:31.790 11640 11640 E MethodChannel#jojoy.app_resource_plugin: at dalvik.system.BaseDexClassLoader.findClass(BaseDexClassLoader.java:207)
08-14 18:10:31.790 11640 11640 E MethodChannel#jojoy.app_resource_plugin: at java.lang.ClassLoader.loadClass(ClassLoader.java:379)
08-14 18:10:31.790 11640 11640 E MethodChannel#jojoy.app_resource_plugin: at java.lang.ClassLoader.loadClass(ClassLoader.java:312)
08-14 18:10:31.790 11640 11640 E MethodChannel#jojoy.app_resource_plugin: at android.graphics.drawable.DrawableInflater.inflateFromClass(DrawableInflater.java:2 05)
08-14 18:10:31.790 11640 11640 E MethodChannel#jojoy.app_resource_plugin: ... 29 more
08-14 18:10:31.799 11640 11640 D Installations: Installation ID: c83wtf75RJqP9ohDf- c3xt
08-14 18:10:32.282 11640 11640 E MethodChannel#jojoy.app_resource_plugin: Failed to handle method call
08-14 18:10:32.282 11640 11640 E MethodChannel#jojoy.app_resource_plugin: android.content.res.Resources$NotFoundException: Drawable apkdone.com:mipmap/ic_launcher_foreground with resource ID #0x7f0f0001
08-14 18:10:32.282 11640 11640 E MethodChannel#jojoy.app_resource_plugin: Caused by: android.content.res.Resources$NotFoundException: File res/mipmap/ic_launcher_foreground.xml from drawable resource ID #0x7f0f0001
08-14 18:10:32.282 11640 11640 E MethodChannel#jojoy.app_resource_plugin: at android.content.res.ResourcesImpl.loadDrawableForCookie(ResourcesImpl.java:914)
08-14 18:10:32.282 11640 11640 E MethodChannel#jojoy.app_resource_plugin: at android.content.res.ResourcesImpl.originalLoadDrawable(ResourcesImpl.java:693)
08-14 18:10:32.282 11640 11640 E MethodChannel#jojoy.app_resource_plugin: at android.content.res.ResourcesImpl.loadDrawable(ResourcesImpl.java:600)
08-14 18:10:32.282 11640 11640 E MethodChannel#jojoy.app_resource_plugin: at android.content.res.MiuiResourcesImpl.loadDrawable(MiuiResourcesImpl.java:307)
08-14 18:10:32.282 11640 11640 E MethodChannel#jojoy.app_resource_plugin: at android.content.res.Resources.loadDrawable(Resources.java:1010)
08-14 18:10:32.282 11640 11640 E MethodChannel#jojoy.app_resource_plugin: at android.content.res.Resources.getDrawableForDensity(Resources.java:1000)
08-14 18:10:32.282 11640 11640 E MethodChannel#jojoy.app_resource_plugin: at android.content.res.Resources.getDrawable(Resources.java:939)
08-14 18:10:32.282 11640 11640 E MethodChannel#jojoy.app_resource_plugin: at android.content.Context.getDrawable(Context.java:702)
08-14 18:10:32.282 11640 11640 E MethodChannel#jojoy.app_resource_plugin: at androidx.core.content.ContextCompat$Api21Impl.getDrawable(Unknown Source:0)
08-14 18:10:32.282 11640 11640 E MethodChannel#jojoy.app_resource_plugin: at androidx.core.content.ContextCompat.getDrawable(Unknown Source:0)
08-14 18:10:32.282 11640 11640 E MethodChannel#jojoy.app_resource_plugin: at com.example.plugin.AppResourcePlugin.a(AppResourcePlugin.kt:4)
08-14 18:10:32.282 11640 11640 E MethodChannel#jojoy.app_resource_plugin: at com.example.plugin.AppResourcePlugin.onMethodCall(AppResourcePlugin.kt:22)
08-14 18:10:32.282 11640 11640 E MethodChannel#jojoy.app_resource_plugin: at io.flutter.plugin.common.MethodChannel$IncomingMethodCallHandler.onMessage(MethodCh annel.java:2)
08-14 18:10:32.282 11640 11640 E MethodChannel#jojoy.app_resource_plugin: at io.flutter.embedding.engine.dart.DartMessenger.invokeHandler(DartMessenger.java:2)
08-14 18:10:32.282 11640 11640 E MethodChannel#jojoy.app_resource_plugin: at io.flutter.embedding.engine.dart.DartMessenger.lambda$dispatchMessageToQueue$0(Dart Messenger.java:2)
08-14 18:10:32.282 11640 11640 E MethodChannel#jojoy.app_resource_plugin: at io.flutter.embedding.engine.dart.DartMessenger.a(Unknown Source:0)
