04-10 12:10:43.974 I/heimdall( 979): update_proc_tgid:420, put (42) in root memcg
04-10 12:10:43.974 I/heimdall( 979): update_proc_tgid:420, put (43) in root memcg
04-10 12:10:43.974 I/heimdall( 979): update_proc_tgid:420, put (44) in root memcg
04-10 12:10:43.974 I/heimdall( 979): update_proc_tgid:420, put (45) in root memcg
04-10 12:10:43.974 I/heimdall( 979): update_proc_tgid:420, put (46) in root memcg
04-10 12:10:43.974 I/heimdall( 979): update_proc_tgid:420, put (47) in root memcg
04-10 12:10:43.974 I/heimdall( 979): update_proc_tgid:420, put (48) in root memcg
04-10 12:10:43.974 I/heimdall( 979): update_proc_tgid:420, put (49) in root memcg
04-10 12:10:43.974 I/heimdall( 979): update_proc_tgid:420, put (50) in root memcg
04-10 12:10:43.974 I/heimdall( 979): update_proc_tgid:420, put (51) in root memcg
04-10 12:10:43.974 I/heimdall( 979): update_proc_tgid:420, put (52) in root memcg
04-10 12:10:43.975 I/heimdall( 979): update_proc_tgid:420, put (53) in root memcg
04-10 12:10:43.975 I/heimdall( 979): update_proc_tgid:420, put (54) in root memcg
04-10 12:10:43.975 I/heimdall( 979): update_proc_tgid:420, put (55) in root memcg
04-10 12:10:43.975 I/heimdall( 979): update_proc_tgid:420, put (56) in root memcg
04-10 12:10:43.975 I/heimdall( 979): update_proc_tgid:420, put (57) in root memcg
04-10 12:10:43.975 I/heimdall( 979): update_proc_tgid:420, put (58) in root memcg
04-10 12:10:43.975 I/heimdall( 979): update_proc_tgid:420, put (59) in root memcg
04-10 12:10:43.975 I/heimdall( 979): update_proc_tgid:420, put (60) in root memcg
04-10 12:10:43.975 I/heimdall( 979): update_proc_tgid:420, put (61) in root memcg
04-10 12:10:43.975 I/heimdall( 979): update_proc_tgid:420, put (62) in root memcg
04-10 12:10:43.975 I/heimdall( 979): update_proc_tgid:420, put (63) in root memcg
04-10 12:10:43.975 I/heimdall( 979): update_proc_tgid:420, put (64) in root memcg
04-10 12:10:43.975 I/heimdall( 979): update_proc_tgid:420, put (65) in root memcg
04-10 12:10:43.975 I/heimdall( 979): update_proc_tgid:420, put (66) in root memcg
04-10 12:10:43.975 I/heimdall( 979): update_proc_tgid:420, put (67) in root memcg
04-10 12:10:43.975 I/heimdall( 979): update_proc_tgid:420, put (68) in root memcg
04-10 12:10:43.975 I/heimdall( 979): update_proc_tgid:420, put (69) in root memcg
04-10 12:10:43.975 I/heimdall( 979): update_proc_tgid:420, put (70) in root memcg
04-10 12:10:43.975 I/heimdall( 979): update_proc_tgid:420, put (71) in root memcg
04-10 12:10:43.975 I/heimdall( 979): update_proc_tgid:420, put (72) in root memcg
04-10 12:10:43.975 I/heimdall( 979): update_proc_tgid:420, put (73) in root memcg
04-10 12:10:43.975 I/heimdall( 979): update_proc_tgid:420, put (74) in root memcg
04-10 12:10:43.975 I/heimdall( 979): update_proc_tgid:420, put (75) in root memcg
04-10 12:10:43.975 I/heimdall( 979): update_proc_tgid:420, put (88) in root memcg
04-10 12:10:43.976 I/heimdall( 979): update_proc_tgid:420, put (121) in root memcg
04-10 12:10:43.976 I/heimdall( 979): update_proc_tgid:420, put (122) in root memcg
04-10 12:10:43.976 I/heimdall( 979): update_proc_tgid:420, put (123) in root memcg
04-10 12:10:43.976 I/heimdall( 979): update_proc_tgid:420, put (124) in root memcg
04-10 12:10:43.976 I/heimdall( 979): update_proc_tgid:420, put (125) in root memcg
04-10 12:10:43.976 I/heimdall( 979): update_proc_tgid:420, put (126) in root memcg
04-10 12:10:43.976 I/heimdall( 979): update_proc_tgid:420, put (127) in root memcg
04-10 12:10:43.976 I/heimdall( 979): update_proc_tgid:420, put (128) in root memcg
04-10 12:10:43.976 I/heimdall( 979): update_proc_tgid:420, put (129) in root memcg
04-10 12:10:43.976 I/heimdall( 979): update_proc_tgid:420, put (130) in root memcg
04-10 12:10:43.976 I/heimdall( 979): update_proc_tgid:420, put (131) in root memcg
04-10 12:10:43.976 I/heimdall( 979): update_proc_tgid:420, put (132) in root memcg
04-10 12:10:43.976 I/heimdall( 979): update_proc_tgid:420, put (133) in root memcg
04-10 12:10:43.976 I/heimdall( 979): update_proc_tgid:420, put (134) in root memcg
04-10 12:10:43.976 I/heimdall( 979): update_proc_tgid:420, put (135) in root memcg
04-10 12:10:43.976 I/heimdall( 979): update_proc_tgid:420, put (136) in root memcg
04-10 12:10:43.976 I/heimdall( 979): update_proc_tgid:420, put (137) in root memcg
04-10 12:10:43.976 I/heimdall( 979): update_proc_tgid:420, put (138) in root memcg
04-10 12:10:43.976 I/heimdall( 979): update_proc_tgid:420, put (139) in root memcg
04-10 12:10:43.976 I/heimdall( 979): update_proc_tgid:420, put (140) in root memcg
04-10 12:10:43.976 I/heimdall( 979): update_proc_tgid:420, put (141) in root memcg
04-10 12:10:43.976 I/heimdall( 979): update_proc_tgid:420, put (142) in root memcg
04-10 12:10:43.976 I/heimdall( 979): update_proc_tgid:420, put (143) in root memcg
04-10 12:10:43.976 I/heimdall( 979): update_proc_tgid:420, put (144) in root memcg
04-10 12:10:43.976 I/heimdall( 979): update_proc_tgid:420, put (145) in root memcg
04-10 12:10:43.976 I/heimdall( 979): update_proc_tgid:420, put (146) in root memcg
04-10 12:10:43.976 I/heimdall( 979): update_proc_tgid:420, put (147) in root memcg
04-10 12:10:43.976 I/heimdall( 979): update_proc_tgid:420, put (148) in root memcg
04-10 12:10:43.976 I/heimdall( 979): update_proc_tgid:420, put (174) in root memcg
04-10 12:10:43.976 I/heimdall( 979): update_proc_tgid:420, put (175) in root memcg
04-10 12:10:43.976 I/heimdall( 979): update_proc_tgid:420, put (176) in root memcg
04-10 12:10:43.976 I/heimdall( 979): update_proc_tgid:420, put (178) in root memcg
04-10 12:10:43.976 I/heimdall( 979): update_proc_tgid:420, put (179) in root memcg
04-10 12:10:43.976 I/heimdall( 979): update_proc_tgid:420, put (180) in root memcg
04-10 12:10:43.976 I/heimdall( 979): update_proc_tgid:420, put (181) in root memcg
04-10 12:10:43.976 I/heimdall( 979): update_proc_tgid:420, put (183) in root memcg
04-10 12:10:43.977 I/heimdall( 979): update_proc_tgid:420, put (184) in root memcg
04-10 12:10:43.977 I/heimdall( 979): update_proc_tgid:420, put (185) in root memcg
04-10 12:10:43.977 I/heimdall( 979): update_proc_tgid:420, put (186) in root memcg
04-10 12:10:43.977 I/heimdall( 979): update_proc_tgid:420, put (187) in root memcg
04-10 12:10:43.977 I/heimdall( 979): update_proc_tgid:420, put (189) in root memcg
04-10 12:10:43.977 I/heimdall( 979): update_proc_tgid:420, put (190) in root memcg
04-10 12:10:43.977 I/heimdall( 979): update_proc_tgid:420, put (191) in root memcg
04-10 12:10:43.977 I/heimdall( 979): update_proc_tgid:420, put (192) in root memcg
04-10 12:10:43.977 I/heimdall( 979): update_proc_tgid:420, put (193) in root memcg
04-10 12:10:43.977 I/heimdall( 979): update_proc_tgid:420, put (194) in root memcg
04-10 12:10:43.977 I/heimdall( 979): update_proc_tgid:420, put (195) in root memcg
04-10 12:10:43.977 I/heimdall( 979): update_proc_tgid:420, put (196) in root memcg
04-10 12:10:43.977 I/heimdall( 979): update_proc_tgid:420, put (197) in root memcg
04-10 12:10:43.977 I/heimdall( 979): update_proc_tgid:420, put (198) in root memcg
04-10 12:10:43.977 I/heimdall( 979): update_proc_tgid:420, put (199) in root memcg
04-10 12:10:43.977 I/heimdall( 979): update_proc_tgid:420, put (200) in root memcg
04-10 12:10:43.977 I/heimdall( 979): update_proc_tgid:420, put (201) in root memcg
04-10 12:10:43.977 I/heimdall( 979): update_proc_tgid:420, put (202) in root memcg
04-10 12:10:43.977 I/heimdall( 979): update_proc_tgid:420, put (203) in root memcg
04-10 12:10:43.977 I/heimdall( 979): update_proc_tgid:420, put (204) in root memcg
04-10 12:10:43.977 I/heimdall( 979): update_proc_tgid:420, put (205) in root memcg
04-10 12:10:43.977 I/heimdall( 979): update_proc_tgid:420, put (206) in root memcg
04-10 12:10:43.977 I/heimdall( 979): update_proc_tgid:420, put (207) in root memcg
04-10 12:10:43.977 I/heimdall( 979): update_proc_tgid:420, put (208) in root memcg
04-10 12:10:43.977 I/heimdall( 979): update_proc_tgid:420, put (209) in root memcg
04-10 12:10:43.977 I/heimdall( 979): update_proc_tgid:420, put (210) in root memcg
04-10 12:10:43.977 I/heimdall( 979): update_proc_tgid:420, put (211) in root memcg
04-10 12:10:43.977 I/heimdall( 979): update_proc_tgid:420, put (212) in root memcg
04-10 12:10:43.977 I/heimdall( 979): update_proc_tgid:420, put (213) in root memcg
04-10 12:10:43.977 I/heimdall( 979): update_proc_tgid:420, put (214) in root memcg
04-10 12:10:43.977 I/heimdall( 979): update_proc_tgid:420, put (215) in root memcg
04-10 12:10:43.977 I/heimdall( 979): update_proc_tgid:420, put (216) in root memcg
04-10 12:10:43.977 I/heimdall( 979): update_proc_tgid:420, put (217) in root memcg
04-10 12:10:43.977 I/heimdall( 979): update_proc_tgid:420, put (218) in root memcg
04-10 12:10:43.977 I/heimdall( 979): update_proc_tgid:420, put (219) in root memcg
04-10 12:10:43.977 I/heimdall( 979): update_proc_tgid:420, put (220) in root memcg
04-10 12:10:43.977 I/heimdall( 979): update_proc_tgid:420, put (221) in root memcg
04-10 12:10:43.978 I/heimdall( 979): update_proc_tgid:420, put (222) in root memcg
04-10 12:10:43.978 I/heimdall( 979): update_proc_tgid:420, put (223) in root memcg
04-10 12:10:43.978 I/heimdall( 979): update_proc_tgid:420, put (224) in root memcg
04-10 12:10:43.978 I/heimdall( 979): update_proc_tgid:420, put (225) in root memcg
04-10 12:10:43.978 I/heimdall( 979): update_proc_tgid:420, put (226) in root memcg
04-10 12:10:43.978 I/heimdall( 979): update_proc_tgid:420, put (227) in root memcg
04-10 12:10:43.978 I/heimdall( 979): update_proc_tgid:420, put (228) in root memcg
04-10 12:10:43.978 I/heimdall( 979): update_proc_tgid:420, put (229) in root memcg
04-10 12:10:43.978 I/heimdall( 979): update_proc_tgid:420, put (230) in root memcg
04-10 12:10:43.978 I/heimdall( 979): update_proc_tgid:420, put (231) in root memcg
04-10 12:10:43.978 I/heimdall( 979): update_proc_tgid:420, put (232) in root memcg
04-10 12:10:43.978 I/heimdall( 979): update_proc_tgid:420, put (235) in root memcg
04-10 12:10:43.978 I/heimdall( 979): update_proc_tgid:420, put (236) in root memcg
04-10 12:10:43.978 I/heimdall( 979): update_proc_tgid:420, put (237) in root memcg
04-10 12:10:43.978 I/heimdall( 979): update_proc_tgid:420, put (238) in root memcg
04-10 12:10:43.978 I/heimdall( 979): update_proc_tgid:420, put (239) in root memcg
04-10 12:10:43.978 I/heimdall( 979): update_proc_tgid:420, put (240) in root memcg
04-10 12:10:43.978 I/heimdall( 979): update_proc_tgid:420, put (241) in root memcg
04-10 12:10:43.978 I/heimdall( 979): update_proc_tgid:420, put (242) in root memcg
04-10 12:10:43.978 I/heimdall( 979): update_proc_tgid:420, put (243) in root memcg
04-10 12:10:43.978 I/heimdall( 979): update_proc_tgid:420, put (244) in root memcg
04-10 12:10:43.978 I/heimdall( 979): update_proc_tgid:420, put (245) in root memcg
04-10 12:10:43.978 I/heimdall( 979): update_proc_tgid:420, put (246) in root memcg
04-10 12:10:43.978 I/heimdall( 979): update_proc_tgid:420, put (247) in root memcg
04-10 12:10:43.978 I/heimdall( 979): update_proc_tgid:420, put (248) in root memcg
04-10 12:10:43.978 I/heimdall( 979): update_proc_tgid:420, put (249) in root memcg
04-10 12:10:43.978 I/heimdall( 979): update_proc_tgid:420, put (250) in root memcg
04-10 12:10:43.978 I/heimdall( 979): update_proc_tgid:420, put (251) in root memcg
04-10 12:10:43.978 I/heimdall( 979): update_proc_tgid:420, put (252) in root memcg
04-10 12:10:43.978 I/heimdall( 979): update_proc_tgid:420, put (253) in root memcg
04-10 12:10:43.978 I/heimdall( 979): update_proc_tgid:420, put (254) in root memcg
04-10 12:10:43.978 I/heimdall( 979): update_proc_tgid:420, put (255) in root memcg
04-10 12:10:43.978 I/heimdall( 979): update_proc_tgid:420, put (256) in root memcg
04-10 12:10:43.978 I/Unihal ( 952): MultiCameraManager.cpp: GetInstance: 60:
ModuleApiVersion=205, HalApiVersion=100
04-10 12:10:43.978 I/heimdall( 979): update_proc_tgid:420, put (257) in root memcg
04-10 12:10:43.978 I/heimdall( 979): update_proc_tgid:420, put (258) in root memcg
04-10 12:10:43.978 I/heimdall( 979): update_proc_tgid:420, put (259) in root memcg
04-10 12:10:43.978 I/Unihal ( 952): UniHal3InterfaceEntry.cpp:
adjust_public_module_ops: 702: open_legacy() is adjusted as NULL.
04-10 12:10:43.978 I/heimdall( 979): update_proc_tgid:420, put (260) in root memcg
04-10 12:10:43.978 I/heimdall( 979): update_proc_tgid:420, put (261) in root memcg
04-10 12:10:43.978 I/heimdall( 979): update_proc_tgid:420, put (262) in root memcg
04-10 12:10:43.979 I/heimdall( 979): update_proc_tgid:420, put (263) in root memcg
04-10 12:10:43.979 I/heimdall( 979): update_proc_tgid:420, put (264) in root memcg
04-10 12:10:43.979 I/heimdall( 979): update_proc_tgid:420, put (265) in root memcg
04-10 12:10:43.979 I/heimdall( 979): update_proc_tgid:420, put (266) in root memcg
04-10 12:10:43.979 I/heimdall( 979): update_proc_tgid:420, put (267) in root memcg
04-10 12:10:43.979 I/heimdall( 979): update_proc_tgid:420, put (268) in root memcg
04-10 12:10:43.979 I/heimdall( 979): update_proc_tgid:420, put (269) in root memcg
04-10 12:10:43.979 I/heimdall( 979): update_proc_tgid:420, put (270) in root memcg
04-10 12:10:43.979 I/heimdall( 979): update_proc_tgid:420, put (271) in root memcg
04-10 12:10:43.979 I/heimdall( 979): update_proc_tgid:420, put (272) in root memcg
04-10 12:10:43.979 I/heimdall( 979): update_proc_tgid:420, put (273) in root memcg
04-10 12:10:43.979 I/heimdall( 979): update_proc_tgid:420, put (274) in root memcg
04-10 12:10:43.979 I/heimdall( 979): update_proc_tgid:420, put (275) in root memcg
04-10 12:10:43.979 I/heimdall( 979): update_proc_tgid:420, put (296) in root memcg
04-10 12:10:43.979 I/heimdall( 979): update_proc_tgid:420, put (297) in root memcg
04-10 12:10:43.979 I/heimdall( 979): update_proc_tgid:420, put (298) in root memcg
04-10 12:10:43.979 I/heimdall( 979): update_proc_tgid:420, put (299) in root memcg
04-10 12:10:43.979 I/heimdall( 979): update_proc_tgid:420, put (300) in root memcg
04-10 12:10:43.979 I/heimdall( 979): update_proc_tgid:420, put (301) in root memcg
04-10 12:10:43.979 I/heimdall( 979): update_proc_tgid:420, put (302) in root memcg
04-10 12:10:43.979 I/heimdall( 979): update_proc_tgid:420, put (303) in root memcg
04-10 12:10:43.979 I/heimdall( 979): update_proc_tgid:420, put (304) in root memcg
04-10 12:10:43.979 I/heimdall( 979): update_proc_tgid:420, put (305) in root memcg
04-10 12:10:43.979 I/heimdall( 979): update_proc_tgid:420, put (306) in root memcg
04-10 12:10:43.979 I/heimdall( 979): update_proc_tgid:420, put (307) in root memcg
04-10 12:10:43.979 I/heimdall( 979): update_proc_tgid:420, put (308) in root memcg
04-10 12:10:43.979 I/heimdall( 979): update_proc_tgid:420, put (309) in root memcg
04-10 12:10:43.979 I/heimdall( 979): update_proc_tgid:420, put (310) in root memcg
04-10 12:10:43.979 I/heimdall( 979): update_proc_tgid:420, put (311) in root memcg
04-10 12:10:43.979 I/heimdall( 979): update_proc_tgid:420, put (312) in root memcg
04-10 12:10:43.979 I/heimdall( 979): update_proc_tgid:420, put (313) in root memcg
04-10 12:10:43.979 I/heimdall( 979): update_proc_tgid:420, put (314) in root memcg
04-10 12:10:43.979 I/heimdall( 979): update_proc_tgid:420, put (315) in root memcg
04-10 12:10:43.979 I/heimdall( 979): update_proc_tgid:420, put (316) in root memcg
04-10 12:10:43.979 I/heimdall( 979): update_proc_tgid:420, put (317) in root memcg
04-10 12:10:43.979 I/heimdall( 979): update_proc_tgid:420, put (318) in root memcg
04-10 12:10:43.979 I/heimdall( 979): update_proc_tgid:420, put (319) in root memcg
04-10 12:10:43.979 I/heimdall( 979): update_proc_tgid:420, put (320) in root memcg
04-10 12:10:43.979 I/heimdall( 979): update_proc_tgid:420, put (321) in root memcg
04-10 12:10:43.980 I/heimdall( 979): update_proc_tgid:420, put (322) in root memcg
04-10 12:10:43.980 I/heimdall( 979): update_proc_tgid:420, put (323) in root memcg
04-10 12:10:43.980 I/heimdall( 979): update_proc_tgid:420, put (324) in root memcg
04-10 12:10:43.980 I/heimdall( 979): update_proc_tgid:420, put (325) in root memcg
04-10 12:10:43.980 I/heimdall( 979): update_proc_tgid:420, put (326) in root memcg
04-10 12:10:43.980 I/heimdall( 979): update_proc_tgid:420, put (327) in root memcg
04-10 12:10:43.980 I/heimdall( 979): update_proc_tgid:420, put (328) in root memcg
04-10 12:10:43.980 I/heimdall( 979): update_proc_tgid:420, put (329) in root memcg
04-10 12:10:43.980 I/heimdall( 979): update_proc_tgid:420, put (330) in root memcg
04-10 12:10:43.980 I/heimdall( 979): update_proc_tgid:420, put (331) in root memcg
04-10 12:10:43.980 I/heimdall( 979): update_proc_tgid:420, put (332) in root memcg
04-10 12:10:43.980 I/heimdall( 979): update_proc_tgid:420, put (333) in root memcg
04-10 12:10:43.980 I/heimdall( 979): update_proc_tgid:420, put (334) in root memcg
04-10 12:10:43.980 I/heimdall( 979): update_proc_tgid:420, put (335) in root memcg
04-10 12:10:43.980 I/heimdall( 979): update_proc_tgid:420, put (336) in root memcg
04-10 12:10:43.980 I/Unihal ( 952): GlobalMonitor.cpp: MonitoringTask: 303:
Monitoring is started.
04-10 12:10:43.980 I/heimdall( 979): update_proc_tgid:420, put (337) in root memcg
04-10 12:10:43.981 I/heimdall( 979): update_proc_tgid:420, put (338) in root memcg
04-10 12:10:43.981 I/heimdall( 979): update_proc_tgid:420, put (339) in root memcg
04-10 12:10:43.981 I/heimdall( 979): update_proc_tgid:420, put (340) in root memcg
04-10 12:10:43.981 I/heimdall( 979): update_proc_tgid:420, put (341) in root memcg
04-10 12:10:43.981 I/heimdall( 979): update_proc_tgid:420, put (342) in root memcg
04-10 12:10:43.981 I/heimdall( 979): update_proc_tgid:420, put (343) in root memcg
04-10 12:10:43.981 I/heimdall( 979): update_proc_tgid:420, put (344) in root memcg
04-10 12:10:43.981 I/heimdall( 979): update_proc_tgid:420, put (345) in root memcg
04-10 12:10:43.981 I/heimdall( 979): update_proc_tgid:420, put (346) in root memcg
04-10 12:10:43.981 I/heimdall( 979): update_proc_tgid:420, put (347) in root memcg
04-10 12:10:43.981 I/heimdall( 979): update_proc_tgid:420, put (348) in root memcg
04-10 12:10:43.981 I/heimdall( 979): update_proc_tgid:420, put (349) in root memcg
04-10 12:10:43.981 I/heimdall( 979): update_proc_tgid:420, put (350) in root memcg
04-10 12:10:43.981 I/heimdall( 979): update_proc_tgid:420, put (351) in root memcg
04-10 12:10:43.981 I/heimdall( 979): update_proc_tgid:420, put (352) in root memcg
04-10 12:10:43.981 I/heimdall( 979): update_proc_tgid:420, put (353) in root memcg
04-10 12:10:43.982 I/heimdall( 979): update_proc_tgid:420, put (354) in root memcg
04-10 12:10:43.982 I/zygote ( 837): Explicit concurrent copying GC freed
1068(112KB) AllocSpace objects, 0(0B) LOS objects, 97% free, 152KB/6296KB, paused
61us,100us total 11.245ms
04-10 12:10:43.982 I/heimdall( 979): update_proc_tgid:420, put (355) in root memcg
04-10 12:10:43.984 I/heimdall( 979): update_proc_tgid:420, put (356) in root memcg
04-10 12:10:43.984 I/heimdall( 979): update_proc_tgid:420, put (357) in root memcg
04-10 12:10:43.984 I/heimdall( 979): update_proc_tgid:420, put (358) in root memcg
04-10 12:10:43.984 I/heimdall( 979): update_proc_tgid:420, put (359) in root memcg
04-10 12:10:43.984 I/heimdall( 979): update_proc_tgid:420, put (360) in root memcg
04-10 12:10:43.984 I/heimdall( 979): update_proc_tgid:420, put (361) in root memcg
04-10 12:10:43.984 I/heimdall( 979): update_proc_tgid:420, put (362) in root memcg
04-10 12:10:43.985 I/heimdall( 979): update_proc_tgid:420, put (363) in root memcg
04-10 12:10:43.985 I/heimdall( 979): update_proc_tgid:420, put (364) in root memcg
04-10 12:10:43.985 I/heimdall( 979): update_proc_tgid:420, put (365) in root memcg
04-10 12:10:43.985 I/heimdall( 979): update_proc_tgid:420, put (366) in root memcg
04-10 12:10:43.985 I/heimdall( 979): update_proc_tgid:420, put (367) in root memcg
04-10 12:10:43.985 I/heimdall( 979): update_proc_tgid:420, put (368) in root memcg
04-10 12:10:43.985 I/heimdall( 979): update_proc_tgid:420, put (369) in root memcg
04-10 12:10:43.985 I/heimdall( 979): update_proc_tgid:420, put (370) in root memcg
04-10 12:10:43.985 I/heimdall( 979): update_proc_tgid:420, put (371) in root memcg
04-10 12:10:43.985 I/heimdall( 979): update_proc_tgid:420, put (372) in root memcg
04-10 12:10:43.985 I/heimdall( 979): update_proc_tgid:420, put (373) in root memcg
04-10 12:10:43.985 I/QC2V4l2Driver( 951): [avcD_0] Device /dev/video32 opened with
fd: 7
04-10 12:10:43.985 I/heimdall( 979): update_proc_tgid:420, put (374) in root memcg
04-10 12:10:43.985 I/heimdall( 979): update_proc_tgid:420, put (375) in root memcg
04-10 12:10:43.985 I/heimdall( 979): update_proc_tgid:420, put (376) in root memcg
04-10 12:10:43.985 I/heimdall( 979): update_proc_tgid:420, put (377) in root memcg
04-10 12:10:43.985 I/heimdall( 979): update_proc_tgid:420, put (378) in root memcg
04-10 12:10:43.985 I/heimdall( 979): update_proc_tgid:420, put (379) in root memcg
04-10 12:10:43.985 I/heimdall( 979): update_proc_tgid:420, put (380) in root memcg
04-10 12:10:43.985 I/heimdall( 979): update_proc_tgid:420, put (381) in root memcg
04-10 12:10:43.985 I/heimdall( 979): update_proc_tgid:420, put (382) in root memcg
04-10 12:10:43.985 I/heimdall( 979): update_proc_tgid:420, put (383) in root memcg
04-10 12:10:43.985 I/heimdall( 979): update_proc_tgid:420, put (384) in root memcg
04-10 12:10:43.985 I/heimdall( 979): update_proc_tgid:420, put (385) in root memcg
04-10 12:10:43.985 I/heimdall( 979): update_proc_tgid:420, put (386) in root memcg
04-10 12:10:43.985 I/heimdall( 979): update_proc_tgid:420, put (387) in root memcg
04-10 12:10:43.986 I/heimdall( 979): update_proc_tgid:420, put (388) in root memcg
04-10 12:10:43.986 I/heimdall( 979): update_proc_tgid:420, put (389) in root memcg
04-10 12:10:43.986 I/heimdall( 979): update_proc_tgid:420, put (390) in root memcg
04-10 12:10:43.986 I/heimdall( 979): update_proc_tgid:420, put (391) in root memcg
04-10 12:10:43.986 I/heimdall( 979): update_proc_tgid:420, put (392) in root memcg
04-10 12:10:43.986 I/heimdall( 979): update_proc_tgid:420, put (393) in root memcg
04-10 12:10:43.986 I/heimdall( 979): update_proc_tgid:420, put (394) in root memcg
04-10 12:10:43.986 I/heimdall( 979): update_proc_tgid:420, put (395) in root memcg
04-10 12:10:43.986 I/heimdall( 979): update_proc_tgid:420, put (396) in root memcg
04-10 12:10:43.986 I/zygote ( 837): Explicit concurrent copying GC freed 51(43KB)
AllocSpace objects, 0(0B) LOS objects, 97% free, 158KB/6302KB, paused 50us,264us
total 3.503ms
04-10 12:10:43.986 D/Zygote32Timing( 837): PostZygoteInitGC took to complete: 17ms
04-10 12:10:43.986 D/Zygote32Timing( 837): ZygoteInit took to complete: 24ms
04-10 12:10:43.986 I/heimdall( 979): update_proc_tgid:420, put
/system/bin/init(399) in root memcg
04-10 12:10:43.986 I/heimdall( 979): update_proc_tgid:420, put
/system/bin/ueventd(401) in root memcg
04-10 12:10:43.986 I/heimdall( 979): update_proc_tgid:420, put (416) in root memcg
04-10 12:10:43.986 I/heimdall( 979): update_proc_tgid:420, put (417) in root memcg
04-10 12:10:43.986 I/heimdall( 979): update_proc_tgid:420, put (418) in root memcg
04-10 12:10:43.986 I/heimdall( 979): update_proc_tgid:420, put (419) in root memcg
04-10 12:10:43.987 I/heimdall( 979): update_proc_tgid:420, put (420) in root memcg
04-10 12:10:43.987 I/heimdall( 979): update_proc_tgid:420, put (421) in root memcg
04-10 12:10:43.987 I/heimdall( 979): update_proc_tgid:420, put (422) in root memcg
04-10 12:10:43.987 I/CamX ( 952): [CORE_CFG][HAL ] camxhal3module.cpp:507
HAL3Module() ***************************************************
04-10 12:10:43.987 I/heimdall( 979): update_proc_tgid:420, put (423) in root memcg
04-10 12:10:43.987 I/heimdall( 979): update_proc_tgid:420, put (424) in root memcg
04-10 12:10:43.987 I/heimdall( 979): update_proc_tgid:420, put (425) in root memcg
04-10 12:10:43.987 I/heimdall( 979): update_proc_tgid:420, put (429) in root memcg
04-10 12:10:43.987 I/heimdall( 979): update_proc_tgid:420, put (430) in root memcg
04-10 12:10:43.987 I/heimdall( 979): update_proc_tgid:420, put (453) in root memcg
04-10 12:10:43.987 I/heimdall( 979): update_proc_tgid:420, put (487) in root memcg
04-10 12:10:43.987 I/heimdall( 979): update_proc_tgid:420, put (502) in root memcg
04-10 12:10:43.987 I/heimdall( 979): update_proc_tgid:420, put (503) in root memcg
04-10 12:10:43.987 I/heimdall( 979): update_proc_tgid:420, put (508) in root memcg
04-10 12:10:43.987 I/heimdall( 979): update_proc_tgid:420, put (509) in root memcg
04-10 12:10:43.987 I/heimdall( 979): update_proc_tgid:420, put (531) in root memcg
04-10 12:10:43.987 I/heimdall( 979): update_proc_tgid:420, put (537) in root memcg
04-10 12:10:43.987 I/heimdall( 979): update_proc_tgid:420, put (538) in root memcg
04-10 12:10:43.987 I/heimdall( 979): update_proc_tgid:420, put (539) in root memcg
04-10 12:10:43.987 I/heimdall( 979): update_proc_tgid:420, put (540) in root memcg
04-10 12:10:43.987 I/heimdall( 979): update_proc_tgid:420, put (541) in root memcg
04-10 12:10:43.987 I/heimdall( 979): update_proc_tgid:420, put (542) in root memcg
04-10 12:10:43.987 I/heimdall( 979): update_proc_tgid:420, put (543) in root memcg
04-10 12:10:43.988 I/heimdall( 979): update_proc_tgid:420, put (544) in root memcg
04-10 12:10:43.988 I/heimdall( 979): update_proc_tgid:420, put (545) in root memcg
04-10 12:10:43.988 I/heimdall( 979): update_proc_tgid:420, put (546) in root memcg
04-10 12:10:43.988 I/heimdall( 979): update_proc_tgid:420, put (547) in root memcg
04-10 12:10:43.988 I/heimdall( 979): update_proc_tgid:420, put (548) in root memcg
04-10 12:10:43.988 I/heimdall( 979): update_proc_tgid:420, put (549) in root memcg
04-10 12:10:43.988 I/heimdall( 979): update_proc_tgid:420, put (550) in root memcg
04-10 12:10:43.988 I/heimdall( 979): update_proc_tgid:420, put (551) in root memcg
04-10 12:10:43.988 I/heimdall( 979): update_proc_tgid:420, put (552) in root memcg
04-10 12:10:43.988 I/heimdall( 979): update_proc_tgid:420, put (553) in root memcg
04-10 12:10:43.988 I/CamX ( 952): [CORE_CFG][HAL ] camxhal3module.cpp:508
HAL3Module() SHA1:
04-10 12:10:43.988 I/heimdall( 979): update_proc_tgid:420, put (554) in root memcg
04-10 12:10:43.988 I/CamX ( 952): [CORE_CFG][HAL ] camxhal3module.cpp:509
HAL3Module() COMMITID:
04-10 12:10:43.988 I/heimdall( 979): update_proc_tgid:420, put (555) in root memcg
04-10 12:10:43.988 I/heimdall( 979): update_proc_tgid:420, put (556) in root memcg
04-10 12:10:43.988 I/heimdall( 979): update_proc_tgid:420, put (557) in root memcg
04-10 12:10:43.988 I/heimdall( 979): update_proc_tgid:420, put
/system/bin/logd(581) in root memcg
04-10 12:10:43.988 I/heimdall( 979): update_proc_tgid:420, put
/system/bin/lmkd(582) in root memcg
04-10 12:10:43.988 I/heimdall( 979): update_proc_tgid:420, put
/system/bin/servicemanager(583) in root memcg
04-10 12:10:43.989 I/CamX ( 952): [CORE_CFG][HAL ] camxhal3module.cpp:510
HAL3Module() BUILD TS: 3/7/2022 16:53:45
04-10 12:10:43.989 I/CamX ( 952): [CORE_CFG][HAL ] camxhal3module.cpp:511
HAL3Module() ***************************************************
04-10 12:10:43.989 I/heimdall( 979): update_proc_tgid:420, put
/system/bin/hwservicemanager(584) in root memcg
04-10 12:10:43.989 I/heimdall( 979): update_proc_tgid:420, put (585) in root memcg
04-10 12:10:43.989 E/QC2PipelineCodec( 951): [c2.qti.avc.decoder_0] Init
pipelineid=100 status=0
04-10 12:10:43.989 E/QC2PipelineCodec( 951): [c2.qti.ImageFormat.filter_0] Init
pipelineid=101
04-10 12:10:43.989 I/QC2PipelinedEntity( 951): [c2.qti.ImageFormat.filter_0]
pipelineid=101 instantiation succeeded
04-10 12:10:43.989 I/QC2Filter( 951): FUNCTION_BEGIN:init
04-10 12:10:43.989 I/QC2Filter( 951): FUNCTION_BEGIN:handleInit
04-10 12:10:43.989 I/QC2ImageFormatFilter( 951):
FUNCTION_BEGIN:setFilterOperatingMode
04-10 12:10:43.989 I/QC2ImageFormatFilter( 951):
FUNCTION_END:setFilterOperatingMode TIME=0 ms
04-10 12:10:43.989 I/QC2ImageFormatFilter( 951): FUNCTION_BEGIN:onInit
04-10 12:10:43.989 I/QC2ImageFormatFilter( 951): mCodecName is
c2.qti.ImageFormat.filter session id is 0
04-10 12:10:43.989 I/QC2ImageFormatFilter( 951): mInputMime is c2.qti.avc.decoder,
mOutputMime is
04-10 12:10:43.989 I/heimdall( 979): update_proc_tgid:420, put
/vendor/bin/vndservicemanager(586) in root memcg
04-10 12:10:43.989 I/QC2ImageFormatFilter( 951): FUNCTION_END:onInit TIME=0 ms
04-10 12:10:43.989 I/QC2Filter( 951): FUNCTION_END:handleInit TIME=0 ms
04-10 12:10:43.989 I/QC2Filter( 951): FUNCTION_END:init TIME=0 ms
04-10 12:10:43.989 E/QC2PipelineCodec( 951): [c2.qti.ImageFormat.filter_0] Init
pipelineid=101 status=0
04-10 12:10:43.989 I/QC2PipelineCodec( 951): getCapsHelpers internal
04-10 12:10:43.989 I/QC2PipelineCodec( 951): getCapsHelpersInternal:
piplinedcodecs size=2
04-10 12:10:43.990 I/StandardCaps( 951): PixelFormatOutputHelper:
04-10 12:10:43.990 I/StandardCaps( 951): VENUS_NV12
04-10 12:10:43.990 I/StandardCaps( 951): VENUS_NV12_UBWC
04-10 12:10:43.990 I/StandardCaps( 951): VENUS_TP10
04-10 12:10:43.990 I/StandardCaps( 951): VENUS_P010
04-10 12:10:43.990 I/StandardCaps( 951): PictureSizeOutputHelper: min [96 96] max
[4096 4096] default [96 96]
04-10 12:10:43.990 I/StandardCaps( 951): PictureSizeInputHelper: min [96 96] max
[4096 4096] default [96 96]
04-10 12:10:43.990 I/heimdall( 979): update_proc_tgid:420, put
/vendor/bin/qseecomd(599) in root memcg
04-10 12:10:43.990 I/heimdall( 979): update_proc_tgid:420, put
/vendor/bin/hw/[email protected](600) in root memcg
04-10 12:10:43.990 I/heimdall( 979): update_proc_tgid:420, put
/system/bin/vold(602) in root memcg
04-10 12:10:43.991 I/heimdall( 979): update_proc_tgid:420, put (613) in root memcg
04-10 12:10:43.991 I/StandardCaps( 951): MaxPictureSizeOutputHelper: min [96 96]
max [4096 4096] default [96 96]
04-10 12:10:43.991 I/StandardCaps( 951): FrameRateInputHelper: min 1 max 960 step
0 default 30
04-10 12:10:43.991 I/StandardCaps( 951): OperatingRateHelper: min 30, max 32767,
step 0, default 30
04-10 12:10:43.991 I/heimdall( 979): update_proc_tgid:420, put (615) in root memcg
04-10 12:10:43.991 I/heimdall( 979): update_proc_tgid:420, put (618) in root memcg
04-10 12:10:43.991 I/StandardCaps( 951): ProfileLevelInputHelper: Profiles
04-10 12:10:43.991 I/StandardCaps( 951): AVC_BP
04-10 12:10:43.991 I/StandardCaps( 951): AVC_CBP
04-10 12:10:43.991 I/StandardCaps( 951): AVC_MP
04-10 12:10:43.991 I/StandardCaps( 951): AVC_HP
04-10 12:10:43.991 I/StandardCaps( 951): AVC_CHP
04-10 12:10:43.991 I/StandardCaps( 951): ProfileLevelInputHelper: Levels
04-10 12:10:43.991 I/StandardCaps( 951): 1.0
04-10 12:10:43.991 I/StandardCaps( 951): 1B
04-10 12:10:43.991 I/StandardCaps( 951): 1.1
04-10 12:10:43.991 I/StandardCaps( 951): 1.2
04-10 12:10:43.991 I/StandardCaps( 951): 1.3
04-10 12:10:43.991 I/StandardCaps( 951): 2.0
04-10 12:10:43.991 I/StandardCaps( 951): 2.1
04-10 12:10:43.991 I/StandardCaps( 951): 2.2
04-10 12:10:43.991 I/StandardCaps( 951): 3.0
04-10 12:10:43.991 I/StandardCaps( 951): 3.1
04-10 12:10:43.991 I/StandardCaps( 951): 3.2
04-10 12:10:43.991 I/StandardCaps( 951): 4.0
04-10 12:10:43.991 I/StandardCaps( 951): 4.1
04-10 12:10:43.991 I/StandardCaps( 951): 4.2
04-10 12:10:43.991 I/StandardCaps( 951): 5.0
04-10 12:10:43.991 I/StandardCaps( 951): 5.1
04-10 12:10:43.991 I/StandardCaps( 951): 5.2
04-10 12:10:43.991 I/heimdall( 979): update_proc_tgid:420, put (619) in root memcg
04-10 12:10:43.991 I/heimdall( 979): update_proc_tgid:420, put (621) in root memcg
04-10 12:10:43.991 I/heimdall( 979): update_proc_tgid:420, put (622) in root memcg
04-10 12:10:43.991 I/heimdall( 979): update_proc_tgid:420, put (629) in root memcg
04-10 12:10:43.992 I/heimdall( 979): update_proc_tgid:420, put (630) in root memcg
04-10 12:10:43.992 I/heimdall( 979): update_proc_tgid:420, put (631) in root memcg
04-10 12:10:43.992 I/heimdall( 979): update_proc_tgid:420, put getprop(1107) in
root memcg
04-10 12:10:43.992 I/heimdall( 979): update_proc_tgid:420, put (632) in root memcg
04-10 12:10:43.992 I/heimdall( 979): update_proc_tgid:420, put (636) in root memcg
04-10 12:10:43.992 I/heimdall( 979): update_proc_tgid:420, put (637) in root memcg
04-10 12:10:43.993 I/heimdall( 979): update_proc_tgid:420, put
/vendor/bin/iod(639) in root memcg
04-10 12:10:43.993 I/heimdall( 979): update_proc_tgid:420, put (642) in root memcg
04-10 12:10:43.993 I/heimdall( 979): update_proc_tgid:420, put
/system/bin/hw/[email protected](643) in root memcg
04-10 12:10:43.993 I/VendorCaps( 951): RenderFrameRateOutputHelper: min 0 max 120
step 30 default 0
04-10 12:10:43.993 I/VendorCaps( 951): VideoRefreshRateOutputHelper: min 0 max 120
step 1 default 60
04-10 12:10:43.993 I/heimdall( 979): update_proc_tgid:420, put
/system/bin/keystore2(644) in root memcg
04-10 12:10:43.994 I/QC2Filter( 951): FUNCTION_BEGIN:getCapsHelpers
04-10 12:10:43.994 I/heimdall( 979): update_proc_tgid:420, put
/vendor/bin/hw/[email protected](645) in root memcg
04-10 12:10:43.994 I/QC2ImageFormatFilter( 951): FUNCTION_BEGIN:onGetCapsHelpers
04-10 12:10:43.994 I/Zygote ( 837): Accepting command socket connections
04-10 12:10:43.994 I/QC2ImageFormatFilter( 951): FUNCTION_END:onGetCapsHelpers
TIME=0 ms
04-10 12:10:43.994 I/QC2Filter( 951): FUNCTION_END:getCapsHelpers TIME=0 ms
04-10 12:10:43.994 I/QC2PipelineCodec( 951): capshelpers vectorId 0 inputDelay=0
04-10 12:10:43.994 I/QC2PipelinedEntity( 951): [c2.qti.avc.decoder_0]
pipelineid=100 inputDelay=0
04-10 12:10:43.994 I/QC2PipelineCodec( 951): capshelpers vectorId 0 outputDelay=1
04-10 12:10:43.994 I/QC2PipelinedEntity( 951): [c2.qti.avc.decoder_0]
pipelineid=100 outputDelay=1
04-10 12:10:43.994 I/QC2PipelineCodec( 951): capshelpers vectorId 1 inputDelay=1
04-10 12:10:43.994 I/QC2PipelinedEntity( 951): [c2.qti.ImageFormat.filter_0]
pipelineid=101 inputDelay=1
04-10 12:10:43.994 I/QC2PipelineCodec( 951): capshelpers vectorId 1 outputDelay=1
04-10 12:10:43.994 I/QC2PipelinedEntity( 951): [c2.qti.ImageFormat.filter_0]
pipelineid=101 outputDelay=1
04-10 12:10:43.994 I/QC2PipelineCodec( 951): computeDelays
04-10 12:10:43.994 I/QC2PipelinedEntity( 951): pipelineid=100 extraAllocation=2
set maxOutputBuffers=4
04-10 12:10:43.994 I/QC2PipelinedEntity( 951): pipelineid=101 extraAllocation=2
set maxOutputBuffers=3
04-10 12:10:43.994 I/QC2PipelineCodec( 951): ComputeDelay: iDelay=0 pDelay=0
oDelay=7
04-10 12:10:43.994 I/QC2PipelineCodec( 951): TotalInputDelay=0 (0)
totalOutputDelay=7 (7)
04-10 12:10:43.994 I/QC2PipelineCodec( 951): ActualOutputDelayHelper value=7
04-10 12:10:43.994 I/QC2PipelineCodec( 951): Resolve conflict 92008001
[2449506305]
04-10 12:10:43.994 I/QC2PipelineCodec( 951): Resolve conflict 60000825
[1610614821]
04-10 12:10:43.994 I/QC2PipelineCodec( 951): Resolve conflict 4000080e
[1073743886]
04-10 12:10:43.994 I/QC2PipelineCodec( 951): Dont merge
delay/size/format/framerate params
04-10 12:10:43.994 I/QC2PipelineCodec( 951): Resolve conflict 9001080c
[2415986700]
04-10 12:10:43.994 I/QC2PipelineCodec( 951): Resolve conflict 5000080e
[1342179342]
04-10 12:10:43.994 I/QC2PipelineCodec( 951): Dont merge
delay/size/format/framerate params
04-10 12:10:43.994 I/QC2PipelineCodec( 951): Resolve conflict a0000804
[2684356612]
04-10 12:10:43.994 I/QC2PipelineCodec( 951): Resolve conflict 8001080c
[2147551244]
04-10 12:10:43.994 I/QC2PipelineCodec( 951): Resolve conflict a0000805
[2684356613]
04-10 12:10:43.994 I/QC2PipelineCodec( 951): capsHelper add param=a0009013
04-10 12:10:43.994 I/heimdall( 979): update_proc_tgid:420, put
/vendor/bin/hw/[email protected](646) in root memcg
04-10 12:10:43.994 I/QC2PipelineCodec( 951): capsHelper add param=a0009012
04-10 12:10:43.994 I/QC2PipelineCodec( 951): capsHelper add param=a0009011
04-10 12:10:43.994 I/QC2PipelineCodec( 951): capsHelper add param=9200c047
04-10 12:10:43.994 I/QC2PipelineCodec( 951): capsHelper add param=d200c03f
04-10 12:10:43.994 I/QC2PipelineCodec( 951): capsHelper add param=9200c036
04-10 12:10:43.994 I/QC2PipelineCodec( 951): capsHelper add param=d200c00e
04-10 12:10:43.994 I/QC2PipelineCodec( 951): capsHelper add param=5200c012
04-10 12:10:43.994 I/QC2PipelineCodec( 951): capsHelper add param=8200c042
04-10 12:10:43.994 I/QC2PipelineCodec( 951): capsHelper add param=a0009010
04-10 12:10:43.994 I/QC2PipelineCodec( 951): capsHelper add param=d200c000
04-10 12:10:43.994 I/QC2PipelineCodec( 951): capsHelper add param=92008001
04-10 12:10:43.994 I/QC2PipelineCodec( 951): capsHelper add param=d200c04a
04-10 12:10:43.994 I/QC2PipelineCodec( 951): capsHelper add param=d201c00d
04-10 12:10:43.994 I/QC2PipelineCodec( 951): capsHelper add param=d2008002
04-10 12:10:43.994 I/QC2PipelineCodec( 951): capsHelper add param=d200c00b
04-10 12:10:43.994 I/QC2PipelineCodec( 951): capsHelper add param=d200c034
04-10 12:10:43.994 I/QC2PipelineCodec( 951): capsHelper add param=d200c013
04-10 12:10:43.994 I/QC2PipelineCodec( 951): capsHelper add param=d200c01b
04-10 12:10:43.994 I/QC2PipelineCodec( 951): capsHelper add param=c2001809
04-10 12:10:43.994 I/QC2PipelineCodec( 951): isParamPipelineOwned 5000080e true
04-10 12:10:43.994 I/QC2PipelineCodec( 951): capsHelper skip param 5000080e
04-10 12:10:43.994 I/QC2PipelineCodec( 951): capsHelper add param=a0009014
04-10 12:10:43.994 I/QC2PipelineCodec( 951): isParamPipelineOwned 4000080e true
04-10 12:10:43.994 I/QC2PipelineCodec( 951): capsHelper skip param 4000080e
04-10 12:10:43.994 I/QC2PipelineCodec( 951): capsHelper add param=d2001802
04-10 12:10:43.994 I/QC2PipelineCodec( 951): capsHelper add param=c2000808
04-10 12:10:43.994 I/QC2PipelineCodec( 951): capsHelper add param=60000824
04-10 12:10:43.994 I/QC2PipelineCodec( 951): capsHelper add param=a0000801
04-10 12:10:43.994 I/QC2PipelineCodec( 951): capsHelper add param=60000823
04-10 12:10:43.994 I/QC2PipelineCodec( 951): capsHelper add param=c2002000
04-10 12:10:43.994 I/QC2PipelineCodec( 951): capsHelper add param=d2001809
04-10 12:10:43.994 I/QC2PipelineCodec( 951): capsHelper add param=d200c006
04-10 12:10:43.994 I/QC2PipelineCodec( 951): capsHelper add param=52002003
04-10 12:10:43.994 I/QC2PipelineCodec( 951): capsHelper add param=9001080c
04-10 12:10:43.994 I/QC2PipelineCodec( 951): capsHelper add param=8001080c
04-10 12:10:43.994 I/QC2PipelineCodec( 951): capsHelper add param=d2001800
04-10 12:10:43.994 I/QC2PipelineCodec( 951): capsHelper add param=9200081b
04-10 12:10:43.994 I/QC2PipelineCodec( 951): capsHelper add param=8200c035
04-10 12:10:43.994 I/QC2PipelineCodec( 951): capsHelper add param=a0000804
04-10 12:10:43.994 I/QC2PipelineCodec( 951): capsHelper add param=60000825
04-10 12:10:43.994 I/QC2PipelineCodec( 951): capsHelper add param=5200180b
04-10 12:10:43.994 I/QC2PipelineCodec( 951): capsHelper add param=d200180a
04-10 12:10:43.994 I/QC2PipelineCodec( 951): capsHelper add param=d200c007
04-10 12:10:43.994 I/QC2PipelineCodec( 951): capsHelper add param=d200c00c
04-10 12:10:43.994 I/QC2PipelineCodec( 951): capsHelper add param=c2001800
04-10 12:10:43.994 I/QC2PipelineCodec( 951): capsHelper add param=8200081b
04-10 12:10:43.994 I/QC2PipelineCodec( 951): capsHelper add param=a0000805
04-10 12:10:43.994 I/QC2PipelineCodec( 951): capsHelper add param=9200c046
04-10 12:10:43.994 I/QC2PipelineCodec( 951): capsHelper add param=5001081a
04-10 12:10:43.994 I/QC2PipelineCodec( 951): capsHelper add param=c200081e
04-10 12:10:43.994 I/QC2PipelineCodec( 951): computeDelays
04-10 12:10:43.994 I/QC2PipelinedEntity( 951): pipelineid=100 extraAllocation=2
set maxOutputBuffers=4
04-10 12:10:43.994 I/QC2PipelinedEntity( 951): pipelineid=101 extraAllocation=2
set maxOutputBuffers=3
04-10 12:10:43.994 I/QC2PipelineCodec( 951): ComputeDelay: iDelay=0 pDelay=0
oDelay=7
04-10 12:10:43.994 I/QC2PipelineCodec( 951): Delays initialized iDelay=0 pDelay=0
oDelay=7
04-10 12:10:43.994 I/heimdall( 979): update_proc_tgid:420, put
/vendor/bin/[email protected](647) in root memcg
04-10 12:10:43.994 I/QC2PipelineCodec( 951): init: end; processing-time=114 ms
04-10 12:10:43.994 I/QC2Registry( 951): Initialized pipelined Codec for
c2.qti.avc.decoder
04-10 12:10:43.994 I/QC2PipelineCodec( 951): getCapsHelpersInternal:
piplinedcodecs size=2
04-10 12:10:43.994 I/StandardCaps( 951): PixelFormatOutputHelper:
04-10 12:10:43.994 I/StandardCaps( 951): VENUS_NV12
04-10 12:10:43.994 I/StandardCaps( 951): VENUS_NV12_UBWC
04-10 12:10:43.995 I/StandardCaps( 951): VENUS_TP10
04-10 12:10:43.995 I/StandardCaps( 951): VENUS_P010
04-10 12:10:43.995 I/StandardCaps( 951): PictureSizeOutputHelper: min [96 96] max
[4096 4096] default [96 96]
04-10 12:10:43.995 I/StandardCaps( 951): PictureSizeInputHelper: min [96 96] max
[4096 4096] default [96 96]
04-10 12:10:43.995 I/StandardCaps( 951): MaxPictureSizeOutputHelper: min [96 96]
max [4096 4096] default [96 96]
04-10 12:10:43.995 I/StandardCaps( 951): FrameRateInputHelper: min 1 max 960 step
0 default 30
04-10 12:10:43.995 I/StandardCaps( 951): OperatingRateHelper: min 30, max 32767,
step 0, default 30
04-10 12:10:43.995 I/heimdall( 979): update_proc_tgid:420, put
/vendor/bin/sscrpcd(648) in root memcg
04-10 12:10:43.995 I/StandardCaps( 951): ProfileLevelInputHelper: Profiles
04-10 12:10:43.995 I/StandardCaps( 951): AVC_BP
04-10 12:10:43.995 I/StandardCaps( 951): AVC_CBP
04-10 12:10:43.995 I/StandardCaps( 951): AVC_MP
04-10 12:10:43.995 I/StandardCaps( 951): AVC_HP
04-10 12:10:43.995 I/StandardCaps( 951): AVC_CHP
04-10 12:10:43.995 I/StandardCaps( 951): ProfileLevelInputHelper: Levels
04-10 12:10:43.995 I/StandardCaps( 951): 1.0
04-10 12:10:43.995 I/StandardCaps( 951): 1B
04-10 12:10:43.995 I/StandardCaps( 951): 1.1
04-10 12:10:43.995 I/StandardCaps( 951): 1.2
04-10 12:10:43.995 I/StandardCaps( 951): 1.3
04-10 12:10:43.995 I/StandardCaps( 951): 2.0
04-10 12:10:43.995 I/StandardCaps( 951): 2.1
04-10 12:10:43.995 I/StandardCaps( 951): 2.2
04-10 12:10:43.995 I/StandardCaps( 951): 3.0
04-10 12:10:43.995 I/StandardCaps( 951): 3.1
04-10 12:10:43.995 I/StandardCaps( 951): 3.2
04-10 12:10:43.995 I/StandardCaps( 951): 4.0
04-10 12:10:43.995 I/StandardCaps( 951): 4.1
04-10 12:10:43.995 I/StandardCaps( 951): 4.2
04-10 12:10:43.995 I/StandardCaps( 951): 5.0
04-10 12:10:43.995 I/StandardCaps( 951): 5.1
04-10 12:10:43.995 I/StandardCaps( 951): 5.2
04-10 12:10:43.995 I/heimdall( 979): update_proc_tgid:420, put (662) in root memcg
04-10 12:10:43.995 I/heimdall( 979): update_proc_tgid:420, put (665) in root memcg
04-10 12:10:43.995 I/VendorCaps( 951): RenderFrameRateOutputHelper: min 0 max 120
step 30 default 0
04-10 12:10:43.995 I/VendorCaps( 951): VideoRefreshRateOutputHelper: min 0 max 120
step 1 default 60
04-10 12:10:43.995 I/heimdall( 979): update_proc_tgid:420, put (668) in root memcg
04-10 12:10:43.995 I/QC2Filter( 951): FUNCTION_BEGIN:getCapsHelpers
04-10 12:10:43.995 I/heimdall( 979): update_proc_tgid:420, put (669) in root memcg
04-10 12:10:43.995 I/QC2ImageFormatFilter( 951): FUNCTION_BEGIN:onGetCapsHelpers
04-10 12:10:43.995 I/QC2ImageFormatFilter( 951): FUNCTION_END:onGetCapsHelpers
TIME=0 ms
04-10 12:10:43.995 I/QC2Filter( 951): FUNCTION_END:getCapsHelpers TIME=0 ms
04-10 12:10:43.995 I/QC2PipelineCodec( 951): capshelpers vectorId 0 inputDelay=0
04-10 12:10:43.995 I/QC2PipelinedEntity( 951): [c2.qti.avc.decoder_0]
pipelineid=100 inputDelay=0
04-10 12:10:43.995 I/QC2PipelineCodec( 951): capshelpers vectorId 0 outputDelay=1
04-10 12:10:43.995 I/QC2PipelinedEntity( 951): [c2.qti.avc.decoder_0]
pipelineid=100 outputDelay=1
04-10 12:10:43.995 I/QC2PipelineCodec( 951): capshelpers vectorId 1 inputDelay=1
04-10 12:10:43.995 I/QC2PipelinedEntity( 951): [c2.qti.ImageFormat.filter_0]
pipelineid=101 inputDelay=1
04-10 12:10:43.995 I/QC2PipelineCodec( 951): capshelpers vectorId 1 outputDelay=1
04-10 12:10:43.995 I/QC2PipelinedEntity( 951): [c2.qti.ImageFormat.filter_0]
pipelineid=101 outputDelay=1
04-10 12:10:43.995 I/QC2PipelineCodec( 951): computeDelays
04-10 12:10:43.995 I/heimdall( 979): update_proc_tgid:420, put (670) in root memcg
04-10 12:10:43.995 I/QC2PipelinedEntity( 951): pipelineid=100 extraAllocation=2
set maxOutputBuffers=4
04-10 12:10:43.995 I/QC2PipelinedEntity( 951): pipelineid=101 extraAllocation=2
set maxOutputBuffers=3
04-10 12:10:43.995 I/QC2PipelineCodec( 951): ComputeDelay: iDelay=0 pDelay=0
oDelay=7
04-10 12:10:43.995 I/QC2PipelineCodec( 951): TotalInputDelay=0 (0)
totalOutputDelay=7 (7)
04-10 12:10:43.995 I/QC2PipelineCodec( 951): ActualOutputDelayHelper value=7
04-10 12:10:43.995 I/QC2PipelineCodec( 951): Resolve conflict 92008001
[2449506305]
04-10 12:10:43.995 I/QC2PipelineCodec( 951): Resolve conflict 60000825
[1610614821]
04-10 12:10:43.995 I/QC2PipelineCodec( 951): Resolve conflict 4000080e
[1073743886]
04-10 12:10:43.995 I/QC2PipelineCodec( 951): Dont merge
delay/size/format/framerate params
04-10 12:10:43.995 I/QC2PipelineCodec( 951): Resolve conflict 9001080c
[2415986700]
04-10 12:10:43.995 I/QC2PipelineCodec( 951): Resolve conflict 5000080e
[1342179342]
04-10 12:10:43.995 I/QC2PipelineCodec( 951): Dont merge
delay/size/format/framerate params
04-10 12:10:43.995 I/QC2PipelineCodec( 951): Resolve conflict a0000804
[2684356612]
04-10 12:10:43.995 I/QC2PipelineCodec( 951): Resolve conflict 8001080c
[2147551244]
04-10 12:10:43.995 I/QC2PipelineCodec( 951): Resolve conflict a0000805
[2684356613]
04-10 12:10:43.995 I/QC2PipelineCodec( 951): capsHelper add param=a0009013
04-10 12:10:43.995 I/QC2PipelineCodec( 951): capsHelper add param=a0009012
04-10 12:10:43.995 I/QC2PipelineCodec( 951): capsHelper add param=a0009011
04-10 12:10:43.995 I/QC2PipelineCodec( 951): capsHelper add param=9200c047
04-10 12:10:43.995 I/heimdall( 979): update_proc_tgid:420, put (671) in root memcg
04-10 12:10:43.995 I/QC2PipelineCodec( 951): capsHelper add param=d200c03f
04-10 12:10:43.995 I/QC2PipelineCodec( 951): capsHelper add param=9200c036
04-10 12:10:43.996 I/QC2PipelineCodec( 951): capsHelper add param=d200c00e
04-10 12:10:43.996 I/QC2PipelineCodec( 951): capsHelper add param=5200c012
04-10 12:10:43.996 I/QC2PipelineCodec( 951): capsHelper add param=8200c042
04-10 12:10:43.996 I/QC2PipelineCodec( 951): capsHelper add param=a0009010
04-10 12:10:43.996 I/QC2PipelineCodec( 951): capsHelper add param=d200c000
04-10 12:10:43.996 I/QC2PipelineCodec( 951): capsHelper add param=92008001
04-10 12:10:43.996 I/QC2PipelineCodec( 951): capsHelper add param=d200c04a
04-10 12:10:43.996 I/QC2PipelineCodec( 951): capsHelper add param=d201c00d
04-10 12:10:43.996 I/QC2PipelineCodec( 951): capsHelper add param=d2008002
04-10 12:10:43.996 I/QC2PipelineCodec( 951): capsHelper add param=d200c00b
04-10 12:10:43.996 I/QC2PipelineCodec( 951): capsHelper add param=d200c034
04-10 12:10:43.996 I/QC2PipelineCodec( 951): capsHelper add param=d200c013
04-10 12:10:43.996 I/QC2PipelineCodec( 951): capsHelper add param=d200c01b
04-10 12:10:43.996 I/QC2PipelineCodec( 951): capsHelper add param=c2001809
04-10 12:10:43.996 I/QC2PipelineCodec( 951): isParamPipelineOwned 5000080e true
04-10 12:10:43.996 I/QC2PipelineCodec( 951): capsHelper skip param 5000080e
04-10 12:10:43.996 I/QC2PipelineCodec( 951): capsHelper add param=a0009014
04-10 12:10:43.996 I/QC2PipelineCodec( 951): isParamPipelineOwned 4000080e true
04-10 12:10:43.996 I/QC2PipelineCodec( 951): capsHelper skip param 4000080e
04-10 12:10:43.996 I/QC2PipelineCodec( 951): capsHelper add param=d2001802
04-10 12:10:43.996 I/QC2PipelineCodec( 951): capsHelper add param=c2000808
04-10 12:10:43.996 I/QC2PipelineCodec( 951): capsHelper add param=60000824
04-10 12:10:43.996 I/QC2PipelineCodec( 951): capsHelper add param=a0000801
04-10 12:10:43.996 I/QC2PipelineCodec( 951): capsHelper add param=60000823
04-10 12:10:43.996 I/QC2PipelineCodec( 951): capsHelper add param=c2002000
04-10 12:10:43.996 I/QC2PipelineCodec( 951): capsHelper add param=d2001809
04-10 12:10:43.996 I/QC2PipelineCodec( 951): capsHelper add param=d200c006
04-10 12:10:43.996 I/QC2PipelineCodec( 951): capsHelper add param=52002003
04-10 12:10:43.996 I/QC2PipelineCodec( 951): capsHelper add param=9001080c
04-10 12:10:43.996 I/heimdall( 979): update_proc_tgid:420, put (672) in root memcg
04-10 12:10:43.996 I/QC2PipelineCodec( 951): capsHelper add param=8001080c
04-10 12:10:43.996 I/QC2PipelineCodec( 951): capsHelper add param=d2001800
04-10 12:10:43.996 I/QC2PipelineCodec( 951): capsHelper add param=9200081b
04-10 12:10:43.996 I/QC2PipelineCodec( 951): capsHelper add param=8200c035
04-10 12:10:43.996 I/QC2PipelineCodec( 951): capsHelper add param=a0000804
04-10 12:10:43.996 I/QC2PipelineCodec( 951): capsHelper add param=60000825
04-10 12:10:43.996 I/QC2PipelineCodec( 951): capsHelper add param=5200180b
04-10 12:10:43.996 I/QC2PipelineCodec( 951): capsHelper add param=d200180a
04-10 12:10:43.996 I/QC2PipelineCodec( 951): capsHelper add param=d200c007
04-10 12:10:43.996 I/QC2PipelineCodec( 951): capsHelper add param=d200c00c
04-10 12:10:43.996 I/QC2PipelineCodec( 951): capsHelper add param=c2001800
04-10 12:10:43.996 I/QC2PipelineCodec( 951): capsHelper add param=8200081b
04-10 12:10:43.996 I/QC2PipelineCodec( 951): capsHelper add param=a0000805
04-10 12:10:43.996 I/QC2PipelineCodec( 951): capsHelper add param=9200c046
04-10 12:10:43.996 I/QC2PipelineCodec( 951): capsHelper add param=5001081a
04-10 12:10:43.996 I/QC2PipelineCodec( 951): capsHelper add param=c200081e
04-10 12:10:43.996 I/QC2PipelineCodec( 951): release: begin
04-10 12:10:43.996 I/QC2PipelinedEntity( 951): [c2.qti.avc.decoder_0]
pipelinedid=100 release
04-10 12:10:43.996 I/heimdall( 979): update_proc_tgid:420, put (673) in root memcg
04-10 12:10:43.996 I/heimdall( 979): update_proc_tgid:420, put (674) in root memcg
04-10 12:10:43.996 I/heimdall( 979): update_proc_tgid:420, put
/vendor/bin/[email protected](675) in root memcg
04-10 12:10:43.996 I/heimdall( 979): update_proc_tgid:420, put
/vendor/bin/vaultkeeperd(676) in root memcg
04-10 12:10:43.997 I/QC2V4l2Driver( 951): [avcD_0] Closed device driver with fd: 7
04-10 12:10:43.997 I/QC2PipelinedEntity( 951): [c2.qti.ImageFormat.filter_0]
pipelinedid=101 release
04-10 12:10:43.997 I/QC2Filter( 951): FUNCTION_BEGIN:release
04-10 12:10:43.997 I/QC2Filter( 951): FUNCTION_END:release TIME=0 ms
