04-10 12:10:43.997 I/QC2PipelinedEntity( 951): pipelineid=101 ~QC2PipelinedEntity
04-10 12:10:43.997 I/heimdall( 979): update_proc_tgid:420, put
/vendor/bin/[email protected](677) in root
memcg
04-10 12:10:43.997 I/QC2PipelinedEntity( 951): pipelineid=100 ~QC2PipelinedEntity
04-10 12:10:43.997 I/heimdall( 979): update_proc_tgid:420, put
/vendor/bin/storkd(678) in root memcg
04-10 12:10:43.997 I/QC2PipelineCodec( 951): release: end; processing-time=1 ms
04-10 12:10:43.997 I/QC2PipelineCodec( 951): QC2PipelinedDecoder dtor
04-10 12:10:43.997 I/QC2ImageFormatFilter( 951):
FUNCTION_BEGIN:~QC2ImageFormatFilter
04-10 12:10:43.997 I/QC2ImageFormatFilter( 951):
FUNCTION_END:~QC2ImageFormatFilter TIME=0 ms
04-10 12:10:43.997 I/QC2Filter( 951): FUNCTION_BEGIN:~QC2Filter
04-10 12:10:43.997 I/QC2Filter( 951): FUNCTION_BEGIN:release
04-10 12:10:43.997 I/QC2Filter( 951): FUNCTION_END:release TIME=0 ms
04-10 12:10:43.997 I/QC2Filter( 951): FUNCTION_END:~QC2Filter TIME=0 ms
04-10 12:10:43.998 E/QC2V4l2Driver( 951): Invalid device driver fd:-1
04-10 12:10:43.998 I/QC2V4l2Driver( 951): [avcD_0] Closed device driver with fd: -
1
04-10 12:10:43.998 I/heimdall( 979): update_proc_tgid:420, put
/system/bin/tombstoned(685) in root memcg
04-10 12:10:43.998 I/QC2Comp ( 951): codec capability queried!
04-10 12:10:43.998 I/QC2CompStore( 951): Added capabilities for c2.qti.avc.decoder
04-10 12:10:43.998 I/heimdall( 979): update_proc_tgid:420, put
/system/bin/apexd(689) in root memcg
04-10 12:10:43.998 I/heimdall( 979): update_proc_tgid:420, put (694) in root memcg
04-10 12:10:43.998 I/heimdall( 979): update_proc_tgid:420, put (695) in root memcg
04-10 12:10:43.998 I/heimdall( 979): update_proc_tgid:420, put (696) in root memcg
04-10 12:10:43.998 I/QC2Registry( 951): Getting stages for pipelined codec
04-10 12:10:43.998 I/QC2V4l2Codec( 951): [avcDLowLat_0] output buffer allocation
timeout threshold set to 0ms
04-10 12:10:43.998 I/QC2Registry( 951): Pipelining enabled
04-10 12:10:43.998 I/QC2Registry( 951): Doesn't support pipelining. Create
standalone codec
04-10 12:10:43.998 I/QC2Registry( 951): Return standalone codec caps for
c2.qti.avc.decoder.low_latency
04-10 12:10:43.998 I/heimdall( 979): update_proc_tgid:420, put (697) in root memcg
04-10 12:10:43.998 I/QC2V4l2Driver( 951): [avcDLowLat_0] Device /dev/video32
opened with fd: 7
04-10 12:10:43.999 I/heimdall( 979): update_proc_tgid:420, put (698) in root memcg
04-10 12:10:43.999 I/heimdall( 979): update_proc_tgid:420, put (699) in root memcg
04-10 12:10:43.999 I/heimdall( 979): update_proc_tgid:420, put (700) in root memcg
04-10 12:10:43.999 I/heimdall( 979): update_proc_tgid:420, put (701) in root memcg
04-10 12:10:43.999 I/heimdall( 979): update_proc_tgid:420, put (702) in root memcg
04-10 12:10:43.999 I/heimdall( 979): update_proc_tgid:420, put (703) in root memcg
04-10 12:10:43.999 I/heimdall( 979): update_proc_tgid:420, put (704) in root memcg
04-10 12:10:43.999 I/heimdall( 979): update_proc_tgid:420, put (705) in root memcg
04-10 12:10:43.999 I/heimdall( 979): update_proc_tgid:420, put (706) in root memcg
04-10 12:10:44.000 I/heimdall( 979): update_proc_tgid:420, put (707) in root memcg
04-10 12:10:44.000 I/heimdall( 979): update_proc_tgid:420, put (708) in root memcg
04-10 12:10:44.001 I/StandardCaps( 951): PixelFormatOutputHelper:
04-10 12:10:44.001 I/StandardCaps( 951): VENUS_NV12
04-10 12:10:44.001 I/StandardCaps( 951): VENUS_NV12_UBWC
04-10 12:10:44.001 I/StandardCaps( 951): VENUS_TP10
04-10 12:10:44.001 I/StandardCaps( 951): VENUS_P010
04-10 12:10:44.001 I/StandardCaps( 951): PictureSizeOutputHelper: min [96 96] max
[4096 4096] default [96 96]
04-10 12:10:44.001 I/heimdall( 979): update_proc_tgid:420, put (709) in root memcg
04-10 12:10:44.001 I/StandardCaps( 951): PictureSizeInputHelper: min [96 96] max
[4096 4096] default [96 96]
04-10 12:10:44.001 I/heimdall( 979): update_proc_tgid:420, put (710) in root memcg
04-10 12:10:44.001 I/StandardCaps( 951): MaxPictureSizeOutputHelper: min [96 96]
max [4096 4096] default [96 96]
04-10 12:10:44.001 I/heimdall( 979): update_proc_tgid:420, put (711) in root memcg
04-10 12:10:44.001 I/heimdall( 979): update_proc_tgid:420, put (712) in root memcg
04-10 12:10:44.001 I/StandardCaps( 951): FrameRateInputHelper: min 1 max 960 step
0 default 30
04-10 12:10:44.001 I/heimdall( 979): update_proc_tgid:420, put (713) in root memcg
04-10 12:10:44.001 I/StandardCaps( 951): OperatingRateHelper: min 30, max 32767,
step 0, default 30
04-10 12:10:44.001 I/heimdall( 979): update_proc_tgid:420, put (714) in root memcg
04-10 12:10:44.001 I/heimdall( 979): update_proc_tgid:420, put (715) in root memcg
04-10 12:10:44.001 I/heimdall( 979): update_proc_tgid:420, put (716) in root memcg
04-10 12:10:44.001 I/heimdall( 979): update_proc_tgid:420, put (717) in root memcg
04-10 12:10:44.001 I/heimdall( 979): update_proc_tgid:420, put (718) in root memcg
04-10 12:10:44.002 I/heimdall( 979): update_proc_tgid:420, put (719) in root memcg
04-10 12:10:44.002 I/heimdall( 979): update_proc_tgid:420, put (720) in root memcg
04-10 12:10:44.002 I/heimdall( 979): update_proc_tgid:420, put (721) in root memcg
04-10 12:10:44.002 I/heimdall( 979): update_proc_tgid:420, put (722) in root memcg
04-10 12:10:44.002 I/heimdall( 979): update_proc_tgid:420, put (723) in root memcg
04-10 12:10:44.002 I/heimdall( 979): update_proc_tgid:420, put (724) in root memcg
04-10 12:10:44.002 I/heimdall( 979): update_proc_tgid:420, put (725) in root memcg
04-10 12:10:44.002 I/heimdall( 979): update_proc_tgid:420, put (726) in root memcg
04-10 12:10:44.002 I/heimdall( 979): update_proc_tgid:420, put (727) in root memcg
04-10 12:10:44.002 I/heimdall( 979): update_proc_tgid:420, put (728) in root memcg
04-10 12:10:44.002 I/heimdall( 979): update_proc_tgid:420, put (729) in root memcg
04-10 12:10:44.002 I/heimdall( 979): update_proc_tgid:420, put (730) in root memcg
04-10 12:10:44.002 I/heimdall( 979): update_proc_tgid:420, put (731) in root memcg
04-10 12:10:44.002 I/StandardCaps( 951): ProfileLevelInputHelper: Profiles
04-10 12:10:44.002 I/StandardCaps( 951): AVC_BP
04-10 12:10:44.002 I/heimdall( 979): update_proc_tgid:420, put (732) in root memcg
04-10 12:10:44.002 I/StandardCaps( 951): AVC_CBP
04-10 12:10:44.002 I/StandardCaps( 951): AVC_MP
04-10 12:10:44.002 I/heimdall( 979): update_proc_tgid:420, put (733) in root memcg
04-10 12:10:44.002 I/StandardCaps( 951): AVC_HP
04-10 12:10:44.002 I/StandardCaps( 951): AVC_CHP
04-10 12:10:44.002 I/heimdall( 979): update_proc_tgid:420, put (734) in root memcg
04-10 12:10:44.002 I/StandardCaps( 951): ProfileLevelInputHelper: Levels
04-10 12:10:44.002 I/StandardCaps( 951): 1.0
04-10 12:10:44.002 I/heimdall( 979): update_proc_tgid:420, put (735) in root memcg
04-10 12:10:44.002 I/StandardCaps( 951): 1B
04-10 12:10:44.002 I/StandardCaps( 951): 1.1
04-10 12:10:44.002 I/heimdall( 979): update_proc_tgid:420, put (736) in root memcg
04-10 12:10:44.002 I/StandardCaps( 951): 1.2
04-10 12:10:44.002 I/StandardCaps( 951): 1.3
04-10 12:10:44.002 I/heimdall( 979): update_proc_tgid:420, put (737) in root memcg
04-10 12:10:44.002 I/StandardCaps( 951): 2.0
04-10 12:10:44.002 I/StandardCaps( 951): 2.1
04-10 12:10:44.002 I/StandardCaps( 951): 2.2
04-10 12:10:44.002 I/heimdall( 979): update_proc_tgid:420, put (738) in root memcg
04-10 12:10:44.002 I/StandardCaps( 951): 3.0
04-10 12:10:44.002 I/StandardCaps( 951): 3.1
04-10 12:10:44.002 I/heimdall( 979): update_proc_tgid:420, put (739) in root memcg
04-10 12:10:44.002 I/StandardCaps( 951): 3.2
04-10 12:10:44.002 I/StandardCaps( 951): 4.0
04-10 12:10:44.002 I/heimdall( 979): update_proc_tgid:420, put (740) in root memcg
04-10 12:10:44.002 I/StandardCaps( 951): 4.1
04-10 12:10:44.002 I/StandardCaps( 951): 4.2
04-10 12:10:44.002 I/heimdall( 979): update_proc_tgid:420, put (741) in root memcg
04-10 12:10:44.002 I/StandardCaps( 951): 5.0
04-10 12:10:44.002 I/StandardCaps( 951): 5.1
04-10 12:10:44.002 I/StandardCaps( 951): 5.2
04-10 12:10:44.002 I/heimdall( 979): update_proc_tgid:420, put (742) in root memcg
04-10 12:10:44.002 I/heimdall( 979): update_proc_tgid:420, put (743) in root memcg
04-10 12:10:44.002 I/heimdall( 979): update_proc_tgid:420, put (744) in root memcg
04-10 12:10:44.002 I/heimdall( 979): update_proc_tgid:420, put (745) in root memcg
04-10 12:10:44.002 I/heimdall( 979): update_proc_tgid:420, put (746) in root memcg
04-10 12:10:44.002 I/heimdall( 979): update_proc_tgid:420, put (747) in root memcg
04-10 12:10:44.002 I/heimdall( 979): update_proc_tgid:420, put (748) in root memcg
04-10 12:10:44.002 I/heimdall( 979): update_proc_tgid:420, put (749) in root memcg
04-10 12:10:44.002 I/heimdall( 979): update_proc_tgid:420, put (750) in root memcg
04-10 12:10:44.002 I/heimdall( 979): update_proc_tgid:420, put (751) in root memcg
04-10 12:10:44.002 I/heimdall( 979): update_proc_tgid:420, put (752) in root memcg
04-10 12:10:44.002 I/heimdall( 979): update_proc_tgid:420, put (753) in root memcg
04-10 12:10:44.002 I/heimdall( 979): update_proc_tgid:420, put (754) in root memcg
04-10 12:10:44.002 I/heimdall( 979): update_proc_tgid:420, put (755) in root memcg
04-10 12:10:44.003 I/heimdall( 979): update_proc_tgid:420, put (756) in root memcg
04-10 12:10:44.003 I/heimdall( 979): update_proc_tgid:420, put (757) in root memcg
04-10 12:10:44.003 I/heimdall( 979): update_proc_tgid:420, put (758) in root memcg
04-10 12:10:44.003 I/heimdall( 979): update_proc_tgid:420, put (759) in root memcg
04-10 12:10:44.003 I/heimdall( 979): update_proc_tgid:420, put (760) in root memcg
04-10 12:10:44.003 I/heimdall( 979): update_proc_tgid:420, put (761) in root memcg
04-10 12:10:44.003 I/heimdall( 979): update_proc_tgid:420, put (762) in root memcg
04-10 12:10:44.003 I/heimdall( 979): update_proc_tgid:420, put (763) in root memcg
04-10 12:10:44.003 I/heimdall( 979): update_proc_tgid:420, put (764) in root memcg
04-10 12:10:44.003 I/heimdall( 979): update_proc_tgid:420, put (765) in root memcg
04-10 12:10:44.003 I/heimdall( 979): update_proc_tgid:420, put (766) in root memcg
04-10 12:10:44.003 I/heimdall( 979): update_proc_tgid:420, put (767) in root memcg
04-10 12:10:44.003 I/heimdall( 979): update_proc_tgid:420, put (768) in root memcg
04-10 12:10:44.003 I/heimdall( 979): update_proc_tgid:420, put (769) in root memcg
04-10 12:10:44.003 I/heimdall( 979): update_proc_tgid:420, put (770) in root memcg
04-10 12:10:44.003 I/heimdall( 979): update_proc_tgid:420, put (771) in root memcg
04-10 12:10:44.003 I/heimdall( 979): update_proc_tgid:420, put (772) in root memcg
04-10 12:10:44.003 I/heimdall( 979): update_proc_tgid:420, put (773) in root memcg
04-10 12:10:44.003 I/heimdall( 979): update_proc_tgid:420, put (774) in root memcg
04-10 12:10:44.003 I/heimdall( 979): update_proc_tgid:420, put (775) in root memcg
04-10 12:10:44.003 I/heimdall( 979): update_proc_tgid:420, put (776) in root memcg
04-10 12:10:44.003 I/heimdall( 979): update_proc_tgid:420, put (777) in root memcg
04-10 12:10:44.003 I/heimdall( 979): update_proc_tgid:420, put (778) in root memcg
04-10 12:10:44.003 I/heimdall( 979): update_proc_tgid:420, put (779) in root memcg
04-10 12:10:44.003 I/heimdall( 979): update_proc_tgid:420, put (780) in root memcg
04-10 12:10:44.003 I/heimdall( 979): update_proc_tgid:420, put (781) in root memcg
04-10 12:10:44.003 I/VendorCaps( 951): RenderFrameRateOutputHelper: min 0 max 120
step 30 default 0
04-10 12:10:44.003 I/heimdall( 979): update_proc_tgid:420, put (782) in root memcg
04-10 12:10:44.003 I/VendorCaps( 951): VideoRefreshRateOutputHelper: min 0 max 120
step 1 default 60
04-10 12:10:44.003 I/heimdall( 979): update_proc_tgid:420, put (783) in root memcg
04-10 12:10:44.003 I/heimdall( 979): update_proc_tgid:420, put (784) in root memcg
04-10 12:10:44.003 I/heimdall( 979): update_proc_tgid:420, put (785) in root memcg
04-10 12:10:44.003 I/heimdall( 979): update_proc_tgid:420, put (786) in root memcg
04-10 12:10:44.003 I/heimdall( 979): update_proc_tgid:420, put (787) in root memcg
04-10 12:10:44.003 I/heimdall( 979): update_proc_tgid:420, put (788) in root memcg
04-10 12:10:44.003 I/heimdall( 979): update_proc_tgid:420, put (789) in root memcg
04-10 12:10:44.003 I/heimdall( 979): update_proc_tgid:420, put (790) in root memcg
04-10 12:10:44.003 I/heimdall( 979): update_proc_tgid:420, put (791) in root memcg
04-10 12:10:44.004 I/heimdall( 979): update_proc_tgid:420, put
/system/bin/auditd(806) in root memcg
04-10 12:10:44.004 I/heimdall( 979): update_proc_tgid:420, put
/vendor/bin/cass(809) in root memcg
04-10 12:10:44.004 I/heimdall( 979): update_proc_tgid:420, put
/vendor/bin/emservice(810) in root memcg
04-10 12:10:44.004 I/heimdall( 979): update_proc_tgid:420, put
/vendor/bin/time_daemon(812) in root memcg
04-10 12:10:44.004 I/heimdall( 979): update_proc_tgid:420, put
/system/vendor/bin/ipacm(819) in root memcg
04-10 12:10:44.004 I/heimdall( 979): update_proc_tgid:420, put
/apex/com.android.os.statsd/bin/statsd(834) in root memcg
04-10 12:10:44.004 I/heimdall( 979): update_proc_tgid:420, put
/system/bin/netd(835) in root memcg
04-10 12:10:44.004 I/heimdall( 979): update_proc_tgid:420, put
/system/bin/iptables-restore(842) in root memcg
04-10 12:10:44.004 I/heimdall( 979): update_proc_tgid:420, put
/system/bin/ip6tables-restore(843) in root memcg
04-10 12:10:44.004 I/heimdall( 979): update_proc_tgid:420, put (845) in root memcg
04-10 12:10:44.004 I/heimdall( 979): update_proc_tgid:420, put (846) in root memcg
04-10 12:10:44.004 I/heimdall( 979): update_proc_tgid:420, put (847) in root memcg
04-10 12:10:44.004 I/heimdall( 979): update_proc_tgid:420, put (848) in root memcg
04-10 12:10:44.004 I/heimdall( 979): update_proc_tgid:420, put (849) in root memcg
04-10 12:10:44.004 I/heimdall( 979): update_proc_tgid:420, put (850) in root memcg
04-10 12:10:44.005 I/heimdall( 979): update_proc_tgid:420, put (851) in root memcg
04-10 12:10:44.005 I/heimdall( 979): update_proc_tgid:420, put (852) in root memcg
04-10 12:10:44.005 I/heimdall( 979): update_proc_tgid:420, put (853) in root memcg
04-10 12:10:44.005 I/heimdall( 979): update_proc_tgid:420, put (854) in root memcg
04-10 12:10:44.005 I/heimdall( 979): update_proc_tgid:420, put (855) in root memcg
04-10 12:10:44.005 I/heimdall( 979): update_proc_tgid:420, put (856) in root memcg
04-10 12:10:44.005 I/heimdall( 979): update_proc_tgid:420, put (857) in root memcg
04-10 12:10:44.005 I/heimdall( 979): update_proc_tgid:420, put (858) in root memcg
04-10 12:10:44.005 I/heimdall( 979): update_proc_tgid:420, put (859) in root memcg
04-10 12:10:44.005 I/heimdall( 979): update_proc_tgid:420, put (860) in root memcg
04-10 12:10:44.005 I/heimdall( 979): update_proc_tgid:420, put (861) in root memcg
04-10 12:10:44.005 I/heimdall( 979): update_proc_tgid:420, put (862) in root memcg
04-10 12:10:44.005 I/heimdall( 979): update_proc_tgid:420, put (863) in root memcg
04-10 12:10:44.005 I/heimdall( 979): update_proc_tgid:420, put (864) in root memcg
04-10 12:10:44.005 I/heimdall( 979): update_proc_tgid:420, put (865) in root memcg
04-10 12:10:44.005 I/QC2V4l2Driver( 951): [avcDLowLat_0] Closed device driver with
fd: 7
04-10 12:10:44.005 I/heimdall( 979): update_proc_tgid:420, put (867) in root memcg
04-10 12:10:44.005 I/heimdall( 979): update_proc_tgid:420, put (868) in root memcg
04-10 12:10:44.005 E/QC2V4l2Driver( 951): Invalid device driver fd:-1
04-10 12:10:44.005 I/QC2V4l2Driver( 951): [avcDLowLat_0] Closed device driver with
fd: -1
04-10 12:10:44.005 I/QC2Comp ( 951): codec capability queried!
04-10 12:10:44.005 I/QC2CompStore( 951): Added capabilities for
c2.qti.avc.decoder.low_latency
04-10 12:10:44.005 I/heimdall( 979): update_proc_tgid:420, put (891) in root memcg
04-10 12:10:44.005 I/heimdall( 979): update_proc_tgid:420, put (892) in root memcg
04-10 12:10:44.005 I/heimdall( 979): update_proc_tgid:420, put (907) in root memcg
04-10 12:10:44.006 I/heimdall( 979): update_proc_tgid:420, put
/vendor/bin/hw/android.hardware.audio.service(908) in root memcg
04-10 12:10:44.006 I/heimdall( 979): update_proc_tgid:420, put
/system/bin/hw/[email protected](909) in root memcg
04-10 12:10:44.006 I/heimdall( 979): update_proc_tgid:420, put
/vendor/bin/hw/[email protected](910) in root memcg
04-10 12:10:44.006 I/heimdall( 979): update_proc_tgid:420, put
/vendor/bin/hw/[email protected](911) in root memcg
04-10 12:10:44.006 I/heimdall( 979): update_proc_tgid:420, put
/vendor/bin/hw/[email protected](912) in root memcg
04-10 12:10:44.006 I/heimdall( 979): update_proc_tgid:420, put
/vendor/bin/hw/[email protected](913) in root memcg
04-10 12:10:44.006 I/heimdall( 979): update_proc_tgid:420, put (914) in root memcg
04-10 12:10:44.006 I/heimdall( 979): update_proc_tgid:420, put (915) in root memcg
04-10 12:10:44.007 I/heimdall( 979): update_proc_tgid:420, put
/vendor/bin/hw/[email protected](916) in root memcg
04-10 12:10:44.007 I/heimdall( 979): update_proc_tgid:420, put
/vendor/bin/hw/[email protected](917) in root memcg
04-10 12:10:44.007 I/heimdall( 979): update_proc_tgid:420, put (918) in root memcg
04-10 12:10:44.007 I/heimdall( 979): update_proc_tgid:420, put (919) in root memcg
04-10 12:10:44.007 I/heimdall( 979): update_proc_tgid:420, put (920) in root memcg
04-10 12:10:44.007 I/heimdall( 979): update_proc_tgid:420, put (921) in root memcg
04-10 12:10:44.007 I/QC2Registry( 951): Getting stages for pipelined codec
04-10 12:10:44.007 I/heimdall( 979): update_proc_tgid:420, put
/vendor/bin/hw/[email protected](922) in root memcg
04-10 12:10:44.007 I/heimdall( 979): update_proc_tgid:420, put (923) in root memcg
04-10 12:10:44.007 I/QC2V4l2Codec( 951): [avcDSec_0] output buffer allocation
timeout threshold set to 0ms
04-10 12:10:44.007 I/heimdall( 979): update_proc_tgid:420, put (924) in root memcg
04-10 12:10:44.007 I/QC2Registry( 951): Pipelining enabled
04-10 12:10:44.007 I/QC2Registry( 951): Requested codec is pipelined. Create codec
list
04-10 12:10:44.007 I/QC2Registry( 951): Filter c2.qti.ImageFormat.filter can't be
pipelined
04-10 12:10:44.007 I/heimdall( 979): update_proc_tgid:420, put
/vendor/bin/hw/[email protected](925) in root memcg
04-10 12:10:44.007 I/QC2Registry( 951): Created 0 codecs for pipelined codec
c2.qti.avc.decoder.secure
04-10 12:10:44.007 I/QC2Registry( 951): Return standalone codec caps for
c2.qti.avc.decoder.secure
04-10 12:10:44.007 I/heimdall( 979): update_proc_tgid:420, put
/vendor/bin/hw/[email protected](926) in root memcg
04-10 12:10:44.007 I/heimdall( 979): update_proc_tgid:420, put
/vendor/bin/hw/[email protected](927) in root memcg
04-10 12:10:44.007 I/QC2V4l2Driver( 951): [avcDSec_0] Device /dev/video32 opened
with fd: 7
04-10 12:10:44.007 I/heimdall( 979): update_proc_tgid:420, put
/vendor/bin/hw/[email protected](928) in root memcg
04-10 12:10:44.007 I/heimdall( 979): update_proc_tgid:420, put
/vendor/bin/hw/vendor.samsung.hardware.hyper-service(932) in root memcg
04-10 12:10:44.008 I/heimdall( 979): update_proc_tgid:420, put
/vendor/bin/hw/vendor.samsung.hardware.light-service(933) in root memcg
04-10 12:10:44.008 I/heimdall( 979): update_proc_tgid:420, put
/vendor/bin/hw/mppserver(934) in root memcg
04-10 12:10:44.008 I/heimdall( 979): update_proc_tgid:420, put
/vendor/bin/hw/android.hardware.power.samsung-service(935) in root memcg
04-10 12:10:44.008 I/heimdall( 979): update_proc_tgid:420, put
/vendor/bin/hw/[email protected](940) in root memcg
04-10 12:10:44.008 I/heimdall( 979): update_proc_tgid:420, put
/vendor/bin/hw/[email protected](941) in root memcg
04-10 12:10:44.009 I/heimdall( 979): update_proc_tgid:420, put
/vendor/bin/hw/[email protected](942) in root
memcg
04-10 12:10:44.010 I/heimdall( 979): update_proc_tgid:420, put
/vendor/bin/hw/vendor.qti.hardware.display.allocator-service(943) in root memcg
04-10 12:10:44.010 I/heimdall( 979): update_proc_tgid:420, put
/vendor/bin/hw/vendor.qti.hardware.display.composer-service(945) in root memcg
04-10 12:10:44.011 I/heimdall( 979): update_proc_tgid:420, put
/vendor/bin/dspservice(947) in root memcg
04-10 12:10:44.011 I/heimdall( 979): update_proc_tgid:420, put
/vendor/bin/hw/[email protected](948) in root memcg
04-10 12:10:44.012 I/heimdall( 979): update_proc_tgid:420, put
/vendor/bin/hw/[email protected](949) in root memcg
04-10 12:10:44.012 I/heimdall( 979): update_proc_tgid:420, put
/vendor/bin/hw/[email protected](950) in root memcg
04-10 12:10:44.012 I/heimdall( 979): update_proc_tgid:420, put media.hwcodec(951)
in root memcg
04-10 12:10:44.013 I/heimdall( 979): alloc_group_info:83,
_vendor_bin_hw_vendor.samsung.hardware.camera.provider@4.0-service_64 usage : 0
04-10 12:10:44.013 I/heimdall( 979): update_proc_tgid:420, put getprop(1110) in
root memcg
04-10 12:10:44.014 I/heimdall( 979): memcg_create:228, mkdir
/dev/memcg/_vendor_bin_hw_vendor.samsung.hardware.camera.provider@4.0-service_64
done 1
04-10 12:10:44.014 I/heimdall( 979): memcg_create:234, immigrate set to 0 done.
04-10 12:10:44.014 I/heimdall( 979): memcg_create:271, register global_limiti_kill
9 for _vendor_bin_hw_vendor.samsung.hardware.camera.provider@4.0-service_64 node 1
size 3221225472
04-10 12:10:44.014 I/heimdall( 979): insert_task_to_group:64, insert tgid 952 to
group _vendor_bin_hw_vendor.samsung.hardware.camera.provider@4.0-service_64, ret =
0
04-10 12:10:44.015 I/heimdall( 979): update_proc_tgid:420, put
/vendor/bin/hw/[email protected](955) in root
memcg
04-10 12:10:44.015 I/heimdall( 979): update_proc_tgid:420, put
/vendor/bin/hw/[email protected](956) in root memcg
04-10 12:10:44.015 I/heimdall( 979): update_proc_tgid:420, put
/vendor/bin/hw/[email protected](957) in root memcg
04-10 12:10:44.015 I/heimdall( 979): alloc_group_info:83,
[email protected] usage : 0
04-10 12:10:44.015 I/heimdall( 979): memcg_create:228, mkdir
/dev/memcg/[email protected] done 2
04-10 12:10:44.016 I/heimdall( 979): memcg_create:234, immigrate set to 0 done.
04-10 12:10:44.016 I/heimdall( 979): memcg_create:271, register global_limiti_kill
10 for [email protected] node 1 size
3221225472
04-10 12:10:44.016 I/heimdall( 979): insert_task_to_group:64, insert tgid 958 to
group [email protected], ret = 0
04-10 12:10:44.017 I/heimdall( 979): update_proc_tgid:420, put
/vendor/bin/hw/[email protected](959) in root memcg
04-10 12:10:44.017 I/heimdall( 979): update_proc_tgid:420, put
/vendor/bin/hw/[email protected](962) in root memcg
04-10 12:10:44.017 I/heimdall( 979): update_proc_tgid:420, put
/vendor/bin/hw/vendor.samsung.hardware.vibrator-service(964) in root memcg
04-10 12:10:44.017 I/heimdall( 979): update_proc_tgid:420, put
/vendor/bin/hw/[email protected](968) in root memcg
04-10 12:10:44.017 I/heimdall( 979): update_proc_tgid:420, put /vendor/bin/qrtr-
ns(970) in root memcg
04-10 12:10:44.017 I/heimdall( 979): update_proc_tgid:420, put
/vendor/bin/factory.ssc(974) in root memcg
04-10 12:10:44.018 I/heimdall( 979): update_proc_tgid:420, put /vendor/bin/pd-
mapper(975) in root memcg
04-10 12:10:44.018 I/heimdall( 979): update_proc_tgid:420, put /vendor/bin/pm-
service(976) in root memcg
04-10 12:10:44.018 I/heimdall( 979): update_proc_tgid:420, put
/system/bin/heimdalld(979) in root memcg
04-10 12:10:44.018 I/heimdall( 979): update_proc_tgid:420, put
/system/bin/audioserver(981) in root memcg
04-10 12:10:44.018 I/heimdall( 979): update_proc_tgid:420, put
/system/bin/credstore(983) in root memcg
04-10 12:10:44.019 I/heimdall( 979): update_proc_tgid:420, put
/system/bin/gpuservice(987) in root memcg
04-10 12:10:44.019 I/heimdall( 979): update_proc_tgid:420, put
/system/bin/perfmond(992) in root memcg
04-10 12:10:44.019 I/heimdall( 979): update_proc_tgid:420, put
/system/bin/surfaceflinger(993) in root memcg
04-10 12:10:44.020 I/heimdall( 979): update_proc_tgid:420, put
/vendor/bin/rmt_storage(1003) in root memcg
04-10 12:10:44.020 I/heimdall( 979): update_proc_tgid:420, put
/vendor/bin/tftp_server(1004) in root memcg
04-10 12:10:44.021 I/heimdall( 979): update_proc_tgid:420, put (1028) in root
memcg
04-10 12:10:44.021 I/heimdall( 979): update_proc_tgid:420, put (1029) in root
memcg
04-10 12:10:44.021 I/heimdall( 979): update_proc_tgid:420, put (1030) in root
memcg
04-10 12:10:44.021 I/heimdall( 979): update_proc_tgid:420, put (1035) in root
memcg
04-10 12:10:44.021 I/heimdall( 979): update_proc_tgid:420, put (1036) in root
memcg
04-10 12:10:44.022 I/heimdall( 979): update_proc_tgid:420, put (1037) in root
memcg
04-10 12:10:44.022 I/heimdall( 979): update_proc_tgid:420, put (1038) in root
memcg
04-10 12:10:44.022 I/heimdall( 979): update_proc_tgid:420, put (1039) in root
memcg
04-10 12:10:44.022 I/heimdall( 979): update_proc_tgid:420, put (1040) in root
memcg
04-10 12:10:44.022 I/heimdall( 979): update_proc_tgid:420, put (1042) in root
memcg
04-10 12:10:44.023 I/heimdall( 979): update_proc_tgid:420, put
/vendor/bin/sh(1051) in root memcg
04-10 12:10:44.025 I/heimdall( 979): update_proc_tgid:420, put (1055) in root
memcg
04-10 12:10:44.025 I/heimdall( 979): update_proc_tgid:420, put (1056) in root
memcg
04-10 12:10:44.025 I/heimdall( 979): update_proc_tgid:420, put (1058) in root
memcg
04-10 12:10:44.025 I/heimdall( 979): update_proc_tgid:420, put (1059) in root
memcg
04-10 12:10:44.025 I/heimdall( 979): update_proc_tgid:420, put (1110) in root
memcg
04-10 12:10:44.028 I/StandardCaps( 951): PixelFormatOutputHelper:
04-10 12:10:44.028 I/StandardCaps( 951): VENUS_NV12
04-10 12:10:44.028 I/StandardCaps( 951): VENUS_NV12_UBWC
04-10 12:10:44.028 I/StandardCaps( 951): VENUS_TP10
04-10 12:10:44.028 I/StandardCaps( 951): VENUS_P010
04-10 12:10:44.028 I/StandardCaps( 951): PictureSizeOutputHelper: min [96 96] max
[4096 4096] default [96 96]
04-10 12:10:44.028 I/StandardCaps( 951): PictureSizeInputHelper: min [96 96] max
[4096 4096] default [96 96]
04-10 12:10:44.028 I/StandardCaps( 951): MaxPictureSizeOutputHelper: min [96 96]
max [4096 4096] default [96 96]
04-10 12:10:44.028 I/StandardCaps( 951): FrameRateInputHelper: min 1 max 960 step
0 default 30
04-10 12:10:44.028 I/StandardCaps( 951): OperatingRateHelper: min 30, max 32767,
step 0, default 30
04-10 12:10:44.029 I/StandardCaps( 951): ProfileLevelInputHelper: Profiles
04-10 12:10:44.029 I/StandardCaps( 951): AVC_BP
04-10 12:10:44.029 I/StandardCaps( 951): AVC_CBP
04-10 12:10:44.029 I/StandardCaps( 951): AVC_MP
04-10 12:10:44.029 I/StandardCaps( 951): AVC_HP
04-10 12:10:44.029 I/StandardCaps( 951): AVC_CHP
04-10 12:10:44.029 I/StandardCaps( 951): ProfileLevelInputHelper: Levels
04-10 12:10:44.029 I/StandardCaps( 951): 1.0
04-10 12:10:44.029 I/StandardCaps( 951): 1B
04-10 12:10:44.029 I/StandardCaps( 951): 1.1
04-10 12:10:44.029 I/StandardCaps( 951): 1.2
04-10 12:10:44.029 I/StandardCaps( 951): 1.3
04-10 12:10:44.029 I/StandardCaps( 951): 2.0
04-10 12:10:44.029 I/StandardCaps( 951): 2.1
04-10 12:10:44.029 I/StandardCaps( 951): 2.2
04-10 12:10:44.029 I/StandardCaps( 951): 3.0
04-10 12:10:44.029 I/StandardCaps( 951): 3.1
04-10 12:10:44.029 I/StandardCaps( 951): 3.2
04-10 12:10:44.029 I/StandardCaps( 951): 4.0
04-10 12:10:44.029 I/StandardCaps( 951): 4.1
04-10 12:10:44.029 I/StandardCaps( 951): 4.2
04-10 12:10:44.029 I/StandardCaps( 951): 5.0
04-10 12:10:44.029 I/StandardCaps( 951): 5.1
04-10 12:10:44.029 I/StandardCaps( 951): 5.2
04-10 12:10:44.029 I/VendorCaps( 951): RenderFrameRateOutputHelper: min 0 max 120
step 30 default 0
04-10 12:10:44.029 I/VendorCaps( 951): VideoRefreshRateOutputHelper: min 0 max 120
step 1 default 60
04-10 12:10:44.031 I/heimdall( 979): update_proc_tgid:420, put cat(1112) in root
memcg
04-10 12:10:44.031 I/QC2V4l2Driver( 951): [avcDSec_0] Closed device driver with
fd: 7
04-10 12:10:44.031 E/QC2V4l2Driver( 951): Invalid device driver fd:-1
04-10 12:10:44.031 I/QC2V4l2Driver( 951): [avcDSec_0] Closed device driver with
fd: -1
04-10 12:10:44.031 I/QC2Comp ( 951): codec capability queried!
04-10 12:10:44.031 I/QC2CompStore( 951): Added capabilities for
c2.qti.avc.decoder.secure
04-10 12:10:44.033 I/QC2Registry( 951): Getting stages for pipelined codec
04-10 12:10:44.033 I/QC2V4l2Codec( 951): [hevcD_0] output buffer allocation
timeout threshold set to 0ms
04-10 12:10:44.033 I/QC2Registry( 951): Pipelining enabled
04-10 12:10:44.033 I/QC2Registry( 951): Requested codec is pipelined. Create codec
list
04-10 12:10:44.033 I/QC2Registry( 951): Interface not provided. Enable by deafault
04-10 12:10:44.033 I/QC2Filter( 951): FUNCTION_BEGIN:QC2Filter
04-10 12:10:44.033 I/QC2Filter( 951): FUNCTION_END:QC2Filter TIME=0 ms
04-10 12:10:44.033 I/QC2ImageFormatFilter( 951):
FUNCTION_BEGIN:QC2ImageFormatFilter
04-10 12:10:44.033 I/QC2ImageFormatFilter( 951): FUNCTION_END:QC2ImageFormatFilter
TIME=0 ms
04-10 12:10:44.033 I/QC2Registry( 951): Created 1 codecs for pipelined codec
c2.qti.hevc.decoder
04-10 12:10:44.033 I/QC2PipelineCodec( 951): ctor: logmask=0x0 pvtlogmask=0x0
04-10 12:10:44.033 I/QC2PipelineCodec( 951): QC2PipelinedDecoder ctor
04-10 12:10:44.033 I/QC2PipelineCodec( 951): Created pipelined codec
04-10 12:10:44.033 I/QC2Registry( 951): Created pipelined Codec for
c2.qti.hevc.decoder

You might also like