The document contains log messages from an Android application. It shows the application initializing, loading libraries and resources, detecting a face, and reporting some errors connecting to payment and analytics services. Performance issues are also indicated by skipped frame warnings.
The document contains log messages from an Android application. It shows the application initializing, loading libraries and resources, detecting a face, and reporting some errors connecting to payment and analytics services. Performance issues are also indicated by skipped frame warnings.
The document contains log messages from an Android application. It shows the application initializing, loading libraries and resources, detecting a face, and reporting some errors connecting to payment and analytics services. Performance issues are also indicated by skipped frame warnings.
The document contains log messages from an Android application. It shows the application initializing, loading libraries and resources, detecting a face, and reporting some errors connecting to payment and analytics services. Performance issues are also indicated by skipped frame warnings.
Download as TXT, PDF, TXT or read online from Scribd
Download as txt, pdf, or txt
You are on page 1of 4
--------- beginning of main
09-01 10:42:58.654 9452 9501 D polarr_dlib: jniNativeClassInit success
09-01 10:42:58.654 9452 9501 I polarr_dlib: version: 1.0_n19.1.1
09-01 10:42:58.654 9452 9501 D Polarr_JNI: Init mFaceDetector --------- beginning of system
09-01 10:42:58.829 9452 9452 I WebViewFactory: Loading com.android.chrome version 84.0.4147.125 (code 414712573)
09-01 10:42:58.927 9452 9452 I cr_LibraryLoader: Loaded native library version number "84.0.4147.125"
09-01 10:42:58.928 9452 9452 I cr_CachingUmaRecorder: Flushed 5 samples from 5 histograms.
09-01 10:42:58.998 9452 9542 W chromium: [WARNING:dns_config_service_posix.cc(342)] Failed to read DnsConfig.
09-01 10:42:59.116 9452 9543 W cr_media: Requires BLUETOOTH permission
09-01 10:42:59.120 9452 9557 I Adreno : QUALCOMM build : 59bfd40, I4f8eee8157
09-01 10:42:59.120 9452 9557 I Adreno : Build Date : 04/22/20
09-01 10:42:59.120 9452 9557 I Adreno : OpenGL ES Shader Compiler Version: EV031.25.03.07
09-01 10:42:59.120 9452 9557 I Adreno : Local Branch :
09-01 10:42:59.120 9452 9557 I Adreno : Remote Branch : refs/tags/AU_LINUX_ANDROID_LA.UM.7.6.2.C1.09.00.00.577.006
09-01 10:42:59.120 9452 9557 I Adreno : Remote Branch : NONE
09-01 10:42:59.120 9452 9557 I Adreno : Reconstruct Branch : NOTHING
09-01 10:42:59.120 9452 9557 I Adreno : Build Config : S L 6.0.7 AArch64
09-01 10:42:59.145 9452 9557 I Adreno : PFP: 0x005ff112, ME: 0x005ff066
09-01 10:42:59.153 9452 9557 I ConfigStore: android::hardware::configstore::V1_0::ISurfaceFlingerConfigs::hasWideColorDisplay retrieved: 0
09-01 10:42:59.154 9452 9557 I ConfigStore: android::hardware::configstore::V1_0::ISurfaceFlingerConfigs::hasHDRDisplay retrieved: 0
09-01 10:42:59.177 9452 9452 D SensorManager: isQQShake: package is = photo.editor.polarr
09-01 10:42:59.177 9452 9452 D SensorManager: isMicroMsg: package is = photo.editor.polarr
09-01 10:42:59.184 9452 9452 D OpenGLRenderer: Skia GL Pipeline
09-01 10:42:59.186 9452 9479 I FA : Tag Manager is not found and thus will not be used
09-01 10:42:59.258 9452 9484 E FirebaseCrashlytics: Settings request failed.
09-01 10:42:59.270 9452 9452 I TouchMotionHandler: handler onAttached
09-01 10:42:59.309 9452 9562 I OpenGLRenderer: Initialized EGL, version 1.4
09-01 10:42:59.309 9452 9562 D OpenGLRenderer: Swap behavior 2
09-01 10:43:01.022 9452 9501 D Polarr_JNI: Load landmarkmodel from /data/user/0/photo.editor.polarr/filesface.dat
09-01 10:43:01.440 9452 9587 E Purchases: Error fetching subscriber data: Error performing request.
09-01 10:43:01.444 9452 9587 W [Purchases] - INFO: Error fetching offerings - PurchasesError(code=NetworkError, underlyingErrorMessage=Unable to resolve host "api.revenuecat.com": No address associated with hostname, message='Error performing request.')
09-01 10:43:01.686 9452 9587 E Purchases: Error fetching subscriber data: Error performing request.
09-01 10:43:01.687 9452 9587 W [Purchases] - INFO: Error fetching offerings - PurchasesError(code=NetworkError, underlyingErrorMessage=Unable to resolve host "api.revenuecat.com": No address associated with hostname, message='Error performing request.')
09-01 10:43:01.715 9452 9452 E PPE : hasNotchInScreen ClassNotFoundException
09-01 10:43:01.716 9452 9452 E PPE : hasNotchInScreen ClassNotFoundException
09-01 10:43:01.796 9452 9596 E PPE : Billing error (2).
09-01 10:43:01.797 9452 9596 E iabv3 : Failed to retrieve info for 1 products, 2
09-01 10:43:01.824 9452 9598 W BillingClient: getPurchaseHistory() failed. Response code: 2
09-01 10:43:01.826 9452 9452 W [Purchases] - INFO: Error receiving purchase history. DebugMessage: An internal error occurred.. ErrorCode: SERVICE_UNAVAILABLE.
09-01 10:43:01.850 9452 9596 E PPE : Billing error (2).
09-01 10:43:01.850 9452 9596 E iabv3 : Failed to retrieve info for 1 products, 2
09-01 10:43:01.964 9452 9479 W FA : Value is too long; discarded. Value kind, name, value length: param, event_name, 666
09-01 10:43:02.616 9452 9479 W FA : Value is too long; discarded. Value kind, name, value length: param, event_name, 715
09-01 10:43:02.785 9452 9479 W FA : Value is too long; discarded. Value kind, name, value length: param, event_name, 840
09-01 10:43:02.978 9452 9452 W ActivityThread: handleWindowVisibility: no activity for token android.os.BinderProxy@f19a0e6
09-01 10:43:03.025 9452 9452 E BackgroundFallback: initVivoBgFallback callstackcom.android.internal.policy.DecorView.<init>:398 com.android.internal.policy.PhoneWindow.generateDecor:2470 com.android.internal.policy.PhoneWindow.installDecor:2849 com.android.internal.policy.PhoneWindow.setContentView:457 com.android.internal.app.AlertController.installContent:292 android.app.AlertDialog.onCreate:444 android.app.ProgressDialog.onCreate:272 android.app.Dialog.dispatchOnCreate:442 android.app.Dialog.show:337 android.app.ProgressDialog.show:190
09-01 10:43:03.066 9452 9452 E PPE : hasNotchInScreen ClassNotFoundException
09-01 10:43:03.067 9452 9452 E PPE : hasNotchInScreen ClassNotFoundException
09-01 10:43:03.070 9452 9452 D SensorManager: isQQShake: package is = photo.editor.polarr
09-01 10:43:03.070 9452 9452 D SensorManager: isMicroMsg: package is = photo.editor.polarr
09-01 10:43:03.097 9452 9452 I TouchMotionHandler: handler onAttached
09-01 10:43:03.111 9452 9452 I TouchMotionHandler: handler onAttached
09-01 10:43:03.290 9452 9452 I TouchMotionHandler: handler onDetached
09-01 10:43:05.623 9452 9452 W ActivityThread: handleWindowVisibility: no activity for token android.os.BinderProxy@cb84f2f
09-01 10:43:05.666 9452 9452 E PPE : hasNotchInScreen ClassNotFoundException
09-01 10:43:05.667 9452 9452 E PPE : hasNotchInScreen ClassNotFoundException
09-01 10:43:05.669 9452 9452 D SensorManager: isQQShake: package is = photo.editor.polarr
09-01 10:43:05.669 9452 9452 D SensorManager: isMicroMsg: package is = photo.editor.polarr
09-01 10:43:05.687 9452 9452 I TouchMotionHandler: handler onAttached
09-01 10:43:07.634 9452 9501 E PPE : cur is null
09-01 10:43:07.639 9452 9452 E PPE : hasNotchInScreen ClassNotFoundException
09-01 10:43:07.641 9452 9452 E PPE : hasNotchInScreen ClassNotFoundException
09-01 10:43:07.644 9452 9452 D SensorManager: isQQShake: package is = photo.editor.polarr
09-01 10:43:07.644 9452 9452 D SensorManager: isMicroMsg: package is = photo.editor.polarr
09-01 10:43:07.783 9452 9452 E PPE : cur is null
09-01 10:43:08.022 9452 9452 I TouchMotionHandler: handler onDetached
09-01 10:43:08.034 9452 9452 I TouchMotionHandler: handler onDetached
09-01 10:43:10.033 9452 9479 W FA : Value is too long; discarded. Value kind, name, value length: param, event_name, 1266
09-01 10:43:11.179 9452 9501 D Polarr_JNI: Face detected
09-01 10:43:11.179 9452 9501 I Polarr_JNI: Detected face count: 1
09-01 10:43:11.187 9452 9501 D Polarr_JNI: number of parts: 68
09-01 10:43:11.975 9452 9479 W FA : Value is too long; discarded. Value kind, name, value length: param, event_name, 686
09-01 10:43:23.871 9452 9562 I OpenGLRenderer: Davey! duration=5631ms; Flags=0, IntendedVsync=5975058254693, Vsync=5975058254693, OldestInputEvent=9223372036854775807, NewestInputEvent=0, HandleInputStart=5975059667353, AnimationStart=5975059671989, PerformTraversalsStart=5975061279853, DrawStart=5975061399437, SyncQueued=5975061802249, SyncStart=5975062140687, IssueDrawCommandsStart=5975062374853, SwapBuffers=5980688782143, FrameCompleted=5980690583028, DequeueBufferDuration=344000, QueueBufferDuration=1038000,
09-01 10:43:23.877 9452 9452 I Choreographer: Skipped 336 frames! The application may be doing too much work on its main thread.
09-01 10:43:32.569 9452 9562 I OpenGLRenderer: Davey! duration=723ms; Flags=0, IntendedVsync=5988659654332, Vsync=5988659654332, OldestInputEvent=9223372036854775807, NewestInputEvent=0, HandleInputStart=5988660608963, AnimationStart=5988660634640, PerformTraversalsStart=5988661797869, DrawStart=5988661885004, SyncQueued=5988662187140, SyncStart=5988667656202, IssueDrawCommandsStart=5988667788806, SwapBuffers=5988672668129, FrameCompleted=5989389093337, DequeueBufferDuration=479000, QueueBufferDuration=715727000,
09-01 10:43:32.571 9452 9452 I Choreographer: Skipped 41 frames! The application may be doing too much work on its main thread.
09-01 10:43:32.770 9452 9562 I OpenGLRenderer: Davey! duration=895ms; Flags=0, IntendedVsync=5988693057116, Vsync=5989376390422, OldestInputEvent=9223372036854775807, NewestInputEvent=0, HandleInputStart=5989391565942, AnimationStart=5989391609900, PerformTraversalsStart=5989395327973, DrawStart=5989395441150, SyncQueued=5989395968546, SyncStart=5989397157348, IssueDrawCommandsStart=5989397369431, SwapBuffers=5989406216046, FrameCompleted=5989589650473, DequeueBufferDuration=2992000, QueueBufferDuration=182283000,
09-01 10:43:36.036 9452 9562 I OpenGLRenderer: Davey! duration=926ms; Flags=0, IntendedVsync=5991929675592, Vsync=5991929675592, OldestInputEvent=9223372036854775807, NewestInputEvent=0, HandleInputStart=5991930577816, AnimationStart=5991930580524, PerformTraversalsStart=5991933461618, DrawStart=5991933547347, SyncQueued=5991933830211, SyncStart=5991934141878, IssueDrawCommandsStart=5991934366409, SwapBuffers=5991939479847, FrameCompleted=5992856240315, DequeueBufferDuration=273000, QueueBufferDuration=916180000,
09-01 10:43:36.038 9452 9452 I Choreographer: Skipped 53 frames! The application may be doing too much work on its main thread.
09-01 10:43:45.766 9452 9479 W FA : Value is too long; discarded. Value kind, name, value length: param, event_name, 690
09-01 10:43:46.688 9452 9479 W FA : Value is too long; discarded. Value kind, name, value length: param, event_name, 729
09-01 10:43:53.895 9452 9452 E BackgroundFallback: initVivoBgFallback callstackcom.android.internal.policy.DecorView.<init>:398 com.android.internal.policy.PhoneWindow.generateDecor:2470 com.android.internal.policy.PhoneWindow.installDecor:2849 com.android.internal.policy.PhoneWindow.setContentView:457 com.android.internal.app.AlertController.installContent:292 android.app.AlertDialog.onCreate:444 android.app.ProgressDialog.onCreate:272 android.app.Dialog.dispatchOnCreate:442 android.app.Dialog.show:337 android.app.ProgressDialog.show:190
09-01 10:43:53.924 9452 9452 E PPE : hasNotchInScreen ClassNotFoundException
09-01 10:43:53.925 9452 9452 E PPE : hasNotchInScreen ClassNotFoundException
09-01 10:43:53.929 9452 9452 D SensorManager: isQQShake: package is = photo.editor.polarr
09-01 10:43:53.929 9452 9452 D SensorManager: isMicroMsg: package is = photo.editor.polarr
09-01 10:43:53.930 9452 9587 E Purchases: Error fetching subscriber data: Error performing request.
09-01 10:43:53.931 9452 9587 W [Purchases] - INFO: Error fetching offerings - PurchasesError(code=NetworkError, underlyingErrorMessage=Unable to resolve host "api.revenuecat.com": No address associated with hostname, message='Error performing request.')
09-01 10:43:53.941 9452 9452 I TouchMotionHandler: handler onAttached
09-01 10:43:54.129 9452 9452 I TouchMotionHandler: handler onDetached
09-01 10:43:54.296 9452 9479 W FA : Value is too long; discarded. Value kind, name, value length: param, event_name, 686
09-01 10:43:54.406 9452 9479 W FA : Value is too long; discarded. Value kind, name, value length: param, event_name, 1065
09-01 10:44:04.935 9452 9452 V Typeface: CurFontPath: /system/fonts/DroidSansFallback.ttf