D/NetworkSpeedManagerEx( 1303): iface=wlan0, rxBytes=21304, txBytes=10957
D/NetworkSpeedManagerEx( 1303): iface=wlan0, rxBytes=0, txBytes=0
D/NetworkSpeedManagerEx( 1303): iface=wlan0, rxBytes=267, txBytes=267
D/NetworkSpeedManagerEx( 1303): iface=wlan0, rxBytes=0, txBytes=0
D/NetworkSpeedManagerEx( 1303): iface=wlan0, rxBytes=6036, txBytes=3587
D/NetworkSpeedManagerEx( 1303): iface=wlan0, rxBytes=0, txBytes=0
D/NetworkSpeedManagerEx( 1303): iface=wlan0, rxBytes=10777, txBytes=16512
D/NetworkSpeedManagerEx( 1303): iface=wlan0, rxBytes=0, txBytes=0
D/NetworkSpeedManagerEx( 1303): iface=wlan0, rxBytes=91077, txBytes=18632
D/NetworkSpeedManagerEx( 1303): iface=wlan0, rxBytes=0, txBytes=0
D/NetworkSpeedManagerEx( 1303): iface=wlan0, rxBytes=9620, txBytes=3667
D/NetworkSpeedManagerEx( 1303): iface=wlan0, rxBytes=0, txBytes=0
D/NetworkSpeedManagerEx( 1303): iface=wlan0, rxBytes=4796, txBytes=3663
D/NetworkSpeedManagerEx( 1303): iface=wlan0, rxBytes=0, txBytes=0
D/NetworkSpeedManagerEx( 1303): iface=wlan0, rxBytes=0, txBytes=0
D/NetworkSpeedManagerEx( 1303): iface=wlan0, rxBytes=10930, txBytes=3410
D/NetworkSpeedManagerEx( 1303): iface=wlan0, rxBytes=28865, txBytes=2395
D/NetworkSpeedManagerEx( 1303): iface=wlan0, rxBytes=0, txBytes=0
D/NetworkSpeedManagerEx( 1303): iface=wlan0, rxBytes=0, txBytes=0
D/NetworkSpeedManagerEx( 1303): iface=wlan0, rxBytes=26662, txBytes=1791
D/NetworkSpeedManagerEx( 1303): iface=wlan0, rxBytes=26583, txBytes=1803
D/NetworkSpeedManagerEx( 1303): iface=wlan0, rxBytes=0, txBytes=0
D/NetworkSpeedManagerEx( 1303): iface=wlan0, rxBytes=5557, txBytes=1125
D/NetworkSpeedManagerEx( 1303): iface=wlan0, rxBytes=0, txBytes=0
D/NetworkSpeedManagerEx( 1303): iface=wlan0, rxBytes=3208, txBytes=6504
D/NetworkSpeedManagerEx( 1303): iface=wlan0, rxBytes=0, txBytes=0
D/NetworkSpeedManagerEx( 1303): iface=wlan0, rxBytes=43919, txBytes=2883
D/NetworkSpeedManagerEx( 1303): iface=wlan0, rxBytes=0, txBytes=0
D/NetworkSpeedManagerEx( 1303): iface=wlan0, rxBytes=6868, txBytes=2879
D/NetworkSpeedManagerEx( 1303): iface=wlan0, rxBytes=0, txBytes=0
D/NetworkSpeedManagerEx( 1303): iface=wlan0, rxBytes=33475282, txBytes=681593
D/NetworkSpeedManagerEx( 1303): iface=wlan0, rxBytes=0, txBytes=0
I/NetworkSpeedManagerEx( 1303): value = 0.0
I/NetworkSpeedManagerEx( 1303): speed = 0K/s
I/NetworkSpeedView( 1303): /update(), speed=0K/s
D/HwWifiStateMachine( 968): handleMessage: E msg.what=151572
D/HwWifiStateMachine( 968): processMsg: ConnectedState
D/HwWifiStateMachine( 968): processMsg: L2ConnectedState
E/WifiHW ( 968): wifi_send_command enter;cmd:IFNAME=wlan0 SIGNAL_POLL;
E/WifiHW ( 968): wifi_send_command enter;cmd:IFNAME=wlan0
PKTCNT_POLL;reply:TXGOOD=8394
E/WifiHW ( 968): TXBAD=321
E/WifiHW ( 968): RXGOOD=0
E/WifiHW ( 968):
E/WifiHW ( 968): FREQUENCY=2437;reply_len:31;
D/HwWifiStateMachine( 968): handleMessage: X
D/HwWifiStateMachine( 968): handleMessage: E msg.what=131155
D/HwWifiStateMachine( 968): processMsg: ConnectedState
D/HwWifiStateMachine( 968): processMsg: L2ConnectedState
E/WifiHW ( 968): wifi_send_command enter;cmd:IFNAME=wlan0 SIGNAL_POLL;
D/HwWifiStateMachine( 968): handleMessage: X
W/ResourceType( 1535): No known package when getting name for resource number
0x9b020200
W/ResourceType( 1535): No known package when getting name for resource number
0x9b010300
W/ResourceType( 1535): No known package when getting name for resource number
0x9c010000
W/ResourceType( 1535): No known package when getting name for resource number
0x9c010100
W/ResourceType( 1535): No known package when getting name for resource number
0x9c010200
W/ResourceType( 1535): No known package when getting name for resource number
0x9c010300
W/ResourceType( 1535): No known package when getting name for resource number
0x9c010001
W/ResourceType( 1535): No known package when getting name for resource number
0x9c010100
W/ResourceType( 1535): No known package when getting name for resource number
0x9c010201
W/ResourceType( 1535): No known package when getting name for resource number
0x9c010301
W/ResourceType( 1535): No known package when getting name for resource number
0x9c010002
W/ResourceType( 1535): No known package when getting name for resource number
0x9c010102
W/ResourceType( 1535): No known package when getting name for resource number
0x9c010202
W/ResourceType( 1535): No known package when getting name for resource number
0x9c010302
W/ResourceType( 1535): No known package when getting name for resource number
0x9c010003
W/ResourceType( 1535): No known package when getting name for resource number
0x9c010103
W/ResourceType( 1535): No known package when getting name for resource number
0x9c010303
W/ResourceType( 1535): No known package when getting name for resource number
0x9c000004
W/ResourceType( 1535): No known package when getting name for resource number
0x9c010004
W/ResourceType( 1535): No known package when getting name for resource number
0x9c000000
W/ResourceType( 1535): No known package when getting name for resource number
0x9c010103
W/ResourceType( 1535): No known package when getting name for resource number
0x9c010004
D/UIAutomatorStub( 9243): URI: /jsonrpc/0, Method: POST, Header: {content-
type=application/json, connection=close, remote-addr=127.0.0.1,
host=localhost:9009, content-length=114, http-client-ip=127.0.0.1, user-
agent=Python-urllib/3.5, accept-encoding=identity}, params,
{NanoHttpd.QUERY_STRING=null}, files: {postData={"jsonrpc": "2.0", "method":
"swipe", "id": "3ef4175fe4fd56116f2b03390ca64571", "params": [540, 640, 180, 640,
2]}}
D/PowerManagerService( 968): userActivityNoUpdateLocked: eventTime=53798991,
event=2, flags=0x0, uid=1000
D/PowerManagerNotifier( 968): onUserActivity: event=2, uid=1000
D/PowerManagerService( 968): updateUserActivitySummaryLocked: mWakefulness=Awake,
mUserActivitySummary=0x1, nextTimeout=54391991 (in 592997 ms)
D/PowerManagerService( 968): updateScreenStateLocked: mDisplayReady=true,
newScreenState=2, mWakefulness=1, mWakeLockSummary=0x0, mUserActivitySummary=0x1,
mBootCompleted=true, useProximitySensor=false, blockScreenOn=false,
mRequestWaitForNegativeProximity=false
I/HwLauncher( 1535): PagedView snapToPage.getChildOffset(): 720
I/HwLauncher( 1535): PagedView snapToPageWithVelocity.getRelativeChildOffset():
720, 720
D/UIAutomatorStub( 9243): URI: /jsonrpc/0, Method: POST, Header: {content-
type=application/json, connection=close, remote-addr=127.0.0.1,
host=localhost:9009, content-length=190, http-client-ip=127.0.0.1, user-
agent=Python-urllib/3.5, accept-encoding=identity}, params,
{NanoHttpd.QUERY_STRING=null}, files: {postData={"jsonrpc": "2.0", "method":
"waitForExists", "id": "1e48c7c40e330e25f3d8023c162deeb9", "params":
[{"childOrSibling": [], "text": "Contacts", "mask": 1, "childOrSiblingSelector":
[]}, 3000]}}
D/PowerManagerService( 968): handleSandman: canDream=false, mWakefulness=Awake
W/ResourceType( 1535): No known package when getting name for resource number
0x9b020200
W/ResourceType( 1535): No known package when getting name for resource number
0x9b010300
W/ResourceType( 1535): No known package when getting name for resource number
0x9c010000
W/ResourceType( 1535): No known package when getting name for resource number
0x9c010100
W/ResourceType( 1535): No known package when getting name for resource number
0x9c010200
W/ResourceType( 1535): No known package when getting name for resource number
0x9c010300
W/ResourceType( 1535): No known package when getting name for resource number
0x9c010001
W/ResourceType( 1535): No known package when getting name for resource number
0x9c010100
W/ResourceType( 1535): No known package when getting name for resource number
0x9c010201
W/ResourceType( 1535): No known package when getting name for resource number
0x9c010301
W/ResourceType( 1535): No known package when getting name for resource number
0x9c010002
W/ResourceType( 1535): No known package when getting name for resource number
0x9c010102
W/ResourceType( 1535): No known package when getting name for resource number
0x9c010202
W/ResourceType( 1535): No known package when getting name for resource number
0x9c010302
W/ResourceType( 1535): No known package when getting name for resource number
0x9c010003
W/ResourceType( 1535): No known package when getting name for resource number
0x9c010103
W/ResourceType( 1535): No known package when getting name for resource number
0x9c010303
W/ResourceType( 1535): No known package when getting name for resource number
0x9c000004
W/ResourceType( 1535): No known package when getting name for resource number
0x9c010004
W/ResourceType( 1535): No known package when getting name for resource number
0x9c000000
W/ResourceType( 1535): No known package when getting name for resource number
0x9c010103
W/ResourceType( 1535): No known package when getting name for resource number
0x9c010004
D/HwWifiStateMachine( 968): handleMessage: E msg.what=151572
D/HwWifiStateMachine( 968): processMsg: ConnectedState
D/HwWifiStateMachine( 968): processMsg: L2ConnectedState
E/WifiHW ( 968): wifi_send_command enter;cmd:IFNAME=wlan0 SIGNAL_POLL;
E/WifiHW ( 968): wifi_send_command enter;cmd:IFNAME=wlan0
PKTCNT_POLL;reply:TXGOOD=8394
E/WifiHW ( 968): TXBAD=321
E/WifiHW ( 968): RXGOOD=0
E/WifiHW ( 968):
E/WifiHW ( 968): FREQUENCY=2437;reply_len:31;
D/HwWifiStateMachine( 968): handleMessage: X
W/ResourceType( 1535): No known package when getting name for resource number
0x9b020200
W/ResourceType( 1535): No known package when getting name for resource number
0x9b010300
W/ResourceType( 1535): No known package when getting name for resource number
0x9c010000
W/ResourceType( 1535): No known package when getting name for resource number
0x9c010100
W/ResourceType( 1535): No known package when getting name for resource number
0x9c010200
W/ResourceType( 1535): No known package when getting name for resource number
0x9c010300
W/ResourceType( 1535): No known package when getting name for resource number
0x9c010001
W/ResourceType( 1535): No known package when getting name for resource number
0x9c010100
W/ResourceType( 1535): No known package when getting name for resource number
0x9c010201
W/ResourceType( 1535): No known package when getting name for resource number
0x9c010301
W/ResourceType( 1535): No known package when getting name for resource number
0x9c010002
W/ResourceType( 1535): No known package when getting name for resource number
0x9c010102
W/ResourceType( 1535): No known package when getting name for resource number
0x9c010202
W/ResourceType( 1535): No known package when getting name for resource number
0x9c010302
W/ResourceType( 1535): No known package when getting name for resource number
0x9c010003
W/ResourceType( 1535): No known package when getting name for resource number
0x9c010103
W/ResourceType( 1535): No known package when getting name for resource number
0x9c010303
W/ResourceType( 1535): No known package when getting name for resource number
0x9c000004
W/ResourceType( 1535): No known package when getting name for resource number
0x9c010004
W/ResourceType( 1535): No known package when getting name for resource number
0x9c000000
W/ResourceType( 1535): No known package when getting name for resource number
0x9c010103
W/ResourceType( 1535): No known package when getting name for resource number
0x9c010004
D/PowerManagerService( 968): acquireWakeLockInternal: lock=1128030104, flags=0x1,
tag="RILJ", ws=null, uid=1001, pid=1494
D/PowerManagerNotifier( 968): onWakeLockAcquired: flags=1, tag="RILJ",
packageName=com.android.phone, ownerUid=1001, ownerPid=1494, workSource=null
D/PowerManagerService( 968): updateWakeLockSummaryLocked: mWakefulness=Awake,
mWakeLockSummary=0x1
D/PowerManagerService( 968): updateScreenStateLocked: mDisplayReady=true,
newScreenState=2, mWakefulness=1, mWakeLockSummary=0x1, mUserActivitySummary=0x1,
mBootCompleted=true, useProximitySensor=false, blockScreenOn=false,
mRequestWaitForNegativeProximity=false
D/PowerManagerService( 968): Acquiring suspend blocker
"PowerManagerService.WakeLocks".
D/PowerManagerService( 968): acquireWakeLockInternal: lock=1128030104, flags=0x1,
tag="RILJ", ws=null, uid=1001, pid=1494
D/PowerManagerService( 968): updateWakeLockSummaryLocked: mWakefulness=Awake,
mWakeLockSummary=0x1
D/PowerManagerService( 968): updateScreenStateLocked: mDisplayReady=true,
newScreenState=2, mWakefulness=1, mWakeLockSummary=0x1, mUserActivitySummary=0x1,
mBootCompleted=true, useProximitySensor=false, blockScreenOn=false,
mRequestWaitForNegativeProximity=false
D/PowerManagerService( 968): acquireWakeLockInternal: lock=1128030104, flags=0x1,
tag="RILJ", ws=null, uid=1001, pid=1494
D/PowerManagerService( 968): updateWakeLockSummaryLocked: mWakefulness=Awake,
mWakeLockSummary=0x1
D/PowerManagerService( 968): updateScreenStateLocked: mDisplayReady=true,
newScreenState=2, mWakefulness=1, mWakeLockSummary=0x1, mUserActivitySummary=0x1,
mBootCompleted=true, useProximitySensor=false, blockScreenOn=false,
mRequestWaitForNegativeProximity=false
D/PowerManagerService( 968): acquireWakeLockInternal: lock=1128030104, flags=0x1,
tag="RILJ", ws=null, uid=1001, pid=1494
D/PowerManagerService( 968): updateWakeLockSummaryLocked: mWakefulness=Awake,
mWakeLockSummary=0x1
D/PowerManagerService( 968): updateScreenStateLocked: mDisplayReady=true,
newScreenState=2, mWakefulness=1, mWakeLockSummary=0x1, mUserActivitySummary=0x1,
mBootCompleted=true, useProximitySensor=false, blockScreenOn=false,
mRequestWaitForNegativeProximity=false
D/PowerManagerService( 968): releaseWakeLockInternal: lock=1128030104 [RILJ],
flags=0x0
D/PowerManagerNotifier( 968): onWakeLockReleased: flags=1, tag="RILJ",
packageName=com.android.phone, ownerUid=1001, ownerPid=1494, workSource=null
D/PowerManagerService( 968): updateWakeLockSummaryLocked: mWakefulness=Awake,
mWakeLockSummary=0x0
D/PowerManagerService( 968): updateScreenStateLocked: mDisplayReady=true,
newScreenState=2, mWakefulness=1, mWakeLockSummary=0x0, mUserActivitySummary=0x1,
mBootCompleted=true, useProximitySensor=false, blockScreenOn=false,
mRequestWaitForNegativeProximity=false
D/PowerManagerService( 968): Releasing suspend blocker
"PowerManagerService.WakeLocks".
D/PowerManagerService( 968): handleSandman: canDream=false, mWakefulness=Awake
D/HwWifiStateMachine( 968): handleMessage: E msg.what=151572
D/HwWifiStateMachine( 968): processMsg: ConnectedState
D/HwWifiStateMachine( 968): processMsg: L2ConnectedState
E/WifiHW ( 968): wifi_send_command enter;cmd:IFNAME=wlan0 SIGNAL_POLL;
E/WifiHW ( 968): wifi_send_command enter;cmd:IFNAME=wlan0
PKTCNT_POLL;reply:TXGOOD=8394
E/WifiHW ( 968): TXBAD=321
E/WifiHW ( 968): RXGOOD=0
E/WifiHW ( 968):
E/WifiHW ( 968): FREQUENCY=2437;reply_len:31;
D/HwWifiStateMachine( 968): handleMessage: X
I/NetworkSpeedManagerEx( 1303): mIsStop = false
D/NetworkSpeedManagerEx( 1303): iface=rmnet0, rxBytes=152424, txBytes=122147
D/NetworkSpeedManagerEx( 1303): iface=rmnet0, rxBytes=0, txBytes=0
D/NetworkSpeedManagerEx( 1303): iface=rmnet0, rxBytes=59322, txBytes=28801
D/NetworkSpeedManagerEx( 1303): iface=rmnet0, rxBytes=0, txBytes=0
D/NetworkSpeedManagerEx( 1303): iface=rmnet0, rxBytes=508, txBytes=957
D/NetworkSpeedManagerEx( 1303): iface=rmnet0, rxBytes=0, txBytes=0
D/NetworkSpeedManagerEx( 1303): iface=rmnet0, rxBytes=4580519, txBytes=257006
D/NetworkSpeedManagerEx( 1303): iface=rmnet0, rxBytes=0, txBytes=0
D/NetworkSpeedManagerEx( 1303): iface=rmnet0, rxBytes=48616268, txBytes=1541335
D/NetworkSpeedManagerEx( 1303): iface=rmnet0, rxBytes=0, txBytes=0
D/NetworkSpeedManagerEx( 1303): iface=rmnet0, rxBytes=65227, txBytes=20536
D/NetworkSpeedManagerEx( 1303): iface=rmnet0, rxBytes=0, txBytes=0
D/NetworkSpeedManagerEx( 1303): iface=rmnet0, rxBytes=17097, txBytes=11564
D/NetworkSpeedManagerEx( 1303): iface=rmnet0, rxBytes=0, txBytes=0
D/NetworkSpeedManagerEx( 1303): iface=rmnet0, rxBytes=100088, txBytes=23868
D/NetworkSpeedManagerEx( 1303): iface=rmnet0, rxBytes=481791, txBytes=66830
D/NetworkSpeedManagerEx( 1303): iface=rmnet0, rxBytes=61368, txBytes=8264
D/NetworkSpeedManagerEx( 1303): iface=rmnet0, rxBytes=0, txBytes=0
D/NetworkSpeedManagerEx( 1303): iface=rmnet0, rxBytes=135254, txBytes=165034
D/NetworkSpeedManagerEx( 1303): iface=rmnet0, rxBytes=0, txBytes=0
D/NetworkSpeedManagerEx( 1303): iface=rmnet0, rxBytes=214067, txBytes=93957
D/NetworkSpeedManagerEx( 1303): iface=rmnet0, rxBytes=24268, txBytes=104634
D/NetworkSpeedManagerEx( 1303): iface=rmnet0, rxBytes=2678, txBytes=8344
D/NetworkSpeedManagerEx( 1303): iface=rmnet0, rxBytes=4491, txBytes=4563
D/NetworkSpeedManagerEx( 1303): iface=rmnet0, rxBytes=192442, txBytes=808040
D/NetworkSpeedManagerEx( 1303): iface=rmnet0, rxBytes=938181, txBytes=359713
D/NetworkSpeedManagerEx( 1303): iface=rmnet0, rxBytes=132379, txBytes=59653
D/NetworkSpeedManagerEx( 1303): iface=rmnet0, rxBytes=0, txBytes=0
D/NetworkSpeedManagerEx( 1303): iface=rmnet0, rxBytes=7676991, txBytes=222980
D/NetworkSpeedManagerEx( 1303): iface=rmnet0, rxBytes=0, txBytes=0
D/NetworkSpeedManagerEx( 1303): iface=rmnet0, rxBytes=9852, txBytes=9644
D/NetworkSpeedManagerEx( 1303): iface=rmnet0, rxBytes=0, txBytes=0
D/NetworkSpeedManagerEx( 1303): iface=rmnet0, rxBytes=155062, txBytes=139821
D/NetworkSpeedManagerEx( 1303): iface=rmnet0, rxBytes=132546, txBytes=55817
D/NetworkSpeedManagerEx( 1303): iface=rmnet0, rxBytes=304, txBytes=304
D/NetworkSpeedManagerEx( 1303): iface=rmnet0, rxBytes=0, txBytes=0
D/NetworkSpeedManagerEx( 1303): iface=rmnet0, rxBytes=31318, txBytes=664039
D/NetworkSpeedManagerEx( 1303): iface=rmnet0, rxBytes=49547, txBytes=253219
D/NetworkSpeedManagerEx( 1303): iface=rmnet0, rxBytes=0, txBytes=0
D/NetworkSpeedManagerEx( 1303): iface=rmnet0, rxBytes=509676, txBytes=38122
D/NetworkSpeedManagerEx( 1303): iface=rmnet0, rxBytes=5601, txBytes=1895
D/NetworkSpeedManagerEx( 1303): iface=rmnet0, rxBytes=0, txBytes=0
D/NetworkSpeedManagerEx( 1303): iface=rmnet0, rxBytes=5996, txBytes=4306
D/NetworkSpeedManagerEx( 1303): iface=rmnet0, rxBytes=0, txBytes=0
D/NetworkSpeedManagerEx( 1303): iface=rmnet0, rxBytes=33356, txBytes=34720
D/NetworkSpeedManagerEx( 1303): iface=rmnet0, rxBytes=0, txBytes=0
D/NetworkSpeedManagerEx( 1303): iface=rmnet0, rxBytes=11765, txBytes=9813
D/NetworkSpeedManagerEx( 1303): iface=rmnet0, rxBytes=0, txBytes=0
D/NetworkSpeedManagerEx( 1303): iface=rmnet0, rxBytes=4410, txBytes=1675
D/NetworkSpeedManagerEx( 1303): iface=rmnet0, rxBytes=0, txBytes=0
D/NetworkSpeedManagerEx( 1303): iface=rmnet0, rxBytes=55375, txBytes=10840
D/NetworkSpeedManagerEx( 1303): iface=rmnet0, rxBytes=0, txBytes=0
D/NetworkSpeedManagerEx( 1303): iface=rmnet0, rxBytes=45738, txBytes=2955
D/NetworkSpeedManagerEx( 1303): iface=rmnet0, rxBytes=0, txBytes=0
D/NetworkSpeedManagerEx( 1303): iface=rmnet0, rxBytes=3966, txBytes=11244
D/NetworkSpeedManagerEx( 1303): iface=rmnet0, rxBytes=0, txBytes=0
D/NetworkSpeedManagerEx( 1303): iface=rmnet0, rxBytes=3820, txBytes=6089
D/NetworkSpeedManagerEx( 1303): iface=rmnet0, rxBytes=0, txBytes=0
D/NetworkSpeedManagerEx( 1303): iface=rmnet0, rxBytes=99070, txBytes=23236
D/NetworkSpeedManagerEx( 1303): iface=rmnet0, rxBytes=33594, txBytes=17699
D/NetworkSpeedManagerEx( 1303): iface=rmnet0, rxBytes=0, txBytes=0
D/NetworkSpeedManagerEx( 1303): iface=rmnet0, rxBytes=5532, txBytes=2286
D/NetworkSpeedManagerEx( 1303): iface=rmnet0, rxBytes=6171, txBytes=2272
D/NetworkSpeedManagerEx( 1303): iface=rmnet0, rxBytes=0, txBytes=0
D/NetworkSpeedManagerEx( 1303): iface=rmnet0, rxBytes=1883, txBytes=669
D/NetworkSpeedManagerEx( 1303): iface=rmnet0, rxBytes=0, txBytes=0
D/NetworkSpeedManagerEx( 1303): iface=rmnet0, rxBytes=10635, txBytes=4992
D/NetworkSpeedManagerEx( 1303): iface=rmnet0, rxBytes=0, txBytes=0
D/NetworkSpeedManagerEx( 1303): iface=rmnet0, rxBytes=5022, txBytes=5359
D/NetworkSpeedManagerEx( 1303): iface=rmnet0, rxBytes=0, txBytes=0
D/NetworkSpeedManagerEx( 1303): iface=rmnet0, rxBytes=11939, txBytes=5923
D/NetworkSpeedManagerEx( 1303): iface=rmnet0, rxBytes=0, txBytes=0
D/NetworkSpeedManagerEx( 1303): iface=rmnet0, rxBytes=37950, txBytes=23559
D/NetworkSpeedManagerEx( 1303): iface=rmnet0, rxBytes=0, txBytes=0
D/NetworkSpeedManagerEx( 1303): iface=rmnet0, rxBytes=36915, txBytes=23696
D/NetworkSpeedManagerEx( 1303): iface=rmnet0, rxBytes=0, txBytes=0
D/NetworkSpeedManagerEx( 1303): iface=rmnet0, rxBytes=6548, txBytes=7517
D/NetworkSpeedManagerEx( 1303): iface=rmnet0, rxBytes=0, txBytes=0
D/NetworkSpeedManagerEx( 1303): iface=rmnet0, rxBytes=4654, txBytes=2150
D/NetworkSpeedManagerEx( 1303): iface=rmnet0, rxBytes=0, txBytes=0
D/NetworkSpeedManagerEx( 1303): iface=rmnet0, rxBytes=18435, txBytes=34992
D/NetworkSpeedManagerEx( 1303): iface=rmnet0, rxBytes=0, txBytes=0
D/NetworkSpeedManagerEx( 1303): iface=rmnet0, rxBytes=4381972, txBytes=83126
D/NetworkSpeedManagerEx( 1303): iface=rmnet0, rxBytes=0, txBytes=0
D/NetworkSpeedManagerEx( 1303): iface=rmnet0, rxBytes=48277347, txBytes=1366406
D/NetworkSpeedManagerEx( 1303): iface=rmnet0, rxBytes=0, txBytes=0
D/NetworkSpeedManagerEx( 1303): iface=wlan0, rxBytes=1489163, txBytes=255020
D/NetworkSpeedManagerEx( 1303): iface=wlan0, rxBytes=0, txBytes=0
D/NetworkSpeedManagerEx( 1303): iface=wlan0, rxBytes=94465, txBytes=16990
D/NetworkSpeedManagerEx( 1303): iface=wlan0, rxBytes=0, txBytes=0
D/NetworkSpeedManagerEx( 1303): iface=wlan0, rxBytes=6740, txBytes=6888
D/NetworkSpeedManagerEx( 1303): iface=wlan0, rxBytes=0, txBytes=0
D/NetworkSpeedManagerEx( 1303): iface=wlan0, rxBytes=208, txBytes=440
D/NetworkSpeedManagerEx( 1303): iface=wlan0, rxBytes=0, txBytes=0
D/NetworkSpeedManagerEx( 1303): iface=wlan0, rxBytes=1741922, txBytes=922901
D/NetworkSpeedManagerEx( 1303): iface=wlan0, rxBytes=1400558, txBytes=164619
D/NetworkSpeedManagerEx( 1303): iface=wlan0, rxBytes=33854687, txBytes=868378
D/NetworkSpeedManagerEx( 1303): iface=wlan0, rxBytes=174377, txBytes=50728
D/NetworkSpeedManagerEx( 1303): iface=wlan0, rxBytes=41477, txBytes=20933
D/NetworkSpeedManagerEx( 1303): iface=wlan0, rxBytes=0, txBytes=0
D/NetworkSpeedManagerEx( 1303): iface=wlan0, rxBytes=46560, txBytes=42116
D/NetworkSpeedManagerEx( 1303): iface=wlan0, rxBytes=0, txBytes=0
D/NetworkSpeedManagerEx( 1303): iface=wlan0, rxBytes=2300124, txBytes=331176
D/NetworkSpeedManagerEx( 1303): iface=wlan0, rxBytes=8991344, txBytes=2357107
D/NetworkSpeedManagerEx( 1303): iface=wlan0, rxBytes=62378, txBytes=13257
D/NetworkSpeedManagerEx( 1303): iface=wlan0, rxBytes=0, txBytes=0
D/NetworkSpeedManagerEx( 1303): iface=wlan0, rxBytes=274150, txBytes=100614
D/NetworkSpeedManagerEx( 1303): iface=wlan0, rxBytes=1080015, txBytes=338092
D/NetworkSpeedManagerEx( 1303): iface=wlan0, rxBytes=13841, txBytes=7215
D/NetworkSpeedManagerEx( 1303): iface=wlan0, rxBytes=0, txBytes=0
D/NetworkSpeedManagerEx( 1303): iface=wlan0, rxBytes=16159, txBytes=2678
D/NetworkSpeedManagerEx( 1303): iface=wlan0, rxBytes=0, txBytes=0
D/NetworkSpeedManagerEx( 1303): iface=wlan0, rxBytes=36166, txBytes=5446
D/NetworkSpeedManagerEx( 1303): iface=wlan0, rxBytes=0, txBytes=0
D/NetworkSpeedManagerEx( 1303): iface=wlan0, rxBytes=28204, txBytes=38180
D/NetworkSpeedManagerEx( 1303): iface=wlan0, rxBytes=0, txBytes=0
D/NetworkSpeedManagerEx( 1303): iface=wlan0, rxBytes=25086, txBytes=10009
D/NetworkSpeedManagerEx( 1303): iface=wlan0, rxBytes=0, txBytes=0
D/NetworkSpeedManagerEx( 1303): iface=wlan0, rxBytes=145908, txBytes=159512
D/NetworkSpeedManagerEx( 1303): iface=wlan0, rxBytes=0, txBytes=0
D/NetworkSpeedManagerEx( 1303): iface=wlan0, rxBytes=23995, txBytes=5756
D/NetworkSpeedManagerEx( 1303): iface=wlan0, rxBytes=0, txBytes=0
D/NetworkSpeedManagerEx( 1303): iface=wlan0, rxBytes=172588, txBytes=97893
D/NetworkSpeedManagerEx( 1303): iface=wlan0, rxBytes=100529746, txBytes=3767469
D/NetworkSpeedManagerEx( 1303): iface=wlan0, rxBytes=1122, txBytes=1360
D/NetworkSpeedManagerEx( 1303): iface=wlan0, rxBytes=268406, txBytes=75097
D/NetworkSpeedManagerEx( 1303): iface=wlan0, rxBytes=1037850, txBytes=300501
D/NetworkSpeedManagerEx( 1303): iface=wlan0, rxBytes=7386855, txBytes=627750
D/NetworkSpeedManagerEx( 1303): iface=wlan0, rxBytes=881113, txBytes=256006
D/NetworkSpeedManagerEx( 1303): iface=wlan0, rxBytes=335011, txBytes=266655
D/NetworkSpeedManagerEx( 1303): iface=wlan0, rxBytes=170663, txBytes=128578
D/NetworkSpeedManagerEx( 1303): iface=wlan0, rxBytes=0, txBytes=0
D/NetworkSpeedManagerEx( 1303): iface=wlan0, rxBytes=135700, txBytes=43274
D/NetworkSpeedManagerEx( 1303): iface=wlan0, rxBytes=193026, txBytes=50717
D/NetworkSpeedManagerEx( 1303): iface=wlan0, rxBytes=27598111, txBytes=647424
D/NetworkSpeedManagerEx( 1303): iface=wlan0, rxBytes=3459490, txBytes=220322
D/NetworkSpeedManagerEx( 1303): iface=wlan0, rxBytes=0, txBytes=0
D/NetworkSpeedManagerEx( 1303): iface=wlan0, rxBytes=12666, txBytes=3932
D/NetworkSpeedManagerEx( 1303): iface=wlan0, rxBytes=18408, txBytes=14373
D/NetworkSpeedManagerEx( 1303): iface=wlan0, rxBytes=0, txBytes=0
D/NetworkSpeedManagerEx( 1303): iface=wlan0, rxBytes=293581, txBytes=200964
D/NetworkSpeedManagerEx( 1303): iface=wlan0, rxBytes=218428, txBytes=127846
D/NetworkSpeedManagerEx( 1303): iface=wlan0, rxBytes=23113, txBytes=43921
D/NetworkSpeedManagerEx( 1303): iface=wlan0, rxBytes=2859, txBytes=4574
D/NetworkSpeedManagerEx( 1303): iface=wlan0, rxBytes=988, txBytes=1292
D/NetworkSpeedManagerEx( 1303): iface=wlan0, rxBytes=228, txBytes=228
D/NetworkSpeedManagerEx( 1303): iface=wlan0, rxBytes=699857, txBytes=36005
D/NetworkSpeedManagerEx( 1303): iface=wlan0, rxBytes=6557929, txBytes=127781
D/NetworkSpeedManagerEx( 1303): iface=wlan0, rxBytes=10002, txBytes=6347
D/NetworkSpeedManagerEx( 1303): iface=wlan0, rxBytes=0, txBytes=0
D/NetworkSpeedManagerEx( 1303): iface=wlan0, rxBytes=62595, txBytes=36671
D/NetworkSpeedManagerEx( 1303): iface=wlan0, rxBytes=0, txBytes=0
D/NetworkSpeedManagerEx( 1303): iface=wlan0, rxBytes=47285, txBytes=31482
D/NetworkSpeedManagerEx( 1303): iface=wlan0, rxBytes=0, txBytes=0
D/NetworkSpeedManagerEx( 1303): iface=wlan0, rxBytes=9628, txBytes=6638
D/NetworkSpeedManagerEx( 1303): iface=wlan0, rxBytes=0, txBytes=0
D/NetworkSpeedManagerEx( 1303): iface=wlan0, rxBytes=23069, txBytes=6508
D/NetworkSpeedManagerEx( 1303): iface=wlan0, rxBytes=0, txBytes=0
D/NetworkSpeedManagerEx( 1303): iface=wlan0, rxBytes=7858, txBytes=3699
D/NetworkSpeedManagerEx( 1303): iface=wlan0, rxBytes=0, txBytes=0
D/NetworkSpeedManagerEx( 1303): iface=wlan0, rxBytes=29324, txBytes=21556
D/NetworkSpeedManagerEx( 1303): iface=wlan0, rxBytes=0, txBytes=0
D/NetworkSpeedManagerEx( 1303): iface=wlan0, rxBytes=19266, txBytes=3780
D/NetworkSpeedManagerEx( 1303): iface=wlan0, rxBytes=0, txBytes=0
D/NetworkSpeedManagerEx( 1303): iface=wlan0, rxBytes=6317, txBytes=4237
D/NetworkSpeedManagerEx( 1303): iface=wlan0, rxBytes=0, txBytes=0
D/NetworkSpeedManagerEx( 1303): iface=wlan0, rxBytes=2020, txBytes=4390
D/NetworkSpeedManagerEx( 1303): iface=wlan0, rxBytes=0, txBytes=0
D/NetworkSpeedManagerEx( 1303): iface=wlan0, rxBytes=1573, txBytes=2988
D/NetworkSpeedManagerEx( 1303): iface=wlan0, rxBytes=0, txBytes=0
D/NetworkSpeedManagerEx( 1303): iface=wlan0, rxBytes=4092, txBytes=2261
D/NetworkSpeedManagerEx( 1303): iface=wlan0, rxBytes=0, txBytes=0
D/NetworkSpeedManagerEx( 1303): iface=wlan0, rxBytes=118732, txBytes=119806
D/NetworkSpeedManagerEx( 1303): iface=wlan0, rxBytes=0, txBytes=0
D/NetworkSpeedManagerEx( 1303): iface=wlan0, rxBytes=2903, txBytes=3520
D/NetworkSpeedManagerEx( 1303): iface=wlan0, rxBytes=0, txBytes=0
D/NetworkSpeedManagerEx( 1303): iface=wlan0, rxBytes=262826, txBytes=93506
D/NetworkSpeedManagerEx( 1303): iface=wlan0, rxBytes=151927, txBytes=132979
D/NetworkSpeedManagerEx( 1303): iface=wlan0, rxBytes=0, txBytes=0
D/NetworkSpeedManagerEx( 1303): iface=wlan0, rxBytes=106587, txBytes=68081
D/NetworkSpeedManagerEx( 1303): iface=wlan0, rxBytes=8472, txBytes=3310
D/NetworkSpeedManagerEx( 1303): iface=wlan0, rxBytes=0, txBytes=0
D/NetworkSpeedManagerEx( 1303): iface=wlan0, rxBytes=6377, txBytes=4286
D/NetworkSpeedManagerEx( 1303): iface=wlan0, rxBytes=0, txBytes=0
D/NetworkSpeedManagerEx( 1303): iface=wlan0, rxBytes=15066, txBytes=4898
D/NetworkSpeedManagerEx( 1303): iface=wlan0, rxBytes=0, txBytes=0
D/NetworkSpeedManagerEx( 1303): iface=wlan0, rxBytes=10632, txBytes=3562
D/NetworkSpeedManagerEx( 1303): iface=wlan0, rxBytes=0, txBytes=0
D/NetworkSpeedManagerEx( 1303): iface=wlan0, rxBytes=166802, txBytes=55576
D/NetworkSpeedManagerEx( 1303): iface=wlan0, rxBytes=0, txBytes=0
D/NetworkSpeedManagerEx( 1303): iface=wlan0, rxBytes=4491, txBytes=1351
D/NetworkSpeedManagerEx( 1303): iface=wlan0, rxBytes=0, txBytes=0
D/NetworkSpeedManagerEx( 1303): iface=wlan0, rxBytes=103681, txBytes=73510
D/NetworkSpeedManagerEx( 1303): iface=wlan0, rxBytes=20403, txBytes=8273
D/NetworkSpeedManagerEx( 1303): iface=wlan0, rxBytes=65213, txBytes=42416
D/NetworkSpeedManagerEx( 1303): iface=wlan0, rxBytes=1987, txBytes=1807
D/NetworkSpeedManagerEx( 1303): iface=wlan0, rxBytes=17685, txBytes=54347
D/NetworkSpeedManagerEx( 1303): iface=wlan0, rxBytes=0, txBytes=0
D/NetworkSpeedManagerEx( 1303): iface=wlan0, rxBytes=2936, txBytes=3493
D/NetworkSpeedManagerEx( 1303): iface=wlan0, rxBytes=0, txBytes=0
D/NetworkSpeedManagerEx( 1303): iface=wlan0, rxBytes=5077, txBytes=2259
D/NetworkSpeedManagerEx( 1303): iface=wlan0, rxBytes=0, txBytes=0
D/NetworkSpeedManagerEx( 1303): iface=wlan0, rxBytes=7743, txBytes=7743
D/NetworkSpeedManagerEx( 1303): iface=wlan0, rxBytes=0, txBytes=0
D/NetworkSpeedManagerEx( 1303): iface=wlan0, rxBytes=5301, txBytes=3404
D/NetworkSpeedManagerEx( 1303): iface=wlan0, rxBytes=0, txBytes=0
D/NetworkSpeedManagerEx( 1303): iface=wlan0, rxBytes=5188, txBytes=8279
D/NetworkSpeedManagerEx( 1303): iface=wlan0, rxBytes=0, txBytes=0
D/NetworkSpeedManagerEx( 1303): iface=wlan0, rxBytes=53576, txBytes=16523
D/NetworkSpeedManagerEx( 1303): iface=wlan0, rxBytes=0, txBytes=0
D/NetworkSpeedManagerEx( 1303): iface=wlan0, rxBytes=180011, txBytes=24429
D/NetworkSpeedManagerEx( 1303): iface=wlan0, rxBytes=0, txBytes=0
D/NetworkSpeedManagerEx( 1303): iface=wlan0, rxBytes=64329, txBytes=2874
D/NetworkSpeedManagerEx( 1303): iface=wlan0, rxBytes=0, txBytes=0
D/NetworkSpeedManagerEx( 1303): iface=wlan0, rxBytes=19467, txBytes=5177
D/NetworkSpeedManagerEx( 1303): iface=wlan0, rxBytes=764, txBytes=1207
D/NetworkSpeedManagerEx( 1303): iface=wlan0, rxBytes=32634, txBytes=7072
D/NetworkSpeedManagerEx( 1303): iface=wlan0, rxBytes=0, txBytes=0
D/NetworkSpeedManagerEx( 1303): iface=wlan0, rxBytes=11389, txBytes=34855
D/NetworkSpeedManagerEx( 1303): iface=wlan0, rxBytes=0, txBytes=0
D/NetworkSpeedManagerEx( 1303): iface=wlan0, rxBytes=4963, txBytes=2451
D/NetworkSpeedManagerEx( 1303): iface=wlan0, rxBytes=1526, txBytes=2493
D/NetworkSpeedManagerEx( 1303): iface=wlan0, rxBytes=3420, txBytes=4929
D/NetworkSpeedManagerEx( 1303): iface=wlan0, rxBytes=3687, txBytes=2506
D/NetworkSpeedManagerEx( 1303): iface=wlan0, rxBytes=5930, txBytes=10830
D/NetworkSpeedManagerEx( 1303): iface=wlan0, rxBytes=8179, txBytes=2872
D/NetworkSpeedManagerEx( 1303): iface=wlan0, rxBytes=5370, txBytes=3286
D/NetworkSpeedManagerEx( 1303): iface=wlan0, rxBytes=0, txBytes=0
D/NetworkSpeedManagerEx( 1303): iface=wlan0, rxBytes=115963, txBytes=154265
D/NetworkSpeedManagerEx( 1303): iface=wlan0, rxBytes=0, txBytes=0
D/NetworkSpeedManagerEx( 1303): iface=wlan0, rxBytes=43835, txBytes=3262
D/NetworkSpeedManagerEx( 1303): iface=wlan0, rxBytes=0, txBytes=0
D/NetworkSpeedManagerEx( 1303): iface=wlan0, rxBytes=51292, txBytes=38581
D/NetworkSpeedManagerEx( 1303): iface=wlan0, rxBytes=0, txBytes=0
D/NetworkSpeedManagerEx( 1303): iface=wlan0, rxBytes=21304, txBytes=10957
D/NetworkSpeedManagerEx( 1303): iface=wlan0, rxBytes=0, txBytes=0
D/NetworkSpeedManagerEx( 1303): iface=wlan0, rxBytes=267, txBytes=267
D/NetworkSpeedManagerEx( 1303): iface=wlan0, rxBytes=0, txBytes=0
D/NetworkSpeedManagerEx( 1303): iface=wlan0, rxBytes=6036, txBytes=3587
D/NetworkSpeedManagerEx( 1303): iface=wlan0, rxBytes=0, txBytes=0
D/NetworkSpeedManagerEx( 1303): iface=wlan0, rxBytes=10777, txBytes=16512
D/NetworkSpeedManagerEx( 1303): iface=wlan0, rxBytes=0, txBytes=0
D/NetworkSpeedManagerEx( 1303): iface=wlan0, rxBytes=91077, txBytes=18632
D/NetworkSpeedManagerEx( 1303): iface=wlan0, rxBytes=0, txBytes=0
D/NetworkSpeedManagerEx( 1303): iface=wlan0, rxBytes=9620, txBytes=3667
D/NetworkSpeedManagerEx( 1303): iface=wlan0, rxBytes=0, txBytes=0
D/NetworkSpeedManagerEx( 1303): iface=wlan0, rxBytes=4796, txBytes=3663
D/NetworkSpeedManagerEx( 1303): iface=wlan0, rxBytes=0, txBytes=0
D/NetworkSpeedManagerEx( 1303): iface=wlan0, rxBytes=0, txBytes=0
D/NetworkSpeedManagerEx( 1303): iface=wlan0, rxBytes=10930, txBytes=3410
D/NetworkSpeedManagerEx( 1303): iface=wlan0, rxBytes=28865, txBytes=2395
D/NetworkSpeedManagerEx( 1303): iface=wlan0, rxBytes=0, txBytes=0
D/NetworkSpeedManagerEx( 1303): iface=wlan0, rxBytes=0, txBytes=0
D/NetworkSpeedManagerEx( 1303): iface=wlan0, rxBytes=26662, txBytes=1791
D/NetworkSpeedManagerEx( 1303): iface=wlan0, rxBytes=26583, txBytes=1803
D/NetworkSpeedManagerEx( 1303): iface=wlan0, rxBytes=0, txBytes=0
D/NetworkSpeedManagerEx( 1303): iface=wlan0, rxBytes=5557, txBytes=1125
D/NetworkSpeedManagerEx( 1303): iface=wlan0, rxBytes=0, txBytes=0
D/NetworkSpeedManagerEx( 1303): iface=wlan0, rxBytes=3208, txBytes=6504
D/NetworkSpeedManagerEx( 1303): iface=wlan0, rxBytes=0, txBytes=0
D/NetworkSpeedManagerEx( 1303): iface=wlan0, rxBytes=43919, txBytes=2883
D/NetworkSpeedManagerEx( 1303): iface=wlan0, rxBytes=0, txBytes=0
D/NetworkSpeedManagerEx( 1303): iface=wlan0, rxBytes=6868, txBytes=2879
D/NetworkSpeedManagerEx( 1303): iface=wlan0, rxBytes=0, txBytes=0
D/NetworkSpeedManagerEx( 1303): iface=wlan0, rxBytes=33475282, txBytes=681593
D/NetworkSpeedManagerEx( 1303): iface=wlan0, rxBytes=0, txBytes=0
I/NetworkSpeedManagerEx( 1303): value = 0.0
I/NetworkSpeedManagerEx( 1303): speed = 0K/s
I/NetworkSpeedView( 1303): /update(), speed=0K/s
W/ResourceType( 1535): No known package when getting name for resource number
0x9b020200
W/ResourceType( 1535): No known package when getting name for resource number
0x9b010300
W/ResourceType( 1535): No known package when getting name for resource number
0x9c010000
W/ResourceType( 1535): No known package when getting name for resource number
0x9c010100
W/ResourceType( 1535): No known package when getting name for resource number
0x9c010200
W/ResourceType( 1535): No known package when getting name for resource number
0x9c010300
W/ResourceType( 1535): No known package when getting name for resource number
0x9c010001
W/ResourceType( 1535): No known package when getting name for resource number
0x9c010100
W/ResourceType( 1535): No known package when getting name for resource number
0x9c010201
W/ResourceType( 1535): No known package when getting name for resource number
0x9c010301
W/ResourceType( 1535): No known package when getting name for resource number
0x9c010002
W/ResourceType( 1535): No known package when getting name for resource number
0x9c010102
W/ResourceType( 1535): No known package when getting name for resource number
0x9c010202
W/ResourceType( 1535): No known package when getting name for resource number
0x9c010302
W/ResourceType( 1535): No known package when getting name for resource number
0x9c010003
W/ResourceType( 1535): No known package when getting name for resource number
0x9c010103
W/ResourceType( 1535): No known package when getting name for resource number
0x9c010303
W/ResourceType( 1535): No known package when getting name for resource number
0x9c000004
W/ResourceType( 1535): No known package when getting name for resource number
0x9c010004
W/ResourceType( 1535): No known package when getting name for resource number
0x9c000000
W/ResourceType( 1535): No known package when getting name for resource number
0x9c010103
W/ResourceType( 1535): No known package when getting name for resource number
0x9c010004
D/HwWifiStateMachine( 968): handleMessage: E msg.what=151572
D/HwWifiStateMachine( 968): processMsg: ConnectedState
D/HwWifiStateMachine( 968): processMsg: L2ConnectedState
D/StatusBar.MSimNetworkController ( 1303): refreshViews subscription=1
mMSimDataConnected=false
E/WifiHW ( 968): wifi_send_command enter;cmd:IFNAME=wlan0 SIGNAL_POLL;
D/StatusBar.MSimNetworkController ( 1303): refreshViews mMSimDataActivity=0
D/StatusBar.MSimNetworkController ( 1303): Mismnetwork type: 2
D/StatusBar.MSimNetworkController ( 1303): refreshViews update icon
subscription===1 mMSimPhoneSignalIconId[subscription]===2130903661
mMSimPhoneSignalTypeIconId[subscription]===2130903686
mMSimMobileActivityIconId[subscription]===0
mMSimDataTypeIconId[subscription]===2130903533
E/WifiHW ( 968): wifi_send_command enter;cmd:IFNAME=wlan0
PKTCNT_POLL;reply:TXGOOD=8395
E/WifiHW ( 968): TXBAD=321
E/WifiHW ( 968): RXGOOD=0
E/WifiHW ( 968):
E/WifiHW ( 968): FREQUENCY=2437;reply_len:31;
D/HwWifiStateMachine( 968): handleMessage: X
D/StatusBar.MSimNetworkController ( 1303): refreshViews subscription=1
mMSimDataConnected=false
D/StatusBar.MSimNetworkController ( 1303): refreshViews mMSimDataActivity=0
D/StatusBar.MSimNetworkController ( 1303): Mismnetwork type: 2
D/StatusBar.MSimNetworkController ( 1303): refreshViews update icon
subscription===1 mMSimPhoneSignalIconId[subscription]===2130903661
mMSimPhoneSignalTypeIconId[subscription]===2130903686
mMSimMobileActivityIconId[subscription]===0
mMSimDataTypeIconId[subscription]===2130903533
D/HwWifiStateMachine( 968): handleMessage: E msg.what=131155
D/HwWifiStateMachine( 968): processMsg: ConnectedState
D/HwWifiStateMachine( 968): processMsg: L2ConnectedState
E/WifiHW ( 968): wifi_send_command enter;cmd:IFNAME=wlan0 SIGNAL_POLL;
D/HwWifiStateMachine( 968): handleMessage: X
W/ResourceType( 1535): No known package when getting name for resource number
0x9b020200
W/ResourceType( 1535): No known package when getting name for resource number
0x9b010300
W/ResourceType( 1535): No known package when getting name for resource number
0x9c010000
W/ResourceType( 1535): No known package when getting name for resource number
0x9c010100
W/ResourceType( 1535): No known package when getting name for resource number
0x9c010200
W/ResourceType( 1535): No known package when getting name for resource number
0x9c010300
W/ResourceType( 1535): No known package when getting name for resource number
0x9c010001
W/ResourceType( 1535): No known package when getting name for resource number
0x9c010100
W/ResourceType( 1535): No known package when getting name for resource number
0x9c010201
W/ResourceType( 1535): No known package when getting name for resource number
0x9c010301
W/ResourceType( 1535): No known package when getting name for resource number
0x9c010002
W/ResourceType( 1535): No known package when getting name for resource number
0x9c010102
W/ResourceType( 1535): No known package when getting name for resource number
0x9c010202
W/ResourceType( 1535): No known package when getting name for resource number
0x9c010302
W/ResourceType( 1535): No known package when getting name for resource number
0x9c010003
W/ResourceType( 1535): No known package when getting name for resource number
0x9c010103
W/ResourceType( 1535): No known package when getting name for resource number
0x9c010303
W/ResourceType( 1535): No known package when getting name for resource number
0x9c000004
W/ResourceType( 1535): No known package when getting name for resource number
0x9c010004
W/ResourceType( 1535): No known package when getting name for resource number
0x9c000000
W/ResourceType( 1535): No known package when getting name for resource number
0x9c010103
W/ResourceType( 1535): No known package when getting name for resource number
0x9c010004
D/UIAutomatorStub( 9243): URI: /jsonrpc/0, Method: POST, Header: {content-
type=application/json, connection=close, remote-addr=127.0.0.1,
host=localhost:9009, content-length=114, http-client-ip=127.0.0.1, user-
agent=Python-urllib/3.5, accept-encoding=identity}, params,
{NanoHttpd.QUERY_STRING=null}, files: {postData={"jsonrpc": "2.0", "method":
"swipe", "id": "ca9f51fa53514c8a7100a2820cb0b8b3", "params": [540, 640, 180, 640,
2]}}
D/PowerManagerService( 968): userActivityNoUpdateLocked: eventTime=53802231,
event=2, flags=0x0, uid=1000
D/PowerManagerNotifier( 968): onUserActivity: event=2, uid=1000
D/PowerManagerService( 968): updateUserActivitySummaryLocked: mWakefulness=Awake,
mUserActivitySummary=0x1, nextTimeout=54395231 (in 592996 ms)
D/PowerManagerService( 968): updateScreenStateLocked: mDisplayReady=true,
newScreenState=2, mWakefulness=1, mWakeLockSummary=0x0, mUserActivitySummary=0x1,
mBootCompleted=true, useProximitySensor=false, blockScreenOn=false,
mRequestWaitForNegativeProximity=false
I/HwLauncher( 1535): PagedView snapToPage.getChildOffset(): 720
I/HwLauncher( 1535): PagedView snapToPageWithVelocity.getRelativeChildOffset():
720, 720
D/UIAutomatorStub( 9243): URI: /jsonrpc/0, Method: POST, Header: {content-
type=application/json, connection=close, remote-addr=127.0.0.1,
host=localhost:9009, content-length=190, http-client-ip=127.0.0.1, user-
agent=Python-urllib/3.5, accept-encoding=identity}, params,
{NanoHttpd.QUERY_STRING=null}, files: {postData={"jsonrpc": "2.0", "method":
"waitForExists", "id": "56f3aec21e4b0046157cd19e570510a0", "params":
[{"childOrSibling": [], "text": "Contacts", "mask": 1, "childOrSiblingSelector":
[]}, 3000]}}
D/PowerManagerService( 968): handleSandman: canDream=false, mWakefulness=Awake
W/ResourceType( 1535): No known package when getting name for resource number
0x9b020200
W/ResourceType( 1535): No known package when getting name for resource number
0x9b010300
W/ResourceType( 1535): No known package when getting name for resource number
0x9c010000
W/ResourceType( 1535): No known package when getting name for resource number
0x9c010100
W/ResourceType( 1535): No known package when getting name for resource number
0x9c010200
W/ResourceType( 1535): No known package when getting name for resource number
0x9c010300
W/ResourceType( 1535): No known package when getting name for resource number
0x9c010001
W/ResourceType( 1535): No known package when getting name for resource number
0x9c010100
W/ResourceType( 1535): No known package when getting name for resource number
0x9c010201
W/ResourceType( 1535): No known package when getting name for resource number
0x9c010301
W/ResourceType( 1535): No known package when getting name for resource number
0x9c010002
W/ResourceType( 1535): No known package when getting name for resource number
0x9c010102
W/ResourceType( 1535): No known package when getting name for resource number
0x9c010202
W/ResourceType( 1535): No known package when getting name for resource number
0x9c010302
W/ResourceType( 1535): No known package when getting name for resource number
0x9c010003
W/ResourceType( 1535): No known package when getting name for resource number
0x9c010103
W/ResourceType( 1535): No known package when getting name for resource number
0x9c010303
W/ResourceType( 1535): No known package when getting name for resource number
0x9c000004
W/ResourceType( 1535): No known package when getting name for resource number
0x9c010004
W/ResourceType( 1535): No known package when getting name for resource number
0x9c000000
W/ResourceType( 1535): No known package when getting name for resource number
0x9c010103
W/ResourceType( 1535): No known package when getting name for resource number
0x9c010004
D/HwWifiStateMachine( 968): handleMessage: E msg.what=151572
D/HwWifiStateMachine( 968): processMsg: ConnectedState
D/HwWifiStateMachine( 968): processMsg: L2ConnectedState
D/StatusBar.MSimNetworkController ( 1303): refreshViews subscription=1
mMSimDataConnected=false
D/StatusBar.MSimNetworkController ( 1303): refreshViews mMSimDataActivity=0
D/StatusBar.MSimNetworkController ( 1303): Mismnetwork type: 2
E/WifiHW ( 968): wifi_send_command enter;cmd:IFNAME=wlan0 SIGNAL_POLL;
D/StatusBar.MSimNetworkController ( 1303): refreshViews update icon
subscription===1 mMSimPhoneSignalIconId[subscription]===2130903661
mMSimPhoneSignalTypeIconId[subscription]===2130903686
mMSimMobileActivityIconId[subscription]===0
mMSimDataTypeIconId[subscription]===2130903533
E/WifiHW ( 968): wifi_send_command enter;cmd:IFNAME=wlan0
PKTCNT_POLL;reply:TXGOOD=8395
E/WifiHW ( 968): TXBAD=321
E/WifiHW ( 968): RXGOOD=0
E/WifiHW ( 968):
E/WifiHW ( 968): FREQUENCY=2437;reply_len:31;
D/HwWifiStateMachine( 968): handleMessage: X
D/StatusBar.MSimNetworkController ( 1303): refreshViews subscription=1
mMSimDataConnected=false
D/StatusBar.MSimNetworkController ( 1303): refreshViews mMSimDataActivity=0
D/StatusBar.MSimNetworkController ( 1303): Mismnetwork type: 2
D/StatusBar.MSimNetworkController ( 1303): refreshViews update icon
subscription===1 mMSimPhoneSignalIconId[subscription]===2130903661
mMSimPhoneSignalTypeIconId[subscription]===2130903686
mMSimMobileActivityIconId[subscription]===0
mMSimDataTypeIconId[subscription]===2130903533
W/ResourceType( 1535): No known package when getting name for resource number
0x9b020200
W/ResourceType( 1535): No known package when getting name for resource number
0x9b010300
W/ResourceType( 1535): No known package when getting name for resource number
0x9c010000
W/ResourceType( 1535): No known package when getting name for resource number
0x9c010100
W/ResourceType( 1535): No known package when getting name for resource number
0x9c010200
W/ResourceType( 1535): No known package when getting name for resource number
0x9c010300
W/ResourceType( 1535): No known package when getting name for resource number
0x9c010001
W/ResourceType( 1535): No known package when getting name for resource number
0x9c010100
W/ResourceType( 1535): No known package when getting name for resource number
0x9c010201
W/ResourceType( 1535): No known package when getting name for resource number
0x9c010301
W/ResourceType( 1535): No known package when getting name for resource number
0x9c010002
W/ResourceType( 1535): No known package when getting name for resource number
0x9c010102
W/ResourceType( 1535): No known package when getting name for resource number
0x9c010202
W/ResourceType( 1535): No known package when getting name for resource number
0x9c010302
W/ResourceType( 1535): No known package when getting name for resource number
0x9c010003
W/ResourceType( 1535): No known package when getting name for resource number
0x9c010103
W/ResourceType( 1535): No known package when getting name for resource number
0x9c010303
W/ResourceType( 1535): No known package when getting name for resource number
0x9c000004
W/ResourceType( 1535): No known package when getting name for resource number
0x9c010004
W/ResourceType( 1535): No known package when getting name for resource number
0x9c000000
W/ResourceType( 1535): No known package when getting name for resource number
0x9c010103
W/ResourceType( 1535): No known package when getting name for resource number
0x9c010004
D/HwWifiStateMachine( 968): handleMessage: E msg.what=151572
D/HwWifiStateMachine( 968): processMsg: ConnectedState
D/HwWifiStateMachine( 968): processMsg: L2ConnectedState
E/WifiHW ( 968): wifi_send_command enter;cmd:IFNAME=wlan0 SIGNAL_POLL;
E/WifiHW ( 968): wifi_send_command enter;cmd:IFNAME=wlan0
PKTCNT_POLL;reply:TXGOOD=8395
E/WifiHW ( 968): TXBAD=321
E/WifiHW ( 968): RXGOOD=0
E/WifiHW ( 968):
E/WifiHW ( 968): FREQUENCY=2437;reply_len:31;
D/HwWifiStateMachine( 968): handleMessage: X
I/NetworkSpeedManagerEx( 1303): mIsStop = false
D/NetworkSpeedManagerEx( 1303): iface=rmnet0, rxBytes=152424, txBytes=122147
D/NetworkSpeedManagerEx( 1303): iface=rmnet0, rxBytes=0, txBytes=0
D/NetworkSpeedManagerEx( 1303): iface=rmnet0, rxBytes=59322, txBytes=28801
D/NetworkSpeedManagerEx( 1303): iface=rmnet0, rxBytes=0, txBytes=0
D/NetworkSpeedManagerEx( 1303): iface=rmnet0, rxBytes=508, txBytes=957
D/NetworkSpeedManagerEx( 1303): iface=rmnet0, rxBytes=0, txBytes=0
D/NetworkSpeedManagerEx( 1303): iface=rmnet0, rxBytes=4580519, txBytes=257006
D/NetworkSpeedManagerEx( 1303): iface=rmnet0, rxBytes=0, txBytes=0
D/NetworkSpeedManagerEx( 1303): iface=rmnet0, rxBytes=48616268, txBytes=1541335
D/NetworkSpeedManagerEx( 1303): iface=rmnet0, rxBytes=0, txBytes=0
D/NetworkSpeedManagerEx( 1303): iface=rmnet0, rxBytes=65227, txBytes=20536
D/NetworkSpeedManagerEx( 1303): iface=rmnet0, rxBytes=0, txBytes=0
D/NetworkSpeedManagerEx( 1303): iface=rmnet0, rxBytes=17097, txBytes=11564
D/NetworkSpeedManagerEx( 1303): iface=rmnet0, rxBytes=0, txBytes=0
D/NetworkSpeedManagerEx( 1303): iface=rmnet0, rxBytes=100088, txBytes=23868
D/NetworkSpeedManagerEx( 1303): iface=rmnet0, rxBytes=481791, txBytes=66830
D/NetworkSpeedManagerEx( 1303): iface=rmnet0, rxBytes=61368, txBytes=8264
D/NetworkSpeedManagerEx( 1303): iface=rmnet0, rxBytes=0, txBytes=0
D/NetworkSpeedManagerEx( 1303): iface=rmnet0, rxBytes=135254, txBytes=165034
D/NetworkSpeedManagerEx( 1303): iface=rmnet0, rxBytes=0, txBytes=0
D/NetworkSpeedManagerEx( 1303): iface=rmnet0, rxBytes=214067, txBytes=93957
D/NetworkSpeedManagerEx( 1303): iface=rmnet0, rxBytes=24268, txBytes=104634
D/NetworkSpeedManagerEx( 1303): iface=rmnet0, rxBytes=2678, txBytes=8344
D/NetworkSpeedManagerEx( 1303): iface=rmnet0, rxBytes=4491, txBytes=4563
D/NetworkSpeedManagerEx( 1303): iface=rmnet0, rxBytes=192442, txBytes=808040
D/NetworkSpeedManagerEx( 1303): iface=rmnet0, rxBytes=938181, txBytes=359713
D/NetworkSpeedManagerEx( 1303): iface=rmnet0, rxBytes=132379, txBytes=59653
D/NetworkSpeedManagerEx( 1303): iface=rmnet0, rxBytes=0, txBytes=0
D/NetworkSpeedManagerEx( 1303): iface=rmnet0, rxBytes=7676991, txBytes=222980
D/NetworkSpeedManagerEx( 1303): iface=rmnet0, rxBytes=0, txBytes=0
D/NetworkSpeedManagerEx( 1303): iface=rmnet0, rxBytes=9852, txBytes=9644
D/NetworkSpeedManagerEx( 1303): iface=rmnet0, rxBytes=0, txBytes=0
D/NetworkSpeedManagerEx( 1303): iface=rmnet0, rxBytes=155062, txBytes=139821
D/NetworkSpeedManagerEx( 1303): iface=rmnet0, rxBytes=132546, txBytes=55817
D/NetworkSpeedManagerEx( 1303): iface=rmnet0, rxBytes=304, txBytes=304
D/NetworkSpeedManagerEx( 1303): iface=rmnet0, rxBytes=0, txBytes=0
D/NetworkSpeedManagerEx( 1303): iface=rmnet0, rxBytes=31318, txBytes=664039
