03-27 11:24:28.476 29064 29296 D com.disha.quickride.androidapp.event.AwsIotEventServiceConnection: Creating AwsIotEventServiceConnection to connect to a1xn41v6vdshwm-ats.iot.ap-south- 1.amazonaws.com
03-27 11:24:28.481 29064 29296 D com.disha.quickride.androidapp.startup.session.SessionManager: Performing session change operation on com.disha.quickride.androidapp.ridemgmt.RideMgmtModuleSessionHandler@deb1db0
03-27 11:24:28.482 29064 29296 I com.disha.quickride.androidapp.ridemgmt.RideMgmtModuleSessionHandler: resumeBasicUserSession
03-27 11:24:29.585 29064 29296 I com.disha.quickride.androidapp.myrides.cache.MyActiveRidesCache: getting active rides of user after the current time
03-27 11:24:29.586 29064 29296 E com.disha.quickride.androidapp.myrides.cache.MyActiveRidesCache: getRideDetailInfoFromServer failed due to riderRideId =0
03-27 11:24:29.586 29064 29296 D com.disha.quickride.androidapp.myrides.cache.MyClosedRidesCache: Loading closed rides from local database
03-27 11:24:29.648 29064 29296 D com.disha.quickride.androidapp.myrides.cache.MyCompletedRidesCachePersistenceHelper : getting all rider rides from databse
03-27 11:24:29.761 29064 29296 D com.disha.quickride.androidapp.myrides.cache.MyCompletedRidesCachePersistenceHelper : getting all passenger rides
03-27 11:24:29.914 29064 29296 D com.disha.quickride.androidapp.myrides.cache.MyCompletedRidesCachePersistenceHelper : getting all regular passenger rides
03-27 11:24:30.102 29064 29296 D com.disha.quickride.androidapp.myrides.cache.MyCompletedRidesCachePersistenceHelper : getting all regular passenger rides
03-27 11:24:30.194 29064 29296 E SQLiteLog: (1) no such column: invitationTime
03-27 11:24:30.196 29064 29296 E com.disha.quickride.androidapp.ridemgmt.ridematcher.invite.RideInvitePersistenceHel per: Reading invitations failedandroid.database.sqlite.SQLiteException: no such column: invitationTime (code 1 SQLITE_ERROR[1]): , while compiling: SELECT id, rideId, riderId, passengerRideId, passengerId, fromLoc, toLoc, startTime, pickupAddress, pickupLatitude, pickupLongitude, pickupTime, dropAddress, dropLatitude, dropLongitude, dropTime, matchedDistance, points, noOfSeats, invitingUserGender, invitingUserName, invitationStatus, rideType, invitingUserId, lastUpdatedTime, senderImgUri, newFare, fareChange, autoInvite, invitationTime FROM invitations ORDER BY startTime desc
03-27 11:24:30.396 29064 29296 I com.disha.quickride.androidapp.usermgmt.cache.UserDataCache: getting of user name
03-27 11:24:30.397 29064 29296 D com.disha.quickride.androidapp.startup.session.SessionManagerController: Session change operation completed successfully
03-27 11:24:30.397 29064 29296 D com.disha.quickride.androidapp.startup.session.SessionResumeAsyncTask: Session resume operation completed
03-27 11:24:30.398 29064 29296 D com.disha.quickride.androidapp.notification.FCMTokenRegistrationHelper: Getting FCM token to update to server for user : 80505589682035
03-27 11:24:30.399 29064 29064 D com.disha.quickride.androidapp.notification.FCMTokenRegistrationHelper: FCM token for userId : 80505589682035 is : f6UrwBIAfX4:APA91bELM8O_xvEdQKeo91HQibJMeltqQH9PF1jeqkwZkvqa05c6LIXydYNuRes1sQzk0fi 4fgUN5B1D8WUAWRCfegyY0ipn1J3xphpRXSM2QuhLnBCk5dlDhRp0rJHIMoYBA2W2yuwW
03-27 11:24:30.400 29064 29296 D com.disha.quickride.androidapp.startup.session.SessionSetupAsyncTask: Session change operation completed successfully
03-27 11:24:30.401 29064 29296 D com.disha.quickride.androidapp.startup.session.SessionManagerController: Stopping WatchdogService
03-27 11:24:30.409 29064 29708 D com.disha.quickride.androidapp.notification.FCMTokenRegistrationAsyncTask: Updating client device id to server : f6UrwBIAfX4:APA91bELM8O_xvEdQKeo91HQibJMeltqQH9PF1jeqkwZkvqa05c6LIXydYNuRes1sQzk0fi 4fgUN5B1D8WUAWRCfegyY0ipn1J3xphpRXSM2QuhLnBCk5dlDhRp0rJHIMoYBA2W2yuwW
03-27 11:24:30.420 29064 29296 D com.disha.quickride.androidapp.startup.session.SessionManagerController: Cancelling alarm that was set to check watchdog service
03-27 11:24:30.425 29064 29707 D com.disha.quickride.androidapp.startup.session.SetUserIdIdentifierToFabricAsyncTask : UserId set to Fabric
03-27 11:24:30.455 29064 29296 D com.disha.quickride.androidapp.startup.session.SessionSetupAsyncTask: Session change operation took 9254 ms
03-27 11:24:30.690 29064 29708 E com.disha.quickride.androidapp.notification.FCMTokenRegistrationAsyncTask: Error while updating FCM registration token to server; User may not get FCM notifications
03-27 11:24:30.691 29064 29064 D com.disha.quickride.androidapp.util.NetworkStateReceiver: Start listening to network state changes
03-27 11:24:30.694 29064 29064 D com.disha.quickride.androidapp.util.NetworkStateReceiver: Received connection status changed intent Intent { act=android.net.conn.CONNECTIVITY_CHANGE flg=0x4200010 (has extras) }
03-27 11:24:33.397 29064 29706 D com.disha.quickride.androidapp.event.EventModuleSessionManager: Resuming complete user session
03-27 11:24:33.458 29064 29706 D com.disha.quickride.androidapp.event.EventServicePersistenceHelper: Purging old messages with condition : time <= 1585266873397
03-27 11:24:33.459 29064 29706 D com.disha.quickride.androidapp.event.EventServicePersistenceHelper: No of old messages purged : 0
03-27 11:24:33.483 29064 29706 D com.disha.quickride.androidapp.event.EventServicePersistenceHelper: 0 messages read from persistence
03-27 11:24:33.484 29064 29706 D com.disha.quickride.androidapp.event.RideMgmtEventServiceProxy: Initializing unprocessed messages from persistence
03-27 11:24:33.495 29064 29706 D com.disha.quickride.androidapp.event.EventServicePersistenceHelper: 0 unprocessed messages read from persistence
03-27 11:24:33.596 29064 29706 D com.disha.quickride.androidapp.event.EventServicePersistenceHelper: Purging old messages with condition : time <= 1585266873495
03-27 11:24:33.609 29064 29706 D com.disha.quickride.androidapp.event.EventServicePersistenceHelper: No of old messages purged : 0
03-27 11:24:33.648 29064 29706 D com.disha.quickride.androidapp.event.EventServicePersistenceHelper: 0 messages read from persistence
03-27 11:24:33.648 29064 29706 D com.disha.quickride.androidapp.event.LocationUpdateEventServiceProxy: Initializing unprocessed messages from persistence
03-27 11:24:33.712 29064 29706 D com.disha.quickride.androidapp.event.EventServicePersistenceHelper: 0 unprocessed messages read from persistence
03-27 11:24:33.721 29064 29706 D com.disha.quickride.androidapp.usermgmt.UserMessageListener: subscribeToUserMsgUpdates
03-27 11:24:33.722 29064 29706 D com.disha.quickride.androidapp.event.RideMgmtEventServiceProxy: Adding topic name to subscriptions queue :userMsg/80505589682035
03-27 11:24:33.783 29064 29706 D com.disha.quickride.androidapp.event.EventModuleSessionManager: Establishing event service connection
03-27 11:24:33.783 29064 29706 D com.disha.quickride.androidapp.event.AwsIotEventServiceConnection: Connecting to IOT Core
03-27 11:24:33.798 29064 29706 I com.disha.quickride.androidapp.event.RMQBrokerEventServiceConnection: Mqtt connect called
03-27 11:24:33.798 29064 29706 D com.disha.quickride.androidapp.event.RMQBrokerEventServiceConnection: brokerURLs : tcp://events.getquickride.com:1883
03-27 11:24:35.311 29064 29917 I afm : metrics collection is enabled, username: ?SDK=Android&Version=2.14.2
03-27 11:24:35.311 29064 29917 I afm : resetting reconnect attempt and retry time
03-27 11:24:35.313 29064 29917 I com.disha.quickride.androidapp.event.AwsIotEventServiceConnection: IOT Connection status change to Connecting
03-27 11:24:35.433 29064 29983 D NetworkManagementSocketTagger: tagSocket(70) with statsTag=0xffffffff, statsUid=-1
03-27 11:24:35.510 29064 29982 D NetworkManagementSocketTagger: tagSocket(73) with statsTag=0xffffffff, statsUid=-1
03-27 11:24:36.455 29064 29273 I ApxorSDK: ApxorSDK(v263) successfully initialized for: d25af8de489a0ca420f9540aed14013a --------- beginning of main
03-27 11:44:09.298 11839 11839 E disha.quickrid: Not starting debugger since process cannot load the jdwp agent.
03-27 11:44:09.360 11839 11839 I disha.quickrid: The ClassLoaderContext is a special shared library.
03-27 11:44:09.427 11839 11839 W disha.quickrid: JIT profile information will not be recorded: profile file does not exits.
03-27 11:44:09.427 11839 11839 W disha.quickrid: JIT profile information will not be recorded: profile file does not exits.
03-27 11:44:09.456 11839 11839 D com.disha.quickride.androidapp.startup.QuickRideApplication: QuickRideApplication is instantiated
03-27 11:44:09.462 11839 11839 I MultiDex: VM with version 2.1.0 has multidex support
03-27 11:44:09.462 11839 11839 I MultiDex: Installing application
03-27 11:44:09.462 11839 11839 I MultiDex: VM has multidex support, MultiDex support library is disabled.
03-27 11:44:09.462 11839 11839 I MultiDex: Installing application
03-27 11:44:09.462 11839 11839 I MultiDex: VM has multidex support, MultiDex support library is disabled.
03-27 11:44:09.562 11839 11839 I FirebaseInitProvider: FirebaseApp initialization successful
03-27 11:44:09.569 11839 11839 I CrashlyticsInitProvider: CrashlyticsInitProvider skipping initialization
03-27 11:44:09.572 11839 11839 E Apxor : App Id is empty or null, couldn't initialize ApxorSDK
03-27 11:44:09.617 11839 11863 D NetworkSecurityConfig: No Network Security Config specified, using platform default
03-27 11:44:09.621 11839 11863 I System.out: (HTTPLog)-Static: isSBSettingEnabled false
03-27 11:44:09.621 11839 11863 I System.out: (HTTPLog)-Static: isSBSettingEnabled false
03-27 11:44:09.653 11839 11861 I FA : App measurement is starting up, version: 15300
03-27 11:44:09.653 11839 11861 I FA : To enable debug logging run: adb shell setprop log.tag.FA VERBOSE
03-27 11:44:09.654 11839 11861 I FA : To enable faster debug mode event logging run:
03-27 11:44:09.654 11839 11861 I FA : adb shell setprop debug.firebase.analytics.app com.disha.quickride
03-27 11:44:09.668 11839 11863 D NetworkManagementSocketTagger: tagSocket(46) with statsTag=0xffffffff, statsUid=-1
03-27 11:44:09.698 11839 11839 D com.disha.quickride.androidapp.startup.QuickRideApplication: QuickRideApplication is created
03-27 11:44:09.699 11839 11839 D com.disha.quickride.androidapp.startup.QuickRideApplication: enabled https protocols null
03-27 11:44:09.889 11839 11906 I System.out: (HTTPLog)-Static: isSBSettingEnabled false
03-27 11:44:09.890 11839 11906 I System.out: (HTTPLog)-Static: isSBSettingEnabled false
03-27 11:44:09.895 11839 11839 E a : Value of SMT_USE_AD_ID : null
03-27 11:44:09.899 11839 11906 D NetworkManagementSocketTagger: tagSocket(54) with statsTag=0xffffffff, statsUid=-1
03-27 11:44:09.906 11839 11839 D NetcoreSDK: readConfig: null
03-27 11:44:10.010 11839 11839 I CleverTap: Activity Lifecycle Callback successfully registered
03-27 11:44:10.013 11839 11839 I CleverTap: Account Region not specified in the AndroidManifest - using default region
03-27 11:44:10.129 11839 11929 I CleverTap: SDK Version Code is 30501
03-27 11:44:10.132 11839 11929 I CleverTap: CTPushNotificationReceiver is present
03-27 11:44:10.134 11839 11929 I CleverTap: InstallReferrerBroadcastReceiver is present
03-27 11:44:10.139 11839 11929 I CleverTap: CTNotificationIntentService not present
03-27 11:44:10.143 11839 11929 I CleverTap: CTBackgroundJobService is present
03-27 11:44:10.147 11839 11839 I CleverTap: CleverTap SDK initialized with accountId: 677-74Z-765Z accountToken: 14a-aa6 accountRegion: null
03-27 11:44:10.150 11839 11929 I CleverTap: CTBackgroundIntentService is present
03-27 11:44:10.154 11839 11839 W Adjust : PRODUCTION: Adjust is running in Production mode. Use this setting only for the build that you want to publish. Set the environment to `sandbox` if you want to test your app!
03-27 11:44:10.156 11839 11839 W Adjust : PRODUCTION: Adjust is running in Production mode. Use this setting only for the build that you want to publish. Set the environment to `sandbox` if you want to test your app!
03-27 11:44:10.163 11839 11929 I CleverTap: InAppNotificationActivity is present
03-27 11:44:10.167 11839 11929 I CleverTap: FcmMessageListenerService not present
03-27 11:44:10.169 11839 11929 I CleverTap: FcmTokenListenerService not present
03-27 11:44:10.180 11839 11889 I CrashlyticsCore: Initializing Crashlytics 2.6.8.32
03-27 11:44:10.223 11839 11839 D com.disha.quickride.androidapp.startup.QuickRideApplication: Initializing Session Manager
03-27 11:44:10.239 11839 11936 D com.disha.quickride.androidapp.startup.session.SessionManagerController: Resuming user session
03-27 11:44:10.240 11839 11936 D com.disha.quickride.androidapp.startup.session.SessionManager: Entering createNewSessionManager
03-27 11:44:10.242 11839 11936 D com.disha.quickride.androidapp.startup.session.SessionManager: Found Persistent session for user 80505589682035
03-27 11:44:10.252 11839 11936 D com.disha.quickride.androidapp.startup.session.SessionManager: Entering onResumeUserSession
03-27 11:44:10.252 11839 11936 D com.disha.quickride.androidapp.startup.session.SessionManager: Performing session change operation on com.disha.quickride.androidapp.common.serverConfig.ClientConfigurationModuleSession Manager@3a2fd29
03-27 11:44:10.252 11839 11936 D com.disha.quickride.androidapp.common.serverConfig.ClientConfigurationModuleSession Manager: Resuming basic user session
03-27 11:44:10.290 11839 11867 W DynamiteModule: Local module descriptor class for providerinstaller not found.
03-27 11:44:10.364 11839 11940 D com.disha.quickride.androidapp.notification.QuickRideGCMIntentService: New GCM message received : {af-uinstall-tracking=true}
03-27 11:44:10.365 11839 11940 E b : Error: No value for data
03-27 11:44:10.366 11839 11940 D com.disha.quickride.androidapp.notification.QuickRideGCMIntentService: Not handled by NetCore
03-27 11:44:10.366 11839 11940 D com.disha.quickride.androidapp.notification.QuickRideGCMIntentService: Session is not yet initialized; will queue up the message and process after session is initialized
03-27 11:44:10.397 11839 11889 W com.facebook.appevents.AppEventsLogger: activateApp events are being logged automatically. There's no need to call activateApp explicitly, this is safe to remove.
03-27 11:44:10.460 11839 11929 I CleverTap:677-74Z-765Z: Notification channel promopush has been created
03-27 11:44:10.462 11839 11889 I GAv4 : Google Analytics 12.4.51 is starting up. To enable debug logging on a device run:
03-27 11:44:10.462 11839 11889 I GAv4 : adb shell setprop log.tag.GAv4 DEBUG
03-27 11:44:10.462 11839 11889 I GAv4 : adb logcat -s GAv4
03-27 11:44:10.469 11839 11929 I CleverTap:677-74Z-765Z: Notification channel offerspush has been created
03-27 11:44:10.475 11839 11929 I CleverTap:677-74Z-765Z: Notification channel notifypush has been created
03-27 11:44:10.481 11839 11936 W Java7Support: Unable to load JDK7 types (annotations, java.nio.file.Path): no Java7 support added
03-27 11:44:10.512 11839 11867 I DynamiteModule: Considering local module providerinstaller:0 and remote module providerinstaller:0
03-27 11:44:10.512 11839 11867 W ProviderInstaller: Failed to load providerinstaller module: No acceptable module found. Local version is 0 and remote version is 0.
03-27 11:44:10.672 11839 11867 I disha.quickrid: The ClassLoaderContext is a special shared library.
03-27 11:44:10.711 11839 11946 W GAv4 : CampaignTrackingReceiver is not registered, not exported or is disabled. Installation campaign tracking is not possible. See http://goo.gl/8Rd3yj for instructions.
03-27 11:44:10.714 11839 11936 D com.disha.quickride.androidapp.startup.session.SessionManager: Performing session change operation on com.disha.quickride.androidapp.usermgmt.UserModuleSessionManager@5ef059
03-27 11:44:10.715 11839 11936 D com.disha.quickride.androidapp.usermgmt.UserModuleSessionManager: Resume basic user session
03-27 11:44:11.021 11839 11867 I disha.quickrid: The ClassLoaderContext is a special shared library.
03-27 11:44:11.081 11839 11889 D AppsFlyer_4.9.0: Initializing AppsFlyer SDK: (v4.9.0.184)
03-27 11:44:11.087 11839 11889 D AppsFlyer_4.9.0: Done loading properties: true
03-27 11:44:11.103 11839 11867 I disha.quickrid: The ClassLoaderContext is a special shared library.
03-27 11:44:11.442 11839 11867 I disha.quickrid: Waiting for a blocking GC ClassLinker
03-27 11:44:11.466 11839 11867 I disha.quickrid: WaitForGcToComplete blocked ClassLinker on ClassLinker for 24.184ms
03-27 11:44:11.489 11839 11867 V NativeCrypto: Registering com/google/android/gms/org/conscrypt/NativeCrypto's 286 native methods...
03-27 11:44:11.729 11839 11867 I ProviderInstaller: Installed default security provider GmsCore_OpenSSL
03-27 11:44:11.729 11839 11839 D com.disha.quickride.androidapp.startup.QuickRideApplication: ProviderInstaller.installIfNeededAsync onProviderInstalled
03-27 11:44:12.269 11839 11936 D com.disha.quickride.androidapp.startup.session.SessionManager: Performing session change operation on com.disha.quickride.androidapp.event.EventModuleSessionManager@382c97b
03-27 11:44:12.270 11839 11936 D com.disha.quickride.androidapp.event.AwsIotEventServiceConnection: Creating AwsIotEventServiceConnection to connect to a1xn41v6vdshwm-ats.iot.ap-south- 1.amazonaws.com
03-27 11:44:12.304 11839 12007 D OpenGLRenderer: Skia GL Pipeline
03-27 11:44:12.325 11839 11936 D com.disha.quickride.androidapp.event.AwsIotEventServiceConnection: Creating AwsIotEventServiceConnection to connect to a1xn41v6vdshwm-ats.iot.ap-south- 1.amazonaws.com
03-27 11:44:12.327 11839 11936 D com.disha.quickride.androidapp.startup.session.SessionManager: Performing session change operation on com.disha.quickride.androidapp.ridemgmt.RideMgmtModuleSessionHandler@581e22d
03-27 11:44:12.327 11839 11936 I com.disha.quickride.androidapp.ridemgmt.RideMgmtModuleSessionHandler: resumeBasicUserSession
03-27 11:44:12.564 11839 11936 I com.disha.quickride.androidapp.myrides.cache.MyActiveRidesCache: getting active rides of user after the current time
03-27 11:44:12.564 11839 11936 E com.disha.quickride.androidapp.myrides.cache.MyActiveRidesCache: getRideDetailInfoFromServer failed due to riderRideId =0
03-27 11:44:12.565 11839 11936 D com.disha.quickride.androidapp.myrides.cache.MyClosedRidesCache: Loading closed rides from local database
03-27 11:44:12.584 11839 11936 D com.disha.quickride.androidapp.myrides.cache.MyCompletedRidesCachePersistenceHelper : getting all rider rides from databse
03-27 11:44:12.598 11839 11936 D com.disha.quickride.androidapp.myrides.cache.MyCompletedRidesCachePersistenceHelper : getting all passenger rides
03-27 11:44:12.615 11839 11936 D com.disha.quickride.androidapp.myrides.cache.MyCompletedRidesCachePersistenceHelper : getting all regular passenger rides
03-27 11:44:12.632 11839 11936 D com.disha.quickride.androidapp.myrides.cache.MyCompletedRidesCachePersistenceHelper : getting all regular passenger rides
03-27 11:44:12.654 11839 11936 E SQLiteLog: (1) no such column: invitationTime
03-27 11:44:12.656 11839 11936 E com.disha.quickride.androidapp.ridemgmt.ridematcher.invite.RideInvitePersistenceHel per: Reading invitations failedandroid.database.sqlite.SQLiteException: no such column: invitationTime (code 1 SQLITE_ERROR[1]): , while compiling: SELECT id, rideId, riderId, passengerRideId, passengerId, fromLoc, toLoc, startTime, pickupAddress, pickupLatitude, pickupLongitude, pickupTime, dropAddress, dropLatitude, dropLongitude, dropTime, matchedDistance, points, noOfSeats, invitingUserGender, invitingUserName, invitationStatus, rideType, invitingUserId, lastUpdatedTime, senderImgUri, newFare, fareChange, autoInvite, invitationTime FROM invitations ORDER BY startTime desc
03-27 11:44:12.678 11839 11936 I com.disha.quickride.androidapp.usermgmt.cache.UserDataCache: getting of user name
03-27 11:44:12.679 11839 11936 D com.disha.quickride.androidapp.startup.session.SessionManagerController: Session change operation completed successfully
03-27 11:44:12.679 11839 11936 D com.disha.quickride.androidapp.startup.session.SessionResumeAsyncTask: Session resume operation completed
03-27 11:44:12.679 11839 11936 D com.disha.quickride.androidapp.notification.FCMTokenRegistrationHelper: Getting FCM token to update to server for user : 80505589682035
03-27 11:44:12.680 11839 12015 D com.disha.quickride.androidapp.startup.session.SetUserIdIdentifierToFabricAsyncTask : UserId set to Fabric
03-27 11:44:12.690 11839 11839 D com.disha.quickride.androidapp.notification.FCMTokenRegistrationHelper: FCM token for userId : 80505589682035 is : f6UrwBIAfX4:APA91bELM8O_xvEdQKeo91HQibJMeltqQH9PF1jeqkwZkvqa05c6LIXydYNuRes1sQzk0fi 4fgUN5B1D8WUAWRCfegyY0ipn1J3xphpRXSM2QuhLnBCk5dlDhRp0rJHIMoYBA2W2yuwW
03-27 11:44:12.692 11839 11936 D com.disha.quickride.androidapp.startup.session.SessionSetupAsyncTask: Session change operation completed successfully
03-27 11:44:12.699 11839 11936 D com.disha.quickride.androidapp.notification.QuickRideGCMIntentService: Processing all GCM messages arrived before session was initialized
03-27 11:44:12.700 11839 11936 D com.disha.quickride.androidapp.notification.QuickRideGCMIntentService: Processing new GCM Message : Bundle[{af-uinstall-tracking=true}]
03-27 11:44:12.705 11839 11936 D com.disha.quickride.androidapp.startup.session.SessionManagerController: Stopping WatchdogService
03-27 11:44:12.708 11839 12016 D com.disha.quickride.androidapp.notification.FCMTokenRegistrationAsyncTask: Updating client device id to server : f6UrwBIAfX4:APA91bELM8O_xvEdQKeo91HQibJMeltqQH9PF1jeqkwZkvqa05c6LIXydYNuRes1sQzk0fi 4fgUN5B1D8WUAWRCfegyY0ipn1J3xphpRXSM2QuhLnBCk5dlDhRp0rJHIMoYBA2W2yuwW
03-27 11:44:12.708 11839 11936 D com.disha.quickride.androidapp.startup.session.SessionManagerController: Cancelling alarm that was set to check watchdog service
03-27 11:44:12.763 11839 11936 D com.disha.quickride.androidapp.startup.session.SessionSetupAsyncTask: Session change operation took 2514 ms
03-27 11:44:12.943 11839 12016 E com.disha.quickride.androidapp.notification.FCMTokenRegistrationAsyncTask: Error while updating FCM registration token to server; User may not get FCM notifications
03-27 11:44:12.945 11839 11839 D com.disha.quickride.androidapp.util.NetworkStateReceiver: Start listening to network state changes
03-27 11:44:12.949 11839 11839 D com.disha.quickride.androidapp.util.NetworkStateReceiver: Received connection status changed intent Intent { act=android.net.conn.CONNECTIVITY_CHANGE flg=0x4200010 (has extras) }
03-27 11:44:13.187 11839 11866 I System.out: (HTTPLog)-Static: isSBSettingEnabled false
03-27 11:44:13.187 11839 11866 I System.out: (HTTPLog)-Static: isSBSettingEnabled false
03-27 11:44:13.219 11839 11866 D NetworkManagementSocketTagger: tagSocket(65) with statsTag=0xffffffff, statsUid=-1
03-27 11:44:13.258 11839 11870 W AnalyticsUserIDStore: initStore should have been called before calling setUserID
03-27 11:44:13.267 11839 11870 W UserDataStore: initStore should have been called before calling setUserID
03-27 11:44:13.303 11839 11870 I System.out: (HTTPLog)-Static: isSBSettingEnabled false
03-27 11:44:13.304 11839 11870 I System.out: (HTTPLog)-Static: isSBSettingEnabled false
03-27 11:44:13.307 11839 11870 D NetworkManagementSocketTagger: tagSocket(66) with statsTag=0xffffffff, statsUid=-1
03-27 11:44:14.436 11839 11853 I disha.quickrid: Waiting for a blocking GC ProfileSaver
03-27 11:44:14.457 11839 11853 I disha.quickrid: WaitForGcToComplete blocked ProfileSaver on ClassLinker for 21.409ms
03-27 11:44:15.678 11839 12014 D com.disha.quickride.androidapp.event.EventModuleSessionManager: Resuming complete user session
03-27 11:44:15.694 11839 12014 D com.disha.quickride.androidapp.event.EventServicePersistenceHelper: Purging old messages with condition : time <= 1585268055678
03-27 11:44:15.697 11839 12014 D com.disha.quickride.androidapp.event.EventServicePersistenceHelper: No of old messages purged : 0
03-27 11:44:15.714 11839 12014 D com.disha.quickride.androidapp.event.EventServicePersistenceHelper: 0 messages read from persistence
03-27 11:44:15.715 11839 12014 D com.disha.quickride.androidapp.event.RideMgmtEventServiceProxy: Initializing unprocessed messages from persistence
03-27 11:44:15.726 11839 12014 D com.disha.quickride.androidapp.event.EventServicePersistenceHelper: 0 unprocessed messages read from persistence
03-27 11:44:15.734 11839 12014 D com.disha.quickride.androidapp.event.EventServicePersistenceHelper: Purging old messages with condition : time <= 1585268055727
03-27 11:44:15.735 11839 12014 D com.disha.quickride.androidapp.event.EventServicePersistenceHelper: No of old messages purged : 0
03-27 11:44:15.745 11839 12014 D com.disha.quickride.androidapp.event.EventServicePersistenceHelper: 0 messages read from persistence
03-27 11:44:15.745 11839 12014 D com.disha.quickride.androidapp.event.LocationUpdateEventServiceProxy: Initializing unprocessed messages from persistence
03-27 11:44:15.753 11839 12014 D com.disha.quickride.androidapp.event.EventServicePersistenceHelper: 0 unprocessed messages read from persistence
03-27 11:44:15.758 11839 12014 D com.disha.quickride.androidapp.usermgmt.UserMessageListener: subscribeToUserMsgUpdates
03-27 11:44:15.760 11839 12014 D com.disha.quickride.androidapp.event.RideMgmtEventServiceProxy: Adding topic name to subscriptions queue :userMsg/80505589682035
03-27 11:44:15.780 11839 12014 D com.disha.quickride.androidapp.event.EventModuleSessionManager: Establishing event service connection
03-27 11:44:15.780 11839 12014 D com.disha.quickride.androidapp.event.AwsIotEventServiceConnection: Connecting to IOT Core
03-27 11:44:15.782 11839 12014 I com.disha.quickride.androidapp.event.RMQBrokerEventServiceConnection: Mqtt connect called
03-27 11:44:15.782 11839 12014 D com.disha.quickride.androidapp.event.RMQBrokerEventServiceConnection: brokerURLs : tcp://events.getquickride.com:1883
03-27 11:44:16.081 11839 12100 I afm : metrics collection is enabled, username: ?SDK=Android&Version=2.14.2
03-27 11:44:16.081 11839 12100 I afm : resetting reconnect attempt and retry time
03-27 11:44:16.083 11839 12100 I com.disha.quickride.androidapp.event.AwsIotEventServiceConnection: IOT Connection status change to Connecting
03-27 11:44:16.126 11839 12103 D NetworkManagementSocketTagger: tagSocket(70) with statsTag=0xffffffff, statsUid=-1
03-27 11:44:16.154 11839 12104 D NetworkManagementSocketTagger: tagSocket(73) with statsTag=0xffffffff, statsUid=-1
03-27 11:44:25.098 11839 11906 I ApxorSDK: ApxorSDK(v263) successfully initialized for: d25af8de489a0ca420f9540aed14013a
03-27 11:44:46.223 11839 12636 D NetworkManagementSocketTagger: tagSocket(73) with statsTag=0xffffffff, statsUid=-1
03-27 11:45:16.272 11839 12636 W afm : onFailure: connection failed.
03-27 11:45:16.272 11839 12636 W afm : MqttException (0) - java.net.SocketTimeoutException: failed to connect to a1xn41v6vdshwm-ats.iot.ap- south-1.amazonaws.com/52.66.98.225 (port 443) from /192.168.1.13 (port 57784) after 30000ms
03-27 11:45:16.272 11839 12636 W afm : at org.eclipse.paho.client.mqttv3.internal.ExceptionHelper.createMqttException(SourceF ile:38)
03-27 11:45:16.272 11839 12636 W afm : at org.eclipse.paho.client.mqttv3.internal.ClientComms$ConnectBG.run(SourceFile:664)
03-27 11:45:16.272 11839 12636 W afm : at java.lang.Thread.run(Thread.java:764)
03-27 11:45:16.272 11839 12636 W afm : Caused by: java.net.SocketTimeoutException: failed to connect to a1xn41v6vdshwm-ats.iot.ap- south-1.amazonaws.com/52.66.98.225 (port 443) from /192.168.1.13 (port 57784) after 30000ms
03-27 11:45:16.272 11839 12636 W afm : at libcore.io.IoBridge.connectErrno(IoBridge.java:185)
03-27 11:45:16.272 11839 12636 W afm : at libcore.io.IoBridge.connect(IoBridge.java:129)
03-27 11:45:16.272 11839 12636 W afm : at java.net.PlainSocketImpl.socketConnect(PlainSocketImpl.java:137)
03-27 11:45:16.272 11839 12636 W afm : at java.net.AbstractPlainSocketImpl.doConnect(AbstractPlainSocketImpl.java:390)
03-27 11:45:16.272 11839 12636 W afm : at java.net.AbstractPlainSocketImpl.connectToAddress(AbstractPlainSocketImpl.java:230)
03-27 11:45:16.272 11839 12636 W afm : at java.net.AbstractPlainSocketImpl.connect(AbstractPlainSocketImpl.java:212)
03-27 11:45:16.272 11839 12636 W afm : at java.net.SocksSocketImpl.connect(SocksSocketImpl.java:436)
03-27 11:45:16.272 11839 12636 W afm : at java.net.Socket.connect(Socket.java:621)
03-27 11:45:16.272 11839 12636 W afm : at com.google.android.gms.org.conscrypt.AbstractConscryptSocket.connect(:com.google.an droid.gms@[email protected] (100400-296104215):4)
03-27 11:45:16.272 11839 12636 W afm : at org.eclipse.paho.client.mqttv3.internal.TCPNetworkModule.start(SourceFile:70)
03-27 11:45:16.272 11839 12636 W afm : at org.eclipse.paho.client.mqttv3.internal.SSLNetworkModule.start(SourceFile:86)
03-27 11:45:16.272 11839 12636 W afm : at org.eclipse.paho.client.mqttv3.internal.websocket.WebSocketSecureNetworkModule.star t(SourceFile:75)
03-27 11:45:16.272 11839 12636 W afm : at org.eclipse.paho.client.mqttv3.internal.ClientComms$ConnectBG.run(SourceFile:650)
03-27 11:45:16.272 11839 12636 W afm : ... 1 more
03-27 11:45:16.274 11839 12636 I com.disha.quickride.androidapp.event.AwsIotEventServiceConnection: IOT Connection status change to Reconnecting
03-27 11:45:16.274 11839 12636 I com.disha.quickride.androidapp.event.AwsIotEventServiceConnection: MqttException (0) - java.net.SocketTimeoutException: failed to connect to a1xn41v6vdshwm- ats.iot.ap-south-1.amazonaws.com/52.66.98.225 (port 443) from /192.168.1.13 (port 57784) after 30000ms
03-27 11:45:16.274 11839 12636 I com.disha.quickride.androidapp.event.AwsIotEventServiceConnection: at org.eclipse.paho.client.mqttv3.internal.ExceptionHelper.createMqttException(SourceF ile:38)
03-27 11:45:16.274 11839 12636 I com.disha.quickride.androidapp.event.AwsIotEventServiceConnection: at org.eclipse.paho.client.mqttv3.internal.ClientComms$ConnectBG.run(SourceFile:664)
03-27 11:45:16.274 11839 12636 I com.disha.quickride.androidapp.event.AwsIotEventServiceConnection: at java.lang.Thread.run(Thread.java:764)
03-27 11:45:16.274 11839 12636 I com.disha.quickride.androidapp.event.AwsIotEventServiceConnection: Caused by: java.net.SocketTimeoutException: failed to connect to a1xn41v6vdshwm-ats.iot.ap- south-1.amazonaws.com/52.66.98.225 (port 443) from /192.168.1.13 (port 57784) after 30000ms
03-27 11:45:16.274 11839 12636 I com.disha.quickride.androidapp.event.AwsIotEventServiceConnection: at libcore.io.IoBridge.connectErrno(IoBridge.java:185)
03-27 11:45:16.274 11839 12636 I com.disha.quickride.androidapp.event.AwsIotEventServiceConnection: at libcore.io.IoBridge.connect(IoBridge.java:129)
03-27 11:45:16.274 11839 12636 I com.disha.quickride.androidapp.event.AwsIotEventServiceConnection: at java.net.PlainSocketImpl.socketConnect(PlainSocketImpl.java:137)
03-27 11:45:16.274 11839 12636 I com.disha.quickride.androidapp.event.AwsIotEventServiceConnection: at java.net.AbstractPlainSocketImpl.doConnect(AbstractPlainSocketImpl.java:390)
03-27 11:45:16.274 11839 12636 I com.disha.quickride.androidapp.event.AwsIotEventServiceConnection: at java.net.AbstractPlainSocketImpl.connectToAddress(AbstractPlainSocketImpl.java:230)
03-27 11:45:16.274 11839 12636 I com.disha.quickride.androidapp.event.AwsIotEventServiceConnection: at java.net.AbstractPlainSocketImpl.connect(AbstractPlainSocketImpl.java:212)
03-27 11:45:16.274 11839 12636 I com.disha.quickride.androidapp.event.AwsIotEventServiceConnection: at java.net.SocksSocketImpl.connect(SocksSocketImpl.java:436)
03-27 11:45:16.274 11839 12636 I com.disha.quickride.androidapp.event.AwsIotEventServiceConnection: at java.net.Socket.connect(Socket.java:621)
03-27 11:45:16.274 11839 12636 I com.disha.quickride.androidapp.event.AwsIotEventServiceConnection: at com.google.android.gms.org.conscrypt.AbstractConscryptSocket.connect(:com.google.an droid.gms@[email protected] (100400-296104215):4)
03-27 11:45:16.274 11839 12636 I com.disha.quickride.androidapp.event.AwsIotEventServiceConnection: at org.eclipse.paho.client.mqttv3.internal.TCPNetworkModule.start(SourceFile:70)
03-27 11:45:16.274 11839 12636 I com.disha.quickride.androidapp.event.AwsIotEventServiceConnection: at org.eclipse.paho.client.mqttv3.internal.SSLNetworkModule.start(SourceFile:86)
03-27 11:45:16.274 11839 12636 I com.disha.quickride.androidapp.event.AwsIotEventServiceConnection: at org.eclipse.paho.client.mqttv3.internal.websocket.WebSocketSecureNetworkModule.star t(SourceFile:75)
03-27 11:45:16.274 11839 12636 I com.disha.quickride.androidapp.event.AwsIotEventServiceConnection: at org.eclipse.paho.client.mqttv3.internal.ClientComms$ConnectBG.run(SourceFile:650)
03-27 11:45:16.274 11839 12636 I com.disha.quickride.androidapp.event.AwsIotEventServiceConnection: ... 1 more
03-27 11:45:16.274 11839 12636 I afm : schedule Reconnect attempt 0 of 10 in 60 seconds.
03-27 11:46:16.341 11839 12921 I afm : attempting to reconnect to mqtt broker
03-27 11:46:16.380 11839 13701 D NetworkManagementSocketTagger: tagSocket(73) with statsTag=0xffffffff, statsUid=-1
03-27 11:46:19.894 11839 11863 I System.out: (HTTPLog)-Static: isSBSettingEnabled false
03-27 11:46:19.894 11839 11863 I System.out: (HTTPLog)-Static: isSBSettingEnabled false
03-27 11:46:19.928 11839 11863 D NetworkManagementSocketTagger: tagSocket(46) with statsTag=0xffffffff, statsUid=-1
03-27 11:46:24.007 11839 11870 I System.out: (HTTPLog)-Static: isSBSettingEnabled false
03-27 11:46:24.008 11839 11870 I System.out: (HTTPLog)-Static: isSBSettingEnabled false
03-27 11:46:24.016 11839 11870 D NetworkManagementSocketTagger: tagSocket(65) with statsTag=0xffffffff, statsUid=-1
03-27 11:46:26.040 11839 13834 D NetworkManagementSocketTagger: tagSocket(66) with statsTag=0xffffffff, statsUid=-1
03-27 11:46:46.460 11839 14110 D NetworkManagementSocketTagger: tagSocket(72) with statsTag=0xffffffff, statsUid=-1
03-27 11:47:16.091 11839 12014 E com.disha.quickride.androidapp.event.RMQBrokerEventServiceConnection: Event service connection failed since network connection is not available
03-27 11:47:16.095 11839 12014 E com.disha.quickride.androidapp.event.RideMgmtEventServiceProxy: Error while connecting to backup Mqtt broker
03-27 11:47:16.095 11839 12014 E com.disha.quickride.androidapp.event.RideMgmtEventServiceProxy: com.disha.quickride.androidapp.common.NetworkConnectionUnavailableException
03-27 11:47:16.095 11839 12014 E com.disha.quickride.androidapp.event.RideMgmtEventServiceProxy: at com.disha.quickride.androidapp.event.RMQBrokerEventServiceConnection.connect(Source File:91)
03-27 11:47:16.095 11839 12014 E com.disha.quickride.androidapp.event.RideMgmtEventServiceProxy: at com.disha.quickride.androidapp.event.EventServiceProxy.connectToEventServer(SourceF ile:113)
03-27 11:47:16.095 11839 12014 E com.disha.quickride.androidapp.event.RideMgmtEventServiceProxy: at com.disha.quickride.androidapp.event.EventServiceProxyFactory.establishEventService Connections(SourceFile:83)
03-27 11:47:16.095 11839 12014 E com.disha.quickride.androidapp.event.RideMgmtEventServiceProxy: at com.disha.quickride.androidapp.event.EventModuleSessionManager.establishEventServic eConnection(SourceFile:66)
03-27 11:47:16.095 11839 12014 E com.disha.quickride.androidapp.event.RideMgmtEventServiceProxy: at com.disha.quickride.androidapp.event.EventModuleSessionManager.performPostSessionIn itializationOperations(SourceFile:79)
03-27 11:47:16.095 11839 12014 E com.disha.quickride.androidapp.event.RideMgmtEventServiceProxy: at com.disha.quickride.androidapp.startup.session.SessionManager$1.run(SourceFile:278)
03-27 11:47:16.095 11839 12014 E com.disha.quickride.androidapp.event.RideMgmtEventServiceProxy: at java.util.TimerThread.mainLoop(Timer.java:562)
03-27 11:47:16.095 11839 12014 E com.disha.quickride.androidapp.event.RideMgmtEventServiceProxy: at java.util.TimerThread.run(Timer.java:512)
03-27 11:47:16.095 11839 12014 D com.disha.quickride.androidapp.event.AwsIotEventServiceConnection: Connecting to IOT Core
03-27 11:47:16.098 11839 12014 I com.disha.quickride.androidapp.event.RMQBrokerEventServiceConnection: Mqtt connect called
03-27 11:47:16.098 11839 12014 D com.disha.quickride.androidapp.event.RMQBrokerEventServiceConnection: brokerURLs : tcp://locevents.getquickride.com:1883
03-27 11:47:16.107 11839 14586 I afm : metrics collection is enabled, username: ?SDK=Android&Version=2.14.2
03-27 11:47:16.107 11839 14586 I afm : resetting reconnect attempt and retry time
03-27 11:47:16.108 11839 14586 I com.disha.quickride.androidapp.event.AwsIotEventServiceConnection: IOT Connection status change to Connecting
03-27 11:47:16.138 11839 14587 D NetworkManagementSocketTagger: tagSocket(73) with statsTag=0xffffffff, statsUid=-1
03-27 11:47:16.152 11839 14590 D NetworkManagementSocketTagger: tagSocket(78) with statsTag=0xffffffff, statsUid=-1
03-27 11:47:16.495 11839 14110 W afm : Reconnect failed
03-27 11:47:16.495 11839 14110 W afm : MqttException (0) - java.net.SocketTimeoutException: failed to connect to a1xn41v6vdshwm-ats.iot.ap- south-1.amazonaws.com/13.232.22.156 (port 443) from /192.168.1.13 (port 33780) after 30000ms
03-27 11:47:16.495 11839 14110 W afm : at org.eclipse.paho.client.mqttv3.internal.ExceptionHelper.createMqttException(SourceF ile:38)
03-27 11:47:16.495 11839 14110 W afm : at org.eclipse.paho.client.mqttv3.internal.ClientComms$ConnectBG.run(SourceFile:664)
03-27 11:47:16.495 11839 14110 W afm : at java.lang.Thread.run(Thread.java:764)
03-27 11:47:16.495 11839 14110 W afm : Caused by: java.net.SocketTimeoutException: failed to connect to a1xn41v6vdshwm-ats.iot.ap- south-1.amazonaws.com/13.232.22.156 (port 443) from /192.168.1.13 (port 33780) after 30000ms
03-27 11:47:16.495 11839 14110 W afm : at libcore.io.IoBridge.connectErrno(IoBridge.java:185)
03-27 11:47:16.495 11839 14110 W afm : at libcore.io.IoBridge.connect(IoBridge.java:129)
03-27 11:47:16.495 11839 14110 W afm : at java.net.PlainSocketImpl.socketConnect(PlainSocketImpl.java:137)
03-27 11:47:16.495 11839 14110 W afm : at java.net.AbstractPlainSocketImpl.doConnect(AbstractPlainSocketImpl.java:390)
03-27 11:47:16.495 11839 14110 W afm : at java.net.AbstractPlainSocketImpl.connectToAddress(AbstractPlainSocketImpl.java:230)
03-27 11:47:16.495 11839 14110 W afm : at java.net.AbstractPlainSocketImpl.connect(AbstractPlainSocketImpl.java:212)
03-27 11:47:16.495 11839 14110 W afm : at java.net.SocksSocketImpl.connect(SocksSocketImpl.java:436)
03-27 11:47:16.495 11839 14110 W afm : at java.net.Socket.connect(Socket.java:621)
03-27 11:47:16.495 11839 14110 W afm : at com.google.android.gms.org.conscrypt.AbstractConscryptSocket.connect(:com.google.an droid.gms@[email protected] (100400-296104215):4)
03-27 11:47:16.495 11839 14110 W afm : at org.eclipse.paho.client.mqttv3.internal.TCPNetworkModule.start(SourceFile:70)
03-27 11:47:16.495 11839 14110 W afm : at org.eclipse.paho.client.mqttv3.internal.SSLNetworkModule.start(SourceFile:86)
03-27 11:47:16.495 11839 14110 W afm : at org.eclipse.paho.client.mqttv3.internal.websocket.WebSocketSecureNetworkModule.star t(SourceFile:75)
03-27 11:47:16.495 11839 14110 W afm : at org.eclipse.paho.client.mqttv3.internal.ClientComms$ConnectBG.run(SourceFile:650)
03-27 11:47:16.495 11839 14110 W afm : ... 1 more
03-27 11:47:16.496 11839 14110 I afm : schedule Reconnect attempt 1 of 10 in 120 seconds.
03-27 11:47:16.513 11839 14110 I com.disha.quickride.androidapp.event.AwsIotEventServiceConnection: IOT Connection status change to Reconnecting
03-27 11:47:16.513 11839 14110 I com.disha.quickride.androidapp.event.AwsIotEventServiceConnection: MqttException (0) - java.net.SocketTimeoutException: failed to connect to a1xn41v6vdshwm- ats.iot.ap-south-1.amazonaws.com/13.232.22.156 (port 443) from /192.168.1.13 (port 33780) after 30000ms
03-27 11:47:16.513 11839 14110 I com.disha.quickride.androidapp.event.AwsIotEventServiceConnection: at org.eclipse.paho.client.mqttv3.internal.ExceptionHelper.createMqttException(SourceF ile:38)
03-27 11:47:16.513 11839 14110 I com.disha.quickride.androidapp.event.AwsIotEventServiceConnection: at org.eclipse.paho.client.mqttv3.internal.ClientComms$ConnectBG.run(SourceFile:664)
03-27 11:47:16.513 11839 14110 I com.disha.quickride.androidapp.event.AwsIotEventServiceConnection: at java.lang.Thread.run(Thread.java:764)
03-27 11:47:16.513 11839 14110 I com.disha.quickride.androidapp.event.AwsIotEventServiceConnection: Caused by: java.net.SocketTimeoutException: failed to connect to a1xn41v6vdshwm-ats.iot.ap- south-1.amazonaws.com/13.232.22.156 (port 443) from /192.168.1.13 (port 33780) after 30000ms
03-27 11:47:16.513 11839 14110 I com.disha.quickride.androidapp.event.AwsIotEventServiceConnection: at libcore.io.IoBridge.connectErrno(IoBridge.java:185)
03-27 11:47:16.513 11839 14110 I com.disha.quickride.androidapp.event.AwsIotEventServiceConnection: at libcore.io.IoBridge.connect(IoBridge.java:129)
03-27 11:47:16.513 11839 14110 I com.disha.quickride.androidapp.event.AwsIotEventServiceConnection: at java.net.PlainSocketImpl.socketConnect(PlainSocketImpl.java:137)
03-27 11:47:16.513 11839 14110 I com.disha.quickride.androidapp.event.AwsIotEventServiceConnection: at java.net.AbstractPlainSocketImpl.doConnect(AbstractPlainSocketImpl.java:390)
03-27 11:47:16.513 11839 14110 I com.disha.quickride.androidapp.event.AwsIotEventServiceConnection: at java.net.AbstractPlainSocketImpl.connectToAddress(AbstractPlainSocketImpl.java:230)
03-27 11:47:16.513 11839 14110 I com.disha.quickride.androidapp.event.AwsIotEventServiceConnection: at java.net.AbstractPlainSocketImpl.connect(AbstractPlainSocketImpl.java:212)
03-27 11:47:16.513 11839 14110 I com.disha.quickride.androidapp.event.AwsIotEventServiceConnection: at java.net.SocksSocketImpl.connect(SocksSocketImpl.java:436)
03-27 11:47:16.513 11839 14110 I com.disha.quickride.androidapp.event.AwsIotEventServiceConnection: at java.net.Socket.connect(Socket.java:621)
03-27 11:47:16.513 11839 14110 I com.disha.quickride.androidapp.event.AwsIotEventServiceConnection: at com.google.android.gms.org.conscrypt.AbstractConscryptSocket.connect(:com.google.an droid.gms@[email protected] (100400-296104215):4)
03-27 11:47:16.513 11839 14110 I com.disha.quickride.androidapp.event.AwsIotEventServiceConnection: at org.eclipse.paho.client.mqttv3.internal.TCPNetworkModule.start(SourceFile:70)
03-27 11:47:16.513 11839 14110 I com.disha.quickride.androidapp.event.AwsIotEventServiceConnection: at org.eclipse.paho.client.mqttv3.internal.SSLNetworkModule.start(SourceFile:86)
03-27 11:47:16.513 11839 14110 I com.disha.quickride.androidapp.event.AwsIotEventServiceConnection: at org.eclipse.paho.client.mqttv3.internal.websocket.WebSocketSecureNetworkModule.star t(SourceFile:75)
03-27 11:47:16.513 11839 14110 I com.disha.quickride.androidapp.event.AwsIotEventServiceConnection: at org.eclipse.paho.client.mqttv3.internal.ClientComms$ConnectBG.run(SourceFile:650)
03-27 11:47:16.513 11839 14110 I com.disha.quickride.androidapp.event.AwsIotEventServiceConnection: ... 1 more