08-25 20:29:21.378 4144 4144 D MnoMap : 311480:
08-25 20:29:21.378 4144 4144 D MnoMap : (311480,,,=>VZW_us)
08-25 20:29:21.378 4144 4144 D MnoMap : (311480,,BA01270000000000,=>VZW_us:TFN)
08-25 20:29:21.378 4144 4144 D MnoMap : 26801:
08-25 20:29:21.378 4144 4144 D MnoMap : (26801,,,=>Vodafone_pt)
08-25 20:29:21.378 4144 4144 D MnoMap : 46011:
08-25 20:29:21.378 4144 4144 D MnoMap : (46011,,,=>CTC_cn)
08-25 20:29:21.378 4144 4144 D MnoMap : 46697:
08-25 20:29:21.378 4144 4144 D MnoMap : (46697,,,=>TWM_tw)
08-25 20:29:21.378 4144 4144 D MnoMap : 46009:
08-25 20:29:21.378 4144 4144 D MnoMap : (46009,,,=>CU_cn)
08-25 20:29:21.378 4144 4144 D MnoMap : 502153:
08-25 20:29:21.378 4144 4144 D MnoMap : (502153,,,=>P1_my)
08-25 20:29:21.378 4144 4144 D MnoMap : 24412:
08-25 20:29:21.378 4144 4144 D MnoMap : (24412,,,=>DNA_fi)
08-25 20:29:21.378 4144 4144 D MnoMap : 62127:
08-25 20:29:21.378 4144 4144 D MnoMap : (62127,,,=>Smile_ng)
08-25 20:29:21.378 4144 4144 D MnoMap : 45419:
08-25 20:29:21.378 4144 4144 D MnoMap : (45419,,,=>PCCW_hk)
08-25 20:29:21.378 4144 4144 D MnoMap : 45415:
08-25 20:29:21.378 4144 4144 D MnoMap : (45415,,,=>Smartone_hk)
08-25 20:29:21.378 4144 4144 D MnoMap : 40486:
08-25 20:29:21.378 4144 4144 D MnoMap : (40486,,,=>Vodafone_in)
08-25 20:29:21.378 4144 4144 D MnoMap : 72207:
08-25 20:29:21.378 4144 4144 D MnoMap : (72207,,,=>Movistar_ar)
08-25 20:29:21.378 4144 4144 D MnoMap : 22210:
08-25 20:29:21.378 4144 4144 D MnoMap : (22210,,,=>Vodafone_it)
08-25 20:29:21.378 4144 4144 D MnoMap : 72406:
08-25 20:29:21.378 4144 4144 D MnoMap : (72406,,,=>Vivo_br)
08-25 20:29:21.378 4144 4144 D MnoMap : 310210:
08-25 20:29:21.378 4144 4144 D MnoMap : (310210,,,=>TMobile_us)
08-25 20:29:21.378 4144 4144 D MnoMap : 22201:
08-25 20:29:21.378 4144 4144 D MnoMap : (22201,,,=>Telecom_it)
08-25 20:29:21.378 4144 4144 D MnoMap : 46020:
08-25 20:29:21.378 4144 4144 D MnoMap : (46020,,,=>CMCC_cn)
08-25 20:29:21.378 4144 4144 D MnoMap : 405874:
08-25 20:29:21.378 4144 4144 D MnoMap : (405874,,,=>RJIL_in)
08-25 20:29:21.378 4144 4144 D MnoMap : 310560:
08-25 20:29:21.378 4144 4144 D MnoMap : (310560,,,=>ATT_us)
08-25 20:29:21.378 4144 4144 D MnoMap : 405854:
08-25 20:29:21.378 4144 4144 D MnoMap : (405854,,,=>RJIL_in)
08-25 20:29:21.378 4144 4144 D MnoMap : 302630:
08-25 20:29:21.378 4144 4144 D MnoMap : (302630,,,=>Bell_ca)
08-25 20:29:21.378 4144 4144 D MnoMap : 23801:
08-25 20:29:21.378 4144 4144 D MnoMap : (23801,,,=>TDC_dk)
08-25 20:29:21.378 4144 4144 D MnoMap : 28602:
08-25 20:29:21.378 4144 4144 D MnoMap : (28602,,,=>Vodafone_tr)
08-25 20:29:21.378 4144 4144 D MnoMap : 46000:
08-25 20:29:21.378 4144 4144 D MnoMap : (46000,,,=>CMCC_cn)
08-25 20:29:21.378 4144 4144 D MnoMap : 25001:
08-25 20:29:21.378 4144 4144 D MnoMap : (25001,,,=>MTS_ru)
08-25 20:29:21.378 4144 4144 D MnoMap : 405859:
08-25 20:29:21.378 4144 4144 D MnoMap : (405859,,,=>RJIL_in)
08-25 20:29:21.378 4144 4144 D MnoMap : 20416:
08-25 20:29:21.378 4144 4144 D MnoMap : (20416,,,=>TMobile_nl)
08-25 20:29:21.378 4144 4144 D MnoMap : 23410:
08-25 20:29:21.378 4144 4144 D MnoMap : (23410,,,=>Telefonica_gb)
08-25 20:29:21.378 4144 4144 D MnoMap : 45403:
08-25 20:29:21.378 4144 4144 D MnoMap : (45403,,,=>3_hk)
08-25 20:29:21.378 4144 4144 D MnoMap : 23415:
08-25 20:29:21.378 4144 4144 D MnoMap : (23415,,,=>Vodafone_gb)
08-25 20:29:21.378 4144 4144 D MnoMap : 45507:
08-25 20:29:21.378 4144 4144 D MnoMap : (45507,,,=>CTC_mo)
08-25 20:29:21.378 4144 4144 D MnoMap : 44077:
08-25 20:29:21.378 4144 4144 D MnoMap : (44077,,,=>KDDI_jp)
08-25 20:29:21.378 4144 4144 D MnoMap : 60401:
08-25 20:29:21.378 4144 4144 D MnoMap : (60401,,,=>Maroc_ma)
08-25 20:29:21.378 4144 4144 D MnoMap : 45418:
08-25 20:29:21.378 4144 4144 D MnoMap : (45418,,,=>CSL_hk)
08-25 20:29:21.378 4144 4144 D MnoMap : 310410:
08-25 20:29:21.378 4144 4144 D MnoMap : (310410,,,=>ATT_us)
08-25 20:29:21.378 4144 4144 D MnoMap : 45606:
08-25 20:29:21.378 4144 4144 D MnoMap : (45606,,,=>Smart_kh)
08-25 20:29:21.378 4144 4144 D MnoMap : 44054:
08-25 20:29:21.378 4144 4144 D MnoMap : (44054,,,=>KDDI_jp)
08-25 20:29:21.378 4144 4144 D MnoMap : 27203:
08-25 20:29:21.378 4144 4144 D MnoMap : (27203,,,=>Meteor_ie)
08-25 20:29:21.378 4144 4144 D MnoMap : 310160:
08-25 20:29:21.378 4144 4144 D MnoMap : (310160,,,=>TMobile_us)
08-25 20:29:21.378 4144 4144 D MnoMap : 310150:
08-25 20:29:21.378 4144 4144 D MnoMap : (310150,,,=>ATT_us:AIO)
08-25 20:29:21.378 4144 4144 D MnoMap : 20201:
08-25 20:29:21.378 4144 4144 D MnoMap : (20201,,,=>TMobile_gr)
08-25 20:29:21.378 4144 4144 D MnoMap : 71401:
08-25 20:29:21.378 4144 4144 D MnoMap : (71401,,,=>Cable_pa)
08-25 20:29:21.378 4144 4144 D MnoMap : 23001:
08-25 20:29:21.378 4144 4144 D MnoMap : (23001,,,=>TMobile_cz)
08-25 20:29:21.378 4144 4144 D MnoMap : 42402:
08-25 20:29:21.378 4144 4144 D MnoMap : (42402,,,=>Etisalat_ae)
08-25 20:29:21.378 4144 4144 D MnoMap : 24201:
08-25 20:29:21.378 4144 4144 D MnoMap : (24201,,,=>Telenor_no)
08-25 20:29:21.378 4144 4144 D MnoMap : 310680:
08-25 20:29:21.378 4144 4144 D MnoMap : (310680,,,=>ATT_us)
08-25 20:29:21.378 4144 4144 D MnoMap : 40555:
08-25 20:29:21.378 4144 4144 D MnoMap : (40555,,,=>AIRTEL_in)
08-25 20:29:21.378 4144 4144 D MnoMap : 405873:
08-25 20:29:21.378 4144 4144 D MnoMap : (405873,,,=>RJIL_in)
08-25 20:29:21.378 4144 4144 D MnoMap : 24801:
08-25 20:29:21.378 4144 4144 D MnoMap : (24801,,,=>Telia_ee)
08-25 20:29:21.378 4144 4144 D MnoMap : 50216:
08-25 20:29:21.378 4144 4144 D MnoMap : (50216,,,=>DIGI_my)
08-25 20:29:21.378 4144 4144 D MnoMap : 26006:
08-25 20:29:21.378 4144 4144 D MnoMap : (26006,,,=>Play_pl)
08-25 20:29:21.378 4144 4144 D MnoMap : 22802:
08-25 20:29:21.378 4144 4144 D MnoMap : (22802,,,=>Sunrise_ch)
08-25 20:29:21.378 4144 4144 D MnoMap : 26207:
08-25 20:29:21.378 4144 4144 D MnoMap : (26207,,,=>Telefonica_de)
08-25 20:29:21.378 4144 4144 D MnoMap : 52503:
08-25 20:29:21.378 4144 4144 D MnoMap : (52503,,,=>Mobileone_sg)
08-25 20:29:21.378 4144 4144 D MnoMap : 52074:
08-25 20:29:21.378 4144 4144 D MnoMap : (52074,,,=>AIS_th)
08-25 20:29:21.378 4144 4144 D MnoMap : 40490:
08-25 20:29:21.378 4144 4144 D MnoMap : (40490,,,=>AIRTEL_in)
08-25 20:29:21.378 4144 4144 D MnoMap : 65510:
08-25 20:29:21.378 4144 4144 D MnoMap : (65510,,,=>MTN_za)
08-25 20:29:21.378 4144 4144 D MnoMap : 45402:
08-25 20:29:21.378 4144 4144 D MnoMap : (45402,,,=>CSL_hk)
08-25 20:29:21.378 4144 4144 D MnoMap : 40440:
08-25 20:29:21.378 4144 4144 D MnoMap : (40440,,,=>AIRTEL_in)
08-25 20:29:21.378 4144 4144 D MnoMap : 405858:
08-25 20:29:21.378 4144 4144 D MnoMap : (405858,,,=>RJIL_in)
08-25 20:29:21.378 4144 4144 D MnoMap : 44073:
08-25 20:29:21.378 4144 4144 D MnoMap : (44073,,,=>KDDI_jp)
08-25 20:29:21.378 4144 4144 D MnoMap : 44050:
08-25 20:29:21.378 4144 4144 D MnoMap : (44050,,,=>KDDI_jp)
08-25 20:29:21.378 4144 4144 D MnoMap : 28603:
08-25 20:29:21.378 4144 4144 D MnoMap : (28603,,,=>AVEA_tr)
08-25 20:29:21.378 4144 4144 D MnoMap : 44051:
08-25 20:29:21.378 4144 4144 D MnoMap : (44051,,,=>KDDI_jp)
08-25 20:29:21.378 4144 4144 D MnoMap : 23205:
08-25 20:29:21.378 4144 4144 D MnoMap : (23205,,,=>3_at)
08-25 20:29:21.378 4144 4144 D MnoMap : 405870:
08-25 20:29:21.378 4144 4144 D MnoMap : (405870,,,=>RJIL_in)
08-25 20:29:21.378 4144 4144 D MnoMap : 23806:
08-25 20:29:21.378 4144 4144 D MnoMap : (23806,,,=>3_dk)
08-25 20:29:21.378 4144 4144 D MnoMap : 52596:
08-25 20:29:21.378 4144 4144 D MnoMap : (52596,,,=>Singtel_sg)
08-25 20:29:21.378 4144 4144 D MnoMap : 310000:
08-25 20:29:21.378 4144 4144 D MnoMap : (310000,,,=>Sprint_us)
08-25 20:29:21.378 4144 4144 D MnoMap : 334020:
08-25 20:29:21.378 4144 4144 D MnoMap : (334020,,,=>Telcel_mx)
08-25 20:29:21.378 4144 4144 D MnoMap : 302512:
08-25 20:29:21.378 4144 4144 D MnoMap : (302512,,,=>VideoTron_ca)
08-25 20:29:21.378 4144 4144 D MnoMap : 24413:
08-25 20:29:21.378 4144 4144 D MnoMap : (24413,,,=>DNA_fi)
08-25 20:29:21.378 4144 4144 D MnoMap : 44076:
08-25 20:29:21.378 4144 4144 D MnoMap : (44076,,,=>KDDI_jp)
08-25 20:29:21.378 4144 4144 D MnoMap : 40553:
08-25 20:29:21.378 4144 4144 D MnoMap : (40553,,,=>AIRTEL_in)
08-25 20:29:21.378 4144 4144 D MnoMap : 25851:
08-25 20:29:21.378 4144 4144 D MnoMap : (25851,,,=>ATT_us)
08-25 20:29:21.378 4144 4144 D MnoMap : 310999:
08-25 20:29:21.378 4144 4144 D MnoMap : (310999,,,=>ATT_us:softphone)
08-25 20:29:21.378 4144 4144 D MnoMap : 50571:
08-25 20:29:21.378 4144 4144 D MnoMap : (50571,,,=>Telstra_au)
08-25 20:29:21.378 4144 4144 D MnoMap : 45028:
08-25 20:29:21.378 4144 4144 D MnoMap : (45028,,,=>KT_kr)
08-25 20:29:21.378 4144 4144 D MnoMap : 310028:
08-25 20:29:21.378 4144 4144 D MnoMap : (310028,,,=>VZW_us)
08-25 20:29:21.378 4144 4144 D MnoMap : 42501:
08-25 20:29:21.378 4144 4144 D MnoMap : (42501,,,=>PTR_il)
08-25 20:29:21.378 4144 4144 D MnoMap : 64133:
08-25 20:29:21.378 4144 4144 D MnoMap : (64133,,,=>Smile_ug)
08-25 20:29:21.378 4144 4144 D MnoMap : 44074:
08-25 20:29:21.378 4144 4144 D MnoMap : (44074,,,=>KDDI_jp)
08-25 20:29:21.378 4144 4144 D MnoMap : 44007:
08-25 20:29:21.378 4144 4144 D MnoMap : (44007,,,=>KDDI_jp)
08-25 20:29:21.378 4144 4144 D MnoMap : 26202:
08-25 20:29:21.378 4144 4144 D MnoMap : (26202,,,=>Vodafone_de)
08-25 20:29:21.378 4144 4144 D MnoMap : 52004:
08-25 20:29:21.378 4144 4144 D MnoMap : (52004,,,=>Truemove_th)
08-25 20:29:21.378 4144 4144 D MnoMap : 46002:
08-25 20:29:21.378 4144 4144 D MnoMap : (46002,,,=>CMCC_cn)
08-25 20:29:21.378 4144 4144 D MnoMap : 40402:
08-25 20:29:21.378 4144 4144 D MnoMap : (40402,,,=>AIRTEL_in)
08-25 20:29:21.378 4144 4144 D MnoMap : 20802:
08-25 20:29:21.378 4144 4144 D MnoMap : (20802,,,=>Orange_fr)
08-25 20:29:21.378 4144 4144 D MnoMap : 45416:
08-25 20:29:21.378 4144 4144 D MnoMap : (45416,,,=>PCCW_hk)
08-25 20:29:21.378 4144 4144 D MnoMap : 302220:
08-25 20:29:21.378 4144 4144 D MnoMap : (302220,,,=>Telus_ca)
08-25 20:29:21.378 4144 4144 D MnoMap : 00101:
08-25 20:29:21.378 4144 4144 D MnoMap : (00101,,,=>GCF)
08-25 20:29:21.378 4144 4144 D MnoMap : 23433:
08-25 20:29:21.378 4144 4144 D MnoMap : (23433,,,=>EE_gb)
08-25 20:29:21.378 4144 4144 D MnoMap : 21630:
08-25 20:29:21.378 4144 4144 D MnoMap : (21630,,,=>TMobile_hu)
08-25 20:29:21.378 4144 4144 D MnoMap : 40449:
08-25 20:29:21.378 4144 4144 D MnoMap : (40449,,,=>AIRTEL_in)
08-25 20:29:21.378 4144 4144 D MnoMap : 23594:
08-25 20:29:21.378 4144 4144 D MnoMap : (23594,,,=>Hutchison_gb)
08-25 20:29:21.378 4144 4144 D MnoMap : 46010:
08-25 20:29:21.378 4144 4144 D MnoMap : (46010,,,=>CMCC_cn)
08-25 20:29:21.378 4144 4144 D MnoMap : 26201:
08-25 20:29:21.378 4144 4144 D MnoMap : (26201,,,=>TMobile_de)
08-25 20:29:21.378 4144 4144 D MnoMap : 71617:
08-25 20:29:21.378 4144 4144 D MnoMap : (71617,,,=>Entel_pe)
08-25 20:29:21.378 4144 4144 D MnoMap : 65501:
08-25 20:29:21.378 4144 4144 D MnoMap : (65501,,,=>Vodacom_za)
08-25 20:29:21.378 4144 4144 D MnoMap : 405862:
08-25 20:29:21.378 4144 4144 D MnoMap : (405862,,,=>RJIL_in)
08-25 20:29:21.378 4144 4144 D MnoMap : 45001:
08-25 20:29:21.378 4144 4144 D MnoMap : (45001,,,=>SamsungTestbed_kr)
08-25 20:29:21.378 4144 4144 D MnoMap : 310200:
08-25 20:29:21.378 4144 4144 D MnoMap : (310200,,,=>TMobile_us)
08-25 20:29:21.378 4144 4144 D MnoMap : 45611:
08-25 20:29:21.378 4144 4144 D MnoMap : (45611,,,=>Seatel_kh)
08-25 20:29:21.378 4144 4144 D MnoMap : 246081:
08-25 20:29:21.378 4144 4144 D MnoMap : (246081,,,=>VZW_us)
08-25 20:29:21.378 4144 4144 D MnoMap : 40445:
08-25 20:29:21.378 4144 4144 D MnoMap : (40445,,,=>AIRTEL_in)
08-25 20:29:21.378 4144 4144 D MnoMap : 41902:
08-25 20:29:21.378 4144 4144 D MnoMap : (41902,,,=>Zain_kw)
08-25 20:29:21.378 4144 4144 D MnoMap : 44079:
08-25 20:29:21.378 4144 4144 D MnoMap : (44079,,,=>KDDI_jp)
08-25 20:29:21.378 4144 4144 D MnoMap : 46006:
08-25 20:29:21.378 4144 4144 D MnoMap : (46006,,,=>CU_cn)
08-25 20:29:21.378 4144 4144 D MnoMap : 26277:
08-25 20:29:21.378 4144 4144 D MnoMap : (26277,,,=>Telefonica_de)
08-25 20:29:21.378 4144 4144 D MnoMap : 24681:
08-25 20:29:21.378 4144 4144 D MnoMap : (24681,,,=>VZW_us)
08-25 20:29:21.378 4144 4144 D MnoMap : 40403:
08-25 20:29:21.378 4144 4144 D MnoMap : (40403,,,=>AIRTEL_in)
08-25 20:29:21.378 4144 4144 D MnoMap : 45504:
08-25 20:29:21.378 4144 4144 D MnoMap : (45504,,,=>CTM_mo)
08-25 20:29:21.378 4144 4144 D MnoMap : 21403:
08-25 20:29:21.378 4144 4144 D MnoMap : (21403,,,=>Orange_es)
08-25 20:29:21.378 4144 4144 D MnoMap : 310120:
08-25 20:29:21.378 4144 4144 D MnoMap : (310120,,,=>Sprint_us)
08-25 20:29:21.378 4144 4144 D MnoMap : 40497:
08-25 20:29:21.378 4144 4144 D MnoMap : (40497,,,=>AIRTEL_in)
08-25 20:29:21.378 4144 4144 D MnoMap : 60405:
08-25 20:29:21.378 4144 4144 D MnoMap : (60405,,,=>INWI_ma)
08-25 20:29:21.378 4144 4144 D MnoMap : 405861:
08-25 20:29:21.378 4144 4144 D MnoMap : (405861,,,=>RJIL_in)
08-25 20:29:21.378 4144 4144 D MnoMap : 20469:
08-25 20:29:21.378 4144 4144 D MnoMap : (20469,,,=>KPN_nl)
08-25 20:29:21.378 4144 4144 D MnoMap : 310170:
08-25 20:29:21.378 4144 4144 D MnoMap : (310170,,,=>ATT_us)
08-25 20:29:21.378 4144 4144 D MnoMap : 20408:
08-25 20:29:21.378 4144 4144 D MnoMap : (20408,,,=>KPN_nl)
08-25 20:29:21.378 4144 4144 D MnoMap : 23210:
08-25 20:29:21.378 4144 4144 D MnoMap : (23210,,,=>3_at)
08-25 20:29:21.378 4144 4144 D MnoMap : 44010:
08-25 20:29:21.378 4144 4144 D MnoMap : (44010,,,=>Docomo_jp)
08-25 20:29:21.378 4144 4144 D MnoMap : 310030:
08-25 20:29:21.378 4144 4144 D MnoMap : (310030,,,=>ATT_us)
08-25 20:29:21.378 4144 4144 D MnoMap : 302270:
08-25 20:29:21.378 4144 4144 D MnoMap : (302270,,,=>ESK_ca)
08-25 20:29:21.378 4144 4144 D MnoMap : 26002:
08-25 20:29:21.378 4144 4144 D MnoMap : (26002,,,=>TMobile_pl)
08-25 20:29:21.378 4144 4144 D MnoMap : 24205:
08-25 20:29:21.378 4144 4144 D MnoMap : (24205,,,=>Telia_no)
08-25 20:29:21.378 4144 4144 D MnoMap : 21670:
08-25 20:29:21.378 4144 4144 D MnoMap : (21670,,,=>Vodafone_hu)
08-25 20:29:21.378 4144 4144 D MnoMap : 23810:
08-25 20:29:21.378 4144 4144 D MnoMap : (23810,,,=>TDC_dk)
08-25 20:29:21.378 4144 4144 D MnoMap : 40556:
08-25 20:29:21.378 4144 4144 D MnoMap : (40556,,,=>AIRTEL_in)
08-25 20:29:21.378 4144 4144 D MnoMap : 50218:
08-25 20:29:21.378 4144 4144 D MnoMap : (5
08-25 20:29:21.378 4144 4144 E CscNetParser: customer.xml file does not exists
08-25 20:29:21.378 4144 4144 E CscNetParser: XmlPullParser is null
08-25 20:29:21.378 4144 4144 D MnoMap : createTable: result
08-25 20:29:21.378 3982 3982 D PhoneStatusBar: contaiiner onInflated
08-25 20:29:21.380 4144 4144 D MnoMap : Mno Mapping Table+++++++++++++++++++++++
++++++++++++++++++++++++:
08-25 20:29:21.380 4144 4144 D MnoMap : 44072:
08-25 20:29:21.380 4144 4144 D MnoMap : (44072,,,=>KDDI_jp)
08-25 20:29:21.380 4144 4144 D MnoMap : 20404:
08-25 20:29:21.380 4144 4144 D MnoMap : (20404,,,=>Vodafone_nl)
08-25 20:29:21.380 4144 4144 D MnoMap : (20404,,BAE0000000000000,=>VZW_us)
08-25 20:29:21.380 4144 4144 D MnoMap : (20404,,BA01270000000000,=>VZW_us:TFN)
08-25 20:29:21.380 4144 4144 D MnoMap : 50219:
08-25 20:29:21.380 4144 4144 D MnoMap : (50219,,,=>Celcome_my)
08-25 20:29:21.380 4144 4144 D MnoMap : (50219,,,=>Celcome_my)
08-25 20:29:21.380 4144 4144 D MnoMap : 46689:
08-25 20:29:21.380 4144 4144 D MnoMap : (46689,,,=>TSTAR_tw)
08-25 20:29:21.380 4144 4144 D MnoMap : 722310:
08-25 20:29:21.380 4144 4144 D MnoMap : (722310,,,=>Claro_ar)
08-25 20:29:21.380 4144 4144 D MnoMap : 24002:
08-25 20:29:21.380 4144 4144 D MnoMap : (24002,,,=>3_se)
08-25 20:29:21.380 4144 4144 D MnoMap : 311480:
08-25 20:29:21.380 4144 4144 D MnoMap : (311480,,,=>VZW_us)
08-25 20:29:21.380 4144 4144 D MnoMap : (311480,,BA01270000000000,=>VZW_us:TFN)
08-25 20:29:21.380 4144 4144 D MnoMap : 26801:
08-25 20:29:21.380 4144 4144 D MnoMap : (26801,,,=>Vodafone_pt)
08-25 20:29:21.380 4144 4144 D MnoMap : 46011:
08-25 20:29:21.380 4144 4144 D MnoMap : (46011,,,=>CTC_cn)
08-25 20:29:21.380 4144 4144 D MnoMap : 46697:
08-25 20:29:21.380 4144 4144 D MnoMap : (46697,,,=>TWM_tw)
08-25 20:29:21.380 4144 4144 D MnoMap : 46009:
08-25 20:29:21.380 4144 4144 D MnoMap : (46009,,,=>CU_cn)
08-25 20:29:21.380 4144 4144 D MnoMap : 502153:
08-25 20:29:21.380 4144 4144 D MnoMap : (502153,,,=>P1_my)
08-25 20:29:21.380 4144 4144 D MnoMap : 24412:
08-25 20:29:21.380 4144 4144 D MnoMap : (24412,,,=>DNA_fi)
08-25 20:29:21.380 4144 4144 D MnoMap : 62127:
08-25 20:29:21.380 4144 4144 D MnoMap : (62127,,,=>Smile_ng)
08-25 20:29:21.380 4144 4144 D MnoMap : 45419:
08-25 20:29:21.380 4144 4144 D MnoMap : (45419,,,=>PCCW_hk)
08-25 20:29:21.380 4144 4144 D MnoMap : 45415:
08-25 20:29:21.380 4144 4144 D MnoMap : (45415,,,=>Smartone_hk)
08-25 20:29:21.380 4144 4144 D MnoMap : 40486:
08-25 20:29:21.380 4144 4144 D MnoMap : (40486,,,=>Vodafone_in)
08-25 20:29:21.380 4144 4144 D MnoMap : 72207:
08-25 20:29:21.380 4144 4144 D MnoMap : (72207,,,=>Movistar_ar)
08-25 20:29:21.380 4144 4144 D MnoMap : 22210:
08-25 20:29:21.380 4144 4144 D MnoMap : (22210,,,=>Vodafone_it)
08-25 20:29:21.380 4144 4144 D MnoMap : 72406:
08-25 20:29:21.380 4144 4144 D MnoMap : (72406,,,=>Vivo_br)
08-25 20:29:21.380 4144 4144 D MnoMap : 310210:
08-25 20:29:21.380 4144 4144 D MnoMap : (310210,,,=>TMobile_us)
08-25 20:29:21.380 4144 4144 D MnoMap : 22201:
08-25 20:29:21.380 4144 4144 D MnoMap : (22201,,,=>Telecom_it)
08-25 20:29:21.380 4144 4144 D MnoMap : 46020:
08-25 20:29:21.380 4144 4144 D MnoMap : (46020,,,=>CMCC_cn)
08-25 20:29:21.380 4144 4144 D MnoMap : 405874:
08-25 20:29:21.380 4144 4144 D MnoMap : (405874,,,=>RJIL_in)
08-25 20:29:21.380 4144 4144 D MnoMap : 310560:
08-25 20:29:21.380 4144 4144 D MnoMap : (310560,,,=>ATT_us)
08-25 20:29:21.380 4144 4144 D MnoMap : 405854:
08-25 20:29:21.380 4144 4144 D MnoMap : (405854,,,=>RJIL_in)
08-25 20:29:21.380 4144 4144 D MnoMap : 302630:
08-25 20:29:21.380 4144 4144 D MnoMap : (302630,,,=>Bell_ca)
08-25 20:29:21.380 4144 4144 D MnoMap : 23801:
08-25 20:29:21.380 4144 4144 D MnoMap : (23801,,,=>TDC_dk)
08-25 20:29:21.380 4144 4144 D MnoMap : 28602:
08-25 20:29:21.380 4144 4144 D MnoMap : (28602,,,=>Vodafone_tr)
08-25 20:29:21.380 4144 4144 D MnoMap : 46000:
08-25 20:29:21.380 4144 4144 D MnoMap : (46000,,,=>CMCC_cn)
08-25 20:29:21.380 4144 4144 D MnoMap : 25001:
08-25 20:29:21.380 4144 4144 D MnoMap : (25001,,,=>MTS_ru)
08-25 20:29:21.380 4144 4144 D MnoMap : 405859:
08-25 20:29:21.380 4144 4144 D MnoMap : (405859,,,=>RJIL_in)
08-25 20:29:21.380 4144 4144 D MnoMap : 20416:
08-25 20:29:21.380 4144 4144 D MnoMap : (20416,,,=>TMobile_nl)
08-25 20:29:21.380 4144 4144 D MnoMap : 23410:
08-25 20:29:21.380 4144 4144 D MnoMap : (23410,,,=>Telefonica_gb)
08-25 20:29:21.380 4144 4144 D MnoMap : 45403:
08-25 20:29:21.380 4144 4144 D MnoMap : (45403,,,=>3_hk)
08-25 20:29:21.380 4144 4144 D MnoMap : 23415:
08-25 20:29:21.380 4144 4144 D MnoMap : (23415,,,=>Vodafone_gb)
08-25 20:29:21.380 4144 4144 D MnoMap : 45507:
08-25 20:29:21.380 4144 4144 D MnoMap : (45507,,,=>CTC_mo)
08-25 20:29:21.380 4144 4144 D MnoMap : 44077:
08-25 20:29:21.380 4144 4144 D MnoMap : (44077,,,=>KDDI_jp)
08-25 20:29:21.380 4144 4144 D MnoMap : 60401:
08-25 20:29:21.380 4144 4144 D MnoMap : (60401,,,=>Maroc_ma)
08-25 20:29:21.380 4144 4144 D MnoMap : 45418:
08-25 20:29:21.380 4144 4144 D MnoMap : (45418,,,=>CSL_hk)
08-25 20:29:21.380 4144 4144 D MnoMap : 310410:
08-25 20:29:21.380 4144 4144 D MnoMap : (310410,,,=>ATT_us)
08-25 20:29:21.380 4144 4144 D MnoMap : 45606:
08-25 20:29:21.380 4144 4144 D MnoMap : (45606,,,=>Smart_kh)
08-25 20:29:21.380 4144 4144 D MnoMap : 44054:
08-25 20:29:21.380 4144 4144 D MnoMap : (44054,,,=>KDDI_jp)
08-25 20:29:21.380 4144 4144 D MnoMap : 27203:
08-25 20:29:21.380 4144 4144 D MnoMap : (27203,,,=>Meteor_ie)
08-25 20:29:21.380 4144 4144 D MnoMap : 310160:
08-25 20:29:21.380 4144 4144 D MnoMap : (310160,,,=>TMobile_us)
08-25 20:29:21.380 4144 4144 D MnoMap : 310150:
08-25 20:29:21.380 4144 4144 D MnoMap : (310150,,,=>ATT_us:AIO)
08-25 20:29:21.380 4144 4144 D MnoMap : 20201:
08-25 20:29:21.380 4144 4144 D MnoMap : (20201,,,=>TMobile_gr)
08-25 20:29:21.380 4144 4144 D MnoMap : 71401:
08-25 20:29:21.380 4144 4144 D MnoMap : (71401,,,=>Cable_pa)
08-25 20:29:21.380 4144 4144 D MnoMap : 23001:
08-25 20:29:21.380 4144 4144 D MnoMap : (23001,,,=>TMobile_cz)
08-25 20:29:21.380 4144 4144 D MnoMap : 42402:
08-25 20:29:21.380 4144 4144 D MnoMap : (42402,,,=>Etisalat_ae)
08-25 20:29:21.380 4144 4144 D MnoMap : 24201:
08-25 20:29:21.380 4144 4144 D MnoMap : (24201,,,=>Telenor_no)
08-25 20:29:21.380 4144 4144 D MnoMap : 310680:
08-25 20:29:21.380 4144 4144 D MnoMap : (310680,,,=>ATT_us)
08-25 20:29:21.380 4144 4144 D MnoMap : 40555:
08-25 20:29:21.380 4144 4144 D MnoMap : (40555,,,=>AIRTEL_in)
08-25 20:29:21.380 4144 4144 D MnoMap : 405873:
08-25 20:29:21.380 4144 4144 D MnoMap : (405873,,,=>RJIL_in)
08-25 20:29:21.380 4144 4144 D MnoMap : 24801:
08-25 20:29:21.380 4144 4144 D MnoMap : (24801,,,=>Telia_ee)
08-25 20:29:21.380 4144 4144 D MnoMap : 50216:
08-25 20:29:21.380 4144 4144 D MnoMap : (50216,,,=>DIGI_my)
08-25 20:29:21.380 4144 4144 D MnoMap : 26006:
08-25 20:29:21.380 4144 4144 D MnoMap : (26006,,,=>Play_pl)
08-25 20:29:21.380 4144 4144 D MnoMap : 22802:
08-25 20:29:21.380 4144 4144 D MnoMap : (22802,,,=>Sunrise_ch)
08-25 20:29:21.380 4144 4144 D MnoMap : 26207:
08-25 20:29:21.380 4144 4144 D MnoMap : (26207,,,=>Telefonica_de)
08-25 20:29:21.380 4144 4144 D MnoMap : 52503:
08-25 20:29:21.380 4144 4144 D MnoMap : (52503,,,=>Mobileone_sg)
08-25 20:29:21.380 4144 4144 D MnoMap : 52074:
08-25 20:29:21.380 4144 4144 D MnoMap : (52074,,,=>AIS_th)
08-25 20:29:21.380 4144 4144 D MnoMap : 40490:
08-25 20:29:21.380 4144 4144 D MnoMap : (40490,,,=>AIRTEL_in)
08-25 20:29:21.380 4144 4144 D MnoMap : 65510:
08-25 20:29:21.380 4144 4144 D MnoMap : (65510,,,=>MTN_za)
08-25 20:29:21.380 4144 4144 D MnoMap : 45402:
08-25 20:29:21.380 4144 4144 D MnoMap : (45402,,,=>CSL_hk)
08-25 20:29:21.380 4144 4144 D MnoMap : 40440:
08-25 20:29:21.380 4144 4144 D MnoMap : (40440,,,=>AIRTEL_in)
08-25 20:29:21.380 4144 4144 D MnoMap : 405858:
08-25 20:29:21.380 4144 4144 D MnoMap : (405858,,,=>RJIL_in)
08-25 20:29:21.380 4144 4144 D MnoMap : 44073:
08-25 20:29:21.380 4144 4144 D MnoMap : (44073,,,=>KDDI_jp)
08-25 20:29:21.380 4144 4144 D MnoMap : 44050:
08-25 20:29:21.380 4144 4144 D MnoMap : (44050,,,=>KDDI_jp)
08-25 20:29:21.380 4144 4144 D MnoMap : 28603:
08-25 20:29:21.380 4144 4144 D MnoMap : (28603,,,=>AVEA_tr)
08-25 20:29:21.380 4144 4144 D MnoMap : 44051:
08-25 20:29:21.380 4144 4144 D MnoMap : (44051,,,=>KDDI_jp)
08-25 20:29:21.380 4144 4144 D MnoMap : 23205:
08-25 20:29:21.380 4144 4144 D MnoMap : (23205,,,=>3_at)
08-25 20:29:21.380 4144 4144 D MnoMap : 405870:
08-25 20:29:21.380 4144 4144 D MnoMap : (405870,,,=>RJIL_in)
08-25 20:29:21.380 4144 4144 D MnoMap : 23806:
08-25 20:29:21.380 4144 4144 D MnoMap : (23806,,,=>3_dk)
08-25 20:29:21.380 4144 4144 D MnoMap : 52596:
08-25 20:29:21.380 4144 4144 D MnoMap : (52596,,,=>Singtel_sg)
08-25 20:29:21.380 4144 4144 D MnoMap : 310000:
08-25 20:29:21.380 4144 4144 D MnoMap : (310000,,,=>Sprint_us)
08-25 20:29:21.380 4144 4144 D MnoMap : 334020:
08-25 20:29:21.380 4144 4144 D MnoMap : (334020,,,=>Telcel_mx)
08-25 20:29:21.380 4144 4144 D MnoMap : 302512:
08-25 20:29:21.380 4144 4144 D MnoMap : (302512,,,=>VideoTron_ca)
08-25 20:29:21.380 4144 4144 D MnoMap : 24413:
08-25 20:29:21.380 4144 4144 D MnoMap : (24413,,,=>DNA_fi)
08-25 20:29:21.380 4144 4144 D MnoMap : 44076:
08-25 20:29:21.380 4144 4144 D MnoMap : (44076,,,=>KDDI_jp)
08-25 20:29:21.380 4144 4144 D MnoMap : 40553:
08-25 20:29:21.380 4144 4144 D MnoMap : (40553,,,=>AIRTEL_in)
08-25 20:29:21.380 4144 4144 D MnoMap : 25851:
08-25 20:29:21.380 4144 4144 D MnoMap : (25851,,,=>ATT_us)
08-25 20:29:21.380 4144 4144 D MnoMap : 310999:
08-25 20:29:21.380 4144 4144 D MnoMap : (310999,,,=>ATT_us:softphone)
08-25 20:29:21.380 4144 4144 D MnoMap : 50571:
08-25 20:29:21.380 4144 4144 D MnoMap : (50571,,,=>Telstra_au)
08-25 20:29:21.380 4144 4144 D MnoMap : 45028:
08-25 20:29:21.380 4144 4144 D MnoMap : (45028,,,=>KT_kr)
08-25 20:29:21.380 4144 4144 D MnoMap : 310028:
08-25 20:29:21.380 4144 4144 D MnoMap : (310028,,,=>VZW_us)
08-25 20:29:21.380 4144 4144 D MnoMap : 42501:
08-25 20:29:21.380 4144 4144 D MnoMap : (42501,,,=>PTR_il)
08-25 20:29:21.380 4144 4144 D MnoMap : 64133:
08-25 20:29:21.380 4144 4144 D MnoMap : (64133,,,=>Smile_ug)
08-25 20:29:21.380 4144 4144 D MnoMap : 44074:
08-25 20:29:21.380 4144 4144 D MnoMap : (44074,,,=>KDDI_jp)
08-25 20:29:21.380 4144 4144 D MnoMap : 44007:
08-25 20:29:21.380 4144 4144 D MnoMap : (44007,,,=>KDDI_jp)
08-25 20:29:21.380 4144 4144 D MnoMap : 26202:
08-25 20:29:21.380 4144 4144 D MnoMap : (26202,,,=>Vodafone_de)
08-25 20:29:21.380 4144 4144 D MnoMap : 52004:
08-25 20:29:21.380 4144 4144 D MnoMap : (52004,,,=>Truemove_th)
08-25 20:29:21.380 4144 4144 D MnoMap : 46002:
08-25 20:29:21.380 4144 4144 D MnoMap : (46002,,,=>CMCC_cn)
08-25 20:29:21.380 4144 4144 D MnoMap : 40402:
08-25 20:29:21.380 4144 4144 D MnoMap : (40402,,,=>AIRTEL_in)
08-25 20:29:21.380 4144 4144 D MnoMap : 20802:
08-25 20:29:21.380 4144 4144 D MnoMap : (20802,,,=>Orange_fr)
08-25 20:29:21.380 4144 4144 D MnoMap : 45416:
08-25 20:29:21.380 4144 4144 D MnoMap : (45416,,,=>PCCW_hk)
08-25 20:29:21.380 4144 4144 D MnoMap : 302220:
08-25 20:29:21.380 4144 4144 D MnoMap : (302220,,,=>Telus_ca)
08-25 20:29:21.380 4144 4144 D MnoMap : 00101:
08-25 20:29:21.380 4144 4144 D MnoMap : (00101,,,=>GCF)
08-25 20:29:21.380 4144 4144 D MnoMap : 23433:
08-25 20:29:21.380 4144 4144 D MnoMap : (23433,,,=>EE_gb)
08-25 20:29:21.380 4144 4144 D MnoMap : 21630:
08-25 20:29:21.380 4144 4144 D MnoMap : (21630,,,=>TMobile_hu)
08-25 20:29:21.380 4144 4144 D MnoMap : 40449:
08-25 20:29:21.380 4144 4144 D MnoMap : (40449,,,=>AIRTEL_in)
08-25 20:29:21.380 4144 4144 D MnoMap : 23594:
08-25 20:29:21.380 4144 4144 D MnoMap : (23594,,,=>Hutchison_gb)
08-25 20:29:21.380 4144 4144 D MnoMap : 46010:
08-25 20:29:21.380 4144 4144 D MnoMap : (46010,,,=>CMCC_cn)
08-25 20:29:21.380 4144 4144 D MnoMap : 26201:
08-25 20:29:21.380 4144 4144 D MnoMap : (26201,,,=>TMobile_de)
08-25 20:29:21.380 4144 4144 D MnoMap : 71617:
08-25 20:29:21.380 4144 4144 D MnoMap : (71617,,,=>Entel_pe)
08-25 20:29:21.380 4144 4144 D MnoMap : 65501:
08-25 20:29:21.380 4144 4144 D MnoMap : (65501,,,=>Vodacom_za)
08-25 20:29:21.380 4144 4144 D MnoMap : 405862:
08-25 20:29:21.380 4144 4144 D MnoMap : (405862,,,=>RJIL_in)
08-25 20:29:21.380 4144 4144 D MnoMap : 45001:
08-25 20:29:21.380 4144 4144 D MnoMap : (45001,,,=>SamsungTestbed_kr)
08-25 20:29:21.380 4144 4144 D MnoMap : 310200:
08-25 20:29:21.380 4144 4144 D MnoMap : (310200,,,=>TMobile_us)
08-25 20:29:21.380 4144 4144 D MnoMap : 45611:
08-25 20:29:21.380 4144 4144 D MnoMap : (45611,,,=>Seatel_kh)
08-25 20:29:21.380 4144 4144 D MnoMap : 246081:
08-25 20:29:21.380 4144 4144 D MnoMap : (246081,,,=>VZW_us)
08-25 20:29:21.380 4144 4144 D MnoMap : 40445:
08-25 20:29:21.380 4144 4144 D MnoMap : (40445,,,=>AIRTEL_in)
08-25 20:29:21.380 4144 4144 D MnoMap : 41902:
08-25 20:29:21.380 4144 4144 D MnoMap : (41902,,,=>Zain_kw)
08-25 20:29:21.380 4144 4144 D MnoMap : 44079:
08-25 20:29:21.380 4144 4144 D MnoMap : (44079,,,=>KDDI_jp)
08-25 20:29:21.380 4144 4144 D MnoMap : 46006:
08-25 20:29:21.380 4144 4144 D MnoMap : (46006,,,=>CU_cn)
08-25 20:29:21.380 4144 4144 D MnoMap : 26277:
08-25 20:29:21.380 4144 4144 D MnoMap : (26277,,,=>Telefonica_de)
08-25 20:29:21.380 4144 4144 D MnoMap : 24681:
08-25 20:29:21.380 4144 4144 D MnoMap : (24681,,,=>VZW_us)
08-25 20:29:21.380 4144 4144 D MnoMap : 40403:
08-25 20:29:21.380 4144 4144 D MnoMap : (40403,,,=>AIRTEL_in)
08-25 20:29:21.380 4144 4144 D MnoMap : 45504:
08-25 20:29:21.380 4144 4144 D MnoMap : (45504,,,=>CTM_mo)
08-25 20:29:21.380 4144 4144 D MnoMap : 21403:
08-25 20:29:21.380 4144 4144 D MnoMap : (21403,,,=>Orange_es)
08-25 20:29:21.380 4144 4144 D MnoMap : 310120:
08-25 20:29:21.380 4144 4144 D MnoMap : (310120,,,=>Sprint_us)
08-25 20:29:21.380 4144 4144 D MnoMap : 40497:
08-25 20:29:21.380 4144 4144 D MnoMap : (40497,,,=>AIRTEL_in)
08-25 20:29:21.380 4144 4144 D MnoMap : 60405:
08-25 20:29:21.380 4144 4144 D MnoMap : (60405,,,=>INWI_ma)
08-25 20:29:21.380 4144 4144 D MnoMap : 405861:
08-25 20:29:21.380 4144 4144 D MnoMap : (405861,,,=>RJIL_in)
08-25 20:29:21.380 4144 4144 D MnoMap : 20469:
08-25 20:29:21.380 4144 4144 D MnoMap : (20469,,,=>KPN_nl)
08-25 20:29:21.380 4144 4144 D MnoMap : 310170:
08-25 20:29:21.380 4144 4144 D MnoMap : (310170,,,=>ATT_us)
08-25 20:29:21.380 4144 4144 D MnoMap : 20408:
08-25 20:29:21.380 4144 4144 D MnoMap : (20408,,,=>KPN_nl)
08-25 20:29:21.380 4144 4144 D MnoMap : 23210:
08-25 20:29:21.380 4144 4144 D MnoMap : (23210,,,=>3_at)
08-25 20:29:21.380 4144 4144 D MnoMap : 44010:
08-25 20:29:21.380 4144 4144 D MnoMap : (44010,,,=>Docomo_jp)
08-25 20:29:21.380 4144 4144 D MnoMap : 310030:
08-25 20:29:21.380 4144 4144 D MnoMap : (310030,,,=>ATT_us)
08-25 20:29:21.380 4144 4144 D MnoMap : 302270:
08-25 20:29:21.380 4144 4144 D MnoMap : (302270,,,=>ESK_ca)
08-25 20:29:21.380 4144 4144 D MnoMap : 26002:
08-25 20:29:21.380 4144 4144 D MnoMap : (26002,,,=>TMobile_pl)
08-25 20:29:21.380 4144 4144 D MnoMap : 24205:
08-25 20:29:21.380 4144 4144 D MnoMap : (24205,,,=>Telia_no)
08-25 20:29:21.380 4144 4144 D MnoMap : 21670:
08-25 20:29:21.380 4144 4144 D MnoMap : (21670,,,=>Vodafone_hu)
08-25 20:29:21.380 4144 4144 D MnoMap : 23810:
08-25 20:29:21.380 4144 4144 D MnoMap : (23810,,,=>TDC_dk)
08-25 20:29:21.380 4144 4144 D MnoMap : 40556:
08-25 20:29:21.380 4144 4144 D MnoMap : (40556,,,=>AIRTEL_in)
08-25 20:29:21.380 4144 4144 D MnoMap : 50218:
08-25 20:29:21.380 4144 4144 D MnoMap : (5
08-25 20:29:21.382 4144 4144 D SimManagerFactory: Current default subId=-1 slot=0
08-25 20:29:21.384 3660 3804 I InputReader: Touch event's action (MT) is 0x5
(deviceType=0) [pCnt=3, s=0.13 1.6 2.31 3.32 ] when=21097197000
08-25 20:29:21.384 3660 3804 I InputReader: Touch event's action (MT) is 0x205
(deviceType=0) [pCnt=4, s=0.13 1.6 2.31 3.32 ] when=21097197000
08-25 20:29:21.385 4144 4144 W System.err: java.lang.NoSuchFieldException: No
field LTE_IMS_EMCBS_UNKNOWN in class Landroid/telephony/ServiceState; (declaration
of 'android.telephony.ServiceState' appears in
/system/framework/framework.jar:classes2.dex)
08-25 20:29:21.386 4144 4144 W System.err: at
java.lang.Class.getDeclaredField(Native Method)
08-25 20:29:21.386 4144 4144 W System.err: at
com.sec.ims.extensions.ServiceStateExt.getIntField(ServiceStateExt.java:31)
08-25 20:29:21.386 4144 4144 W System.err: at
com.sec.ims.extensions.ServiceStateExt.<clinit>(ServiceStateExt.java:25)
08-25 20:29:21.386 4144 4144 W System.err: at
com.sec.internal.ims.imsservice.PdnController.<init>(PdnController.java:128)
08-25 20:29:21.386 4144 4144 W System.err: at
com.sec.internal.ims.imsservice.ImsServiceStub.init(ImsServiceStub.java:282)
08-25 20:29:21.386 4144 4144 W System.err: at
com.sec.internal.ims.imsservice.ImsServiceStub.makeImsService(ImsServiceStub.java:1
78)
08-25 20:29:21.386 4144 4144 W System.err: at
com.sec.imsservice.ImsFrameworkApp.onCreate(ImsFrameworkApp.java:60)
08-25 20:29:21.386 4144 4144 W System.err: at
android.app.Instrumentation.callApplicationOnCreate(Instrumentation.java:1032)
08-25 20:29:21.386 4144 4144 W System.err: at
android.app.ActivityThread.handleBindApplication(ActivityThread.java:5876)
08-25 20:29:21.387 4144 4144 W System.err: at android.app.ActivityThread.-
wrap3(ActivityThread.java)
08-25 20:29:21.387 4144 4144 W System.err: at
android.app.ActivityThread$H.handleMessage(ActivityThread.java:1699)
08-25 20:29:21.387 4144 4144 W System.err: at
android.os.Handler.dispatchMessage(Handler.java:102)
08-25 20:29:21.387 4144 4144 W System.err: at
android.os.Looper.loop(Looper.java:154)
08-25 20:29:21.387 4144 4144 W System.err: at
android.app.ActivityThread.main(ActivityThread.java:6682)
08-25 20:29:21.387 4144 4144 W System.err: at
java.lang.reflect.Method.invoke(Native Method)
08-25 20:29:21.387 4144 4144 W System.err: at
com.android.internal.os.ZygoteInit$MethodAndArgsCaller.run(ZygoteInit.java:1520)
08-25 20:29:21.387 4144 4144 W System.err: at
com.android.internal.os.ZygoteInit.main(ZygoteInit.java:1410)
08-25 20:29:21.387 4144 4144 W System.err: java.lang.NoSuchFieldException: No
field LTE_IMS_EMCBS_SUPPORT in class Landroid/telephony/ServiceState; (declaration
of 'android.telephony.ServiceState' appears in
/system/framework/framework.jar:classes2.dex)
08-25 20:29:21.387 4144 4144 W System.err: at
java.lang.Class.getDeclaredField(Native Method)
08-25 20:29:21.387 4144 4144 W System.err: at
com.sec.ims.extensions.ServiceStateExt.getIntField(ServiceStateExt.java:31)
08-25 20:29:21.387 4144 4144 W System.err: at
com.sec.ims.extensions.ServiceStateExt.<clinit>(ServiceStateExt.java:26)
08-25 20:29:21.387 4144 4144 W System.err: at
com.sec.internal.ims.imsservice.PdnController.<init>(PdnController.java:128)
08-25 20:29:21.387 4144 4144 W System.err: at
com.sec.internal.ims.imsservice.ImsServiceStub.init(ImsServiceStub.java:282)
08-25 20:29:21.387 4144 4144 W System.err: at
com.sec.internal.ims.imsservice.ImsServiceStub.makeImsService(ImsServiceStub.java:1
78)
08-25 20:29:21.387 4144 4144 W System.err: at
com.sec.imsservice.ImsFrameworkApp.onCreate(ImsFrameworkApp.java:60)
08-25 20:29:21.387 4144 4144 W System.err: at
android.app.Instrumentation.callApplicationOnCreate(Instrumentation.java:1032)
08-25 20:29:21.387 4144 4144 W System.err: at
android.app.ActivityThread.handleBindApplication(ActivityThread.java:5876)
08-25 20:29:21.387 4144 4144 W System.err: at android.app.ActivityThread.-
wrap3(ActivityThread.java)
08-25 20:29:21.387 4144 4144 W System.err: at
android.app.ActivityThread$H.handleMessage(ActivityThread.java:1699)
08-25 20:29:21.388 4144 4144 W System.err: at
android.os.Handler.dispatchMessage(Handler.java:102)
08-25 20:29:21.388 4144 4144 W System.err: at
android.os.Looper.loop(Looper.java:154)
08-25 20:29:21.388 4144 4144 W System.err: at
android.app.ActivityThread.main(ActivityThread.java:6682)
08-25 20:29:21.388 4144 4144 W System.err: at
java.lang.reflect.Method.invoke(Native Method)
08-25 20:29:21.388 4144 4144 W System.err: at
com.android.internal.os.ZygoteInit$MethodAndArgsCaller.run(ZygoteInit.java:1520)
08-25 20:29:21.388 4144 4144 W System.err: at
com.android.internal.os.ZygoteInit.main(ZygoteInit.java:1410)
08-25 20:29:21.388 4144 4144 W System.err: java.lang.NoSuchFieldException: No
field LTE_IMS_EMCBS_NOT_SUPPORT in class Landroid/telephony/ServiceState;
(declaration of 'android.telephony.ServiceState' appears in
/system/framework/framework.jar:classes2.dex)
08-25 20:29:21.388 4144 4144 W System.err: at
java.lang.Class.getDeclaredField(Native Method)
08-25 20:29:21.388 4144 4144 W System.err: at
com.sec.ims.extensions.ServiceStateExt.getIntField(ServiceStateExt.java:31)
08-25 20:29:21.388 4144 4144 W System.err: at
com.sec.ims.extensions.ServiceStateExt.<clinit>(ServiceStateExt.java:27)
08-25 20:29:21.388 4144 4144 W System.err: at
com.sec.internal.ims.imsservice.PdnController.<init>(PdnController.java:128)
08-25 20:29:21.388 4144 4144 W System.err: at
com.sec.internal.ims.imsservice.ImsServiceStub.init(ImsServiceStub.java:282)
08-25 20:29:21.388 4144 4144 W System.err: at
com.sec.internal.ims.imsservice.ImsServiceStub.makeImsService(ImsServiceStub.java:1
78)
08-25 20:29:21.388 4144 4144 W System.err: at
com.sec.imsservice.ImsFrameworkApp.onCreate(ImsFrameworkApp.java:60)
08-25 20:29:21.388 4144 4144 W System.err: at
android.app.Instrumentation.callApplicationOnCreate(Instrumentation.java:1032)
08-25 20:29:21.388 4144 4144 W System.err: at
android.app.ActivityThread.handleBindApplication(ActivityThread.java:5876)
08-25 20:29:21.388 4144 4144 W System.err: at android.app.ActivityThread.-
wrap3(ActivityThread.java)
08-25 20:29:21.388 4144 4144 W System.err: at
android.app.ActivityThread$H.handleMessage(ActivityThread.java:1699)
08-25 20:29:21.388 4144 4144 W System.err: at
android.os.Handler.dispatchMessage(Handler.java:102)
08-25 20:29:21.388 4144 4144 W System.err: at
android.os.Looper.loop(Looper.java:154)
08-25 20:29:21.388 4144 4144 W System.err: at
android.app.ActivityThread.main(ActivityThread.java:6682)
08-25 20:29:21.388 4144 4144 W System.err: at
java.lang.reflect.Method.invoke(Native Method)
08-25 20:29:21.388 4144 4144 W System.err: at
com.android.internal.os.ZygoteInit$MethodAndArgsCaller.run(ZygoteInit.java:1520)
08-25 20:29:21.388 4144 4144 W System.err: at
com.android.internal.os.ZygoteInit.main(ZygoteInit.java:1410)
08-25 20:29:21.401 4144 4144 D ImsPhoneStateManager:
registerPhoneStateListenerInternal. phoneId [-1] SubId [-1]
08-25 20:29:21.401 4144 4144 D ConnectivityManager: requestNetwork; CallingUid :
1000, CallingPid : 4144
08-25 20:29:21.403 4144 4144 D ImsServiceSwitch: created
08-25 20:29:21.404 4144 4144 D ImsServiceSwitch: VoLTE: SP[1] CSC[1], Video:
SP[1] CSC[1], RCS: SP[0] CSC[0]
08-25 20:29:21.408 4144 4144 D ImsServiceSwitch: isCscFeatureChanged : false
08-25 20:29:21.409 4144 4144 D ImsServiceSwitch: already migration triggered, do
not migrate again
08-25 20:29:21.410 4144 4144 D ImsServiceSwitch: load: volte [true] rcs [false]
ipme [false]
08-25 20:29:21.412 4144 4144 D ImsServiceSwitch: dumpServiceSwitch:ss=truemmtel-
video=truecdpn=truemmtel=truesmsip=true,
slm=falseeuc=falseft=falseim=falseec=falsevs=falseprofile=falsegls=falseoptions=fal
sepresence=falseft_http=falseis=false
08-25 20:29:21.417 3660 3804 I InputReader: Touch event's action (MT) is 0x6
(deviceType=0) [pCnt=4, s=0.13 1.6 2.33 3.32 ] when=21129467000
08-25 20:29:21.417 3660 3804 I InputReader: Touch event's action (MT) is 0x205
(deviceType=0) [pCnt=4, s=0.13 1.6 2.33 3.32 ] when=21129467000
08-25 20:29:21.419 4144 4144 D ImsDiagMonitorNotiMgr: NameNotFoundException() :
NOT_INSTALLED
08-25 20:29:21.424 4156 4156 I SimLockInfoResult: num:0, lockType:0, lock_key:0,
numRetry:0
08-25 20:29:21.424 4156 4156 I SimLockInfoResult: NOT_NEED numRetry: 0
08-25 20:29:21.426 3660 3804 I InputReader: Touch event's action (MT) is 0x106
(deviceType=0) [pCnt=4, s=0.13 1.6 ] when=21138835000
08-25 20:29:21.426 3660 3804 I InputReader: Touch event's action (MT) is 0x106
(deviceType=0) [pCnt=3, s=0.13 1.6 ] when=21138835000
08-25 20:29:21.430 3660 3660 I PhoneRestrictionPolicy: Received
ACTION_SUBINFO_RECORD_UPDATED broadcast
08-25 20:29:21.431 3660 3660 D EdmStorageProvider: getCount(SimTable) - 0
08-25 20:29:21.432 3660 3660 D WifiP2pService: OnReceive -
android.intent.action.SIM_STATE_CHANGED, state : NOT_READY
08-25 20:29:21.433 3660 3676 D GnssLocationProvider: receive broadcast intent,
action: android.intent.action.SIM_STATE_CHANGED
08-25 20:29:21.433 3660 3676 D GnssLocationProvider: received SIM related action:

08-25 20:29:21.435 3660 3676 D GnssLocationProvider: SIM MCC/MNC is still not


available
08-25 20:29:21.435 3660 3676 D GnssLocationProvider_ex: SIM_STATE_CHANGED
received : NOT_READY
08-25 20:29:21.437 3982 4301 D NetworkController: onReceive: intent=Intent
{ act=android.intent.action.SIM_STATE_CHANGED flg=0x14000010
launchParam=MultiScreenLaunchParams { mDisplayId=0 mFlags=0 } bqHint=0 (has extras)
}
08-25 20:29:21.437 3660 3677 D CompatibilityInfo: mCompatibilityFlags - 0
08-25 20:29:21.437 3660 3677 D CompatibilityInfo: applicationDensity - 640
08-25 20:29:21.438 3660 3677 D CompatibilityInfo: applicationScale - 1.0
08-25 20:29:21.438 3660 3804 I InputReader: Touch event's action (MT) is 0x5
(deviceType=0) [pCnt=3, s=0.13 1.6 2.34 3.35 ] when=21150808000
08-25 20:29:21.438 3660 3804 I InputReader: Touch event's action (MT) is 0x205
(deviceType=0) [pCnt=4, s=0.13 1.6 2.34 3.35 ] when=21150808000
08-25 20:29:21.439 3982 3982 W System : ClassLoader referenced unknown path:
08-25 20:29:21.439 3982 3982 W System : ClassLoader referenced unknown path:
/system/priv-app/SystemUI/lib/arm64
08-25 20:29:21.442 3982 4301 D NetworkController: doUpdateMobileControllers :
subscriptions == null
08-25 20:29:21.443 3982 3982 V hong : mid yDiff = 0
08-25 20:29:21.444 3982 4301 D NetworkController.MobileSignalController(0/-2):
MobileSignalController InitialNetworkName = No network connection
08-25 20:29:21.444 3982 4301 D NetworkController: updateCarrierText : No network
connection
08-25 20:29:21.444 3982 3982 V hong : mid yDiff = 0
08-25 20:29:21.444 3982 3982 D ToggleSlider: setHost =
com.android.systemui.statusbar.phone.QSTileHost@73ff25
08-25 20:29:21.446 3982 4301 D NetworkController.MobileSignalController(0/-2):
NWBoosterObserver onChange():false
08-25 20:29:21.447 3982 4301 D NetworkController.MobileSignalController(0/-2):
updateConnectivity: mCurrentState.bluetoothTethered + false
08-25 20:29:21.448 3660 3804 I InputReader: Touch event's action (MT) is 0x6
(deviceType=0) [pCnt=4, s=0.13 1.6 ] when=21160405000
08-25 20:29:21.448 3660 3804 I InputReader: Touch event's action (MT) is 0x106
(deviceType=0) [pCnt=3, s=0.13 1.6 ] when=21160405000
08-25 20:29:21.448 3982 4301 D NetworkController: updateCarrierText : No network
connection
08-25 20:29:21.448 3982 4301 D NetworkController: updateCarrierText : No network
connection
08-25 20:29:21.448 4156 4321 D TP/SmsProvider: query,matched:15, calling pid =
4156
08-25 20:29:21.449 3982 4301 D NetworkController.MobileSignalController(0/-2):
updateVoiceSim: defaultVoicePhoneId = -1
08-25 20:29:21.457 3982 3982 D BrightnessDetail: onFinishInflate
08-25 20:29:21.458 3982 3982 D ToggleSlider: initSlider =
com.android.systemui.settings.ToggleSlider{2a8573f V.E...... ......I. 0,0-0,0
#7f130334 app:id/brightness_slider}
08-25 20:29:21.459 4156 4321 D TP/SmsProvider: query, match 15:Elapsed time :
29.542 ms
08-25 20:29:21.471 3982 4127 D OpenGLRenderer: profile bars disabled
08-25 20:29:21.472 3982 4127 D OpenGLRenderer: ambientRatio = 1.50
08-25 20:29:21.472 3982 3982 V KeyguardUpdateMonitor: *** register callback for
com.android.systemui.statusbar.phone.PhoneStatusBar$28@1df1b6a
08-25 20:29:21.472 3982 3982 V KeyguardUpdateMonitor: *** unregister callback for
null
08-25 20:29:21.473 3982 3982 V SettingsHelper: *** register listener for
com.android.systemui.statusbar.phone.StatusBarWindowManager$2@455285b
08-25 20:29:21.474 3982 3982 D StatusBarWindowManager:
getUserActivityTimeout()10000
08-25 20:29:21.476 3982 3982 D ViewRootImpl@bf018f8[StatusBar]:
ThreadedRenderer.create() translucent=true
08-25 20:29:21.477 3660 3671 D InputTransport: Input channel constructed: fd=343
08-25 20:29:21.477 3660 3671 D InputTransport: Input channel constructed: fd=348
08-25 20:29:21.478 3660 3671 D InputTransport: Input channel destroyed: fd=348
08-25 20:29:21.478 3982 3982 D InputTransport: Input channel constructed: fd=82
08-25 20:29:21.478 3982 3982 D ViewRootImpl@bf018f8[StatusBar]: setView =
com.android.systemui.statusbar.phone.StatusBarWindowView{4a661d1 V.E...... ......I.
0,0-0,0} touchMode=true
08-25 20:29:21.480 3660 3804 I InputReader: Touch event's action (MT) is 0x5
(deviceType=0) [pCnt=3, s=0.13 1.6 2.36 ] when=21193207000
08-25 20:29:21.483 3982 3982 D ViewRootImpl@54b8436[Bouncer]:
ThreadedRenderer.create() translucent=true
08-25 20:29:21.484 3660 3671 D InputTransport: Input channel constructed: fd=388
08-25 20:29:21.484 3660 3671 D InputTransport: Input channel constructed: fd=389
08-25 20:29:21.484 3660 3671 D InputTransport: Input channel destroyed: fd=389
08-25 20:29:21.484 3982 3982 D InputTransport: Input channel constructed: fd=83
08-25 20:29:21.484 3982 3982 D ViewRootImpl@54b8436[Bouncer]: setView =
com.android.systemui.statusbar.phone.KeyguardBouncerContainer{b33ef37
I.E...... ......I. 0,0-0,0} touchMode=true
08-25 20:29:21.485 3968 4251 I bt_hwcfg: bt vendor lib: set UART baud 115200
08-25 20:29:21.485 3968 4251 I bt_hwcfg: FW Download delta = 468528
08-25 20:29:21.485 3968 4251 D bt_hwcfg: Settlement delay -- 100 ms
08-25 20:29:21.485 3968 4251 I bt_hwcfg: Setting fw settlement delay to 100
08-25 20:29:21.487 3114 3238 E SveClient: getService failed. retry 2
08-25 20:29:21.487 3114 3238 E : BpSveService::BpSveService()
08-25 20:29:21.488 4132 4146 E : BnSveService::onTransact(1) 16
08-25 20:29:21.488 4132 4146 E SveCallback: BpSveCallback::BpSveCallback()
08-25 20:29:21.488 4132 4146 E : BnSveService::onTransact
registerListener()
08-25 20:29:21.488 3114 3238 E : BpSveService::add transact reply
08-25 20:29:21.488 3114 3238 E : BpSveService::registerCallback() res 0
status 0
08-25 20:29:21.488 3114 3238 E SveClient: registerListener: 0
08-25 20:29:21.488 3114 3238 E : BpSveService::BpSveService()
08-25 20:29:21.488 3114 3238 E SveClient: SveClient::SendGeneralEvent(0, 0, 0, )
08-25 20:29:21.488 3114 3238 E : BpSveService::SendGeneralEvent() event 0
08-25 20:29:21.488 3982 3982 D PhoneStatusBar: disable: < EXPAND* icons alerts
system_info BACK* HOME* RECENT* clock SEARCH* quick_settings >
08-25 20:29:21.488 4132 4143 E : BnSveService::onTransact(15) 16
08-25 20:29:21.488 3982 3982 I StatusBarWindowManager: isExpanded:true, false,
false, false, false, false
08-25 20:29:21.488 3982 3982 I StatusBarWindowManager: applyHeight:96
08-25 20:29:21.488 4132 4143 E : BnSveService::onTransact
SendGeneralEvent(0)
08-25 20:29:21.489 3982 3982 D StatusBar-Window: Bouncer LP changed!!! = 0x20,
height = 0
08-25 20:29:21.489 4132 4143 D AngnService: SendGeneralEvent() - 0
08-25 20:29:21.489 4132 4143 E [SVE] : E: SendGeneralEvent(1974)[Angn]
SendGeneralEvent()
08-25 20:29:21.489 4132 4143 E [SVE] : E: StopPreview(295)[Angn] Begin
08-25 20:29:21.489 4132 4143 E [SVE] : E: SVE_StopPreview(1277)Entry
08-25 20:29:21.489 4132 4143 E [SVE] : E: StopInputSource(1103)Camera Stop OK..
only event
08-25 20:29:21.489 4132 4143 E [SVE] : E: DispatchEvent(1285)[Angn] eventId=9/-
1
08-25 20:29:21.489 4132 4143 E [SVE] : E: DispatchEvent(1296)[Angn] Notify to
Stack!! without session info.
08-25 20:29:21.489 4132 4143 D AngnService: onEvent() - -1 9
08-25 20:29:21.490 3114 3238 E SveCallback: BnSveCallback::onTransact(1) 16
08-25 20:29:21.490 3982 3982 D SwipeDoorsillDetector:
reset()com.android.systemui.statusbar.phone.NotificationPanelView.resetViews:864
com.android.systemui.statusbar.phone.PanelBar.collapsePanel:173
com.android.systemui.statusbar.phone.PhoneStatusBar.animateCollapsePanels:3939
com.android.systemui.statusbar.phone.PhoneStatusBar.animateCollapsePanels:3894
08-25 20:29:21.490 3114 3238 E SveCallback: BnSveCallback::onTransact onEvent(9)
08-25 20:29:21.490 4132 4143 E SveCallback: BpSveCallback::add transact reply
08-25 20:29:21.490 4132 4143 E SveCallback: BpSveCallback::onEvent() res 0 status
0
08-25 20:29:21.490 4132 4143 E [SVE] : E: SVE_StopPreview(1292)Exit
08-25 20:29:21.490 4132 4143 E [SVE] : E: StopPreview(311)[Angn] End
08-25 20:29:21.491 3114 3238 E : BpSveService::add transact reply
08-25 20:29:21.491 3114 3238 E : BpSveService::SendGeneralEvent() res 0
status 0
08-25 20:29:21.491 3114 3238 V [IMS6.0]: NotifyVideoEvent()
08-25 20:29:21.492 4156 4156 D TelephonyProvider: query: match = 1
08-25 20:29:21.493 3982 3982 D BarTransitions.PhoneStatusBarView: MODE_OPAQUE ->
MODE_TRANSPARENT animate=false
08-25 20:29:21.502 3660 3804 I InputReader: Touch event's action (MT) is 0x6
(deviceType=0) [pCnt=3, s=0.13 1.6 ] when=21214644000
08-25 20:29:21.521 4156 4156 D PhoneSwitcherNetworkRequstListener: Registering
NetworkFactory
08-25 20:29:21.524 3982 3982 D PhoneStatusBarPolicy: setZenMode:0
08-25 20:29:21.525 3982 3982 D PhoneStatusBar: heads up is enabled
08-25 20:29:21.527 3982 3982 V KeyguardUpdateMonitor: *** register callback for
com.android.systemui.statusbar.phone.FingerprintUnlockController@2b53522
08-25 20:29:21.527 3982 3982 V KeyguardUpdateMonitor: *** unregister callback for
null
08-25 20:29:21.527 3982 3982 V KeyguardUpdateMonitor: *** register callback for
com.android.systemui.statusbar.phone.KeyguardBouncer$1@7a42bb3
08-25 20:29:21.527 3982 3982 V KeyguardUpdateMonitor: *** unregister callback for
null
08-25 20:29:21.527 3982 3982 D PhoneStatusBarPolicy: updatePowerSaver -
isPowerSaver = false isUltraPowerSaver = false isEmergencyMode = false
08-25 20:29:21.528 3660 3672 D CompatibilityInfo: mCompatibilityFlags - 0
08-25 20:29:21.528 3660 3672 D CompatibilityInfo: applicationDensity - 640
08-25 20:29:21.528 3660 3672 D CompatibilityInfo: applicationScale - 1.0
08-25 20:29:21.529 3982 3982 V KeyguardUpdateMonitor: *** register callback for
PSB.DozeServiceHost[mCallbacks=0]
08-25 20:29:21.529 3982 3982 V KeyguardUpdateMonitor: *** unregister callback for
null
08-25 20:29:21.530 3660 3660 D WifiStateMachine: BroadcastReceiver -
ACTION_SIM_STATE_CHANGED : getSimState() is not SIM_STATE_READY! -> Set max
interval to 128s
08-25 20:29:21.530 3660 3660 D WifiStateMachine: sendBroadcastForInOutRange() -
state : 1 getNetworkType() : 0
08-25 20:29:21.532 3660 3660 I WifiDefaultApController: WifiEnabledState 1,
SIM_STATE_CHANGED from 0 to 6
08-25 20:29:21.532 3660 3660 I WifiDefaultApController: DefaultAp or GeneralInfo
file does not exist
08-25 20:29:21.534 3660 4126 D SLocation: checkWifiInfo
08-25 20:29:21.534 3660 4126 W SLocation: No Active Data Connection
08-25 20:29:21.535 3660 3660 D SystemUIAdapter: setLockedIccIdsAsUser() userId =
0
08-25 20:29:21.536 3660 3660 D PhoneRestrictionPolicy: Trying to connect to
EnterpriseSimPin Service
08-25 20:29:21.536 3982 3982 V SettingsHelper: *** register listener for
com.android.systemui.statusbar.phone.PhoneStatusBar$29@a2bd00f
08-25 20:29:21.536 3982 3982 D KeyguardUpdateMonitor: received broadcast
android.intent.action.BATTERY_CHANGED
08-25 20:29:21.537 3982 3982 D PowerUI : priorPlugType = -1 mPlugType = 0
08-25 20:29:21.537 3660 3928 E WifiWatchdogStateMachine: current state:
com.android.server.wifi.WifiWatchdogStateMachine$NotConnectedState@bd581e
08-25 20:29:21.537 3982 3982 D PowerUI : SUPPORT_WATER_PROTECTION_POPUP -
oldBatteryWaterConnector : false, mBatteryWaterConnector : false
08-25 20:29:21.537 3660 3660 D CompatibilityInfo: mCompatibilityFlags - 0
08-25 20:29:21.537 3660 3660 D CompatibilityInfo: applicationDensity - 640
08-25 20:29:21.537 3660 3660 D CompatibilityInfo: applicationScale - 1.0
