The log file contains debugging information from an Android application. It records events like initializing libraries and frameworks, loading resources and assets, detecting faces, and extracting metadata from images. There are also warnings and errors noted, like failures to load certain libraries or parse image formats. Performance optimization libraries are initialized and frame rate boosting features are configured.
The log file contains debugging information from an Android application. It records events like initializing libraries and frameworks, loading resources and assets, detecting faces, and extracting metadata from images. There are also warnings and errors noted, like failures to load certain libraries or parse image formats. Performance optimization libraries are initialized and frame rate boosting features are configured.
The log file contains debugging information from an Android application. It records events like initializing libraries and frameworks, loading resources and assets, detecting faces, and extracting metadata from images. There are also warnings and errors noted, like failures to load certain libraries or parse image formats. Performance optimization libraries are initialized and frame rate boosting features are configured.
The log file contains debugging information from an Android application. It records events like initializing libraries and frameworks, loading resources and assets, detecting faces, and extracting metadata from images. There are also warnings and errors noted, like failures to load certain libraries or parse image formats. Performance optimization libraries are initialized and frame rate boosting features are configured.
Download as TXT, PDF, TXT or read online from Scribd
Download as txt, pdf, or txt
You are on page 1of 8
--------- beginning of main
06-14 21:39:59.921 501 537 I native : I/detector.h:85 Not exist
/sdcard/person.svm
06-14 21:39:59.921 501 537 I native : I/detector.h:149 Init mFaceDetector
06-14 21:39:59.928 501 501 V Monotype: SetAppTypeFace- try to flip, app = photo.editor.polarr
06-14 21:39:59.928 501 501 V Monotype: Typeface getFontPathFlipFont - systemFont = /data/mt_fonts/0/Felbridge#Felbridge
06-14 21:39:59.998 501 501 D ApplicationLoaders: ignored Vulkan layer search path /data/app/com.android.chrome-2/lib/arm:/data/app/com.android.chrome- 2/base.apk!/lib/armeabi-v7a:/data/app/com.android.chrome- 2/split_config.pt.apk!/lib/armeabi-v7a for namespace 0xead6e090
06-14 21:40:00.003 501 501 I WebViewFactory: Loading com.android.chrome version 75.0.3770.89 (code 377008937)
06-14 21:40:00.100 501 501 I cr_LibraryLoader: Time to load native libraries: 18 ms (timestamps 9315-9333)
06-14 21:40:00.118 501 501 I chromium: [INFO:library_loader_hooks.cc(50)] Chromium logging enabled: level = 0, default verbosity = 0
06-14 21:40:00.118 501 501 I cr_LibraryLoader: Expected native library version number "75.0.3770.89", actual native library version number "75.0.3770.89"
06-14 21:40:00.161 501 501 I cr_BrowserStartup: Initializing chromium process, singleProcess=true
06-14 21:40:00.165 501 501 W ResourceType: Failure getting entry for 0x7f130537 (t=18 e=1335) (error -2147483647)
06-14 21:40:00.366 501 590 E FlurryAgent: GOOGLE PLAY SERVICES EXCEPTION: com.google.android.gms.common.GooglePlayServicesUtil
06-14 21:40:00.366 501 590 E FlurryAgent: There is a problem with the Google Play Services library, which is required for Android Advertising ID support. The Google Play Services library should be integrated in any app shipping in the Play Store that uses analytics or advertising.
06-14 21:40:00.376 501 501 W FlurryAgent: Flurry session started for context:co.polarr.polarrphotoeditor.EditorActivity@141ac37
06-14 21:40:00.377 501 501 W FlurryAgent: Flurry session resumed for context:co.polarr.polarrphotoeditor.EditorActivity@141ac37
06-14 21:40:00.388 501 577 W cr_media: Requires BLUETOOTH permission
06-14 21:40:00.391 501 590 E FlurryAgent: GOOGLE PLAY SERVICES EXCEPTION: com.google.android.gms.common.GooglePlayServicesUtil
06-14 21:40:00.391 501 590 E FlurryAgent: There is a problem with the Google Play Services library, which is required for Android Advertising ID support. The Google Play Services library should be integrated in any app shipping in the Play Store that uses analytics or advertising.
06-14 21:40:00.395 501 594 E libEGL : validate_display:99 error 3008 (EGL_BAD_DISPLAY)
06-14 21:40:00.395 501 594 I Adreno : QUALCOMM build : c5b7903, Ic4cf336e0a
06-14 21:40:00.395 501 594 I Adreno : Build Date : 02/17/17
06-14 21:40:00.395 501 594 I Adreno : OpenGL ES Shader Compiler Version: XE031.09.00.04
06-14 21:40:00.395 501 594 I Adreno : Local Branch :
06-14 21:40:00.395 501 594 I Adreno : Remote Branch :
06-14 21:40:00.395 501 594 I Adreno : Remote Branch :
06-14 21:40:00.395 501 594 I Adreno : Reconstruct Branch :
06-14 21:40:00.413 501 501 E PPE : hasNotchInScreen ClassNotFoundException
06-14 21:40:00.415 501 501 E PPE : hasNotchInScreen ClassNotFoundException
06-14 21:40:00.440 501 599 D NetworkSecurityConfig: No Network Security Config specified, using platform default
06-14 21:40:00.442 501 599 I DpmTcmClient: RegisterTcmMonitor from: com.android.okhttp.TcmIdleTimerMonitor
06-14 21:40:00.460 501 607 W NativeCrashHandler: Load library failed.
06-14 21:40:00.513 501 594 W VideoCapabilities: Unrecognized profile 2130706433 for video/avc
06-14 21:40:00.513 501 594 W VideoCapabilities: Unrecognized profile 2130706434 for video/avc
06-14 21:40:00.523 501 594 W VideoCapabilities: Unrecognized profile 2130706433 for video/avc
06-14 21:40:00.523 501 594 W VideoCapabilities: Unrecognized profile 2130706434 for video/avc
06-14 21:40:00.526 501 594 W VideoCapabilities: Unrecognized profile 2130706433 for video/avc
06-14 21:40:00.526 501 594 W VideoCapabilities: Unrecognized profile 2130706434 for video/avc
06-14 21:40:00.536 501 594 W VideoCapabilities: Unsupported mime video/divx
06-14 21:40:00.537 501 613 I OpenGLRenderer: Initialized EGL, version 1.4
06-14 21:40:00.537 501 613 D OpenGLRenderer: Swap behavior 1
06-14 21:40:00.546 501 594 W VideoCapabilities: Unsupported mime video/divx4
06-14 21:40:00.551 501 594 W VideoCapabilities: Unsupported mime video/mp4v- esdp
06-14 21:40:00.561 501 594 W VideoCapabilities: Unsupported mime video/mp4v- esdp
06-14 21:40:00.571 501 594 W Utils : could not parse long range '35-34'
06-14 21:40:00.587 501 594 I VideoCapabilities: Unsupported profile 4 for video/mp4v-es
06-14 21:40:00.783 501 599 W FlurryAgent: Analytics report sent.
06-14 21:40:03.230 501 501 W FlurryAgent: Event count started: ACTIVITY_IMPORT_FROM_INCOMING_INTENT
06-14 21:40:03.586 501 537 I native : I/detector.h:161 Load landmarkmodel from /data/user/0/photo.editor.polarr/filesface.dat
06-14 21:40:06.877 501 509 I art : Do partial code cache collection, code=20KB, data=31KB
06-14 21:40:06.878 501 509 I art : After code cache collection, code=20KB, data=31KB
06-14 21:40:06.878 501 509 I art : Increasing code cache capacity to 128KB
06-14 21:40:08.895 501 501 V BoostFramework: mAcquireFunc method = public int com.qualcomm.qti.Performance.perfLockAcquire(int,int[])
06-14 21:40:08.896 501 501 V BoostFramework: mReleaseFunc method = public int com.qualcomm.qti.Performance.perfLockRelease()
06-14 21:40:08.896 501 501 V BoostFramework: mAcquireTouchFunc method = public int com.qualcomm.qti.Performance.perfLockAcquireTouch(android.view.MotionEvent,android. util.DisplayMetrics,int,int[])
06-14 21:40:08.896 501 501 V BoostFramework: mIOPStart method = public int com.qualcomm.qti.Performance.perfIOPrefetchStart(int,java.lang.String)
06-14 21:40:08.896 501 501 V BoostFramework: mIOPStop method = public int com.qualcomm.qti.Performance.perfIOPrefetchStop()
06-14 21:40:08.900 501 501 V BoostFramework: BoostFramework() : mPerf = com.qualcomm.qti.Performance@2cf5ccc
06-14 21:40:09.090 501 501 V Monotype: SetAppTypeFace- try to flip, app = photo.editor.polarr
06-14 21:40:09.090 501 501 V Monotype: Typeface getFontPathFlipFont - systemFont = /data/mt_fonts/0/Felbridge#Felbridge
06-14 21:40:09.152 501 501 V BoostFramework: BoostFramework() : mPerf = com.qualcomm.qti.Performance@1d8baa9
06-14 21:40:09.152 501 501 V BoostFramework: BoostFramework() : mPerf = com.qualcomm.qti.Performance@9dd282e
06-14 21:40:09.159 501 501 V BoostFramework: BoostFramework() : mPerf = com.qualcomm.qti.Performance@8595865
06-14 21:40:09.159 501 501 V BoostFramework: BoostFramework() : mPerf = com.qualcomm.qti.Performance@a17993a
06-14 21:40:09.201 501 501 E PPE : hasNotchInScreen ClassNotFoundException
06-14 21:40:09.202 501 590 W FlurryAgent: Flurry session resumed for context:co.polarr.polarrphotoeditor.gallery.GalleryListActivity@b791391
06-14 21:40:09.203 501 501 E PPE : hasNotchInScreen ClassNotFoundException
06-14 21:40:09.612 501 590 W FlurryAgent: Flurry session paused for context:co.polarr.polarrphotoeditor.EditorActivity@141ac37
06-14 21:40:10.978 501 642 I ExifInterface_JNI: Raw image not detected
06-14 21:40:10.980 501 642 W ExifInterface: Invalid image: ExifInterface got an unsupported image format file(ExifInterface supports JPEG and some RAW image formats only) or a corrupted JPEG file to ExifInterface.
06-14 21:40:10.980 501 642 W ExifInterface: java.io.IOException: Invalid marker: 89
06-14 21:40:10.980 501 642 W ExifInterface: at android.media.ExifInterface.getJpegAttributes(ExifInterface.java:1836)
06-14 21:40:10.980 501 642 W ExifInterface: at android.media.ExifInterface.loadAttributes(ExifInterface.java:1475)
06-14 21:40:10.980 501 642 W ExifInterface: at android.media.ExifInterface.<init>(ExifInterface.java:1112)
06-14 21:40:10.980 501 642 W ExifInterface: at co.polarr.utils.b.ʻ(SourceFile:247)
06-14 21:40:10.980 501 642 W ExifInterface: at co.polarr.utils.c$b$1.run(SourceFile:72)
06-14 21:40:10.980 501 642 W ExifInterface: at java.util.concurrent.ThreadPoolExecutor.runWorker(ThreadPoolExecutor.java:1133)
06-14 21:40:10.980 501 642 W ExifInterface: at java.util.concurrent.ThreadPoolExecutor$Worker.run(ThreadPoolExecutor.java:607)
06-14 21:40:10.980 501 642 W ExifInterface: at java.lang.Thread.run(Thread.java:761)
06-14 21:40:10.987 501 644 I ExifInterface_JNI: Raw image not detected
06-14 21:40:10.995 501 645 I ExifInterface_JNI: Raw image not detected
06-14 21:40:11.016 501 646 I ExifInterface_JNI: Raw image not detected
06-14 21:40:11.057 501 646 I ExifInterface_JNI: Raw image not detected
06-14 21:40:11.078 501 645 I ExifInterface_JNI: Raw image not detected
06-14 21:40:11.088 501 644 I ExifInterface_JNI: Raw image not detected
06-14 21:40:11.089 501 644 W ExifInterface: Skip the tag entry since tag number is not defined: 2
06-14 21:40:11.135 501 646 I ExifInterface_JNI: Raw image not detected
06-14 21:40:13.964 501 645 I ExifInterface_JNI: Raw image not detected
06-14 21:40:14.054 501 646 I ExifInterface_JNI: Raw image not detected
06-14 21:40:14.122 501 501 V BoostFramework: BoostFramework() : mPerf = com.qualcomm.qti.Performance@d25004a
06-14 21:40:14.122 501 501 V BoostFramework: BoostFramework() : mPerf = com.qualcomm.qti.Performance@213dbbb
06-14 21:40:14.907 501 501 V Monotype: SetAppTypeFace- try to flip, app = photo.editor.polarr
06-14 21:40:14.907 501 501 V Monotype: Typeface getFontPathFlipFont - systemFont = /data/mt_fonts/0/Felbridge#Felbridge
06-14 21:40:14.940 501 501 V BoostFramework: BoostFramework() : mPerf = com.qualcomm.qti.Performance@76f29ab
06-14 21:40:14.940 501 501 V BoostFramework: BoostFramework() : mPerf = com.qualcomm.qti.Performance@e490808
06-14 21:40:14.944 501 501 I ViewConfigCompat: Could not find method getScaledScrollFactor() on ViewConfiguration
06-14 21:40:14.969 501 501 E PPE : hasNotchInScreen ClassNotFoundException
06-14 21:40:14.971 501 590 W FlurryAgent: Flurry session resumed for context:co.polarr.polarrphotoeditor.gallery.GalleryImageActivity@41a7897
06-14 21:40:14.972 501 501 E PPE : hasNotchInScreen ClassNotFoundException
06-14 21:40:15.025 501 642 I ExifInterface_JNI: Raw image not detected
06-14 21:40:15.026 501 642 W ExifInterface: Skip the tag entry since tag number is not defined: 2
06-14 21:40:15.077 501 644 I ExifInterface_JNI: Raw image not detected
06-14 21:40:15.078 501 644 W ExifInterface: Skip the tag entry since tag number is not defined: 2
06-14 21:40:15.082 501 646 I ExifInterface_JNI: Raw image not detected
06-14 21:40:15.083 501 646 W ExifInterface: Skip the tag entry since tag number is not defined: 2
06-14 21:40:15.096 501 645 I ExifInterface_JNI: Raw image not detected
06-14 21:40:15.097 501 645 W ExifInterface: Skip the tag entry since tag number is not defined: 2
06-14 21:40:15.124 501 509 I art : Do partial code cache collection, code=45KB, data=62KB
06-14 21:40:15.126 501 509 I art : After code cache collection, code=45KB, data=62KB
06-14 21:40:15.126 501 509 I art : Increasing code cache capacity to 256KB
06-14 21:40:15.325 501 613 D OpenGLRenderer: endAllActiveAnimators on 0xba3dc780 (ListView) with handle 0xc35fe3e0
06-14 21:40:15.434 501 642 I ExifInterface_JNI: Raw image not detected
06-14 21:40:15.434 501 642 W ExifInterface: Skip the tag entry since tag number is not defined: 2
06-14 21:40:15.536 501 590 W FlurryAgent: Flurry session paused for context:co.polarr.polarrphotoeditor.gallery.GalleryListActivity@b791391
06-14 21:40:15.555 501 645 I ExifInterface_JNI: Raw image not detected
06-14 21:40:15.556 501 644 I ExifInterface_JNI: Raw image not detected
06-14 21:40:15.557 501 645 W ExifInterface: Skip the tag entry since tag number is not defined: 2
06-14 21:40:15.559 501 644 W ExifInterface: Skip the tag entry since tag number is not defined: 2
06-14 21:40:15.563 501 646 I ExifInterface_JNI: Raw image not detected
06-14 21:40:15.564 501 646 W ExifInterface: Skip the tag entry since tag number is not defined: 2
06-14 21:40:15.912 501 642 I ExifInterface_JNI: Raw image not detected
06-14 21:40:15.912 501 642 W ExifInterface: Skip the tag entry since tag number is not defined: 2
06-14 21:40:15.983 501 644 I ExifInterface_JNI: Raw image not detected
06-14 21:40:15.986 501 644 W ExifInterface: Skip the tag entry since tag number is not defined: 2
06-14 21:40:15.992 501 646 I ExifInterface_JNI: Raw image not detected
06-14 21:40:15.993 501 646 W ExifInterface: Skip the tag entry since tag number is not defined: 2
06-14 21:40:15.994 501 645 I ExifInterface_JNI: Raw image not detected
06-14 21:40:15.995 501 645 W ExifInterface: Skip the tag entry since tag number is not defined: 2
06-14 21:40:16.290 501 642 I ExifInterface_JNI: Raw image not detected
06-14 21:40:16.290 501 642 W ExifInterface: Skip the tag entry since tag number is not defined: 2
06-14 21:40:16.360 501 645 I ExifInterface_JNI: Raw image not detected
06-14 21:40:16.361 501 645 W ExifInterface: Skip the tag entry since tag number is not defined: 2
06-14 21:40:16.390 501 646 I ExifInterface_JNI: Raw image not detected
06-14 21:40:16.391 501 646 W ExifInterface: Skip the tag entry since tag number is not defined: 2
06-14 21:40:16.396 501 644 I ExifInterface_JNI: Raw image not detected
06-14 21:40:16.397 501 644 W ExifInterface: Skip the tag entry since tag number is not defined: 2
06-14 21:40:16.660 501 642 I ExifInterface_JNI: Raw image not detected
06-14 21:40:16.661 501 642 W ExifInterface: Skip the tag entry since tag number is not defined: 2
06-14 21:40:16.757 501 645 I ExifInterface_JNI: Raw image not detected
06-14 21:40:16.758 501 645 W ExifInterface: Skip the tag entry since tag number is not defined: 2
06-14 21:40:16.764 501 644 I ExifInterface_JNI: Raw image not detected
06-14 21:40:16.764 501 644 W ExifInterface: Skip the tag entry since tag number is not defined: 2
06-14 21:40:16.771 501 646 I ExifInterface_JNI: Raw image not detected
06-14 21:40:16.771 501 646 W ExifInterface: Skip the tag entry since tag number is not defined: 2
06-14 21:40:17.067 501 642 I ExifInterface_JNI: Raw image not detected
06-14 21:40:17.070 501 642 W ExifInterface: Skip the tag entry since tag number is not defined: 2
06-14 21:40:17.124 501 645 I ExifInterface_JNI: Raw image not detected
06-14 21:40:17.124 501 644 I ExifInterface_JNI: Raw image not detected
06-14 21:40:17.125 501 644 W ExifInterface: Skip the tag entry since tag number is not defined: 2
06-14 21:40:17.125 501 645 W ExifInterface: Skip the tag entry since tag number is not defined: 2
06-14 21:40:17.129 501 646 I ExifInterface_JNI: Raw image not detected
06-14 21:40:17.130 501 646 W ExifInterface: Skip the tag entry since tag number is not defined: 2
06-14 21:40:17.417 501 642 I ExifInterface_JNI: Raw image not detected
06-14 21:40:17.418 501 642 W ExifInterface: Skip the tag entry since tag number is not defined: 2
06-14 21:40:17.475 501 644 I ExifInterface_JNI: Raw image not detected
06-14 21:40:17.477 501 644 W ExifInterface: Skip the tag entry since tag number is not defined: 2
06-14 21:40:17.497 501 645 I ExifInterface_JNI: Raw image not detected
06-14 21:40:17.498 501 645 W ExifInterface: Skip the tag entry since tag number is not defined: 2
06-14 21:40:17.518 501 646 I ExifInterface_JNI: Raw image not detected
06-14 21:40:17.519 501 646 W ExifInterface: Skip the tag entry since tag number is not defined: 2
06-14 21:40:17.802 501 642 I ExifInterface_JNI: Raw image not detected
06-14 21:40:17.804 501 642 W ExifInterface: Skip the tag entry since tag number is not defined: 2
06-14 21:40:18.503 501 644 I ExifInterface_JNI: Raw image not detected
06-14 21:40:18.505 501 644 W ExifInterface: Skip the tag entry since tag number is not defined: 2
06-14 21:40:18.511 501 645 I ExifInterface_JNI: Raw image not detected
06-14 21:40:18.512 501 645 W ExifInterface: Skip the tag entry since tag number is not defined: 2
06-14 21:40:18.516 501 646 I ExifInterface_JNI: Raw image not detected
06-14 21:40:18.519 501 646 W ExifInterface: Skip the tag entry since tag number is not defined: 2
06-14 21:40:18.523 501 642 I ExifInterface_JNI: Raw image not detected
06-14 21:40:18.524 501 642 W ExifInterface: Skip the tag entry since tag number is not defined: 2
06-14 21:40:18.630 501 519 I art : Background partial concurrent mark sweep GC freed 8472(413KB) AllocSpace objects, 37(5MB) LOS objects, 40% free, 14MB/24MB, paused 2.680ms total 104.384ms
06-14 21:40:18.906 501 644 I ExifInterface_JNI: Raw image not detected
06-14 21:40:18.907 501 644 W ExifInterface: Skip the tag entry since tag number is not defined: 2
06-14 21:40:18.943 501 646 I ExifInterface_JNI: Raw image not detected
06-14 21:40:18.944 501 646 W ExifInterface: Skip the tag entry since tag number is not defined: 2
06-14 21:40:18.963 501 645 I ExifInterface_JNI: Raw image not detected
06-14 21:40:18.964 501 645 W ExifInterface: Skip the tag entry since tag number is not defined: 2
06-14 21:40:18.985 501 642 I ExifInterface_JNI: Raw image not detected
06-14 21:40:18.986 501 642 W ExifInterface: Skip the tag entry since tag number is not defined: 2
06-14 21:40:19.257 501 644 I ExifInterface_JNI: Raw image not detected
06-14 21:40:19.258 501 644 W ExifInterface: Skip the tag entry since tag number is not defined: 2
06-14 21:40:21.363 501 501 W FlurryAgent: Event count started: ACTIVITY_IMPORT_ALBUMS
06-14 21:40:21.370 501 501 E PPE : hasNotchInScreen ClassNotFoundException
06-14 21:40:21.370 501 590 W FlurryAgent: Flurry session resumed for context:co.polarr.polarrphotoeditor.EditorActivity@141ac37
06-14 21:40:21.372 501 501 E PPE : hasNotchInScreen ClassNotFoundException
06-14 21:40:21.544 501 613 D OpenGLRenderer: endAllActiveAnimators on 0xb8321e80 (GridView) with handle 0xba69b7b0
06-14 21:40:21.673 501 590 W FlurryAgent: Flurry session paused for context:co.polarr.polarrphotoeditor.gallery.GalleryImageActivity@41a7897
06-14 21:40:28.839 501 501 W FlurryAgent: Event count started: PPE_EVENT_load photo
06-14 21:40:28.841 501 501 E FlurryAgent: Failed to log event: PPE_EVENT_load photo
06-14 21:40:28.841 501 501 E FlurryAgent: java.lang.ClassCastException: java.lang.Integer cannot be cast to java.lang.String
06-14 21:40:28.841 501 501 E FlurryAgent: at com.flurry.sdk.iw.e(SourceFile:100)
06-14 21:40:28.841 501 501 E FlurryAgent: at com.flurry.sdk.iw.d(SourceFile:76)
06-14 21:40:28.841 501 501 E FlurryAgent: at com.flurry.sdk.jb.a(SourceFile:683)
06-14 21:40:28.841 501 501 E FlurryAgent: at com.flurry.sdk.hl.a(SourceFile:116)
06-14 21:40:28.841 501 501 E FlurryAgent: at com.flurry.android.FlurryAgent.logEvent(SourceFile:628)
06-14 21:40:28.841 501 501 E FlurryAgent: at co.polarr.polarrphotoeditor.EditorActivity.ʻ(SourceFile:1802)
06-14 21:40:28.841 501 501 E FlurryAgent: at co.polarr.polarrphotoeditor.c.a$b$1$1.run(SourceFile:243)
06-14 21:40:28.841 501 501 E FlurryAgent: at android.os.Handler.handleCallback(Handler.java:751)
06-14 21:40:28.841 501 501 E FlurryAgent: at android.os.Handler.dispatchMessage(Handler.java:95)
06-14 21:40:28.841 501 501 E FlurryAgent: at android.os.Looper.loop(Looper.java:159)
06-14 21:40:28.841 501 501 E FlurryAgent: at android.app.ActivityThread.main(ActivityThread.java:6146)
06-14 21:40:28.841 501 501 E FlurryAgent: at java.lang.reflect.Method.invoke(Native Method)
06-14 21:40:28.841 501 501 E FlurryAgent: at com.android.internal.os.ZygoteInit$MethodAndArgsCaller.run(ZygoteInit.java:886)
06-14 21:40:28.841 501 501 E FlurryAgent: at com.android.internal.os.ZygoteInit.main(ZygoteInit.java:776)
06-14 21:40:29.702 501 501 I Choreographer: Skipped 42 frames! The application may be doing too much work on its main thread.
06-14 21:40:40.205 501 501 W FlurryAgent: Event count started: PPE_EVENT_open export
06-14 21:40:40.207 501 501 E FlurryAgent: Failed to log event: PPE_EVENT_open export
06-14 21:40:40.207 501 501 E FlurryAgent: java.lang.ClassCastException: java.lang.Boolean cannot be cast to java.lang.String
06-14 21:40:40.207 501 501 E FlurryAgent: at com.flurry.sdk.iw.e(SourceFile:100)
06-14 21:40:40.207 501 501 E FlurryAgent: at com.flurry.sdk.iw.d(SourceFile:76)
06-14 21:40:40.207 501 501 E FlurryAgent: at com.flurry.sdk.jb.a(SourceFile:683)
06-14 21:40:40.207 501 501 E FlurryAgent: at com.flurry.sdk.hl.a(SourceFile:116)
06-14 21:40:40.207 501 501 E FlurryAgent: at com.flurry.android.FlurryAgent.logEvent(SourceFile:628)
06-14 21:40:40.207 501 501 E FlurryAgent: at co.polarr.polarrphotoeditor.EditorActivity.ʻ(SourceFile:1802)
06-14 21:40:40.207 501 501 E FlurryAgent: at co.polarr.polarrphotoeditor.c.a$b$1$1.run(SourceFile:243)
06-14 21:40:40.207 501 501 E FlurryAgent: at android.os.Handler.handleCallback(Handler.java:751)
06-14 21:40:40.207 501 501 E FlurryAgent: at android.os.Handler.dispatchMessage(Handler.java:95)
06-14 21:40:40.207 501 501 E FlurryAgent: at android.os.Looper.loop(Looper.java:159)
06-14 21:40:40.207 501 501 E FlurryAgent: at android.app.ActivityThread.main(ActivityThread.java:6146)
06-14 21:40:40.207 501 501 E FlurryAgent: at java.lang.reflect.Method.invoke(Native Method)
06-14 21:40:40.207 501 501 E FlurryAgent: at com.android.internal.os.ZygoteInit$MethodAndArgsCaller.run(ZygoteInit.java:886)
06-14 21:40:40.207 501 501 E FlurryAgent: at com.android.internal.os.ZygoteInit.main(ZygoteInit.java:776)
06-14 21:41:15.315 501 501 W FlurryAgent: Event count started: ACTIVITY_EXPORT_TO_ALBUM_SUCCESS
06-14 21:41:15.342 501 501 W FlurryAgent: Event count started: PPE_EVENT_apply filter
06-14 21:41:15.368 501 501 W FlurryAgent: Event count started: PPE_EVENT_export photo
06-14 21:41:15.369 501 501 E FlurryAgent: Failed to log event: PPE_EVENT_export photo
06-14 21:41:15.369 501 501 E FlurryAgent: java.lang.ClassCastException: java.util.ArrayList cannot be cast to java.lang.String
06-14 21:41:15.369 501 501 E FlurryAgent: at com.flurry.sdk.iw.e(SourceFile:100)
06-14 21:41:15.369 501 501 E FlurryAgent: at com.flurry.sdk.iw.d(SourceFile:76)
06-14 21:41:15.369 501 501 E FlurryAgent: at com.flurry.sdk.jb.a(SourceFile:683)
06-14 21:41:15.369 501 501 E FlurryAgent: at com.flurry.sdk.hl.a(SourceFile:116)
06-14 21:41:15.369 501 501 E FlurryAgent: at com.flurry.android.FlurryAgent.logEvent(SourceFile:628)
06-14 21:41:15.369 501 501 E FlurryAgent: at co.polarr.polarrphotoeditor.EditorActivity.ʻ(SourceFile:1802)
06-14 21:41:15.369 501 501 E FlurryAgent: at co.polarr.polarrphotoeditor.c.a$b$1$1.run(SourceFile:243)
06-14 21:41:15.369 501 501 E FlurryAgent: at android.os.Handler.handleCallback(Handler.java:751)
06-14 21:41:15.369 501 501 E FlurryAgent: at android.os.Handler.dispatchMessage(Handler.java:95)
06-14 21:41:15.369 501 501 E FlurryAgent: at android.os.Looper.loop(Looper.java:159)
06-14 21:41:15.369 501 501 E FlurryAgent: at android.app.ActivityThread.main(ActivityThread.java:6146)
06-14 21:41:15.369 501 501 E FlurryAgent: at java.lang.reflect.Method.invoke(Native Method)
06-14 21:41:15.369 501 501 E FlurryAgent: at com.android.internal.os.ZygoteInit$MethodAndArgsCaller.run(ZygoteInit.java:886)
06-14 21:41:15.369 501 501 E FlurryAgent: at com.android.internal.os.ZygoteInit.main(ZygoteInit.java:776)
06-14 21:41:36.667 501 501 I Choreographer: Skipped 50 frames! The application may be doing too much work on its main thread.