10-01 23:23:16.691 597 1162 I mm-camera: <MCT >< INFO> 4527: mct_pipeline_start_session_thread: E sensor
10-01 23:23:16.691 597 1162 I mm-camera: <MCT >< INFO> 4534: mct_pipeline_start_session_thread: Calling start_session on Module sensor
10-01 23:23:16.692 597 1163 I mm-camera: <MCT >< INFO> 4527: mct_pipeline_start_session_thread: E iface
10-01 23:23:16.692 597 1163 I mm-camera: <MCT >< INFO> 4534: mct_pipeline_start_session_thread: Calling start_session on Module iface
10-01 23:23:16.692 597 1165 I mm-camera: <MCT >< INFO> 4527: mct_pipeline_start_session_thread: E isp
10-01 23:23:16.692 597 1165 I mm-camera: <MCT >< INFO> 4534: mct_pipeline_start_session_thread: Calling start_session on Module isp
10-01 23:23:16.692 597 1165 I mm-camera: <ISP >< INFO> 201: isp_module_start_session: session id 2
10-01 23:23:16.692 597 1165 E mm-camera: <ISP ><ERROR> 213: isp_module_start_session: num_session_opened 0
10-01 23:23:16.693 597 1163 I mm-camera: <MCT >< INFO> 4537: mct_pipeline_start_session_thread: Module iface start_session rc = 1
10-01 23:23:16.693 597 1163 I mm-camera: <MCT >< INFO> 4545: mct_pipeline_start_session_thread: started_num = 1, success = 1
10-01 23:23:16.693 597 1163 I mm-camera: <MCT >< INFO> 4552: mct_pipeline_start_session_thread: X iface
10-01 23:23:16.693 597 1167 I mm-camera: <MCT >< INFO> 4527: mct_pipeline_start_session_thread: E stats
10-01 23:23:16.693 597 1167 I mm-camera: <MCT >< INFO> 4534: mct_pipeline_start_session_thread: Calling start_session on Module stats
10-01 23:23:16.693 597 1168 I mm-camera: <MCT >< INFO> 4527: mct_pipeline_start_session_thread: E pproc
10-01 23:23:16.694 597 1168 I mm-camera: <MCT >< INFO> 4534: mct_pipeline_start_session_thread: Calling start_session on Module pproc
10-01 23:23:16.694 558 558 I BufferProvider: found effect "Multichannel Downmix To Stereo" from The Android Open Source Project
10-01 23:23:16.694 597 1169 I mm-camera: <MCT >< INFO> 4527: mct_pipeline_start_session_thread: E imglib
10-01 23:23:16.695 597 1169 I mm-camera: <MCT >< INFO> 4534: mct_pipeline_start_session_thread: Calling start_session on Module imglib
10-01 23:23:16.695 558 558 I AudioFlinger: Using module 10 as the primary audio interface
10-01 23:23:16.695 558 1172 I AudioFlinger: AudioFlinger's thread 0xe6003040 tid=1172 ready to run
10-01 23:23:16.695 558 1172 W AudioFlinger: no wake lock to update, system not ready yet
10-01 23:23:16.695 527 1057 D audio_hw_primary: out_standby: enter: stream (0xec1ce000) usecase(1: low-latency-playback)
10-01 23:23:16.695 527 1057 D audio_hw_primary: out_standby: exit
10-01 23:23:16.695 558 1172 W AudioFlinger: no wake lock to update, system not ready yet
10-01 23:23:16.696 558 558 W AudioFlinger: moveEffects() bad srcOutput 0
10-01 23:23:16.696 597 1168 I mm-camera: <MCT >< INFO> 4537: mct_pipeline_start_session_thread: Module pproc start_session rc = 1
10-01 23:23:16.696 597 1168 I mm-camera: <MCT >< INFO> 4545: mct_pipeline_start_session_thread: started_num = 2, success = 2
10-01 23:23:16.697 597 1168 I mm-camera: <MCT >< INFO> 4552: mct_pipeline_start_session_thread: X pproc
10-01 23:23:16.697 527 1057 D audio_hw_primary: out_set_parameters: enter: usecase(1: low-latency-playback) kvpairs: routing=2
10-01 23:23:16.697 527 1057 D audio_hw_extn: audio_extn_set_anc_parameters: anc_enabled:0
10-01 23:23:16.697 558 558 I AudioFlinger: openOutput() this 0xe6abe000, module 10 Device 0x2, SamplingRate 48000, Format 0x000001, Channels 0x3, flags 0x104
10-01 23:23:16.697 527 1057 D audio_hw_primary: adev_open_output_stream: enter: format(0x1) sample_rate(48000) channel_mask(0x3) devices(0x2) flags(0x104) stream_handle(0xec1e7000)
10-01 23:23:16.697 597 1169 I mm-camera: <MCT >< INFO> 4537: mct_pipeline_start_session_thread: Module imglib start_session rc = 1
10-01 23:23:16.697 597 1169 I mm-camera: <MCT >< INFO> 4545: mct_pipeline_start_session_thread: started_num = 3, success = 3
10-01 23:23:16.697 597 1169 I mm-camera: <MCT >< INFO> 4552: mct_pipeline_start_session_thread: X imglib
10-01 23:23:16.698 527 1057 D audio_hw_primary: adev_open_output_stream: Stream (0xec1e7000) picks up usecase (audio-ull-playback)
10-01 23:23:16.699 558 558 I AudioFlinger: HAL output buffer size 192 frames, normal sink buffer size 960 frames
10-01 23:23:16.699 597 1162 I mm-camera: <MCT >< INFO> 4537: mct_pipeline_start_session_thread: Module sensor start_session rc = 1
10-01 23:23:16.699 597 1162 I mm-camera: <MCT >< INFO> 4545: mct_pipeline_start_session_thread: started_num = 4, success = 4
10-01 23:23:16.699 597 1162 I mm-camera: <MCT >< INFO> 4552: mct_pipeline_start_session_thread: X sensor
10-01 23:23:16.699 558 1176 I AudioFlinger: AudioFlinger's thread 0xe5d03440 tid=1176 ready to run
10-01 23:23:16.700 558 1176 W AudioFlinger: no wake lock to update, system not ready yet
10-01 23:23:16.700 527 1057 D audio_hw_primary: out_standby: enter: stream (0xec1e7000) usecase(12: audio-ull-playback)
10-01 23:23:16.700 527 1057 D audio_hw_primary: out_standby: exit
10-01 23:23:16.700 558 1176 W AudioFlinger: no wake lock to update, system not ready yet
10-01 23:23:16.701 527 1057 D audio_hw_primary: out_set_parameters: enter: usecase(12: audio-ull-playback) kvpairs: routing=2
10-01 23:23:16.701 558 558 I AudioFlinger: openOutput() this 0xe6abe000, module 10 Device 0x2, SamplingRate 48000, Format 0x000001, Channels 0x3, flags 0x8
10-01 23:23:16.701 527 1057 D audio_hw_primary: adev_open_output_stream: enter: format(0x1) sample_rate(48000) channel_mask(0x3) devices(0x2) flags(0x8) stream_handle(0xec1e9800)
10-01 23:23:16.701 527 1057 D audio_hw_primary: adev_open_output_stream: Stream (0xec1e9800) picks up usecase (deep-buffer-playback)
10-01 23:23:16.702 558 558 I AudioFlinger: HAL output buffer size 1920 frames, normal sink buffer size 1920 frames
10-01 23:23:16.702 597 1167 E mm-camera: <STATS_AIS ><ERROR> 448: dsps_open: try to sensor1_open()
10-01 23:23:16.702 558 1179 I AudioFlinger: AudioFlinger's thread 0xe5a03300 tid=1179 ready to run
10-01 23:23:16.702 597 1167 E libsensor1: check_sensors_enabled: Sensors enabled = true
10-01 23:23:16.702 558 1179 W AudioFlinger: no wake lock to update, system not ready yet
10-01 23:23:16.702 597 1167 E Diag_Lib: Diag_LSM_Init: Failed to open handle to diag driver, error = 13
10-01 23:23:16.703 527 1057 D audio_hw_primary: out_standby: enter: stream (0xec1e9800) usecase(0: deep-buffer-playback)
10-01 23:23:16.703 527 1057 D audio_hw_primary: out_standby: exit
10-01 23:23:16.703 558 1179 W AudioFlinger: no wake lock to update, system not ready yet
10-01 23:23:16.703 597 1165 E mm-camera: <ISP ><ERROR> 402: isp_module_start_session: num_session_opened 1
10-01 23:23:16.703 597 1165 I mm-camera: <MCT >< INFO> 4537: mct_pipeline_start_session_thread: Module isp start_session rc = 1
10-01 23:23:16.703 597 1165 I mm-camera: <MCT >< INFO> 4545: mct_pipeline_start_session_thread: started_num = 5, success = 5
10-01 23:23:16.703 597 1165 I mm-camera: <MCT >< INFO> 4552: mct_pipeline_start_session_thread: X isp
10-01 23:23:16.705 527 1057 D audio_hw_primary: out_set_parameters: enter: usecase(0: deep-buffer-playback) kvpairs: routing=2
10-01 23:23:16.705 558 558 I AudioFlinger: openOutput() this 0xe6abe000, module 10 Device 0x10000, SamplingRate 48000, Format 0x000001, Channels 0x3, flags 0
10-01 23:23:16.705 527 1057 D audio_hw_primary: adev_open_output_stream: enter: format(0x1) sample_rate(48000) channel_mask(0x3) devices(0x10000) flags(0) stream_handle(0xec1ec000)
10-01 23:23:16.705 527 1057 D audio_hw_primary: adev_open_output_stream: Stream (0xec1ec000) picks up usecase (afe-proxy-playback)
10-01 23:23:16.706 558 558 I AudioFlinger: HAL output buffer size 768 frames, normal sink buffer size 1152 frames
10-01 23:23:16.706 558 1186 I AudioFlinger: AudioFlinger's thread 0xe5883300 tid=1186 ready to run
10-01 23:23:16.706 558 1186 W AudioFlinger: no wake lock to update, system not ready yet
10-01 23:23:16.706 527 527 D audio_hw_primary: out_standby: enter: stream (0xec1ec000) usecase(47: afe-proxy-playback)
10-01 23:23:16.706 527 527 D audio_hw_primary: out_standby: exit
10-01 23:23:16.706 558 1186 W AudioFlinger: no wake lock to update, system not ready yet
10-01 23:23:16.707 527 527 D audio_hw_primary: out_set_parameters: enter: usecase(47: afe-proxy-playback) kvpairs: routing=65536
10-01 23:23:16.708 527 527 D audio_hw_primary: adev_open_input_stream: enter: sample_rate(48000) channel_mask(0xc) devices(0x80002000) stream_handle(0xed85b700) io_handle(14) source(1) format 1
10-01 23:23:16.708 527 527 W audio_hw_utils: audio_extn_utils_update_stream_input_app_type_cfg: App type could not be selected. Falling back to default
10-01 23:23:16.708 558 1187 I AudioFlinger: AudioFlinger's thread 0xe5503a40 tid=1187 ready to run
10-01 23:23:16.709 527 527 D audio_hw_primary: adev_close_input_stream: enter:stream_handle(0xed85b700)
10-01 23:23:16.709 527 527 D audio_hw_primary: in_standby: enter: stream (0xed85b700) usecase(18: audio-record)
10-01 23:23:16.709 527 527 D audio_hw_primary: adev_open_input_stream: enter: sample_rate(48000) channel_mask(0x17000c) devices(0x80000004) stream_handle(0xed85b700) io_handle(22) source(1) format 1
10-01 23:23:16.709 527 527 W audio_hw_utils: audio_extn_utils_update_stream_input_app_type_cfg: App type could not be selected. Falling back to default
10-01 23:23:16.710 558 1188 I AudioFlinger: AudioFlinger's thread 0xe5503240 tid=1188 ready to run
10-01 23:23:16.710 527 527 D audio_hw_primary: adev_close_input_stream: enter:stream_handle(0xed85b700)
10-01 23:23:16.710 527 527 D audio_hw_primary: in_standby: enter: stream (0xed85b700) usecase(18: audio-record)
10-01 23:23:16.710 527 527 D audio_hw_primary: adev_open_input_stream: enter: sample_rate(192000) channel_mask(0x8000000f) devices(0x80000004) stream_handle(0xed85b700) io_handle(30) source(1) format 5
10-01 23:23:16.710 527 527 W DeviceHAL: Error from HAL Device in function open_input_stream: Invalid argument
10-01 23:23:16.710 527 527 D audio_hw_primary: adev_open_input_stream: enter: sample_rate(48000) channel_mask(0x8000000f) devices(0x80000004) stream_handle(0xed85b700) io_handle(30) source(1) format 1
10-01 23:23:16.710 527 527 W audio_hw_utils: audio_extn_utils_update_stream_input_app_type_cfg: App type could not be selected. Falling back to default
10-01 23:23:16.711 558 1189 I AudioFlinger: AudioFlinger's thread 0xe5503140 tid=1189 ready to run
10-01 23:23:16.711 527 527 D audio_hw_primary: adev_close_input_stream: enter:stream_handle(0xed85b700)
10-01 23:23:16.711 527 527 D audio_hw_primary: in_standby: enter: stream (0xed85b700) usecase(18: audio-record)
10-01 23:23:16.711 527 527 D audio_hw_primary: adev_open_input_stream: enter: sample_rate(48000) channel_mask(0xc) devices(0x80000040) stream_handle(0xed85b700) io_handle(38) source(1) format 1
10-01 23:23:16.711 527 527 W DeviceHAL: Error from HAL Device in function open_input_stream: Invalid argument
10-01 23:23:16.711 527 527 D audio_hw_primary: adev_open_input_stream: enter: sample_rate(48000) channel_mask(0xc) devices(0x80000040) stream_handle(0xed85b700) io_handle(38) source(1) format 1
10-01 23:23:16.711 527 527 W DeviceHAL: Error from HAL Device in function open_input_stream: Invalid argument
10-01 23:23:16.711 558 558 W APM_AudioPolicyManager: Cannot open input stream for device 80000040 on hw module primary
10-01 23:23:16.713 597 1167 I mm-camera: <MCT >< INFO> 4537: mct_pipeline_start_session_thread: Module stats start_session rc = 1
10-01 23:23:16.713 597 1167 I mm-camera: <MCT >< INFO> 4545: mct_pipeline_start_session_thread: started_num = 6, success = 6
10-01 23:23:16.713 597 1167 I mm-camera: <MCT >< INFO> 4552: mct_pipeline_start_session_thread: X stats
10-01 23:23:16.714 597 597 E mm-camera: <ISP ><ERROR> 684: isp_module_get_session_data: availabevfe 2 num_open 1 num_isp_preallocate 0 dual_vfe 0
10-01 23:23:16.714 597 597 E mm-camera: <ISP ><ERROR> 141: isp_resource_query_mod: dual_vfe_enabled 0
10-01 23:23:16.714 597 597 E mm-camera: <ISP ><ERROR> 150: isp_resource_query_mod: availabe_vfe 2 num_isp_preallocate 0 num_session_opened 1 dual_vfe_enabled 0
10-01 23:23:16.725 558 558 I bt_a2dp_hw: adev_open: adev_open in A2dp_hw module
10-01 23:23:16.725 558 558 I AudioFlinger: loadHwModule() Loaded a2dp audio interface, handle 18
10-01 23:23:16.726 527 1057 D vndksupport: Loading /vendor/lib/hw/audio.usb.default.so from current namespace instead of sphal namespace.
10-01 23:23:16.730 597 597 I mm-camera: <MCT >< INFO> 4448: mct_pipeline_start_stream_internal: Adding session stream streamid= 0xf for session=2
10-01 23:23:16.731 597 597 I mm-camera: <MCT >< INFO> 4496: mct_pipeline_start_stream_internal: Linking session stream for session 2
10-01 23:23:16.731 597 597 I mm-camera: <MCT >< INFO> 503: mct_stream_start_link: Start linking Session-stream 0x2000f
10-01 23:23:16.731 597 597 I mm-camera: <IFACE >< INFO> 338: iface_util_find_primary_cid: iface_util_find_primary_cid:338 error cannot find primary sensor format cids 1
10-01 23:23:16.731 597 597 I mm-camera: <ISP >< INFO> 798: isp_port_check_caps_reserve: port 0xe3d69b40 ide 2000f type 10 dim 0 0
10-01 23:23:16.731 597 597 I mm-camera: <PPROC >< INFO> 446: pproc_port_add_modules_to_stream: in identity 2000f stream 10 int_link = 0xe3d6d4c0
10-01 23:23:16.731 597 597 I mm-camera: <PPROC >< INFO> 458: pproc_port_add_modules_to_stream: :LINK linking mods tmod and c2d for identity 2000f
10-01 23:23:16.731 558 558 I AudioFlinger: loadHwModule() Loaded usb audio interface, handle 26
10-01 23:23:16.731 597 597 I mm-camera: <C2D >< INFO> 1490: c2d_module_notify_add_stream: width 0, height 0, stride 0, scanline 0, is_type 0
10-01 23:23:16.731 597 597 I mm-camera: <PPROC >< INFO> 458: pproc_port_add_modules_to_stream: :LINK linking mods c2d and cpp for identity 2000f
10-01 23:23:16.731 597 597 I mm-camera: <CPP >< INFO> 2141: cpp_module_notify_add_stream: :width 0, height 0, stride 0, scanline 0, framelen 0
10-01 23:23:16.731 597 597 I mm-camera: <CPP >< INFO> 2306: cpp_module_notify_add_stream: : stream 10, fmt 1, asf_mode 0, sharpness_level 0.000000,asf mask 0, denoise 0, denoise_mask 0, dsdn mask 0,dsdn enable 0, tnr mask 0, tnr enable 0, ds_mask 0
10-01 23:23:16.731 597 597 I mm-camera: <PPROC >< INFO> 458: pproc_port_add_modules_to_stream: :LINK linking mods cpp and paaf for identity 2000f
10-01 23:23:16.732 597 597 I mm-camera: <PPROC >< INFO> 458: pproc_port_add_modules_to_stream: :LINK linking mods paaf and ezt for identity 2000f
10-01 23:23:16.732 597 597 I mm-camera: <PPROC >< INFO> 458: pproc_port_add_modules_to_stream: :LINK linking mods ezt and quadracfa for identity 2000f
10-01 23:23:16.732 527 1057 D vndksupport: Loading /vendor/lib/hw/audio.r_submix.default.so from current namespace instead of sphal namespace.
10-01 23:23:16.733 597 597 I mm-camera: <MCT >< INFO> 4505: mct_pipeline_start_stream_internal: Session stream linked successfully session 2
10-01 23:23:16.736 527 1057 I r_submix: adev_open(name=audio_hw_if)
10-01 23:23:16.736 527 1057 I r_submix: adev_init_check()
10-01 23:23:16.736 527 1057 W DeviceHAL: Error from HAL Device in function set_master_mute: Function not implemented
10-01 23:23:16.736 558 558 I AudioFlinger: loadHwModule() Loaded r_submix audio interface, handle 34
10-01 23:23:16.737 527 1057 D r_submix: adev_open_input_stream(addr=0)
10-01 23:23:16.737 527 1057 D r_submix: submix_audio_device_create_pipe_l(addr=0, idx=9)
10-01 23:23:16.737 527 1057 D r_submix: now using address 0 for route 9
10-01 23:23:16.738 558 1202 I AudioFlinger: AudioFlinger's thread 0xe5503b00 tid=1202 ready to run
10-01 23:23:16.738 527 1057 D r_submix: adev_close_input_stream()
10-01 23:23:16.738 527 1057 D r_submix: submix_audio_device_release_pipe_l(idx=9) addr=0
10-01 23:23:16.738 527 1057 D r_submix: submix_audio_device_destroy_pipe_l(): pipe destroyed
10-01 23:23:16.739 558 558 I : Waiting for activity service
10-01 23:23:16.771 1010 1074 D BootAnimation: BootAnimationShownTiming start time: 12322ms
10-01 23:23:16.776 597 1197 E mm-camera: <ISP ><ERROR> 141: isp_resource_query_mod: dual_vfe_enabled 0
10-01 23:23:16.776 597 1197 E mm-camera: <ISP ><ERROR> 150: isp_resource_query_mod: availabe_vfe 2 num_isp_preallocate 0 num_session_opened 1 dual_vfe_enabled 0
10-01 23:23:16.776 597 1197 I mm-camera: <IMGLIB>< INFO> 2062: module_faceproc_query_mod: Caps ROI 10 scene_mode_cnt 1 HW analysis supported 0
10-01 23:23:16.776 575 575 E wcnss_qmi: wcnss_qmi_get_wlan_address: Mac Address_valid: 1 Mac Address Len: 6
10-01 23:23:16.776 575 575 E wcnss_qmi: wcnss_qmi_get_wlan_address: Succesfully Read WLAN MAC Address
10-01 23:23:16.776 575 575 E wcnss_service: WLAN MAC Addr:c4:0b:cb:3e:91:55
10-01 23:23:16.776 575 575 E wcnss_qmi: wcnss_qmi_deinit: Deinitialize wcnss QMI Interface
10-01 23:23:16.776 597 1197 I mm-camera: <MCT >< INFO> 1758: mct_pipeline_append_fps_entry: Added hal_table[0]: (15.000000, 15.000000)
10-01 23:23:16.776 597 1197 I mm-camera: <MCT >< INFO> 1758: mct_pipeline_append_fps_entry: Added hal_table[1]: (20.000000, 20.000000)
10-01 23:23:16.777 597 1197 I mm-camera: <MCT >< INFO> 1758: mct_pipeline_append_fps_entry: Added hal_table[2]: (7.500000, 24.000000)
10-01 23:23:16.777 597 1197 I mm-camera: <MCT >< INFO> 1771: mct_pipeline_append_fps_entry: Added hal_table[3]: (24.000000, 24.000000)
10-01 23:23:16.777 597 1197 I mm-camera: <MCT >< INFO> 1758: mct_pipeline_append_fps_entry: Added hal_table[4]: (7.000000, 30.000000)
10-01 23:23:16.777 597 1197 I mm-camera: <MCT >< INFO> 1771: mct_pipeline_append_fps_entry: Added hal_table[5]: (30.000000, 30.000000)
10-01 23:23:16.777 597 1197 I mm-camera: <MCT >< INFO> 2942: mct_pipeline_fill_dimensions_snapshot: Cam 0: FPS range selection complete. Publishing 6 ranges.
10-01 23:23:16.777 575 575 I wcnss_service: data_nvfile_path /data/misc/wifi/nvbin/msm8953_293_0x00_0x01_0x00_nv.bin
10-01 23:23:16.777 575 575 E wcnss_service: source file do not exist /data/misc/wifi/nvbin/msm8953_293_0x00_0x01_0x00_nv.bin
10-01 23:23:16.777 575 575 E wcnss_service: Get source file path fail !
10-01 23:23:16.777 575 575 E wcnss_service: Serial Number is ba6d9804
10-01 23:23:16.777 575 575 E wcnss_service: Failed to write to /dev/wcnss_ctrl : Invalid argument
10-01 23:23:16.778 597 597 I mm-camera: <MCT >< INFO> 216: mct_controller_destroy: Initiating destroy sequence for session = 2
10-01 23:23:16.778 597 597 I mm-camera: <MCT >< INFO> 234: mct_controller_destroy: serv_thread closed
10-01 23:23:16.778 597 597 I mm-camera: <MCT >< INFO> 249: mct_controller_destroy: bus_handler thread closed
10-01 23:23:16.778 597 597 I mm-camera: <MCT >< INFO> 4605: mct_pipeline_stop_session: Initiating stop_session on session 2
10-01 23:23:16.778 597 597 I mm-camera: <MCT >< INFO> 3646: mct_pipeline_process_set: command=800000b
10-01 23:23:16.778 597 597 I mm-camera: <MCT >< INFO> 3864: mct_pipeline_process_set: Issuing DEL_STREAM on stream 0x2000f and stream type=10
10-01 23:23:16.778 597 597 I mm-camera: <IFACE >< INFO> 671: iface_unreserve_sink_port: stream_id f mode 0
10-01 23:23:16.778 597 597 I mm-camera: <ISP >< INFO> 887: isp_port_check_caps_unreserve: ide 2000f port 0xe3d69b40
10-01 23:23:16.779 597 597 I mm-camera: <MCT >< INFO> 3875: mct_pipeline_process_set: Stream 0x2000f and stream type=10, successfully deleted
10-01 23:23:16.780 597 1209 I mm-camera: <MCT >< INFO> 4339: mct_pipeline_stop_session_thread: Stop module name: sensor - E
10-01 23:23:16.780 597 1210 I mm-camera: <MCT >< INFO> 4339: mct_pipeline_stop_session_thread: Stop module name: iface - E
10-01 23:23:16.780 597 1211 I mm-camera: <MCT >< INFO> 4339: mct_pipeline_stop_session_thread: Stop module name: isp - E
10-01 23:23:16.780 597 1211 I mm-camera: <ISP >< INFO> 490: isp_module_stop_session: session id 2
10-01 23:23:16.780 597 1211 E mm-camera: <ISP ><ERROR> 504: isp_module_stop_session: num_session_opened 0
10-01 23:23:16.780 597 1210 I mm-camera: <MCT >< INFO> 4347: mct_pipeline_stop_session_thread: Stop module name: iface - X
10-01 23:23:16.781 597 1212 I mm-camera: <MCT >< INFO> 4339: mct_pipeline_stop_session_thread: Stop module name: stats - E
10-01 23:23:16.782 597 1213 I mm-camera: <MCT >< INFO> 4339: mct_pipeline_stop_session_thread: Stop module name: pproc - E
10-01 23:23:16.783 597 1213 I mm-camera: <MCT >< INFO> 4347: mct_pipeline_stop_session_thread: Stop module name: pproc - X
10-01 23:23:16.783 597 597 I mm-camera: <MCT >< INFO> 4627: mct_pipeline_stop_session: Modules left: 5
10-01 23:23:16.783 597 597 I mm-camera: <MCT >< INFO> 4627: mct_pipeline_stop_session: Modules left: 4
10-01 23:23:16.783 597 1211 I mm-camera: <MCT >< INFO> 4347: mct_pipeline_stop_session_thread: Stop module name: isp - X
10-01 23:23:16.783 597 597 I mm-camera: <MCT >< INFO> 4627: mct_pipeline_stop_session: Modules left: 3
10-01 23:23:16.783 597 1217 I mm-camera: <MCT >< INFO> 4339: mct_pipeline_stop_session_thread: Stop module name: imglib - E
10-01 23:23:16.784 597 1217 I mm-camera: <MCT >< INFO> 4347: mct_pipeline_stop_session_thread: Stop module name: imglib - X
10-01 23:23:16.784 597 597 I mm-camera: <MCT >< INFO> 4627: mct_pipeline_stop_session: Modules left: 2
10-01 23:23:16.787 597 1212 I mm-camera: <MCT >< INFO> 4347: mct_pipeline_stop_session_thread: Stop module name: stats - X
10-01 23:23:16.787 597 597 I mm-camera: <MCT >< INFO> 4627: mct_pipeline_stop_session: Modules left: 1
10-01 23:23:16.810 770 801 I LocSvc_api_v02: ---> locClientSendReq line 2102 QMI_LOC_REG_EVENTS_REQ_V02
10-01 23:23:16.816 770 801 I LocSvc_api_v02: ---> locClientSupportMsgCheck line 2221 QMI_LOC_GET_SUPPORTED_MSGS_REQ_V02
10-01 23:23:16.816 770 801 I LocSvc_api_v02: ---> locClientSendReq line 2102 QMI_LOC_QUERY_AON_CONFIG_REQ_V02
10-01 23:23:16.817 770 1219 I LocSvc_ApiV02: <--- globalRespCb line 141 QMI_LOC_QUERY_AON_CONFIG_REQ_V02
10-01 23:23:16.817 770 801 I LocSvc_api_v02: ---> locClientSendReq line 2102 QMI_LOC_GET_SUPPORTED_FEATURE_REQ_V02
10-01 23:23:16.817 770 801 E LocSvc_ApiV02: open:414:11]: Failed to get features supported from QMI_LOC_GET_SUPPORTED_FEATURE_REQ_V02.
10-01 23:23:16.817 770 801 I LocSvc_api_v02: ---> locClientSendReq line 2102 QMI_LOC_SET_GNSS_CONSTELL_REPORT_CONFIG_V02
10-01 23:23:16.817 770 1219 I LocSvc_ApiV02: <--- globalRespCb line 141 QMI_LOC_SET_GNSS_CONSTELL_REPORT_CONFIG_V02
10-01 23:23:16.818 770 801 I LocSvc_api_v02: ---> locClientSendReq line 2102 QMI_LOC_SET_PREMIUM_SERVICES_CONFIG_REQ_V02
10-01 23:23:16.818 572 624 E QC-time-services: Daemon:genoff_wlan_qmi_service_request: qmi_client_get_service_list returned -2num_services 0
10-01 23:23:16.819 770 1219 I LocSvc_ApiV02: <--- globalRespCb line 141 QMI_LOC_SET_PREMIUM_SERVICES_CONFIG_REQ_V02
10-01 23:23:16.819 770 801 I LocSvc_api_v02: ---> locClientSendReq line 2102 QMI_LOC_SET_PREMIUM_SERVICES_CONFIG_REQ_V02
10-01 23:23:16.819 770 801 E LocSvc_LBSApiV02: injectFeatureConfig:902]: Error : st = 3, ind.status = 0
10-01 23:23:16.819 770 801 I LocSvc_api_v02: ---> locClientSendReq line 2102 QMI_LOC_SET_PREMIUM_SERVICES_CONFIG_REQ_V02
10-01 23:23:16.819 770 1219 E QMI_FW : QCCI qmi_cci_xport_recv: txn not found. svc_id: 16
10-01 23:23:16.820 770 1219 I LocSvc_ApiV02: <--- globalRespCb line 141 QMI_LOC_SET_PREMIUM_SERVICES_CONFIG_REQ_V02
10-01 23:23:16.820 770 801 I LocSvc_api_v02: ---> locClientSendReq line 2102 QMI_LOC_REG_EVENTS_REQ_V02
10-01 23:23:16.835 597 1209 I mm-camera: <MCT >< INFO> 4347: mct_pipeline_stop_session_thread: Stop module name: sensor - X
10-01 23:23:16.836 597 597 I mm-camera: <MCT >< INFO> 4627: mct_pipeline_stop_session: Modules left: 0
10-01 23:23:16.836 597 597 I mm-camera: <MCT >< INFO> 4636: mct_pipeline_stop_session: Stopped session 2 successfully
10-01 23:23:16.836 597 597 I mm-camera: <MCT >< INFO> 4916: mct_pipeline_destroy: E: session:2
10-01 23:23:16.836 597 597 I mm-camera: <MCT >< INFO> 4989: mct_pipeline_destroy: X: Pipeline destroyed successfully session =2
10-01 23:23:16.836 597 597 I mm-camera: <MCT >< INFO> 282: mct_controller_destroy: X Successfully closed mct_controller session 2
10-01 23:23:16.837 529 529 I QCamera : <HAL><INFO> getCamInfo: 8134: camera 0 resource cost is 100
10-01 23:23:16.837 529 529 I QCamera : <HAL><INFO> openLegacy: 500: openLegacy halVersion: 256
10-01 23:23:16.838 529 529 D vndksupport: Loading /vendor/lib/hw/power.default.so from current namespace instead of sphal namespace.
10-01 23:23:16.891 740 740 E QMI_FW : QMUXD: WARNING qmi_qmux_if_pwr_up_init failed! rc=-6
10-01 23:23:16.897 1253 1253 I imsrcsd : Uce Service HAL is starting up...
10-01 23:23:16.908 579 579 W ServiceManagement: Waited one second for [email protected]::ICameraProvider/legacy/0. Waiting another...
10-01 23:23:17.026 562 562 D FingerGoodix: Open device[/dev/goodix_fp] success. Handle = 8
10-01 23:23:17.026 562 562 D FingerGoodix: gf_ready_spiclk. g_spi_clk = 0
10-01 23:23:17.026 562 562 D FingerGoodix: device_check_reset
10-01 23:23:17.026 562 562 D FingerGoodix: fnCa_GetStatus(), in
10-01 23:23:17.026 562 562 D FingerGoodix: gx_ta_send_command, cmd = 18
10-01 23:23:17.033 562 562 D FingerGoodix: fnCa_GetStatus(), out
10-01 23:23:17.033 562 562 D FingerGoodix: gx_ta_send_command, cmd = 19
10-01 23:23:17.037 562 562 D FingerGoodix: gf_disable_irq
10-01 23:23:17.043 562 562 D FingerGoodix: fnCa_GetStatus(), in
10-01 23:23:17.043 562 562 D FingerGoodix: gx_ta_send_command, cmd = 18
10-01 23:23:17.047 562 562 D FingerGoodix: fnCa_GetStatus(), out
10-01 23:23:17.047 562 562 D FingerGoodix: gf_enable_irq
10-01 23:23:17.054 562 562 D FingerGoodix: Create netlink thread.
10-01 23:23:17.054 562 562 D FingerGoodix: fingerprint device enable
10-01 23:23:17.054 562 562 D FingerGoodix: gx_ta_send_command, cmd = 1
10-01 23:23:17.054 562 1277 D FingerGoodix: NavThread Enter:
10-01 23:23:17.065 589 710 I ServiceManager: Waiting for service package_native...
10-01 23:23:17.078 518 518 E ActivityRecognitionHardware: activity_recognition HAL is deprecated. class_init is effectively a no-op
10-01 23:23:17.117 562 562 D FingerGoodix: getprop[sys.fp.goodix] return: 0, prop:
10-01 23:23:17.117 562 562 D FingerGoodix: setprop[sys.fp.goodix] to '1', return: 0
10-01 23:23:17.117 562 562 D FingerGoodix: getprop[sys.fp.vendor] return: 0, prop:
10-01 23:23:17.117 562 562 D FingerGoodix: setprop[sys.fp.vendor] to 'goodix', return: 0
10-01 23:23:17.117 562 562 D FingerGoodix: getprop[sys.fp.onstart] return: 0, prop:
10-01 23:23:17.118 562 562 D FingerGoodix: setprop[sys.fp.onstart] to '1', return: 0
10-01 23:23:17.118 562 562 D FingerGoodix: fingerprint set notify function.
10-01 23:23:17.118 562 562 D FingerGoodix: fingerprint get version.
10-01 23:23:17.118 562 562 D FingerGoodix: fnCa_GetVersion
10-01 23:23:17.118 562 562 D FingerGoodix: gx_ta_send_command, cmd = 42
10-01 23:23:17.123 562 562 D FingerGoodix: Ta version: 1.0.9 Mar 31 2017 14:24:36
10-01 23:23:17.123 562 562 D FingerGoodix: Navigation version: MilanF_Navigation_v_1.01.18
10-01 23:23:17.123 562 562 D FingerGoodix: Algorithm version: Milan_v_2.01.20
10-01 23:23:17.123 562 562 E FingerGoodix: ##################################################################
10-01 23:23:17.123 562 562 E FingerGoodix: SOFT VERSION INFO
10-01 23:23:17.123 562 562 E FingerGoodix: TARGET_MODE=
10-01 23:23:17.123 562 562 E FingerGoodix: PACKAGE_VERSION_CODE=1001005
10-01 23:23:17.123 562 562 E FingerGoodix: PACKAGE_VERSION_NAME=V1.0.10_r5_20160913
10-01 23:23:17.123 562 562 E FingerGoodix: GIT_BRANCH=milan-f- androidN
10-01 23:23:17.123 562 562 E FingerGoodix: COMMIT_ID=67bdab69da2a8ee595d2840b175c4c95ea3f6f19
10-01 23:23:17.123 562 562 E FingerGoodix: BUILD_TIME=2017.08.30_11:14:42
10-01 23:23:17.123 562 562 E FingerGoodix: Service version:1.0.12 Aug 30 2017 11:14:46,Ta version:1.0.9 Mar 31 2017 14:24:36,Navigation version:MilanF_Navigation_v_1.01.18,Algorithm version:Milan_v_2.01.20.
10-01 23:23:17.123 562 562 E FingerGoodix: ##################################################################
10-01 23:23:17.123 562 562 D FingerGoodix: fnCa_preprossor_init
10-01 23:23:17.123 562 562 D FingerGoodix: gx_ta_send_command, cmd = 41
10-01 23:23:17.129 1249 1249 E RTPServiceImpl: qpLogDiagInit <== result : 1; log_write_mutex is Initialized
10-01 23:23:17.129 1249 1249 E RTPServiceImpl: [IMS_AP_RTP]"RTP Daemon bLogRTPMsgs 1, bLogRTPDataMsgs 1, bLogAdbMsgs 0"
10-01 23:23:17.129 1249 1249 E RTPServiceImpl: [IMS_AP_RTP]"RTP Daemon main entry : 3e9"
10-01 23:23:17.129 1249 1249 E Diag_Lib: [IMS_AP_RTP]"qvp_rtp_task_init"
10-01 23:23:17.130 1249 1249 E RTPServiceImpl: [IMS_AP_RTP]"ims-rtp-daemon listen done"
10-01 23:23:17.130 1249 1249 E RTPServiceImpl: [IMS_AP_RTP]"ims-rtp-daemon qmi_rtp_register_service >"
10-01 23:23:17.130 1249 1281 E Diag_Lib: DPL : gIsQXDMDisabled 0, gIsADBDisabled 1, gIsDebugDisabled 0, gIsIMSLogsDisabled 0 gIsDebugDataPathDisabled = 0
10-01 23:23:17.130 1249 1281 E Diag_Lib: [IMS_FATAL]| 1281 |qpNetSetReadFds - DataD IPC socket not available
10-01 23:23:17.130 1249 1281 E Diag_Lib: [IMS_FATAL]| 1281 | qpCheckSockEventsOnNetConnProfiles : pNetConnProfileArray NULL
10-01 23:23:17.131 1249 1281 E Diag_Lib: qvp_rtp_h264_profile_init rateadaptEnabled =15
10-01 23:23:17.131 1249 1249 E RTPServiceImpl: [IMS_AP_RTP]"ims-rtp-daemon qmi_rtp_register_service rc : 0"
10-01 23:23:17.131 1249 1249 E RTPServiceImpl: [IMS_AP_RTP]"ims-rtp-daemon qmi_rtp_register_service service_cookie.service_handle : 0x1"
10-01 23:23:17.131 1249 1249 E RTPServiceImpl: [IMS_AP_RTP]"HIDL Service is starting."
10-01 23:23:17.131 1249 1282 E RTPServiceImpl: [IMS_AP_RTP]"ms-rtp-daemon ims_rtp_qmi_handler_thread_func >"
10-01 23:23:17.131 1249 1249 E Diag_Lib: bLogRTPMSgs =1,rtpdata=1,adblog=0
10-01 23:23:17.131 1249 1249 E RTPServiceImpl: [IMS_AP_RTP]"RTPService callback Registraton"
10-01 23:23:17.136 1249 1283 E RTPServiceImpl: [IMS_AP_RTP]"QmiOttLoop : ims_rtp_qmi_ott_init failed....."
10-01 23:23:17.136 1249 1281 E Diag_Lib: [IMS_FATAL]| 1281 | qpCheckSockEventsOnNetConnProfiles : pNetConnProfileArray NULL
10-01 23:23:17.152 576 576 E QMI_FW : QMUXD: WARNING qmi_qmux_if_pwr_up_init failed! rc=-6
10-01 23:23:17.159 518 518 I zygote64: Thread[1,tid=518,Native,Thread*=0x7730e14c00,peer=0x12c01f38,"main"] recursive attempt to load library "/system/lib64/libmedia_jni.so"
10-01 23:23:17.159 518 518 D MtpDeviceJNI: register_android_mtp_MtpDevice
10-01 23:23:17.160 518 518 I zygote64: Thread[1,tid=518,Native,Thread*=0x7730e14c00,peer=0x12c01f38,"main"] recursive attempt to load library "/system/lib64/libmedia_jni.so"
10-01 23:23:17.160 518 518 I zygote64: Thread[1,tid=518,Native,Thread*=0x7730e14c00,peer=0x12c01f38,"main"] recursive attempt to load library "/system/lib64/libmedia_jni.so"
10-01 23:23:17.168 1278 1278 E [email protected]: Start fingerprintd
10-01 23:23:17.187 562 1276 D FingerGoodix: Received message: 0. gIRQFlag:1
10-01 23:23:17.187 562 1276 D FingerGoodix: gf_netlink_event, event:0
10-01 23:23:17.187 562 1276 D FingerGoodix: gf_ready_spiclk. g_spi_clk = 1
10-01 23:23:17.187 562 1276 D FingerGoodix: fnCa_GetStatus()
10-01 23:23:17.187 562 1276 D FingerGoodix: fnCa_GetStatus(), in
10-01 23:23:17.269 571 571 I rild : type=1400 audit(0.0:572): avc: denied { lock } for path="/data/vendor/radio/qcril.db" dev="mmcblk0p49" ino=1343773 scontext=u:r:rild:s0 tcontext=u:object_r:vendor_data_file:s0 tclass=file permissive=1
10-01 23:23:17.269 571 571 I rild : type=1400 audit(0.0:573): avc: denied { getattr } for path="/data/vendor/radio/qcril.db" dev="mmcblk0p49" ino=1343773 scontext=u:r:rild:s0 tcontext=u:object_r:vendor_data_file:s0 tclass=file permissive=1
10-01 23:23:17.279 571 571 I rild : type=1400 audit(0.0:574): avc: denied { read } for name="iccid_1" dev="mmcblk0p49" ino=1343855 scontext=u:r:rild:s0 tcontext=u:object_r:vendor_data_file:s0 tclass=file permissive=1
10-01 23:23:17.279 571 571 I rild : type=1400 audit(0.0:575): avc: denied { open } for path="/data/vendor/radio/iccid_1" dev="mmcblk0p49" ino=1343855 scontext=u:r:rild:s0 tcontext=u:object_r:vendor_data_file:s0 tclass=file permissive=1
10-01 23:23:17.338 518 518 I Zygote : ...preloaded 6535 classes in 917ms.
10-01 23:23:17.338 518 518 I zygote64: VMRuntime.preloadDexCaches starting
10-01 23:23:17.369 693 693 I qseecomd: type=1400 audit(0.0:576): avc: denied { ioctl } for path="/dev/qseecom" dev="tmpfs" ino=13589 ioctlcmd=9706 scontext=u:r:init:s0 tcontext=u:object_r:device:s0 tclass=chr_file permissive=1
10-01 23:23:17.388 518 518 I zygote64: VMRuntime.preloadDexCaches strings total=340645 before=12358 after=12358
10-01 23:23:17.388 518 518 I zygote64: VMRuntime.preloadDexCaches types total=31464 before=7858 after=7859
10-01 23:23:17.388 518 518 I zygote64: VMRuntime.preloadDexCaches fields total=141245 before=9197 after=9197
10-01 23:23:17.388 518 518 I zygote64: VMRuntime.preloadDexCaches methods total=248537 before=12820 after=12820
10-01 23:23:17.388 518 518 I zygote64: VMRuntime.preloadDexCaches finished
10-01 23:23:17.395 562 562 D FingerGoodix: preprocessor init ret = 0
10-01 23:23:17.395 562 1276 D FingerGoodix: gx_ta_send_command, cmd = 18
10-01 23:23:17.395 562 562 D FingerGoodix: mCurStatus = 0 , nextStatus = 1
10-01 23:23:17.395 562 1313 D FingerGoodix: create RawDataProcessLoop!
10-01 23:23:17.395 562 1313 D FingerGoodix: RawDataProcessLoop waiting signal!
10-01 23:23:17.395 562 1313 D FingerGoodix: getChipMode = 0
10-01 23:23:17.395 562 1313 D FingerGoodix: setChipMode = 1
10-01 23:23:17.395 562 1313 D FingerGoodix: fingerprint set mode. mode = 0x1
10-01 23:23:17.395 562 1313 D FingerGoodix: device_setMode ,mode = 1, g_mode = 0, ignore = 2
10-01 23:23:17.396 465 465 E SELinux : avc: denied { add } for service=goodix.fp pid=562 uid=1000 scontext=u:r:init:s0 tcontext=u:object_r:default_android_service:s0 tclass=service_manager permissive=1
10-01 23:23:17.399 562 1276 D FingerGoodix: fnCa_GetStatus(), out
10-01 23:23:17.399 562 1276 D FingerGoodix: gf_netlink_event 440 status 0x0 g_mode 0 g_state 0
10-01 23:23:17.399 562 1276 D FingerGoodix: g_mode = 0
10-01 23:23:17.399 562 1276 D FingerGoodix: #### Invalid int. g_mode = 0
10-01 23:23:17.399 562 1276 D FingerGoodix: Received message: 0. gIRQFlag:1
10-01 23:23:17.399 562 1313 D FingerGoodix: Set mode : 1, g_mode = 0
10-01 23:23:17.399 562 1313 D FingerGoodix: Enable clock.
10-01 23:23:17.399 562 1313 D FingerGoodix: gf_ready_spiclk. g_spi_clk = 1
10-01 23:23:17.399 562 1313 D FingerGoodix: ############ reset before read statue 0x0 g_mode 0
10-01 23:23:17.405 562 1313 D FingerGoodix: delete timer
10-01 23:23:17.405 562 1313 D FingerGoodix: delete timer
10-01 23:23:17.405 562 1313 D FingerGoodix: gf_enable_irq
10-01 23:23:17.405 562 1313 D FingerGoodix: gx_ta_send_command, cmd = 3
10-01 23:23:17.413 562 1313 D FingerGoodix: ### download fdt get down cfg g_state 1
10-01 23:23:17.413 562 1313 D FingerGoodix: gx_ta_send_command, cmd = 60
10-01 23:23:17.425 562 1276 D FingerGoodix: gf_netlink_event, event:0
10-01 23:23:17.425 562 1313 D FingerGoodix: RawDataProcessLoop set to default mode
10-01 23:23:17.426 562 1276 D FingerGoodix: gf_ready_spiclk. g_spi_clk = 1
10-01 23:23:17.426 562 1276 D FingerGoodix: fnCa_GetStatus()
10-01 23:23:17.426 562 1276 D FingerGoodix: fnCa_GetStatus(), in
10-01 23:23:17.426 562 1276 D FingerGoodix: gx_ta_send_command, cmd = 18
10-01 23:23:17.429 562 1276 D FingerGoodix: fnCa_GetStatus(), out
10-01 23:23:17.429 562 1276 D FingerGoodix: gf_netlink_event 440 status 0x0 g_mode 1 g_state 1
10-01 23:23:17.429 562 1276 D FingerGoodix: g_mode = 1
10-01 23:23:17.429 562 1276 D FingerGoodix: #### Invalid int. g_mode = 1
10-01 23:23:17.429 562 1276 D FingerGoodix: Received message: 0. gIRQFlag:1
10-01 23:23:17.429 562 1276 D FingerGoodix: gf_netlink_event, event:0
10-01 23:23:17.429 562 1276 D FingerGoodix: gf_ready_spiclk. g_spi_clk = 1
10-01 23:23:17.429 562 1276 D FingerGoodix: fnCa_GetStatus()
10-01 23:23:17.429 562 1276 D FingerGoodix: fnCa_GetStatus(), in
10-01 23:23:17.429 562 1276 D FingerGoodix: gx_ta_send_command, cmd = 18
10-01 23:23:17.433 562 1276 D FingerGoodix: fnCa_GetStatus(), out
10-01 23:23:17.433 562 1276 D FingerGoodix: gf_netlink_event 440 status 0x0 g_mode 1 g_state 1
10-01 23:23:17.433 562 1276 D FingerGoodix: g_mode = 1
10-01 23:23:17.433 562 1276 D FingerGoodix: #### Invalid int. g_mode = 1
10-01 23:23:17.433 562 1276 D FingerGoodix: Received message: 0. gIRQFlag:1
10-01 23:23:17.433 562 1276 D FingerGoodix: gf_netlink_event, event:0
10-01 23:23:17.433 562 1276 D FingerGoodix: gf_ready_spiclk. g_spi_clk = 1
10-01 23:23:17.433 562 1276 D FingerGoodix: fnCa_GetStatus()
10-01 23:23:17.433 562 1276 D FingerGoodix: fnCa_GetStatus(), in
10-01 23:23:17.433 562 1276 D FingerGoodix: gx_ta_send_command, cmd = 18
10-01 23:23:17.437 562 1276 D FingerGoodix: fnCa_GetStatus(), out
10-01 23:23:17.437 562 1276 D FingerGoodix: gf_netlink_event 440 status 0x0 g_mode 1 g_state 1
10-01 23:23:17.437 562 1276 D FingerGoodix: g_mode = 1
10-01 23:23:17.437 562 1276 D FingerGoodix: #### Invalid int. g_mode = 1
10-01 23:23:17.438 529 529 I QCamera : <HAL><INFO> openCamera: 1821: [KPI Perf]: E PROFILE_OPEN_CAMERA camera id 0
10-01 23:23:17.438 575 575 I wcnss_service: wcnss_read_and_store_cal_data trying to read cal
10-01 23:23:17.438 1278 1278 E [email protected]: Start biometrics
10-01 23:23:17.438 1249 1249 E RTPServiceImpl: [IMS_AP_RTP]"[ION_RTP]Device open success"
10-01 23:23:17.438 1278 1278 E FingerprintHal: getService g_servie is NULL
10-01 23:23:17.439 466 466 E SELinux : avc: denied { find } for interface=vendor.qti.hardware.perf::IPerf pid=529 scontext=u:r:hal_camera_default:s0 tcontext=u:object_r:default_android_hwservice:s0 tclass=hwservice_manager permissive=1
10-01 23:23:17.439 465 465 E SELinux : avc: denied { find } for service=android.hardware.fingerprint.IFingerprintCustomDaemon pid=1278 uid=1000 scontext=u:r:init:s0 tcontext=u:object_r:default_android_service:s0 tclass=service_manager permissive=1
10-01 23:23:17.439 1278 1278 E FingerprintHal: getService succeed
10-01 23:23:17.439 1278 1278 D vndksupport: Loading /vendor/lib64/hw/fingerprint.goodix.so from current namespace instead of sphal namespace.
10-01 23:23:17.440 529 529 E QCamera : <HAL><ERROR> lock_acq_timed: 314: failed to acquire lock
10-01 23:23:17.440 597 597 I mm-camera: < INFO> 395: void enable_memleak_trace(int): start memleak tracking.
10-01 23:23:17.445 1278 1278 D FingerGoodix: fpcode, fingerprint_open(), merged
10-01 23:23:17.445 1278 1278 D FingerGoodix: fingerprint open
10-01 23:23:17.445 1278 1278 D FingerGoodix: Max fp number: 12
10-01 23:23:17.445 1278 1278 D FingerGoodix: createListenerThread
10-01 23:23:17.445 1278 1278 D FingerGoodix: fpcode, set_active_group_to_channel(0, '/data/system/users/0/fpdata/')
10-01 23:23:17.445 1278 1318 D FingerGoodix: fpcode, listenerFunction(0x74dfc4b1c0)
10-01 23:23:17.445 1278 1318 D FingerGoodix: fpcode, recv_fp_scan_data(0x74dfad0410)
10-01 23:23:17.445 1278 1318 D FingerGoodix: fpcode, recv_fp_scan_data(), receiving
10-01 23:23:17.446 1278 1278 D FingerGoodix: fpcode, create data dir.
10-01 23:23:17.446 1278 1278 D FingerGoodix: fpcode, anr 2
10-01 23:23:17.446 1278 1278 D FingerGoodix: fpcode, anr 2 /
10-01 23:23:17.446 1278 1278 D FingerGoodix: fpcode, goodix sensor need to init. merged
10-01 23:23:17.446 1278 1278 D FingerGoodix: go into FingerPrint,getFingerPrintService()
10-01 23:23:17.446 1278 1278 D FingerGoodix: go into while FingerPrint,getFingerPrintService()
10-01 23:23:17.446 1278 1278 D FingerGoodix: Success to get FingerPrint Service
10-01 23:23:17.446 1278 1278 D FingerGoodix: Begin to connect FingerPrint...
10-01 23:23:17.446 1278 1278 D FingerGoodix: FingerPrint::init mstatus to OK
10-01 23:23:17.447 562 1314 D FingerGoodix: server,connect
10-01 23:23:17.447 562 1314 D FingerGoodix: finger print service is connecting,client id is 0,pid = 123
10-01 23:23:17.447 562 1314 D FingerGoodix: FingerPrintService client(class:FingerPrint) is constructing,clientID = 0
10-01 23:23:17.447 562 1314 D FingerGoodix: Set finger print busy flag in client construct
10-01 23:23:17.447 1278 1278 D FingerGoodix: Begin to connect to fingerprintService
10-01 23:23:17.447 1278 1278 D FingerGoodix: fpcode, goodix_sensor_init() ok!
10-01 23:23:17.447 1278 1278 D FingerGoodix: finger print set FingerPrintListener
10-01 23:23:17.447 1278 1278 D : finger print client call gx_setActiveGroup!
10-01 23:23:17.447 1278 1278 D : client, setActiveGroup
10-01 23:23:17.447 562 1314 D FingerGoodix: Set the active group
10-01 23:23:17.447 562 1314 D FingerGoodix: prepare FpEnv, active client=0x0
10-01 23:23:17.447 562 1314 D FingerGoodix: fingerprint_set_active_client()
10-01 23:23:17.447 562 1314 D FingerGoodix: gx_ta_send_command, cmd = 50
10-01 23:23:17.449 597 597 I mm-camera: <MCT >< INFO> 63: mct_controller_new: Creating new mct_controller with session-id 2
10-01 23:23:17.449 597 1319 I mm-camera: <MCT >< INFO> 4527: mct_pipeline_start_session_thread: E sensor
10-01 23:23:17.449 597 1319 I mm-camera: <MCT >< INFO> 4534: mct_pipeline_start_session_thread: Calling start_session on Module sensor
10-01 23:23:17.450 597 1320 I mm-camera: <MCT >< INFO> 4527: mct_pipeline_start_session_thread: E iface
10-01 23:23:17.450 597 1320 I mm-camera: <MCT >< INFO> 4534: mct_pipeline_start_session_thread: Calling start_session on Module iface
10-01 23:23:17.450 597 1322 I mm-camera: <MCT >< INFO> 4527: mct_pipeline_start_session_thread: E isp
10-01 23:23:17.450 597 1322 I mm-camera: <MCT >< INFO> 4534: mct_pipeline_start_session_thread: Calling start_session on Module isp
10-01 23:23:17.450 597 1322 I mm-camera: <ISP >< INFO> 201: isp_module_start_session: session id 2
10-01 23:23:17.450 597 1322 E mm-camera: <ISP ><ERROR> 213: isp_module_start_session: num_session_opened 0
10-01 23:23:17.450 597 1323 I mm-camera: <MCT >< INFO> 4527: mct_pipeline_start_session_thread: E stats
10-01 23:23:17.450 597 1323 I mm-camera: <MCT >< INFO> 4534: mct_pipeline_start_session_thread: Calling start_session on Module stats
10-01 23:23:17.452 562 1314 D FingerGoodix: Client[0] set active group to 0
10-01 23:23:17.452 562 1314 D FingerGoodix: Client::cancelRegist
10-01 23:23:17.452 562 1314 D FingerGoodix: gx_ta_send_command, cmd = 6
10-01 23:23:17.455 562 1314 D FingerGoodix: Client::cancelRecognize 1
10-01 23:23:17.455 562 1314 D FingerGoodix: Already canceled!
10-01 23:23:17.455 562 1314 D FingerGoodix: mCurStatus = 1 , nextStatus = 1
10-01 23:23:17.455 562 1314 D FingerGoodix: fingerprint set notify function.
10-01 23:23:17.455 562 1314 D FingerGoodix: set hal_notify
10-01 23:23:17.455 562 1314 D FingerGoodix: gx_ta_send_command, cmd = 2
10-01 23:23:17.455 562 1314 E FingerGoodix: Bad input argument. NULL Buffer.
10-01 23:23:17.455 562 1314 D FingerGoodix: fingerprint_set_active_client()
10-01 23:23:17.455 562 1314 D FingerGoodix: gx_ta_send_command, cmd = 50
10-01 23:23:17.458 562 1314 D FingerGoodix: fingerprint_set_active_group()
10-01 23:23:17.458 562 1314 D FingerGoodix: gx_ta_send_command, cmd = 49
10-01 23:23:17.459 597 1325 I mm-camera: <MCT >< INFO> 4527: mct_pipeline_start_session_thread: E pproc
10-01 23:23:17.459 597 1325 I mm-camera: <MCT >< INFO> 4534: mct_pipeline_start_session_thread: Calling start_session on Module pproc
10-01 23:23:17.459 597 1320 I mm-camera: <MCT >< INFO> 4537: mct_pipeline_start_session_thread: Module iface start_session rc = 1
10-01 23:23:17.461 597 1320 I mm-camera: <MCT >< INFO> 4545: mct_pipeline_start_session_thread: started_num = 1, success = 1
10-01 23:23:17.461 597 1320 I mm-camera: <MCT >< INFO> 4552: mct_pipeline_start_session_thread: X iface
10-01 23:23:17.462 597 1326 I mm-camera: <MCT >< INFO> 4527: mct_pipeline_start_session_thread: E imglib
10-01 23:23:17.462 597 1326 I mm-camera: <MCT >< INFO> 4534: mct_pipeline_start_session_thread: Calling start_session on Module imglib
10-01 23:23:17.463 597 1326 I mm-camera: <MCT >< INFO> 4537: mct_pipeline_start_session_thread: Module imglib start_session rc = 1
10-01 23:23:17.463 597 1326 I mm-camera: <MCT >< INFO> 4545: mct_pipeline_start_session_thread: started_num = 2, success = 2
10-01 23:23:17.463 597 1326 I mm-camera: <MCT >< INFO> 4552: mct_pipeline_start_session_thread: X imglib
10-01 23:23:17.463 597 1325 I mm-camera: <MCT >< INFO> 4537: mct_pipeline_start_session_thread: Module pproc start_session rc = 1
10-01 23:23:17.463 562 1314 D FingerGoodix: setChipMode = 1
10-01 23:23:17.463 597 1325 I mm-camera: <MCT >< INFO> 4545: mct_pipeline_start_session_thread: started_num = 3, success = 3
10-01 23:23:17.463 562 1314 D FingerGoodix: fingerprint set mode. mode = 0x1
10-01 23:23:17.463 597 1325 I mm-camera: <MCT >< INFO> 4552: mct_pipeline_start_session_thread: X pproc
10-01 23:23:17.463 562 1314 D FingerGoodix: device_setMode ,mode = 1, g_mode = 1, ignore = 2
10-01 23:23:17.463 562 1314 D FingerGoodix: Set mode : 1, g_mode = 1
10-01 23:23:17.463 562 1314 D FingerGoodix: has already in mode : 1
10-01 23:23:17.464 1278 1278 D FingerGoodix: finger print client call setMode!
10-01 23:23:17.464 1278 1278 D FingerGoodix: client,setmode.
10-01 23:23:17.464 562 1314 D FingerGoodix: server,eng test
10-01 23:23:17.464 562 1314 D FingerGoodix: gx_fpd set mode: 1.
10-01 23:23:17.464 562 1314 D FingerGoodix: prepare FpEnv, active client=0x79cfc84300
10-01 23:23:17.464 562 1314 D FingerGoodix: Client::setMode=1 ,but no longer support.return 0!
10-01 23:23:17.464 562 1314 D FingerGoodix: getChipMode = 1
10-01 23:23:17.464 562 1314 D FingerGoodix: mCurStatus = 1 , nextStatus = 1
10-01 23:23:17.464 1278 1278 D FingerGoodix: init, g_need_clean_fp_data=0
10-01 23:23:17.464 1278 1278 D : finger print client call gx_setActiveGroup!
10-01 23:23:17.464 1278 1278 D : client, setActiveGroup
10-01 23:23:17.464 562 1314 D FingerGoodix: Set the active group
10-01 23:23:17.464 562 1314 D FingerGoodix: prepare FpEnv, active client=0x79cfc84300
10-01 23:23:17.464 562 1314 D FingerGoodix: Client[0] set active group to 0
10-01 23:23:17.464 562 1314 D FingerGoodix: Client::cancelRegist
10-01 23:23:17.464 562 1314 D FingerGoodix: gx_ta_send_command, cmd = 6
10-01 23:23:17.468 562 1314 D FingerGoodix: Client::cancelRecognize 1
10-01 23:23:17.468 562 1314 D FingerGoodix: Already canceled!
10-01 23:23:17.468 562 1314 D FingerGoodix: mCurStatus = 1 , nextStatus = 1
10-01 23:23:17.468 562 1314 D FingerGoodix: fingerprint set notify function.
10-01 23:23:17.468 562 1314 D FingerGoodix: set hal_notify
10-01 23:23:17.468 562 1314 D FingerGoodix: gx_ta_send_command, cmd = 2
10-01 23:23:17.468 562 1314 E FingerGoodix: Bad input argument. NULL Buffer.
10-01 23:23:17.468 562 1314 D FingerGoodix: fingerprint_set_active_client()
10-01 23:23:17.468 562 1314 D FingerGoodix: gx_ta_send_command, cmd = 50
10-01 23:23:17.469 597 1319 I mm-camera: <MCT >< INFO> 4537: mct_pipeline_start_session_thread: Module sensor start_session rc = 1
10-01 23:23:17.469 597 1319 I mm-camera: <MCT >< INFO> 4545: mct_pipeline_start_session_thread: started_num = 4, success = 4
10-01 23:23:17.469 597 1319 I mm-camera: <MCT >< INFO> 4552: mct_pipeline_start_session_thread: X sensor
10-01 23:23:17.470 597 1323 E mm-camera: <STATS_AIS ><ERROR> 448: dsps_open: try to sensor1_open()
10-01 23:23:17.471 597 1322 E mm-camera: <ISP ><ERROR> 402: isp_module_start_session: num_session_opened 1
10-01 23:23:17.471 597 1322 I mm-camera: <MCT >< INFO> 4537: mct_pipeline_start_session_thread: Module isp start_session rc = 1
10-01 23:23:17.471 597 1322 I mm-camera: <MCT >< INFO> 4545: mct_pipeline_start_session_thread: started_num = 5, success = 5
10-01 23:23:17.471 597 1322 I mm-camera: <MCT >< INFO> 4552: mct_pipeline_start_session_thread: X isp
10-01 23:23:17.472 562 1314 D FingerGoodix: fingerprint_set_active_group()
10-01 23:23:17.473 562 1314 D FingerGoodix: gx_ta_send_command, cmd = 49
10-01 23:23:17.476 562 1314 D FingerGoodix: setChipMode = 1
10-01 23:23:17.476 562 1314 D FingerGoodix: fingerprint set mode. mode = 0x1
10-01 23:23:17.476 562 1314 D FingerGoodix: device_setMode ,mode = 1, g_mode = 1, ignore = 2
10-01 23:23:17.476 562 1314 D FingerGoodix: Set mode : 1, g_mode = 1
10-01 23:23:17.476 562 1314 D FingerGoodix: has already in mode : 1
10-01 23:23:17.476 1278 1278 D FingerGoodix: init, g_need_clean_fp_data=0
10-01 23:23:17.476 1278 1278 D FingerGoodix: set_notify
10-01 23:23:17.477 1278 1278 D FingerGoodix: fpcode, set_notify_callback(0x74dfc4b1c0, 0x5ea26e6f20)
10-01 23:23:17.477 1278 1278 E FingerprintDaemonProxy: fingerprint HAL successfully initialized
10-01 23:23:17.477 1278 1278 I ServiceManagement: Removing namespace from process name [email protected]_mido to [email protected]_mido.
10-01 23:23:17.478 597 1323 I mm-camera: <MCT >< INFO> 4537: mct_pipeline_start_session_thread: Module stats start_session rc = 1
10-01 23:23:17.478 597 1323 I mm-camera: <MCT >< INFO> 4545: mct_pipeline_start_session_thread: started_num = 6, success = 6
10-01 23:23:17.478 597 1323 I mm-camera: <MCT >< INFO> 4552: mct_pipeline_start_session_thread: X stats
10-01 23:23:17.478 597 597 E mm-camera: <ISP ><ERROR> 684: isp_module_get_session_data: availabevfe 2 num_open 1 num_isp_preallocate 1 dual_vfe 0
10-01 23:23:17.479 597 597 E mm-camera: <ISP ><ERROR> 141: isp_resource_query_mod: dual_vfe_enabled 0
10-01 23:23:17.479 597 597 E mm-camera: <ISP ><ERROR> 150: isp_resource_query_mod: availabe_vfe 2 num_isp_preallocate 1 num_session_opened 1 dual_vfe_enabled 0
10-01 23:23:17.479 466 466 E SELinux : avc: denied { add } for interface=android.hardware.biometrics.fingerprint::IBiometricsFingerprint pid=1278 scontext=u:r:init:s0 tcontext=u:object_r:hal_fingerprint_hwservice:s0 tclass=hwservice_manager permissive=1
10-01 23:23:17.485 597 597 I mm-camera: <MCT >< INFO> 4448: mct_pipeline_start_stream_internal: Adding session stream streamid= 0xf for session=2
10-01 23:23:17.485 597 597 I mm-camera: <MCT >< INFO> 4496: mct_pipeline_start_stream_internal: Linking session stream for session 2
10-01 23:23:17.485 597 597 I mm-camera: <MCT >< INFO> 503: mct_stream_start_link: Start linking Session-stream 0x2000f
