10-01 23:23:25.456 1469 2233 I Telecom : CallsManager: Sending phone-account unregistered intent to default dialer: TSI.uPA@AA4
10-01 23:23:25.449 1253 1841 E Diag_Lib: [IMS_FATAL]| 1841 | ims_qmi_register_client : Failed
10-01 23:23:25.463 1469 1469 I GnssLocationProvider: WakeLock acquired by sendMessage(SUBSCRIPTION_OR_SIM_CHANGED, 0, null)
10-01 23:23:25.464 2111 2195 I QCNEJ : |CORE| phoneCount: 2
10-01 23:23:25.465 1469 1779 W BestClock: java.time.DateTimeException: Missing NTP fix
10-01 23:23:25.466 1469 1779 W BestClock: java.time.DateTimeException: Missing NTP fix
10-01 23:23:25.466 1469 1584 I GnssLocationProvider: WakeLock released by handleMessage(SUBSCRIPTION_OR_SIM_CHANGED, 0, null)
10-01 23:23:25.472 2142 2142 D ServiceStateProvider: subId=-2
10-01 23:23:25.478 1469 1469 I GnssLocationProvider: WakeLock acquired by sendMessage(SUBSCRIPTION_OR_SIM_CHANGED, 0, null)
10-01 23:23:25.478 2111 2195 I QCNEJ : |CORE| phoneCount: 2
10-01 23:23:25.480 1469 1779 W BestClock: java.time.DateTimeException: Missing NTP fix
10-01 23:23:25.481 1469 1779 W BestClock: java.time.DateTimeException: Missing NTP fix
10-01 23:23:25.483 1469 1584 I GnssLocationProvider: WakeLock released by handleMessage(SUBSCRIPTION_OR_SIM_CHANGED, 0, null)
10-01 23:23:25.483 2142 2142 D ServiceStateProvider: subId=-3
10-01 23:23:25.486 2142 2142 I QImsService: ImsSubControllerHandler : Message received: what = 2
10-01 23:23:25.486 2142 2142 I QImsService: ImsSubController : handleSubConfigException error : 6
10-01 23:23:25.486 2142 2142 I QImsService: ImsSubController : initSubscriptionStatus: [Multi-sim] Using RAF and DDS to decide IMS Sub
10-01 23:23:25.486 2142 2142 I QImsService: ImsSubController : handleRafInfoChange: Phone:0 Info:81928
10-01 23:23:25.486 2142 2142 I QImsService: ImsSubController : handleRafInfoChange: Phone:1 Info:81928
10-01 23:23:25.486 2142 2142 I QImsService: ImsSubController : handleRafInfoChange: NumPhones: 2Multiple Multimode stacks: 2
10-01 23:23:25.487 2142 2142 I QImsService: ImsSubController : updateActiveImsStackForSubId: new DDS = -1
10-01 23:23:25.487 2142 2142 I QImsService: ImsServiceSub : onStackConfigChanged :: activeStacks[0]=true
10-01 23:23:25.487 2142 2142 I ImsFeature: notifying ImsFeatureState=2
10-01 23:23:25.487 2142 2142 I ImsServiceController: notifyImsFeatureStatus: slot=0, feature=1, status=2
10-01 23:23:25.487 2142 2142 I MmTelFeatureConnection: imsStatusChanged: slot: 0 feature: 1 status: 2
10-01 23:23:25.488 2142 2142 I QImsService: ImsServiceSub : onStackConfigChanged :: activeStacks[1]=false
10-01 23:23:25.489 2142 2142 I QImsService: ImsSubController : handleRafInfoChange: registered for DDS switch...
10-01 23:23:25.489 2142 2142 D ImsMultiEndpointImpl: Message received: what = 2
10-01 23:23:25.489 2142 2142 D ImsMultiEndpointImpl: EVENT_CAPABILITIES_CHANGED
10-01 23:23:25.489 2142 2142 D ImsMultiEndpointImpl: updateCapabilities:: Video = false, Voice = false
10-01 23:23:25.490 2142 2142 D ImsViceParser: getCallPullInfo mDialogIds null
10-01 23:23:25.490 2142 2142 I ImsMultiEndpointImpl: Calling onImsExternalCallStateUpdate
10-01 23:23:25.490 2142 2142 D MultiEndpointImplBase: ims external call state update triggered.
10-01 23:23:25.490 2142 2142 D ImsMultiEndpointImpl: Message received: what = 2
10-01 23:23:25.490 2142 2142 D ImsMultiEndpointImpl: EVENT_CAPABILITIES_CHANGED
10-01 23:23:25.490 2142 2142 D ImsMultiEndpointImpl: updateCapabilities:: Video = false, Voice = false
10-01 23:23:25.490 2142 2142 D ImsViceParser: getCallPullInfo mDialogIds null
10-01 23:23:25.490 2142 2142 I ImsMultiEndpointImpl: Calling onImsExternalCallStateUpdate
10-01 23:23:25.490 2142 2142 D MultiEndpointImplBase: ims external call state update triggered.
10-01 23:23:25.490 2142 2142 I QImsService: ImsSubControllerHandler : Message received: what = 2
10-01 23:23:25.490 2142 2142 I QImsService: ImsSubController : handleSubConfigException error : 6
10-01 23:23:25.490 2142 2142 I QImsService: ImsSubController : initSubscriptionStatus: [Multi-sim] Using RAF and DDS to decide IMS Sub
10-01 23:23:25.490 2142 2142 I QImsService: ImsSubController : handleRafInfoChange: 2Multimode stacks. Handled by DDS switch. EXIT!!!
10-01 23:23:25.490 2142 2142 I QImsService: ImsSubControllerHandler : Message received: what = 2
10-01 23:23:25.490 2142 2142 I QImsService: ImsSubController : handleSubConfigException error : 6
10-01 23:23:25.490 2142 2142 I QImsService: ImsSubController : initSubscriptionStatus: [Multi-sim] Using RAF and DDS to decide IMS Sub
10-01 23:23:25.490 2142 2142 I QImsService: ImsSubController : handleRafInfoChange: 2Multimode stacks. Handled by DDS switch. EXIT!!!
10-01 23:23:25.495 1907 1907 D StatusBar: disable<e i a s b H R c s > disable2<q i n
> 10-01 23:23:25.496 1907 1907 W View : requestLayout() improperly called by com.android.keyguard.CarrierText{ebaf7bb V.ED..... ..S...ID 48,0-786,120 #7f0a018a app:id/keyguard_carrier_text} during layout: running second layout pass
10-01 23:23:25.479 592 592 I rild : type=1400 audit(0.0:857): avc: denied { lock } for path="/data/vendor/radio/qcril.db" dev="mmcblk0p49" ino=1343773 scontext=u:r:rild:s0 tcontext=u:object_r:vendor_data_file:s0 tclass=file permissive=1
10-01 23:23:25.499 2142 2142 I ImsExternalCallTracker: handleVideoCapabilitiesChanged : isVideoCapable = false
10-01 23:23:25.499 2142 2142 D ImsExternalCallTracker: refreshCallPullState
10-01 23:23:25.499 2142 2142 I TelecomFramework: PstnPhoneCapabilitiesNotifier: handleVideoCapabilitesChanged. Video capability - false
10-01 23:23:25.500 2142 2142 E PhoneInterfaceManager: [PhoneIntfMgr] getIccId: No UICC
10-01 23:23:25.501 2351 2351 I .gms.persisten: The ClassLoaderContext is a special shared library.
10-01 23:23:25.506 1469 1799 I Telecom : PhoneAccountRegistrar: Modify account: [ComponentInfo{com.android.phone/com.android.services.telephony.TelephonyConnection Service}, ***, UserHandle{0}]: TSI.rPA@ABA
10-01 23:23:25.514 2142 2142 I TelecomFramework: PstnIncomingCallNotifier: Unregistering: Handler (com.android.internal.telephony.GsmCdmaPhone) {c2de4d9}
10-01 23:23:25.514 2142 2142 E PhoneInterfaceManager: [PhoneIntfMgr] getIccId: No UICC
10-01 23:23:25.520 1469 2185 I Telecom : PhoneAccountRegistrar: Modify account: [ComponentInfo{com.android.phone/com.android.services.telephony.TelephonyConnection Service}, ***, UserHandle{0}]: TSI.rPA@ABE
10-01 23:23:25.523 2142 2142 I TelecomFramework: AccountEntry: Registered phoneAccount: [[ ] PhoneAccount: ComponentInfo{com.android.phone/com.android.services.telephony.TelephonyConnectionS ervice}, ***, UserHandle{0} Capabilities: SuppVideo CallProvider MultiUser PlaceEmerg SimSub Audio Routes: BESW Schemes: tel voicemail Extras: Bundle[{android.telecom.extra.SUPPORTS_VIDEO_CALLING_FALLBACK=true}] GroupId: ***] with handle: ComponentInfo{com.android.phone/com.android.services.telephony.TelephonyConnectionS ervice}, ***, UserHandle{0}
10-01 23:23:25.523 2142 2142 I TelecomFramework: PstnIncomingCallNotifier: Registering: Handler (com.android.internal.telephony.GsmCdmaPhone) {c2de4d9}
10-01 23:23:25.531 2142 2142 I TelecomFramework: PstnIncomingCallNotifier: Unregistering: Handler (com.android.internal.telephony.GsmCdmaPhone) {c2de4d9}
10-01 23:23:25.531 2142 2142 E PhoneInterfaceManager: [PhoneIntfMgr] getIccId: No UICC
10-01 23:23:25.532 1907 1907 W KeyguardUpdateMonitor: invalid subId in handleServiceStateChange()
10-01 23:23:25.532 1907 1907 W KeyguardUpdateMonitor: invalid subId in handleServiceStateChange()
10-01 23:23:25.537 1278 1335 D FingerGoodix: fpcode, fingerprint_get_auth_id(0x74dfc4b1c0) = 3735928559
10-01 23:23:25.537 1469 1469 V FingerprintService: startAuthentication(com.android.systemui)
10-01 23:23:25.537 1469 2185 I Telecom : PhoneAccountRegistrar: Modify account: [ComponentInfo{com.android.phone/com.android.services.telephony.TelephonyConnection Service}, ***, UserHandle{0}]: TSI.rPA@ABQ
10-01 23:23:25.537 1469 1469 V FingerprintService: request stop current client android
10-01 23:23:25.537 1469 1469 W FingerprintService: Internal cleanup in progress but trying to start client AuthenticationClient(com.android.systemui), initiatedByClient = true
10-01 23:23:25.540 2142 2142 I TelecomFramework: AccountEntry: Registered phoneAccount: [[ ] PhoneAccount: ComponentInfo{com.android.phone/com.android.services.telephony.TelephonyConnectionS ervice}, ***, UserHandle{0} Capabilities: SuppVideo CallProvider MultiUser PlaceEmerg SimSub Audio Routes: BESW Schemes: tel voicemail Extras: Bundle[{android.telecom.extra.SUPPORTS_VIDEO_CALLING_FALLBACK=true}] GroupId: ***] with handle: ComponentInfo{com.android.phone/com.android.services.telephony.TelephonyConnectionS ervice}, ***, UserHandle{0}
10-01 23:23:25.540 2142 2142 I TelecomFramework: PstnIncomingCallNotifier: Registering: Handler (com.android.internal.telephony.GsmCdmaPhone) {c2de4d9}
10-01 23:23:25.545 2142 2142 I ImsExternalCallTracker: handleVideoCapabilitiesChanged : isVideoCapable = false
10-01 23:23:25.545 2142 2142 D ImsExternalCallTracker: refreshCallPullState
10-01 23:23:25.545 2142 2142 I TelecomFramework: PstnPhoneCapabilitiesNotifier: handleVideoCapabilitesChanged. Video capability - false
10-01 23:23:25.552 1907 1907 W KeyguardUpdateMonitor: invalid subId in handleSimStateChange()
10-01 23:23:25.552 1907 1907 W KeyguardUpdateMonitor: invalid subId in handleSimStateChange()
10-01 23:23:25.557 1907 1907 I ImageWallpaper: Redrawing in rect: RectF(0.0, 0.0, 1080.0, 1920.0) with surface size: 1080x1920
10-01 23:23:25.557 2142 2142 D ServiceStateProvider: subId=-2
10-01 23:23:25.558 2142 2142 I ImsExternalCallTracker: handleVideoCapabilitiesChanged : isVideoCapable = false
10-01 23:23:25.558 2142 2142 D ImsExternalCallTracker: refreshCallPullState
10-01 23:23:25.560 2142 2142 E PhoneInterfaceManager: [PhoneIntfMgr] getIccId: No UICC
10-01 23:23:25.549 541 541 I HwBinder:541_1: type=1400 audit(0.0:859): avc: denied { read } for scontext=u:r:hal_sensors_default:s0 tcontext=u:r:hal_sensors_default:s0 tclass=socket permissive=1
10-01 23:23:25.562 1907 1907 W KeyguardUpdateMonitor: invalid subId in handleServiceStateChange()
10-01 23:23:25.559 2142 2142 I TelecomFramework: PstnPhoneCapabilitiesNotifier: handleVideoCapabilitesChanged. Video capability - false
10-01 23:23:25.567 1469 1511 I Telecom : PhoneAccountRegistrar: Modify account: [ComponentInfo{com.android.phone/com.android.services.telephony.TelephonyConnection Service}, ***, UserHandle{0}]: TSI.rPA@ABc
10-01 23:23:25.581 1907 1907 I chatty : uid=10033(com.android.systemui) identical 1 line
10-01 23:23:25.584 1907 1907 W KeyguardUpdateMonitor: invalid subId in handleServiceStateChange()
10-01 23:23:25.586 2142 2142 I CallbackAdapterManager: Local callback added: com.android.internal.telephony.ImsSmsDispatcher$1@8114b1f
10-01 23:23:25.586 2142 2142 I CallbackAdapterManager: Local callback added: com.android.internal.telephony.ImsSmsDispatcher$2@1c28c35
10-01 23:23:25.587 1907 1907 W KeyguardUpdateMonitor: invalid subId in handleServiceStateChange()
10-01 23:23:25.614 2142 2142 D MccTable: updateMccMncConfiguration mccmnc='26207' fromServiceState=false
10-01 23:23:25.615 2142 2142 D MccTable: updateMccMncConfiguration defaultMccMnc=
10-01 23:23:25.615 2142 2142 D MccTable: updateMccMncConfiguration: mcc=262, mnc=7
10-01 23:23:25.615 2142 2142 D MccTable: updateMccMncConfiguration updateConfig config={0.0 262mcc7mnc ?localeList ?layoutDir ?swdp ?wdp ?hdp ?density ?lsize ?long ?ldr ?wideColorGamut ?orien ?uimode ?night ?touch ?keyb/?/? ?nav/? winConfig={ mBounds=Rect(0, 0 - 0, 0) mAppBounds=null mWindowingMode=undefined mActivityType=undefined}}
10-01 23:23:25.616 1469 1511 I ActivityManager: Config changes=3 {1.0 262mcc7mnc [en_DE,de_DE] ldltr sw360dp w360dp h616dp 480dpi nrml long port finger -keyb/v/h -nav/h winConfig={ mBounds=Rect(0, 0 - 0, 0) mAppBounds=Rect(0, 0 - 1080, 1920) mWindowingMode=fullscreen mActivityType=undefined} s.8}
10-01 23:23:25.630 1469 1511 I ActivityManager: Override config changes=3 {1.0 262mcc7mnc [en_DE,de_DE] ldltr sw360dp w360dp h616dp 480dpi nrml long port finger -keyb/v/h -nav/h winConfig={ mBounds=Rect(0, 0 - 1080, 1920) mAppBounds=Rect(0, 0 - 1080, 1920) mWindowingMode=fullscreen mActivityType=undefined} s.8} for displayId=0
10-01 23:23:25.662 2142 2142 I MmTelFeatureConnection: MmTel enabled on slotId: 1
10-01 23:23:25.662 2142 2142 I MmTelFeatureConnection: Emergency calling enabled on slotId: 1
10-01 23:23:25.662 2142 2142 I MmTelFeatureConnection: getFeatureState - returning 0
10-01 23:23:25.688 1469 1771 I InputReader: Reconfiguring input devices. changes=0x00000004
10-01 23:23:25.689 1907 1907 I ImageWallpaper: Redrawing in rect: RectF(0.0, 0.0, 1080.0, 1920.0) with surface size: 1080x1920
10-01 23:23:25.703 1469 1771 I InputReader: Reconfiguring input devices. changes=0x00000004
10-01 23:23:25.713 2142 2142 I QImsService: ImsServiceClassTracker : updateFeatureCapabilities video false voice false
10-01 23:23:25.714 2142 2142 I QImsService: ImsSenderRxr : [0005]> REQUEST_IMS_REGISTRATION_STATE [SUB0]
10-01 23:23:25.715 2142 2142 I CallbackAdapterManager: Local callback added: com.android.internal.telephony.imsphone.ImsPhoneCallTracker$6@a693558
10-01 23:23:25.715 2142 2142 I CallbackAdapterManager: Local callback added: com.android.internal.telephony.imsphone.ImsPhoneCallTracker$7@71cb6b1
10-01 23:23:25.716 2142 2247 I QImsService: ImsSenderRxr : [0005]< REQUEST_IMS_REGISTRATION_STATE ImsRegistrationInfo state: 2 errorCode: 0 errorMessage: radioTech: 20 pAssociatedUris[SUB0]
10-01 23:23:25.717 2142 2142 I QImsService: ImsSenderRxr : [0006]> REQUEST_SEND_UI_TTY_MODE [SUB0]
10-01 23:23:25.718 2142 2142 I QImsService: ImsServiceSubHandler : Message received: what = 3
10-01 23:23:25.719 2142 2142 I QImsService: ImsServiceSubHandler : handleImsStateChanged
10-01 23:23:25.719 2142 2247 I QImsService: ImsRadioResponse : Got setUiTTYModeResponse from ImsRadio error 0
10-01 23:23:25.719 2142 2247 I QImsService: ImsSenderRxr : [0006]< REQUEST_SEND_UI_TTY_MODE [SUB0]
10-01 23:23:25.720 2142 2142 I QImsService: ImsServiceSub : sendBroadcastForDisconnected
10-01 23:23:25.720 2142 2318 I MmTelFeatureConnection: onDeregistered ::
10-01 23:23:25.798 2351 2351 W GmsApplication: Failed to invoke the SupplierSetterRegistry.
10-01 23:23:25.847 2142 2142 D TelephonyProvider: subIdString = -2 subId = -2
10-01 23:23:25.849 2142 2142 D TelephonyProvider: getPreferredApnIdFromApn: for subId -2
10-01 23:23:25.867 1469 1469 V SettingsProvider: Notifying for 0: content://settings/global/multi_sim_data_call
10-01 23:23:25.870 1469 1469 I GnssLocationProvider: WakeLock acquired by sendMessage(SUBSCRIPTION_OR_SIM_CHANGED, 0, null)
10-01 23:23:25.871 2142 2287 D MccTable: updateMccMncConfiguration mccmnc='26207' fromServiceState=false
10-01 23:23:25.873 2142 2142 D TelephonyProvider: subIdString = 1 subId = 1
10-01 23:23:25.873 2142 2287 D MccTable: updateMccMncConfiguration defaultMccMnc=26207
10-01 23:23:25.873 2142 2287 D MccTable: updateMccMncConfiguration: mcc=262, mnc=7
10-01 23:23:25.873 2142 2287 D MccTable: updateMccMncConfiguration updateConfig config={0.0 262mcc7mnc ?localeList ?layoutDir ?swdp ?wdp ?hdp ?density ?lsize ?long ?ldr ?wideColorGamut ?orien ?uimode ?night ?touch ?keyb/?/? ?nav/? winConfig={ mBounds=Rect(0, 0 - 0, 0) mAppBounds=null mWindowingMode=undefined mActivityType=undefined}}
10-01 23:23:25.873 2111 2195 W QCNEJ : |CORE| Phone id invalid or Service State available
10-01 23:23:25.873 2111 2195 I QCNEJ/CndHalConnector: -> SND notifyMobileDataEnabledChanged(false)
10-01 23:23:25.875 1469 1779 W BestClock: java.time.DateTimeException: Missing NTP fix
10-01 23:23:25.878 2111 2195 I QCNEJ/CndHalConnector: -> SND notifyWwanSubtypeChanged(0)
10-01 23:23:25.881 2111 2195 W QCNEJ : |CORE| Phone id invalid or Service State available
10-01 23:23:25.881 2111 2195 I QCNEJ/CndHalConnector: -> SND notifyMobileDataEnabledChanged(false)
10-01 23:23:25.883 1469 1779 W BestClock: java.time.DateTimeException: Missing NTP fix
10-01 23:23:25.884 2111 2195 I QCNEJ/CndHalConnector: -> SND notifyWwanSubtypeChanged(0)
10-01 23:23:25.884 2111 2195 I QCNEJ : |CORE| phoneCount: 2
10-01 23:23:25.887 2111 2195 I QCNEJ/CndHalConnector: -> SND notifyRatConnectionStatusChanged(rat = 0, DISCONNECTED)
10-01 23:23:25.890 1469 1469 I GnssLocationProvider: WakeLock acquired by sendMessage(SUBSCRIPTION_OR_SIM_CHANGED, 0, null)
10-01 23:23:25.891 2111 2195 I QCNEJ : |CORE| phoneCount: 2
10-01 23:23:25.892 548 548 I LocSvc_GnssInterface: ===> updateConfiguration line 140
10-01 23:23:25.892 548 548 I LocSvc_GnssInterface: ===> updateConfiguration line 140
10-01 23:23:25.895 1469 1779 W BestClock: java.time.DateTimeException: Missing NTP fix
10-01 23:23:25.895 548 548 I LocSvc_GnssInterface: ===> updateConfiguration line 140
10-01 23:23:25.896 548 548 I chatty : uid=1021(gps) [email protected] identical 1 line
10-01 23:23:25.896 548 548 I LocSvc_GnssInterface: ===> updateConfiguration line 140
10-01 23:23:25.896 2142 2287 D IntentBroadcaster: Broadcasting and adding intent for rebroadcast: android.intent.action.SIM_STATE_CHANGED LOADED for slotId 0
10-01 23:23:25.896 548 548 I LocSvc_GnssInterface: ===> updateConfiguration line 140
10-01 23:23:25.896 548 548 I LocSvc_GnssInterface: ===> updateConfiguration line 140
10-01 23:23:25.896 548 2051 I LocSvc_api_v02: ---> locClientSendReq line 2102 QMI_LOC_SET_ENGINE_LOCK_REQ_V02
10-01 23:23:25.896 548 548 I LocSvc_GnssInterface: ===> updateConfiguration line 140
10-01 23:23:25.896 1469 1584 I GnssLocationProvider: WakeLock released by handleMessage(SUBSCRIPTION_OR_SIM_CHANGED, 0, null)
10-01 23:23:25.897 1469 1469 D WifiService: resetting networks because SIM was loaded
10-01 23:23:25.900 1469 1779 W BestClock: java.time.DateTimeException: Missing NTP fix
10-01 23:23:25.900 548 2053 I LocSvc_ApiV02: <--- globalRespCb line 141 QMI_LOC_SET_ENGINE_LOCK_REQ_V02
10-01 23:23:25.902 2142 2287 D CarrierConfigLoader: update config for phoneId: 0 simState: LOADED
10-01 23:23:25.902 2142 2287 D CarrierSvcBindHelper: update binding for phoneId: 0 simState: LOADED
10-01 23:23:25.912 548 548 I LocSvc_GnssInterface: ===> updateConfiguration line 140
10-01 23:23:25.913 548 548 I chatty : uid=1021(gps) [email protected] identical 5 lines
10-01 23:23:25.913 548 548 I LocSvc_GnssInterface: ===> updateConfiguration line 140
10-01 23:23:25.913 548 2051 I LocSvc_api_v02: ---> locClientSendReq line 2102 QMI_LOC_SET_ENGINE_LOCK_REQ_V02
10-01 23:23:25.913 548 548 I LocSvc_GnssInterface: ===> updateConfiguration line 140
10-01 23:23:25.913 1469 1584 I GnssLocationProvider: WakeLock released by handleMessage(SUBSCRIPTION_OR_SIM_CHANGED, 0, null)
10-01 23:23:25.913 548 2053 I LocSvc_ApiV02: <--- globalRespCb line 141 QMI_LOC_SET_ENGINE_LOCK_REQ_V02
10-01 23:23:25.914 1907 1907 D StatusBar: disable<e i a s b H R c s > disable2<q i n
> 10-01 23:23:25.914 1907 1907 D StatusBar: disable<e i a s b H R c s > disable2<q i n
> 10-01 23:23:25.918 2142 2142 D TelephonyProvider: subIdString = 1 subId = 1
10-01 23:23:25.921 1907 1907 E StatusBarSignalPolicy: Unexpected subscription 1
10-01 23:23:25.921 1907 1907 E StatusBarSignalPolicy: Unexpected subscription 1
10-01 23:23:25.926 548 548 I LocSvc_GnssInterface: ===> updateConfiguration line 140
10-01 23:23:25.927 548 548 I chatty : uid=1021(gps) [email protected] identical 5 lines
10-01 23:23:25.927 548 548 I LocSvc_GnssInterface: ===> updateConfiguration line 140
10-01 23:23:25.927 548 2051 I LocSvc_api_v02: ---> locClientSendReq line 2102 QMI_LOC_SET_ENGINE_LOCK_REQ_V02
10-01 23:23:25.927 548 548 I LocSvc_GnssInterface: ===> updateConfiguration line 140
10-01 23:23:25.927 548 2053 I LocSvc_ApiV02: <--- globalRespCb line 141 QMI_LOC_SET_ENGINE_LOCK_REQ_V02
10-01 23:23:25.929 2111 2195 I QCNEJ/CndHalConnector: -> SND notifyRatConnectionStatusChanged(rat = 0, DISCONNECTED)
10-01 23:23:25.944 1469 1511 W ContextImpl: Calling a method in the system process without a qualified user: android.app.ContextImpl.sendBroadcastAsUserMultiplePermissions:1053 com.android.server.TelephonyRegistry.broadcastCallStateChanged:1602 com.android.server.TelephonyRegistry.notifyCallStateForPhoneId:793 com.android.internal.telephony.ITelephonyRegistry$Stub.onTransact:122 android.os.Binder.execTransact:731
10-01 23:23:25.954 1469 1469 I GnssLocationProvider: WakeLock acquired by sendMessage(SUBSCRIPTION_OR_SIM_CHANGED, 0, null)
10-01 23:23:25.956 2111 2195 I QCNEJ : |CORE| phoneCount: 2
10-01 23:23:25.959 1469 1779 W BestClock: java.time.DateTimeException: Missing NTP fix
10-01 23:23:25.964 1469 1779 W BestClock: java.time.DateTimeException: Missing NTP fix
10-01 23:23:25.965 1469 1469 I GnssLocationProvider: WakeLock acquired by sendMessage(SUBSCRIPTION_OR_SIM_CHANGED, 0, null)
10-01 23:23:25.966 2111 2195 I QCNEJ : |CORE| phoneCount: 2
10-01 23:23:25.970 2142 2142 I TelecomFramework: PstnIncomingCallNotifier: Unregistering: Handler (com.android.internal.telephony.GsmCdmaPhone) {c2de4d9}
10-01 23:23:25.973 1469 1779 W BestClock: java.time.DateTimeException: Missing NTP fix
10-01 23:23:25.973 548 548 I LocSvc_GnssInterface: ===> updateConfiguration line 140
10-01 23:23:25.974 548 548 I chatty : uid=1021(gps) [email protected] identical 5 lines
10-01 23:23:25.974 548 548 I LocSvc_GnssInterface: ===> updateConfiguration line 140
10-01 23:23:25.974 548 2051 I LocSvc_api_v02: ---> locClientSendReq line 2102 QMI_LOC_SET_ENGINE_LOCK_REQ_V02
10-01 23:23:25.974 548 548 I LocSvc_GnssInterface: ===> updateConfiguration line 140
10-01 23:23:25.974 1469 1584 I GnssLocationProvider: WakeLock released by handleMessage(SUBSCRIPTION_OR_SIM_CHANGED, 0, null)
10-01 23:23:25.976 548 2053 I LocSvc_ApiV02: <--- globalRespCb line 141 QMI_LOC_SET_ENGINE_LOCK_REQ_V02
10-01 23:23:25.977 1469 1779 W BestClock: java.time.DateTimeException: Missing NTP fix
10-01 23:23:25.981 1469 2185 I Telecom : PhoneAccountRegistrar: New phone account registered: [[ ] PhoneAccount: ComponentInfo{com.android.phone/com.android.services.telephony.TelephonyConnectionS ervice}, ***, UserHandle{0} Capabilities: SuppVideo CallProvider MultiUser PlaceEmerg SimSub Audio Routes: BESW Schemes: tel voicemail Extras: Bundle[mParcelledData.dataSize=208] GroupId: ***]: TSI.rPA@ABw
10-01 23:23:25.986 1469 2185 I Telecom : CallsManager: Sending phone-account ComponentInfo{com.android.phone/com.android.services.telephony.TelephonyConnectionS ervice}, ***, UserHandle{0} registered intent as user: TSI.rPA@ABw
10-01 23:23:25.987 1469 2185 I Telecom : CallsManager: Sending phone-account registered intent to default dialer: TSI.rPA@ABw
10-01 23:23:25.987 2142 2142 I TelecomFramework: AccountEntry: Registered phoneAccount: [[ ] PhoneAccount: ComponentInfo{com.android.phone/com.android.services.telephony.TelephonyConnectionS ervice}, ***, UserHandle{0} Capabilities: SuppVideo CallProvider MultiUser PlaceEmerg SimSub Audio Routes: BESW Schemes: tel voicemail Extras: Bundle[{android.telecom.extra.SUPPORTS_VIDEO_CALLING_FALLBACK=true, android.telecom.extra.SORT_ORDER=0}] GroupId: ***] with handle: ComponentInfo{com.android.phone/com.android.services.telephony.TelephonyConnectionS ervice}, ***, UserHandle{0}
10-01 23:23:25.987 2142 2142 I TelecomFramework: PstnIncomingCallNotifier: Registering: Handler (com.android.internal.telephony.GsmCdmaPhone) {c2de4d9}
10-01 23:23:25.988 548 548 I LocSvc_GnssInterface: ===> updateConfiguration line 140
10-01 23:23:25.989 548 548 I chatty : uid=1021(gps) [email protected] identical 5 lines
10-01 23:23:25.989 548 548 I LocSvc_GnssInterface: ===> updateConfiguration line 140
10-01 23:23:25.989 548 2051 I LocSvc_api_v02: ---> locClientSendReq line 2102 QMI_LOC_SET_ENGINE_LOCK_REQ_V02
10-01 23:23:25.989 548 548 I LocSvc_GnssInterface: ===> updateConfiguration line 140
10-01 23:23:25.989 2142 2142 I TelecomFramework: TelecomAccountRegistry: Unregistering phone account ComponentInfo{com.android.phone/com.android.services.telephony.TelephonyConnectionS ervice}, ***, UserHandle{0}.
10-01 23:23:25.990 1469 1584 I GnssLocationProvider: WakeLock released by handleMessage(SUBSCRIPTION_OR_SIM_CHANGED, 0, null)
10-01 23:23:25.990 548 2053 I LocSvc_ApiV02: <--- globalRespCb line 141 QMI_LOC_SET_ENGINE_LOCK_REQ_V02
10-01 23:23:25.993 1469 2185 I Telecom : CallsManager: Sending phone-account ComponentInfo{com.android.phone/com.android.services.telephony.TelephonyConnectionS ervice}, ***, UserHandle{0} unregistered intent as user: TSI.uPA@AB4
10-01 23:23:25.993 1469 2185 I Telecom : CallsManager: Sending phone-account unregistered intent to default dialer: TSI.uPA@AB4
10-01 23:23:25.999 2142 2142 D CallNotifier: updatePhoneStateListeners: update CF notifications.
10-01 23:23:25.999 2142 2142 I TelecomFramework: PstnIncomingCallNotifier: Unregistering: Handler (com.android.internal.telephony.GsmCdmaPhone) {c2de4d9}
10-01 23:23:26.009 1469 2390 I Telecom : PhoneAccountRegistrar: Modify account: [ComponentInfo{com.android.phone/com.android.services.telephony.TelephonyConnection Service}, ***, UserHandle{0}]: TSI.rPA@ACA
10-01 23:23:26.013 2142 2142 I TelecomFramework: AccountEntry: Registered phoneAccount: [[ ] PhoneAccount: ComponentInfo{com.android.phone/com.android.services.telephony.TelephonyConnectionS ervice}, ***, UserHandle{0} Capabilities: SuppVideo CallProvider MultiUser PlaceEmerg SimSub Audio Routes: BESW Schemes: tel voicemail Extras: Bundle[{android.telecom.extra.SUPPORTS_VIDEO_CALLING_FALLBACK=true, android.telecom.extra.SORT_ORDER=0}] GroupId: ***] with handle: ComponentInfo{com.android.phone/com.android.services.telephony.TelephonyConnectionS ervice}, ***, UserHandle{0}
10-01 23:23:26.013 2142 2142 I TelecomFramework: PstnIncomingCallNotifier: Registering: Handler (com.android.internal.telephony.GsmCdmaPhone) {c2de4d9}
10-01 23:23:26.017 2142 2142 I QImsService: ImsServiceStateReceiver : updateHDIcon isVideo : false isVoice : false phoneId: 0 show HD Icon: false
10-01 23:23:26.021 2142 2142 I QImsService: ImsServiceStateReceiver : shallShowHDIcon config showHDIcon : false phoneId : 0
10-01 23:23:26.021 2142 2142 D CarrierConfigLoader: mHandler: 7 phoneId: 0
10-01 23:23:26.024 2142 2142 D CarrierConfigLoader: Loaded config from XML. package=com.android.carrierconfig phoneId=0
10-01 23:23:26.024 2142 2142 D CarrierSvcBindHelper: mHandler: 0
10-01 23:23:26.024 2142 2142 D CarrierSvcBindHelper: Rebinding if necessary for phoneId: 0
10-01 23:23:26.025 2142 2142 D CarrierSvcBindHelper: No carrier app for: 0
10-01 23:23:26.026 2142 2142 D TelephonyProvider: subIdString = 1 subId = 1
10-01 23:23:26.030 2142 2142 D CarrierIdProvider: updateCarrierIdForSubId: 1
10-01 23:23:26.033 2142 2142 I TelecomFramework: PstnIncomingCallNotifier: Unregistering: Handler (com.android.internal.telephony.GsmCdmaPhone) {c2de4d9}
10-01 23:23:26.042 1469 2185 I Telecom : PhoneAccountRegistrar: Modify account: [ComponentInfo{com.android.phone/com.android.services.telephony.TelephonyConnection Service}, ***, UserHandle{0}]: TSI.rPA@ACM
10-01 23:23:26.044 2142 2142 I TelecomFramework: AccountEntry: Registered phoneAccount: [[ ] PhoneAccount: ComponentInfo{com.android.phone/com.android.services.telephony.TelephonyConnectionS ervice}, ***, UserHandle{0} Capabilities: SuppVideo CallProvider MultiUser PlaceEmerg SimSub Audio Routes: BESW Schemes: tel voicemail Extras: Bundle[{android.telecom.extra.SUPPORTS_VIDEO_CALLING_FALLBACK=true, android.telecom.extra.SORT_ORDER=0}] GroupId: ***] with handle: ComponentInfo{com.android.phone/com.android.services.telephony.TelephonyConnectionS ervice}, ***, UserHandle{0}
10-01 23:23:26.045 2142 2142 I TelecomFramework: PstnIncomingCallNotifier: Registering: Handler (com.android.internal.telephony.GsmCdmaPhone) {c2de4d9}
10-01 23:23:26.047 2142 2142 D CallNotifier: updatePhoneStateListeners: update CF notifications.
10-01 23:23:26.050 2142 2142 I TelecomFramework: PstnIncomingCallNotifier: Unregistering: Handler (com.android.internal.telephony.GsmCdmaPhone) {c2de4d9}
10-01 23:23:26.058 1469 2185 I Telecom : PhoneAccountRegistrar: Modify account: [ComponentInfo{com.android.phone/com.android.services.telephony.TelephonyConnection Service}, ***, UserHandle{0}]: TSI.rPA@ACY
10-01 23:23:26.061 2142 2142 I TelecomFramework: AccountEntry: Registered phoneAccount: [[ ] PhoneAccount: ComponentInfo{com.android.phone/com.android.services.telephony.TelephonyConnectionS ervice}, ***, UserHandle{0} Capabilities: SuppVideo CallProvider MultiUser PlaceEmerg SimSub Audio Routes: BESW Schemes: tel voicemail Extras: Bundle[{android.telecom.extra.SUPPORTS_VIDEO_CALLING_FALLBACK=true, android.telecom.extra.SORT_ORDER=0}] GroupId: ***] with handle: ComponentInfo{com.android.phone/com.android.services.telephony.TelephonyConnectionS ervice}, ***, UserHandle{0}
10-01 23:23:26.061 2142 2142 I TelecomFramework: PstnIncomingCallNotifier: Registering: Handler (com.android.internal.telephony.GsmCdmaPhone) {c2de4d9}
10-01 23:23:26.064 2142 2142 D CallNotifier: updatePhoneStateListeners: update CF notifications.
10-01 23:23:26.064 2142 2142 I ImsExternalCallTracker: handleVideoCapabilitiesChanged : isVideoCapable = false
10-01 23:23:26.064 2142 2142 D ImsExternalCallTracker: refreshCallPullState
10-01 23:23:26.064 2142 2142 I TelecomFramework: PstnPhoneCapabilitiesNotifier: handleVideoCapabilitesChanged. Video capability - false
10-01 23:23:26.064 2142 2142 D CallNotifier: updatePhoneStateListeners: update CF notifications.
10-01 23:23:26.065 2142 2142 I NotificationMgr: updateMwi(): subId 1 update to false
10-01 23:23:26.070 2142 2142 I CallNotifier: onCallForwardingIndicatorChanged(): subId=1, visible=N
10-01 23:23:26.071 2142 2142 D CallNotifier: updatePhoneStateListeners: update CF notifications.
10-01 23:23:26.071 2142 2142 I NotificationMgr: updateCfi: subId= 1, visible=N
10-01 23:23:26.071 2142 2142 I NotificationMgr: updateMwi(): subId 1 update to false
10-01 23:23:26.076 2142 2142 I ImsExternalCallTracker: handleVideoCapabilitiesChanged : isVideoCapable = false
10-01 23:23:26.076 2142 2142 D ImsExternalCallTracker: refreshCallPullState
10-01 23:23:26.078 2142 2142 D CarrierConfigLoader: mHandler: 5 phoneId: 0
10-01 23:23:26.082 2142 2142 I ImsExternalCallTracker: handleVideoCapabilitiesChanged : isVideoCapable = false
10-01 23:23:26.082 2142 2142 D ImsExternalCallTracker: refreshCallPullState
10-01 23:23:26.082 2142 2142 I ImsExternalCallTracker: handleVideoCapabilitiesChanged : isVideoCapable = false
10-01 23:23:26.082 2142 2142 D ImsExternalCallTracker: refreshCallPullState
10-01 23:23:26.083 2402 2402 I Zygote : seccomp disabled by setenforce 0
10-01 23:23:26.082 2142 2142 I chatty : uid=1001(radio) com.android.phone identical 2 lines
10-01 23:23:26.082 2142 2142 I TelecomFramework: PstnPhoneCapabilitiesNotifier: handleVideoCapabilitesChanged. Video capability - false
10-01 23:23:26.085 1469 1588 I ActivityManager: Start proc 2402:com.android.dialer/u0a14 for broadcast com.android.dialer/.app.voicemail.LegacyVoicemailNotificationReceiver
10-01 23:23:26.085 2142 2160 I CarrierInfoManager: using values for mnc, mcc: 07,262
10-01 23:23:26.088 2402 2402 E .android.diale: Not starting debugger since process cannot load the jdwp agent.
10-01 23:23:26.091 2142 2160 D CarrierInfoManager: No rows found for keyType: 2
10-01 23:23:26.092 1469 1779 W BestClock: java.time.DateTimeException: Missing NTP fix
10-01 23:23:26.103 1469 1469 I Telecom : PhoneAccountRegistrar: SimCallManager queried, returning: null: TSI.gSCMFU@AC0
10-01 23:23:26.104 1469 2390 I Telecom : PhoneAccountRegistrar: Modify account: [ComponentInfo{com.android.phone/com.android.services.telephony.TelephonyConnection Service}, ***, UserHandle{0}]: TSI.rPA@AC4
10-01 23:23:26.107 1469 1779 W BestClock: java.time.DateTimeException: Missing NTP fix
10-01 23:23:26.108 2142 2142 I ImsResolver: Received Carrier Config Changed for SlotId: 0
10-01 23:23:26.108 2142 2142 D CarrierKeyDownloadManager: Carrier Config changed: android.telephony.action.CARRIER_CONFIG_CHANGED
10-01 23:23:26.109 2142 2142 D CarrierKeyDownloadManager: Carrier not enabled or invalid values
10-01 23:23:26.109 2142 2142 D CarrierKeyDownloadManager: Cleaning up existing renewal alarms
10-01 23:23:26.118 1469 1588 I ActivityManager: Start proc 2416:android.process.acore/u0a4 for content provider com.android.providers.blockednumber/.BlockedNumberProvider
10-01 23:23:26.118 2416 2416 I Zygote : seccomp disabled by setenforce 0
10-01 23:23:26.123 2416 2416 E d.process.acor: Not starting debugger since process cannot load the jdwp agent.
10-01 23:23:26.127 2142 2142 W PhoneGlobals: Can't get phone with sub id = -1
10-01 23:23:26.127 2351 2351 V NativeCrypto: Registering com/google/android/gms/org/conscrypt/NativeCrypto's 287 native methods...
10-01 23:23:26.128 2142 2142 D QtiCarrierConfigHelper: Reload carrier configs on sub Id: 1
10-01 23:23:26.129 2142 2142 D QtiCarrierConfigHelper: Load carrier configs on sub Id: 1 slot Id: 0
10-01 23:23:26.140 2142 2142 I QImsService: ImsConfigImpl : SetServiceStatus = 0 13 2
10-01 23:23:26.141 2142 2142 I QImsService: ImsSenderRxr : [0007]> REQUEST_SET_SERVICE_STATUS [SUB0]
10-01 23:23:26.141 2142 2142 I QImsService: ImsSenderRxr : REQUEST_SET_SERVICE_STATUS to ImsRadio: token -7 SrvType:0 Network:14 enabled:2 RestrictCause:0
10-01 23:23:26.145 2142 2247 I QImsService: ImsRadioResponse : SetServiceStatus response received.
10-01 23:23:26.145 2142 2247 I QImsService: ImsSenderRxr : [0007]< REQUEST_SET_SERVICE_STATUS [SUB0]
10-01 23:23:26.146 2142 2319 I QImsService: ImsConfigImplHandler : Message received: what = 2
10-01 23:23:26.154 1253 1841 E Diag_Lib: [IMS_FATAL]| 1841 | ims_qmi_register_client : Failed
10-01 23:23:26.155 1253 1841 I chatty : uid=1000(system) /system/vendor/bin/imsrcsd identical 4 lines
10-01 23:23:26.155 1253 1841 E Diag_Lib: [IMS_FATAL]| 1841 | ims_qmi_register_client : Failed
10-01 23:23:26.159 2142 2142 I QImsService: ImsConfigImpl : SetServiceStatus = 0 18 0
10-01 23:23:26.160 2142 2142 I QImsService: ImsSenderRxr : [0008]> REQUEST_SET_SERVICE_STATUS [SUB0]
10-01 23:23:26.160 2142 2142 I QImsService: ImsSenderRxr : REQUEST_SET_SERVICE_STATUS to ImsRadio: token -8 SrvType:0 Network:19 enabled:0 RestrictCause:0
10-01 23:23:26.162 2142 2247 I QImsService: ImsRadioResponse : SetServiceStatus response received.
10-01 23:23:26.162 2142 2247 I QImsService: ImsSenderRxr : [0008]< REQUEST_SET_SERVICE_STATUS [SUB0]
10-01 23:23:26.162 2142 2319 I QImsService: ImsConfigImplHandler : Message received: what = 2
10-01 23:23:26.163 2142 2431 I QImsService: ImsSenderRxr : [0009]> REQUEST_SET_IMS_CONFIG [SUB0]
10-01 23:23:26.163 2142 2431 I QImsService: ImsSenderRxr : REQUEST_SET_IMS_CONFIG request to ImsRadio: token 9 item:29 boolValue:false intValue:1 strValue:null errorCause:0
10-01 23:23:26.165 2351 2351 D NetworkSecurityConfig: Using Network Security Config from resource network_security_config debugBuild: false
10-01 23:23:26.168 2351 2351 I ProviderInstaller: Installed default security provider GmsCore_OpenSSL
10-01 23:23:26.168 2142 2142 I QImsService: ImsConfigImpl : SetServiceStatus = 3 13 2
10-01 23:23:26.169 1253 1841 E Diag_Lib: [IMS_FATAL]| 1841 | ims_qmi_register_client : Failed
10-01 23:23:26.170 1253 1841 I chatty : uid=1000(system) /system/vendor/bin/imsrcsd identical 1 line
10-01 23:23:26.171 1253 1841 E Diag_Lib: [IMS_FATAL]| 1841 | ims_qmi_register_client : Failed
10-01 23:23:26.171 2142 2142 I QImsService: ImsSenderRxr : [0010]> REQUEST_SET_SERVICE_STATUS [SUB0]
10-01 23:23:26.171 2142 2142 I QImsService: ImsSenderRxr : REQUEST_SET_SERVICE_STATUS to ImsRadio: token -10 SrvType:3 Network:14 enabled:2 RestrictCause:0
10-01 23:23:26.171 1253 1841 E Diag_Lib: [IMS_FATAL]| 1841 | ims_qmi_register_client : Failed
10-01 23:23:26.171 2142 2247 I QImsService: ImsRadioResponse : Set config response received.
10-01 23:23:26.172 2142 2247 I QImsService: ImsSenderRxr : [0009]< REQUEST_SET_IMS_CONFIG [SUB0]
10-01 23:23:26.172 2142 2319 I QImsService: ImsConfigImplHandler : Message received: what = 1
10-01 23:23:26.172 2142 2319 I QImsService: ImsConfigImpl : Notifyall
10-01 23:23:26.172 1253 1841 E Diag_Lib: [IMS_FATAL]| 1841 | ims_qmi_register_client : Failed
10-01 23:23:26.172 1253 1841 E Diag_Lib: [IMS_FATAL]| 1841 | ims_qmi_register_client : Failed
10-01 23:23:26.173 2142 2142 I QImsService: ImsService : enableIms :: slotId=0
10-01 23:23:26.174 2142 2142 I QImsService: ImsSenderRxr : [0011]> REQUEST_IMS_REG_STATE_CHANGE [SUB0]
10-01 23:23:26.174 2142 2142 I QImsService: ImsSenderRxr : REQUEST_IMS_REG_STATE_CHANGE request to ImsRadio - token:11 RegState1
10-01 23:23:26.174 2142 2432 I QImsService: ImsSenderRxr : [0012]> REQUEST_SET_IMS_CONFIG [SUB0]
10-01 23:23:26.174 2142 2432 I QImsService: ImsSenderRxr : REQUEST_SET_IMS_CONFIG request to ImsRadio: token 12 item:28 boolValue:false intValue:0 strValue:null errorCause:0
10-01 23:23:26.180 1253 1841 E Diag_Lib: [IMS_FATAL]| 1841 | ims_qmi_register_client : Failed
10-01 23:23:26.181 1253 1841 I chatty : uid=1000(system) /system/vendor/bin/imsrcsd identical 4 lines
10-01 23:23:26.182 1253 1841 E Diag_Lib: [IMS_FATAL]| 1841 | ims_qmi_register_client : Failed
10-01 23:23:26.189 2142 2247 I QImsService: ImsRadioResponse : SetServiceStatus response received.
10-01 23:23:26.189 2142 2247 I QImsService: ImsSenderRxr : [0010]< REQUEST_SET_SERVICE_STATUS [SUB0]
10-01 23:23:26.189 2142 2319 I QImsService: ImsConfigImplHandler : Message received: what = 2
10-01 23:23:26.190 2142 2247 I QImsService: ImsRadioResponse : Got registration change response from ImsRadio.
10-01 23:23:26.190 2142 2247 I QImsService: ImsSenderRxr : [0011]< REQUEST_IMS_REG_STATE_CHANGE [SUB0]
10-01 23:23:26.193 2142 2247 I QImsService: ImsRadioResponse : Set config response received.
10-01 23:23:26.194 2142 2247 I QImsService: ImsSenderRxr : [0012]< REQUEST_SET_IMS_CONFIG [SUB0]
10-01 23:23:26.194 2142 2319 I QImsService: ImsConfigImplHandler : Message received: what = 1
10-01 23:23:26.194 2142 2319 I QImsService: ImsConfigImpl : Notifyall
10-01 23:23:26.212 2142 2142 I QImsService: ImsServiceSubHandler : Message received: what = 9
10-01 23:23:26.212 1253 1841 E Diag_Lib: [IMS_FATAL]| 1841 | ims_qmi_register_client : Failed
10-01 23:23:26.214 1253 1841 I chatty : uid=1000(system) /system/vendor/bin/imsrcsd identical 2 lines
10-01 23:23:26.214 1253 1841 E Diag_Lib: [IMS_FATAL]| 1841 | ims_qmi_register_client : Failed
10-01 23:23:26.216 2351 2351 I GmsApplication: Registering the BackgroundBroadcastReceiverSupport receiver.
10-01 23:23:26.230 1253 1841 E Diag_Lib: [IMS_FATAL]| 1841 | ims_qmi_register_client : Failed
10-01 23:23:26.252 1253 1841 I chatty : uid=1000(system) /system/vendor/bin/imsrcsd identical 16 lines
10-01 23:23:26.252 1253 1841 E Diag_Lib: [IMS_FATAL]| 1841 | ims_qmi_register_client : Failed
10-01 23:23:26.257 2351 2351 I GmsReceiverSupport: Registered Receiver for 26 IntentFilters
10-01 23:23:26.259 1253 1841 E Diag_Lib: [IMS_FATAL]| 1841 | ims_qmi_register_client : Failed
10-01 23:23:26.261 1253 1841 I chatty : uid=1000(system) /system/vendor/bin/imsrcsd identical 4 lines
10-01 23:23:26.261 1253 1841 E Diag_Lib: [IMS_FATAL]| 1841 | ims_qmi_register_client : Failed
10-01 23:23:26.262 2351 2351 E GservicesValue: Gservices key not whitelisted for directboot access: gms:wh:enable_westinghouse_support
10-01 23:23:26.262 2351 2351 E WhAwareWrappers: Couldn't initialize instant apps metadata client! Disabling instant apps.
10-01 23:23:26.266 1469 1469 W Looper : Slow dispatch took 163ms main h=android.app.ActivityThread$H c=android.app.-$ $Lambda$LoadedApk$ReceiverDispatcher$Args$_BumDX2UKsnxLVrE6UJsJZkotuA@46aa640 m=0
10-01 23:23:26.268 1469 1469 I GnssLocationProvider: WakeLock acquired by sendMessage(SUBSCRIPTION_OR_SIM_CHANGED, 0, null)
10-01 23:23:26.269 2111 2195 I QCNEJ : |CORE| phoneCount: 2
10-01 23:23:26.271 1253 1841 E Diag_Lib: [IMS_FATAL]| 1841 | ims_qmi_register_client : Failed
10-01 23:23:26.273 1253 1841 I chatty : uid=1000(system) /system/vendor/bin/imsrcsd identical 4 lines
10-01 23:23:26.274 1253 1841 E Diag_Lib: [IMS_FATAL]| 1841 | ims_qmi_register_client : Failed
10-01 23:23:26.274 1469 1779 W BestClock: java.time.DateTimeException: Missing NTP fix
10-01 23:23:26.276 1469 1799 I WifiService: WifiService trying to set country code to de
10-01 23:23:26.276 572 1050 E QC-time-services: Daemon:tod_update_ind_cb: Got Update from modem msg_id 39
10-01 23:23:26.276 572 626 D QC-time-services: Daemon:read_offset: Sending read request for offset 1
10-01 23:23:26.276 1469 1799 I WifiService: setCountryCode uid=1001
10-01 23:23:26.277 572 626 D QC-time-services: Daemon:read_offset:Time received 1538429007002
10-01 23:23:26.277 572 626 D QC-time-services: Daemon:genoff_opr: Base = 15, val = 1538429007002, operation = 0
10-01 23:23:26.277 572 626 D QC-time-services: Daemon:Value read from QTimer mseconds = 25417
10-01 23:23:26.277 572 626 D QC-time-services: Daemon:Value read from RTC mseconds on boot = 172274000
10-01 23:23:26.277 572 626 D QC-time-services: Daemon:Delta read on boot mseconds = 172260061
10-01 23:23:26.277 572 626 D QC-time-services: Daemon:new time 1538429007002
10-01 23:23:26.277 572 626 D QC-time-services: Daemon: delta 1538256721524 genoff 1538256721524
10-01 23:23:26.277 572 626 D QC-time-services: Daemon:genoff_persistent_update: Writing genoff = 1538256721524 to memory
10-01 23:23:26.277 572 626 D QC-time-services: Daemon:Opening File: /persist/time/ats_15 /data/time/ats_15
10-01 23:23:26.277 572 626 D QC-time-services: Daemon:time_persistent_memory_opr:Genoff write operation
10-01 23:23:26.280 1469 1779 W BestClock: java.time.DateTimeException: Missing NTP fix
10-01 23:23:26.285 592 1004 D QC-time-services: Lib:time_genoff_operation: pargs->base = 12
10-01 23:23:26.285 592 1004 D QC-time-services: Lib:time_genoff_operation: pargs->operation = 0
10-01 23:23:26.285 592 1004 D QC-time-services: Lib:time_genoff_operation: pargs->ts_val = 1538429007000
10-01 23:23:26.286 592 1004 D QC-time-services: Lib:time_genoff_operation: Send to server passed!!
10-01 23:23:26.286 572 627 D QC-time-services: Daemon: Connection accepted:time_genoff
10-01 23:23:26.286 572 2461 D QC-time-services: Daemon:Received base = 12, unit = 1, operation = 0,value = 1538429007000
10-01 23:23:26.296 1469 1799 D AlarmManagerService: Kernel timezone updated to -120 minutes west of GMT
10-01 23:23:26.298 548 548 I LocSvc_GnssInterface: ===> updateConfiguration line 140
10-01 23:23:26.298 548 548 I chatty : uid=1021(gps) [email protected] identical 5 lines
10-01 23:23:26.298 548 548 I LocSvc_GnssInterface: ===> updateConfiguration line 140
10-01 23:23:26.299 548 2051 I LocSvc_api_v02: ---> locClientSendReq line 2102 QMI_LOC_SET_ENGINE_LOCK_REQ_V02
10-01 23:23:26.299 548 548 I LocSvc_GnssInterface: ===> updateConfiguration line 140
10-01 23:23:26.300 1469 1584 I GnssLocationProvider: WakeLock released by handleMessage(SUBSCRIPTION_OR_SIM_CHANGED, 0, null)
10-01 23:23:26.302 2142 2142 D ServiceStateProvider: subId=1
10-01 23:23:26.303 548 2053 I LocSvc_ApiV02: <--- globalRespCb line 141 QMI_LOC_SET_ENGINE_LOCK_REQ_V02
10-01 23:23:26.312 2142 2142 D CallNotifier: updatePhoneStateListeners: update CF notifications.
10-01 23:23:26.312 2142 2142 I NotificationMgr: updateCfi: subId= 1, visible=N
10-01 23:23:26.313 2142 2142 I NotificationMgr: updateMwi(): subId 1 update to false
10-01 23:23:26.318 2142 2142 I TelecomFramework: PstnIncomingCallNotifier: Unregistering: Handler (com.android.internal.telephony.GsmCdmaPhone) {c2de4d9}
10-01 23:23:26.318 572 626 E QC-time-services: Daemon:read_offset: offset 15 updated
10-01 23:23:26.318 572 626 D QC-time-services: Daemon:genoff_opr: Base = 16, val = 1538429007002, operation = 0
10-01 23:23:26.318 572 626 D QC-time-services: Daemon:Value read from QTimer mseconds = 25458
10-01 23:23:26.318 572 626 D QC-time-services: Daemon:Value read from RTC mseconds on boot = 172274000
10-01 23:23:26.318 572 626 D QC-time-services: Daemon:Delta read on boot mseconds = 172260061
10-01 23:23:26.318 572 626 D QC-time-services: Daemon:new time 1538429007002
10-01 23:23:26.318 572 626 D QC-time-services: Daemon: delta 1538256721483 genoff 1538256721483
10-01 23:23:26.318 572 626 D QC-time-services: Daemon:genoff_persistent_update: Writing genoff = 1538256721483 to memory
10-01 23:23:26.318 572 626 D QC-time-services: Daemon:Opening File: /persist/time/ats_16 /data/time/ats_16
10-01 23:23:26.318 572 626 D QC-time-services: Daemon:time_persistent_memory_opr:Genoff write operation
10-01 23:23:26.329 1469 2390 I Telecom : PhoneAccountRegistrar: Modify account: [ComponentInfo{com.android.phone/com.android.services.telephony.TelephonyConnection Service}, ***, UserHandle{0}]: TSI.rPA@ADE
10-01 23:23:26.332 2142 2142 I TelecomFramework: AccountEntry: Registered phoneAccount: [[ ] PhoneAccount: ComponentInfo{com.android.phone/com.android.services.telephony.TelephonyConnectionS ervice}, ***, UserHandle{0} Capabilities: SuppVideo CallProvider MultiUser PlaceEmerg SimSub Audio Routes: BESW Schemes: tel voicemail Extras: Bundle[{android.telecom.extra.SUPPORTS_VIDEO_CALLING_FALLBACK=true, android.telecom.extra.SORT_ORDER=0}] GroupId: ***] with handle: ComponentInfo{com.android.phone/com.android.services.telephony.TelephonyConnectionS ervice}, ***, UserHandle{0}
10-01 23:23:26.332 2142 2142 I TelecomFramework: PstnIncomingCallNotifier: Registering: Handler (com.android.internal.telephony.GsmCdmaPhone) {c2de4d9}
10-01 23:23:26.334 2402 2402 I Dialer : DialerExecutorModule.newThread - creating low priority thread
10-01 23:23:26.338 2142 2142 I ImsExternalCallTracker: handleVideoCapabilitiesChanged : isVideoCapable = false
10-01 23:23:26.338 2142 2142 D ImsExternalCallTracker: refreshCallPullState
10-01 23:23:26.338 2142 2142 I TelecomFramework: PstnPhoneCapabilitiesNotifier: handleVideoCapabilitesChanged. Video capability - false
10-01 23:23:26.347 2351 2351 W Primes : Primes not initialized, returning default (no-op) Primes instance which will ignore all calls. Please call Primes.initialize(...) before using any Primes API.
10-01 23:23:26.349 2402 2467 I Dialer : BlockedNumbersAutoMigrator - not attempting auto-migrate: device is locked
10-01 23:23:26.350 1469 1799 I Telecom : PhoneAccountRegistrar: Modify account: [ComponentInfo{com.android.phone/com.android.services.telephony.TelephonyConnection Service}, ***, UserHandle{0}]: TSI.rPA@ADQ
10-01 23:23:26.354 2402 2402 I Dialer : CallLogFramework.registerContentObservers - enter
10-01 23:23:26.356 2402 2402 I Dialer : CallLogFramework.registerContentObservers - not registering content observers
10-01 23:23:26.361 2402 2402 I Dialer : DialerExecutorModule.newThread - creating low priority thread
10-01 23:23:26.363 572 626 E QC-time-services: Daemon:read_offset: offset 16 updated
10-01 23:23:26.363 572 2461 D QC-time-services: Daemon:genoff_opr: Base = 12, val = 1538429007000, operation = 0
10-01 23:23:26.363 572 2461 D QC-time-services: Daemon:Value read from QTimer mseconds = 25503
10-01 23:23:26.363 572 2461 D QC-time-services: Daemon:Value read from RTC mseconds on boot = 172274000
10-01 23:23:26.363 572 2461 D QC-time-services: Daemon:Delta read on boot mseconds = 172260061
10-01 23:23:26.363 572 2461 D QC-time-services: Daemon:new time 1538429007000
10-01 23:23:26.363 572 2461 D QC-time-services: Daemon: delta 1538256721436 genoff 1538256721436
10-01 23:23:26.363 572 2461 D QC-time-services: Daemon:genoff_persistent_update: Writing genoff = 1538256721436 to memory
10-01 23:23:26.363 572 2461 D QC-time-services: Daemon:Opening File: /persist/time/ats_12 /data/time/ats_12
10-01 23:23:26.363 572 2461 D QC-time-services: Daemon:time_persistent_memory_opr:Genoff write operation
10-01 23:23:26.367 2142 2142 I VvmSimStateTracker: android.intent.action.SIM_STATE_CHANGED
10-01 23:23:26.369 2162 2162 D SimSelectNotification: simstatus = ABSENT
10-01 23:23:26.376 592 1004 E QC-time-services: Receive Passed == base = 12, unit = 1, operation = 0, result = 0
10-01 23:23:26.376 592 1004 D QC-time-services: Lib:time_genoff_operation: pargs->base = 13
10-01 23:23:26.376 592 1004 D QC-time-services: Lib:time_genoff_operation: pargs->operation = 0
10-01 23:23:26.376 592 1004 D QC-time-services: Lib:time_genoff_operation: pargs->ts_val = 1538429007000
10-01 23:23:26.376 572 627 E QC-time-services: Daemon: Time-services: Waiting to acceptconnection
10-01 23:23:26.377 592 1004 D QC-time-services: Lib:time_genoff_operation: Send to server passed!!
10-01 23:23:26.377 572 627 D QC-time-services: Daemon: Connection accepted:time_genoff
10-01 23:23:26.377 572 2471 D QC-time-services: Daemon:Received base = 13, unit = 1, operation = 0,value = 1538429007000
10-01 23:23:26.377 572 2471 D QC-time-services: Daemon:genoff_opr: Base = 13, val = 1538429007000, operation = 0
10-01 23:23:26.377 572 2471 D QC-time-services: Daemon:Value read from QTimer mseconds = 25517
10-01 23:23:26.377 572 2471 D QC-time-services: Daemon:Value read from RTC mseconds on boot = 172274000
10-01 23:23:26.377 572 2471 D QC-time-services: Daemon:Delta read on boot mseconds = 172260061
10-01 23:23:26.377 572 2471 D QC-time-services: Daemon:new time 1538429007000
10-01 23:23:26.377 572 2471 D QC-time-services: Daemon: delta 1538256721422 genoff 1538256721422
10-01 23:23:26.377 572 2471 D QC-time-services: Daemon:genoff_persistent_update: Writing genoff = 1538256721422 to memory
10-01 23:23:26.377 572 2471 D QC-time-services: Daemon:Opening File: /persist/time/ats_13 /data/time/ats_13
10-01 23:23:26.377 572 2471 D QC-time-services: Daemon:time_persistent_memory_opr:Genoff write operation
10-01 23:23:26.395 2474 2474 I Zygote : seccomp disabled by setenforce 0
10-01 23:23:26.395 1469 1588 I ActivityManager: Start proc 2474:com.google.android.gms/u0a13 for service com.google.android.gms/.chimera.GmsIntentOperationService
10-01 23:23:26.398 2474 2474 E gle.android.gm: Not starting debugger since process cannot load the jdwp agent.
