10-01 23:23:15.206 595 595 E LocSvc_launcher: Parent woken up! Interrupted system call
10-01 23:23:15.206 595 595 E LocSvc_launcher: main:840]: Exit status: 1. Restarting
10-01 23:23:15.206 595 595 E LocSvc_launcher: main:849]: Restarting slim_daemon. Number of restarts: 1
10-01 23:23:15.207 565 565 I Dpps : InitPrimaryContextFeatures():297 Dpps feature enable properties are false, skipping primary feature context init
10-01 23:23:15.207 536 536 I SDM : HWDevice::GetHWPanelMaxBrightnessFromNode: Max brightness level = 255
10-01 23:23:15.207 536 536 I SDM : HWDevice::GetHWPanelMaxBrightnessFromNode: Max brightness level = 255
10-01 23:23:15.207 536 536 W SDM : HWDevice::GetHWPanelInfoByNode: Failed to open msm_fb_panel_info node device node 2
10-01 23:23:15.207 536 536 W SDM : HWDevice::GetHWPanelInfoByNode: Failed to open msm_fb_panel_info node device node 3
10-01 23:23:15.208 536 536 I SDM : HWDevice::GetHWPanelMaxBrightnessFromNode: Max brightness level = 255
10-01 23:23:15.208 536 536 I SDM : HWDevice::GetHWPanelMaxBrightnessFromNode: Max brightness level = 255
10-01 23:23:15.208 536 536 W SDM : HWDevice::GetHWPanelInfoByNode: Failed to open msm_fb_panel_info node device node 2
10-01 23:23:15.208 536 536 W SDM : HWDevice::GetHWPanelInfoByNode: Failed to open msm_fb_panel_info node device node 3
10-01 23:23:15.208 536 536 I SDM : StrategyImpl::SetIdleTimeoutMs: Idle timeout: active = 70, inactive = 520
10-01 23:23:15.208 536 536 W SDM : ColorManager::CreateColorManagerProxy: PAV2 version is versions = 11, version = 11
10-01 23:23:15.208 778 778 E LocSvc_launcher:
10-01 23:23:15.208 778 778 E LocSvc_launcher: Error! execvp() returned. Something is wrong. Could not start slim_daemon,Error: 2 [No such file or directory]
10-01 23:23:15.209 693 774 I QISL : QSEE Interrupt Service Listener Thread is started
10-01 23:23:15.209 693 774 D QSEECOMAPI: QSEECom_register_listener 36864 sb_length = 0x1f4
10-01 23:23:15.211 693 774 I QISL : QSEE Interrupt Service Listener was activated successfully
10-01 23:23:15.211 693 693 D QSEECOMD: : Init qisl_start ret = 0
10-01 23:23:15.211 693 693 D QSEECOMD: : interrupt services: Started (Listener ID = 36864)
10-01 23:23:15.211 693 693 E QSEECOMD: : Listener: index = 7, hierarchy = 1
10-01 23:23:15.211 693 693 E QSEECOMD: : Init dlopen(libspl.so, RLTD_NOW) is failed.... dlopen failed: library "libspl.so" not found
10-01 23:23:15.211 693 693 E QSEECOMD: : Listener: index = 8, hierarchy = 1
10-01 23:23:15.213 595 595 E LocSvc_launcher: sig_handler_chld:159]: Received SIGCHLD
10-01 23:23:15.213 595 595 E LocSvc_launcher: Parent woken up! Interrupted system call
10-01 23:23:15.213 595 595 E LocSvc_launcher: main:840]: Exit status: 1. Restarting
10-01 23:23:15.213 595 595 E LocSvc_launcher: main:849]: Restarting slim_daemon. Number of restarts: 2
10-01 23:23:15.214 592 592 E Diag_Lib: Diag_LSM_Init: Failed to open handle to diag driver, error = 13
10-01 23:23:15.214 779 779 E LocSvc_launcher:
10-01 23:23:15.214 779 779 E LocSvc_launcher: Error! execvp() returned. Something is wrong. Could not start slim_daemon,Error: 2 [No such file or directory]
10-01 23:23:15.215 595 595 E LocSvc_launcher: sig_handler_chld:159]: Received SIGCHLD
10-01 23:23:15.215 595 595 E LocSvc_launcher: Parent woken up! Interrupted system call
10-01 23:23:15.215 595 595 E LocSvc_launcher: main:840]: Exit status: 1. Restarting
10-01 23:23:15.215 595 595 E LocSvc_launcher: main:849]: Restarting slim_daemon. Number of restarts: 3
10-01 23:23:15.216 588 588 W statsd : Child initialization success -6150195365450938007
10-01 23:23:15.217 588 588 W statsd : Child initialization success 8759787701068459216
10-01 23:23:15.217 588 588 W statsd : Child initialization success 5101244345202411538
10-01 23:23:15.217 588 588 W statsd : Child initialization success 8759787701068459216
10-01 23:23:15.217 588 588 W statsd : Child initialization success 4355931911588875875
10-01 23:23:15.217 588 588 W statsd : Child initialization success 5474199740567127686
10-01 23:23:15.217 588 588 W statsd : Child initialization success 8759787701068459216
10-01 23:23:15.217 588 588 W statsd : Child initialization success 8441638367716604327
10-01 23:23:15.217 588 588 W statsd : Child initialization success -745248690958657399
10-01 23:23:15.217 588 588 W statsd : Child initialization success 8128581080230084093
10-01 23:23:15.217 588 588 W statsd : Child initialization success 9024506553588204147
10-01 23:23:15.217 574 574 D /system/vendor/bin/adsprpcd: vendor/qcom/proprietary/adsprpc/src/fastrpc_apps_user.c:1151: Error 57: apps_dev_init failed. domain 0, errno Operation not permitted
10-01 23:23:15.217 574 574 D /system/vendor/bin/adsprpcd: vendor/qcom/proprietary/adsprpc/src/fastrpc_apps_user.c:1234: Error 57: open dev -1 for domain 0 failed
10-01 23:23:15.217 574 574 D /system/vendor/bin/adsprpcd: vendor/qcom/proprietary/adsprpc/src/fastrpc_apps_user.c:663: Error 2c: remote handle invoke failed. domain 1838660123, handle ffffffff, sc 0, pra 0x0
10-01 23:23:15.217 574 574 E /system/vendor/bin/adsprpcd: vendor/qcom/proprietary/adsprpc/src/adsprpcd.c:43:adsp daemon will restart after 25ms...
10-01 23:23:15.218 588 588 I statsd : using statsd socket
10-01 23:23:15.209 571 571 I rild : type=1400 audit(0.0:340): avc: denied { read write } for name="diag" dev="tmpfs" ino=14496 scontext=u:r:rild:s0 tcontext=u:object_r:device:s0 tclass=chr_file permissive=1
10-01 23:23:15.209 571 571 I rild : type=1400 audit(0.0:341): avc: denied { open } for path="/dev/diag" dev="tmpfs" ino=14496 scontext=u:r:rild:s0 tcontext=u:object_r:device:s0 tclass=chr_file permissive=1
10-01 23:23:15.209 571 571 I rild : type=1400 audit(0.0:342): avc: denied { ioctl } for path="/dev/diag" dev="tmpfs" ino=14496 ioctlcmd=20 scontext=u:r:rild:s0 tcontext=u:object_r:device:s0 tclass=chr_file permissive=1
10-01 23:23:15.209 548 548 I vendor.qti.gnss: type=1400 audit(0.0:343): avc: denied { call } for scontext=u:r:init:s0 tcontext=u:r:hwservicemanager:s0 tclass=binder permissive=1
10-01 23:23:15.209 548 548 I [email protected]: type=1400 audit(0.0:344): avc: denied { transfer } for scontext=u:r:init:s0 tcontext=u:r:hwservicemanager:s0 tclass=binder permissive=1
10-01 23:23:15.224 548 548 D LocSvc_LBSProxy: checkIfLocationExtendedClientExists] File does not Exist
10-01 23:23:15.224 560 560 D libEGL : loaded /vendor/lib64/egl/libEGL_adreno.so
10-01 23:23:15.226 548 548 I ServiceManagement: Removing namespace from process name [email protected] to [email protected].
10-01 23:23:15.226 548 548 I [email protected]: Registration complete for [email protected]::ILocHidlGnss/gnss_vendor.
10-01 23:23:15.229 780 780 E LocSvc_launcher:
10-01 23:23:15.229 780 780 E LocSvc_launcher: Error! execvp() returned. Something is wrong. Could not start slim_daemon,Error: 2 [No such file or directory]
10-01 23:23:15.230 595 595 E LocSvc_launcher: sig_handler_chld:159]: Received SIGCHLD
10-01 23:23:15.230 595 595 E LocSvc_launcher: Parent woken up! Interrupted system call
10-01 23:23:15.230 595 595 E LocSvc_launcher: main:840]: Exit status: 1. Restarting
10-01 23:23:15.230 595 595 E LocSvc_launcher: main:849]: Restarting slim_daemon. Number of restarts: 4
10-01 23:23:15.230 536 536 I SDM : DisplayBase::InitializeColorModes: Number of Color Modes = 12
10-01 23:23:15.231 785 785 E LocSvc_launcher:
10-01 23:23:15.231 785 785 E LocSvc_launcher: Error! execvp() returned. Something is wrong. Could not start slim_daemon,Error: 2 [No such file or directory]
10-01 23:23:15.231 595 595 E LocSvc_launcher: sig_handler_chld:159]: Received SIGCHLD
10-01 23:23:15.232 595 595 E LocSvc_launcher: Parent woken up! Interrupted system call
10-01 23:23:15.232 595 595 E LocSvc_launcher: main:840]: Exit status: 1. Restarting
10-01 23:23:15.232 595 595 E LocSvc_launcher: main:849]: Restarting slim_daemon. Number of restarts: 5
10-01 23:23:15.234 562 562 D FingerGoodix: FingerPrintService is constructing
10-01 23:23:15.234 562 562 D vndksupport: Loading /vendor/lib64/hw/gxfingerprint.default.so from current namespace instead of sphal namespace.
10-01 23:23:15.234 786 786 E LocSvc_launcher:
10-01 23:23:15.234 786 786 E LocSvc_launcher: Error! execvp() returned. Something is wrong. Could not start slim_daemon,Error: 2 [No such file or directory]
10-01 23:23:15.235 595 595 E LocSvc_launcher: sig_handler_chld:159]: Received SIGCHLD
10-01 23:23:15.235 595 595 E LocSvc_launcher: Parent woken up! Interrupted system call
10-01 23:23:15.235 595 595 E LocSvc_launcher: main:840]: Exit status: 1. Restarting
10-01 23:23:15.235 595 595 E LocSvc_launcher: main:844]: slim_daemon Restarted too many times. Grounded!
10-01 23:23:15.241 536 536 W SDM : HWEvents::InitializePollFd: open failed for display=0 event=idle_power_collapse, error=No such file or directory
10-01 23:23:15.241 536 536 I SDM : HWCDisplay::Init: Display created with id: 0
10-01 23:23:15.241 536 536 E SDM : DisplayBase::GetColorModeAttr: Failed: Mode CE without attribute
10-01 23:23:15.241 536 536 E SDM : DisplayBase::GetColorModeAttr: Failed: Mode cold_none_d without attribute
10-01 23:23:15.241 536 536 E SDM : DisplayBase::GetColorModeAttr: Failed: Mode default_none without attribute
10-01 23:23:15.241 536 536 E SDM : DisplayBase::GetColorModeAttr: Failed: Mode eye1 without attribute
10-01 23:23:15.241 536 536 E SDM : DisplayBase::GetColorModeAttr: Failed: Mode eye2 without attribute
10-01 23:23:15.241 536 536 E SDM : DisplayBase::GetColorModeAttr: Failed: Mode eye3 without attribute
10-01 23:23:15.241 536 536 E SDM : DisplayBase::GetColorModeAttr: Failed: Mode eye4 without attribute
10-01 23:23:15.241 536 536 E SDM : DisplayBase::GetColorModeAttr: Failed: Mode eye5 without attribute
10-01 23:23:15.241 536 536 E SDM : DisplayBase::GetColorModeAttr: Failed: Mode eye6 without attribute
10-01 23:23:15.241 536 536 E SDM : DisplayBase::GetColorModeAttr: Failed: Mode eye7 without attribute
10-01 23:23:15.241 536 536 E SDM : DisplayBase::GetColorModeAttr: Failed: Mode eye8 without attribute
10-01 23:23:15.241 536 536 E SDM : DisplayBase::GetColorModeAttr: Failed: Mode warm_none_d without attribute
10-01 23:23:15.241 536 536 I SDM : DisplayBase::SetFrameBufferConfig: New framebuffer resolution (1080x1920)
10-01 23:23:15.244 574 574 D /system/vendor/bin/adsprpcd: vendor/qcom/proprietary/adsprpc/src/fastrpc_apps_user.c:1151: Error 57: apps_dev_init failed. domain 0, errno Operation not permitted
10-01 23:23:15.244 574 574 D /system/vendor/bin/adsprpcd: vendor/qcom/proprietary/adsprpc/src/fastrpc_apps_user.c:1234: Error 57: open dev -1 for domain 0 failed
10-01 23:23:15.244 574 574 D /system/vendor/bin/adsprpcd: vendor/qcom/proprietary/adsprpc/src/fastrpc_apps_user.c:663: Error 2c: remote handle invoke failed. domain 1838660123, handle ffffffff, sc 0, pra 0x0
10-01 23:23:15.244 574 574 E /system/vendor/bin/adsprpcd: vendor/qcom/proprietary/adsprpc/src/adsprpcd.c:43:adsp daemon will restart after 25ms...
10-01 23:23:15.246 740 740 E Diag_Lib: qpLogDiagInit <== result : 1
10-01 23:23:15.246 740 740 E Diag_Lib: DATAD : gIsQXDMDisabled 0, gIsADBDisabled 1, gIsDebugDisabled 0, gIsIMSLogsDisabled 0
10-01 23:23:15.246 740 740 E Diag_Lib: [IMS_DataD] imsdatad.c | 5824 | | 740 | DATAD#$$#0#DATAD STARTED
10-01 23:23:15.248 693 693 D QSEECOMD: : Init dlopen(libGPreqcancel.so, RTLD_NOW) succeeds
10-01 23:23:15.248 693 693 D QSEECOMD: : Init::Init dlsym(g_FSHandle gp_reqcancel_start) succeeds
10-01 23:23:15.248 693 693 D QSEECOMAPI: QSEECom_register_listener 4352 sb_length = 0x5000
10-01 23:23:15.250 693 693 D QSEECOMD: : Init gp_reqcancel_start ret = 0
10-01 23:23:15.250 693 693 D QSEECOMD: : gp request cancellation services: Started (Listener ID = 4352)
10-01 23:23:15.252 519 519 I zygote : option[0]=-Xzygote
10-01 23:23:15.252 519 519 I zygote : option[1]=-Xusetombstonedtraces
10-01 23:23:15.252 519 519 I zygote : option[2]=exit
10-01 23:23:15.252 519 519 I zygote : option[3]=vfprintf
10-01 23:23:15.252 519 519 I zygote : option[4]=sensitiveThread
10-01 23:23:15.252 519 519 I zygote : option[5]=-verbose:gc
10-01 23:23:15.252 519 519 I zygote : option[6]=-Xms16m
10-01 23:23:15.252 519 519 I zygote : option[7]=-Xmx512m
10-01 23:23:15.252 519 519 I zygote : option[8]=-XX:HeapGrowthLimit=256m
10-01 23:23:15.252 519 519 I zygote : option[9]=-XX:HeapMinFree=4m
10-01 23:23:15.252 519 519 I zygote : option[10]=-XX:HeapMaxFree=8m
10-01 23:23:15.252 519 519 I zygote : option[11]=- XX:HeapTargetUtilization=0.75
10-01 23:23:15.252 519 519 I zygote : option[12]=-Xusejit:true
10-01 23:23:15.252 519 519 I zygote : option[13]=-Xjitsaveprofilinginfo
10-01 23:23:15.252 519 519 I zygote : option[14]=- XjdwpOptions:suspend=n,server=y
10-01 23:23:15.252 519 519 I zygote : option[15]=-XjdwpProvider:default
10-01 23:23:15.252 519 519 I zygote : option[16]=-Xlockprofthreshold:500
10-01 23:23:15.252 519 519 I zygote : option[17]=-Ximage-compiler-option
10-01 23:23:15.252 519 519 I zygote : option[18]=--runtime-arg
10-01 23:23:15.252 519 519 I zygote : option[19]=-Ximage-compiler-option
10-01 23:23:15.252 519 519 I zygote : option[20]=-Xms64m
10-01 23:23:15.252 519 519 I zygote : option[21]=-Ximage-compiler-option
10-01 23:23:15.252 519 519 I zygote : option[22]=--runtime-arg
10-01 23:23:15.252 519 519 I zygote : option[23]=-Ximage-compiler-option
10-01 23:23:15.252 519 519 I zygote : option[24]=-Xmx64m
10-01 23:23:15.252 519 519 I zygote : option[25]=-Ximage-compiler-option
10-01 23:23:15.252 519 519 I zygote : option[26]=--profile- file=/system/etc/boot-image.prof
10-01 23:23:15.252 519 519 I zygote : option[27]=-Ximage-compiler-option
10-01 23:23:15.252 519 519 I zygote : option[28]=--compiler-filter=speed- profile
10-01 23:23:15.252 519 519 I zygote : option[29]=-Xcompiler-option
10-01 23:23:15.252 519 519 I zygote : option[30]=--runtime-arg
10-01 23:23:15.252 519 519 I zygote : option[31]=-Xcompiler-option
10-01 23:23:15.252 519 519 I zygote : option[32]=-Xms64m
10-01 23:23:15.253 519 519 I zygote : option[33]=-Xcompiler-option
10-01 23:23:15.253 519 519 I zygote : option[34]=--runtime-arg
10-01 23:23:15.253 519 519 I zygote : option[35]=-Xcompiler-option
10-01 23:23:15.253 519 519 I zygote : option[36]=-Xmx512m
10-01 23:23:15.253 519 519 I zygote : option[37]=-Ximage-compiler-option
10-01 23:23:15.253 519 519 I zygote : option[38]=--instruction-set- variant=cortex-a53
10-01 23:23:15.253 519 519 I zygote : option[39]=-Xcompiler-option
10-01 23:23:15.253 519 519 I zygote : option[40]=--instruction-set- variant=cortex-a53
10-01 23:23:15.253 519 519 I zygote : option[41]=-Ximage-compiler-option
10-01 23:23:15.253 519 519 I zygote : option[42]=--instruction-set- features=default
10-01 23:23:15.253 519 519 I zygote : option[43]=-Xcompiler-option
10-01 23:23:15.253 519 519 I zygote : option[44]=--instruction-set- features=default
10-01 23:23:15.253 519 519 I zygote : option[45]=-Duser.locale=en-DE
10-01 23:23:15.253 519 519 I zygote : option[46]=--cpu-abilist=armeabi- v7a,armeabi
10-01 23:23:15.253 519 519 I zygote : option[47]=- Xfingerprint:xiaomi/mido/mido:7.0/NRD90M/V8.5.4.0.NCFMIED:user/release-keys
10-01 23:23:15.255 566 566 E QCNEA : Cne Version 4.9
10-01 23:23:15.268 693 693 D QSEECOMD: : QSEECOM DAEMON RUNNING
10-01 23:23:15.270 574 574 D /system/vendor/bin/adsprpcd: vendor/qcom/proprietary/adsprpc/src/fastrpc_apps_user.c:1151: Error 57: apps_dev_init failed. domain 0, errno Operation not permitted
10-01 23:23:15.270 574 574 D /system/vendor/bin/adsprpcd: vendor/qcom/proprietary/adsprpc/src/fastrpc_apps_user.c:1234: Error 57: open dev -1 for domain 0 failed
10-01 23:23:15.270 574 574 D /system/vendor/bin/adsprpcd: vendor/qcom/proprietary/adsprpc/src/fastrpc_apps_user.c:663: Error 2c: remote handle invoke failed. domain 1838660123, handle ffffffff, sc 0, pra 0x0
10-01 23:23:15.270 574 574 E /system/vendor/bin/adsprpcd: vendor/qcom/proprietary/adsprpc/src/adsprpcd.c:43:adsp daemon will restart after 25ms...
10-01 23:23:15.281 518 518 I zygote64: option[0]=-Xzygote
10-01 23:23:15.281 518 518 I zygote64: option[1]=-Xusetombstonedtraces
10-01 23:23:15.281 518 518 I zygote64: option[2]=exit
10-01 23:23:15.281 518 518 I zygote64: option[3]=vfprintf
10-01 23:23:15.281 518 518 I zygote64: option[4]=sensitiveThread
10-01 23:23:15.281 518 518 I zygote64: option[5]=-verbose:gc
10-01 23:23:15.281 518 518 I zygote64: option[6]=-Xms16m
10-01 23:23:15.281 518 518 I zygote64: option[7]=-Xmx512m
10-01 23:23:15.281 518 518 I zygote64: option[8]=-XX:HeapGrowthLimit=256m
10-01 23:23:15.281 518 518 I zygote64: option[9]=-XX:HeapMinFree=4m
10-01 23:23:15.281 518 518 I zygote64: option[10]=-XX:HeapMaxFree=8m
10-01 23:23:15.281 518 518 I zygote64: option[11]=- XX:HeapTargetUtilization=0.75
10-01 23:23:15.281 518 518 I zygote64: option[12]=-Xusejit:true
10-01 23:23:15.281 518 518 I zygote64: option[13]=-Xjitsaveprofilinginfo
10-01 23:23:15.281 518 518 I zygote64: option[14]=- XjdwpOptions:suspend=n,server=y
10-01 23:23:15.281 518 518 I zygote64: option[15]=-XjdwpProvider:default
10-01 23:23:15.281 518 518 I zygote64: option[16]=-Xlockprofthreshold:500
10-01 23:23:15.281 518 518 I zygote64: option[17]=-Ximage-compiler-option
10-01 23:23:15.281 518 518 I zygote64: option[18]=--runtime-arg
10-01 23:23:15.281 518 518 I zygote64: option[19]=-Ximage-compiler-option
10-01 23:23:15.281 518 518 I zygote64: option[20]=-Xms64m
10-01 23:23:15.281 518 518 I zygote64: option[21]=-Ximage-compiler-option
10-01 23:23:15.281 518 518 I zygote64: option[22]=--runtime-arg
10-01 23:23:15.281 518 518 I zygote64: option[23]=-Ximage-compiler-option
10-01 23:23:15.281 518 518 I zygote64: option[24]=-Xmx64m
10-01 23:23:15.281 518 518 I zygote64: option[25]=-Ximage-compiler-option
10-01 23:23:15.281 518 518 I zygote64: option[26]=--profile- file=/system/etc/boot-image.prof
10-01 23:23:15.281 518 518 I zygote64: option[27]=-Ximage-compiler-option
10-01 23:23:15.281 518 518 I zygote64: option[28]=--compiler-filter=speed- profile
10-01 23:23:15.281 518 518 I zygote64: option[29]=-Xcompiler-option
10-01 23:23:15.281 518 518 I zygote64: option[30]=--runtime-arg
10-01 23:23:15.281 518 518 I zygote64: option[31]=-Xcompiler-option
10-01 23:23:15.281 518 518 I zygote64: option[32]=-Xms64m
10-01 23:23:15.281 518 518 I zygote64: option[33]=-Xcompiler-option
10-01 23:23:15.281 518 518 I zygote64: option[34]=--runtime-arg
10-01 23:23:15.281 518 518 I zygote64: option[35]=-Xcompiler-option
10-01 23:23:15.281 518 518 I zygote64: option[36]=-Xmx512m
10-01 23:23:15.281 518 518 I zygote64: option[37]=-Ximage-compiler-option
10-01 23:23:15.281 518 518 I zygote64: option[38]=--instruction-set- variant=generic
10-01 23:23:15.281 518 518 I zygote64: option[39]=-Xcompiler-option
10-01 23:23:15.281 518 518 I zygote64: option[40]=--instruction-set- variant=generic
10-01 23:23:15.281 518 518 I zygote64: option[41]=-Ximage-compiler-option
10-01 23:23:15.281 518 518 I zygote64: option[42]=--instruction-set- features=default
10-01 23:23:15.281 518 518 I zygote64: option[43]=-Xcompiler-option
10-01 23:23:15.281 518 518 I zygote64: option[44]=--instruction-set- features=default
10-01 23:23:15.281 518 518 I zygote64: option[45]=-Duser.locale=en-DE
10-01 23:23:15.281 518 518 I zygote64: option[46]=--cpu-abilist=arm64-v8a
10-01 23:23:15.281 518 518 I zygote64: option[47]=- Xfingerprint:xiaomi/mido/mido:7.0/NRD90M/V8.5.4.0.NCFMIED:user/release-keys
10-01 23:23:15.296 574 574 D /system/vendor/bin/adsprpcd: vendor/qcom/proprietary/adsprpc/src/fastrpc_apps_user.c:1151: Error 57: apps_dev_init failed. domain 0, errno Operation not permitted
10-01 23:23:15.296 574 574 D /system/vendor/bin/adsprpcd: vendor/qcom/proprietary/adsprpc/src/fastrpc_apps_user.c:1234: Error 57: open dev -1 for domain 0 failed
10-01 23:23:15.296 574 574 D /system/vendor/bin/adsprpcd: vendor/qcom/proprietary/adsprpc/src/fastrpc_apps_user.c:663: Error 2c: remote handle invoke failed. domain 1838660123, handle ffffffff, sc 0, pra 0x0
10-01 23:23:15.296 574 574 E /system/vendor/bin/adsprpcd: vendor/qcom/proprietary/adsprpc/src/adsprpcd.c:43:adsp daemon will restart after 25ms...
10-01 23:23:15.311 467 467 E SELinux : avc: denied { find } for service=vendor.qcom.PeripheralManager pid=592 uid=1001 scontext=u:r:rild:s0 tcontext=u:object_r:default_android_vndservice:s0 tclass=service_manager permissive=1
10-01 23:23:15.317 534 534 D QSEECOMAPI: QSEECom_get_handle sb_length = 0xa000
10-01 23:23:15.318 534 534 D QSEECOMAPI: App is already loaded QSEE and app id = 4
10-01 23:23:15.319 534 534 E gatekeeper_device: Gatekeeper initialized
10-01 23:23:15.319 534 534 I ServiceManagement: Removing namespace from process name [email protected] to [email protected].
10-01 23:23:15.321 519 519 I zygote : VerifyImage: /system/bin/patchoat --input-image-location=/system/framework/boot.art --output-image- directory=/data/dalvik-cache/arm --instruction-set=arm --verify
10-01 23:23:15.321 534 534 I [email protected]: Registration complete for [email protected]::IGatekeeper/default.
10-01 23:23:15.323 469 469 D QSEECOMAPI: QSEECom_get_handle sb_length = 0xa000
10-01 23:23:15.323 574 574 D /system/vendor/bin/adsprpcd: vendor/qcom/proprietary/adsprpc/src/fastrpc_apps_user.c:1151: Error 57: apps_dev_init failed. domain 0, errno Operation not permitted
10-01 23:23:15.323 574 574 D /system/vendor/bin/adsprpcd: vendor/qcom/proprietary/adsprpc/src/fastrpc_apps_user.c:1234: Error 57: open dev -1 for domain 0 failed
10-01 23:23:15.323 574 574 D /system/vendor/bin/adsprpcd: vendor/qcom/proprietary/adsprpc/src/fastrpc_apps_user.c:663: Error 2c: remote handle invoke failed. domain 1838660123, handle ffffffff, sc 0, pra 0x0
10-01 23:23:15.323 469 469 D QSEECOMAPI: App is already loaded QSEE and app id = 4
10-01 23:23:15.323 574 574 E /system/vendor/bin/adsprpcd: vendor/qcom/proprietary/adsprpc/src/adsprpcd.c:43:adsp daemon will restart after 25ms...
10-01 23:23:15.324 562 562 D FingerGoodix: gxFingerPrint open succuss!
10-01 23:23:15.329 770 770 D LocSvc_LBSProxy: checkIfLocationExtendedClientExists] File does not Exist
10-01 23:23:15.330 770 801 I LocSvc_api_v02: locClientOpen:1945]: Service instance id is -1
10-01 23:23:15.330 770 801 I LocSvc_api_v02: ---> locClientOpenInstance line 1828 loc client open
10-01 23:23:15.330 469 469 E keymaster1_device: Keymaster Initialized
10-01 23:23:15.330 469 469 E keymaster1_device: TA API Major Verion: 1
10-01 23:23:15.330 469 469 E keymaster1_device: TA API Minor Verion: 0
10-01 23:23:15.330 469 469 E keymaster1_device: TA Major Verion: 1
10-01 23:23:15.330 469 469 E keymaster1_device: TA Minor Verion: 10
10-01 23:23:15.330 469 469 E keymaster1_device: set_version_req->flags: 1
10-01 23:23:15.331 770 801 E QMI_FW : QMUXD: WARNING qmi_qmux_if_pwr_up_init failed! rc=-6
10-01 23:23:15.332 469 469 I ServiceManagement: Removing namespace from process name [email protected] to [email protected].
10-01 23:23:15.333 469 469 I [email protected]: Registration complete for [email protected]::IKeymasterDevice/default.
10-01 23:23:15.336 583 583 I keystore: found [email protected]::IKeymasterDevice with interface name default and seclevel TRUSTED_ENVIRONMENT
10-01 23:23:15.337 767 767 I LOWI-8.5.0.3.a: [MessageQ_Client] connecting to server [/data/vendor/location/mq/location-mq-s]
10-01 23:23:15.337 767 767 I LOWI-8.5.0.3.a: [MessageQ_Client] connected
10-01 23:23:15.337 767 767 I LOWI-8.5.0.3.a: [LOWIController] loadConfigItems: Log level = 3, Cache Records = 100, max queue size = 255, fresh scan threshold = 500
10-01 23:23:15.338 767 767 E LOWI-8.5.0.3.a: [LOWIDiagLog] Diag logging could not be enabled
10-01 23:23:15.339 767 815 I LOWI-8.5.0.3.a: [LOWIController] Client controller entering event loop
10-01 23:23:15.343 518 518 I zygote64: VerifyImage: /system/bin/patchoat --input-image-location=/system/framework/boot.art --output-image- directory=/data/dalvik-cache/arm64 --instruction-set=arm64 --verify
10-01 23:23:15.347 560 560 D libEGL : loaded /vendor/lib64/egl/libGLESv1_CM_adreno.so
10-01 23:23:15.350 574 574 D /system/vendor/bin/adsprpcd: vendor/qcom/proprietary/adsprpc/src/fastrpc_apps_user.c:1151: Error 57: apps_dev_init failed. domain 0, errno Operation not permitted
10-01 23:23:15.350 574 574 D /system/vendor/bin/adsprpcd: vendor/qcom/proprietary/adsprpc/src/fastrpc_apps_user.c:1234: Error 57: open dev -1 for domain 0 failed
10-01 23:23:15.350 574 574 D /system/vendor/bin/adsprpcd: vendor/qcom/proprietary/adsprpc/src/fastrpc_apps_user.c:663: Error 2c: remote handle invoke failed. domain 1838660123, handle ffffffff, sc 0, pra 0x0
10-01 23:23:15.350 574 574 E /system/vendor/bin/adsprpcd: vendor/qcom/proprietary/adsprpc/src/adsprpcd.c:43:adsp daemon will restart after 25ms...
10-01 23:23:15.361 560 560 D libEGL : loaded /vendor/lib64/egl/libGLESv2_adreno.so
10-01 23:23:15.377 574 574 D /system/vendor/bin/adsprpcd: vendor/qcom/proprietary/adsprpc/src/fastrpc_apps_user.c:1151: Error 57: apps_dev_init failed. domain 0, errno Operation not permitted
10-01 23:23:15.377 574 574 D /system/vendor/bin/adsprpcd: vendor/qcom/proprietary/adsprpc/src/fastrpc_apps_user.c:1234: Error 57: open dev -1 for domain 0 failed
10-01 23:23:15.377 574 574 D /system/vendor/bin/adsprpcd: vendor/qcom/proprietary/adsprpc/src/fastrpc_apps_user.c:663: Error 2c: remote handle invoke failed. domain 1838660123, handle ffffffff, sc 0, pra 0x0
10-01 23:23:15.377 574 574 E /system/vendor/bin/adsprpcd: vendor/qcom/proprietary/adsprpc/src/adsprpcd.c:43:adsp daemon will restart after 25ms...
10-01 23:23:15.381 560 560 I Adreno : QUALCOMM build : 2371bd1, I8ebe47d372
10-01 23:23:15.381 560 560 I Adreno : Build Date : 03/12/18
10-01 23:23:15.381 560 560 I Adreno : OpenGL ES Shader Compiler Version: EV031.22.00.01
10-01 23:23:15.381 560 560 I Adreno : Local Branch :
10-01 23:23:15.381 560 560 I Adreno : Remote Branch : quic/gfx-adreno.lnx.1.0.r36-rel
10-01 23:23:15.381 560 560 I Adreno : Remote Branch : NONE
10-01 23:23:15.381 560 560 I Adreno : Reconstruct Branch : NOTHING
10-01 23:23:15.404 574 574 D /system/vendor/bin/adsprpcd: vendor/qcom/proprietary/adsprpc/src/fastrpc_apps_user.c:1151: Error 57: apps_dev_init failed. domain 0, errno Operation not permitted
10-01 23:23:15.404 574 574 D /system/vendor/bin/adsprpcd: vendor/qcom/proprietary/adsprpc/src/fastrpc_apps_user.c:1234: Error 57: open dev -1 for domain 0 failed
10-01 23:23:15.404 574 574 D /system/vendor/bin/adsprpcd: vendor/qcom/proprietary/adsprpc/src/fastrpc_apps_user.c:663: Error 2c: remote handle invoke failed. domain 1838660123, handle ffffffff, sc 0, pra 0x0
10-01 23:23:15.404 574 574 E /system/vendor/bin/adsprpcd: vendor/qcom/proprietary/adsprpc/src/adsprpcd.c:43:adsp daemon will restart after 25ms...
10-01 23:23:15.430 574 574 D /system/vendor/bin/adsprpcd: vendor/qcom/proprietary/adsprpc/src/fastrpc_apps_user.c:1151: Error 57: apps_dev_init failed. domain 0, errno Operation not permitted
10-01 23:23:15.430 574 574 D /system/vendor/bin/adsprpcd: vendor/qcom/proprietary/adsprpc/src/fastrpc_apps_user.c:1234: Error 57: open dev -1 for domain 0 failed
10-01 23:23:15.430 574 574 D /system/vendor/bin/adsprpcd: vendor/qcom/proprietary/adsprpc/src/fastrpc_apps_user.c:663: Error 2c: remote handle invoke failed. domain 1838660123, handle ffffffff, sc 0, pra 0x0
10-01 23:23:15.431 574 574 E /system/vendor/bin/adsprpcd: vendor/qcom/proprietary/adsprpc/src/adsprpcd.c:43:adsp daemon will restart after 25ms...
10-01 23:23:15.457 574 574 D /system/vendor/bin/adsprpcd: vendor/qcom/proprietary/adsprpc/src/fastrpc_apps_user.c:1151: Error 57: apps_dev_init failed. domain 0, errno Operation not permitted
10-01 23:23:15.457 574 574 D /system/vendor/bin/adsprpcd: vendor/qcom/proprietary/adsprpc/src/fastrpc_apps_user.c:1234: Error 57: open dev -1 for domain 0 failed
10-01 23:23:15.457 574 574 D /system/vendor/bin/adsprpcd: vendor/qcom/proprietary/adsprpc/src/fastrpc_apps_user.c:663: Error 2c: remote handle invoke failed. domain 1838660123, handle ffffffff, sc 0, pra 0x0
10-01 23:23:15.457 574 574 E /system/vendor/bin/adsprpcd: vendor/qcom/proprietary/adsprpc/src/adsprpcd.c:43:adsp daemon will restart after 25ms...
10-01 23:23:15.484 574 574 D /system/vendor/bin/adsprpcd: vendor/qcom/proprietary/adsprpc/src/fastrpc_apps_user.c:1151: Error 57: apps_dev_init failed. domain 0, errno Operation not permitted
10-01 23:23:15.484 574 574 D /system/vendor/bin/adsprpcd: vendor/qcom/proprietary/adsprpc/src/fastrpc_apps_user.c:1234: Error 57: open dev -1 for domain 0 failed
10-01 23:23:15.484 574 574 D /system/vendor/bin/adsprpcd: vendor/qcom/proprietary/adsprpc/src/fastrpc_apps_user.c:663: Error 2c: remote handle invoke failed. domain 1838660123, handle ffffffff, sc 0, pra 0x0
10-01 23:23:15.484 574 574 E /system/vendor/bin/adsprpcd: vendor/qcom/proprietary/adsprpc/src/adsprpcd.c:43:adsp daemon will restart after 25ms...
10-01 23:23:15.486 536 536 I SDM : HWCDisplay::SetFrameBufferResolution: New framebuffer resolution (1080x1920)
10-01 23:23:15.486 536 536 I SDM : HWCColorManager::CreateColorManager: Successfully loaded libsdm-disp-vndapis.so
10-01 23:23:15.490 560 560 I Adreno : PFP: 0x005ff087, ME: 0x005ff063
10-01 23:23:15.494 536 536 I SDM : HWCColorManager::CreateColorManager: Successfully loaded libsdm-disp-vndapis.so and libsdm-diag.so and diag_init'ed
10-01 23:23:15.495 536 536 I ServiceManagement: Removing namespace from process name [email protected] to [email protected].
10-01 23:23:15.497 536 536 I [email protected]: Registration complete for [email protected]::IComposer/default.
10-01 23:23:15.510 574 574 D /system/vendor/bin/adsprpcd: vendor/qcom/proprietary/adsprpc/src/fastrpc_apps_user.c:1151: Error 57: apps_dev_init failed. domain 0, errno Operation not permitted
10-01 23:23:15.510 574 574 D /system/vendor/bin/adsprpcd: vendor/qcom/proprietary/adsprpc/src/fastrpc_apps_user.c:1234: Error 57: open dev -1 for domain 0 failed
10-01 23:23:15.510 574 574 D /system/vendor/bin/adsprpcd: vendor/qcom/proprietary/adsprpc/src/fastrpc_apps_user.c:663: Error 2c: remote handle invoke failed. domain 1838660123, handle ffffffff, sc 0, pra 0x0
10-01 23:23:15.511 574 574 E /system/vendor/bin/adsprpcd: vendor/qcom/proprietary/adsprpc/src/adsprpcd.c:43:adsp daemon will restart after 25ms...
10-01 23:23:15.537 574 574 D /system/vendor/bin/adsprpcd: vendor/qcom/proprietary/adsprpc/src/fastrpc_apps_user.c:1151: Error 57: apps_dev_init failed. domain 0, errno Operation not permitted
10-01 23:23:15.537 574 574 D /system/vendor/bin/adsprpcd: vendor/qcom/proprietary/adsprpc/src/fastrpc_apps_user.c:1234: Error 57: open dev -1 for domain 0 failed
10-01 23:23:15.537 574 574 D /system/vendor/bin/adsprpcd: vendor/qcom/proprietary/adsprpc/src/fastrpc_apps_user.c:663: Error 2c: remote handle invoke failed. domain 1838660123, handle ffffffff, sc 0, pra 0x0
10-01 23:23:15.537 574 574 E /system/vendor/bin/adsprpcd: vendor/qcom/proprietary/adsprpc/src/adsprpcd.c:43:adsp daemon will restart after 25ms...
10-01 23:23:15.570 574 841 E /system/vendor/bin/adsprpcd: vendor/qcom/proprietary/adsprpc/src/apps_std_imp.c:695:Error 45: fopen failed for remote_heap_config.so. (No such file or directory)
10-01 23:23:15.571 574 841 E /system/vendor/bin/adsprpcd: vendor/qcom/proprietary/adsprpc/src/apps_std_imp.c:695:Error 45: fopen failed for oemconfig.so. (No such file or directory)
10-01 23:23:15.571 574 841 E /system/vendor/bin/adsprpcd: vendor/qcom/proprietary/adsprpc/src/apps_std_imp.c:695:Error 45: fopen failed for testsig-0xccc6d961.so. (No such file or directory)
10-01 23:23:15.571 574 841 E /system/vendor/bin/adsprpcd: vendor/qcom/proprietary/adsprpc/src/apps_std_imp.c:695:Error 45: fopen failed for testsig.so. (No such file or directory)
10-01 23:23:15.575 574 841 E /system/vendor/bin/adsprpcd: vendor/qcom/proprietary/adsprpc/src/apps_std_imp.c:695:Error 45: fopen failed for adsp_avs_config.acdb. (No such file or directory)
10-01 23:23:15.582 560 560 I ConfigStore: android::hardware::configstore::V1_0::ISurfaceFlingerConfigs::hasWideColorDisplay retrieved: 0
10-01 23:23:15.583 560 560 I ConfigStore: android::hardware::configstore::V1_0::ISurfaceFlingerConfigs::hasHDRDisplay retrieved: 0
10-01 23:23:15.586 560 560 I SurfaceFlinger: EGL information:
10-01 23:23:15.586 560 560 I SurfaceFlinger: vendor : Android
10-01 23:23:15.586 560 560 I SurfaceFlinger: version : 1.4 Android META-EGL
10-01 23:23:15.586 560 560 I SurfaceFlinger: extensions: EGL_KHR_get_all_proc_addresses EGL_ANDROID_presentation_time EGL_KHR_swap_buffers_with_damage EGL_ANDROID_get_native_client_buffer EGL_ANDROID_front_buffer_auto_refresh EGL_ANDROID_get_frame_timestamps EGL_EXT_surface_SMPTE2086_metadata EGL_EXT_surface_CTA861_3_metadata EGL_KHR_image EGL_KHR_image_base EGL_KHR_lock_surface EGL_KHR_gl_colorspace EGL_KHR_gl_texture_2D_image EGL_KHR_gl_texture_3D_image EGL_KHR_gl_texture_cubemap_image EGL_KHR_gl_renderbuffer_image EGL_KHR_reusable_sync EGL_KHR_fence_sync EGL_KHR_create_context EGL_KHR_surfaceless_context EGL_EXT_create_context_robustness EGL_ANDROID_image_native_buffer EGL_KHR_wait_sync EGL_ANDROID_recordable EGL_KHR_partial_update EGL_EXT_pixel_format_float EGL_KHR_create_context_no_error EGL_KHR_mutable_render_buffer EGL_EXT_yuv_surface EGL_EXT_protected_content EGL_IMG_context_priority EGL_KHR_no_config_context
10-01 23:23:15.587 560 560 I SurfaceFlinger: Client API: OpenGL_ES
10-01 23:23:15.587 560 560 I SurfaceFlinger: EGLSurface: 8-8-8-8, config=0x7843780e40
10-01 23:23:15.588 560 560 I SurfaceFlinger: OpenGL ES informations:
10-01 23:23:15.588 560 560 I SurfaceFlinger: vendor : Qualcomm
10-01 23:23:15.588 560 560 I SurfaceFlinger: renderer : Adreno (TM) 506
10-01 23:23:15.588 560 560 I SurfaceFlinger: version : OpenGL ES 3.2 [email protected] (GIT@2371bd1, I8ebe47d372) (Date:03/12/18)
10-01 23:23:15.588 560 560 I SurfaceFlinger: extensions: GL_OES_EGL_image GL_OES_EGL_image_external GL_OES_EGL_sync GL_OES_vertex_half_float GL_OES_framebuffer_object GL_OES_rgb8_rgba8 GL_OES_compressed_ETC1_RGB8_texture GL_AMD_compressed_ATC_texture GL_KHR_texture_compression_astc_ldr GL_KHR_texture_compression_astc_hdr GL_OES_texture_compression_astc GL_OES_texture_npot GL_EXT_texture_filter_anisotropic GL_EXT_texture_format_BGRA8888 GL_OES_texture_3D GL_EXT_color_buffer_float GL_EXT_color_buffer_half_float GL_QCOM_alpha_test GL_OES_depth24 GL_OES_packed_depth_stencil GL_OES_depth_texture GL_OES_depth_texture_cube_map GL_EXT_sRGB GL_OES_texture_float GL_OES_texture_float_linear GL_OES_texture_half_float GL_OES_texture_half_float_linear GL_EXT_texture_type_2_10_10_10_REV GL_EXT_texture_sRGB_decode GL_OES_element_index_uint GL_EXT_copy_image GL_EXT_geometry_shader GL_EXT_tessellation_shader GL_OES_texture_stencil8 GL_EXT_shader_io_blocks GL_OES_shader_image_atomic GL_OES_sample_variables GL_EXT_texture_border_clamp GL_EXT_multisampled_render_to_texture
10-01 23:23:15.588 560 560 I SurfaceFlinger: GL_MAX_TEXTURE_SIZE = 16384
10-01 23:23:15.588 560 560 I SurfaceFlinger: GL_MAX_VIEWPORT_DIMS = 16384
10-01 23:23:15.591 536 843 D vndksupport: Loading /vendor/lib64/hw/[email protected] from current namespace instead of sphal namespace.
10-01 23:23:15.596 536 843 D vndksupport: Loading /vendor/lib64/hw/gralloc.msm8953.so from current namespace instead of sphal namespace.
10-01 23:23:15.598 536 843 D SDM : HWCSession::RegisterCallback: Registering callback: Hotplug
10-01 23:23:15.599 536 843 I SDM : HWCDisplay::GetHdrCapabilities: HDR is not supported
10-01 23:23:15.599 536 843 I SDM : HWCDisplay::GetHdrCapabilities: HDR is not supported
10-01 23:23:15.600 560 560 E HWComposer: getSupportedPerFrameMetadata: getSupportedPerFrameMetadata failed for display 0: Unsupported (8)
10-01 23:23:15.628 574 841 E /system/vendor/bin/adsprpcd: vendor/qcom/proprietary/adsprpc/src/apps_std_imp.c:695:Error 45: fopen failed for custom_sm_ecns_1.so.1. (No such file or directory)
10-01 23:23:15.629 536 843 D SDM : HWCSession::RegisterCallback: Registering callback: Refresh
10-01 23:23:15.629 536 843 D SDM : HWCSession::RegisterCallback: Registering callback: Vsync
10-01 23:23:15.631 574 841 E /system/vendor/bin/adsprpcd: vendor/qcom/proprietary/adsprpc/src/apps_std_imp.c:695:Error 45: fopen failed for custom_sm_ecns_2.so.1. (No such file or directory)
10-01 23:23:15.632 574 841 E /system/vendor/bin/adsprpcd: vendor/qcom/proprietary/adsprpc/src/apps_std_imp.c:695:Error 45: fopen failed for custom_dm_ecns_1.so.1. (No such file or directory)
10-01 23:23:15.632 574 841 E /system/vendor/bin/adsprpcd: vendor/qcom/proprietary/adsprpc/src/apps_std_imp.c:695:Error 45: fopen failed for custom_dm_ecns_2.so.1. (No such file or directory)
10-01 23:23:15.633 574 841 E /system/vendor/bin/adsprpcd: vendor/qcom/proprietary/adsprpc/src/apps_std_imp.c:695:Error 45: fopen failed for custom_qm_ecns_1.so.1. (No such file or directory)
10-01 23:23:15.633 574 841 E /system/vendor/bin/adsprpcd: vendor/qcom/proprietary/adsprpc/src/apps_std_imp.c:695:Error 45: fopen failed for custom_qm_ecns_2.so.1. (No such file or directory)
10-01 23:23:15.635 574 841 E /system/vendor/bin/adsprpcd: vendor/qcom/proprietary/adsprpc/src/apps_std_imp.c:695:Error 45: fopen failed for voiceproc_tx.so. (No such file or directory)
10-01 23:23:15.636 574 841 E /system/vendor/bin/adsprpcd: vendor/qcom/proprietary/adsprpc/src/apps_std_imp.c:695:Error 45: fopen failed for voiceproc_rx.so. (No such file or directory)
10-01 23:23:15.694 541 859 E qti_sensors_hal: processSingleSensorInfoResp: either handle is -1 or error is true or mSensors[handle] is NULL!
10-01 23:23:15.694 541 859 E qti_sensors_hal: processSingleSensorInfoResp: either handle_wakeup is -1 or error is true or mSensors[handle_wakeup] is NULL!
10-01 23:23:15.694 541 859 E qti_sensors_hal: processSingleSensorInfoResp: either handle is -1 or error is true or mSensors[handle] is NULL!
10-01 23:23:15.695 541 859 E qti_sensors_hal: processSingleSensorInfoResp: either handle_wakeup is -1 or error is true or mSensors[handle_wakeup] is NULL!
10-01 23:23:15.695 541 859 E qti_sensors_hal: processSingleSensorInfoResp: either handle_wakeup is -1 or error is true or mSensors[handle_wakeup] is NULL!
10-01 23:23:15.706 555 555 E Sensors : sns_debug_main.c(283):Debug Config File missing in EFS!
10-01 23:23:15.729 566 566 E QMI_FW : QMUXD: WARNING qmi_qmux_if_pwr_up_init failed! rc=-6
10-01 23:23:15.745 541 541 E libsensor1: client_get_conn: qmi_client_get_service_list error sns_svc_num=20 retries=29 qmi_err=0
10-01 23:23:15.771 541 541 W qti_sensors_hal: addSensor : Not supported sensor with handle 67!
10-01 23:23:15.791 541 541 W qti_sensors_hal: addSensor : Not supported sensor with handle 39!
10-01 23:23:15.797 541 541 W qti_sensors_hal: addSensor : Not supported sensor with handle 48!
10-01 23:23:15.797 541 541 W qti_sensors_hal: addSensor : Not supported sensor with handle 49!
10-01 23:23:15.798 541 541 W qti_sensors_hal: addSensor : Not supported sensor with handle 53!
10-01 23:23:15.800 541 541 W qti_sensors_hal: addSensor : Not supported sensor with handle 68!
10-01 23:23:15.803 541 541 I : Loaded library from sensors.ssc.so
10-01 23:23:15.803 541 541 E /vendor/bin/hw/[email protected] service: HAL specifies version 1.4, but does not implement set_operation_mode()
10-01 23:23:15.804 541 541 I ServiceManagement: Removing namespace from process name [email protected] to [email protected].
10-01 23:23:15.809 541 541 I [email protected]: Registration complete for [email protected]::ISensors/default.
10-01 23:23:15.907 579 579 W ServiceManagement: Waited one second for [email protected]::ICameraProvider/legacy/0. Waiting another...
10-01 23:23:16.010 597 597 I mm-camera: < INFO> 420: void init(): memleak lib init.
10-01 23:23:16.010 597 597 I mm-camera: < INFO> 439: void init(): memleak tracer not attached
10-01 23:23:16.030 597 597 E mm-camera: <SENSOR><ERROR> 419: eebin_read: failed!
10-01 23:23:16.030 597 597 I chatty : uid=1006(camera) mm-qcamera-daem identical 3 lines
10-01 23:23:16.030 597 597 E mm-camera: <SENSOR><ERROR> 419: eebin_read: failed!
10-01 23:23:16.030 597 597 E mm-camera: <SENSOR><ERROR> 811: eebin_get_bin_mid: Enter
10-01 23:23:16.030 597 597 E mm-camera: <SENSOR><ERROR> 836: eebin_get_bin_mid: entity id 1
10-01 23:23:16.030 597 597 E mm-camera: <SENSOR><ERROR> 842: eebin_get_bin_mid: entity name video0 type 65537 group id 2
10-01 23:23:16.030 597 597 E mm-camera: <SENSOR><ERROR> 836: eebin_get_bin_mid: entity id 2
10-01 23:23:16.030 597 597 E mm-camera: <SENSOR><ERROR> 842: eebin_get_bin_mid: entity name msm_cci type 131072 group id 0
10-01 23:23:16.030 597 597 E mm-camera: <SENSOR><ERROR> 836: eebin_get_bin_mid: entity id 3
10-01 23:23:16.030 597 597 E mm-camera: <SENSOR><ERROR> 842: eebin_get_bin_mid: entity name v4l-subdev0 type 131072 group id 0
10-01 23:23:16.030 597 597 E mm-camera: <SENSOR><ERROR> 836: eebin_get_bin_mid: entity id 4
10-01 23:23:16.030 597 597 E mm-camera: <SENSOR><ERROR> 842: eebin_get_bin_mid: entity name v4l-subdev1 type 131072 group id 0
10-01 23:23:16.030 597 597 E mm-camera: <SENSOR><ERROR> 836: eebin_get_bin_mid: entity id 5
10-01 23:23:16.030 597 597 E mm-camera: <SENSOR><ERROR> 842: eebin_get_bin_mid: entity name v4l-subdev2 type 131072 group id 0
10-01 23:23:16.030 597 597 E mm-camera: <SENSOR><ERROR> 836: eebin_get_bin_mid: entity id 6
10-01 23:23:16.030 597 597 E mm-camera: <SENSOR><ERROR> 842: eebin_get_bin_mid: entity name v4l-subdev3 type 131072 group id 1
10-01 23:23:16.030 597 597 E mm-camera: <SENSOR><ERROR> 836: eebin_get_bin_mid: entity id 7
10-01 23:23:16.030 597 597 E mm-camera: <SENSOR><ERROR> 842: eebin_get_bin_mid: entity name v4l-subdev4 type 131072 group id 1
10-01 23:23:16.030 597 597 E mm-camera: <SENSOR><ERROR> 836: eebin_get_bin_mid: entity id 8
10-01 23:23:16.030 597 597 E mm-camera: <SENSOR><ERROR> 842: eebin_get_bin_mid: entity name v4l-subdev5 type 131072 group id 1
10-01 23:23:16.030 597 597 E mm-camera: <SENSOR><ERROR> 836: eebin_get_bin_mid: entity id 9
10-01 23:23:16.030 597 597 E mm-camera: <SENSOR><ERROR> 842: eebin_get_bin_mid: entity name v4l-subdev6 type 131072 group id 7
10-01 23:23:16.030 597 597 E mm-camera: <SENSOR><ERROR> 836: eebin_get_bin_mid: entity id 10
10-01 23:23:16.030 597 597 E mm-camera: <SENSOR><ERROR> 842: eebin_get_bin_mid: entity name v4l-subdev7 type 131072 group id 8
10-01 23:23:16.030 597 597 E mm-camera: <SENSOR><ERROR> 713: eebin_read_mid: Enter
10-01 23:23:16.030 597 597 E mm-camera: <SENSOR><ERROR> 836: eebin_get_bin_mid: entity id 11
10-01 23:23:16.030 597 597 E mm-camera: <SENSOR><ERROR> 842: eebin_get_bin_mid: entity name v4l-subdev8 type 131072 group id 8
10-01 23:23:16.030 597 597 E mm-camera: <SENSOR><ERROR> 713: eebin_read_mid: Enter
10-01 23:23:16.030 597 597 E mm-camera: <SENSOR><ERROR> 780: eebin_read_mid: s5k5e8_eeprom_name = , s5k3l8_eeprom_name = ofilm_s5k3l8
10-01 23:23:16.030 597 597 E mm-camera: <SENSOR><ERROR> 781: eebin_read_mid: Lawrence: imx258_eeprom_name =
10-01 23:23:16.030 597 597 E mm-camera: <SENSOR><ERROR> 785: eebin_read_mid: Exit
10-01 23:23:16.030 597 597 E mm-camera: <SENSOR><ERROR> 836: eebin_get_bin_mid: entity id 12
10-01 23:23:16.030 597 597 E mm-camera: <SENSOR><ERROR> 842: eebin_get_bin_mid: entity name v4l-subdev9 type 131072 group id 8
10-01 23:23:16.031 597 597 E mm-camera: <SENSOR><ERROR> 713: eebin_read_mid: Enter
10-01 23:23:16.031 597 597 E mm-camera: <SENSOR><ERROR> 780: eebin_read_mid: s5k5e8_eeprom_name = ofilm_s5k5e8, s5k3l8_eeprom_name = ofilm_s5k3l8
10-01 23:23:16.031 597 597 E mm-camera: <SENSOR><ERROR> 781: eebin_read_mid: Lawrence: imx258_eeprom_name =
10-01 23:23:16.031 597 597 E mm-camera: <SENSOR><ERROR> 785: eebin_read_mid: Exit
10-01 23:23:16.031 597 597 E mm-camera: <SENSOR><ERROR> 836: eebin_get_bin_mid: entity id 13
10-01 23:23:16.031 597 597 E mm-camera: <SENSOR><ERROR> 842: eebin_get_bin_mid: entity name v4l-subdev10 type 131072 group id 8
10-01 23:23:16.031 597 597 E mm-camera: <SENSOR><ERROR> 713: eebin_read_mid: Enter
10-01 23:23:16.031 597 597 E mm-camera: <SENSOR><ERROR> 780: eebin_read_mid: s5k5e8_eeprom_name = ofilm_s5k5e8, s5k3l8_eeprom_name = ofilm_s5k3l8
10-01 23:23:16.031 597 597 E mm-camera: <SENSOR><ERROR> 781: eebin_read_mid: Lawrence: imx258_eeprom_name = ofilm_imx258
10-01 23:23:16.031 597 597 E mm-camera: <SENSOR><ERROR> 785: eebin_read_mid: Exit
10-01 23:23:16.031 597 597 E mm-camera: <SENSOR><ERROR> 836: eebin_get_bin_mid: entity id 14
10-01 23:23:16.031 597 597 E mm-camera: <SENSOR><ERROR> 842: eebin_get_bin_mid: entity name v4l-subdev11 type 131072 group id 8
10-01 23:23:16.031 597 597 E mm-camera: <SENSOR><ERROR> 713: eebin_read_mid: Enter
10-01 23:23:16.031 597 597 E mm-camera: <SENSOR><ERROR> 836: eebin_get_bin_mid: entity id 15
10-01 23:23:16.031 597 597 E mm-camera: <SENSOR><ERROR> 842: eebin_get_bin_mid: entity name v4l-subdev12 type 131072 group id 16
10-01 23:23:16.031 597 597 E mm-camera: <SENSOR><ERROR> 836: eebin_get_bin_mid: entity id 16
10-01 23:23:16.031 597 597 E mm-camera: <SENSOR><ERROR> 842: eebin_get_bin_mid: entity name v4l-subdev13 type 131072 group id 14
10-01 23:23:16.031 597 597 E mm-camera: <SENSOR><ERROR> 836: eebin_get_bin_mid: entity id 17
10-01 23:23:16.031 597 597 E mm-camera: <SENSOR><ERROR> 842: eebin_get_bin_mid: entity name v4l-subdev14 type 131072 group id 9
10-01 23:23:16.031 597 597 E mm-camera: <SENSOR><ERROR> 836: eebin_get_bin_mid: entity id 18
10-01 23:23:16.031 597 597 E mm-camera: <SENSOR><ERROR> 842: eebin_get_bin_mid: entity name v4l-subdev15 type 131072 group id 3
10-01 23:23:16.031 597 597 E mm-camera: <SENSOR><ERROR> 836: eebin_get_bin_mid: entity id 19
10-01 23:23:16.031 597 597 E mm-camera: <SENSOR><ERROR> 842: eebin_get_bin_mid: entity name v4l-subdev16 type 131072 group id 3
10-01 23:23:16.031 597 597 E mm-camera: <SENSOR><ERROR> 836: eebin_get_bin_mid: entity id 20
10-01 23:23:16.031 597 597 E mm-camera: <SENSOR><ERROR> 842: eebin_get_bin_mid: entity name v4l-subdev17 type 131072 group id 2
10-01 23:23:16.031 597 597 E mm-camera: <SENSOR><ERROR> 836: eebin_get_bin_mid: entity id 21
10-01 23:23:16.031 597 597 E mm-camera: <SENSOR><ERROR> 842: eebin_get_bin_mid: entity name v4l-subdev18 type 131072 group id 13
10-01 23:23:16.031 597 597 E mm-camera: <SENSOR><ERROR> 836: eebin_get_bin_mid: entity id 22
10-01 23:23:16.031 597 597 E mm-camera: <SENSOR><ERROR> 852: eebin_get_bin_mid: Exit
10-01 23:23:16.031 597 597 E mm-camera: <SENSOR><ERROR> 509: sensor_init_probe: failed: to probe eeprom bin sensors (non-fatal)
10-01 23:23:16.034 597 597 E mm-camera: <SENSOR><ERROR> 341: sensor_init_xml_probe: cfg.eeprom_name = le2464c, s5k5e8_eeprom_name: ofilm_s5k5e8, s5k3l8_eeprom_name: ofilm_s5k3l8
10-01 23:23:16.034 597 597 E mm-camera: <SENSOR><ERROR> 341: sensor_init_xml_probe: cfg.eeprom_name = qtech_s5k5e8, s5k5e8_eeprom_name: ofilm_s5k5e8, s5k3l8_eeprom_name: ofilm_s5k3l8
10-01 23:23:16.034 597 597 E mm-camera: <SENSOR><ERROR> 341: sensor_init_xml_probe: cfg.eeprom_name = sunny_s5k5e8, s5k5e8_eeprom_name: ofilm_s5k5e8, s5k3l8_eeprom_name: ofilm_s5k3l8
10-01 23:23:16.035 597 597 E mm-camera: <SENSOR><ERROR> 341: sensor_init_xml_probe: cfg.eeprom_name = ofilm_s5k5e8, s5k5e8_eeprom_name: ofilm_s5k5e8, s5k3l8_eeprom_name: ofilm_s5k3l8
10-01 23:23:16.061 589 710 I ServiceManager: Waiting for service package_native...
10-01 23:23:16.073 556 608 D PerMgrSrv: modem new state: is on-line
10-01 23:23:16.073 556 803 D PerMgrSrv: modem state: is on-line, add client QCRIL
10-01 23:23:16.073 556 803 D PerMgrSrv: QCRIL registered
10-01 23:23:16.073 556 607 D PerMgrSrv: modem state: is on-line, add client QCRIL
10-01 23:23:16.073 556 607 D PerMgrSrv: QCRIL registered
10-01 23:23:16.073 571 571 D PerMgrLib: QCRIL successfully registered for modem
10-01 23:23:16.073 592 592 D PerMgrLib: QCRIL successfully registered for modem
10-01 23:23:16.086 560 560 D SurfaceFlinger: shader cache generated - 24 shaders in 456.363129 ms
10-01 23:23:16.089 560 560 D SurfaceFlinger: Set power mode=2, type=0 flinger=0x7843655000
10-01 23:23:16.089 536 843 I SDM : DisplayBase::SetDisplayState: Set state = 1, display 0
10-01 23:23:16.089 560 560 D SurfaceFlinger: Finished set power mode=2, type=0
10-01 23:23:16.097 597 597 E mm-camera: <SENSOR><ERROR> 227: sensor_probe: [s5k5e8_ofilm] probe succeeded: session_id(1) entity_name(v4l-subdev19)
10-01 23:23:16.099 536 843 D qdutils : DEBUG_CALC_FPS: 0
10-01 23:23:16.099 536 843 D qdutils : period: 10
10-01 23:23:16.099 536 843 D qdutils : ignorethresh_us: 500000
10-01 23:23:16.103 597 597 E mm-camera: <SENSOR><ERROR> 341: sensor_init_xml_probe: cfg.eeprom_name = qtech_s5k3l8, s5k5e8_eeprom_name: ofilm_s5k5e8, s5k3l8_eeprom_name: ofilm_s5k3l8
10-01 23:23:16.103 597 597 E mm-camera: <SENSOR><ERROR> 341: sensor_init_xml_probe: cfg.eeprom_name = sunny_s5k3l8, s5k5e8_eeprom_name: ofilm_s5k5e8, s5k3l8_eeprom_name: ofilm_s5k3l8
10-01 23:23:16.103 597 597 E mm-camera: <SENSOR><ERROR> 341: sensor_init_xml_probe: cfg.eeprom_name = ofilm_s5k3l8, s5k5e8_eeprom_name: ofilm_s5k5e8, s5k3l8_eeprom_name: ofilm_s5k3l8
10-01 23:23:16.117 527 527 D audio_hw_utils: audio_extn_utils_get_snd_card_num: snd_card_name: msm8953-snd-card-mtp
10-01 23:23:16.118 527 527 D audio_hw_utils: audio_extn_utils_get_snd_card_num: Opened sound card:0
10-01 23:23:16.133 597 597 E mm-camera: <SENSOR><ERROR> 227: sensor_probe: [s5k3l8_ofilm] probe succeeded: session_id(2) entity_name(v4l-subdev20)
10-01 23:23:16.136 597 597 E mm-camera: <SENSOR><ERROR> 341: sensor_init_xml_probe: cfg.eeprom_name = qtech_imx258, s5k5e8_eeprom_name: ofilm_s5k5e8, s5k3l8_eeprom_name: ofilm_s5k3l8
10-01 23:23:16.136 597 597 E mm-camera: <SENSOR><ERROR> 341: sensor_init_xml_probe: cfg.eeprom_name = sunny_imx258, s5k5e8_eeprom_name: ofilm_s5k5e8, s5k3l8_eeprom_name: ofilm_s5k3l8
10-01 23:23:16.136 597 597 E mm-camera: <SENSOR><ERROR> 341: sensor_init_xml_probe: cfg.eeprom_name = ofilm_imx258, s5k5e8_eeprom_name: ofilm_s5k5e8, s5k3l8_eeprom_name: ofilm_s5k3l8
10-01 23:23:16.136 597 597 E mm-camera: <SENSOR><ERROR> 341: sensor_init_xml_probe: cfg.eeprom_name = qtech_ov13855, s5k5e8_eeprom_name: ofilm_s5k5e8, s5k3l8_eeprom_name: ofilm_s5k3l8
