10-01 23:23:33.337 1253 1841 E Diag_Lib: [IMS_FATAL]| 1841 | ims_qmi_register_client : Failed
10-01 23:23:33.342 2142 2142 I QImsService: ImsConfigImpl : SetServiceStatus = 0 18 0
10-01 23:23:33.344 2142 2142 I QImsService: ImsSenderRxr : [0018]> REQUEST_SET_SERVICE_STATUS [SUB0]
10-01 23:23:33.344 2142 2142 I QImsService: ImsSenderRxr : REQUEST_SET_SERVICE_STATUS to ImsRadio: token -18 SrvType:0 Network:19 enabled:0 RestrictCause:0
10-01 23:23:33.346 562 1313 D FingerGoodix: RawDataProcessLoop set to default mode
10-01 23:23:33.346 562 1314 D FingerGoodix: gx_ta_send_command, cmd = 48
10-01 23:23:33.347 562 1276 D FingerGoodix: gf_netlink_event, event:0
10-01 23:23:33.349 562 1276 D FingerGoodix: gf_ready_spiclk. g_spi_clk = 1
10-01 23:23:33.349 562 1276 D FingerGoodix: fnCa_GetStatus()
10-01 23:23:33.349 562 1276 D FingerGoodix: fnCa_GetStatus(), in
10-01 23:23:33.352 562 1314 D FingerGoodix: device_setMode ,mode = 0, g_mode = 1, ignore = 2
10-01 23:23:33.352 562 1276 D FingerGoodix: gx_ta_send_command, cmd = 18
10-01 23:23:33.356 2142 2247 I QImsService: ImsRadioResponse : SetServiceStatus response received.
10-01 23:23:33.356 2142 2247 I QImsService: ImsSenderRxr : [0018]< REQUEST_SET_SERVICE_STATUS [SUB0]
10-01 23:23:33.357 562 1276 D FingerGoodix: fnCa_GetStatus(), out
10-01 23:23:33.357 562 1276 D FingerGoodix: gf_netlink_event 440 status 0x0 g_mode 1 g_state 1
10-01 23:23:33.357 562 1276 D FingerGoodix: g_mode = 1
10-01 23:23:33.357 562 1276 D FingerGoodix: #### Invalid int. g_mode = 1
10-01 23:23:33.357 562 1314 D FingerGoodix: Set mode : 0, g_mode = 1
10-01 23:23:33.357 562 1314 D FingerGoodix: ############ reset before read statue 0x0 g_mode 1
10-01 23:23:33.358 1253 1841 E Diag_Lib: [IMS_FATAL]| 1841 | ims_qmi_register_client : Failed
10-01 23:23:33.360 1253 1841 I chatty : uid=1000(system) /system/vendor/bin/imsrcsd identical 4 lines
10-01 23:23:33.361 1253 1841 E Diag_Lib: [IMS_FATAL]| 1841 | ims_qmi_register_client : Failed
10-01 23:23:33.363 2142 2319 I QImsService: ImsConfigImplHandler : Message received: what = 2
10-01 23:23:33.365 562 1276 D FingerGoodix: Received message: 0. gIRQFlag:1
10-01 23:23:33.363 562 1314 D FingerGoodix: delete timer
10-01 23:23:33.365 562 1314 D FingerGoodix: delete timer
10-01 23:23:33.365 562 1314 D FingerGoodix: gf_enable_irq
10-01 23:23:33.365 562 1314 D FingerGoodix: gx_ta_send_command, cmd = 3
10-01 23:23:33.368 2142 3327 I QImsService: ImsSenderRxr : [0019]> REQUEST_SET_IMS_CONFIG [SUB0]
10-01 23:23:33.369 2142 3327 I QImsService: ImsSenderRxr : REQUEST_SET_IMS_CONFIG request to ImsRadio: token 19 item:28 boolValue:false intValue:0 strValue:null errorCause:0
10-01 23:23:33.370 2351 2351 W native : commandlineflags.cc:949 Ignoring RegisterValidateFunction() for flag pointer 0x770b630e68: no flag found at that address
10-01 23:23:33.374 2142 2247 I QImsService: ImsRadioResponse : Set config response received.
10-01 23:23:33.374 2142 2247 I QImsService: ImsSenderRxr : [0019]< REQUEST_SET_IMS_CONFIG [SUB0]
10-01 23:23:33.375 2142 2319 I QImsService: ImsConfigImplHandler : Message received: what = 1
10-01 23:23:33.375 2142 2319 I QImsService: ImsConfigImpl : Notifyall
10-01 23:23:33.376 562 1314 D FingerGoodix: setCurNotifyClientID:0
10-01 23:23:33.376 562 1314 D FingerGoodix: trigger rawdata signal sem!
10-01 23:23:33.376 562 1314 D FingerGoodix: fingerprint clear wait finger command.
10-01 23:23:33.376 562 1314 D FingerGoodix: device_clear_waitfinger
10-01 23:23:33.376 562 1313 D FingerGoodix: RawDataProcessLoop got signal!
10-01 23:23:33.376 562 1313 D FingerGoodix: setChipMode = 0
10-01 23:23:33.376 562 1313 D FingerGoodix: fingerprint set mode. mode = 0x0
10-01 23:23:33.376 562 1313 D FingerGoodix: device_setMode ,mode = 0, g_mode = 0, ignore = 2
10-01 23:23:33.376 562 1313 D FingerGoodix: Set mode : 0, g_mode = 0
10-01 23:23:33.376 562 1313 D FingerGoodix: gf_ready_spiclk. g_spi_clk = 1
10-01 23:23:33.376 562 1313 D FingerGoodix: has already in mode : 0
10-01 23:23:33.376 562 1313 D FingerGoodix: RawDataProcessLoop set to IMAGE mode
10-01 23:23:33.376 2142 3326 I QImsService: ImsSenderRxr : [0020]> REQUEST_SET_IMS_CONFIG [SUB0]
10-01 23:23:33.376 2142 3326 I QImsService: ImsSenderRxr : REQUEST_SET_IMS_CONFIG request to ImsRadio: token 20 item:29 boolValue:false intValue:1 strValue:null errorCause:0
10-01 23:23:33.377 1469 1469 W FingerprintService: client com.android.systemui is authenticating...
10-01 23:23:33.377 1469 1469 V FingerprintService: Done with client: com.android.systemui
10-01 23:23:33.377 1469 1469 V FingerprintService: handleError(client=com.android.systemui, error = 5)
10-01 23:23:33.377 562 1276 D FingerGoodix: gf_netlink_event, event:0
10-01 23:23:33.377 562 1276 D FingerGoodix: gf_ready_spiclk. g_spi_clk = 1
10-01 23:23:33.377 562 1276 D FingerGoodix: fnCa_GetStatus()
10-01 23:23:33.377 562 1276 D FingerGoodix: fnCa_GetStatus(), in
10-01 23:23:33.377 562 1276 D FingerGoodix: gx_ta_send_command, cmd = 18
10-01 23:23:33.382 562 1313 D FingerGoodix: EventProcessThread wait hal_Up! status:6
10-01 23:23:33.382 562 1313 D FingerGoodix: fingerprint wait for finger up.
10-01 23:23:33.382 562 1313 D FingerGoodix: ===> Wait Finger Up. g_up_ignore = 2
10-01 23:23:33.383 562 1276 D FingerGoodix: fnCa_GetStatus(), out
10-01 23:23:33.383 562 1276 D FingerGoodix: gf_netlink_event 440 status 0x0 g_mode 0 g_state 3
10-01 23:23:33.383 562 1276 D FingerGoodix: g_mode = 0
10-01 23:23:33.383 562 1276 D FingerGoodix: #### Invalid int. g_mode = 0
10-01 23:23:33.385 2142 2142 I QImsService: ImsConfigImpl : SetServiceStatus = 3 13 2
10-01 23:23:33.386 562 1313 D FingerGoodix: device_waitForFingerUp UP
10-01 23:23:33.386 562 1313 D FingerGoodix: gf_ready_spiclk. g_spi_clk = 1
10-01 23:23:33.386 562 1276 D FingerGoodix: Received message: 0. gIRQFlag:1
10-01 23:23:33.387 2142 2142 I QImsService: ImsSenderRxr : [0021]> REQUEST_SET_SERVICE_STATUS [SUB0]
10-01 23:23:33.387 2142 2142 I QImsService: ImsSenderRxr : REQUEST_SET_SERVICE_STATUS to ImsRadio: token -21 SrvType:3 Network:14 enabled:2 RestrictCause:0
10-01 23:23:33.387 1253 1841 E Diag_Lib: [IMS_FATAL]| 1841 | ims_qmi_register_client : Failed
10-01 23:23:33.388 1253 1841 E Diag_Lib: [IMS_FATAL]| 1841 | ims_qmi_register_client : Failed
10-01 23:23:33.392 1907 1907 D StatusBar: disable<e i a s b H R c s > disable2<q i n
> 10-01 23:23:33.393 2142 2247 I QImsService: ImsRadioResponse : Set config response received.
10-01 23:23:33.393 2142 2247 I QImsService: ImsSenderRxr : [0020]< REQUEST_SET_IMS_CONFIG [SUB0]
10-01 23:23:33.393 2142 2319 I QImsService: ImsConfigImplHandler : Message received: what = 1
10-01 23:23:33.393 2142 2319 I QImsService: ImsConfigImpl : Notifyall
10-01 23:23:33.395 1253 1841 E Diag_Lib: [IMS_FATAL]| 1841 | ims_qmi_register_client : Failed
10-01 23:23:33.395 2142 2142 I QImsService: ImsService : enableIms :: slotId=0
10-01 23:23:33.395 1253 1841 E Diag_Lib: [IMS_FATAL]| 1841 | ims_qmi_register_client : Failed
10-01 23:23:33.395 2142 2142 I QImsService: ImsSenderRxr : [0022]> REQUEST_IMS_REG_STATE_CHANGE [SUB0]
10-01 23:23:33.395 2142 2142 I QImsService: ImsSenderRxr : REQUEST_IMS_REG_STATE_CHANGE request to ImsRadio - token:22 RegState1
10-01 23:23:33.396 1253 1841 E Diag_Lib: [IMS_FATAL]| 1841 | ims_qmi_register_client : Failed
10-01 23:23:33.397 1253 1841 E Diag_Lib: [IMS_FATAL]| 1841 | ims_qmi_register_client : Failed
10-01 23:23:33.399 562 1313 D FingerGoodix: gx_ta_send_command, cmd = 60
10-01 23:23:33.401 1907 1907 D StatusBar: disable<e i a s b h!r!c s > disable2<q i n
> 10-01 23:23:33.402 1253 1841 E Diag_Lib: [IMS_FATAL]| 1841 | ims_qmi_register_client : Failed
10-01 23:23:33.407 2142 2247 I QImsService: ImsRadioResponse : SetServiceStatus response received.
10-01 23:23:33.407 2142 2247 I QImsService: ImsSenderRxr : [0021]< REQUEST_SET_SERVICE_STATUS [SUB0]
10-01 23:23:33.408 1253 1841 E Diag_Lib: [IMS_FATAL]| 1841 | ims_qmi_register_client : Failed
10-01 23:23:33.408 2142 2319 I QImsService: ImsConfigImplHandler : Message received: what = 2
10-01 23:23:33.409 1253 1841 E Diag_Lib: [IMS_FATAL]| 1841 | ims_qmi_register_client : Failed
10-01 23:23:33.409 1253 1841 E Diag_Lib: [IMS_FATAL]| 1841 | ims_qmi_register_client : Failed
10-01 23:23:33.409 1907 1907 D StatusBar: disable<e i a s b h r c s > disable2<q i n
> 10-01 23:23:33.410 1253 1841 E Diag_Lib: [IMS_FATAL]| 1841 | ims_qmi_register_client : Failed
10-01 23:23:33.410 1469 2773 W UsageStatsService: Event reported without a package name
10-01 23:23:33.412 470 479 V vold : /system/bin/sgdisk
10-01 23:23:33.412 470 479 V vold : --android-dump
10-01 23:23:33.412 470 479 V vold : /dev/block/vold/disk:179,64
10-01 23:23:33.410 1253 1841 E Diag_Lib: [IMS_FATAL]| 1841 | ims_qmi_register_client : Failed
10-01 23:23:33.414 2142 2247 I QImsService: ImsRadioResponse : Got registration change response from ImsRadio.
10-01 23:23:33.414 2142 2247 I QImsService: ImsSenderRxr : [0022]< REQUEST_IMS_REG_STATE_CHANGE [SUB0]
10-01 23:23:33.417 1469 1469 I TransportClient: LocalTransportService#0: Notifying [TransportManager.registerTransport()] transport = IBackupTransport
10-01 23:23:33.420 1469 2726 D BackupTransportManager: Transport android/com.android.internal.backup.LocalTransportService registered
10-01 23:23:33.420 1469 2726 D BackupManagerService: Transport android/com.android.internal.backup.LocalTransport registered 3073ms after first request (delay = 3000ms)
10-01 23:23:33.422 1253 1841 E Diag_Lib: [IMS_FATAL]| 1841 | ims_qmi_register_client : Failed
10-01 23:23:33.422 1278 1335 D FingerGoodix: fpcode, fingerprint_get_auth_id(0x74dfc4b1c0) = 7443393958243792665
10-01 23:23:33.423 1469 1469 V FingerprintService: startAuthentication(com.android.systemui)
10-01 23:23:33.423 1469 1469 V FingerprintService: starting client AuthenticationClient(com.android.systemui), initiatedByClient = true
10-01 23:23:33.423 1278 1335 D FingerGoodix: fpcode, fingerprint_authenticate(0x74dfc4b1c0, operation_id=0d, gid=0)
10-01 23:23:33.423 1278 1335 D FingerGoodix: fpcode, goodix sensor has already been inited!
10-01 23:23:33.423 1278 1335 D FingerGoodix: fingerprint_authenticate
10-01 23:23:33.423 1278 1335 D FingerGoodix: set_fpdb_to_ta,gFPExtDataFilePath:/data/system/users/0/fpdata/fpdb
10-01 23:23:33.423 1253 1841 E Diag_Lib: [IMS_FATAL]| 1841 | ims_qmi_register_client : Failed
10-01 23:23:33.423 1278 1335 D FingerGoodix: set_fpdb_path source path: /data/system/users/0/fpdata/fpdb
10-01 23:23:33.423 1278 1335 D FingerGoodix: set_fpdb_path /data/system/users/0/settings_fingerprint.xml
10-01 23:23:33.423 1278 1335 D FingerGoodix: fpcode, g_fpdb_is_loaded = 1 ,fpdata has already been loaded.
10-01 23:23:33.423 1278 1335 D FingerGoodix: gCheckFingerprintidsConsistence:1
10-01 23:23:33.423 1278 1335 D FingerGoodix: fpcode, fp cancel!
10-01 23:23:33.423 1278 1335 D FingerGoodix: finger print client call cancelRecognize!
10-01 23:23:33.423 1278 1335 D FingerGoodix: client,cancel recognize
10-01 23:23:33.424 562 1314 D FingerGoodix: server,cancel recognize
10-01 23:23:33.424 562 1314 D FingerGoodix: Client::cancelRecognize 6
10-01 23:23:33.424 562 1314 D FingerGoodix: Cancel status:6
10-01 23:23:33.424 562 1314 D FingerGoodix: mCurStatus = 6 , nextStatus = 8
10-01 23:23:33.424 562 1314 D FingerGoodix: fingerprint cancel wait finger command.
10-01 23:23:33.424 562 1314 D FingerGoodix: device_cancel_waitfinger. g_state:3
10-01 23:23:33.424 1253 1841 E Diag_Lib: [IMS_FATAL]| 1841 | ims_qmi_register_client : Failed
10-01 23:23:33.427 1253 1841 I chatty : uid=1000(system) /system/vendor/bin/imsrcsd identical 2 lines
10-01 23:23:33.427 1253 1841 E Diag_Lib: [IMS_FATAL]| 1841 | ims_qmi_register_client : Failed
10-01 23:23:33.441 3294 3294 I d.play.games.u: The ClassLoaderContext is a special shared library.
10-01 23:23:33.443 1253 1841 E Diag_Lib: [IMS_FATAL]| 1841 | ims_qmi_register_client : Failed
10-01 23:23:33.446 1253 1841 I chatty : uid=1000(system) /system/vendor/bin/imsrcsd identical 4 lines
10-01 23:23:33.447 1253 1841 E Diag_Lib: [IMS_FATAL]| 1841 | ims_qmi_register_client : Failed
10-01 23:23:33.450 562 1313 D FingerGoodix: gf_enable_irq
10-01 23:23:33.450 562 1276 D FingerGoodix: gf_netlink_event, event:0
10-01 23:23:33.450 562 1276 D FingerGoodix: gf_ready_spiclk. g_spi_clk = 1
10-01 23:23:33.450 562 1276 D FingerGoodix: fnCa_GetStatus()
10-01 23:23:33.450 562 1276 D FingerGoodix: fnCa_GetStatus(), in
10-01 23:23:33.450 562 1276 D FingerGoodix: gx_ta_send_command, cmd = 18
10-01 23:23:33.452 1253 1841 E Diag_Lib: [IMS_FATAL]| 1841 | ims_qmi_register_client : Failed
10-01 23:23:33.453 1253 1841 I chatty : uid=1000(system) /system/vendor/bin/imsrcsd identical 2 lines
10-01 23:23:33.453 1253 1841 E Diag_Lib: [IMS_FATAL]| 1841 | ims_qmi_register_client : Failed
10-01 23:23:33.454 562 1276 D FingerGoodix: fnCa_GetStatus(), out
10-01 23:23:33.454 562 1276 D FingerGoodix: gf_netlink_event 440 status 0x0 g_mode 0 g_state 3
10-01 23:23:33.454 562 1276 D FingerGoodix: g_mode = 0
10-01 23:23:33.454 562 1276 D FingerGoodix: #### Invalid int. g_mode = 0
10-01 23:23:33.454 562 1276 D FingerGoodix: Received message: 0. gIRQFlag:1
10-01 23:23:33.454 562 1276 D FingerGoodix: gf_netlink_event, event:0
10-01 23:23:33.454 562 1276 D FingerGoodix: gf_ready_spiclk. g_spi_clk = 1
10-01 23:23:33.454 562 1276 D FingerGoodix: fnCa_GetStatus()
10-01 23:23:33.454 562 1276 D FingerGoodix: fnCa_GetStatus(), in
10-01 23:23:33.454 562 1276 D FingerGoodix: gx_ta_send_command, cmd = 18
10-01 23:23:33.454 1253 1841 E Diag_Lib: [IMS_FATAL]| 1841 | ims_qmi_register_client : Failed
10-01 23:23:33.455 1253 1841 E Diag_Lib: [IMS_FATAL]| 1841 | ims_qmi_register_client : Failed
10-01 23:23:33.455 2142 3335 D SIP : [SipPreferences] isReceivingCallsEnabled, option not set; use default value, exception: android.provider.Settings$SettingNotFoundException: sip_receive_calls
10-01 23:23:33.458 2142 2159 I m.android.phon: Background concurrent copying GC freed 117186(10MB) AllocSpace objects, 91(1896KB) LOS objects, 84% free, 2MB/14MB, paused 150us total 117.882ms
10-01 23:23:33.458 562 1276 D FingerGoodix: fnCa_GetStatus(), out
10-01 23:23:33.458 562 1276 D FingerGoodix: gf_netlink_event 440 status 0x0 g_mode 0 g_state 3
10-01 23:23:33.458 562 1276 D FingerGoodix: g_mode = 0
10-01 23:23:33.458 562 1276 D FingerGoodix: #### Invalid int. g_mode = 0
10-01 23:23:33.459 2142 2157 W System : A resource failed to call close.
10-01 23:23:33.460 562 1313 D FingerGoodix: device_waitForFingerUp 1139
10-01 23:23:33.475 1907 1907 D StatusBar: disable<e i a s b h r c s > disable2<q i n
> 10-01 23:23:33.479 2142 2142 I QImsService: ImsServiceSubHandler : Message received: what = 9
10-01 23:23:33.480 1469 1584 E PackageManager: Optimistic bind failed.
10-01 23:23:33.480 1469 1584 E PackageManager: java.util.concurrent.TimeoutException: [Optimistic Bind] Didn't bind to resolver in time!
10-01 23:23:33.480 1469 1584 E PackageManager: at com.android.server.pm.InstantAppResolverConnection.waitForBindLocked(InstantAppReso lverConnection.java:160)
10-01 23:23:33.480 1469 1584 E PackageManager: at com.android.server.pm.InstantAppResolverConnection.bind(InstantAppResolverConnectio n.java:225)
10-01 23:23:33.480 1469 1584 E PackageManager: at com.android.server.pm.InstantAppResolverConnection.lambda$optimisticBind$0(InstantA ppResolverConnection.java:255)
10-01 23:23:33.480 1469 1584 E PackageManager: at com.android.server.pm.-$ $Lambda$InstantAppResolverConnection$D-JKXi4qrYjnPQMOwj8UtfZenps.run(Unknown Source:2)
10-01 23:23:33.480 1469 1584 E PackageManager: at android.os.Handler.handleCallback(Handler.java:873)
10-01 23:23:33.480 1469 1584 E PackageManager: at android.os.Handler.dispatchMessage(Handler.java:99)
10-01 23:23:33.480 1469 1584 E PackageManager: at android.os.Looper.loop(Looper.java:193)
10-01 23:23:33.480 1469 1584 E PackageManager: at android.os.HandlerThread.run(HandlerThread.java:65)
10-01 23:23:33.502 562 1276 D FingerGoodix: Received message: 0. gIRQFlag:1
10-01 23:23:33.502 562 1276 D FingerGoodix: gf_netlink_event, event:0
10-01 23:23:33.503 562 1276 D FingerGoodix: gf_ready_spiclk. g_spi_clk = 1
10-01 23:23:33.503 562 1276 D FingerGoodix: fnCa_GetStatus()
10-01 23:23:33.503 562 1276 D FingerGoodix: fnCa_GetStatus(), in
10-01 23:23:33.503 562 1276 D FingerGoodix: gx_ta_send_command, cmd = 18
10-01 23:23:33.507 562 1276 D FingerGoodix: fnCa_GetStatus(), out
10-01 23:23:33.507 562 1276 D FingerGoodix: gf_netlink_event 440 status 0x2 g_mode 0 g_state 3
10-01 23:23:33.507 562 1276 D FingerGoodix: g_mode = 0
10-01 23:23:33.508 562 1276 D FingerGoodix: gx_ta_send_command, cmd = 19
10-01 23:23:33.511 3294 3294 W GmsApplication: Failed to invoke the SupplierSetterRegistry.
10-01 23:23:33.511 562 1276 D FingerGoodix: IMAGE:key touch_status = 0x2, g_state = 3
10-01 23:23:33.511 562 1276 D FingerGoodix: gx_ta_send_command, cmd = 63
10-01 23:23:33.511 562 1313 D FingerGoodix: Wait for finger up canceled.
10-01 23:23:33.512 562 1313 D FingerGoodix: gf_enable_irq
10-01 23:23:33.512 562 1313 D FingerGoodix: EventProcessThread cancel hal_UP go to waitting!
10-01 23:23:33.512 562 1313 D FingerGoodix: RawDataProcessLoop waiting signal!
10-01 23:23:33.512 562 1313 D FingerGoodix: getChipMode = 0
10-01 23:23:33.512 562 1313 D FingerGoodix: setChipMode = 1
10-01 23:23:33.512 562 1313 D FingerGoodix: fingerprint set mode. mode = 0x1
10-01 23:23:33.512 562 1313 D FingerGoodix: device_setMode ,mode = 1, g_mode = 0, ignore = 2
10-01 23:23:33.516 562 1313 D FingerGoodix: Set mode : 1, g_mode = 0
10-01 23:23:33.516 562 1313 D FingerGoodix: Enable clock.
10-01 23:23:33.516 562 1313 D FingerGoodix: gf_ready_spiclk. g_spi_clk = 1
10-01 23:23:33.516 562 1313 D FingerGoodix: ############ reset before read statue 0x0 g_mode 0
10-01 23:23:33.517 562 1276 D FingerGoodix: Received message: 0. gIRQFlag:1
10-01 23:23:33.522 562 1313 D FingerGoodix: delete timer
10-01 23:23:33.522 562 1313 D FingerGoodix: delete timer
10-01 23:23:33.522 562 1313 D FingerGoodix: gf_enable_irq
10-01 23:23:33.522 562 1313 D FingerGoodix: gx_ta_send_command, cmd = 3
10-01 23:23:33.525 562 1314 D FingerGoodix: device_cancel_waitfinger out. i = 5
10-01 23:23:33.525 562 1314 D FingerGoodix: mCurStatus = 8 , nextStatus = 1
10-01 23:23:33.525 1278 1335 D FingerGoodix: fpcode, setListenerState(0x74dfc4b1c0, 3)
10-01 23:23:33.526 1278 1335 D FingerGoodix: fpcode, setListenerState(0x74dfc4b1c0, 2)
10-01 23:23:33.526 1278 1335 D FingerGoodix: fpcode, goodix_sensor_fp_match(), operation_id = 0d
10-01 23:23:33.526 1278 1335 D FingerGoodix: init, g_need_clean_fp_data=0
10-01 23:23:33.526 1278 1335 D FingerGoodix: finger print client call checkPasswd!
10-01 23:23:33.526 1278 1335 D FingerGoodix: client,check passwd
10-01 23:23:33.526 562 1314 D FingerGoodix: server,check passwd
10-01 23:23:33.526 562 1314 D FingerGoodix: Client::checkPasswd :
10-01 23:23:33.526 562 1314 D FingerGoodix: prepare FpEnv, active client=0x79cfc84300
10-01 23:23:33.535 562 1313 D FingerGoodix: ### download fdt get down cfg g_state 1
10-01 23:23:33.535 562 1313 D FingerGoodix: gx_ta_send_command, cmd = 60
10-01 23:23:33.548 562 1314 D FingerGoodix: gx_ta_send_command, cmd = 15
10-01 23:23:33.548 562 1313 D FingerGoodix: RawDataProcessLoop set to default mode
10-01 23:23:33.548 562 1276 D FingerGoodix: gf_netlink_event, event:0
10-01 23:23:33.548 562 1276 D FingerGoodix: gf_ready_spiclk. g_spi_clk = 1
10-01 23:23:33.548 562 1276 D FingerGoodix: fnCa_GetStatus()
10-01 23:23:33.548 562 1276 D FingerGoodix: fnCa_GetStatus(), in
10-01 23:23:33.553 1278 1335 D FingerGoodix: finger print client call recognize!
10-01 23:23:33.553 1278 1335 D FingerGoodix: client,recognize
10-01 23:23:33.553 562 1276 D FingerGoodix: gx_ta_send_command, cmd = 18
10-01 23:23:33.553 562 562 D FingerGoodix: server,recognize
10-01 23:23:33.554 562 562 D FingerGoodix: FpService::Client::recognize
10-01 23:23:33.554 562 562 D FingerGoodix: prepare FpEnv, active client=0x79cfc84300
10-01 23:23:33.554 562 562 D FingerGoodix: mCurStatus = 1 , nextStatus = 6
10-01 23:23:33.554 562 562 D FingerGoodix: fnCa_GetSessionID
10-01 23:23:33.557 562 1276 D FingerGoodix: fnCa_GetStatus(), out
10-01 23:23:33.558 562 1276 D FingerGoodix: gf_netlink_event 440 status 0x0 g_mode 1 g_state 1
10-01 23:23:33.558 562 1276 D FingerGoodix: g_mode = 1
10-01 23:23:33.558 562 1276 D FingerGoodix: #### Invalid int. g_mode = 1
10-01 23:23:33.558 562 562 D FingerGoodix: gx_ta_send_command, cmd = 48
10-01 23:23:33.559 2351 2351 W ChimeraUtils: Non Chimera context
10-01 23:23:33.559 2351 2351 W ChimeraUtils: Non Chimera context
10-01 23:23:33.562 562 562 D FingerGoodix: device_setMode ,mode = 0, g_mode = 1, ignore = 2
10-01 23:23:33.562 562 562 D FingerGoodix: Set mode : 0, g_mode = 1
10-01 23:23:33.562 562 562 D FingerGoodix: ############ reset before read statue 0x0 g_mode 1
10-01 23:23:33.562 562 1276 D FingerGoodix: Received message: 0. gIRQFlag:1
10-01 23:23:33.568 562 562 D FingerGoodix: delete timer
10-01 23:23:33.568 562 562 D FingerGoodix: delete timer
10-01 23:23:33.568 562 562 D FingerGoodix: gf_enable_irq
10-01 23:23:33.568 562 562 D FingerGoodix: gx_ta_send_command, cmd = 3
10-01 23:23:33.577 562 1276 D FingerGoodix: gf_netlink_event, event:0
10-01 23:23:33.577 562 1276 D FingerGoodix: gf_ready_spiclk. g_spi_clk = 1
10-01 23:23:33.577 562 1276 D FingerGoodix: fnCa_GetStatus()
10-01 23:23:33.577 562 1276 D FingerGoodix: fnCa_GetStatus(), in
10-01 23:23:33.577 562 1276 D FingerGoodix: gx_ta_send_command, cmd = 18
10-01 23:23:33.577 3294 3294 V NativeCrypto: Registering com/google/android/gms/org/conscrypt/NativeCrypto's 287 native methods...
10-01 23:23:33.585 562 1276 D FingerGoodix: fnCa_GetStatus(), out
10-01 23:23:33.585 562 1276 D FingerGoodix: gf_netlink_event 440 status 0x0 g_mode 0 g_state 0
10-01 23:23:33.585 562 1276 D FingerGoodix: g_mode = 0
10-01 23:23:33.585 562 1276 D FingerGoodix: #### Invalid int. g_mode = 0
10-01 23:23:33.585 562 562 D FingerGoodix: setCurNotifyClientID:0
10-01 23:23:33.585 562 562 D FingerGoodix: trigger rawdata signal sem!
10-01 23:23:33.585 562 562 D FingerGoodix: fingerprint clear wait finger command.
10-01 23:23:33.585 562 562 D FingerGoodix: device_clear_waitfinger
10-01 23:23:33.585 562 1313 D FingerGoodix: RawDataProcessLoop got signal!
10-01 23:23:33.586 562 1313 D FingerGoodix: setChipMode = 0
10-01 23:23:33.586 562 1313 D FingerGoodix: fingerprint set mode. mode = 0x0
10-01 23:23:33.586 562 1313 D FingerGoodix: device_setMode ,mode = 0, g_mode = 0, ignore = 2
10-01 23:23:33.586 562 1313 D FingerGoodix: Set mode : 0, g_mode = 0
10-01 23:23:33.586 562 1313 D FingerGoodix: gf_ready_spiclk. g_spi_clk = 1
10-01 23:23:33.586 562 1313 D FingerGoodix: has already in mode : 0
10-01 23:23:33.586 562 1313 D FingerGoodix: RawDataProcessLoop set to IMAGE mode
10-01 23:23:33.586 562 1313 D FingerGoodix: EventProcessThread wait hal_Up! status:6
10-01 23:23:33.586 562 1313 D FingerGoodix: fingerprint wait for finger up.
10-01 23:23:33.586 562 1313 D FingerGoodix: ===> Wait Finger Up. g_up_ignore = 2
10-01 23:23:33.586 562 1313 D FingerGoodix: device_waitForFingerUp UP
10-01 23:23:33.586 562 1313 D FingerGoodix: gf_ready_spiclk. g_spi_clk = 1
10-01 23:23:33.586 562 1276 D FingerGoodix: Received message: 0. gIRQFlag:1
10-01 23:23:33.589 2351 2351 V NFC : this device does not have NFC support
10-01 23:23:33.592 562 1313 D FingerGoodix: gx_ta_send_command, cmd = 60
10-01 23:23:33.599 3294 3294 D NetworkSecurityConfig: Using Network Security Config from resource network_security_config debugBuild: false
10-01 23:23:33.606 562 1313 D FingerGoodix: gf_enable_irq
10-01 23:23:33.606 3294 3294 I ProviderInstaller: Installed default security provider GmsCore_OpenSSL
10-01 23:23:33.606 562 1313 D FingerGoodix: device_waitForFingerUp 1139
10-01 23:23:33.606 562 1276 D FingerGoodix: gf_netlink_event, event:0
10-01 23:23:33.606 562 1276 D FingerGoodix: gf_ready_spiclk. g_spi_clk = 1
10-01 23:23:33.606 562 1276 D FingerGoodix: fnCa_GetStatus()
10-01 23:23:33.606 562 1276 D FingerGoodix: fnCa_GetStatus(), in
10-01 23:23:33.606 562 1276 D FingerGoodix: gx_ta_send_command, cmd = 18
10-01 23:23:33.607 1469 1469 W FingerprintService: client com.android.systemui is authenticating...
10-01 23:23:33.607 1469 1469 W Looper : Slow dispatch took 185ms main h=com.android.server.fingerprint.FingerprintService$1 c=com.android.server.fingerprint.FingerprintService$FingerprintServiceWrapper$3@5d0 281e m=0
10-01 23:23:33.608 1469 1469 V FingerprintService: stop client com.android.systemui
10-01 23:23:33.608 1278 1335 D FingerGoodix: fpcode, fingerprint_cancel()
10-01 23:23:33.608 1278 1335 D FingerGoodix: fingerprint_cancel
10-01 23:23:33.608 1278 1335 D FingerGoodix: fpcode, fp cancel!
10-01 23:23:33.608 1278 1335 D FingerGoodix: finger print client call cancelRecognize!
10-01 23:23:33.608 1278 1335 D FingerGoodix: client,cancel recognize
10-01 23:23:33.608 562 562 D FingerGoodix: server,cancel recognize
10-01 23:23:33.608 562 562 D FingerGoodix: Client::cancelRecognize 6
10-01 23:23:33.608 562 562 D FingerGoodix: Cancel status:6
10-01 23:23:33.608 562 562 D FingerGoodix: mCurStatus = 6 , nextStatus = 8
10-01 23:23:33.608 562 562 D FingerGoodix: fingerprint cancel wait finger command.
10-01 23:23:33.608 562 562 D FingerGoodix: device_cancel_waitfinger. g_state:3
10-01 23:23:33.611 562 1276 D FingerGoodix: fnCa_GetStatus(), out
10-01 23:23:33.612 562 1276 D FingerGoodix: gf_netlink_event 440 status 0x0 g_mode 0 g_state 3
10-01 23:23:33.612 562 1276 D FingerGoodix: g_mode = 0
10-01 23:23:33.612 562 1276 D FingerGoodix: #### Invalid int. g_mode = 0
10-01 23:23:33.641 2474 3285 W DriveInitializer: Awaiting to be initialized
10-01 23:23:33.645 2351 2351 I Coffee-OnbodyLure: start lure
10-01 23:23:33.657 562 1313 D FingerGoodix: Wait for finger up canceled.
10-01 23:23:33.657 562 1313 D FingerGoodix: gf_enable_irq
10-01 23:23:33.657 562 1313 D FingerGoodix: EventProcessThread cancel hal_UP go to waitting!
10-01 23:23:33.657 562 1313 D FingerGoodix: RawDataProcessLoop waiting signal!
10-01 23:23:33.657 562 1313 D FingerGoodix: getChipMode = 0
10-01 23:23:33.657 562 1313 D FingerGoodix: setChipMode = 1
10-01 23:23:33.657 562 1313 D FingerGoodix: fingerprint set mode. mode = 0x1
10-01 23:23:33.657 562 1313 D FingerGoodix: device_setMode ,mode = 1, g_mode = 0, ignore = 2
10-01 23:23:33.657 562 1313 D FingerGoodix: Set mode : 1, g_mode = 0
10-01 23:23:33.657 562 1313 D FingerGoodix: Enable clock.
10-01 23:23:33.657 562 1313 D FingerGoodix: gf_ready_spiclk. g_spi_clk = 1
10-01 23:23:33.657 562 1313 D FingerGoodix: ############ reset before read statue 0x0 g_mode 0
10-01 23:23:33.657 562 1276 D FingerGoodix: Received message: 0. gIRQFlag:1
10-01 23:23:33.658 2351 2351 I TrustAgent: [PlaceTrustletChimeraService] Trusted Places isSupported: true
10-01 23:23:33.663 562 1313 D FingerGoodix: delete timer
10-01 23:23:33.663 562 1313 D FingerGoodix: delete timer
10-01 23:23:33.663 562 1313 D FingerGoodix: gf_enable_irq
10-01 23:23:33.663 562 1313 D FingerGoodix: gx_ta_send_command, cmd = 3
10-01 23:23:33.669 562 562 D FingerGoodix: device_cancel_waitfinger out. i = 3
10-01 23:23:33.669 562 562 D FingerGoodix: mCurStatus = 8 , nextStatus = 1
10-01 23:23:33.669 1278 1335 D FingerGoodix: fpcode, setListenerState(0x74dfc4b1c0, 3)
10-01 23:23:33.669 1469 1469 W FingerprintService: client com.android.systemui is no longer authenticating
10-01 23:23:33.670 1469 1469 W Looper : Slow delivery took 209ms main h=android.app.ActivityThread$H c=null m=122
10-01 23:23:33.672 1469 1469 I TransportClient: D2dTransportService#1: Notifying [TransportManager.registerTransport()] transport = IBackupTransport
10-01 23:23:33.672 562 1313 D FingerGoodix: ### download fdt get down cfg g_state 1
10-01 23:23:33.672 562 1313 D FingerGoodix: gx_ta_send_command, cmd = 60
10-01 23:23:33.676 1469 1469 V FingerprintService: Done with client: com.android.systemui
10-01 23:23:33.676 1469 1469 V FingerprintService: handleError(client=com.android.systemui, error = 5)
10-01 23:23:33.676 1469 1469 V FingerprintService: handleError(client=null, error = 5)
10-01 23:23:33.677 1469 1469 W Looper : Drained
10-01 23:23:33.680 1469 2726 W Binder : Outgoing transactions from this process must be FLAG_ONEWAY
10-01 23:23:33.680 1469 2726 W Binder : java.lang.Throwable
10-01 23:23:33.680 1469 2726 W Binder : at android.os.BinderProxy.transact(Binder.java:1114)
10-01 23:23:33.680 1469 2726 W Binder : at com.android.internal.backup.IBackupTransport$Stub$Proxy.name(IBackupTransport.java: 381)
10-01 23:23:33.680 1469 2726 W Binder : at com.android.server.backup.TransportManager.registerTransport(TransportManager.java: 612)
10-01 23:23:33.680 1469 2726 W Binder : at com.android.server.backup.TransportManager.registerTransportsForIntent(TransportMan ager.java:550)
10-01 23:23:33.680 1469 2726 W Binder : at com.android.server.backup.TransportManager.registerTransports(TransportManager.java :520)
10-01 23:23:33.680 1469 2726 W Binder : at com.android.server.backup.-$ $Lambda$pM_c5tVAGDtxjxLF_ONtACWWq6Q.run(Unknown Source:2)
10-01 23:23:33.680 1469 2726 W Binder : at android.os.Handler.handleCallback(Handler.java:873)
10-01 23:23:33.680 1469 2726 W Binder : at android.os.Handler.dispatchMessage(Handler.java:99)
10-01 23:23:33.680 1469 2726 W Binder : at android.os.Looper.loop(Looper.java:193)
10-01 23:23:33.680 1469 2726 W Binder : at android.os.HandlerThread.run(HandlerThread.java:65)
10-01 23:23:33.681 2351 2351 I TrustAgent: [VoiceUnlockTrustletChimeraService] #isSupported true
10-01 23:23:33.682 1469 2726 D BackupTransportManager: Transport com.google.android.gms/.backup.component.D2dTransportService registered
10-01 23:23:33.682 1469 2726 D BackupManagerService: Transport com.google.android.gms/.backup.migrate.service.D2dTransport registered 3335ms after first request (delay = 3000ms)
10-01 23:23:33.687 562 1276 D FingerGoodix: gf_netlink_event, event:0
10-01 23:23:33.687 562 1313 D FingerGoodix: RawDataProcessLoop set to default mode
10-01 23:23:33.687 562 1276 D FingerGoodix: gf_ready_spiclk. g_spi_clk = 1
10-01 23:23:33.687 562 1276 D FingerGoodix: fnCa_GetStatus()
10-01 23:23:33.687 562 1276 D FingerGoodix: fnCa_GetStatus(), in
10-01 23:23:33.687 562 1276 D FingerGoodix: gx_ta_send_command, cmd = 18
10-01 23:23:33.691 562 1276 D FingerGoodix: fnCa_GetStatus(), out
10-01 23:23:33.691 562 1276 D FingerGoodix: gf_netlink_event 440 status 0x0 g_mode 1 g_state 1
10-01 23:23:33.691 562 1276 D FingerGoodix: g_mode = 1
10-01 23:23:33.691 562 1276 D FingerGoodix: #### Invalid int. g_mode = 1
10-01 23:23:33.727 2474 3358 I ContentMaintenance: Internal cache bytes used: 0; limit: 100000000; download size: 0
10-01 23:23:33.730 470 479 V vold : DISK mbr
10-01 23:23:33.730 470 479 V vold :
10-01 23:23:33.730 470 479 V vold : PART 1 c
10-01 23:23:33.730 470 479 V vold :
10-01 23:23:33.724 2111 2111 I MainEventThread: type=1400 audit(0.0:1087): avc: denied { call } for scontext=u:r:system_app:s0 tcontext=u:r:init:s0 tclass=binder permissive=1
10-01 23:23:33.733 2111 2195 I QCNEJ/CndHalConnector: -> SND notifyScreenStateChanged(true)
10-01 23:23:33.733 2748 2748 I GsaVoiceInteractionSrv: O received Intent { act=android.intent.action.USER_PRESENT flg=0x24200010 }
10-01 23:23:33.733 470 479 V vold : /system/bin/blkid
10-01 23:23:33.733 470 479 V vold : -c
10-01 23:23:33.733 470 479 V vold : /dev/null
10-01 23:23:33.733 470 479 V vold : -s
10-01 23:23:33.733 470 479 V vold : TYPE
10-01 23:23:33.733 470 479 V vold : -s
10-01 23:23:33.733 470 479 V vold : UUID
10-01 23:23:33.733 470 479 V vold : -s
10-01 23:23:33.733 470 479 V vold : LABEL
10-01 23:23:33.733 470 479 V vold : /dev/block/vold/public:179,65
10-01 23:23:33.736 1469 2772 W Binder : Binder call failed.
10-01 23:23:33.736 1469 2772 W Binder : java.lang.NullPointerException: Attempt to invoke virtual method 'java.lang.String java.lang.String.replace(java.lang.CharSequence, java.lang.CharSequence)' on a null object reference
10-01 23:23:33.736 1469 2772 W Binder : at android.os.storage.VolumeInfo.getInternalPathForUser(VolumeInfo.java:317)
10-01 23:23:33.736 1469 2772 W Binder : at android.os.storage.VolumeInfo.buildStorageVolume(VolumeInfo.java:336)
10-01 23:23:33.736 1469 2772 W Binder : at com.android.server.StorageManagerService.onVolumeStateChangedLocked(StorageManagerS ervice.java:1268)
10-01 23:23:33.736 1469 2772 W Binder : at com.android.server.StorageManagerService.access$2700(StorageManagerService.java:171 )
10-01 23:23:33.736 1469 2772 W Binder : at com.android.server.StorageManagerService$3.onVolumeStateChanged(StorageManagerServi ce.java:1073)
10-01 23:23:33.736 1469 2772 W Binder : at android.os.IVoldListener$Stub.onTransact(IVoldListener.java:108)
10-01 23:23:33.736 1469 2772 W Binder : at android.os.Binder.execTransact(Binder.java:731)
10-01 23:23:33.739 1907 1907 D StorageNotification: Notifying about public volume: VolumeInfo{public:179,65}:
10-01 23:23:33.739 1907 1907 D StorageNotification: type=PUBLIC diskId=disk:179,64 partGuid= mountFlags=VISIBLE mountUserId=0
10-01 23:23:33.739 1907 1907 D StorageNotification: state=UNMOUNTED
10-01 23:23:33.739 1907 1907 D StorageNotification: fsType=null fsUuid=null fsLabel=null
10-01 23:23:33.739 1907 1907 D StorageNotification: path=null internalPath=null
10-01 23:23:33.740 1907 1907 D StorageNotification: Notifying about public volume: VolumeInfo{public:179,65}:
10-01 23:23:33.740 1907 1907 D StorageNotification: type=PUBLIC diskId=disk:179,64 partGuid= mountFlags=VISIBLE mountUserId=0
10-01 23:23:33.740 1907 1907 D StorageNotification: state=CHECKING
10-01 23:23:33.740 1907 1907 D StorageNotification: fsType=null fsUuid=null fsLabel=null
10-01 23:23:33.740 1907 1907 D StorageNotification: path=null internalPath=null --------- beginning of crash
10-01 23:23:33.741 2474 3358 E AndroidRuntime: FATAL EXCEPTION: lowpool[1]
10-01 23:23:33.741 2474 3358 E AndroidRuntime: Process: com.google.android.gms, PID: 2474
10-01 23:23:33.741 2474 3358 E AndroidRuntime: java.lang.NullPointerException: Attempt to invoke virtual method 'java.lang.String java.lang.String.replace(java.lang.CharSequence, java.lang.CharSequence)' on a null object reference
10-01 23:23:33.741 2474 3358 E AndroidRuntime: at android.os.Parcel.createException(Parcel.java:1948)
10-01 23:23:33.741 2474 3358 E AndroidRuntime: at android.os.Parcel.readException(Parcel.java:1910)
10-01 23:23:33.741 2474 3358 E AndroidRuntime: at android.os.Parcel.readException(Parcel.java:1860)
10-01 23:23:33.741 2474 3358 E AndroidRuntime: at android.os.storage.IStorageManager$Stub$Proxy.getVolumeList(IStorageManager.java:89 5)
10-01 23:23:33.741 2474 3358 E AndroidRuntime: at android.os.storage.StorageManager.getVolumeList(StorageManager.java:1169)
10-01 23:23:33.741 2474 3358 E AndroidRuntime: at android.os.Environment$UserEnvironment.getExternalDirs(Environment.java:91)
10-01 23:23:33.741 2474 3358 E AndroidRuntime: at android.os.Environment.isExternalStorageEmulated(Environment.java:974)
10-01 23:23:33.741 2474 3358 E AndroidRuntime: at tci.d(:com.google.android.gms@[email protected] (100400-213742215):2)
10-01 23:23:33.741 2474 3358 E AndroidRuntime: at rmm.run(Unknown Source:8)
10-01 23:23:33.741 2474 3358 E AndroidRuntime: at tct.run(:com.google.android.gms@[email protected] (100400-213742215):3)
10-01 23:23:33.741 2474 3358 E AndroidRuntime: at qfl.run(:com.google.android.gms@[email protected] (100400-213742215):35)
10-01 23:23:33.741 2474 3358 E AndroidRuntime: at java.util.concurrent.ThreadPoolExecutor.runWorker(ThreadPoolExecutor.java:1167)
10-01 23:23:33.741 2474 3358 E AndroidRuntime: at java.util.concurrent.ThreadPoolExecutor$Worker.run(ThreadPoolExecutor.java:641)
10-01 23:23:33.741 2474 3358 E AndroidRuntime: at qlf.run(Unknown Source:7)
10-01 23:23:33.741 2474 3358 E AndroidRuntime: at java.lang.Thread.run(Thread.java:764)
10-01 23:23:33.741 2474 3358 E AndroidRuntime: Caused by: android.os.RemoteException: Remote stack trace:
10-01 23:23:33.741 2474 3358 E AndroidRuntime: at android.os.storage.VolumeInfo.getInternalPathForUser(VolumeInfo.java:317)
10-01 23:23:33.741 2474 3358 E AndroidRuntime: at android.os.storage.VolumeInfo.buildStorageVolume(VolumeInfo.java:336)
10-01 23:23:33.741 2474 3358 E AndroidRuntime: at com.android.server.StorageManagerService.getVolumeList(StorageManagerService.java:2 777)
10-01 23:23:33.741 2474 3358 E AndroidRuntime: at android.os.storage.IStorageManager$Stub.onTransact(IStorageManager.java:176)
10-01 23:23:33.741 2474 3358 E AndroidRuntime: at android.os.Binder.execTransact(Binder.java:731)
10-01 23:23:33.741 2474 3358 E AndroidRuntime:
10-01 23:23:33.756 1469 1588 I ActivityManager: Start proc 3387:com.android.bluetooth/1002 for service com.android.bluetooth/.btservice.AdapterService
10-01 23:23:33.759 2474 3358 I GCore-Chimera-Crash: ChwKDmNvbnRhaW5lci1vbmx5EMLXVxhAILCXpcI1IAA=
10-01 23:23:33.759 2474 3358 I GCore-Chimera-Crash: GCore-Chimera-Crash
10-01 23:23:33.734 541 541 I HwBinder:541_1: type=1400 audit(0.0:1088): avc: denied { read } for scontext=u:r:hal_sensors_default:s0 tcontext=u:r:hal_sensors_default:s0 tclass=socket permissive=1
10-01 23:23:33.770 3387 3387 I Zygote : seccomp disabled by setenforce 0
10-01 23:23:33.772 3287 3363 D NetworkSecurityConfig: No Network Security Config specified, using platform default
10-01 23:23:33.777 2474 3358 I DeviceDrDatabaseHelper: Cleaning stale data from database!
10-01 23:23:33.780 2351 2351 I TrustAgent: [TrustletManager] registerTrustlet: Bluetooth
10-01 23:23:33.781 2351 2351 I TrustAgent: [TrustletManager] registerTrustlet: Connectionless-BLE
10-01 23:23:33.787 3387 3387 E droid.bluetoot: Not starting debugger since process cannot load the jdwp agent.
10-01 23:23:33.795 1469 1469 I TransportClient: BackupTransportService#2: Notifying [TransportManager.registerTransport()] transport = IBackupTransport
10-01 23:23:33.796 2351 2351 I TrustAgent: [TrustletManager] registerTrustlet: NFC
10-01 23:23:33.796 1469 2726 W Binder : Outgoing transactions from this process must be FLAG_ONEWAY
10-01 23:23:33.796 1469 2726 W Binder : java.lang.Throwable
10-01 23:23:33.796 1469 2726 W Binder : at android.os.BinderProxy.transact(Binder.java:1114)
10-01 23:23:33.796 1469 2726 W Binder : at com.android.internal.backup.IBackupTransport$Stub$Proxy.name(IBackupTransport.java: 381)
10-01 23:23:33.796 1469 2726 W Binder : at com.android.server.backup.TransportManager.registerTransport(TransportManager.java: 612)
10-01 23:23:33.796 1469 2726 W Binder : at com.android.server.backup.TransportManager.registerTransportsForIntent(TransportMan ager.java:550)
10-01 23:23:33.796 1469 2726 W Binder : at com.android.server.backup.TransportManager.registerTransports(TransportManager.java :520)
10-01 23:23:33.796 1469 2726 W Binder : at com.android.server.backup.-$ $Lambda$pM_c5tVAGDtxjxLF_ONtACWWq6Q.run(Unknown Source:2)
10-01 23:23:33.796 1469 2726 W Binder : at android.os.Handler.handleCallback(Handler.java:873)
10-01 23:23:33.796 1469 2726 W Binder : at android.os.Handler.dispatchMessage(Handler.java:99)
10-01 23:23:33.796 1469 2726 W Binder : at android.os.Looper.loop(Looper.java:193)
10-01 23:23:33.796 1469 2726 W Binder : at android.os.HandlerThread.run(HandlerThread.java:65)
10-01 23:23:33.796 2474 3393 I PinnedContentDownloader: Finished downloading pinned content.
10-01 23:23:33.801 2351 2351 I TrustAgent: [TrustletManager] registerTrustlet: PhonePosition
10-01 23:23:33.805 2351 2351 I TrustAgent: [PlaceTrustletChimeraService] Trusted Places isSupported: true
10-01 23:23:33.810 470 479 V vold : /dev/block/vold/public:179,65: UUID="D89D-9833" TYPE="vfat"
10-01 23:23:33.810 470 479 V vold :
10-01 23:23:33.812 470 479 V vold : /system/bin/fsck_msdos
10-01 23:23:33.812 470 479 V vold : -p
10-01 23:23:33.812 470 479 V vold : -f
10-01 23:23:33.812 470 479 V vold : /dev/block/vold/public:179,65
10-01 23:23:33.808 2351 2351 I TrustAgent: [PlaceTrustletChimeraService] Trusted Places isSupported: true
10-01 23:23:33.815 2351 2351 I TrustAgent: [TrustletManager] registerTrustlet: Place
10-01 23:23:33.817 2351 2351 I TrustAgent: [VoiceUnlockTrustletChimeraService] #isSupported true
10-01 23:23:33.818 2351 2351 I TrustAgent: [VoiceUnlockTrustletChimeraService] #isSupported true
10-01 23:23:33.818 2474 3358 W DeviceDoctorHandler: Crash Hash: fc2387b3f0913e05cb34e34f85c6cc46a0d7876b
10-01 23:23:33.819 2351 2351 I TrustAgent: [VoiceUnlockTrustletChimeraService] VoiceUnlockTrustlerChimeraService initializeTrustlet()
10-01 23:23:33.820 2351 2351 I TrustAgent: [VoiceUnlockTrustletChimeraService] validateCanUnlock false
10-01 23:23:33.820 2351 2351 I TrustAgent: [TrustletManager] registerTrustlet: Voiceunlock
10-01 23:23:33.842 2351 2351 I TrustAgent: [TrustletManager] registerTrustlet: Face
10-01 23:23:33.845 1469 2726 D BackupTransportManager: Transport com.google.android.gms/.backup.BackupTransportService registered
10-01 23:23:33.845 1469 2726 D BackupManagerService: Transport com.google.android.gms/.backup.BackupTransportService registered 3498ms after first request (delay = 3000ms)
10-01 23:23:33.857 470 479 I fsck_msdos: ** /dev/block/vold/public:179,65
10-01 23:23:33.861 470 479 I fsck_msdos: ** Phase 1 - Read FAT (compare skipped)
10-01 23:23:33.861 470 479 I fsck_msdos: Attempting to allocate 7588 KB for FAT
10-01 23:23:33.873 3287 3287 D libcrashlytics: Initializing libcrashlytics version 2.0.0
10-01 23:23:33.873 3287 3287 D libcrashlytics: Initializing native crash handling successful.
10-01 23:23:33.882 3387 3387 D BluetoothOppFileProvider: Initialized
10-01 23:23:33.890 1469 2726 I BackupManagerService: Found stale backup journal, scheduling
10-01 23:23:33.898 3387 3387 D AndroidRuntime: Shutting down VM
10-01 23:23:33.902 3387 3387 E AndroidRuntime: FATAL EXCEPTION: main
10-01 23:23:33.902 3387 3387 E AndroidRuntime: Process: com.android.bluetooth, PID: 3387
10-01 23:23:33.902 3387 3387 E AndroidRuntime: java.lang.RuntimeException: Unable to get provider com.android.bluetooth.opp.BluetoothOppFileProvider: java.lang.NullPointerException: Attempt to invoke virtual method 'java.lang.String java.lang.String.replace(java.lang.CharSequence, java.lang.CharSequence)' on a null object reference
10-01 23:23:33.902 3387 3387 E AndroidRuntime: at android.app.ActivityThread.installProvider(ActivityThread.java:6396)
10-01 23:23:33.902 3387 3387 E AndroidRuntime: at android.app.ActivityThread.installContentProviders(ActivityThread.java:5938)
10-01 23:23:33.902 3387 3387 E AndroidRuntime: at android.app.ActivityThread.handleBindApplication(ActivityThread.java:5853)
10-01 23:23:33.902 3387 3387 E AndroidRuntime: at android.app.ActivityThread.access$1100(ActivityThread.java:199)
10-01 23:23:33.902 3387 3387 E AndroidRuntime: at android.app.ActivityThread$H.handleMessage(ActivityThread.java:1650)
10-01 23:23:33.902 3387 3387 E AndroidRuntime: at android.os.Handler.dispatchMessage(Handler.java:106)
10-01 23:23:33.902 3387 3387 E AndroidRuntime: at android.os.Looper.loop(Looper.java:193)
10-01 23:23:33.902 3387 3387 E AndroidRuntime: at android.app.ActivityThread.main(ActivityThread.java:6669)
10-01 23:23:33.902 3387 3387 E AndroidRuntime: at java.lang.reflect.Method.invoke(Native Method)
10-01 23:23:33.902 3387 3387 E AndroidRuntime: at com.android.internal.os.RuntimeInit$MethodAndArgsCaller.run(RuntimeInit.java:495)
10-01 23:23:33.902 3387 3387 E AndroidRuntime: at com.android.internal.os.ZygoteInit.main(ZygoteInit.java:858)
10-01 23:23:33.902 3387 3387 E AndroidRuntime: Caused by: java.lang.NullPointerException: Attempt to invoke virtual method 'java.lang.String java.lang.String.replace(java.lang.CharSequence, java.lang.CharSequence)' on a null object reference
10-01 23:23:33.902 3387 3387 E AndroidRuntime: at android.os.Parcel.createException(Parcel.java:1948)
10-01 23:23:33.902 3387 3387 E AndroidRuntime: at android.os.Parcel.readException(Parcel.java:1910)
10-01 23:23:33.902 3387 3387 E AndroidRuntime: at android.os.Parcel.readException(Parcel.java:1860)
10-01 23:23:33.902 3387 3387 E AndroidRuntime: at android.os.storage.IStorageManager$Stub$Proxy.getVolumeList(IStorageManager.java:89 5)
10-01 23:23:33.902 3387 3387 E AndroidRuntime: at android.os.storage.StorageManager.getVolumeList(StorageManager.java:1169)
10-01 23:23:33.902 3387 3387 E AndroidRuntime: at android.os.Environment$UserEnvironment.getExternalDirs(Environment.java:91)
10-01 23:23:33.902 3387 3387 E AndroidRuntime: at android.os.Environment.getExternalStorageDirectory(Environment.java:481)
10-01 23:23:33.902 3387 3387 E AndroidRuntime: at android.support.v4.content.FileProvider.parsePathStrategy(FileProvider.java:628)
10-01 23:23:33.902 3387 3387 E AndroidRuntime: at android.support.v4.content.FileProvider.getPathStrategy(FileProvider.java:579)
10-01 23:23:33.902 3387 3387 E AndroidRuntime: at android.support.v4.content.FileProvider.attachInfo(FileProvider.java:392)
10-01 23:23:33.902 3387 3387 E AndroidRuntime: at com.android.bluetooth.opp.BluetoothOppFileProvider.attachInfo(BluetoothOppFileProvi der.java:80)
10-01 23:23:33.902 3387 3387 E AndroidRuntime: at android.app.ActivityThread.installProvider(ActivityThread.java:6391)
10-01 23:23:33.902 3387 3387 E AndroidRuntime: ... 10 more
10-01 23:23:33.909 1907 1907 D StatusBar: disable<e i a s b h r c s > disable2<q i n
> 10-01 23:23:33.912 3387 3387 I Process : Sending signal. PID: 3387 SIG: 9
10-01 23:23:33.915 2351 2351 W Auth : [DeviceSignalsService,LockScreenSignalsProvider] Missed a boot event?
10-01 23:23:33.933 1469 2726 I chatty : uid=1000(system) backup identical 207 lines
10-01 23:23:33.933 1469 2726 I BackupManagerService: Found stale backup journal, scheduling
10-01 23:23:33.934 1469 2768 I ActivityManager: Process com.android.bluetooth (pid 3387) has died: psvc PER
10-01 23:23:33.934 1469 2768 W ActivityManager: Scheduling restart of crashed service com.android.bluetooth/.btservice.AdapterService in 4000ms
10-01 23:23:33.934 518 518 I Zygote : Process 3387 exited due to signal (9)
10-01 23:23:33.933 1469 2726 I BackupManagerService: Found stale backup journal, scheduling
10-01 23:23:33.937 1469 1589 W libprocessgroup: kill(-3387, 9) failed: No such process
10-01 23:23:33.937 1469 1589 I libprocessgroup: Successfully killed process cgroup uid 1002 pid 3387 in 0ms
10-01 23:23:33.951 3294 3294 W Primes : Primes not initialized, returning default (no-op) Primes instance which will ignore all calls. Please call Primes.initialize(...) before using any Primes API.
10-01 23:23:33.954 1907 1907 I RenderThread: type=1400 audit(0.0:1089): avc: denied { ioctl } for path="/dev/kgsl-3d0" dev="tmpfs" ino=4527 ioctlcmd=94a scontext=u:r:platform_app:s0:c512,c768 tcontext=u:object_r:device:s0 tclass=chr_file permissive=1
10-01 23:23:33.980 2474 3271 W MDM : [90] admr.c: enableNfc
10-01 23:23:33.974 1907 1907 I RenderThread: type=1400 audit(0.0:1090): avc: denied { read write } for path="/dev/kgsl-3d0" dev="tmpfs" ino=4527 scontext=u:r:platform_app:s0:c512,c768 tcontext=u:object_r:device:s0 tclass=chr_file permissive=1
10-01 23:23:33.992 2474 3271 W MDM : [90] admr.c: EnableNfc flag is true
10-01 23:23:33.994 2351 3263 E AndroidRuntime: FATAL EXCEPTION: [dme] processing com.google.android.gms.tapandpay.keyguard.KeyguardDismissedIntentOperation for action android.intent.action.USER_PRESENT
10-01 23:23:33.994 2351 3263 E AndroidRuntime: Process: com.google.android.gms.persistent, PID: 2351
10-01 23:23:33.994 2351 3263 E AndroidRuntime: java.lang.ExceptionInInitializerError
10-01 23:23:33.994 2351 3263 E AndroidRuntime: at com.google.android.gms.tapandpay.keyguard.KeyguardDismissedIntentOperation.onHandle Intent(:com.google.android.gms@[email protected] (100400-213742215):4)
10-01 23:23:33.994 2351 3263 E AndroidRuntime: at com.google.android.chimera.IntentOperation.onHandleIntent(:com.google.android.gms@1 [email protected] (100400-213742215):2)
10-01 23:23:33.994 2351 3263 E AndroidRuntime: at dmc.a(:com.google.android.gms@[email protected] (100400-213742215):7)
10-01 23:23:33.994 2351 3263 E AndroidRuntime: at ofv.a(:com.google.android.gms@[email protected] (100400-213742215):10)
10-01 23:23:33.994 2351 3263 E AndroidRuntime: at dmh.run(:com.google.android.gms@[email protected] (100400-213742215):11)
10-01 23:23:33.994 2351 3263 E AndroidRuntime: at dme.run(:com.google.android.gms@[email protected] (100400-213742215):9)
10-01 23:23:33.994 2351 3263 E AndroidRuntime: at java.util.concurrent.ThreadPoolExecutor.runWorker(ThreadPoolExecutor.java:1167)
10-01 23:23:33.994 2351 3263 E AndroidRuntime: at java.util.concurrent.ThreadPoolExecutor$Worker.run(ThreadPoolExecutor.java:641)
10-01 23:23:33.994 2351 3263 E AndroidRuntime: at java.lang.Thread.run(Thread.java:764)
10-01 23:23:33.994 2351 3263 E AndroidRuntime: Caused by: java.lang.NullPointerException: Attempt to invoke virtual method 'java.lang.String java.lang.String.replace(java.lang.CharSequence, java.lang.CharSequence)' on a null object reference
10-01 23:23:33.994 2351 3263 E AndroidRuntime: at android.os.Parcel.createException(Parcel.java:1948)
10-01 23:23:33.994 2351 3263 E AndroidRuntime: at android.os.Parcel.readException(Parcel.java:1910)
10-01 23:23:33.994 2351 3263 E AndroidRuntime: at android.os.Parcel.readException(Parcel.java:1860)
10-01 23:23:33.994 2351 3263 E AndroidRuntime: at android.os.storage.IStorageManager$Stub$Proxy.getVolumeList(IStorageManager.java:89 5)
10-01 23:23:33.994 2351 3263 E AndroidRuntime: at android.os.storage.StorageManager.getVolumeList(StorageManager.java:1169)
10-01 23:23:33.994 2351 3263 E AndroidRuntime: at android.os.Environment$UserEnvironment.getExternalDirs(Environment.java:91)
10-01 23:23:33.994 2351 3263 E AndroidRuntime: at android.os.Environment$UserEnvironment.buildExternalStoragePublicDirs(Environment.j ava:111)
10-01 23:23:33.994 2351 3263 E AndroidRuntime: at android.os.Environment.getExternalStoragePublicDirectory(Environment.java:738)
