10-01 23:23:24.785 1278 1335 D FingerGoodix: fpcode, fingerprint_get_auth_id(0x74dfc4b1c0) = 3735928559
10-01 23:23:24.785 1469 1469 V FingerprintService: startAuthentication(com.android.systemui)
10-01 23:23:24.786 1873 1884 D BluetoothAdapterService: enable() - Enable called with quiet mode status = false
10-01 23:23:24.786 1873 1940 I AdapterState: BLE_TURNING_ON : entered
10-01 23:23:24.786 1873 1940 D AdapterProperties: Setting state to BLE_TURNING_ON
10-01 23:23:24.786 1873 1940 D BluetoothAdapterService: updateAdapterState() - Broadcasting state BLE_TURNING_ON to 1 receivers.
10-01 23:23:24.786 1469 1469 V FingerprintService: request stop current client android
10-01 23:23:24.786 1469 1469 W FingerprintService: Internal cleanup in progress but trying to start client AuthenticationClient(com.android.systemui), initiatedByClient = true
10-01 23:23:24.786 1873 1940 D BluetoothAdapterService: bleOnProcessStart()
10-01 23:23:24.786 1469 1603 D BluetoothManagerService: MESSAGE_BLUETOOTH_STATE_CHANGE: OFF > BLE_TURNING_ON
10-01 23:23:24.786 1469 1603 D BluetoothManagerService: Sending BLE State Change: OFF > BLE_TURNING_ON
10-01 23:23:24.786 1873 1940 I AdapterProperties: init(), maxConnectedAudioDevices, default=5, propertyOverlayed=5, finalValue=5
10-01 23:23:24.787 1873 1940 D BluetoothAdapterService: bleOnProcessStart() - Make Bond State Machine
10-01 23:23:24.788 1469 2021 W UsageStatsService: Event reported without a package name
10-01 23:23:24.788 1873 1940 D BluetoothBondStateMachine: make
10-01 23:23:24.788 1873 2236 I BluetoothBondStateMachine: StableState(): Entering Off State
10-01 23:23:24.790 1469 1469 I system_server: The ClassLoaderContext is a special shared library.
10-01 23:23:24.793 1873 1873 I BtGatt.JNI: classInitNative(L875): classInitNative: Success!
10-01 23:23:24.794 1873 1873 D BtGatt.DebugUtils: handleDebugAction() action=null
10-01 23:23:24.794 1873 1873 D BluetoothAdapterService: getAdapterService() - returning com.android.bluetooth.btservice.AdapterService@142fe34
10-01 23:23:24.795 1469 2237 I OMXClient: IOmx service obtained
10-01 23:23:24.796 591 617 I OMXMaster: makeComponentInstance(OMX.google.vorbis.decoder) in [email protected] process
10-01 23:23:24.798 1873 1873 I bt_btif : get_profile_interface: id = gatt
10-01 23:23:24.798 2142 2142 E CarrierIdProvider: read carrier list from ota pb failure: java.io.FileNotFoundException: /data/misc/carrierid/carrier_list.pb (No such file or directory)
10-01 23:23:24.798 2142 2142 D CarrierIdProvider: latest version: 2 need update: false
10-01 23:23:24.798 1873 1873 D BluetoothAdapterService: getAdapterService() - returning com.android.bluetooth.btservice.AdapterService@142fe34
10-01 23:23:24.799 525 525 W AshmemAllocator: ashmem_create_region(32768) returning hidl_memory(0x75c202c100, 32768)
10-01 23:23:24.800 525 525 I chatty : uid=1000(system) [email protected] identical 1 line
10-01 23:23:24.801 525 525 W AshmemAllocator: ashmem_create_region(32768) returning hidl_memory(0x75c202c100, 32768)
10-01 23:23:24.801 2142 2142 D CarrierProvider: onCreate
10-01 23:23:24.801 525 525 W AshmemAllocator: ashmem_create_region(32768) returning hidl_memory(0x75c202c100, 32768)
10-01 23:23:24.805 525 525 I chatty : uid=1000(system) [email protected] identical 3 lines
10-01 23:23:24.805 525 525 W AshmemAllocator: ashmem_create_region(32768) returning hidl_memory(0x75c202c100, 32768)
10-01 23:23:24.807 1873 1873 D BluetoothAdapterService: getAdapterService() - returning com.android.bluetooth.btservice.AdapterService@142fe34
10-01 23:23:24.808 1873 1873 D BluetoothAdapterService: handleMessage() - Message: 2
10-01 23:23:24.808 1873 1873 D BluetoothAdapterService: handleMessage() - MESSAGE_PROFILE_SERVICE_REGISTERED
10-01 23:23:24.808 1873 1873 D BluetoothAdapterService: handleMessage() - Message: 1
10-01 23:23:24.808 1873 1873 D BluetoothAdapterService: handleMessage() - MESSAGE_PROFILE_SERVICE_STATE_CHANGED
10-01 23:23:24.809 1873 1873 I bt_btif : enable: start restricted = 0
10-01 23:23:24.809 1873 1942 I bt_stack_manager: event_start_up_stack is bringing up the stack
10-01 23:23:24.809 1873 1942 I bt_core_module: module_start_up Starting module "btif_config_module"
10-01 23:23:24.809 1873 1942 I bt_core_module: module_start_up Started module "btif_config_module"
10-01 23:23:24.809 1873 1942 I bt_core_module: module_start_up Starting module "btsnoop_module"
10-01 23:23:24.811 525 525 W AshmemAllocator: ashmem_create_region(32768) returning hidl_memory(0x75c202c100, 32768)
10-01 23:23:24.812 1873 1942 I bt_core_module: module_start_up Started module "btsnoop_module"
10-01 23:23:24.812 525 525 W AshmemAllocator: ashmem_create_region(32768) returning hidl_memory(0x75c202c100, 32768)
10-01 23:23:24.812 1873 1942 I bt_core_module: module_start_up Starting module "hci_module"
10-01 23:23:24.812 1873 1942 I bt_hci : hci_module_start_up
10-01 23:23:24.812 1873 2243 I bt_osi_thread: run_thread: thread id 2243, thread name hci_thread started
10-01 23:23:24.812 525 525 W AshmemAllocator: ashmem_create_region(32768) returning hidl_memory(0x75c202c100, 32768)
10-01 23:23:24.812 1873 1942 D bt_hci : hci_module_start_up starting async portion
10-01 23:23:24.813 1873 2243 I bt_hci : hci_initialize
10-01 23:23:24.815 525 525 W AshmemAllocator: ashmem_create_region(32768) returning hidl_memory(0x75c202c100, 32768)
10-01 23:23:24.815 1873 2243 I bt_hci : hci_initialize: IBluetoothHci::getService() returned 0x772a61cdc0 (remote)
10-01 23:23:24.815 528 2245 I [email protected]: BluetoothHci::initialize()
10-01 23:23:24.818 2142 2142 I ImsResolver: Initializing cache and binding.
10-01 23:23:24.819 572 624 E QC-time-services: Daemon:genoff_wlan_qmi_service_request: qmi_client_get_service_list returned -2num_services 0
10-01 23:23:24.819 528 2245 I bt_vendor: ++init
10-01 23:23:24.819 572 624 E QC-time-services: Daemon:genoff_wlan_qmi_service_request:retry count exceeds limitQMI init failed continuing withoutserver
10-01 23:23:24.819 528 2245 I bt_vendor: bt-vendor : get_bt_soc_type
10-01 23:23:24.819 528 2245 I bt_vendor: qcom.bluetooth.soc set to smd
10-01 23:23:24.819 528 2245 I bt_vendor: qcom.bluetooth.soc not set, so using default.
10-01 23:23:24.819 528 2245 I bt_vendor: BD Address: 00:00:00:00:00:00
10-01 23:23:24.821 528 2245 D [email protected]: Open vendor library loaded
10-01 23:23:24.821 528 2245 I bt_vendor: bt-vendor : BT_VND_OP_POWER_CTRL: On
10-01 23:23:24.821 528 2245 W bt_vendor: Hw_config: First Time BT on after boot.Starting hciattach daemon BTStatus=
10-01 23:23:24.822 2142 2142 I android_os_HwBinder: HwBinder: Starting thread pool for slot1::[email protected]::IRadio
10-01 23:23:24.828 1469 1469 V WiredAccessoryManager: notifyWiredAccessoryChanged: when=0 bits= mask=54
10-01 23:23:24.828 1469 1469 V WiredAccessoryManager: newName=h2w newState=0 headsetState=0 prev headsetState=0
10-01 23:23:24.828 1469 1469 E WiredAccessoryManager: No state change.
10-01 23:23:24.828 1469 1469 V WiredAccessoryManager: init()
10-01 23:23:24.830 2142 2142 I android_os_HwBinder: HwBinder: Starting thread pool for slot1::[email protected]::IOemHook
10-01 23:23:24.833 1469 1586 W KeyguardServiceDelegate: onScreenTurningOn(): no keyguard service!
10-01 23:23:24.834 2142 2142 I android_os_HwBinder: HwBinder: Starting thread pool for slot2::[email protected]::IRadio
10-01 23:23:24.841 2142 2142 I android_os_HwBinder: HwBinder: Starting thread pool for slot2::[email protected]::IOemHook
10-01 23:23:24.845 1907 1907 D NotificationEntryMgr: heads up is enabled
10-01 23:23:24.858 1469 2254 I OMXClient: IOmx service obtained
10-01 23:23:24.858 591 617 I OMXMaster: makeComponentInstance(OMX.google.vorbis.decoder) in [email protected] process
10-01 23:23:24.862 525 525 W AshmemAllocator: ashmem_create_region(32768) returning hidl_memory(0x75c202c100, 32768)
10-01 23:23:24.863 525 525 W AshmemAllocator: ashmem_create_region(32768) returning hidl_memory(0x75c202c100, 32768)
10-01 23:23:24.863 1253 1841 E Diag_Lib: [IMS_FATAL]| 1841 | ims_qmi_register_client : Failed
10-01 23:23:24.864 1253 1841 I chatty : uid=1000(system) /system/vendor/bin/imsrcsd identical 1 line
10-01 23:23:24.864 1253 1841 E Diag_Lib: [IMS_FATAL]| 1841 | ims_qmi_register_client : Failed
10-01 23:23:24.864 525 525 W AshmemAllocator: ashmem_create_region(32768) returning hidl_memory(0x75c202c100, 32768)
10-01 23:23:24.865 1253 1841 E Diag_Lib: [IMS_FATAL]| 1841 | ims_qmi_register_client : Failed
10-01 23:23:24.865 525 525 W AshmemAllocator: ashmem_create_region(32768) returning hidl_memory(0x75c202c100, 32768)
10-01 23:23:24.869 1469 1469 D AccessibilityManagerService: Ignoring non- encryption-aware service ComponentInfo{com.server.auditor.ssh.client/com.server.auditor.ssh.client.utils.Fin gerprintGesturesService}
10-01 23:23:24.871 1469 1469 V NotificationListeners: enabling notification listener for 0: ComponentInfo{cz.zdenekhorak.mibandtools/cz.zdenekhorak.mibandtools.service.MiBandN otificationService}
10-01 23:23:24.871 1469 1469 V NotificationListeners: binding: Intent { act=android.service.notification.NotificationListenerService cmp=cz.zdenekhorak.mibandtools/.service.MiBandNotificationService (has extras) }
10-01 23:23:24.869 525 525 I chatty : uid=1000(system) [email protected] identical 3 lines
10-01 23:23:24.870 525 525 W AshmemAllocator: ashmem_create_region(32768) returning hidl_memory(0x75c202c100, 32768)
10-01 23:23:24.871 528 2245 I bt_vendor: bluetooth status is on
10-01 23:23:24.871 528 2245 I bt_vendor: bt-vendor : BT_VND_OP_USERIAL_OPEN
10-01 23:23:24.871 1469 1469 W ActivityManager: Unable to start service Intent { act=android.service.notification.NotificationListenerService cmp=cz.zdenekhorak.mibandtools/.service.MiBandNotificationService } U=0: not found
10-01 23:23:24.871 1469 1469 W NotificationListeners: Unable to bind notification listener service: Intent { act=android.service.notification.NotificationListenerService cmp=cz.zdenekhorak.mibandtools/.service.MiBandNotificationService (has extras) }
10-01 23:23:24.872 528 2245 I bt_vendor: Done intiailizing UART
10-01 23:23:24.872 1469 1469 V NotificationListeners: enabling notification listener for 0: ComponentInfo{com.android.launcher3/com.android.launcher3.notification.Notification Listener}
10-01 23:23:24.872 1469 1469 V NotificationListeners: binding: Intent { act=android.service.notification.NotificationListenerService cmp=com.android.launcher3/.notification.NotificationListener (has extras) }
10-01 23:23:24.872 1469 1469 W ActivityManager: Unable to start service Intent { act=android.service.notification.NotificationListenerService cmp=com.android.launcher3/.notification.NotificationListener } U=0: not found
10-01 23:23:24.872 1469 1469 W NotificationListeners: Unable to bind notification listener service: Intent { act=android.service.notification.NotificationListenerService cmp=com.android.launcher3/.notification.NotificationListener (has extras) }
10-01 23:23:24.872 1469 1469 V NotificationListeners: enabling notification listener for 0: ComponentInfo{com.xiaomi.hm.health/com.xiaomi.hm.health.ui.smartplay.NotificationAc cessService}
10-01 23:23:24.873 1469 1469 V NotificationListeners: binding: Intent { act=android.service.notification.NotificationListenerService cmp=com.xiaomi.hm.health/.ui.smartplay.NotificationAccessService (has extras) }
10-01 23:23:24.873 1469 1469 W ActivityManager: Unable to start service Intent { act=android.service.notification.NotificationListenerService cmp=com.xiaomi.hm.health/.ui.smartplay.NotificationAccessService } U=0: not found
10-01 23:23:24.873 1469 1469 W NotificationListeners: Unable to bind notification listener service: Intent { act=android.service.notification.NotificationListenerService cmp=com.xiaomi.hm.health/.ui.smartplay.NotificationAccessService (has extras) }
10-01 23:23:24.873 1469 1469 V NotificationListeners: enabling notification listener for 0: ComponentInfo{com.google.android.apps.nexuslauncher/com.android.launcher3.notificat ion.NotificationListener}
10-01 23:23:24.873 1469 1469 V NotificationListeners: binding: Intent { act=android.service.notification.NotificationListenerService cmp=com.google.android.apps.nexuslauncher/com.android.launcher3.notification.Notifi cationListener (has extras) }
10-01 23:23:24.873 1469 1469 W ActivityManager: Unable to start service Intent { act=android.service.notification.NotificationListenerService cmp=com.google.android.apps.nexuslauncher/com.android.launcher3.notification.Notifi cationListener } U=0: not found
10-01 23:23:24.873 1469 1469 W NotificationListeners: Unable to bind notification listener service: Intent { act=android.service.notification.NotificationListenerService cmp=com.google.android.apps.nexuslauncher/com.android.launcher3.notification.Notifi cationListener (has extras) }
10-01 23:23:24.877 527 527 D audio_hw_primary: adev_set_mic_mute state 0
10-01 23:23:24.877 527 1057 W DeviceHAL: Error from HAL Device in function set_mic_mute: Function not implemented
10-01 23:23:24.878 527 1057 W DeviceHAL: Error from HAL Device in function set_mic_mute: Function not implemented
10-01 23:23:24.879 1907 1907 D BluetoothHidDevice: Bound to HID Device Service
10-01 23:23:24.879 1907 1907 D LocalBluetoothProfileManager: Adding local MAP profile
10-01 23:23:24.880 1907 1907 D BluetoothMap: Create BluetoothMap proxy object
10-01 23:23:24.880 1253 1841 E Diag_Lib: [IMS_FATAL]| 1841 | ims_qmi_register_client : Failed
10-01 23:23:24.881 1253 1841 I chatty : uid=1000(system) /system/vendor/bin/imsrcsd identical 1 line
10-01 23:23:24.882 1253 1841 E Diag_Lib: [IMS_FATAL]| 1841 | ims_qmi_register_client : Failed
10-01 23:23:24.882 1907 1907 D LocalBluetoothProfileManager: Adding local PBAP profile
10-01 23:23:24.882 1253 1841 E Diag_Lib: [IMS_FATAL]| 1841 | ims_qmi_register_client : Failed
10-01 23:23:24.882 1253 1841 I chatty : uid=1000(system) /system/vendor/bin/imsrcsd identical 1 line
10-01 23:23:24.883 1253 1841 E Diag_Lib: [IMS_FATAL]| 1841 | ims_qmi_register_client : Failed
10-01 23:23:24.884 1907 1907 D LocalBluetoothProfileManager: LocalBluetoothProfileManager construction complete
10-01 23:23:24.893 1469 1469 D ConditionProviders.SCP: onSubscribe condition://android/schedule?days=1.2.3.4.5.6.7&start=22.0&end=7.0&exitAtAlarm=true
10-01 23:23:24.894 1469 1469 D ConditionProviders.SCP: setRegistered true
10-01 23:23:24.896 1907 1907 V WifiManager: registerSoftApCallback: callback=com.android.systemui.statusbar.policy.HotspotControllerImpl@8b642b4, handler=Handler (android.os.Handler) {9256edd}
10-01 23:23:24.898 1907 1927 V WifiManager: SoftApCallbackProxy: onStateChanged: state=11, failureReason=0
10-01 23:23:24.898 1907 1927 V WifiManager: SoftApCallbackProxy: onNumClientsChanged: numClients=0
10-01 23:23:24.901 1469 1469 D ConditionProviders.SCP: evaluateSubscriptionLocked cal=ScheduleCalendar[mDays={1, 2, 3, 4, 5, 6, 7}, mSchedule=ScheduleInfo{days=[1, 2, 3, 4, 5, 6, 7], startHour=22, startMinute=0, endHour=7, endMinute=0, exitAtAlarm=true, nextAlarm=Thu Jan 01 01:00:00 GMT+01:00 1970 (0)}], now=Mon Oct 01 23:23:24 GMT+02:00 2018 (1538429004893), nextUserAlarmTime=Thu Jan 01 01:00:00 GMT+01:00 1970 (0)
10-01 23:23:24.901 1469 1469 D ConditionProviders.SCP: notifyCondition condition://android/schedule?days=1.2.3.4.5.6.7&start=22.0&end=7.0&exitAtAlarm=true STATE_TRUE reason=meetsSchedule
10-01 23:23:24.902 1469 1469 D ConditionProviders.SCP: Scheduling evaluate for Tue Oct 02 07:00:00 GMT+02:00 2018 (1538456400000), in +7h36m35s107ms, now=Mon Oct 01 23:23:24 GMT+02:00 2018 (1538429004893)
10-01 23:23:24.907 1469 1799 I DefaultPermGrantPolicy: Revoking permissions from disabled data services for user:0
10-01 23:23:24.908 1907 2147 D OpenGLRenderer: profile bars disabled
10-01 23:23:24.908 1907 2147 D OpenGLRenderer: ambientRatio = 1.50
10-01 23:23:24.908 1469 1799 I DefaultPermGrantPolicy: Granting permissions to enabled data services for user:0
10-01 23:23:24.911 1469 1469 I Telecom : WiredHeadsetManager: ACTION_HEADSET_PLUG event, plugged in: false, : WHC.oADA@AAE
10-01 23:23:24.912 1469 1469 D MediaSessionService: Global priority session is changed from null to com.android.server.telecom/HeadsetMediaButton (userId=0)
10-01 23:23:24.915 1469 1872 I SyncManager: Got SyncJobService instance.
10-01 23:23:24.915 528 2245 I bt_vendor: Done intiailizing UART
10-01 23:23:24.916 528 2245 I bt_vendor: Bluetooth FW and transport layer are initialized
10-01 23:23:24.916 1469 1469 I AutofillManagerService: Updating Autofill for user 0: disabled=false
10-01 23:23:24.916 528 2245 D [email protected]: OnFirmwareConfigured result: 0
10-01 23:23:24.916 528 2245 I [email protected]: Firmware configured in 0.000s
10-01 23:23:24.916 528 2245 I [email protected]: OnFirmwareConfigured: lpm_timeout_ms 1000
10-01 23:23:24.916 528 2245 I bt_vendor: __op: property_get: persist.service.bdroid.lpmcfg: all
10-01 23:23:24.916 528 2245 D [email protected]: low_power_mode_cb result: 0
10-01 23:23:24.916 528 2245 D [email protected]: OnFirmwareConfigured Calling StartLowPowerWatchdog()
10-01 23:23:24.916 1873 2243 I bt_hci : event_finish_startup
10-01 23:23:24.916 1873 1942 I bt_core_module: module_start_up Started module "hci_module"
10-01 23:23:24.916 1873 2246 W bt_hci : filter_incoming_event command complete event with no matching command (opcode: 0x0c03).
10-01 23:23:24.918 1873 2270 I bt_osi_thread: run_thread: thread id 2270, thread name bt_workqueue started
10-01 23:23:24.918 1873 2270 I : [1001/232324.918846:INFO:btu_task.cc(107)] Bluetooth chip preload is complete
10-01 23:23:24.919 1873 2270 I : [1001/232324.919441:INFO:gatt_api.cc(948)] GATT_Register 81818181-8181-8181-8181- 818181818181
10-01 23:23:24.919 1873 2270 I : [1001/232324.919523:INFO:gatt_api.cc(968)] allocated gatt_if=1
10-01 23:23:24.919 1873 2270 I : [1001/232324.919568:INFO:gatt_api.cc(161)] GATTS_AddService
10-01 23:23:24.919 1873 2270 I : [1001/232324.919608:INFO:gatt_api.cc(265)] GATTS_AddService: service parsed correctly, now starting
10-01 23:23:24.919 1873 2270 I : [1001/232324.919773:INFO:gatt_api.cc(948)] GATT_Register 82828282-8282-8282-8282- 828282828282
10-01 23:23:24.919 1873 2270 I : [1001/232324.919817:INFO:gatt_api.cc(968)] allocated gatt_if=2
10-01 23:23:24.919 1873 2270 I : [1001/232324.919863:INFO:gatt_api.cc(161)] GATTS_AddService
10-01 23:23:24.919 1873 2270 I : [1001/232324.919891:INFO:gatt_api.cc(265)] GATTS_AddService: service parsed correctly, now starting
10-01 23:23:24.920 1873 2270 I bt_bte : BTE_InitTraceLevels -- TRC_HCI : Level 2
10-01 23:23:24.920 1873 2270 I bt_bte : BTE_InitTraceLevels -- TRC_L2CAP : Level 2
10-01 23:23:24.920 1873 2270 I bt_bte : BTE_InitTraceLevels -- TRC_RFCOMM : Level 2
10-01 23:23:24.920 1873 2270 I bt_bte : BTE_InitTraceLevels -- TRC_AVDT : Level 2
10-01 23:23:24.920 1873 2270 I bt_bte : BTE_InitTraceLevels -- TRC_AVRC : Level 2
10-01 23:23:24.920 1873 2270 I bt_bte : BTE_InitTraceLevels -- TRC_A2D : Level 2
10-01 23:23:24.920 1873 2270 I bt_bte : BTE_InitTraceLevels -- TRC_BNEP : Level 2
10-01 23:23:24.920 1873 2270 I bt_bte : BTE_InitTraceLevels -- TRC_BTM : Level 2
10-01 23:23:24.920 1873 2270 I bt_bte : BTE_InitTraceLevels -- TRC_HID_HOST : Level 2
10-01 23:23:24.920 1873 2270 I bt_bte : BTE_InitTraceLevels -- TRC_PAN : Level 2
10-01 23:23:24.920 1873 2270 I bt_bte : BTE_InitTraceLevels -- TRC_SDP : Level 2
10-01 23:23:24.920 1873 2270 I bt_bte : BTE_InitTraceLevels -- TRC_SMP : Level 2
10-01 23:23:24.920 1873 2270 I bt_bte : BTE_InitTraceLevels -- TRC_HID_DEV : Level 2
10-01 23:23:24.920 1873 2270 I bt_bte : BTE_InitTraceLevels -- TRC_BTAPP : Level 2
10-01 23:23:24.920 1873 2270 I bt_bte : BTE_InitTraceLevels -- TRC_BTIF : Level 2
10-01 23:23:24.920 1873 2271 I bt_osi_thread: run_thread: thread id 2271, thread name btu message loop started
10-01 23:23:24.921 1469 1469 W Looper : Drained
10-01 23:23:24.921 1873 2272 I bt_osi_thread: run_thread: thread id 2272, thread name module_wrapper started
10-01 23:23:24.921 1873 2272 I bt_core_module: module_start_up Starting module "controller_module"
10-01 23:23:24.922 1469 1469 I FusedLocation: engine started (com.android.location.fused)
10-01 23:23:24.924 570 570 E QMI_FW : QMUXD: WARNING qmi_qmux_if_pwr_up_init failed! rc=-6
10-01 23:23:24.926 1907 1907 D StatusBar: disable<e i a s b h r c s > disable2<q i n
> 10-01 23:23:24.932 1469 1792 D NotificationSQLiteLog: Pruned event entries: 0
10-01 23:23:24.938 1907 1907 V NFC : this device does not have NFC support
10-01 23:23:24.941 1907 1907 V WifiManager: registerSoftApCallback: callback=com.android.systemui.statusbar.policy.HotspotControllerImpl@8b642b4, handler=Handler (android.os.Handler) {9256edd}
10-01 23:23:24.941 1907 1927 V WifiManager: SoftApCallbackProxy: onStateChanged: state=11, failureReason=0
10-01 23:23:24.941 1907 1927 V WifiManager: SoftApCallbackProxy: onNumClientsChanged: numClients=0
10-01 23:23:24.946 1907 2276 I SecurityController: could not bind to KeyChainService
10-01 23:23:24.966 1907 1907 D StorageNotification: Notifying about private volume: VolumeInfo{private}:
10-01 23:23:24.966 1907 1907 D StorageNotification: type=PRIVATE diskId=null partGuid=null mountFlags=0 mountUserId=-1
10-01 23:23:24.966 1907 1907 D StorageNotification: state=MOUNTED
10-01 23:23:24.966 1907 1907 D StorageNotification: fsType=null fsUuid=null fsLabel=null
10-01 23:23:24.966 1907 1907 D StorageNotification: path=/data internalPath=null
10-01 23:23:24.967 1469 2233 I DefaultPermGrantPolicy: Revoking permissions from disabled data services for user:0
10-01 23:23:24.968 1469 2185 I DefaultPermGrantPolicy: Granting permissions to enabled data services for user:0
10-01 23:23:24.994 1907 1907 W AlarmManager: Unrecognized alarm listener com.android.systemui.keyguard.-$ $Lambda$KeyguardSliceProvider$IhzByd8TsqFuOrSyuGurVskyPLo@e25a92b
10-01 23:23:25.001 1469 1919 I Zygote : Process: zygote socket ABSTRACT/com.android.internal.os.WebViewZygoteInit/bb0a84b8-4ef1-4390-a7af- 66bcc866cc19 opened, supported ABIS: arm64-v8a,armeabi-v7a,armeabi
10-01 23:23:25.002 1469 1919 D WebViewZygote: Preloading package /system/app/webview/webview.apk /system/app/webview/lib/arm:/system/app/webview/webview.apk!/lib/armeabi-v7a
10-01 23:23:25.002 1907 1907 D ViewRootImpl[StatusBar]: changeCanvasOpacity: opaque=true
10-01 23:23:25.009 2142 2142 D ImsExternalCallTracker: Registering: Handler (com.android.internal.telephony.imsphone.ImsPhone) {4bf0afa}
10-01 23:23:25.012 1469 1919 I Zygote : Process: zygote socket ABSTRACT/com.android.internal.os.WebViewZygoteInit/bb0a84b8-4ef1-4390-a7af- 66bcc866cc19 opened, supported ABIS: arm64-v8a,armeabi-v7a,armeabi
10-01 23:23:25.014 2142 2142 D ImsExternalCallTracker: Registering: Handler (com.android.internal.telephony.imsphone.ImsPhone) {a3882a1}
10-01 23:23:25.018 2142 2142 D PhoneSwitcherNetworkRequstListener: Registering NetworkFactory
10-01 23:23:25.019 1469 1788 D ConnectivityService: Got NetworkFactory Messenger for PhoneSwitcherNetworkRequstListener
10-01 23:23:25.023 1944 1944 I WebViewZygoteInit: Beginning package preload
10-01 23:23:25.029 1469 1788 D ConnectivityService: Got NetworkFactory Messenger for TelephonyNetworkFactory[0]
10-01 23:23:25.030 1469 1788 D ConnectivityService: Got NetworkFactory Messenger for TelephonyNetworkFactory[1]
10-01 23:23:25.030 2142 2176 W m.android.phon: Long monitor contention with owner main (2142) at boolean android.os.BinderProxy.transactNative(int, android.os.Parcel, android.os.Parcel, int)(Binder.java:-2) waiters=0 in com.android.internal.telephony.Phone com.android.internal.telephony.PhoneFactory.getPhone(int) for 163ms
10-01 23:23:25.035 2142 2290 W CallerInfoCache: cursor is null
10-01 23:23:25.037 1907 2045 V WifiManager: registerSoftApCallback: callback=com.android.systemui.statusbar.policy.HotspotControllerImpl@8b642b4, handler=Handler (android.os.Handler) {9256edd}
10-01 23:23:25.037 1907 2201 V WifiManager: SoftApCallbackProxy: onStateChanged: state=11, failureReason=0
10-01 23:23:25.037 1907 2201 V WifiManager: SoftApCallbackProxy: onNumClientsChanged: numClients=0
10-01 23:23:25.046 2142 2142 D CarrierConfigLoader: CarrierConfigLoader has started
10-01 23:23:25.053 1907 2045 V WifiManager: registerSoftApCallback: callback=com.android.systemui.statusbar.policy.HotspotControllerImpl@8b642b4, handler=Handler (android.os.Handler) {9256edd}
10-01 23:23:25.054 1907 2201 V WifiManager: SoftApCallbackProxy: onStateChanged: state=11, failureReason=0
10-01 23:23:25.054 1907 2201 V WifiManager: SoftApCallbackProxy: onNumClientsChanged: numClients=0
10-01 23:23:25.057 2142 2142 W ImsPhoneCallTracker: ImsManager is null when setting TTY mode
10-01 23:23:25.058 2142 2142 I TelecomFramework: TtyManager: updateUiTtyMode -1 -> 0
10-01 23:23:25.061 1907 2147 I Adreno : QUALCOMM build : 2371bd1, I8ebe47d372
10-01 23:23:25.061 1907 2147 I Adreno : Build Date : 03/12/18
10-01 23:23:25.061 1907 2147 I Adreno : OpenGL ES Shader Compiler Version: EV031.22.00.01
10-01 23:23:25.061 1907 2147 I Adreno : Local Branch :
10-01 23:23:25.061 1907 2147 I Adreno : Remote Branch : quic/gfx-adreno.lnx.1.0.r36-rel
10-01 23:23:25.061 1907 2147 I Adreno : Remote Branch : NONE
10-01 23:23:25.061 1907 2147 I Adreno : Reconstruct Branch : NOTHING
10-01 23:23:25.061 2142 2142 W ImsPhoneCallTracker: ImsManager is null when setting TTY mode
10-01 23:23:25.065 1907 1907 D StatusBar: disable<e i a s b H!R!c s > disable2<q i n
> 10-01 23:23:25.066 1907 2147 I Adreno : PFP: 0x005ff087, ME: 0x005ff063
10-01 23:23:25.066 2142 2142 D ImsResolver: maybeAddedImsService, packageName: null
10-01 23:23:25.066 2142 2142 I ImsResolver: service name: ComponentInfo{org.codeaurora.ims/org.codeaurora.ims.ImsService}, manifest query: true
10-01 23:23:25.061 2142 2142 I TelecomFramework: TtyManager: updateUiTtyMode -1 -> 0
10-01 23:23:25.067 1469 1782 D WifiService: New client listening to asynchronous messages
10-01 23:23:25.067 2142 2142 I ImsResolver: Adding newly added ImsService to cache: ComponentInfo{org.codeaurora.ims/org.codeaurora.ims.ImsService}
10-01 23:23:25.071 1907 2147 I ConfigStore: android::hardware::configstore::V1_0::ISurfaceFlingerConfigs::hasWideColorDisplay retrieved: 0
10-01 23:23:25.071 1907 2147 I ConfigStore: android::hardware::configstore::V1_0::ISurfaceFlingerConfigs::hasHDRDisplay retrieved: 0
10-01 23:23:25.071 1907 2147 I OpenGLRenderer: Initialized EGL, version 1.4
10-01 23:23:25.071 1907 2147 D OpenGLRenderer: Swap behavior 2
10-01 23:23:25.072 2142 2142 I ImsResolver: Binding ImsService: ComponentInfo{org.codeaurora.ims/org.codeaurora.ims.ImsService} with features: [{s=0, f=0}, {s=1, f=1}, {s=0, f=1}, {s=1, f=0}]
10-01 23:23:25.072 2142 2142 I ImsServiceController: Granting Runtime permissions to:ComponentInfo{org.codeaurora.ims/org.codeaurora.ims.ImsService}
10-01 23:23:25.072 1469 2233 I DefaultPermGrantPolicy: Granting permissions to enabled ImsServices for user:0
10-01 23:23:25.072 2142 2142 I ImsServiceController: Binding ImsService:ComponentInfo{org.codeaurora.ims/org.codeaurora.ims.ImsService}
10-01 23:23:25.076 466 466 W hwservicemanager: getTransport: Cannot find entry [email protected]::IRadioConfig/default in either framework or device manifest.
10-01 23:23:25.090 1944 1944 I WebViewZygoteInit: Package preload done
10-01 23:23:25.101 1253 1841 E Diag_Lib: [IMS_FATAL]| 1841 | ims_qmi_register_client : Failed
10-01 23:23:25.101 2111 2195 I QCNEJ/CndHalConnector: -> SND notifyRatConnectionStatusChanged(rat = 0, DISCONNECTED)
10-01 23:23:25.101 1253 1841 E Diag_Lib: [IMS_FATAL]| 1841 | ims_qmi_register_client : Failed
10-01 23:23:25.112 1253 1841 I chatty : uid=1000(system) /system/vendor/bin/imsrcsd identical 5 lines
10-01 23:23:25.112 1253 1841 E Diag_Lib: [IMS_FATAL]| 1841 | ims_qmi_register_client : Failed
10-01 23:23:25.118 2111 2195 I QCNEJ/CndHalConnector: -> SND notifyRatConnectionStatusChanged(rat = 0, DISCONNECTED)
10-01 23:23:25.185 2111 2195 I chatty : uid=1000(system) MainEventThread identical 5 lines
10-01 23:23:25.197 2111 2195 I QCNEJ/CndHalConnector: -> SND notifyRatConnectionStatusChanged(rat = 0, DISCONNECTED)
10-01 23:23:25.210 2142 2142 I ImsExternalCallTracker: handleVideoCapabilitiesChanged : isVideoCapable = false
10-01 23:23:25.210 2142 2142 D ImsExternalCallTracker: refreshCallPullState
10-01 23:23:25.214 2142 2142 I ImsExternalCallTracker: handleVideoCapabilitiesChanged : isVideoCapable = false
10-01 23:23:25.214 2142 2142 D ImsExternalCallTracker: refreshCallPullState
10-01 23:23:25.218 2142 2142 D PhoneSwitcherNetworkRequstListener: got request NetworkRequest [ REQUEST id=1, [ Capabilities: INTERNET&NOT_RESTRICTED&TRUSTED&NOT_VPN Unwanted: ] ] with score 0
10-01 23:23:25.218 2142 2142 D PhoneSwitcherNetworkRequstListener: got request NetworkRequest [ TRACK_DEFAULT id=9, [ Capabilities: INTERNET&NOT_RESTRICTED&TRUSTED Unwanted: Uid: 10033] ] with score 0
10-01 23:23:25.219 2142 2142 D PhoneSwitcherNetworkRequstListener: got request NetworkRequest [ BACKGROUND_REQUEST id=2, [ Transports: CELLULAR Capabilities: INTERNET&NOT_RESTRICTED&TRUSTED&NOT_VPN Unwanted: ] ] with score 0
10-01 23:23:25.219 2142 2142 D PhoneSwitcherNetworkRequstListener: got request NetworkRequest [ TRACK_DEFAULT id=6, [ Capabilities: INTERNET&NOT_RESTRICTED&TRUSTED Unwanted: Uid: 1000] ] with score 0
10-01 23:23:25.219 2142 2142 D PhoneSwitcherNetworkRequstListener: got request NetworkRequest [ TRACK_DEFAULT id=12, [ Capabilities: INTERNET&NOT_RESTRICTED&TRUSTED Unwanted: Uid: 1000] ] with score 0
10-01 23:23:25.219 2142 2142 D TelephonyDebugService: TelephonyDebugService()
10-01 23:23:25.220 2142 2142 D CarrierConfigLoader: mHandler: 12 phoneId: 0
10-01 23:23:25.267 1907 1907 I ImageWallpaper: Redrawing in rect: RectF(0.0, 0.0, 1080.0, 1920.0) with surface size: 1080x1920
10-01 23:23:25.274 1469 1469 V FingerprintService: can't cancel non- authenticating client android
10-01 23:23:25.275 2142 2142 I QImsService: ImsService : ImsService created!
10-01 23:23:25.278 1469 1771 I InputReader: Reconfiguring input devices. changes=0x00000004
10-01 23:23:25.289 2142 2142 I android_os_HwBinder: HwBinder: Starting thread pool for default::[email protected]::IServiceManager
10-01 23:23:25.290 466 466 E SELinux : avc: denied { find } for interface=vendor.qti.hardware.radio.ims::IImsRadio pid=2142 scontext=u:r:radio:s0 tcontext=u:object_r:default_android_hwservice:s0 tclass=hwservice_manager permissive=1
10-01 23:23:25.291 2142 2142 I android_os_HwBinder: HwBinder: Starting thread pool for default::[email protected]::IServiceManager
10-01 23:23:25.291 2142 2247 I android_os_HwBinder: HwBinder: Starting thread pool for imsradio0::[email protected]::IImsRadio
10-01 23:23:25.292 2142 2247 I QImsService: ImsSenderRxr : getRadioProxy
10-01 23:23:25.292 2142 2142 I QImsService: ImsSubController : onServiceUp :: phoneId=0
10-01 23:23:25.293 2142 2142 I QImsService: ImsSubController : onServiceDown :: phoneId=1
10-01 23:23:25.293 2142 2247 W QImsService: ImsSenderRxr : initImsRadio: mImsRadiov11 null
10-01 23:23:25.293 2142 2142 I QImsService: ImsServiceSub : onStackConfigChanged :: activeStacks[0]=false
10-01 23:23:25.293 2142 2142 I QImsService: ImsServiceSub : [phoneId=0] Constructor :: Registering with Sub Controller.
10-01 23:23:25.299 2142 2142 I QImsService: ImsServiceStateReceiver : updateHDIcon isVideo : false isVoice : false phoneId: 0 show HD Icon: true
10-01 23:23:25.299 2142 2247 W QImsService: ImsSenderRxr : initImsRadio: mImsRadioV12 null
10-01 23:23:25.299 2142 2247 I QImsService: ImsSenderRxr : initImsRadio: [email protected]::IImsRadio@Proxy
10-01 23:23:25.301 2142 2142 I QImsService: ImsSenderRxr : [0000]> REQUEST_QUERY_SERVICE_STATUS [SUB0]
10-01 23:23:25.301 2142 2142 I QImsService: ImsServiceSub : onStackConfigChanged :: activeStacks[0]=false
10-01 23:23:25.301 2142 2142 I QImsService: ImsServiceSub : onStackConfigChanged :: activeStacks[1]=false
10-01 23:23:25.301 2142 2142 I QImsService: ImsServiceSub : [phoneId=1] Constructor :: Registering with Sub Controller.
10-01 23:23:25.302 2142 2247 I QImsService: ImsSenderRxr : onServiceUp : imsradio0
10-01 23:23:25.302 2142 2247 I QImsService: ImsSubController : onServiceUp :: phoneId=0
10-01 23:23:25.303 2142 2247 I android_os_HwBinder: HwBinder: Starting thread pool for imsradio1::[email protected]::IImsRadio
10-01 23:23:25.304 2142 2247 I QImsService: ImsSenderRxr : getRadioProxy
10-01 23:23:25.304 2142 2142 I QImsService: ImsServiceStateReceiver : updateHDIcon isVideo : false isVoice : false phoneId: 1 show HD Icon: true
10-01 23:23:25.304 2142 2247 W QImsService: ImsSenderRxr : initImsRadio: mImsRadiov11 null
10-01 23:23:25.304 2142 2247 W QImsService: ImsSenderRxr : initImsRadio: mImsRadioV12 null
10-01 23:23:25.305 581 581 D incidentd: Start uploading backlogs in /data/misc/incidents/
10-01 23:23:25.305 2142 2142 I QImsService: ImsSenderRxr : [0001]> REQUEST_QUERY_SERVICE_STATUS [SUB1]
10-01 23:23:25.305 2142 2247 I QImsService: ImsSenderRxr : initImsRadio: [email protected]::IImsRadio@Proxy
10-01 23:23:25.305 581 581 D incidentd: Successfully uploaded 0 files to Dropbox.
10-01 23:23:25.306 2142 2247 I QImsService: ImsSenderRxr : onServiceUp : imsradio1
10-01 23:23:25.306 2142 2247 I QImsService: ImsSubController : onServiceUp :: phoneId=1
10-01 23:23:25.306 2142 2247 I QImsService: ImsSenderRxr : [UNSL]< UNSOL_RADIO_STATE_CHANGED 2[SUB0]
10-01 23:23:25.309 2142 2142 D : JNI_OnLoad
10-01 23:23:25.309 2142 2142 D : JvmPtr initialized to 511922250752
10-01 23:23:25.309 2142 2142 D ims_media_jni: register_ims_media
10-01 23:23:25.310 2142 2247 I QImsService: ImsRadioResponse : queryServiceStatus response received.
10-01 23:23:25.311 2142 2247 I QImsService: Class : Num of SrvUpdates = 6
10-01 23:23:25.311 2142 2247 I QImsService: Class : networkMode = 0 status = 0 restrictCause = 0 registered = 2
10-01 23:23:25.311 2142 2247 I QImsService: Class : RTT: copySrvStatusList rtt mode = 0
10-01 23:23:25.311 2142 2247 I QImsService: Class : networkMode = 0 status = 0 restrictCause = 0 registered = 2
10-01 23:23:25.311 2142 2247 I QImsService: Class : RTT: copySrvStatusList rtt mode = 0
10-01 23:23:25.311 2142 2247 I QImsService: Class : networkMode = 0 status = 0 restrictCause = 0 registered = 2
10-01 23:23:25.311 2142 2247 I QImsService: Class : RTT: copySrvStatusList rtt mode = 0
10-01 23:23:25.311 2142 2247 I QImsService: Class : networkMode = 0 status = 0 restrictCause = 0 registered = 2
10-01 23:23:25.311 2142 2247 I QImsService: Class : RTT: copySrvStatusList rtt mode = 0
10-01 23:23:25.311 2142 2247 I QImsService: Class : networkMode = 0 status = 0 restrictCause = 0 registered = 2
10-01 23:23:25.311 2142 2247 I QImsService: Class : RTT: copySrvStatusList rtt mode = 0
10-01 23:23:25.311 2142 2247 I QImsService: Class : networkMode = 0 status = 0 restrictCause = 0 registered = 2
10-01 23:23:25.311 2142 2247 I QImsService: Class : RTT: copySrvStatusList rtt mode = 0
10-01 23:23:25.311 2142 2247 I QImsService: ImsSenderRxr : [0000]< REQUEST_QUERY_SERVICE_STATUS [org.codeaurora.ims.ServiceStatus@9682e03, org.codeaurora.ims.ServiceStatus@8b2b180, org.codeaurora.ims.ServiceStatus@f2ac3b9, org.codeaurora.ims.ServiceStatus@6ede3fe, org.codeaurora.ims.ServiceStatus@335a75f, org.codeaurora.ims.ServiceStatus@95165ac][SUB0]
10-01 23:23:25.312 2142 2247 I QImsService: ImsSenderRxr : [UNSL]< UNSOL_RADIO_STATE_CHANGED 2[SUB1]
10-01 23:23:25.314 2142 2247 I QImsService: ImsRadioResponse : queryServiceStatus response received.
10-01 23:23:25.314 2142 2247 I QImsService: Class : Num of SrvUpdates = 6
10-01 23:23:25.314 2142 2247 I QImsService: Class : networkMode = 0 status = 0 restrictCause = 0 registered = 2
10-01 23:23:25.314 2142 2247 I QImsService: Class : RTT: copySrvStatusList rtt mode = 0
10-01 23:23:25.314 2142 2247 I QImsService: Class : networkMode = 0 status = 0 restrictCause = 0 registered = 2
10-01 23:23:25.314 2142 2247 I QImsService: Class : RTT: copySrvStatusList rtt mode = 0
10-01 23:23:25.314 2142 2247 I QImsService: Class : networkMode = 0 status = 0 restrictCause = 0 registered = 2
10-01 23:23:25.314 2142 2247 I QImsService: Class : RTT: copySrvStatusList rtt mode = 0
10-01 23:23:25.314 2142 2247 I QImsService: Class : networkMode = 0 status = 0 restrictCause = 0 registered = 2
10-01 23:23:25.314 2142 2247 I QImsService: Class : RTT: copySrvStatusList rtt mode = 0
10-01 23:23:25.314 2142 2247 I QImsService: Class : networkMode = 0 status = 0 restrictCause = 0 registered = 2
10-01 23:23:25.314 2142 2247 I QImsService: Class : RTT: copySrvStatusList rtt mode = 0
10-01 23:23:25.314 2142 2247 I QImsService: Class : networkMode = 0 status = 0 restrictCause = 0 registered = 2
10-01 23:23:25.314 2142 2247 I QImsService: Class : RTT: copySrvStatusList rtt mode = 0
10-01 23:23:25.314 2142 2247 I QImsService: ImsSenderRxr : [0001]< REQUEST_QUERY_SERVICE_STATUS [org.codeaurora.ims.ServiceStatus@3aae275, org.codeaurora.ims.ServiceStatus@9375a7b, org.codeaurora.ims.ServiceStatus@453098, org.codeaurora.ims.ServiceStatus@fd430f1, org.codeaurora.ims.ServiceStatus@fa874d6, org.codeaurora.ims.ServiceStatus@1d72357][SUB1]
10-01 23:23:25.346 2142 2142 E ims_media_jni: Error loading library lib-imsvt.so: dlopen failed: cannot locate symbol "_ZN7android5FenceD1Ev" referenced by "/system/lib64/lib-imsvideocodec.so"...
10-01 23:23:25.347 2142 2142 D VideoCall_ImsMedia: Registering for Media Listener
10-01 23:23:25.349 2142 2142 E QImsService: ImsServiceSub : ImsServiceClassTracker not found.
10-01 23:23:25.350 465 465 E SELinux : avc: denied { add } for service=qti.ims.ext pid=2142 uid=1001 scontext=u:r:radio:s0 tcontext=u:object_r:default_android_service:s0 tclass=service_manager permissive=1
10-01 23:23:25.359 2142 2287 D IntentBroadcaster: Broadcasting and adding intent for rebroadcast: android.intent.action.SIM_STATE_CHANGED READY for slotId 0
10-01 23:23:25.365 2142 2287 D CarrierConfigLoader: update config for phoneId: 1 simState: ABSENT
10-01 23:23:25.366 2142 2287 D CarrierSvcBindHelper: update binding for phoneId: 1 simState: ABSENT
10-01 23:23:25.366 2142 2287 D IntentBroadcaster: Broadcasting and adding intent for rebroadcast: android.intent.action.SIM_STATE_CHANGED ABSENT for slotId 1
10-01 23:23:25.367 1469 1469 D WifiService: resetting networks because SIM was removed
10-01 23:23:25.370 1907 1907 I ImageWallpaper: Redrawing in rect: RectF(0.0, 0.0, 1080.0, 1920.0) with surface size: 1080x1920
10-01 23:23:25.373 1469 1469 I GnssLocationProvider: WakeLock acquired by sendMessage(SUBSCRIPTION_OR_SIM_CHANGED, 0, null)
10-01 23:23:25.373 2111 2195 I QCNEJ : |CORE| phoneCount: 2
10-01 23:23:25.375 1469 1779 W BestClock: java.time.DateTimeException: Missing NTP fix
10-01 23:23:25.375 1469 1584 I GnssLocationProvider: WakeLock released by handleMessage(SUBSCRIPTION_OR_SIM_CHANGED, 0, null)
10-01 23:23:25.376 1469 1779 W BestClock: java.time.DateTimeException: Missing NTP fix
10-01 23:23:25.381 2142 2142 D ServiceStateProvider: subId=-2
10-01 23:23:25.401 1469 1799 I WifiService: WifiService trying to set country code to
10-01 23:23:25.401 1469 2185 I WifiService: WifiService trying to set country code to
10-01 23:23:25.401 1469 2185 I WifiService: setCountryCode uid=1001
10-01 23:23:25.401 1469 1799 I WifiService: setCountryCode uid=1001
10-01 23:23:25.401 2142 2142 I QImsService: ImsSubControllerHandler : Message received: what = 3
10-01 23:23:25.402 2142 2142 I QImsService: ImsSenderRxr : [0002]> REQUEST_GET_IMS_SUB_CONFIG [SUB0]
10-01 23:23:25.402 2142 2142 I QImsService: ImsSubControllerHandler : Message received: what = 4
10-01 23:23:25.402 2142 2142 I QImsService: ImsSubControllerHandler : Message received: what = 3
10-01 23:23:25.403 2142 2142 I QImsService: ImsSenderRxr : [0003]> REQUEST_GET_IMS_SUB_CONFIG [SUB0]
10-01 23:23:25.403 2142 2142 I QImsService: ImsSubControllerHandler : Message received: what = 3
10-01 23:23:25.403 2142 2142 I QImsService: ImsSenderRxr : [0004]> REQUEST_GET_IMS_SUB_CONFIG [SUB1]
10-01 23:23:25.404 2142 2142 I QImsService: ImsServiceSubHandler : Message received: what = 5
10-01 23:23:25.404 2142 2142 I QImsService: ImsServiceSubHandler : Received event: EVENT_GET_STATUS_UPDATE
10-01 23:23:25.404 2142 2142 I QImsService: ImsServiceSub : type = 5 status = 0 isValid = true
10-01 23:23:25.404 2142 2142 I QImsService: ImsServiceSub : type = 0 status = 0 isValid = true
10-01 23:23:25.404 2142 2142 I QImsService: ImsServiceSub : Call Type 0has num updates = 1
10-01 23:23:25.404 2142 2142 I QImsService: ImsServiceSub : StatusForAccessTech networkMode = 0 registered = 2 status = 0 restrictCause = 0
10-01 23:23:25.404 2142 2142 I QImsService: ImsServiceSub : type = 3 status = 0 isValid = true
10-01 23:23:25.404 2142 2142 I QImsService: ImsServiceSub : Call Type 3has num updates = 1
10-01 23:23:25.404 2142 2142 I QImsService: ImsServiceSub : StatusForAccessTech networkMode = 0 registered = 2 status = 0 restrictCause = 0
10-01 23:23:25.404 2142 2142 I QImsService: ImsServiceSub : type = 1 status = 0 isValid = true
10-01 23:23:25.404 2142 2142 I QImsService: ImsServiceSub : Call Type 1has num updates = 1
10-01 23:23:25.404 2142 2142 I QImsService: ImsServiceSub : StatusForAccessTech networkMode = 0 registered = 2 status = 0 restrictCause = 0
10-01 23:23:25.404 2142 2247 I QImsService: ImsRadioResponse : Received Subconfig response from ImsRadio.
10-01 23:23:25.404 2142 2142 I QImsService: ImsServiceSub : type = 2 status = 0 isValid = true
10-01 23:23:25.404 2142 2142 I QImsService: ImsServiceSub : Call Type 2has num updates = 1
10-01 23:23:25.404 2142 2142 I QImsService: ImsServiceSub : StatusForAccessTech networkMode = 0 registered = 2 status = 0 restrictCause = 0
10-01 23:23:25.404 2142 2142 I QImsService: ImsServiceSub : type = 25 status = 0 isValid = true
10-01 23:23:25.404 2142 2142 I QImsService: ImsServiceSub : Call Type 25has num updates = 1
10-01 23:23:25.404 2142 2142 I QImsService: ImsServiceSub : StatusForAccessTech networkMode = 0 registered = 2 status = 0 restrictCause = 0
10-01 23:23:25.404 2142 2247 I QImsService: IFRequest : [0002]< REQUEST_GET_IMS_SUB_CONFIG error: 6
10-01 23:23:25.404 2142 2142 E QImsService: ImsServiceSub : handleSrvStatusUpdate :: tracker null; not updating global VT capability
10-01 23:23:25.404 2142 2142 I QImsService: ImsServiceStateReceiver : updateHDIcon isVideo : false isVoice : false phoneId: 0 show HD Icon: false
10-01 23:23:25.404 2142 2142 I QImsService: ImsServiceSubHandler : Message received: what = 5
10-01 23:23:25.404 2142 2142 I QImsService: ImsServiceSubHandler : Received event: EVENT_GET_STATUS_UPDATE
10-01 23:23:25.404 2142 2142 I QImsService: ImsServiceSub : type = 5 status = 0 isValid = true
10-01 23:23:25.404 2142 2142 I QImsService: ImsServiceSub : type = 0 status = 0 isValid = true
10-01 23:23:25.404 2142 2142 I QImsService: ImsServiceSub : Call Type 0has num updates = 1
10-01 23:23:25.404 2142 2142 I QImsService: ImsServiceSub : StatusForAccessTech networkMode = 0 registered = 2 status = 0 restrictCause = 0
10-01 23:23:25.404 2142 2142 I QImsService: ImsServiceSub : type = 3 status = 0 isValid = true
10-01 23:23:25.404 2142 2142 I QImsService: ImsServiceSub : Call Type 3has num updates = 1
10-01 23:23:25.405 2142 2142 I QImsService: ImsServiceSub : StatusForAccessTech networkMode = 0 registered = 2 status = 0 restrictCause = 0
10-01 23:23:25.405 2142 2142 I QImsService: ImsServiceSub : type = 1 status = 0 isValid = true
10-01 23:23:25.405 2142 2142 I QImsService: ImsServiceSub : Call Type 1has num updates = 1
10-01 23:23:25.405 2142 2142 I QImsService: ImsServiceSub : StatusForAccessTech networkMode = 0 registered = 2 status = 0 restrictCause = 0
10-01 23:23:25.405 2142 2142 I QImsService: ImsServiceSub : type = 2 status = 0 isValid = true
10-01 23:23:25.405 2142 2142 I QImsService: ImsServiceSub : Call Type 2has num updates = 1
10-01 23:23:25.405 2142 2142 I QImsService: ImsServiceSub : StatusForAccessTech networkMode = 0 registered = 2 status = 0 restrictCause = 0
10-01 23:23:25.405 2142 2142 I QImsService: ImsServiceSub : type = 25 status = 0 isValid = true
10-01 23:23:25.405 2142 2142 I QImsService: ImsServiceSub : Call Type 25has num updates = 1
10-01 23:23:25.405 2142 2142 I QImsService: ImsServiceSub : StatusForAccessTech networkMode = 0 registered = 2 status = 0 restrictCause = 0
10-01 23:23:25.405 2142 2247 I QImsService: ImsRadioResponse : Received Subconfig response from ImsRadio.
10-01 23:23:25.405 2142 2142 E QImsService: ImsServiceSub : handleSrvStatusUpdate :: tracker null; not updating global VT capability
10-01 23:23:25.405 2142 2142 I QImsService: ImsServiceStateReceiver : updateHDIcon isVideo : false isVoice : false phoneId: 1 show HD Icon: false
10-01 23:23:25.405 2142 2247 I QImsService: IFRequest : [0004]< REQUEST_GET_IMS_SUB_CONFIG error: 6
10-01 23:23:25.405 2142 2142 D QtiCarrierConfigHelper: WARNING, no carrier configs on phone Id: 0
10-01 23:23:25.405 2142 2142 D ImsServiceController: ImsService(ComponentInfo{org.codeaurora.ims/org.codeaurora.ims.ImsService}): onServiceConnected with binder: android.telephony.ims.ImsService$1@b092a0c
10-01 23:23:25.406 2142 2142 D ImsServiceController: notifyImsServiceReady
10-01 23:23:25.406 2142 2142 I QImsService: ImsService : readyForFeatureCreation :: No-op
10-01 23:23:25.406 2142 2142 I ImsServiceController: supports emergency calling on slot 0
10-01 23:23:25.406 2142 2142 I ImsServiceController: notifyImsFeatureStatus: slot=1, feature=1, status=0
10-01 23:23:25.406 2142 2142 I ImsResolver: ImsServiceController added on slot: 1 with feature: 1 using package: ComponentInfo{org.codeaurora.ims/org.codeaurora.ims.ImsService}
10-01 23:23:25.406 2142 2142 I ImsServiceController: notifyImsFeatureStatus: slot=0, feature=1, status=0
10-01 23:23:25.406 2142 2142 I ImsResolver: ImsServiceController added on slot: 0 with feature: 1 using package: ComponentInfo{org.codeaurora.ims/org.codeaurora.ims.ImsService}
10-01 23:23:25.406 2142 2142 I ImsServiceController: supports emergency calling on slot 1
10-01 23:23:25.406 2142 2247 I QImsService: ImsRadioResponse : Received Subconfig response from ImsRadio.
10-01 23:23:25.406 2142 2247 I QImsService: IFRequest : [0003]< REQUEST_GET_IMS_SUB_CONFIG error: 6
10-01 23:23:25.421 2142 2142 I VvmSimStateTracker: android.intent.action.SIM_STATE_CHANGED
10-01 23:23:25.422 2142 2142 D CarrierConfigLoader: mHandler: 0 phoneId: 1
10-01 23:23:25.423 2142 2142 D CarrierSvcBindHelper: mHandler: 0
10-01 23:23:25.423 2142 2142 D CarrierSvcBindHelper: Rebinding if necessary for phoneId: 1
10-01 23:23:25.423 2162 2162 D SimSelectNotification: sim state is not Absent or Loaded
10-01 23:23:25.423 2142 2142 E PhoneInterfaceManager: [PhoneIntfMgr] getCarrierPackageNamesForIntent: No UICC
10-01 23:23:25.423 2142 2142 D CarrierSvcBindHelper: No carrier app for: 1
10-01 23:23:25.425 1907 1907 D StatusBar: disable<e i a s b H R c s > disable2<q i n
> 10-01 23:23:25.426 1907 1907 D StatusBar: disable<e i a s b H R c s > disable2<q i n
> 10-01 23:23:25.430 2142 2142 E PhoneInterfaceManager: [PhoneIntfMgr] getIccId: No UICC
10-01 23:23:25.431 2142 2142 I MmTelFeatureConnection: Emergency calling enabled on slotId: 0
10-01 23:23:25.431 2142 2142 I MmTelFeatureConnection: MmTel enabled on slotId: 0
10-01 23:23:25.432 2142 2142 I MmTelFeatureConnection: getFeatureState - returning 0
10-01 23:23:25.435 1907 1907 D StatusBar: disable<e i a s b H R c s > disable2<q i n
> 10-01 23:23:25.435 2142 2142 D OpenGLRenderer: Skia GL Pipeline
10-01 23:23:25.437 2351 2351 I Zygote : seccomp disabled by setenforce 0
10-01 23:23:25.438 1469 1588 I ActivityManager: Start proc 2351:com.google.android.gms.persistent/u0a13 for broadcast com.google.android.gms/.chimera.GmsIntentOperationService$PersistentTrustedReceiver
10-01 23:23:25.439 1469 2185 I Telecom : PhoneAccountRegistrar: New phone account registered: [[ ] PhoneAccount: ComponentInfo{com.android.phone/com.android.services.telephony.TelephonyConnectionS ervice}, ***, UserHandle{0} Capabilities: SuppVideo CallProvider MultiUser PlaceEmerg SimSub Audio Routes: BESW Schemes: tel voicemail Extras: Bundle[mParcelledData.dataSize=124] GroupId: ***]: TSI.rPA@AAw
10-01 23:23:25.443 2351 2351 E .gms.persisten: Not starting debugger since process cannot load the jdwp agent.
10-01 23:23:25.444 1907 1907 D android.widget.GridLayout: vertical constraints: y1-y0>=78, y1-y0<=72 are inconsistent; permanently removing: y1-y0<=72.
10-01 23:23:25.446 1469 2185 I Telecom : CallsManager: Sending phone-account ComponentInfo{com.android.phone/com.android.services.telephony.TelephonyConnectionS ervice}, ***, UserHandle{0} registered intent as user: TSI.rPA@AAw
10-01 23:23:25.447 1469 2185 I Telecom : CallsManager: Sending phone-account registered intent to default dialer: TSI.rPA@AAw
10-01 23:23:25.448 2142 2142 I TelecomFramework: AccountEntry: Registered phoneAccount: [[ ] PhoneAccount: ComponentInfo{com.android.phone/com.android.services.telephony.TelephonyConnectionS ervice}, ***, UserHandle{0} Capabilities: SuppVideo CallProvider MultiUser PlaceEmerg SimSub Audio Routes: BESW Schemes: tel voicemail Extras: Bundle[{android.telecom.extra.SUPPORTS_VIDEO_CALLING_FALLBACK=true}] GroupId: ***] with handle: ComponentInfo{com.android.phone/com.android.services.telephony.TelephonyConnectionS ervice}, ***, UserHandle{0}
10-01 23:23:25.448 2142 2142 I TelecomFramework: PstnIncomingCallNotifier: Registering: Handler (com.android.internal.telephony.GsmCdmaPhone) {c2de4d9}
10-01 23:23:25.449 1253 1841 E Diag_Lib: [IMS_FATAL]| 1841 | ims_qmi_register_client : Failed
10-01 23:23:25.451 2142 2142 I TelecomFramework: TelecomAccountRegistry: Unregistering phone account ComponentInfo{com.android.phone/com.android.services.telephony.TelephonyConnectionS ervice}, ***, UserHandle{0}.
10-01 23:23:25.455 1469 2233 I Telecom : CallsManager: Sending phone-account ComponentInfo{com.android.phone/com.android.services.telephony.TelephonyConnectionS ervice}, ***, UserHandle{0} unregistered intent as user: TSI.uPA@AA4
