10-01 23:23:18.000 597 1531 E mm-camera: <ISP ><ERROR> 504: isp_module_stop_session: num_session_opened 0
10-01 23:23:18.000 597 1531 E mm-camera: <ISP ><ERROR> 532: isp_module_stop_session: warning: ISP resource is not freed on time!
10-01 23:23:18.000 597 1532 I mm-camera: <MCT >< INFO> 4339: mct_pipeline_stop_session_thread: Stop module name: stats - E
10-01 23:23:18.002 597 1533 I mm-camera: <MCT >< INFO> 4339: mct_pipeline_stop_session_thread: Stop module name: pproc - E
10-01 23:23:18.003 597 1533 I mm-camera: <MCT >< INFO> 4347: mct_pipeline_stop_session_thread: Stop module name: pproc - X
10-01 23:23:18.003 597 597 I mm-camera: <MCT >< INFO> 4627: mct_pipeline_stop_session: Modules left: 5
10-01 23:23:18.003 597 597 I mm-camera: <MCT >< INFO> 4627: mct_pipeline_stop_session: Modules left: 4
10-01 23:23:18.003 597 1534 I mm-camera: <MCT >< INFO> 4339: mct_pipeline_stop_session_thread: Stop module name: imglib - E
10-01 23:23:18.004 597 1531 I mm-camera: <MCT >< INFO> 4347: mct_pipeline_stop_session_thread: Stop module name: isp - X
10-01 23:23:18.004 597 597 I mm-camera: <MCT >< INFO> 4627: mct_pipeline_stop_session: Modules left: 3
10-01 23:23:18.005 597 1534 I mm-camera: <MCT >< INFO> 4347: mct_pipeline_stop_session_thread: Stop module name: imglib - X
10-01 23:23:18.005 597 597 I mm-camera: <MCT >< INFO> 4627: mct_pipeline_stop_session: Modules left: 2
10-01 23:23:18.007 597 1532 I mm-camera: <MCT >< INFO> 4347: mct_pipeline_stop_session_thread: Stop module name: stats - X
10-01 23:23:18.007 597 597 I mm-camera: <MCT >< INFO> 4627: mct_pipeline_stop_session: Modules left: 1
10-01 23:23:18.050 597 1529 I mm-camera: <MCT >< INFO> 4347: mct_pipeline_stop_session_thread: Stop module name: sensor - X
10-01 23:23:18.050 597 597 I mm-camera: <MCT >< INFO> 4627: mct_pipeline_stop_session: Modules left: 0
10-01 23:23:18.050 597 597 I mm-camera: <MCT >< INFO> 4636: mct_pipeline_stop_session: Stopped session 2 successfully
10-01 23:23:18.050 597 597 I mm-camera: <MCT >< INFO> 4916: mct_pipeline_destroy: E: session:2
10-01 23:23:18.050 597 597 I mm-camera: <MCT >< INFO> 4989: mct_pipeline_destroy: X: Pipeline destroyed successfully session =2
10-01 23:23:18.050 597 597 I mm-camera: <MCT >< INFO> 282: mct_controller_destroy: X Successfully closed mct_controller session 2
10-01 23:23:18.051 579 579 W CameraProviderManager: Camera provider legacy/0 says an unknown camera [email protected]/legacy/0 now has torch status 1. Curious.
10-01 23:23:18.051 579 579 W CameraProviderManager: Camera provider legacy/0 says an unknown camera [email protected]/legacy/0 now has torch status 1. Curious.
10-01 23:23:18.051 529 1488 I QCamera : <HAL><INFO> closeCamera: 2296: [KPI Perf]: X PROFILE_CLOSE_CAMERA camera id 0, rc: 0
10-01 23:23:18.052 529 1488 I QCamera : <HAL><INFO> close_camera_device: 1499: [KPI Perf]: X
10-01 23:23:18.052 579 579 I CameraProviderManager: Enumerating new camera device: [email protected]/legacy/0
10-01 23:23:18.053 579 579 I CameraProviderManager: Enumerating new camera device: [email protected]/legacy/1
10-01 23:23:18.055 529 1488 I [email protected]: Opening camera 1
10-01 23:23:18.055 529 1488 I QCamera : <HAL><INFO> openLegacy: 500: openLegacy halVersion: 256
10-01 23:23:18.055 529 1488 D vndksupport: Loading /vendor/lib/hw/power.default.so from current namespace instead of sphal namespace.
10-01 23:23:18.058 529 1488 I QCamera : <HAL><INFO> openCamera: 1821: [KPI Perf]: E PROFILE_OPEN_CAMERA camera id 1
10-01 23:23:18.060 529 1488 E QCamera : <HAL><ERROR> lock_acq_timed: 314: failed to acquire lock
10-01 23:23:18.060 597 597 I mm-camera: < INFO> 395: void enable_memleak_trace(int): start memleak tracking.
10-01 23:23:18.064 597 597 I mm-camera: <MCT >< INFO> 63: mct_controller_new: Creating new mct_controller with session-id 1
10-01 23:23:18.064 597 1540 I mm-camera: <MCT >< INFO> 4527: mct_pipeline_start_session_thread: E sensor
10-01 23:23:18.064 597 1540 I mm-camera: <MCT >< INFO> 4534: mct_pipeline_start_session_thread: Calling start_session on Module sensor
10-01 23:23:18.064 597 1541 I mm-camera: <MCT >< INFO> 4527: mct_pipeline_start_session_thread: E iface
10-01 23:23:18.064 597 1541 I mm-camera: <MCT >< INFO> 4534: mct_pipeline_start_session_thread: Calling start_session on Module iface
10-01 23:23:18.064 597 1543 I mm-camera: <MCT >< INFO> 4527: mct_pipeline_start_session_thread: E isp
10-01 23:23:18.064 597 1543 I mm-camera: <MCT >< INFO> 4534: mct_pipeline_start_session_thread: Calling start_session on Module isp
10-01 23:23:18.064 597 1543 I mm-camera: <ISP >< INFO> 201: isp_module_start_session: session id 1
10-01 23:23:18.064 597 1543 E mm-camera: <ISP ><ERROR> 213: isp_module_start_session: num_session_opened 0
10-01 23:23:18.065 597 1544 I mm-camera: <MCT >< INFO> 4527: mct_pipeline_start_session_thread: E stats
10-01 23:23:18.065 597 1544 I mm-camera: <MCT >< INFO> 4534: mct_pipeline_start_session_thread: Calling start_session on Module stats
10-01 23:23:18.066 597 1546 I mm-camera: <MCT >< INFO> 4527: mct_pipeline_start_session_thread: E pproc
10-01 23:23:18.066 597 1546 I mm-camera: <MCT >< INFO> 4534: mct_pipeline_start_session_thread: Calling start_session on Module pproc
10-01 23:23:18.066 597 1541 I mm-camera: <MCT >< INFO> 4537: mct_pipeline_start_session_thread: Module iface start_session rc = 1
10-01 23:23:18.067 597 1541 I mm-camera: <MCT >< INFO> 4545: mct_pipeline_start_session_thread: started_num = 1, success = 1
10-01 23:23:18.067 597 1541 I mm-camera: <MCT >< INFO> 4552: mct_pipeline_start_session_thread: X iface
10-01 23:23:18.067 597 1547 I mm-camera: <MCT >< INFO> 4527: mct_pipeline_start_session_thread: E imglib
10-01 23:23:18.067 597 1547 I mm-camera: <MCT >< INFO> 4534: mct_pipeline_start_session_thread: Calling start_session on Module imglib
10-01 23:23:18.069 589 710 I ServiceManager: Waiting for service package_native...
10-01 23:23:18.071 597 1547 I mm-camera: <MCT >< INFO> 4537: mct_pipeline_start_session_thread: Module imglib start_session rc = 1
10-01 23:23:18.071 597 1547 I mm-camera: <MCT >< INFO> 4545: mct_pipeline_start_session_thread: started_num = 2, success = 2
10-01 23:23:18.071 597 1547 I mm-camera: <MCT >< INFO> 4552: mct_pipeline_start_session_thread: X imglib
10-01 23:23:18.071 597 1546 I mm-camera: <MCT >< INFO> 4537: mct_pipeline_start_session_thread: Module pproc start_session rc = 1
10-01 23:23:18.071 597 1546 I mm-camera: <MCT >< INFO> 4545: mct_pipeline_start_session_thread: started_num = 3, success = 3
10-01 23:23:18.071 597 1546 I mm-camera: <MCT >< INFO> 4552: mct_pipeline_start_session_thread: X pproc
10-01 23:23:18.073 597 1540 I mm-camera: <MCT >< INFO> 4537: mct_pipeline_start_session_thread: Module sensor start_session rc = 1
10-01 23:23:18.073 597 1540 I mm-camera: <MCT >< INFO> 4545: mct_pipeline_start_session_thread: started_num = 4, success = 4
10-01 23:23:18.073 597 1540 I mm-camera: <MCT >< INFO> 4552: mct_pipeline_start_session_thread: X sensor
10-01 23:23:18.075 597 1544 E mm-camera: <STATS_AIS ><ERROR> 448: dsps_open: try to sensor1_open()
10-01 23:23:18.076 597 1543 E mm-camera: <ISP ><ERROR> 402: isp_module_start_session: num_session_opened 1
10-01 23:23:18.076 597 1543 I mm-camera: <MCT >< INFO> 4537: mct_pipeline_start_session_thread: Module isp start_session rc = 1
10-01 23:23:18.076 597 1543 I mm-camera: <MCT >< INFO> 4545: mct_pipeline_start_session_thread: started_num = 5, success = 5
10-01 23:23:18.076 597 1543 I mm-camera: <MCT >< INFO> 4552: mct_pipeline_start_session_thread: X isp
10-01 23:23:18.083 597 1544 I mm-camera: <MCT >< INFO> 4537: mct_pipeline_start_session_thread: Module stats start_session rc = 1
10-01 23:23:18.083 597 1544 I mm-camera: <MCT >< INFO> 4545: mct_pipeline_start_session_thread: started_num = 6, success = 6
10-01 23:23:18.083 597 1544 I mm-camera: <MCT >< INFO> 4552: mct_pipeline_start_session_thread: X stats
10-01 23:23:18.083 597 597 E mm-camera: <ISP ><ERROR> 684: isp_module_get_session_data: availabevfe 2 num_open 1 num_isp_preallocate 1 dual_vfe 0
10-01 23:23:18.083 597 597 E mm-camera: <ISP ><ERROR> 141: isp_resource_query_mod: dual_vfe_enabled 0
10-01 23:23:18.083 597 597 E mm-camera: <ISP ><ERROR> 150: isp_resource_query_mod: availabe_vfe 2 num_isp_preallocate 1 num_session_opened 1 dual_vfe_enabled 0
10-01 23:23:18.090 597 597 I mm-camera: <MCT >< INFO> 4448: mct_pipeline_start_stream_internal: Adding session stream streamid= 0xf for session=1
10-01 23:23:18.090 597 597 I mm-camera: <MCT >< INFO> 4496: mct_pipeline_start_stream_internal: Linking session stream for session 1
10-01 23:23:18.090 597 597 I mm-camera: <MCT >< INFO> 503: mct_stream_start_link: Start linking Session-stream 0x1000f
10-01 23:23:18.090 597 597 I mm-camera: <IFACE >< INFO> 338: iface_util_find_primary_cid: iface_util_find_primary_cid:338 error cannot find primary sensor format cids 1
10-01 23:23:18.090 597 597 I mm-camera: <ISP >< INFO> 798: isp_port_check_caps_reserve: port 0xe3d69b40 ide 1000f type 10 dim 0 0
10-01 23:23:18.090 597 597 I mm-camera: <PPROC >< INFO> 446: pproc_port_add_modules_to_stream: in identity 1000f stream 10 int_link = 0xe3d6d4c0
10-01 23:23:18.090 597 597 I mm-camera: <PPROC >< INFO> 458: pproc_port_add_modules_to_stream: :LINK linking mods tmod and c2d for identity 1000f
10-01 23:23:18.090 597 597 I mm-camera: <C2D >< INFO> 1490: c2d_module_notify_add_stream: width 0, height 0, stride 0, scanline 0, is_type 0
10-01 23:23:18.090 597 597 I mm-camera: <PPROC >< INFO> 458: pproc_port_add_modules_to_stream: :LINK linking mods c2d and cpp for identity 1000f
10-01 23:23:18.090 597 597 I mm-camera: <CPP >< INFO> 2141: cpp_module_notify_add_stream: :width 0, height 0, stride 0, scanline 0, framelen 0
10-01 23:23:18.090 597 597 I mm-camera: <CPP >< INFO> 2306: cpp_module_notify_add_stream: : stream 10, fmt 1, asf_mode 0, sharpness_level 0.000000,asf mask 0, denoise 0, denoise_mask 0, dsdn mask 0,dsdn enable 0, tnr mask 0, tnr enable 0, ds_mask 0
10-01 23:23:18.090 597 597 I mm-camera: <PPROC >< INFO> 458: pproc_port_add_modules_to_stream: :LINK linking mods cpp and paaf for identity 1000f
10-01 23:23:18.090 597 597 I mm-camera: <PPROC >< INFO> 458: pproc_port_add_modules_to_stream: :LINK linking mods paaf and ezt for identity 1000f
10-01 23:23:18.090 597 597 I mm-camera: <PPROC >< INFO> 458: pproc_port_add_modules_to_stream: :LINK linking mods ezt and quadracfa for identity 1000f
10-01 23:23:18.092 597 597 I mm-camera: <MCT >< INFO> 4505: mct_pipeline_start_stream_internal: Session stream linked successfully session 1
10-01 23:23:18.093 529 1488 I Thermal-Lib: Thermal-Lib-Client: Registraion successful for camera with handle:1
10-01 23:23:18.093 529 1488 I Thermal-Lib: Thermal-Lib-Client: Registraion successful for camcorder with handle:2
10-01 23:23:18.093 529 1488 I QCamera : <HAL><INFO> openCamera: 1834: [KPI Perf]: X PROFILE_OPEN_CAMERA camera id 1, rc: 0
10-01 23:23:18.094 573 680 I ThermalEngine: Thermal-Server: Adding thermal event listener on fd 57
10-01 23:23:18.094 529 1567 I Thermal-Lib: Thermal-Lib-Client: Client received msg camera 0
10-01 23:23:18.094 529 1567 I Thermal-Lib: Thermal-Lib-Client: Client received msg camcorder 0
10-01 23:23:18.098 529 1488 I [email protected]: Closing camera 1
10-01 23:23:18.098 529 1488 I QCamera : <HAL><INFO> close_camera_device: 1497: [KPI Perf]: E camera id 1
10-01 23:23:18.100 529 1488 E QCamera : <HAL><ERROR> lock_acq: 363: failed to acquire lock
10-01 23:23:18.100 529 1488 I QCamera : <HAL><INFO> closeCamera: 2220: E
10-01 23:23:18.100 529 1488 I QCamera : <HAL><INFO> closeCamera: 2225: [KPI Perf]: E PROFILE_CLOSE_CAMERA camera id 1
10-01 23:23:18.101 597 1104 E mm-camera: <IMGLIB><ERROR> 303: static int32_t QCameraPAAF::AllocateBuffers(img_base_ops_t *, bool): Invalid dimensions 0x0
10-01 23:23:18.101 597 1562 I mm-camera: <ISP >< INFO> 6507: isp_util_print_meta_stream_info: Deallocate resources
10-01 23:23:18.101 597 1104 E mm-camera: <IMGLIB><ERROR> 203: int img_algo_preload(img_base_ops_t *): Preload: Failed to allocate buffer, rc -4
10-01 23:23:18.101 597 1104 E mm-camera: <IMGLIB><ERROR> 117: module_imgbase_client_preload_exec: IMG_CORE_PRELOAD failed -4
10-01 23:23:18.102 597 1562 I mm-camera: <ISP >< INFO> 2531: isp_resource_allocate: INFO: ISP resource acquired: session 1 num_isp 1
10-01 23:23:18.102 597 1562 I mm-camera: <ISP >< INFO> 2533: isp_resource_allocate: INFO: ISP resource acquired: hw_id 1
10-01 23:23:18.102 597 1562 I mm-camera: <ISP >< INFO> 6462: isp_util_decide_stream_mapping: stream_port_map num streams 0
10-01 23:23:18.105 529 1488 I Thermal-Lib: Thermal-Lib-Client: Unregisteration is successfull for handle:1
10-01 23:23:18.105 573 680 I ThermalEngine: Thermal-Server: removing client on fd 57
10-01 23:23:18.105 529 1488 I Thermal-Lib: Thermal-Lib-Client: Unregisteration is successfull for handle:2
10-01 23:23:18.105 597 597 I mm-camera: <MCT >< INFO> 216: mct_controller_destroy: Initiating destroy sequence for session = 1
10-01 23:23:18.106 597 597 I mm-camera: <MCT >< INFO> 234: mct_controller_destroy: serv_thread closed
10-01 23:23:18.106 597 597 I mm-camera: <MCT >< INFO> 249: mct_controller_destroy: bus_handler thread closed
10-01 23:23:18.106 597 597 I mm-camera: <MCT >< INFO> 4605: mct_pipeline_stop_session: Initiating stop_session on session 1
10-01 23:23:18.106 597 597 I mm-camera: <MCT >< INFO> 3646: mct_pipeline_process_set: command=800000b
10-01 23:23:18.106 597 597 I mm-camera: <MCT >< INFO> 3864: mct_pipeline_process_set: Issuing DEL_STREAM on stream 0x1000f and stream type=10
10-01 23:23:18.141 1469 1469 E UsbAlsaJackDetectorJNI: Can't register UsbAlsaJackDetector native methods
10-01 23:23:18.157 1469 1469 I SystemServer: StartServices
10-01 23:23:18.157 1469 1469 I SystemServer: Reading configuration...
10-01 23:23:18.157 1469 1469 I SystemServer: ReadingSystemConfig
10-01 23:23:18.158 1469 1469 I SystemServer: StartInstaller
10-01 23:23:18.158 1469 1469 I SystemServiceManager: Starting com.android.server.pm.Installer
10-01 23:23:18.169 582 630 D installd: Found quota mount /dev/block/bootdevice/by-name/userdata at /data
10-01 23:23:18.169 582 630 D installd: Found quota mount /dev/block/bootdevice/by-name/userdata at /sbin/.core/mirror/bin
10-01 23:23:18.169 1469 1469 I SystemServer: DeviceIdentifiersPolicyService
10-01 23:23:18.169 1469 1469 I SystemServiceManager: Starting com.android.server.os.DeviceIdentifiersPolicyService
10-01 23:23:18.170 1469 1469 I SystemServer: StartActivityManager
10-01 23:23:18.170 1469 1469 I SystemServiceManager: Starting com.android.server.am.ActivityManagerService$Lifecycle
10-01 23:23:18.189 597 1542 E mm-camera: <SENSOR><ERROR> 3955: sensor_set_calibration_data: Golden module or OTP data is null
10-01 23:23:18.189 597 597 I mm-camera: <IFACE >< INFO> 671: iface_unreserve_sink_port: stream_id f mode 0
10-01 23:23:18.189 597 597 I mm-camera: <ISP >< INFO> 887: isp_port_check_caps_unreserve: ide 1000f port 0xe3d69b40
10-01 23:23:18.189 597 597 E mm-camera: <ISP ><ERROR> 913: isp_port_check_caps_unreserve: ISP session resource not dellocated in time
10-01 23:23:18.190 597 597 I mm-camera: <MCT >< INFO> 3875: mct_pipeline_process_set: Stream 0x1000f and stream type=10, successfully deleted
10-01 23:23:18.191 597 1578 I mm-camera: <MCT >< INFO> 4339: mct_pipeline_stop_session_thread: Stop module name: sensor - E
10-01 23:23:18.191 597 1579 I mm-camera: <MCT >< INFO> 4339: mct_pipeline_stop_session_thread: Stop module name: iface - E
10-01 23:23:18.191 597 1580 I mm-camera: <MCT >< INFO> 4339: mct_pipeline_stop_session_thread: Stop module name: isp - E
10-01 23:23:18.191 597 1580 I mm-camera: <ISP >< INFO> 490: isp_module_stop_session: session id 1
10-01 23:23:18.191 597 1580 E mm-camera: <ISP ><ERROR> 504: isp_module_stop_session: num_session_opened 0
10-01 23:23:18.191 597 1580 E mm-camera: <ISP ><ERROR> 532: isp_module_stop_session: warning: ISP resource is not freed on time!
10-01 23:23:18.191 597 1579 I mm-camera: <MCT >< INFO> 4347: mct_pipeline_stop_session_thread: Stop module name: iface - X
10-01 23:23:18.191 597 1581 I mm-camera: <MCT >< INFO> 4339: mct_pipeline_stop_session_thread: Stop module name: stats - E
10-01 23:23:18.192 597 1582 I mm-camera: <MCT >< INFO> 4339: mct_pipeline_stop_session_thread: Stop module name: pproc - E
10-01 23:23:18.192 597 597 I mm-camera: <MCT >< INFO> 4627: mct_pipeline_stop_session: Modules left: 5
10-01 23:23:18.193 597 1583 I mm-camera: <MCT >< INFO> 4339: mct_pipeline_stop_session_thread: Stop module name: imglib - E
10-01 23:23:18.193 597 1582 I mm-camera: <MCT >< INFO> 4347: mct_pipeline_stop_session_thread: Stop module name: pproc - X
10-01 23:23:18.193 597 597 I mm-camera: <MCT >< INFO> 4627: mct_pipeline_stop_session: Modules left: 4
10-01 23:23:18.193 597 1583 I mm-camera: <MCT >< INFO> 4347: mct_pipeline_stop_session_thread: Stop module name: imglib - X
10-01 23:23:18.193 597 597 I mm-camera: <MCT >< INFO> 4627: mct_pipeline_stop_session: Modules left: 3
10-01 23:23:18.195 597 1580 I mm-camera: <MCT >< INFO> 4347: mct_pipeline_stop_session_thread: Stop module name: isp - X
10-01 23:23:18.195 597 597 I mm-camera: <MCT >< INFO> 4627: mct_pipeline_stop_session: Modules left: 2
10-01 23:23:18.197 597 1581 I mm-camera: <MCT >< INFO> 4347: mct_pipeline_stop_session_thread: Stop module name: stats - X
10-01 23:23:18.197 597 597 I mm-camera: <MCT >< INFO> 4627: mct_pipeline_stop_session: Modules left: 1
10-01 23:23:18.198 597 1578 I mm-camera: <MCT >< INFO> 4347: mct_pipeline_stop_session_thread: Stop module name: sensor - X
10-01 23:23:18.198 597 597 I mm-camera: <MCT >< INFO> 4627: mct_pipeline_stop_session: Modules left: 0
10-01 23:23:18.198 597 597 I mm-camera: <MCT >< INFO> 4636: mct_pipeline_stop_session: Stopped session 1 successfully
10-01 23:23:18.198 597 597 I mm-camera: <MCT >< INFO> 4916: mct_pipeline_destroy: E: session:1
10-01 23:23:18.198 597 597 I mm-camera: <MCT >< INFO> 4989: mct_pipeline_destroy: X: Pipeline destroyed successfully session =1
10-01 23:23:18.198 597 597 I mm-camera: <MCT >< INFO> 282: mct_controller_destroy: X Successfully closed mct_controller session 1
10-01 23:23:18.198 529 1488 I QCamera : <HAL><INFO> closeCamera: 2296: [KPI Perf]: X PROFILE_CLOSE_CAMERA camera id 1, rc: 0
10-01 23:23:18.199 529 1488 I QCamera : <HAL><INFO> close_camera_device: 1499: [KPI Perf]: X
10-01 23:23:18.199 579 579 I CameraProviderManager: Enumerating new camera device: [email protected]/legacy/1
10-01 23:23:18.200 579 579 I CameraProviderManager: Camera provider legacy/0 ready with 4 camera devices
10-01 23:23:18.200 466 466 W hwservicemanager: getTransport: Cannot find entry [email protected]::ICameraProvider/external/0 in either framework or device manifest.
10-01 23:23:18.201 579 678 W CameraProviderManager: addProviderLocked: Camera provider HAL with name 'legacy/0' already registered
10-01 23:23:18.203 579 579 I CameraService: onDeviceStatusChanged: Status changed for cameraId=1, newStatus=1
10-01 23:23:18.203 579 579 I CameraService: onDeviceStatusChanged: Unknown camera ID 1, a new camera is added
10-01 23:23:18.204 579 678 I CameraService: onDeviceStatusChanged: Status changed for cameraId=1, newStatus=1
10-01 23:23:18.204 579 678 I CameraService: onDeviceStatusChanged: Status changed for cameraId=0, newStatus=1
10-01 23:23:18.204 579 579 I CameraService: onDeviceStatusChanged: Status changed for cameraId=0, newStatus=1
10-01 23:23:18.204 579 678 I CameraService: onDeviceStatusChanged: Unknown camera ID 0, a new camera is added
10-01 23:23:18.205 1469 1469 I ActivityManager: Memory class: 256
10-01 23:23:18.205 579 579 I : Waiting for activity service
10-01 23:23:18.215 1469 1469 D BatteryStatsImpl: Reading daily items from /data/system/batterystats-daily.xml
10-01 23:23:18.235 1469 1591 E BluetoothAdapter: Bluetooth binder is null
10-01 23:23:18.236 1469 1591 E BatteryExternalStatsWorker: no controller energy info supplied for telephony
10-01 23:23:18.238 1469 1591 I KernelUidCpuFreqTimeReader: mPerClusterTimesAvailable=false
10-01 23:23:18.243 1469 1591 W KernelCpuProcReader: File not exist: /proc/uid_cpupower/time_in_state
10-01 23:23:18.244 1469 1591 W KernelCpuProcReader: File not exist: /proc/uid_cpupower/concurrent_active_time
10-01 23:23:18.244 1469 1591 W KernelCpuProcReader: File not exist: /proc/uid_cpupower/concurrent_policy_time
10-01 23:23:18.248 1469 1591 W KernelMemoryBandwidthStats: No kernel memory bandwidth stats available
10-01 23:23:18.250 1469 1591 I PowerManagerService-JNI: Loaded power HAL 1.0 service
10-01 23:23:18.251 540 540 E QCOM PowerHAL: extract_stats: failed to open: /d/system_stats Error = No such file or directory
10-01 23:23:18.279 568 568 I netmgrd : type=1400 audit(0.0:648): avc: denied { ioctl } for path="socket:[16221]" dev="sockfs" ino=16221 ioctlcmd=c302 scontext=u:r:init:s0 tcontext=u:r:init:s0 tclass=socket permissive=1
10-01 23:23:18.303 1469 1469 W AppOps : Unknown attribute in 'op' tag: n
10-01 23:23:18.318 1469 1469 I chatty : uid=1000 system_server identical 510 lines
10-01 23:23:18.318 1469 1469 W AppOps : Unknown attribute in 'op' tag: n
10-01 23:23:18.339 1469 1469 I IntentFirewall: Read new rules (A:0 B:0 S:0)
10-01 23:23:18.342 1469 1469 W libprocessgroup: Failed to remove /acct/uid_0/pid_429: Device or resource busy
10-01 23:23:18.342 1469 1469 W libprocessgroup: Failed to remove /acct/uid_0/pid_470: Device or resource busy
10-01 23:23:18.342 1469 1469 W libprocessgroup: Failed to remove /acct/uid_0/pid_486: Device or resource busy
10-01 23:23:18.342 1469 1469 W libprocessgroup: Failed to remove /acct/uid_0/pid_517: Device or resource busy
10-01 23:23:18.343 1469 1469 W libprocessgroup: Failed to remove /acct/uid_0/pid_518: Device or resource busy
10-01 23:23:18.343 1469 1469 W libprocessgroup: Failed to remove /acct/uid_0/pid_519: Device or resource busy
10-01 23:23:18.343 1469 1469 W libprocessgroup: Failed to remove /acct/uid_0/pid_526: Device or resource busy
10-01 23:23:18.343 1469 1469 W libprocessgroup: Failed to remove /acct/uid_0/pid_549: Device or resource busy
10-01 23:23:18.343 1469 1469 W libprocessgroup: Failed to remove /acct/uid_0/pid_553: Device or resource busy
10-01 23:23:18.343 1469 1469 W libprocessgroup: Failed to remove /acct/uid_0/pid_554: Device or resource busy
10-01 23:23:18.343 1469 1469 W libprocessgroup: Failed to remove /acct/uid_0/pid_555: Device or resource busy
10-01 23:23:18.343 1469 1469 W libprocessgroup: Failed to remove /acct/uid_0/pid_557: Device or resource busy
10-01 23:23:18.343 1469 1469 W libprocessgroup: Failed to remove /acct/uid_0/pid_559: Device or resource busy
10-01 23:23:18.343 1469 1469 W libprocessgroup: Failed to remove /acct/uid_0/pid_563: Device or resource busy
10-01 23:23:18.343 1469 1469 W libprocessgroup: Failed to remove /acct/uid_0/pid_568: Device or resource busy
10-01 23:23:18.343 1469 1469 W libprocessgroup: Failed to remove /acct/uid_0/pid_572: Device or resource busy
10-01 23:23:18.343 1469 1469 W libprocessgroup: Failed to remove /acct/uid_0/pid_573: Device or resource busy
10-01 23:23:18.343 1469 1469 W libprocessgroup: Failed to remove /acct/uid_0/pid_578: Device or resource busy
10-01 23:23:18.343 1469 1469 W libprocessgroup: Failed to remove /acct/uid_0/pid_582: Device or resource busy
10-01 23:23:18.343 1469 1469 W libprocessgroup: Failed to remove /acct/uid_0/pid_589: Device or resource busy
10-01 23:23:18.343 1469 1469 W libprocessgroup: Failed to remove /acct/uid_0/pid_595: Device or resource busy
10-01 23:23:18.343 1469 1469 W libprocessgroup: Failed to remove /acct/uid_0/pid_599: Device or resource busy
10-01 23:23:18.344 1469 1469 W libprocessgroup: Failed to remove /acct/uid_0/pid_711: Device or resource busy
10-01 23:23:18.344 1469 1469 W libprocessgroup: Failed to remove /acct/uid_0: Permission denied
10-01 23:23:18.344 1469 1469 W libprocessgroup: Failed to remove /acct/uid_1000/pid_1249: Device or resource busy
10-01 23:23:18.344 1469 1469 W libprocessgroup: Failed to remove /acct/uid_1000/pid_1253: Device or resource busy
10-01 23:23:18.344 1469 1469 W libprocessgroup: Failed to remove /acct/uid_1000/pid_1278: Device or resource busy
10-01 23:23:18.344 1469 1469 W libprocessgroup: Failed to remove /acct/uid_1000/pid_465: Device or resource busy
10-01 23:23:18.344 1469 1469 W libprocessgroup: Failed to remove /acct/uid_1000/pid_466: Device or resource busy
10-01 23:23:18.344 1469 1469 W libprocessgroup: Failed to remove /acct/uid_1000/pid_467: Device or resource busy
10-01 23:23:18.344 1469 1469 W libprocessgroup: Failed to remove /acct/uid_1000/pid_469: Device or resource busy
10-01 23:23:18.344 1469 1469 W libprocessgroup: Failed to remove /acct/uid_1000/pid_525: Device or resource busy
10-01 23:23:18.344 1469 1469 W libprocessgroup: Failed to remove /acct/uid_1000/pid_531: Device or resource busy
10-01 23:23:18.344 1469 1469 W libprocessgroup: Failed to remove /acct/uid_1000/pid_534: Device or resource busy
10-01 23:23:18.344 1469 1469 W libprocessgroup: Failed to remove /acct/uid_1000/pid_535: Device or resource busy
10-01 23:23:18.344 1469 1469 W libprocessgroup: Failed to remove /acct/uid_1000/pid_536: Device or resource busy
10-01 23:23:18.344 1469 1469 W libprocessgroup: Failed to remove /acct/uid_1000/pid_537: Device or resource busy
10-01 23:23:18.344 1469 1469 W libprocessgroup: Failed to remove /acct/uid_1000/pid_538: Device or resource busy
10-01 23:23:18.344 1469 1469 W libprocessgroup: Failed to remove /acct/uid_1000/pid_539: Device or resource busy
10-01 23:23:18.345 1469 1469 W libprocessgroup: Failed to remove /acct/uid_1000/pid_540: Device or resource busy
10-01 23:23:18.345 1469 1469 W libprocessgroup: Failed to remove /acct/uid_1000/pid_541: Device or resource busy
10-01 23:23:18.345 1469 1469 W libprocessgroup: Failed to remove /acct/uid_1000/pid_542: Device or resource busy
10-01 23:23:18.345 1469 1469 W libprocessgroup: Failed to remove /acct/uid_1000/pid_543: Device or resource busy
10-01 23:23:18.345 1469 1469 W libprocessgroup: Failed to remove /acct/uid_1000/pid_544: Device or resource busy
10-01 23:23:18.345 1469 1469 W libprocessgroup: Failed to remove /acct/uid_1000/pid_545: Device or resource busy
10-01 23:23:18.345 1469 1469 W libprocessgroup: Failed to remove /acct/uid_1000/pid_547: Device or resource busy
10-01 23:23:18.345 1469 1469 W libprocessgroup: Failed to remove /acct/uid_1000/pid_550: Device or resource busy
10-01 23:23:18.345 1469 1469 W libprocessgroup: Failed to remove /acct/uid_1000/pid_551: Device or resource busy
10-01 23:23:18.345 1469 1469 W libprocessgroup: Failed to remove /acct/uid_1000/pid_556: Device or resource busy
10-01 23:23:18.345 1469 1469 W libprocessgroup: Failed to remove /acct/uid_1000/pid_560: Device or resource busy
10-01 23:23:18.345 1469 1469 W libprocessgroup: Failed to remove /acct/uid_1000/pid_561: Device or resource busy
10-01 23:23:18.345 1469 1469 W libprocessgroup: Failed to remove /acct/uid_1000/pid_562: Device or resource busy
10-01 23:23:18.345 1469 1469 W libprocessgroup: Failed to remove /acct/uid_1000/pid_564: Device or resource busy
10-01 23:23:18.345 1469 1469 W libprocessgroup: Failed to remove /acct/uid_1000/pid_565: Device or resource busy
10-01 23:23:18.345 1469 1469 W libprocessgroup: Failed to remove /acct/uid_1000/pid_566: Device or resource busy
10-01 23:23:18.345 1469 1469 W libprocessgroup: Failed to remove /acct/uid_1000/pid_567: Device or resource busy
10-01 23:23:18.345 1469 1469 W libprocessgroup: Failed to remove /acct/uid_1000/pid_575: Device or resource busy
10-01 23:23:18.345 1469 1469 W libprocessgroup: Failed to remove /acct/uid_1000/pid_576: Device or resource busy
10-01 23:23:18.345 1469 1469 W libprocessgroup: Failed to remove /acct/uid_1000/pid_594: Device or resource busy
10-01 23:23:18.345 1469 1469 W libprocessgroup: Failed to remove /acct/uid_1000/pid_598: Device or resource busy
10-01 23:23:18.345 1469 1469 W libprocessgroup: Failed to remove /acct/uid_1000/pid_740: Device or resource busy
10-01 23:23:18.345 1469 1469 W libprocessgroup: Failed to remove /acct/uid_1000: Permission denied
10-01 23:23:18.345 1469 1469 W libprocessgroup: Failed to remove /acct/uid_1001/pid_569: Device or resource busy
10-01 23:23:18.345 1469 1469 W libprocessgroup: Failed to remove /acct/uid_1001/pid_570: Device or resource busy
10-01 23:23:18.346 1469 1469 W libprocessgroup: Failed to remove /acct/uid_1001/pid_571: Device or resource busy
10-01 23:23:18.346 1469 1469 W libprocessgroup: Failed to remove /acct/uid_1001/pid_592: Device or resource busy
10-01 23:23:18.346 1469 1469 W libprocessgroup: Failed to remove /acct/uid_1001: Permission denied
10-01 23:23:18.346 1469 1469 W libprocessgroup: Failed to remove /acct/uid_1002/pid_528: Device or resource busy
10-01 23:23:18.346 1469 1469 W libprocessgroup: Failed to remove /acct/uid_1002: Permission denied
10-01 23:23:18.346 1469 1469 W libprocessgroup: Failed to remove /acct/uid_1003/pid_1010: Device or resource busy
10-01 23:23:18.346 1469 1469 W libprocessgroup: Failed to remove /acct/uid_1003: Permission denied
10-01 23:23:18.346 1469 1469 W libprocessgroup: Failed to remove /acct/uid_1006/pid_597: Device or resource busy
10-01 23:23:18.346 1469 1469 W libprocessgroup: Failed to remove /acct/uid_1006: Permission denied
10-01 23:23:18.346 1469 1469 W libprocessgroup: Failed to remove /acct/uid_1010/pid_546: Device or resource busy
10-01 23:23:18.346 1469 1469 W libprocessgroup: Failed to remove /acct/uid_1010/pid_590: Device or resource busy
10-01 23:23:18.346 1469 1469 W libprocessgroup: Failed to remove /acct/uid_1010: Permission denied
10-01 23:23:18.346 1469 1469 W libprocessgroup: Failed to remove /acct/uid_1013/pid_530: Device or resource busy
10-01 23:23:18.346 1469 1469 W libprocessgroup: Failed to remove /acct/uid_1013/pid_532: Device or resource busy
10-01 23:23:18.346 1469 1469 W libprocessgroup: Failed to remove /acct/uid_1013/pid_533: Device or resource busy
10-01 23:23:18.346 1469 1469 W libprocessgroup: Failed to remove /acct/uid_1013/pid_574: Device or resource busy
10-01 23:23:18.346 1469 1469 W libprocessgroup: Failed to remove /acct/uid_1013/pid_584: Device or resource busy
10-01 23:23:18.346 1469 1469 W libprocessgroup: Failed to remove /acct/uid_1013/pid_586: Device or resource busy
10-01 23:23:18.346 1469 1469 W libprocessgroup: Failed to remove /acct/uid_1013/pid_587: Device or resource busy
10-01 23:23:18.346 1469 1469 W libprocessgroup: Failed to remove /acct/uid_1013: Permission denied
10-01 23:23:18.346 1469 1469 W libprocessgroup: Failed to remove /acct/uid_1017/pid_583: Device or resource busy
10-01 23:23:18.346 1469 1469 W libprocessgroup: Failed to remove /acct/uid_1017: Permission denied
10-01 23:23:18.347 1469 1469 W libprocessgroup: Failed to remove /acct/uid_1019/pid_580: Device or resource busy
10-01 23:23:18.347 1469 1469 W libprocessgroup: Failed to remove /acct/uid_1019: Permission denied
10-01 23:23:18.347 1469 1469 W libprocessgroup: Failed to remove /acct/uid_1021/pid_548: Device or resource busy
10-01 23:23:18.347 1469 1469 W libprocessgroup: Failed to remove /acct/uid_1021: Permission denied
10-01 23:23:18.347 1469 1469 W libprocessgroup: Failed to remove /acct/uid_1036/pid_464: Device or resource busy
10-01 23:23:18.347 1469 1469 W libprocessgroup: Failed to remove /acct/uid_1036: Permission denied
10-01 23:23:18.347 1469 1469 W libprocessgroup: Failed to remove /acct/uid_1040/pid_585: Device or resource busy
10-01 23:23:18.347 1469 1469 W libprocessgroup: Failed to remove /acct/uid_1040: Permission denied
10-01 23:23:18.347 1469 1469 W libprocessgroup: Failed to remove /acct/uid_1041/pid_527: Device or resource busy
10-01 23:23:18.347 1469 1469 W libprocessgroup: Failed to remove /acct/uid_1041/pid_558: Device or resource busy
10-01 23:23:18.347 1469 1469 W libprocessgroup: Failed to remove /acct/uid_1041: Permission denied
10-01 23:23:18.347 1469 1469 W libprocessgroup: Failed to remove /acct/uid_1046/pid_591: Device or resource busy
10-01 23:23:18.347 1469 1469 W libprocessgroup: Failed to remove /acct/uid_1046: Permission denied
10-01 23:23:18.347 1469 1469 W libprocessgroup: Failed to remove /acct/uid_1047/pid_529: Device or resource busy
10-01 23:23:18.347 1469 1469 W libprocessgroup: Failed to remove /acct/uid_1047/pid_579: Device or resource busy
10-01 23:23:18.347 1469 1469 W libprocessgroup: Failed to remove /acct/uid_1047: Permission denied
10-01 23:23:18.347 1469 1469 W libprocessgroup: Failed to remove /acct/uid_1058/pid_600: Device or resource busy
10-01 23:23:18.347 1469 1469 W libprocessgroup: Failed to remove /acct/uid_1058: Permission denied
10-01 23:23:18.347 1469 1469 W libprocessgroup: Failed to remove /acct/uid_1066/pid_588: Device or resource busy
10-01 23:23:18.348 1469 1469 W libprocessgroup: Failed to remove /acct/uid_1066: Permission denied
10-01 23:23:18.348 1469 1469 W libprocessgroup: Failed to remove /acct/uid_1067/pid_581: Device or resource busy
10-01 23:23:18.348 1469 1469 W libprocessgroup: Failed to remove /acct/uid_1067: Permission denied
10-01 23:23:18.350 1469 1469 D AppOps : AppOpsService published
10-01 23:23:18.350 1469 1469 I SystemServer: StartPowerManager
10-01 23:23:18.350 1469 1469 I SystemServiceManager: Starting com.android.server.power.PowerManagerService
10-01 23:23:18.349 466 466 I hwservicemanage: type=1400 audit(0.0:652): avc: denied { getattr } for scontext=u:r:hwservicemanager:s0 tcontext=u:r:init:s0 tclass=process permissive=1
10-01 23:23:18.362 540 540 E QCOM PowerHAL: Failed to acquire lock.
10-01 23:23:18.364 1469 1469 I SystemServer: InitPowerManagement
10-01 23:23:18.365 1469 1469 I SystemServer: StartRecoverySystemService
10-01 23:23:18.365 1469 1469 I SystemServiceManager: Starting com.android.server.RecoverySystemService
10-01 23:23:18.367 1469 1469 V RescueParty: Disabled because of manual property
10-01 23:23:18.367 1469 1469 I SystemServer: StartLightsService
10-01 23:23:18.367 1469 1469 I SystemServiceManager: Starting com.android.server.lights.LightsService
10-01 23:23:18.368 1469 1469 I SystemServer: StartSidekickService
10-01 23:23:18.368 1469 1469 I SystemServer: StartDisplayManager
10-01 23:23:18.368 1469 1469 I SystemServiceManager: Starting com.android.server.display.DisplayManagerService
10-01 23:23:18.372 1469 1469 I SystemServer: WaitForDisplay
10-01 23:23:18.372 1469 1469 I SystemServiceManager: Starting phase 100
10-01 23:23:18.373 536 843 I SDM : HWCDisplay::GetColorModeCount: Supported color mode count = 0
10-01 23:23:18.379 1469 1604 I DisplayManagerService: Display device added: DisplayDeviceInfo{"Built-in Screen": uniqueId="local:0", 1080 x 1920, modeId 1, defaultModeId 1, supportedModes [{id=1, width=1080, height=1920, fps=60.000004}], colorMode 0, supportedColorModes [0], HdrCapabilities android.view.Display$HdrCapabilities@40f16308, density 480, 397.565 x 399.737 dpi, appVsyncOff 2000000, presDeadline 11666666, touch INTERNAL, rotation 0, type BUILT_IN, state UNKNOWN, FLAG_DEFAULT_DISPLAY, FLAG_ROTATES_WITH_CONTENT, FLAG_SECURE, FLAG_SUPPORTS_PROTECTED_BUFFERS}
10-01 23:23:18.379 560 560 D SurfaceFlinger: Set power mode=2, type=0 flinger=0x7843655000
10-01 23:23:18.383 1469 1604 I DisplayManagerService: Display device changed state: "Built-in Screen", ON
10-01 23:23:18.383 1469 1469 I SystemServer: StartPackageManagerService
10-01 23:23:18.408 1469 1469 D SELinuxMMAC: Using policy file /system/etc/selinux/plat_mac_permissions.xml
10-01 23:23:18.410 1469 1469 D SELinuxMMAC: Using policy file /vendor/etc/selinux/vendor_mac_permissions.xml
10-01 23:23:18.413 1469 1605 W ProcessCpuTracker: Skipping unknown process pid 1600
10-01 23:23:18.414 1469 1469 D FallbackCategoryProvider: Found 1 fallback categories
10-01 23:23:18.582 517 748 D TcpSocketMonitor: suspending tcpinfo polling
10-01 23:23:18.743 1469 1469 D PackageManager: No files in app dir /product/overlay
10-01 23:23:18.746 1469 1469 W PackageManager: Failed to parse /system/framework/oat: Missing base APK in /system/framework/oat
10-01 23:23:18.746 1469 1469 W PackageManager: Failed to parse /system/framework/arm64: Missing base APK in /system/framework/arm64
10-01 23:23:18.747 1469 1469 W PackageManager: Failed to parse /system/framework/arm: Missing base APK in /system/framework/arm
10-01 23:23:18.818 572 624 E QC-time-services: Daemon:genoff_wlan_qmi_service_request: qmi_client_get_service_list returned -2num_services 0
10-01 23:23:18.932 1469 1469 I PackageManager: /system/app/SystemUIDarkTheme changed; collecting certs
10-01 23:23:18.936 1469 1469 W PackageManager: Failed to scan /system/app/SystemUIDarkTheme: Application package com.android.systemui.theme.dark already installed. Skipping duplicate.
10-01 23:23:18.983 1469 1469 D PackageManager: No files in app dir /vendor/priv- app
10-01 23:23:18.987 1469 1469 D PackageManager: No files in app dir /odm/priv-app
10-01 23:23:18.987 1469 1469 D PackageManager: No files in app dir /odm/app
10-01 23:23:18.987 1469 1469 D PackageManager: No files in app dir /oem/app
10-01 23:23:18.987 1469 1469 D PackageManager: No files in app dir /system/product/priv-app
10-01 23:23:18.987 1469 1469 D PackageManager: No files in app dir /system/product/app
10-01 23:23:18.988 1469 1469 I PackageManager: Finished scanning system apps. Time: 260 ms, packageCount: 168 , timePerPackage: 1 , cached: 169
10-01 23:23:19.071 589 710 I ServiceManager: Waiting for service package_native...
10-01 23:23:19.162 1469 1469 D PackageManager: No files in app dir /data/app- private
10-01 23:23:19.162 1469 1469 I PackageManager: Finished scanning non-system apps. Time: 174 ms, packageCount: 56 , timePerPackage: 3 , cached: 56
10-01 23:23:19.170 1469 1469 I PackageManager: Time to scan packages: 0.442 seconds
10-01 23:23:19.181 1469 1469 V PackageManager: reconcileAppsData for null u0 0x3 migrateAppData=true
10-01 23:23:19.183 1469 1469 W PackageManager: Destroying /data/user/0/media due to: com.android.server.pm.PackageManagerException: Package media is unknown
10-01 23:23:19.191 582 630 I SELinux : SELinux: Loaded file_contexts
10-01 23:23:19.299 1469 1469 V PackageManager: reconcileAppsData finished 22 packages
10-01 23:23:19.300 1469 1469 V PackageManager: Disabling com.google.android.gsf/com.google.android.gsf.update.SystemUpdateActivity
10-01 23:23:19.300 1469 1469 W PackageManager: Unable to disable com.google.android.gsf/com.google.android.gsf.update.SystemUpdateActivity
10-01 23:23:19.300 1469 1469 V PackageManager: Disabling com.google.android.gsf/com.google.android.gsf.update.SystemUpdateService$Receiver
10-01 23:23:19.300 1469 1469 W PackageManager: Unable to disable com.google.android.gsf/com.google.android.gsf.update.SystemUpdateService$Receiver
10-01 23:23:19.300 1469 1469 V PackageManager: Disabling com.google.android.gsf/com.google.android.gsf.update.SystemUpdateService$SecretCode Receiver
10-01 23:23:19.300 1469 1469 W PackageManager: Unable to disable com.google.android.gsf/com.google.android.gsf.update.SystemUpdateService$SecretCode Receiver
10-01 23:23:19.300 1469 1469 V PackageManager: Disabling com.google.android.gsf/com.google.android.gsf.update.SystemUpdateServiceReceiver
10-01 23:23:19.300 1469 1469 W PackageManager: Unable to disable com.google.android.gsf/com.google.android.gsf.update.SystemUpdateServiceReceiver
10-01 23:23:19.300 1469 1469 V PackageManager: Disabling com.google.android.gms/com.google.android.gms.update.SystemUpdateActivity
10-01 23:23:19.300 1469 1469 V PackageManager: Disabling com.google.android.gms/com.google.android.gms.update.SystemUpdateService$Receiver
10-01 23:23:19.300 1469 1469 W PackageManager: Unable to disable com.google.android.gms/com.google.android.gms.update.SystemUpdateService$Receiver
10-01 23:23:19.300 1469 1469 V PackageManager: Disabling com.google.android.gms/com.google.android.gms.update.SystemUpdateService$ActiveRece iver
10-01 23:23:19.300 1469 1469 W PackageManager: Unable to disable com.google.android.gms/com.google.android.gms.update.SystemUpdateService$ActiveRece iver
10-01 23:23:19.300 1469 1469 V PackageManager: Disabling com.google.android.gms/com.google.android.gms.update.SystemUpdateService$SecretCode Receiver
10-01 23:23:19.301 1469 1469 W PackageManager: Unable to disable com.google.android.gms/com.google.android.gms.update.SystemUpdateService$SecretCode Receiver
10-01 23:23:19.301 1469 1469 V PackageManager: Disabling com.google.android.gms/com.google.android.gms.update.SystemUpdateServiceReceiver
10-01 23:23:19.301 1469 1469 W PackageManager: Unable to disable com.google.android.gms/com.google.android.gms.update.SystemUpdateServiceReceiver
10-01 23:23:19.301 1469 1469 V PackageManager: Enabling com.google.android.gsf/com.google.android.gsf.update.SystemUpdateService
10-01 23:23:19.301 1469 1469 W PackageManager: Unable to enable com.google.android.gsf/com.google.android.gsf.update.SystemUpdateService
10-01 23:23:19.301 1469 1469 V PackageManager: Enabling com.google.android.gms/com.google.android.gms.update.SystemUpdateService
10-01 23:23:19.352 582 582 W installd: Ignoring /data/data/com.android.vending/lib with unexpected GID 0 instead of 10043
10-01 23:23:19.369 582 582 W installd: Ignoring /data/data/com.android.webview/lib with unexpected GID 0 instead of 10048
10-01 23:23:19.417 582 582 W installd: Ignoring /data/data/com.amazon.dee.app/lib with unexpected GID 0 instead of 10144
10-01 23:23:19.419 582 582 W installd: Ignoring /data/data/com.centralway.numbrs/lib with unexpected GID 0 instead of 10164
10-01 23:23:19.422 582 582 W installd: Ignoring /data/data/com.xiaomi.xy.sportscamera/lib with unexpected GID 0 instead of 10148
10-01 23:23:19.424 582 582 W installd: Ignoring /data/data/com.xiaomi.hm.health/lib with unexpected GID 0 instead of 10150
10-01 23:23:19.409 568 568 I netmgrd : type=1400 audit(0.0:664): avc: denied { create } for name="netmgr_connect_socket" scontext=u:r:init:s0 tcontext=u:object_r:socket_device:s0 tclass=sock_file permissive=1
10-01 23:23:19.409 568 568 I netmgrd : type=1400 audit(0.0:665): avc: denied { setattr } for name="netmgr_connect_socket" dev="tmpfs" ino=27960 scontext=u:r:init:s0 tcontext=u:object_r:socket_device:s0 tclass=sock_file permissive=1
10-01 23:23:19.427 582 582 W installd: Ignoring /data/data/com.instagram.android/lib with unexpected GID 0 instead of 10151
10-01 23:23:19.428 582 582 W installd: Ignoring /data/data/ch.sbb.mobile.android.b2c/lib with unexpected GID 0 instead of 10152
10-01 23:23:19.430 582 582 W installd: Ignoring /data/data/com.soundcloud.android/lib with unexpected GID 0 instead of 10154
10-01 23:23:19.431 582 582 W installd: Ignoring /data/data/com.ubs.swidK2Y.android/lib with unexpected GID 0 instead of 10157
10-01 23:23:19.433 582 582 W installd: Ignoring /data/data/com.vmware.view.client.android/lib with unexpected GID 0 instead of 10160
10-01 23:23:19.434 582 582 W installd: Ignoring /data/data/com.snapchat.android/lib with unexpected GID 0 instead of 10161
10-01 23:23:19.437 582 582 W installd: Ignoring /data/data/com.android.chrome/lib with unexpected GID 0 instead of 10163
10-01 23:23:19.439 582 582 W installd: Ignoring /data/data/com.binance.dev/lib with unexpected GID 0 instead of 10165
10-01 23:23:19.441 582 582 W installd: Ignoring /data/data/com.ebay.mobile/lib with unexpected GID 0 instead of 10167
10-01 23:23:19.429 571 571 I rild : type=1400 audit(0.0:666): avc: denied { write } for name="netmgr_connect_socket" dev="tmpfs" ino=27960 scontext=u:r:rild:s0 tcontext=u:object_r:socket_device:s0 tclass=sock_file permissive=1
10-01 23:23:19.446 582 582 W installd: Ignoring /data/data/com.alibaba.aliexpresshd/lib with unexpected GID 0 instead of 10171
10-01 23:23:19.448 582 582 W installd: Ignoring /data/data/com.spotify.music/lib with unexpected GID 0 instead of 10173
10-01 23:23:19.451 582 582 W installd: Ignoring /data/data/com.cisco.im/lib with unexpected GID 0 instead of 10176
10-01 23:23:19.451 582 582 W installd: Ignoring /data/data/de.postbank.finanzassistent/lib with unexpected GID 0 instead of 10177
10-01 23:23:19.455 582 582 W installd: Ignoring /data/data/com.facebook.mlite/lib with unexpected GID 0 instead of 10180
10-01 23:23:19.457 582 582 W installd: Ignoring /data/data/com.infraware.office.link/lib with unexpected GID 0 instead of 10182
10-01 23:23:19.459 582 582 W installd: Ignoring /data/data/com.intsig.camscanner/lib with unexpected GID 0 instead of 10185
10-01 23:23:19.463 582 582 W installd: Ignoring /data/data/air.de.fahren_lernen.app/lib with unexpected GID 0 instead of 10189
10-01 23:23:19.467 582 582 W installd: Ignoring /data/data/com.mxtech.videoplayer.pro/lib with unexpected GID 0 instead of 10196
10-01 23:23:19.469 582 582 W installd: Ignoring /data/data/com.zeptolab.ctr.paid/lib with unexpected GID 0 instead of 10197
10-01 23:23:19.479 740 740 I imsdatadaemon: type=1400 audit(0.0:667): avc: denied { write } for name="netmgr_connect_socket" dev="tmpfs" ino=27960 scontext=u:r:init:s0 tcontext=u:object_r:socket_device:s0 tclass=sock_file permissive=1
10-01 23:23:19.549 1469 1469 I system_server: Explicit concurrent copying GC freed 123067(6MB) AllocSpace objects, 79(4MB) LOS objects, 55% free, 9MB/21MB, paused 61us total 143.930ms
10-01 23:23:19.551 1469 1469 I SystemServer: StartOtaDexOptService
10-01 23:23:19.552 1469 1469 D OTADexopt: No upgrade, skipping A/B artifacts check.
10-01 23:23:19.552 1469 1469 I SystemServer: StartUserManagerService
10-01 23:23:19.552 1469 1469 I SystemServiceManager: Starting com.android.server.pm.UserManagerService$LifeCycle
10-01 23:23:19.553 1469 1469 I SystemServer: InitAttributerCache
10-01 23:23:19.553 1469 1469 I SystemServer: SetSystemProcess
10-01 23:23:19.560 559 559 I lowmemorykiller: lmkd data connection established
10-01 23:23:19.563 1469 1469 I SystemServer: StartOverlayManagerService
10-01 23:23:19.564 1469 1469 I SystemServer: StartBatteryService
10-01 23:23:19.564 1469 1469 I SystemServiceManager: Starting com.android.server.BatteryService
10-01 23:23:19.564 1469 1729 D SensorService: nuSensorService starting...
10-01 23:23:19.567 541 541 W qti_sensors_hal: sensors_get_sensors_list: handle 59 is not registered!
10-01 23:23:19.567 541 541 W qti_sensors_hal: sensors_get_sensors_list: handle 60 is not registered!
10-01 23:23:19.567 541 541 W qti_sensors_hal: sensors_get_sensors_list: handle 4 is not registered!
10-01 23:23:19.567 541 541 W qti_sensors_hal: sensors_get_sensors_list: handle 10 is not registered!
10-01 23:23:19.567 541 541 W qti_sensors_hal: sensors_get_sensors_list: handle 16 is not registered!
10-01 23:23:19.567 541 541 W qti_sensors_hal: sensors_get_sensors_list: handle 84 is not registered!
10-01 23:23:19.567 541 541 W qti_sensors_hal: sensors_get_sensors_list: handle 85 is not registered!
10-01 23:23:19.567 541 541 W qti_sensors_hal: sensors_get_sensors_list: handle 26 is not registered!
10-01 23:23:19.567 541 541 W qti_sensors_hal: sensors_get_sensors_list: handle 31 is not registered!
10-01 23:23:19.567 541 541 W qti_sensors_hal: sensors_get_sensors_list: handle 34 is not registered!
10-01 23:23:19.567 541 541 W qti_sensors_hal: sensors_get_sensors_list: handle 64 is not registered!
10-01 23:23:19.567 541 541 W qti_sensors_hal: sensors_get_sensors_list: handle 65 is not registered!
10-01 23:23:19.567 541 541 W qti_sensors_hal: sensors_get_sensors_list: handle 67 is not registered!
10-01 23:23:19.567 541 541 W qti_sensors_hal: sensors_get_sensors_list: handle 71 is not registered!
10-01 23:23:19.567 541 541 W qti_sensors_hal: sensors_get_sensors_list: handle 73 is not registered!
10-01 23:23:19.567 541 541 W qti_sensors_hal: sensors_get_sensors_list: handle 74 is not registered!
10-01 23:23:19.567 541 541 W qti_sensors_hal: sensors_get_sensors_list: handle 86 is not registered!
10-01 23:23:19.567 541 541 W qti_sensors_hal: sensors_get_sensors_list: handle 87 is not registered!
10-01 23:23:19.567 541 541 W qti_sensors_hal: sensors_get_sensors_list: handle 5 is not registered!
10-01 23:23:19.567 541 541 W qti_sensors_hal: sensors_get_sensors_list: handle 6 is not registered!
10-01 23:23:19.567 541 541 W qti_sensors_hal: sensors_get_sensors_list: handle 7 is not registered!
10-01 23:23:19.567 541 541 W qti_sensors_hal: sensors_get_sensors_list: handle 8 is not registered!
10-01 23:23:19.567 541 541 W qti_sensors_hal: sensors_get_sensors_list: handle 27 is not registered!
10-01 23:23:19.567 541 541 W qti_sensors_hal: sensors_get_sensors_list: handle 28 is not registered!
10-01 23:23:19.567 541 541 W qti_sensors_hal: sensors_get_sensors_list: handle 29 is not registered!
10-01 23:23:19.567 541 541 W qti_sensors_hal: sensors_get_sensors_list: handle 39 is not registered!
10-01 23:23:19.567 541 541 W qti_sensors_hal: sensors_get_sensors_list: handle 40 is not registered!
10-01 23:23:19.567 541 541 W qti_sensors_hal: sensors_get_sensors_list: handle 43 is not registered!
10-01 23:23:19.567 541 541 W qti_sensors_hal: sensors_get_sensors_list: handle 46 is not registered!
10-01 23:23:19.567 541 541 W qti_sensors_hal: sensors_get_sensors_list: handle 48 is not registered!
10-01 23:23:19.567 541 541 W qti_sensors_hal: sensors_get_sensors_list: handle 49 is not registered!
10-01 23:23:19.568 541 541 W qti_sensors_hal: sensors_get_sensors_list: handle 53 is not registered!
10-01 23:23:19.568 541 541 W qti_sensors_hal: sensors_get_sensors_list: handle 13 is not registered!
10-01 23:23:19.568 541 541 W qti_sensors_hal: sensors_get_sensors_list: handle 14 is not registered!
10-01 23:23:19.568 541 541 W qti_sensors_hal: sensors_get_sensors_list: handle 15 is not registered!
10-01 23:23:19.568 541 541 W qti_sensors_hal: sensors_get_sensors_list: handle 66 is not registered!
10-01 23:23:19.568 541 541 W qti_sensors_hal: sensors_get_sensors_list: handle 18 is not registered!
10-01 23:23:19.568 541 541 W qti_sensors_hal: sensors_get_sensors_list: handle 19 is not registered!
10-01 23:23:19.568 541 541 W qti_sensors_hal: sensors_get_sensors_list: handle 20 is not registered!
