10-01 23:23:36.083 3510 3597 D StrictMode: at com.google.android.finsky.application.impl.bj.a_(SourceFile:12)
10-01 23:23:36.083 3510 3597 D StrictMode: at b.b.a.b.a(SourceFile:11)
10-01 23:23:36.083 3510 3597 D StrictMode: at com.google.common.util.concurrent.s.a(SourceFile:5)
10-01 23:23:36.083 3510 3597 D StrictMode: at com.google.common.util.concurrent.r.run(SourceFile:17)
10-01 23:23:36.083 3510 3597 D StrictMode: at com.google.common.util.concurrent.bi.run(SourceFile:3)
10-01 23:23:36.083 3510 3597 D StrictMode: at com.google.android.apps.gsa.a.f.a.i.run(SourceFile:7)
10-01 23:23:36.083 3510 3597 D StrictMode: at java.util.concurrent.ThreadPoolExecutor.runWorker(ThreadPoolExecutor.java:1167)
10-01 23:23:36.083 3510 3597 D StrictMode: at java.util.concurrent.ThreadPoolExecutor$Worker.run(ThreadPoolExecutor.java:641)
10-01 23:23:36.083 3510 3597 D StrictMode: at com.google.android.finsky.bq.q.run(Unknown Source:5)
10-01 23:23:36.083 3510 3597 D StrictMode: at java.lang.Thread.run(Thread.java:764)
10-01 23:23:36.084 3510 3597 D StrictMode: StrictMode policy violation: android.os.strictmode.DiskReadViolation
10-01 23:23:36.084 3510 3597 D StrictMode: at android.os.StrictMode$AndroidBlockGuardPolicy.onReadFromDisk(StrictMode.java:1504)
10-01 23:23:36.084 3510 3597 D StrictMode: at java.io.UnixFileSystem.checkAccess(UnixFileSystem.java:251)
10-01 23:23:36.084 3510 3597 D StrictMode: at java.io.File.exists(File.java:815)
10-01 23:23:36.084 3510 3597 D StrictMode: at android.app.ContextImpl.ensurePrivateDirExists(ContextImpl.java:605)
10-01 23:23:36.084 3510 3597 D StrictMode: at android.app.ContextImpl.ensurePrivateDirExists(ContextImpl.java:596)
10-01 23:23:36.084 3510 3597 D StrictMode: at android.app.ContextImpl.getPreferencesDir(ContextImpl.java:552)
10-01 23:23:36.084 3510 3597 D StrictMode: at android.app.ContextImpl.getSharedPreferencesPath(ContextImpl.java:747)
10-01 23:23:36.084 3510 3597 D StrictMode: at android.app.ContextImpl.getSharedPreferences(ContextImpl.java:400)
10-01 23:23:36.084 3510 3597 D StrictMode: at android.content.ContextWrapper.getSharedPreferences(ContextWrapper.java:174)
10-01 23:23:36.084 3510 3597 D StrictMode: at com.google.android.finsky.e.j.<init>(SourceFile:20)
10-01 23:23:36.084 3510 3597 D StrictMode: at com.google.android.finsky.e.j.a(SourceFile:17)
10-01 23:23:36.084 3510 3597 D StrictMode: at com.google.android.finsky.e.w.<init>(SourceFile:35)
10-01 23:23:36.084 3510 3597 D StrictMode: at com.google.android.finsky.application.impl.c.a(SourceFile:1297)
10-01 23:23:36.084 3510 3597 D StrictMode: at com.google.android.finsky.application.impl.c.cD(SourceFile:1304)
10-01 23:23:36.084 3510 3597 D StrictMode: at com.google.android.finsky.application.impl.c.cG(SourceFile:198)
10-01 23:23:36.084 3510 3597 D StrictMode: at com.google.android.finsky.application.impl.bj.a_(SourceFile:12)
10-01 23:23:36.084 3510 3597 D StrictMode: at b.b.a.b.a(SourceFile:11)
10-01 23:23:36.084 3510 3597 D StrictMode: at com.google.common.util.concurrent.s.a(SourceFile:5)
10-01 23:23:36.084 3510 3597 D StrictMode: at com.google.common.util.concurrent.r.run(SourceFile:17)
10-01 23:23:36.084 3510 3597 D StrictMode: at com.google.common.util.concurrent.bi.run(SourceFile:3)
10-01 23:23:36.084 3510 3597 D StrictMode: at com.google.android.apps.gsa.a.f.a.i.run(SourceFile:7)
10-01 23:23:36.084 3510 3597 D StrictMode: at java.util.concurrent.ThreadPoolExecutor.runWorker(ThreadPoolExecutor.java:1167)
10-01 23:23:36.084 3510 3597 D StrictMode: at java.util.concurrent.ThreadPoolExecutor$Worker.run(ThreadPoolExecutor.java:641)
10-01 23:23:36.084 3510 3597 D StrictMode: at com.google.android.finsky.bq.q.run(Unknown Source:5)
10-01 23:23:36.084 3510 3597 D StrictMode: at java.lang.Thread.run(Thread.java:764)
10-01 23:23:36.086 3637 3637 V OneTimeInitializerReceiver: OneTimeInitializerReceiver.onReceive
10-01 23:23:36.086 2142 2142 I MmsService: MmsConfigManager receiver action: android.telephony.action.CARRIER_CONFIG_CHANGED
10-01 23:23:36.086 3588 3620 I MessagingApp: Carrier configs loaded: Bundle[{maxImageHeight=1944, maxMessageSize=614400, maxImageWidth=2592}] from resources+system for subId=1
10-01 23:23:36.089 2142 3671 I MmsService: MmsConfigManager loads in background mcc/mnc: 262/7
10-01 23:23:36.090 3510 3597 D StrictMode: StrictMode policy violation: android.os.strictmode.DiskReadViolation
10-01 23:23:36.090 3510 3597 D StrictMode: at android.os.StrictMode$AndroidBlockGuardPolicy.onReadFromDisk(StrictMode.java:1504)
10-01 23:23:36.090 3510 3597 D StrictMode: at android.app.SharedPreferencesImpl.awaitLoadedLocked(SharedPreferencesImpl.java:256)
10-01 23:23:36.090 3510 3597 D StrictMode: at android.app.SharedPreferencesImpl.getLong(SharedPreferencesImpl.java:309)
10-01 23:23:36.090 3510 3597 D StrictMode: at com.google.android.finsky.e.j.<init>(SourceFile:23)
10-01 23:23:36.090 3510 3597 D StrictMode: at com.google.android.finsky.e.j.a(SourceFile:17)
10-01 23:23:36.090 3510 3597 D StrictMode: at com.google.android.finsky.e.w.<init>(SourceFile:35)
10-01 23:23:36.090 3510 3597 D StrictMode: at com.google.android.finsky.application.impl.c.a(SourceFile:1297)
10-01 23:23:36.090 3510 3597 D StrictMode: at com.google.android.finsky.application.impl.c.cD(SourceFile:1304)
10-01 23:23:36.090 3510 3597 D StrictMode: at com.google.android.finsky.application.impl.c.cG(SourceFile:198)
10-01 23:23:36.090 3510 3597 D StrictMode: at com.google.android.finsky.application.impl.bj.a_(SourceFile:12)
10-01 23:23:36.090 3510 3597 D StrictMode: at b.b.a.b.a(SourceFile:11)
10-01 23:23:36.090 3510 3597 D StrictMode: at com.google.common.util.concurrent.s.a(SourceFile:5)
10-01 23:23:36.090 3510 3597 D StrictMode: at com.google.common.util.concurrent.r.run(SourceFile:17)
10-01 23:23:36.090 3510 3597 D StrictMode: at com.google.common.util.concurrent.bi.run(SourceFile:3)
10-01 23:23:36.090 3510 3597 D StrictMode: at com.google.android.apps.gsa.a.f.a.i.run(SourceFile:7)
10-01 23:23:36.090 3510 3597 D StrictMode: at java.util.concurrent.ThreadPoolExecutor.runWorker(ThreadPoolExecutor.java:1167)
10-01 23:23:36.090 3510 3597 D StrictMode: at java.util.concurrent.ThreadPoolExecutor$Worker.run(ThreadPoolExecutor.java:641)
10-01 23:23:36.090 3510 3597 D StrictMode: at com.google.android.finsky.bq.q.run(Unknown Source:5)
10-01 23:23:36.090 3510 3597 D StrictMode: at java.lang.Thread.run(Thread.java:764)
10-01 23:23:36.094 2142 3674 I MmsService: MmsConfigManager loads in background mcc/mnc: 262/7
10-01 23:23:36.098 3663 3663 E viders.calenda: Not starting debugger since process cannot load the jdwp agent.
10-01 23:23:36.101 2142 2142 I VvmSimStateTracker: android.intent.action.BOOT_COMPLETED
10-01 23:23:36.101 3588 3641 W MessagingApp: canonicalizeMccMnc: invalid mccmnc:null ,null
10-01 23:23:36.105 2870 2870 W s.nexuslaunche: Accessing hidden method Landroid/view/WindowManagerGlobal;- >getWindowManagerService()Landroid/view/IWindowManager; (light greylist, linking)
10-01 23:23:36.105 2870 2870 W s.nexuslaunche: Accessing hidden method Landroid/view/IWindowManager;->getNavBarPosition()I (dark greylist, linking)
10-01 23:23:36.105 2870 2870 W s.nexuslaunche: Accessing hidden method Landroid/view/IWindowManager;->getStableInsets(ILandroid/graphics/Rect;)V (light greylist, linking)
10-01 23:23:36.105 2870 2870 W s.nexuslaunche: Accessing hidden method Landroid/view/IWindowManager;- >overridePendingAppTransitionMultiThumbFuture(Landroid/view/IAppTransitionAnimation SpecsFuture;Landroid/os/IRemoteCallback;Z)V (light greylist, linking)
10-01 23:23:36.106 2870 2870 W s.nexuslaunche: Accessing hidden method Landroid/view/IWindowManager;- >overridePendingAppTransitionRemote(Landroid/view/RemoteAnimationAdapter;)V (light greylist, linking)
10-01 23:23:36.106 2870 2870 W s.nexuslaunche: Accessing hidden method Landroid/view/IWindowManager;->setNavBarVirtualKeyHapticFeedbackEnabled(Z)V (light greylist, linking)
10-01 23:23:36.106 2870 2870 W s.nexuslaunche: Accessing hidden method Landroid/view/IWindowManager;->setRecentsVisibility(Z)V (dark greylist, linking)
10-01 23:23:36.109 3510 3597 D StrictMode: StrictMode policy violation: android.os.strictmode.DiskReadViolation
10-01 23:23:36.109 3510 3597 D StrictMode: at android.os.StrictMode$AndroidBlockGuardPolicy.onReadFromDisk(StrictMode.java:1504)
10-01 23:23:36.109 3510 3597 D StrictMode: at java.io.UnixFileSystem.checkAccess(UnixFileSystem.java:251)
10-01 23:23:36.109 3510 3597 D StrictMode: at java.io.File.exists(File.java:815)
10-01 23:23:36.109 3510 3597 D StrictMode: at android.app.ContextImpl.ensurePrivateDirExists(ContextImpl.java:605)
10-01 23:23:36.109 3510 3597 D StrictMode: at android.app.ContextImpl.ensurePrivateDirExists(ContextImpl.java:596)
10-01 23:23:36.109 3510 3597 D StrictMode: at android.app.ContextImpl.getPreferencesDir(ContextImpl.java:552)
10-01 23:23:36.109 3510 3597 D StrictMode: at android.app.ContextImpl.getSharedPreferencesPath(ContextImpl.java:747)
10-01 23:23:36.109 3510 3597 D StrictMode: at android.app.ContextImpl.getSharedPreferences(ContextImpl.java:400)
10-01 23:23:36.109 3510 3597 D StrictMode: at android.content.ContextWrapper.getSharedPreferences(ContextWrapper.java:174)
10-01 23:23:36.109 3510 3597 D StrictMode: at com.google.android.finsky.ai.f.a(SourceFile:5)
10-01 23:23:36.109 3510 3597 D StrictMode: at com.google.android.finsky.ai.q.a(SourceFile:5)
10-01 23:23:36.109 3510 3597 D StrictMode: at com.google.android.finsky.e.af.a(SourceFile:30)
10-01 23:23:36.109 3510 3597 D StrictMode: at com.google.android.finsky.e.af.a(SourceFile:12)
10-01 23:23:36.109 3510 3597 D StrictMode: at com.google.android.finsky.e.af.a(SourceFile:11)
10-01 23:23:36.109 3510 3597 D StrictMode: at com.google.android.finsky.e.af.a(SourceFile:9)
10-01 23:23:36.109 3510 3597 D StrictMode: at com.google.android.finsky.application.impl.c.cG(SourceFile:201)
10-01 23:23:36.109 3510 3597 D StrictMode: at com.google.android.finsky.application.impl.bj.a_(SourceFile:12)
10-01 23:23:36.109 3510 3597 D StrictMode: at b.b.a.b.a(SourceFile:11)
10-01 23:23:36.109 3510 3597 D StrictMode: at com.google.common.util.concurrent.s.a(SourceFile:5)
10-01 23:23:36.109 3510 3597 D StrictMode: at com.google.common.util.concurrent.r.run(SourceFile:17)
10-01 23:23:36.109 3510 3597 D StrictMode: at com.google.common.util.concurrent.bi.run(SourceFile:3)
10-01 23:23:36.109 3510 3597 D StrictMode: at com.google.android.apps.gsa.a.f.a.i.run(SourceFile:7)
10-01 23:23:36.109 3510 3597 D StrictMode: at java.util.concurrent.ThreadPoolExecutor.runWorker(ThreadPoolExecutor.java:1167)
10-01 23:23:36.109 3510 3597 D StrictMode: at java.util.concurrent.ThreadPoolExecutor$Worker.run(ThreadPoolExecutor.java:641)
10-01 23:23:36.109 3510 3597 D StrictMode: at com.google.android.finsky.bq.q.run(Unknown Source:5)
10-01 23:23:36.109 3510 3597 D StrictMode: at java.lang.Thread.run(Thread.java:764)
10-01 23:23:36.110 1469 1799 D MmsServiceBroker: getCarrierConfigValues() by com.android.messaging
10-01 23:23:36.110 3588 3684 I MessagingAppDataModel: SyncMessagesAction: Starting batch for messages from 1538428793366 to 1538429015841 (message update limit = 80, message scan limit = 4000)
10-01 23:23:36.110 2142 2331 D MmsService: getCarrierConfigValues
10-01 23:23:36.110 2142 2331 I MmsService: mms config for sub 1: Bundle[{httpSocketTimeout=60000, aliasMinChars=2, smsToMmsTextThreshold=-1, enableSMSDeliveryReports=true, maxMessageTextSize=-1, supportMmsContentDisposition=true, enabledTransID=false, aliasEnabled=false, supportHttpCharsetHeader=false, allowAttachAudio=true, smsToMmsTextLengthThreshold=-1, recipientLimit=2147483647, uaProfTagName=x-wap- profile, aliasMaxChars=48, maxImageHeight=1944, enableMMSDeliveryReports=false, userAgent=, mmsCloseConnection=false, config_cellBroadcastAppLinks=true, maxSubjectLength=40, httpParams=, enableGroupMms=true, emailGatewayNumber=, maxMessageSize=614400, naiSuffix=, enableMMSReadReports=false, maxImageWidth=2592, uaProfUrl=, enabledMMS=true, enabledNotifyWapMMSC=false, sendMultipartSmsAsSeparateMessages=false, enableMultipartSMS=true}]
10-01 23:23:36.113 3588 3641 I MessagingApp: Carrier configs loaded: Bundle[{httpSocketTimeout=60000, aliasMinChars=2, smsToMmsTextThreshold=-1, enableSMSDeliveryReports=true, maxMessageTextSize=-1, supportMmsContentDisposition=true, enabledTransID=false, aliasEnabled=false, supportHttpCharsetHeader=false, allowAttachAudio=true, smsToMmsTextLengthThreshold=-1, recipientLimit=2147483647, uaProfTagName=x-wap- profile, aliasMaxChars=48, maxImageHeight=1944, enableMMSDeliveryReports=false, userAgent=, mmsCloseConnection=false, config_cellBroadcastAppLinks=true, maxSubjectLength=40, httpParams=, enableGroupMms=true, emailGatewayNumber=, maxMessageSize=614400, naiSuffix=, enableMMSReadReports=false, maxImageWidth=2592, uaProfUrl=, enabledMMS=true, enabledNotifyWapMMSC=false, sendMultipartSmsAsSeparateMessages=false, enableMultipartSMS=true}] from resources+system for subId=1
10-01 23:23:36.114 2142 3676 I MmsService: MmsConfigManager loads in background mcc/mnc: 262/7
10-01 23:23:36.114 2142 2142 I VvmSimStateTracker: Service connected on ComponentInfo{com.android.phone/com.android.services.telephony.TelephonyConnectionS ervice}, ***, UserHandle{0}
10-01 23:23:36.115 3510 3597 D StrictMode: StrictMode policy violation: android.os.strictmode.DiskReadViolation
10-01 23:23:36.115 3510 3597 D StrictMode: at android.os.StrictMode$AndroidBlockGuardPolicy.onReadFromDisk(StrictMode.java:1504)
10-01 23:23:36.115 3510 3597 D StrictMode: at android.app.SharedPreferencesImpl.awaitLoadedLocked(SharedPreferencesImpl.java:256)
10-01 23:23:36.115 3510 3597 D StrictMode: at android.app.SharedPreferencesImpl.contains(SharedPreferencesImpl.java:334)
10-01 23:23:36.115 3510 3597 D StrictMode: at com.google.android.finsky.ai.k.a(SourceFile:5)
10-01 23:23:36.115 3510 3597 D StrictMode: at com.google.android.finsky.ai.q.a(SourceFile:5)
10-01 23:23:36.115 3510 3597 D StrictMode: at com.google.android.finsky.e.af.a(SourceFile:30)
10-01 23:23:36.115 3510 3597 D StrictMode: at com.google.android.finsky.e.af.a(SourceFile:12)
10-01 23:23:36.115 3510 3597 D StrictMode: at com.google.android.finsky.e.af.a(SourceFile:11)
10-01 23:23:36.115 3510 3597 D StrictMode: at com.google.android.finsky.e.af.a(SourceFile:9)
10-01 23:23:36.115 3510 3597 D StrictMode: at com.google.android.finsky.application.impl.c.cG(SourceFile:201)
10-01 23:23:36.115 3510 3597 D StrictMode: at com.google.android.finsky.application.impl.bj.a_(SourceFile:12)
10-01 23:23:36.115 3510 3597 D StrictMode: at b.b.a.b.a(SourceFile:11)
10-01 23:23:36.115 3510 3597 D StrictMode: at com.google.common.util.concurrent.s.a(SourceFile:5)
10-01 23:23:36.115 3510 3597 D StrictMode: at com.google.common.util.concurrent.r.run(SourceFile:17)
10-01 23:23:36.115 3510 3597 D StrictMode: at com.google.common.util.concurrent.bi.run(SourceFile:3)
10-01 23:23:36.115 3510 3597 D StrictMode: at com.google.android.apps.gsa.a.f.a.i.run(SourceFile:7)
10-01 23:23:36.115 3510 3597 D StrictMode: at java.util.concurrent.ThreadPoolExecutor.runWorker(ThreadPoolExecutor.java:1167)
10-01 23:23:36.115 3510 3597 D StrictMode: at java.util.concurrent.ThreadPoolExecutor$Worker.run(ThreadPoolExecutor.java:641)
10-01 23:23:36.115 3510 3597 D StrictMode: at com.google.android.finsky.bq.q.run(Unknown Source:5)
10-01 23:23:36.115 3510 3597 D StrictMode: at java.lang.Thread.run(Thread.java:764)
10-01 23:23:36.143 3588 3639 W MessagingApp: canonicalizeMccMnc: invalid mccmnc:null ,null
10-01 23:23:36.146 1469 1511 D MmsServiceBroker: getCarrierConfigValues() by com.android.messaging
10-01 23:23:36.146 2142 2367 D MmsService: getCarrierConfigValues
10-01 23:23:36.146 2142 2367 I MmsService: mms config for sub 1: Bundle[{httpSocketTimeout=60000, aliasMinChars=2, smsToMmsTextThreshold=-1, enableSMSDeliveryReports=true, maxMessageTextSize=-1, supportMmsContentDisposition=true, enabledTransID=false, aliasEnabled=false, supportHttpCharsetHeader=false, allowAttachAudio=true, smsToMmsTextLengthThreshold=-1, recipientLimit=2147483647, uaProfTagName=x-wap- profile, aliasMaxChars=48, maxImageHeight=1944, enableMMSDeliveryReports=false, userAgent=, mmsCloseConnection=false, config_cellBroadcastAppLinks=true, maxSubjectLength=40, httpParams=, enableGroupMms=true, emailGatewayNumber=, maxMessageSize=614400, naiSuffix=, enableMMSReadReports=false, maxImageWidth=2592, uaProfUrl=, enabledMMS=true, enabledNotifyWapMMSC=false, sendMultipartSmsAsSeparateMessages=false, enableMultipartSMS=true}]
10-01 23:23:36.147 3510 3602 W Settings: Setting download_manager_max_bytes_over_mobile has moved from android.provider.Settings.Secure to android.provider.Settings.Global.
10-01 23:23:36.147 3588 3639 I MessagingApp: Carrier configs loaded: Bundle[{httpSocketTimeout=60000, aliasMinChars=2, smsToMmsTextThreshold=-1, enableSMSDeliveryReports=true, maxMessageTextSize=-1, supportMmsContentDisposition=true, enabledTransID=false, aliasEnabled=false, supportHttpCharsetHeader=false, allowAttachAudio=true, smsToMmsTextLengthThreshold=-1, recipientLimit=2147483647, uaProfTagName=x-wap- profile, aliasMaxChars=48, maxImageHeight=1944, enableMMSDeliveryReports=false, userAgent=, mmsCloseConnection=false, config_cellBroadcastAppLinks=true, maxSubjectLength=40, httpParams=, enableGroupMms=true, emailGatewayNumber=, maxMessageSize=614400, naiSuffix=, enableMMSReadReports=false, maxImageWidth=2592, uaProfUrl=, enabledMMS=true, enabledNotifyWapMMSC=false, sendMultipartSmsAsSeparateMessages=false, enableMultipartSMS=true}] from resources+system for subId=1
10-01 23:23:36.148 3510 3602 W Settings: Setting download_manager_recommended_max_bytes_over_mobile has moved from android.provider.Settings.Secure to android.provider.Settings.Global.
10-01 23:23:36.154 3510 3597 I Finsky : [36] com.google.android.finsky.wear.br.a(11): Component class com.google.android.finsky.wear.WearSupportService enabled via PackageManager.
10-01 23:23:36.156 3510 3597 I Finsky : [36] com.google.android.finsky.wear.br.a(11): Component class com.google.android.finsky.wear.WearChangeListenerService enabled via PackageManager.
10-01 23:23:36.157 3510 3602 D StrictMode: StrictMode policy violation: android.os.strictmode.DiskReadViolation
10-01 23:23:36.157 3510 3602 D StrictMode: at android.os.StrictMode$AndroidBlockGuardPolicy.onReadFromDisk(StrictMode.java:1504)
10-01 23:23:36.157 3510 3602 D StrictMode: at java.io.UnixFileSystem.checkAccess(UnixFileSystem.java:251)
10-01 23:23:36.157 3510 3602 D StrictMode: at java.io.File.exists(File.java:815)
10-01 23:23:36.157 3510 3602 D StrictMode: at android.app.ContextImpl.ensurePrivateDirExists(ContextImpl.java:605)
10-01 23:23:36.157 3510 3602 D StrictMode: at android.app.ContextImpl.ensurePrivateDirExists(ContextImpl.java:596)
10-01 23:23:36.157 3510 3602 D StrictMode: at android.app.ContextImpl.getPreferencesDir(ContextImpl.java:552)
10-01 23:23:36.157 3510 3602 D StrictMode: at android.app.ContextImpl.getSharedPreferencesPath(ContextImpl.java:747)
10-01 23:23:36.157 3510 3602 D StrictMode: at android.app.ContextImpl.getSharedPreferences(ContextImpl.java:400)
10-01 23:23:36.157 3510 3602 D StrictMode: at android.content.ContextWrapper.getSharedPreferences(ContextWrapper.java:174)
10-01 23:23:36.157 3510 3602 D StrictMode: at com.google.android.finsky.ai.f.a(SourceFile:5)
10-01 23:23:36.157 3510 3602 D StrictMode: at com.google.android.finsky.ai.q.a(SourceFile:5)
10-01 23:23:36.157 3510 3602 D StrictMode: at com.google.android.finsky.hygiene.impl.i.a(SourceFile:2)
10-01 23:23:36.157 3510 3602 D StrictMode: at com.google.android.finsky.hygiene.impl.e.d(SourceFile:20)
10-01 23:23:36.157 3510 3602 D StrictMode: at com.google.android.finsky.application.impl.c.cM(SourceFile:278)
10-01 23:23:36.157 3510 3602 D StrictMode: at com.google.android.finsky.application.impl.bk.a_(SourceFile:16)
10-01 23:23:36.157 3510 3602 D StrictMode: at b.b.a.b.a(SourceFile:11)
10-01 23:23:36.157 3510 3602 D StrictMode: at com.google.common.util.concurrent.s.a(SourceFile:5)
10-01 23:23:36.157 3510 3602 D StrictMode: at com.google.common.util.concurrent.r.run(SourceFile:17)
10-01 23:23:36.157 3510 3602 D StrictMode: at com.google.common.util.concurrent.bi.run(SourceFile:3)
10-01 23:23:36.157 3510 3602 D StrictMode: at com.google.android.apps.gsa.a.f.a.i.run(SourceFile:7)
10-01 23:23:36.157 3510 3602 D StrictMode: at java.util.concurrent.ThreadPoolExecutor.runWorker(ThreadPoolExecutor.java:1167)
10-01 23:23:36.157 3510 3602 D StrictMode: at java.util.concurrent.ThreadPoolExecutor$Worker.run(ThreadPoolExecutor.java:641)
10-01 23:23:36.157 3510 3602 D StrictMode: at com.google.android.finsky.bq.q.run(Unknown Source:5)
10-01 23:23:36.157 3510 3602 D StrictMode: at java.lang.Thread.run(Thread.java:764)
10-01 23:23:36.158 3510 3602 D StrictMode: StrictMode policy violation: android.os.strictmode.DiskReadViolation
10-01 23:23:36.158 3510 3602 D StrictMode: at android.os.StrictMode$AndroidBlockGuardPolicy.onReadFromDisk(StrictMode.java:1504)
10-01 23:23:36.158 3510 3602 D StrictMode: at android.app.SharedPreferencesImpl.awaitLoadedLocked(SharedPreferencesImpl.java:256)
10-01 23:23:36.158 3510 3602 D StrictMode: at android.app.SharedPreferencesImpl.contains(SharedPreferencesImpl.java:334)
10-01 23:23:36.158 3510 3602 D StrictMode: at com.google.android.finsky.ai.j.a(SourceFile:5)
10-01 23:23:36.158 3510 3602 D StrictMode: at com.google.android.finsky.ai.q.a(SourceFile:5)
10-01 23:23:36.158 3510 3602 D StrictMode: at com.google.android.finsky.hygiene.impl.i.a(SourceFile:2)
10-01 23:23:36.158 3510 3602 D StrictMode: at com.google.android.finsky.hygiene.impl.e.d(SourceFile:20)
10-01 23:23:36.158 3510 3602 D StrictMode: at com.google.android.finsky.application.impl.c.cM(SourceFile:278)
10-01 23:23:36.158 3510 3602 D StrictMode: at com.google.android.finsky.application.impl.bk.a_(SourceFile:16)
10-01 23:23:36.158 3510 3602 D StrictMode: at b.b.a.b.a(SourceFile:11)
10-01 23:23:36.158 3510 3602 D StrictMode: at com.google.common.util.concurrent.s.a(SourceFile:5)
10-01 23:23:36.158 3510 3602 D StrictMode: at com.google.common.util.concurrent.r.run(SourceFile:17)
10-01 23:23:36.158 3510 3602 D StrictMode: at com.google.common.util.concurrent.bi.run(SourceFile:3)
10-01 23:23:36.158 3510 3602 D StrictMode: at com.google.android.apps.gsa.a.f.a.i.run(SourceFile:7)
10-01 23:23:36.158 3510 3602 D StrictMode: at java.util.concurrent.ThreadPoolExecutor.runWorker(ThreadPoolExecutor.java:1167)
10-01 23:23:36.158 3510 3602 D StrictMode: at java.util.concurrent.ThreadPoolExecutor$Worker.run(ThreadPoolExecutor.java:641)
10-01 23:23:36.158 3510 3602 D StrictMode: at com.google.android.finsky.bq.q.run(Unknown Source:5)
10-01 23:23:36.158 3510 3602 D StrictMode: at java.lang.Thread.run(Thread.java:764)
10-01 23:23:36.160 2870 3688 I Adreno : QUALCOMM build : 2371bd1, I8ebe47d372
10-01 23:23:36.160 2870 3688 I Adreno : Build Date : 03/12/18
10-01 23:23:36.160 2870 3688 I Adreno : OpenGL ES Shader Compiler Version: EV031.22.00.01
10-01 23:23:36.160 2870 3688 I Adreno : Local Branch :
10-01 23:23:36.160 2870 3688 I Adreno : Remote Branch : quic/gfx-adreno.lnx.1.0.r36-rel
10-01 23:23:36.160 2870 3688 I Adreno : Remote Branch : NONE
10-01 23:23:36.160 2870 3688 I Adreno : Reconstruct Branch : NOTHING
10-01 23:23:36.163 2142 2142 I RemoteVvmTaskManager: Binding to ComponentInfo{com.android.dialer/com.android.voicemail.impl.OmtpService}
10-01 23:23:36.166 3623 3623 I DynamiteModule: Considering local module com.google.android.gms.googlecertificates:4 and remote module com.google.android.gms.googlecertificates:4
10-01 23:23:36.166 3623 3623 I DynamiteModule: Selected local version of com.google.android.gms.googlecertificates
10-01 23:23:36.167 2870 3688 I Adreno : PFP: 0x005ff087, ME: 0x005ff063
10-01 23:23:36.172 2402 2402 I Dialer : VvmOmtpService - onCellServiceConnected
10-01 23:23:36.176 2870 3688 I ConfigStore: android::hardware::configstore::V1_0::ISurfaceFlingerConfigs::hasWideColorDisplay retrieved: 0
10-01 23:23:36.176 2870 3688 I ConfigStore: android::hardware::configstore::V1_0::ISurfaceFlingerConfigs::hasHDRDisplay retrieved: 0
10-01 23:23:36.180 2870 3688 I OpenGLRenderer: Initialized EGL, version 1.4
10-01 23:23:36.180 2870 3688 D OpenGLRenderer: Swap behavior 2
10-01 23:23:36.180 3510 3510 I Finsky : [2] com.google.android.finsky.application.impl.c.cO(517): Not a unicorn device
10-01 23:23:36.212 1907 1907 D StatusBar: disable<e i a s b h r c s > disable2<q i n
> 10-01 23:23:36.221 3663 3663 I CalendarProvider2: Created com.android.providers.calendar.CalendarAlarmManager@9df5746(com.android.providers.c alendar.CalendarProvider2@6d3ad07)
10-01 23:23:36.240 2402 2402 I Dialer : VvmOmtpService - VVM not supported on ComponentInfo{com.android.phone/com.android.services.telephony.TelephonyConnectionS ervice}, ***, UserHandle{0}
10-01 23:23:36.247 2402 2402 I Dialer : VvmOmtpService - disabling SMS filter
10-01 23:23:36.256 3623 3623 V NativeCrypto: Registering com/google/android/gms/org/conscrypt/NativeCrypto's 287 native methods...
10-01 23:23:36.262 1907 1907 D StatusBar: disable<e i a s b h r c s > disable2<q i n
> 10-01 23:23:36.283 3510 3510 I cr_CronetLibraryLoader: Cronet version: 70.0.3538.15, arch: armv8l
10-01 23:23:36.297 3623 3623 D NetworkSecurityConfig: Using Network Security Config from resource network_security_config debugBuild: false
10-01 23:23:36.312 2969 3046 W earchbox:searc: Unsupported class loader
10-01 23:23:36.316 2969 3046 W earchbox:searc: Skipping duplicate class check due to unsupported classloader
10-01 23:23:36.316 3623 3623 I ProviderInstaller: Installed default security provider GmsCore_OpenSSL
10-01 23:23:36.319 2969 3046 I DynamiteModule: Considering local module com.google.android.gms.googlecertificates:0 and remote module com.google.android.gms.googlecertificates:4
10-01 23:23:36.319 2969 3046 I DynamiteModule: Selected remote version of com.google.android.gms.googlecertificates, version >= 4
10-01 23:23:36.324 3588 3699 I MessagingAppDataModel: SyncMessagesAction: All messages now in sync
10-01 23:23:36.364 3623 3623 I GmsApplication: Registering the BackgroundBroadcastReceiverSupport receiver.
10-01 23:23:36.372 2969 3046 W earchbox:searc: Unsupported class loader
10-01 23:23:36.375 2969 3046 W earchbox:searc: Skipping duplicate class check due to unsupported classloader
10-01 23:23:36.379 3510 3737 I Finsky : [70] com.google.android.finsky.library.a.f.j(52): Loaded library for account: [xrm7tR3eV3HzAnl86j7UA_V7edY]
10-01 23:23:36.391 2870 2870 W ActionsController: content provider not found
10-01 23:23:36.391 2870 2870 W ActionsController: java.lang.SecurityException: Failed to find provider com.google.android.as.allapps.actionsuggestprovider for user 0; expected to find a valid ContentProvider for this authority
10-01 23:23:36.391 2870 2870 W ActionsController: at android.os.Parcel.createException(Parcel.java:1942)
10-01 23:23:36.391 2870 2870 W ActionsController: at android.os.Parcel.readException(Parcel.java:1910)
10-01 23:23:36.391 2870 2870 W ActionsController: at android.os.Parcel.readException(Parcel.java:1860)
10-01 23:23:36.391 2870 2870 W ActionsController: at android.content.IContentService$Stub$Proxy.registerContentObserver(IContentService. java:779)
10-01 23:23:36.391 2870 2870 W ActionsController: at android.content.ContentResolver.registerContentObserver(ContentResolver.java:1972)
10-01 23:23:36.391 2870 2870 W ActionsController: at android.content.ContentResolver.registerContentObserver(ContentResolver.java:1961)
10-01 23:23:36.391 2870 2870 W ActionsController: at com.google.android.apps.nexuslauncher.allapps.d.cY(SourceFile:193)
10-01 23:23:36.391 2870 2870 W ActionsController: at com.google.android.apps.nexuslauncher.allapps.d.<init>(SourceFile:156)
10-01 23:23:36.391 2870 2870 W ActionsController: at com.google.android.apps.nexuslauncher.allapps.d.c(SourceFile:116)
10-01 23:23:36.391 2870 2870 W ActionsController: at com.google.android.apps.nexuslauncher.allapps.ActionsRowView.onAttachedToWindow(Sou rceFile:162)
10-01 23:23:36.391 2870 2870 W ActionsController: at android.view.View.dispatchAttachedToWindow(View.java:18347)
10-01 23:23:36.391 2870 2870 W ActionsController: at android.view.ViewGroup.dispatchAttachedToWindow(ViewGroup.java:3397)
10-01 23:23:36.391 2870 2870 W ActionsController: at android.view.ViewGroup.dispatchAttachedToWindow(ViewGroup.java:3404)
10-01 23:23:36.391 2870 2870 W ActionsController: at android.view.ViewGroup.dispatchAttachedToWindow(ViewGroup.java:3404)
10-01 23:23:36.391 2870 2870 W ActionsController: at android.view.ViewGroup.dispatchAttachedToWindow(ViewGroup.java:3404)
10-01 23:23:36.391 2870 2870 W ActionsController: at android.view.ViewGroup.dispatchAttachedToWindow(ViewGroup.java:3404)
10-01 23:23:36.391 2870 2870 W ActionsController: at android.view.ViewGroup.dispatchAttachedToWindow(ViewGroup.java:3404)
10-01 23:23:36.391 2870 2870 W ActionsController: at android.view.ViewGroup.dispatchAttachedToWindow(ViewGroup.java:3404)
10-01 23:23:36.391 2870 2870 W ActionsController: at android.view.ViewGroup.dispatchAttachedToWindow(ViewGroup.java:3404)
10-01 23:23:36.391 2870 2870 W ActionsController: at android.view.ViewRootImpl.performTraversals(ViewRootImpl.java:1762)
10-01 23:23:36.391 2870 2870 W ActionsController: at android.view.ViewRootImpl.doTraversal(ViewRootImpl.java:1460)
10-01 23:23:36.391 2870 2870 W ActionsController: at android.view.ViewRootImpl$TraversalRunnable.run(ViewRootImpl.java:7184)
10-01 23:23:36.391 2870 2870 W ActionsController: at android.view.Choreographer$CallbackRecord.run(Choreographer.java:949)
10-01 23:23:36.391 2870 2870 W ActionsController: at android.view.Choreographer.doCallbacks(Choreographer.java:761)
10-01 23:23:36.391 2870 2870 W ActionsController: at android.view.Choreographer.doFrame(Choreographer.java:696)
10-01 23:23:36.391 2870 2870 W ActionsController: at android.view.Choreographer$FrameDisplayEventReceiver.run(Choreographer.java:935)
10-01 23:23:36.391 2870 2870 W ActionsController: at android.os.Handler.handleCallback(Handler.java:873)
10-01 23:23:36.391 2870 2870 W ActionsController: at android.os.Handler.dispatchMessage(Handler.java:99)
10-01 23:23:36.391 2870 2870 W ActionsController: at android.os.Looper.loop(Looper.java:193)
10-01 23:23:36.391 2870 2870 W ActionsController: at android.app.ActivityThread.main(ActivityThread.java:6669)
10-01 23:23:36.391 2870 2870 W ActionsController: at java.lang.reflect.Method.invoke(Native Method)
10-01 23:23:36.391 2870 2870 W ActionsController: at com.android.internal.os.RuntimeInit$MethodAndArgsCaller.run(RuntimeInit.java:495)
10-01 23:23:36.391 2870 2870 W ActionsController: at com.android.internal.os.ZygoteInit.main(ZygoteInit.java:858)
10-01 23:23:36.391 2870 2870 W ActionsController: Caused by: android.os.RemoteException: Remote stack trace:
10-01 23:23:36.391 2870 2870 W ActionsController: at com.android.server.content.ContentService.registerContentObserver(ContentService.ja va:340)
10-01 23:23:36.391 2870 2870 W ActionsController: at android.content.IContentService$Stub.onTransact(IContentService.java:76)
10-01 23:23:36.391 2870 2870 W ActionsController: at com.android.server.content.ContentService.onTransact(ContentService.java:262)
10-01 23:23:36.391 2870 2870 W ActionsController: at android.os.Binder.execTransact(Binder.java:731)
10-01 23:23:36.391 2870 2870 W ActionsController:
10-01 23:23:36.396 2969 3046 D GoogleCertificatesRslt: not whitelisted: pkg=com.google.android.apps.nexuslauncher, sha1=7b479085a9cfa6897cfbf4ea847b825f33b28104, atk=false, ver=12662009.false
10-01 23:23:36.407 2969 3046 D GoogleCertificatesRslt: not whitelisted: pkg=com.google.android.apps.nexuslauncher, sha1=7b479085a9cfa6897cfbf4ea847b825f33b28104, atk=false, ver=12662009.false
10-01 23:23:36.408 2870 3617 W QsbUiManager: Doodle is not valid.
10-01 23:23:36.408 2870 3617 W QsbUiManager: Doodle bitmap is not valid.
10-01 23:23:36.409 3623 3623 I GmsReceiverSupport: Registered Receiver for 26 IntentFilters
10-01 23:23:36.416 2969 3046 D GoogleCertificatesRslt: not whitelisted: pkg=com.google.android.apps.nexuslauncher, sha1=7b479085a9cfa6897cfbf4ea847b825f33b28104, atk=false, ver=12662009.false
10-01 23:23:36.427 2969 3060 D GoogleCertificatesRslt: not whitelisted: pkg=com.google.android.apps.nexuslauncher, sha1=7b479085a9cfa6897cfbf4ea847b825f33b28104, atk=false, ver=12662009.false
10-01 23:23:36.436 2969 3060 D GoogleCertificatesRslt: not whitelisted: pkg=com.google.android.apps.nexuslauncher, sha1=7b479085a9cfa6897cfbf4ea847b825f33b28104, atk=false, ver=12662009.false
10-01 23:23:36.440 3510 3510 I Finsky : [2] com.google.android.finsky.verifier.impl.dq.b(106): Setup app restrictions monitor
10-01 23:23:36.443 3510 3510 I Finsky : [2] com.google.android.finsky.verifier.impl.ey.a(16): Device wide unknown source restriction is changed.
10-01 23:23:36.453 3510 3510 I Finsky : [2] com.google.android.finsky.db.c.onTrimMemory(4): Memory trim requested to level 5
10-01 23:23:36.456 2969 3060 D GoogleCertificatesRslt: not whitelisted: pkg=com.google.android.apps.nexuslauncher, sha1=7b479085a9cfa6897cfbf4ea847b825f33b28104, atk=false, ver=12662009.false
10-01 23:23:36.464 1469 3454 D ActivityManager: Raise procstate to external provider: ProcessRecord{b08bd2d 3663:com.android.providers.calendar/u0a7}
10-01 23:23:36.465 1469 1510 D ActivityManager: Raise procstate to external provider: ProcessRecord{b08bd2d 3663:com.android.providers.calendar/u0a7}
10-01 23:23:36.465 1469 3454 W Binder : Outgoing transactions from this process must be FLAG_ONEWAY
10-01 23:23:36.465 1469 3454 W Binder : java.lang.Throwable
10-01 23:23:36.465 1469 3454 W Binder : at android.os.BinderProxy.transact(Binder.java:1114)
10-01 23:23:36.465 1469 3454 W Binder : at android.content.ContentProviderProxy.getType(ContentProviderNative.java:451)
10-01 23:23:36.465 1469 3454 W Binder : at com.android.server.am.ActivityManagerService.getProviderMimeType(ActivityManagerSer vice.java:12990)
10-01 23:23:36.465 1469 3454 W Binder : at android.app.IActivityManager$Stub.onTransact(IActivityManager.java:1416)
10-01 23:23:36.465 1469 3454 W Binder : at com.android.server.am.ActivityManagerService.onTransact(ActivityManagerService.java :3288)
10-01 23:23:36.465 1469 3454 W Binder : at android.os.Binder.execTransact(Binder.java:731)
10-01 23:23:36.465 2985 3009 I chtype.swiftke: Waiting for a blocking GC ProfileSaver
10-01 23:23:36.466 3623 3623 W Primes : Primes not initialized, returning default (no-op) Primes instance which will ignore all calls. Please call Primes.initialize(...) before using any Primes API.
10-01 23:23:36.476 2969 3060 D GoogleCertificatesRslt: not whitelisted: pkg=com.google.android.apps.nexuslauncher, sha1=7b479085a9cfa6897cfbf4ea847b825f33b28104, atk=false, ver=12662009.false
10-01 23:23:36.480 3510 3510 I Finsky : [2] com.google.android.finsky.installer.a.s.<init>(15): Not checking if recovering from paused session because experiment is off
10-01 23:23:36.484 3510 3510 I Finsky : [2] com.google.android.finsky.installer.a.aj.a(504): Installer kick - no action, not running yet
10-01 23:23:36.485 3510 3510 I Finsky : [2] com.google.android.finsky.installer.a.aj.a(504): Installer kick - no action, not running yet
10-01 23:23:36.487 2969 3046 D GoogleCertificatesRslt: not whitelisted: pkg=com.google.android.apps.nexuslauncher, sha1=7b479085a9cfa6897cfbf4ea847b825f33b28104, atk=false, ver=12662009.false
10-01 23:23:36.533 1469 1584 W Binder : Outgoing transactions from this process must be FLAG_ONEWAY
10-01 23:23:36.533 1469 1584 W Binder : java.lang.Throwable
10-01 23:23:36.533 1469 1584 W Binder : at android.os.BinderProxy.transact(Binder.java:1114)
10-01 23:23:36.533 1469 1584 W Binder : at com.android.internal.location.ILocationProvider$Stub$Proxy.getProperties(ILocationP rovider.java:236)
10-01 23:23:36.533 1469 1584 W Binder : at com.android.server.location.LocationProviderProxy$1$1.run(LocationProviderProxy.jav a:117)
10-01 23:23:36.533 1469 1584 W Binder : at com.android.server.ServiceWatcher.runOnBinder(ServiceWatcher.java:425)
10-01 23:23:36.533 1469 1584 W Binder : at com.android.server.location.LocationProviderProxy$1.run(LocationProviderProxy.java: 111)
10-01 23:23:36.533 1469 1584 W Binder : at android.os.Handler.handleCallback(Handler.java:873)
10-01 23:23:36.533 1469 1584 W Binder : at android.os.Handler.dispatchMessage(Handler.java:99)
10-01 23:23:36.533 1469 1584 W Binder : at android.os.Looper.loop(Looper.java:193)
10-01 23:23:36.533 1469 1584 W Binder : at android.os.HandlerThread.run(HandlerThread.java:65)
10-01 23:23:36.543 3510 3737 I Finsky : [70] com.google.android.finsky.library.a.f.j(52): Loaded library for account: [1SliTPT_gXjXnFEGootMsb4FEaI]
10-01 23:23:36.548 1469 1584 W Binder : Outgoing transactions from this process must be FLAG_ONEWAY
10-01 23:23:36.548 1469 1584 W Binder : java.lang.Throwable
10-01 23:23:36.548 1469 1584 W Binder : at android.os.BinderProxy.transact(Binder.java:1114)
10-01 23:23:36.548 1469 1584 W Binder : at com.android.internal.location.ILocationProvider$Stub$Proxy.getProperties(ILocationP rovider.java:236)
10-01 23:23:36.548 1469 1584 W Binder : at com.android.server.location.LocationProviderProxy$1$1.run(LocationProviderProxy.jav a:117)
10-01 23:23:36.548 1469 1584 W Binder : at com.android.server.ServiceWatcher.runOnBinder(ServiceWatcher.java:425)
10-01 23:23:36.548 1469 1584 W Binder : at com.android.server.location.LocationProviderProxy$1.run(LocationProviderProxy.java: 111)
10-01 23:23:36.548 1469 1584 W Binder : at android.os.Handler.handleCallback(Handler.java:873)
10-01 23:23:36.548 1469 1584 W Binder : at android.os.Handler.dispatchMessage(Handler.java:99)
10-01 23:23:36.548 1469 1584 W Binder : at android.os.Looper.loop(Looper.java:193)
10-01 23:23:36.548 1469 1584 W Binder : at android.os.HandlerThread.run(HandlerThread.java:65)
10-01 23:23:36.574 1469 1588 I ActivityManager: Start proc 3758:com.android.traceur/u0a71 for broadcast com.android.traceur/.Receiver
10-01 23:23:36.577 3758 3758 I Zygote : seccomp disabled by setenforce 0
10-01 23:23:36.596 3758 3758 E android.traceu: Not starting debugger since process cannot load the jdwp agent.
10-01 23:23:36.622 3510 3737 I Finsky : [70] com.google.android.finsky.library.a.f.j(76): Finished loading 2 libraries.
10-01 23:23:36.635 1469 1604 I ActivityManager: Displayed com.google.android.apps.nexuslauncher/.NexusLauncherActivity: +1s544ms (total +11s657ms)
10-01 23:23:36.638 3510 3510 I Finsky : [2] com.google.android.finsky.splitinstallservice.dh.a(10): Connecting InstallListener to SplitInstallService broadcaster...
10-01 23:23:36.670 2969 2969 D OpenGLRenderer: Skia GL Pipeline
10-01 23:23:36.703 1469 3454 D ContextHubService: Added callback, total callbacks 1
10-01 23:23:36.712 3623 3623 W ChreGmsCore: Unable to construct RealContextHub.
10-01 23:23:36.712 3623 3623 W ChreGmsCore: java.lang.IllegalStateException: No ContextHubs were found in the platform.
10-01 23:23:36.712 3623 3623 W ChreGmsCore: at blru.<init>(:com.google.android.gms@[email protected] (100400-213742215):9)
10-01 23:23:36.712 3623 3623 W ChreGmsCore: at blru.b(:com.google.android.gms@[email protected] (100400-213742215):13)
10-01 23:23:36.712 3623 3623 W ChreGmsCore: at blru.a(:com.google.android.gms@[email protected] (100400-213742215):2)
10-01 23:23:36.712 3623 3623 W ChreGmsCore: at blrd.a(:com.google.android.gms@[email protected] (100400-213742215):3)
10-01 23:23:36.712 3623 3623 W ChreGmsCore: at com.google.android.location.internal.server.GoogleLocationChimeraService.onCreate(: com.google.android.gms@[email protected] (100400-213742215):12)
10-01 23:23:36.712 3623 3623 W ChreGmsCore: at dmt.onCreate(:com.google.android.gms@[email protected] (100400-213742215):1)
10-01 23:23:36.712 3623 3623 W ChreGmsCore: at ofx.onCreate(:com.google.android.gms@[email protected] (100400-213742215):4)
10-01 23:23:36.712 3623 3623 W ChreGmsCore: at android.app.ActivityThread.handleCreateService(ActivityThread.java:3532)
10-01 23:23:36.712 3623 3623 W ChreGmsCore: at android.app.ActivityThread.access$1300(ActivityThread.java:199)
10-01 23:23:36.712 3623 3623 W ChreGmsCore: at android.app.ActivityThread$H.handleMessage(ActivityThread.java:1666)
10-01 23:23:36.712 3623 3623 W ChreGmsCore: at android.os.Handler.dispatchMessage(Handler.java:106)
10-01 23:23:36.712 3623 3623 W ChreGmsCore: at android.os.Looper.loop(Looper.java:193)
10-01 23:23:36.712 3623 3623 W ChreGmsCore: at android.app.ActivityThread.main(ActivityThread.java:6669)
10-01 23:23:36.712 3623 3623 W ChreGmsCore: at java.lang.reflect.Method.invoke(Native Method)
10-01 23:23:36.712 3623 3623 W ChreGmsCore: at com.android.internal.os.RuntimeInit$MethodAndArgsCaller.run(RuntimeInit.java:495)
10-01 23:23:36.712 3623 3623 W ChreGmsCore: at com.android.internal.os.ZygoteInit.main(ZygoteInit.java:858)
10-01 23:23:36.718 560 560 D SurfaceFlinger: duplicate layer name: changing com.google.android.apps.nexuslauncher/com.google.android.apps.nexuslauncher.NexusLa uncherActivity to com.google.android.apps.nexuslauncher/com.google.android.apps.nexuslauncher.NexusLa uncherActivity#1
10-01 23:23:36.724 2969 3777 I Adreno : QUALCOMM build : 2371bd1, I8ebe47d372
10-01 23:23:36.724 2969 3777 I Adreno : Build Date : 03/12/18
10-01 23:23:36.724 2969 3777 I Adreno : OpenGL ES Shader Compiler Version: EV031.22.00.01
10-01 23:23:36.724 2969 3777 I Adreno : Local Branch :
10-01 23:23:36.724 2969 3777 I Adreno : Remote Branch : quic/gfx-adreno.lnx.1.0.r36-rel
10-01 23:23:36.724 2969 3777 I Adreno : Remote Branch : NONE
10-01 23:23:36.724 2969 3777 I Adreno : Reconstruct Branch : NOTHING
10-01 23:23:36.740 2969 3777 I Adreno : PFP: 0x005ff087, ME: 0x005ff063
10-01 23:23:36.750 2969 3777 I ConfigStore: android::hardware::configstore::V1_0::ISurfaceFlingerConfigs::hasWideColorDisplay retrieved: 0
10-01 23:23:36.750 2969 3777 I ConfigStore: android::hardware::configstore::V1_0::ISurfaceFlingerConfigs::hasHDRDisplay retrieved: 0
10-01 23:23:36.751 2969 3777 I OpenGLRenderer: Initialized EGL, version 1.4
10-01 23:23:36.752 2969 3777 D OpenGLRenderer: Swap behavior 2
10-01 23:23:36.818 2969 2969 W SessionLifecycleManager: Handover failed. Creating new session controller.
10-01 23:23:36.819 3510 3510 I Finsky : [2] com.google.android.finsky.scheduler.bp.<init>(19): Resetting scheduler db
10-01 23:23:36.821 3510 3510 I Finsky : [2] com.google.android.finsky.passivestate.impl.b.a(21): passiveState: onBoot
10-01 23:23:36.825 3510 3510 I Finsky : [2] com.google.android.finsky.scheduler.ae.a(29): Scheduling fallback job with id: 9034, and delay: 43200000 ms
10-01 23:23:36.829 3510 3510 I Finsky : [2] com.google.android.finsky.scheduler.ae.a(39): Scheduling fallback in 64799998 (absolute: 64831796)
10-01 23:23:36.854 3623 3623 W native : commandlineflags.cc:949 Ignoring RegisterValidateFunction() for flag pointer 0x770be44e68: no flag found at that address
10-01 23:23:36.904 3510 3510 I Finsky : [2] com.google.android.finsky.deviceconfig.ab.a(8): Scheduling UploadDynamicConfig.
10-01 23:23:36.912 2969 3060 E NotificationStore: Error reading notifications from disk
10-01 23:23:36.934 3623 3623 W ChimeraUtils: Non Chimera context
10-01 23:23:36.934 3623 3623 W ChimeraUtils: Non Chimera context
10-01 23:23:36.939 2969 3060 I EngineIdGenerator: Refusing EXCLUSIVE task NOW_UPDATE_GCM_REGISTRATION, it is already pending. Try again in 7498 seconds.
10-01 23:23:36.942 1469 1588 I ActivityManager: Start proc 3801:com.google.android.apps.maps/u0a106 for broadcast com.google.android.apps.maps/com.google.android.apps.gmm.navigation.service.detecti on.StartDetectionReceiver
10-01 23:23:36.948 3510 3510 I Finsky : [2] com.google.android.finsky.scheduler.JobSchedulerEngine.a(18): Scheduling immediate wakeup job with id: 9000
10-01 23:23:36.949 3801 3801 I Zygote : seccomp disabled by setenforce 0
10-01 23:23:36.952 3510 3510 I Finsky : [2] com.google.android.finsky.scheduler.bp.a(66): Jobs in database: 1-1337 21-333333333
10-01 23:23:36.955 3510 3510 I Finsky : [2]
com.google.android.finsky.scheduler.l.a(68): ConstraintMapping: 1-1337, 21- 333333333, -> L: 0ms, D: 51824553ms, C: false, I: false, N: 1
10-01 23:23:36.961 3510 3510 I Finsky : [2] com.google.android.finsky.scheduler.JobSchedulerEngine.a(98): Cancelling existing job with id: 9000
10-01 23:23:36.968 3510 3510 I Finsky : [2] com.google.android.finsky.scheduler.JobSchedulerEngine.a(47): Scheduling job Id: 9001, L: 0, D: 51824553, C: false, I: false, N: 1
10-01 23:23:36.975 3510 3510 I Finsky : [2] com.google.android.finsky.scheduler.JobSchedulerEngine$PhoneskyJobSchedulerJobServi ce.onStartJob(7): onJobSchedulerWakeup with jobId 9001
10-01 23:23:36.977 3510 3510 I Finsky : [2] com.google.android.finsky.scheduler.ae.a(29): Scheduling fallback job with id: 9034, and delay: 43200000 ms
10-01 23:23:36.980 3510 3510 I Finsky : [2] com.google.android.finsky.scheduler.ae.a(39): Scheduling fallback in 64799998 (absolute: 64831948)
10-01 23:23:36.993 3510 3510 I Finsky : [2] com.google.android.finsky.scheduler.bp.a(66): Jobs in database: 1-1337 21-333333333
10-01 23:23:36.994 3510 3510 I Finsky : [2]
com.google.android.finsky.scheduler.ci.run(10): JobExecutor already running, not rescheduling
10-01 23:23:36.984 2870 2870 I RenderThread: type=1400 audit(0.0:1196): avc: denied { ioctl } for path="/dev/kgsl-3d0" dev="tmpfs" ino=4527 ioctlcmd=945 scontext=u:r:untrusted_app:s0:c199,c256,c512,c768 tcontext=u:object_r:device:s0 tclass=chr_file permissive=1
10-01 23:23:36.995 2969 3046 I cr_CronetLibraryLoader: Cronet version: 70.0.3538.15, arch: aarch64
10-01 23:23:36.984 2870 2870 I RenderThread: type=1400 audit(0.0:1197): avc: denied { read write } for path="/dev/kgsl-3d0" dev="tmpfs" ino=4527 scontext=u:r:untrusted_app:s0:c199,c256,c512,c768 tcontext=u:object_r:device:s0 tclass=chr_file permissive=1
10-01 23:23:37.001 3801 3801 E droid.apps.map: Not starting debugger since process cannot load the jdwp agent.
10-01 23:23:37.009 3510 3510 I Finsky : [2] com.google.android.finsky.scheduler.am.handleMessage(16): DeviceState: DeviceState{currentTime=1538429016994, isCharging=true, isIdle=false, netAny=true, netNotRoaming=true, netUnmetered=true}
10-01 23:23:37.014 3510 3510 I Finsky : [2] com.google.android.finsky.scheduler.bp.a(66): Jobs in database: 1-1337 21-333333333
10-01 23:23:37.016 3510 3510 I Finsky : [2]
com.google.android.finsky.scheduler.ah.a(59): Running job: 1-1337
10-01 23:23:37.029 3510 3510 I Finsky : [2] com.google.android.finsky.hygiene.impl.p.a(49): Beginning daily hygiene, foreground = false, reason = 6
10-01 23:23:37.034 560 560 I surfaceflinger: type=1400 audit(0.0:1198): avc: denied { ioctl } for path="/dev/kgsl-3d0" dev="tmpfs" ino=4527 ioctlcmd=94a scontext=u:r:surfaceflinger:s0 tcontext=u:object_r:device:s0 tclass=chr_file permissive=1
10-01 23:23:37.088 3510 3510 I Finsky : [2] com.google.android.finsky.cf.a.b(56): Probe [xrm7tR3eV3HzAnl86j7UA_V7edY] for hygiene pass
10-01 23:23:37.100 3510 3510 I Finsky : [2] com.google.android.finsky.scheduler.ah.a(100): RunningQueue size: 1, PendingQueue size: 0
10-01 23:23:37.101 3510 3510 I Finsky : [2] com.google.android.finsky.scheduler.ah.a(109): Running queue: 1-1337
10-01 23:23:37.123 2969 2969 I BgTaskExecutorImpl: Starting EXCLUSIVE background task WEAR_STATUS_SYNCER_UPDATE_OPT_IN_STATUS_IF_CHANGED.
10-01 23:23:37.136 2969 3660 I EventLogSendingHelper: Sending log events.
10-01 23:23:37.141 2870 3756 D reflection: recency_event_predictor
10-01 23:23:37.141 2870 3756 D reflection: Rule_Based_Predictor
10-01 23:23:37.185 2870 2898 I s.nexuslaunche: Background concurrent copying GC freed 7420(301KB) AllocSpace objects, 16(17MB) LOS objects, 57% free, 8MB/20MB, paused 673us total 141.411ms
10-01 23:23:37.253 2969 2969 I StreamController: registerScope: nowcards-7ddf- db49
10-01 23:23:37.306 2870 2870 W System : ClassLoader referenced unknown path:
10-01 23:23:37.368 2969 2969 W TemplatedStringEvaluato: Got templated string with no display string
10-01 23:23:37.381 3623 3623 W Settings: Setting airplane_mode_on has moved from android.provider.Settings.System to android.provider.Settings.Global, returning read-only value.
10-01 23:23:37.383 2969 3669 W ComponentDiscovery: Application info not found.
10-01 23:23:37.383 2969 3669 W ComponentDiscovery: Could not retrieve metadata, returning empty list of registrars.
10-01 23:23:37.386 2870 2891 I s.nexuslaunche: Compiler allocated 4MB to compile void android.widget.TextView.<init>(android.content.Context, android.util.AttributeSet, int, int)
10-01 23:23:37.386 2969 2969 I StreamRenderer: maybeRegisterNowCardsScope(nowcards-7ddf-db49, com.google.android.sidekick.shared.remoteapi.CardRenderingContext@4477640)
10-01 23:23:37.417 2969 3669 D FirebaseApp: com.google.firebase.auth.FirebaseAuth is not linked. Skipping initialization.
10-01 23:23:37.424 1469 1588 I ActivityManager: Start proc 3852:com.google.android.gms/u0a13 for service com.google.android.gms/.chimera.GmsIntentOperationService
10-01 23:23:37.426 3852 3852 I Zygote : seccomp disabled by setenforce 0
10-01 23:23:37.429 3623 3753 W GCoreFlp: No location to return for getLastLocation()
10-01 23:23:37.446 2969 3669 D FirebaseApp: com.google.firebase.crash.FirebaseCrash is not linked. Skipping initialization.
10-01 23:23:37.447 3852 3852 E gle.android.gm: Not starting debugger since process cannot load the jdwp agent.
10-01 23:23:37.460 1253 1841 E Diag_Lib: [IMS_FATAL]| 1841 | ims_qmi_register_client : Failed
10-01 23:23:37.462 1253 1841 E Diag_Lib: [IMS_FATAL]| 1841 | ims_qmi_register_client : Failed
10-01 23:23:37.466 2969 3848 I FA : App measurement is starting up, version: 12662
10-01 23:23:37.466 2969 3848 I FA : To enable debug logging run: adb shell setprop log.tag.FA VERBOSE
10-01 23:23:37.466 2969 3848 I FA : To enable faster debug mode event logging run:
