10-01 23:23:31.494 2854 2854 I iaomi.hm.healt: at java.lang.Class java.lang.ClassLoader.loadClass(java.lang.String, boolean) (ClassLoader.java:379)
10-01 23:23:31.494 2854 2854 I iaomi.hm.healt: at java.lang.Class java.lang.ClassLoader.loadClass(java.lang.String) (ClassLoader.java:312)
10-01 23:23:31.494 2854 2854 I iaomi.hm.healt: at void com.xiaomi.hm.health.databases.b.<init>(android.content.Context, java.lang.String) (HMDaoManager.java:84)
10-01 23:23:31.494 2854 2854 I iaomi.hm.healt: at void com.xiaomi.hm.health.databases.b.a(android.content.Context, java.lang.String) (HMDaoManager.java:80)
10-01 23:23:31.494 2854 2854 I iaomi.hm.healt: at void com.xiaomi.hm.health.BraceletApp.a(android.content.Context, java.lang.String, java.lang.String) (BraceletApp.java:374)
10-01 23:23:31.494 2854 2854 I iaomi.hm.healt: at void com.xiaomi.hm.health.BraceletApp.onCreate() (BraceletApp.java:195)
10-01 23:23:31.494 2854 2854 I iaomi.hm.healt: at void android.app.Instrumentation.callApplicationOnCreate(android.app.Application) (Instrumentation.java:1154)
10-01 23:23:31.494 2854 2854 I iaomi.hm.healt: at void android.app.ActivityThread.handleBindApplication(android.app.ActivityThread$AppBind Data) (ActivityThread.java:5871)
10-01 23:23:31.494 2854 2854 I iaomi.hm.healt: at void android.app.ActivityThread.access$1100(android.app.ActivityThread, android.app.ActivityThread$AppBindData) (ActivityThread.java:199)
10-01 23:23:31.494 2854 2854 I iaomi.hm.healt: at void android.app.ActivityThread$H.handleMessage(android.os.Message) (ActivityThread.java:1650)
10-01 23:23:31.494 2854 2854 I iaomi.hm.healt: at void android.os.Handler.dispatchMessage(android.os.Message) (Handler.java:106)
10-01 23:23:31.494 2854 2854 I iaomi.hm.healt: at void android.os.Looper.loop() (Looper.java:193)
10-01 23:23:31.494 2854 2854 I iaomi.hm.healt: at void android.app.ActivityThread.main(java.lang.String[]) (ActivityThread.java:6669)
10-01 23:23:31.494 2854 2854 I iaomi.hm.healt: at java.lang.Object java.lang.reflect.Method.invoke(java.lang.Object, java.lang.Object[]) (Method.java:-2)
10-01 23:23:31.494 2854 2854 I iaomi.hm.healt: at void com.android.internal.os.RuntimeInit$MethodAndArgsCaller.run() (RuntimeInit.java:495)
10-01 23:23:31.494 2854 2854 I iaomi.hm.healt: at void com.android.internal.os.ZygoteInit.main(java.lang.String[]) (ZygoteInit.java:858)
10-01 23:23:31.494 2854 2854 I iaomi.hm.healt:
10-01 23:23:31.495 2854 2854 I iaomi.hm.healt: Rejecting re-init on previously- failed class java.lang.Class<org.b.a.d.b$a>: java.lang.NoClassDefFoundError: Failed resolution of: Lnet/sqlcipher/database/SQLiteOpenHelper;
10-01 23:23:31.495 2854 2854 I iaomi.hm.healt: at void com.xiaomi.hm.health.databases.b.<init>(android.content.Context, java.lang.String) (HMDaoManager.java:84)
10-01 23:23:31.495 2854 2854 I iaomi.hm.healt: at void com.xiaomi.hm.health.databases.b.a(android.content.Context, java.lang.String) (HMDaoManager.java:80)
10-01 23:23:31.495 2854 2854 I iaomi.hm.healt: at void com.xiaomi.hm.health.BraceletApp.a(android.content.Context, java.lang.String, java.lang.String) (BraceletApp.java:374)
10-01 23:23:31.495 2854 2854 I iaomi.hm.healt: at void com.xiaomi.hm.health.BraceletApp.onCreate() (BraceletApp.java:195)
10-01 23:23:31.495 2854 2854 I iaomi.hm.healt: at void android.app.Instrumentation.callApplicationOnCreate(android.app.Application) (Instrumentation.java:1154)
10-01 23:23:31.495 2854 2854 I iaomi.hm.healt: at void android.app.ActivityThread.handleBindApplication(android.app.ActivityThread$AppBind Data) (ActivityThread.java:5871)
10-01 23:23:31.495 2854 2854 I iaomi.hm.healt: at void android.app.ActivityThread.access$1100(android.app.ActivityThread, android.app.ActivityThread$AppBindData) (ActivityThread.java:199)
10-01 23:23:31.496 2854 2854 I iaomi.hm.healt: at void android.app.ActivityThread$H.handleMessage(android.os.Message) (ActivityThread.java:1650)
10-01 23:23:31.496 2854 2854 I iaomi.hm.healt: at void android.os.Handler.dispatchMessage(android.os.Message) (Handler.java:106)
10-01 23:23:31.496 2854 2854 I iaomi.hm.healt: at void android.os.Looper.loop() (Looper.java:193)
10-01 23:23:31.496 2854 2854 I iaomi.hm.healt: at void android.app.ActivityThread.main(java.lang.String[]) (ActivityThread.java:6669)
10-01 23:23:31.496 2854 2854 I iaomi.hm.healt: at java.lang.Object java.lang.reflect.Method.invoke(java.lang.Object, java.lang.Object[]) (Method.java:-2)
10-01 23:23:31.496 2854 2854 I iaomi.hm.healt: at void com.android.internal.os.RuntimeInit$MethodAndArgsCaller.run() (RuntimeInit.java:495)
10-01 23:23:31.496 2854 2854 I iaomi.hm.healt: at void com.android.internal.os.ZygoteInit.main(java.lang.String[]) (ZygoteInit.java:858)
10-01 23:23:31.496 2854 2854 I iaomi.hm.healt: Caused by: java.lang.ClassNotFoundException: Didn't find class "net.sqlcipher.database.SQLiteOpenHelper" on path: DexPathList[[zip file "/system/framework/org.apache.http.legacy.boot.jar", zip file "/data/app/com.xiaomi.hm.health- _qe1r8cIddQ8phVZQeC2IQ==/base.apk"],nativeLibraryDirectories=[/data/app/com.xiaomi. hm.health-_qe1r8cIddQ8phVZQeC2IQ==/lib/arm, /system/fake-libs, /data/app/com.xiaomi.hm.health-_qe1r8cIddQ8phVZQeC2IQ==/base.apk!/lib/armeabi- v7a, /system/lib, /vendor/lib]]
10-01 23:23:31.496 2854 2854 I iaomi.hm.healt: at java.lang.Class dalvik.system.BaseDexClassLoader.findClass(java.lang.String) (BaseDexClassLoader.java:134)
10-01 23:23:31.496 2854 2854 I iaomi.hm.healt: at java.lang.Class java.lang.ClassLoader.loadClass(java.lang.String, boolean) (ClassLoader.java:379)
10-01 23:23:31.496 2854 2854 I iaomi.hm.healt: at java.lang.Class java.lang.ClassLoader.loadClass(java.lang.String) (ClassLoader.java:312)
10-01 23:23:31.496 2854 2854 I iaomi.hm.healt: at void com.xiaomi.hm.health.databases.b.<init>(android.content.Context, java.lang.String) (HMDaoManager.java:84)
10-01 23:23:31.496 2854 2854 I iaomi.hm.healt: at void com.xiaomi.hm.health.databases.b.a(android.content.Context, java.lang.String) (HMDaoManager.java:80)
10-01 23:23:31.496 2854 2854 I iaomi.hm.healt: at void com.xiaomi.hm.health.BraceletApp.a(android.content.Context, java.lang.String, java.lang.String) (BraceletApp.java:374)
10-01 23:23:31.496 2854 2854 I iaomi.hm.healt: at void com.xiaomi.hm.health.BraceletApp.onCreate() (BraceletApp.java:195)
10-01 23:23:31.496 2854 2854 I iaomi.hm.healt: at void android.app.Instrumentation.callApplicationOnCreate(android.app.Application) (Instrumentation.java:1154)
10-01 23:23:31.496 2854 2854 I iaomi.hm.healt: at void android.app.ActivityThread.handleBindApplication(android.app.ActivityThread$AppBind Data) (ActivityThread.java:5871)
10-01 23:23:31.496 2854 2854 I iaomi.hm.healt: at void android.app.ActivityThread.access$1100(android.app.ActivityThread, android.app.ActivityThread$AppBindData) (ActivityThread.java:199)
10-01 23:23:31.496 2854 2854 I iaomi.hm.healt: at void android.app.ActivityThread$H.handleMessage(android.os.Message) (ActivityThread.java:1650)
10-01 23:23:31.496 2854 2854 I iaomi.hm.healt: at void android.os.Handler.dispatchMessage(android.os.Message) (Handler.java:106)
10-01 23:23:31.496 2854 2854 I iaomi.hm.healt: at void android.os.Looper.loop() (Looper.java:193)
10-01 23:23:31.496 2854 2854 I iaomi.hm.healt: at void android.app.ActivityThread.main(java.lang.String[]) (ActivityThread.java:6669)
10-01 23:23:31.496 2854 2854 I iaomi.hm.healt: at java.lang.Object java.lang.reflect.Method.invoke(java.lang.Object, java.lang.Object[]) (Method.java:-2)
10-01 23:23:31.496 2854 2854 I iaomi.hm.healt: at void com.android.internal.os.RuntimeInit$MethodAndArgsCaller.run() (RuntimeInit.java:495)
10-01 23:23:31.496 2854 2854 I iaomi.hm.healt: at void com.android.internal.os.ZygoteInit.main(java.lang.String[]) (ZygoteInit.java:858)
10-01 23:23:31.496 2854 2854 I iaomi.hm.healt:
10-01 23:23:31.496 2854 2854 I iaomi.hm.healt: Rejecting re-init on previously- failed class java.lang.Class<org.b.a.d.b$a>: java.lang.NoClassDefFoundError: Failed resolution of: Lnet/sqlcipher/database/SQLiteOpenHelper;
10-01 23:23:31.496 2854 2854 I iaomi.hm.healt: at void com.xiaomi.hm.health.databases.b.<init>(android.content.Context, java.lang.String) (HMDaoManager.java:84)
10-01 23:23:31.496 2854 2854 I iaomi.hm.healt: at void com.xiaomi.hm.health.databases.b.a(android.content.Context, java.lang.String) (HMDaoManager.java:80)
10-01 23:23:31.496 2854 2854 I iaomi.hm.healt: at void com.xiaomi.hm.health.BraceletApp.a(android.content.Context, java.lang.String, java.lang.String) (BraceletApp.java:374)
10-01 23:23:31.496 2854 2854 I iaomi.hm.healt: at void com.xiaomi.hm.health.BraceletApp.onCreate() (BraceletApp.java:195)
10-01 23:23:31.496 2854 2854 I iaomi.hm.healt: at void android.app.Instrumentation.callApplicationOnCreate(android.app.Application) (Instrumentation.java:1154)
10-01 23:23:31.496 2854 2854 I iaomi.hm.healt: at void android.app.ActivityThread.handleBindApplication(android.app.ActivityThread$AppBind Data) (ActivityThread.java:5871)
10-01 23:23:31.496 2854 2854 I iaomi.hm.healt: at void android.app.ActivityThread.access$1100(android.app.ActivityThread, android.app.ActivityThread$AppBindData) (ActivityThread.java:199)
10-01 23:23:31.496 2854 2854 I iaomi.hm.healt: at void android.app.ActivityThread$H.handleMessage(android.os.Message) (ActivityThread.java:1650)
10-01 23:23:31.496 2854 2854 I iaomi.hm.healt: at void android.os.Handler.dispatchMessage(android.os.Message) (Handler.java:106)
10-01 23:23:31.496 2854 2854 I iaomi.hm.healt: at void android.os.Looper.loop() (Looper.java:193)
10-01 23:23:31.496 2854 2854 I iaomi.hm.healt: at void android.app.ActivityThread.main(java.lang.String[]) (ActivityThread.java:6669)
10-01 23:23:31.496 2854 2854 I iaomi.hm.healt: at java.lang.Object java.lang.reflect.Method.invoke(java.lang.Object, java.lang.Object[]) (Method.java:-2)
10-01 23:23:31.496 2854 2854 I iaomi.hm.healt: at void com.android.internal.os.RuntimeInit$MethodAndArgsCaller.run() (RuntimeInit.java:495)
10-01 23:23:31.496 2854 2854 I iaomi.hm.healt: at void com.android.internal.os.ZygoteInit.main(java.lang.String[]) (ZygoteInit.java:858)
10-01 23:23:31.496 2854 2854 I iaomi.hm.healt: Caused by: java.lang.ClassNotFoundException: Didn't find class "net.sqlcipher.database.SQLiteOpenHelper" on path: DexPathList[[zip file "/system/framework/org.apache.http.legacy.boot.jar", zip file "/data/app/com.xiaomi.hm.health- _qe1r8cIddQ8phVZQeC2IQ==/base.apk"],nativeLibraryDirectories=[/data/app/com.xiaomi. hm.health-_qe1r8cIddQ8phVZQeC2IQ==/lib/arm, /system/fake-libs, /data/app/com.xiaomi.hm.health-_qe1r8cIddQ8phVZQeC2IQ==/base.apk!/lib/armeabi- v7a, /system/lib, /vendor/lib]]
10-01 23:23:31.496 2854 2854 I iaomi.hm.healt: at java.lang.Class dalvik.system.BaseDexClassLoader.findClass(java.lang.String) (BaseDexClassLoader.java:134)
10-01 23:23:31.496 2854 2854 I iaomi.hm.healt: at java.lang.Class java.lang.ClassLoader.loadClass(java.lang.String, boolean) (ClassLoader.java:379)
10-01 23:23:31.496 2854 2854 I iaomi.hm.healt: at java.lang.Class java.lang.ClassLoader.loadClass(java.lang.String) (ClassLoader.java:312)
10-01 23:23:31.496 2854 2854 I iaomi.hm.healt: at void com.xiaomi.hm.health.databases.b.<init>(android.content.Context, java.lang.String) (HMDaoManager.java:84)
10-01 23:23:31.496 2854 2854 I iaomi.hm.healt: at void com.xiaomi.hm.health.databases.b.a(android.content.Context, java.lang.String) (HMDaoManager.java:80)
10-01 23:23:31.496 2854 2854 I iaomi.hm.healt: at void com.xiaomi.hm.health.BraceletApp.a(android.content.Context, java.lang.String, java.lang.String) (BraceletApp.java:374)
10-01 23:23:31.496 2854 2854 I iaomi.hm.healt: at void com.xiaomi.hm.health.BraceletApp.onCreate() (BraceletApp.java:195)
10-01 23:23:31.496 2854 2854 I iaomi.hm.healt: at void android.app.Instrumentation.callApplicationOnCreate(android.app.Application) (Instrumentation.java:1154)
10-01 23:23:31.496 2854 2854 I iaomi.hm.healt: at void android.app.ActivityThread.handleBindApplication(android.app.ActivityThread$AppBind Data) (ActivityThread.java:5871)
10-01 23:23:31.496 2854 2854 I iaomi.hm.healt: at void android.app.ActivityThread.access$1100(android.app.ActivityThread, android.app.ActivityThread$AppBindData) (ActivityThread.java:199)
10-01 23:23:31.496 2854 2854 I iaomi.hm.healt: at void android.app.ActivityThread$H.handleMessage(android.os.Message) (ActivityThread.java:1650)
10-01 23:23:31.496 2854 2854 I iaomi.hm.healt: at void android.os.Handler.dispatchMessage(android.os.Message) (Handler.java:106)
10-01 23:23:31.496 2854 2854 I iaomi.hm.healt: at void android.os.Looper.loop() (Looper.java:193)
10-01 23:23:31.496 2854 2854 I iaomi.hm.healt: at void android.app.ActivityThread.main(java.lang.String[]) (ActivityThread.java:6669)
10-01 23:23:31.496 2854 2854 I iaomi.hm.healt: at java.lang.Object java.lang.reflect.Method.invoke(java.lang.Object, java.lang.Object[]) (Method.java:-2)
10-01 23:23:31.496 2854 2854 I iaomi.hm.healt: at void com.android.internal.os.RuntimeInit$MethodAndArgsCaller.run() (RuntimeInit.java:495)
10-01 23:23:31.496 2854 2854 I iaomi.hm.healt: at void com.android.internal.os.ZygoteInit.main(java.lang.String[]) (ZygoteInit.java:858)
10-01 23:23:31.496 2854 2854 I iaomi.hm.healt:
10-01 23:23:31.497 2854 2854 I iaomi.hm.healt: Rejecting re-init on previously- failed class java.lang.Class<org.b.a.d.b$a>: java.lang.NoClassDefFoundError: Failed resolution of: Lnet/sqlcipher/database/SQLiteOpenHelper;
10-01 23:23:31.497 2854 2854 I iaomi.hm.healt: at void com.xiaomi.hm.health.databases.b.<init>(android.content.Context, java.lang.String) (HMDaoManager.java:84)
10-01 23:23:31.497 2854 2854 I iaomi.hm.healt: at void com.xiaomi.hm.health.databases.b.a(android.content.Context, java.lang.String) (HMDaoManager.java:80)
10-01 23:23:31.497 2854 2854 I iaomi.hm.healt: at void com.xiaomi.hm.health.BraceletApp.a(android.content.Context, java.lang.String, java.lang.String) (BraceletApp.java:374)
10-01 23:23:31.497 2854 2854 I iaomi.hm.healt: at void com.xiaomi.hm.health.BraceletApp.onCreate() (BraceletApp.java:195)
10-01 23:23:31.497 2854 2854 I iaomi.hm.healt: at void android.app.Instrumentation.callApplicationOnCreate(android.app.Application) (Instrumentation.java:1154)
10-01 23:23:31.497 2854 2854 I iaomi.hm.healt: at void android.app.ActivityThread.handleBindApplication(android.app.ActivityThread$AppBind Data) (ActivityThread.java:5871)
10-01 23:23:31.497 2854 2854 I iaomi.hm.healt: at void android.app.ActivityThread.access$1100(android.app.ActivityThread, android.app.ActivityThread$AppBindData) (ActivityThread.java:199)
10-01 23:23:31.497 2854 2854 I iaomi.hm.healt: at void android.app.ActivityThread$H.handleMessage(android.os.Message) (ActivityThread.java:1650)
10-01 23:23:31.497 2854 2854 I iaomi.hm.healt: at void android.os.Handler.dispatchMessage(android.os.Message) (Handler.java:106)
10-01 23:23:31.497 2854 2854 I iaomi.hm.healt: at void android.os.Looper.loop() (Looper.java:193)
10-01 23:23:31.497 2854 2854 I iaomi.hm.healt: at void android.app.ActivityThread.main(java.lang.String[]) (ActivityThread.java:6669)
10-01 23:23:31.497 2854 2854 I iaomi.hm.healt: at java.lang.Object java.lang.reflect.Method.invoke(java.lang.Object, java.lang.Object[]) (Method.java:-2)
10-01 23:23:31.497 2854 2854 I iaomi.hm.healt: at void com.android.internal.os.RuntimeInit$MethodAndArgsCaller.run() (RuntimeInit.java:495)
10-01 23:23:31.497 2854 2854 I iaomi.hm.healt: at void com.android.internal.os.ZygoteInit.main(java.lang.String[]) (ZygoteInit.java:858)
10-01 23:23:31.497 2854 2854 I iaomi.hm.healt: Caused by: java.lang.ClassNotFoundException: Didn't find class "net.sqlcipher.database.SQLiteOpenHelper" on path: DexPathList[[zip file "/system/framework/org.apache.http.legacy.boot.jar", zip file "/data/app/com.xiaomi.hm.health- _qe1r8cIddQ8phVZQeC2IQ==/base.apk"],nativeLibraryDirectories=[/data/app/com.xiaomi. hm.health-_qe1r8cIddQ8phVZQeC2IQ==/lib/arm, /system/fake-libs, /data/app/com.xiaomi.hm.health-_qe1r8cIddQ8phVZQeC2IQ==/base.apk!/lib/armeabi- v7a, /system/lib, /vendor/lib]]
10-01 23:23:31.497 2854 2854 I iaomi.hm.healt: at java.lang.Class dalvik.system.BaseDexClassLoader.findClass(java.lang.String) (BaseDexClassLoader.java:134)
10-01 23:23:31.497 2854 2854 I iaomi.hm.healt: at java.lang.Class java.lang.ClassLoader.loadClass(java.lang.String, boolean) (ClassLoader.java:379)
10-01 23:23:31.497 2854 2854 I iaomi.hm.healt: at java.lang.Class java.lang.ClassLoader.loadClass(java.lang.String) (ClassLoader.java:312)
10-01 23:23:31.497 2854 2854 I iaomi.hm.healt: at void com.xiaomi.hm.health.databases.b.<init>(android.content.Context, java.lang.String) (HMDaoManager.java:84)
10-01 23:23:31.497 2854 2854 I iaomi.hm.healt: at void com.xiaomi.hm.health.databases.b.a(android.content.Context, java.lang.String) (HMDaoManager.java:80)
10-01 23:23:31.497 2854 2854 I iaomi.hm.healt: at void com.xiaomi.hm.health.BraceletApp.a(android.content.Context, java.lang.String, java.lang.String) (BraceletApp.java:374)
10-01 23:23:31.497 2854 2854 I iaomi.hm.healt: at void com.xiaomi.hm.health.BraceletApp.onCreate() (BraceletApp.java:195)
10-01 23:23:31.497 2854 2854 I iaomi.hm.healt: at void android.app.Instrumentation.callApplicationOnCreate(android.app.Application) (Instrumentation.java:1154)
10-01 23:23:31.497 2854 2854 I iaomi.hm.healt: at void android.app.ActivityThread.handleBindApplication(android.app.ActivityThread$AppBind Data) (ActivityThread.java:5871)
10-01 23:23:31.497 2854 2854 I iaomi.hm.healt: at void android.app.ActivityThread.access$1100(android.app.ActivityThread, android.app.ActivityThread$AppBindData) (ActivityThread.java:199)
10-01 23:23:31.497 2854 2854 I iaomi.hm.healt: at void android.app.ActivityThread$H.handleMessage(android.os.Message) (ActivityThread.java:1650)
10-01 23:23:31.497 2854 2854 I iaomi.hm.healt: at void android.os.Handler.dispatchMessage(android.os.Message) (Handler.java:106)
10-01 23:23:31.497 2854 2854 I iaomi.hm.healt: at void android.os.Looper.loop() (Looper.java:193)
10-01 23:23:31.497 2854 2854 I iaomi.hm.healt: at void android.app.ActivityThread.main(java.lang.String[]) (ActivityThread.java:6669)
10-01 23:23:31.497 2854 2854 I iaomi.hm.healt: at java.lang.Object java.lang.reflect.Method.invoke(java.lang.Object, java.lang.Object[]) (Method.java:-2)
10-01 23:23:31.497 2854 2854 I iaomi.hm.healt: at void com.android.internal.os.RuntimeInit$MethodAndArgsCaller.run() (RuntimeInit.java:495)
10-01 23:23:31.497 2854 2854 I iaomi.hm.healt: at void com.android.internal.os.ZygoteInit.main(java.lang.String[]) (ZygoteInit.java:858)
10-01 23:23:31.497 2854 2854 I iaomi.hm.healt:
10-01 23:23:31.498 2854 2854 I iaomi.hm.healt: Rejecting re-init on previously- failed class java.lang.Class<org.b.a.d.b$a>: java.lang.NoClassDefFoundError: Failed resolution of: Lnet/sqlcipher/database/SQLiteOpenHelper;
10-01 23:23:31.498 2854 2854 I iaomi.hm.healt: at void com.xiaomi.hm.health.databases.b.<init>(android.content.Context, java.lang.String) (HMDaoManager.java:84)
10-01 23:23:31.498 2854 2854 I iaomi.hm.healt: at void com.xiaomi.hm.health.databases.b.a(android.content.Context, java.lang.String) (HMDaoManager.java:80)
10-01 23:23:31.498 2854 2854 I iaomi.hm.healt: at void com.xiaomi.hm.health.BraceletApp.a(android.content.Context, java.lang.String, java.lang.String) (BraceletApp.java:374)
10-01 23:23:31.498 2854 2854 I iaomi.hm.healt: at void com.xiaomi.hm.health.BraceletApp.onCreate() (BraceletApp.java:195)
10-01 23:23:31.498 2854 2854 I iaomi.hm.healt: at void android.app.Instrumentation.callApplicationOnCreate(android.app.Application) (Instrumentation.java:1154)
10-01 23:23:31.498 2854 2854 I iaomi.hm.healt: at void android.app.ActivityThread.handleBindApplication(android.app.ActivityThread$AppBind Data) (ActivityThread.java:5871)
10-01 23:23:31.498 2854 2854 I iaomi.hm.healt: at void android.app.ActivityThread.access$1100(android.app.ActivityThread, android.app.ActivityThread$AppBindData) (ActivityThread.java:199)
10-01 23:23:31.498 2854 2854 I iaomi.hm.healt: at void android.app.ActivityThread$H.handleMessage(android.os.Message) (ActivityThread.java:1650)
10-01 23:23:31.498 2854 2854 I iaomi.hm.healt: at void android.os.Handler.dispatchMessage(android.os.Message) (Handler.java:106)
10-01 23:23:31.498 2854 2854 I iaomi.hm.healt: at void android.os.Looper.loop() (Looper.java:193)
10-01 23:23:31.498 2854 2854 I iaomi.hm.healt: at void android.app.ActivityThread.main(java.lang.String[]) (ActivityThread.java:6669)
10-01 23:23:31.498 2854 2854 I iaomi.hm.healt: at java.lang.Object java.lang.reflect.Method.invoke(java.lang.Object, java.lang.Object[]) (Method.java:-2)
10-01 23:23:31.498 2854 2854 I iaomi.hm.healt: at void com.android.internal.os.RuntimeInit$MethodAndArgsCaller.run() (RuntimeInit.java:495)
10-01 23:23:31.498 2854 2854 I iaomi.hm.healt: at void com.android.internal.os.ZygoteInit.main(java.lang.String[]) (ZygoteInit.java:858)
10-01 23:23:31.498 2854 2854 I iaomi.hm.healt: Caused by: java.lang.ClassNotFoundException: Didn't find class "net.sqlcipher.database.SQLiteOpenHelper" on path: DexPathList[[zip file "/system/framework/org.apache.http.legacy.boot.jar", zip file "/data/app/com.xiaomi.hm.health- _qe1r8cIddQ8phVZQeC2IQ==/base.apk"],nativeLibraryDirectories=[/data/app/com.xiaomi. hm.health-_qe1r8cIddQ8phVZQeC2IQ==/lib/arm, /system/fake-libs, /data/app/com.xiaomi.hm.health-_qe1r8cIddQ8phVZQeC2IQ==/base.apk!/lib/armeabi- v7a, /system/lib, /vendor/lib]]
10-01 23:23:31.498 2854 2854 I iaomi.hm.healt: at java.lang.Class dalvik.system.BaseDexClassLoader.findClass(java.lang.String) (BaseDexClassLoader.java:134)
10-01 23:23:31.498 2854 2854 I iaomi.hm.healt: at java.lang.Class java.lang.ClassLoader.loadClass(java.lang.String, boolean) (ClassLoader.java:379)
10-01 23:23:31.498 2854 2854 I iaomi.hm.healt: at java.lang.Class java.lang.ClassLoader.loadClass(java.lang.String) (ClassLoader.java:312)
10-01 23:23:31.498 2854 2854 I iaomi.hm.healt: at void com.xiaomi.hm.health.databases.b.<init>(android.content.Context, java.lang.String) (HMDaoManager.java:84)
10-01 23:23:31.498 2854 2854 I iaomi.hm.healt: at void com.xiaomi.hm.health.databases.b.a(android.content.Context, java.lang.String) (HMDaoManager.java:80)
10-01 23:23:31.498 2854 2854 I iaomi.hm.healt: at void com.xiaomi.hm.health.BraceletApp.a(android.content.Context, java.lang.String, java.lang.String) (BraceletApp.java:374)
10-01 23:23:31.498 2854 2854 I iaomi.hm.healt: at void com.xiaomi.hm.health.BraceletApp.onCreate() (BraceletApp.java:195)
10-01 23:23:31.498 2854 2854 I iaomi.hm.healt: at void android.app.Instrumentation.callApplicationOnCreate(android.app.Application) (Instrumentation.java:1154)
10-01 23:23:31.498 2854 2854 I iaomi.hm.healt: at void android.app.ActivityThread.handleBindApplication(android.app.ActivityThread$AppBind Data) (ActivityThread.java:5871)
10-01 23:23:31.499 2854 2854 I iaomi.hm.healt: at void android.app.ActivityThread.access$1100(android.app.ActivityThread, android.app.ActivityThread$AppBindData) (ActivityThread.java:199)
10-01 23:23:31.499 2854 2854 I iaomi.hm.healt: at void android.app.ActivityThread$H.handleMessage(android.os.Message) (ActivityThread.java:1650)
10-01 23:23:31.499 2854 2854 I iaomi.hm.healt: at void android.os.Handler.dispatchMessage(android.os.Message) (Handler.java:106)
10-01 23:23:31.499 2854 2854 I iaomi.hm.healt: at void android.os.Looper.loop() (Looper.java:193)
10-01 23:23:31.499 2854 2854 I iaomi.hm.healt: at void android.app.ActivityThread.main(java.lang.String[]) (ActivityThread.java:6669)
10-01 23:23:31.499 2854 2854 I iaomi.hm.healt: at java.lang.Object java.lang.reflect.Method.invoke(java.lang.Object, java.lang.Object[]) (Method.java:-2)
10-01 23:23:31.499 2854 2854 I iaomi.hm.healt: at void com.android.internal.os.RuntimeInit$MethodAndArgsCaller.run() (RuntimeInit.java:495)
10-01 23:23:31.499 2854 2854 I iaomi.hm.healt: at void com.android.internal.os.ZygoteInit.main(java.lang.String[]) (ZygoteInit.java:858)
10-01 23:23:31.499 2854 2854 I iaomi.hm.healt:
10-01 23:23:31.499 2854 2854 I iaomi.hm.healt: Rejecting re-init on previously- failed class java.lang.Class<org.b.a.d.b$a>: java.lang.NoClassDefFoundError: Failed resolution of: Lnet/sqlcipher/database/SQLiteOpenHelper;
10-01 23:23:31.499 2854 2854 I iaomi.hm.healt: at void com.xiaomi.hm.health.databases.b.<init>(android.content.Context, java.lang.String) (HMDaoManager.java:84)
10-01 23:23:31.499 2854 2854 I iaomi.hm.healt: at void com.xiaomi.hm.health.databases.b.a(android.content.Context, java.lang.String) (HMDaoManager.java:80)
10-01 23:23:31.499 2854 2854 I iaomi.hm.healt: at void com.xiaomi.hm.health.BraceletApp.a(android.content.Context, java.lang.String, java.lang.String) (BraceletApp.java:374)
10-01 23:23:31.499 2854 2854 I iaomi.hm.healt: at void com.xiaomi.hm.health.BraceletApp.onCreate() (BraceletApp.java:195)
10-01 23:23:31.499 2854 2854 I iaomi.hm.healt: at void android.app.Instrumentation.callApplicationOnCreate(android.app.Application) (Instrumentation.java:1154)
10-01 23:23:31.499 2854 2854 I iaomi.hm.healt: at void android.app.ActivityThread.handleBindApplication(android.app.ActivityThread$AppBind Data) (ActivityThread.java:5871)
10-01 23:23:31.499 2854 2854 I iaomi.hm.healt: at void android.app.ActivityThread.access$1100(android.app.ActivityThread, android.app.ActivityThread$AppBindData) (ActivityThread.java:199)
10-01 23:23:31.499 2854 2854 I iaomi.hm.healt: at void android.app.ActivityThread$H.handleMessage(android.os.Message) (ActivityThread.java:1650)
10-01 23:23:31.499 2854 2854 I iaomi.hm.healt: at void android.os.Handler.dispatchMessage(android.os.Message) (Handler.java:106)
10-01 23:23:31.499 2854 2854 I iaomi.hm.healt: at void android.os.Looper.loop() (Looper.java:193)
10-01 23:23:31.499 2854 2854 I iaomi.hm.healt: at void android.app.ActivityThread.main(java.lang.String[]) (ActivityThread.java:6669)
10-01 23:23:31.499 2854 2854 I iaomi.hm.healt: at java.lang.Object java.lang.reflect.Method.invoke(java.lang.Object, java.lang.Object[]) (Method.java:-2)
10-01 23:23:31.499 2854 2854 I iaomi.hm.healt: at void com.android.internal.os.RuntimeInit$MethodAndArgsCaller.run() (RuntimeInit.java:495)
10-01 23:23:31.499 2854 2854 I iaomi.hm.healt: at void com.android.internal.os.ZygoteInit.main(java.lang.String[]) (ZygoteInit.java:858)
10-01 23:23:31.499 2854 2854 I iaomi.hm.healt: Caused by: java.lang.ClassNotFoundException: Didn't find class "net.sqlcipher.database.SQLiteOpenHelper" on path: DexPathList[[zip file "/system/framework/org.apache.http.legacy.boot.jar", zip file "/data/app/com.xiaomi.hm.health- _qe1r8cIddQ8phVZQeC2IQ==/base.apk"],nativeLibraryDirectories=[/data/app/com.xiaomi. hm.health-_qe1r8cIddQ8phVZQeC2IQ==/lib/arm, /system/fake-libs, /data/app/com.xiaomi.hm.health-_qe1r8cIddQ8phVZQeC2IQ==/base.apk!/lib/armeabi- v7a, /system/lib, /vendor/lib]]
10-01 23:23:31.499 2854 2854 I iaomi.hm.healt: at java.lang.Class dalvik.system.BaseDexClassLoader.findClass(java.lang.String) (BaseDexClassLoader.java:134)
10-01 23:23:31.499 2854 2854 I iaomi.hm.healt: at java.lang.Class java.lang.ClassLoader.loadClass(java.lang.String, boolean) (ClassLoader.java:379)
10-01 23:23:31.499 2854 2854 I iaomi.hm.healt: at java.lang.Class java.lang.ClassLoader.loadClass(java.lang.String) (ClassLoader.java:312)
10-01 23:23:31.499 2854 2854 I iaomi.hm.healt: at void com.xiaomi.hm.health.databases.b.<init>(android.content.Context, java.lang.String) (HMDaoManager.java:84)
10-01 23:23:31.499 2854 2854 I iaomi.hm.healt: at void com.xiaomi.hm.health.databases.b.a(android.content.Context, java.lang.String) (HMDaoManager.java:80)
10-01 23:23:31.499 2854 2854 I iaomi.hm.healt: at void com.xiaomi.hm.health.BraceletApp.a(android.content.Context, java.lang.String, java.lang.String) (BraceletApp.java:374)
10-01 23:23:31.499 2854 2854 I iaomi.hm.healt: at void com.xiaomi.hm.health.BraceletApp.onCreate() (BraceletApp.java:195)
10-01 23:23:31.499 2854 2854 I iaomi.hm.healt: at void android.app.Instrumentation.callApplicationOnCreate(android.app.Application) (Instrumentation.java:1154)
10-01 23:23:31.499 2854 2854 I iaomi.hm.healt: at void android.app.ActivityThread.handleBindApplication(android.app.ActivityThread$AppBind Data) (ActivityThread.java:5871)
10-01 23:23:31.499 2854 2854 I iaomi.hm.healt: at void android.app.ActivityThread.access$1100(android.app.ActivityThread, android.app.ActivityThread$AppBindData) (ActivityThread.java:199)
10-01 23:23:31.499 2854 2854 I iaomi.hm.healt: at void android.app.ActivityThread$H.handleMessage(android.os.Message) (ActivityThread.java:1650)
10-01 23:23:31.499 2854 2854 I iaomi.hm.healt: at void android.os.Handler.dispatchMessage(android.os.Message) (Handler.java:106)
10-01 23:23:31.499 2854 2854 I iaomi.hm.healt: at void android.os.Looper.loop() (Looper.java:193)
10-01 23:23:31.499 2854 2854 I iaomi.hm.healt: at void android.app.ActivityThread.main(java.lang.String[]) (ActivityThread.java:6669)
10-01 23:23:31.499 2854 2854 I iaomi.hm.healt: at java.lang.Object java.lang.reflect.Method.invoke(java.lang.Object, java.lang.Object[]) (Method.java:-2)
10-01 23:23:31.499 2854 2854 I iaomi.hm.healt: at void com.android.internal.os.RuntimeInit$MethodAndArgsCaller.run() (RuntimeInit.java:495)
10-01 23:23:31.499 2854 2854 I iaomi.hm.healt: at void com.android.internal.os.ZygoteInit.main(java.lang.String[]) (ZygoteInit.java:858)
10-01 23:23:31.499 2854 2854 I iaomi.hm.healt:
10-01 23:23:31.500 2854 2854 I iaomi.hm.healt: Rejecting re-init on previously- failed class java.lang.Class<org.b.a.d.b$a>: java.lang.NoClassDefFoundError: Failed resolution of: Lnet/sqlcipher/database/SQLiteOpenHelper;
10-01 23:23:31.500 2854 2854 I iaomi.hm.healt: at void com.xiaomi.hm.health.databases.b.<init>(android.content.Context, java.lang.String) (HMDaoManager.java:84)
10-01 23:23:31.500 2854 2854 I iaomi.hm.healt: at void com.xiaomi.hm.health.databases.b.a(android.content.Context, java.lang.String) (HMDaoManager.java:80)
10-01 23:23:31.500 2854 2854 I iaomi.hm.healt: at void com.xiaomi.hm.health.BraceletApp.a(android.content.Context, java.lang.String, java.lang.String) (BraceletApp.java:374)
10-01 23:23:31.500 2854 2854 I iaomi.hm.healt: at void com.xiaomi.hm.health.BraceletApp.onCreate() (BraceletApp.java:195)
10-01 23:23:31.500 2854 2854 I iaomi.hm.healt: at void android.app.Instrumentation.callApplicationOnCreate(android.app.Application) (Instrumentation.java:1154)
10-01 23:23:31.500 2854 2854 I iaomi.hm.healt: at void android.app.ActivityThread.handleBindApplication(android.app.ActivityThread$AppBind Data) (ActivityThread.java:5871)
10-01 23:23:31.500 2854 2854 I iaomi.hm.healt: at void android.app.ActivityThread.access$1100(android.app.ActivityThread, android.app.ActivityThread$AppBindData) (ActivityThread.java:199)
10-01 23:23:31.500 2854 2854 I iaomi.hm.healt: at void android.app.ActivityThread$H.handleMessage(android.os.Message) (ActivityThread.java:1650)
10-01 23:23:31.500 2854 2854 I iaomi.hm.healt: at void android.os.Handler.dispatchMessage(android.os.Message) (Handler.java:106)
10-01 23:23:31.500 2854 2854 I iaomi.hm.healt: at void android.os.Looper.loop() (Looper.java:193)
10-01 23:23:31.500 2854 2854 I iaomi.hm.healt: at void android.app.ActivityThread.main(java.lang.String[]) (ActivityThread.java:6669)
10-01 23:23:31.500 2854 2854 I iaomi.hm.healt: at java.lang.Object java.lang.reflect.Method.invoke(java.lang.Object, java.lang.Object[]) (Method.java:-2)
10-01 23:23:31.500 2854 2854 I iaomi.hm.healt: at void com.android.internal.os.RuntimeInit$MethodAndArgsCaller.run() (RuntimeInit.java:495)
10-01 23:23:31.500 2854 2854 I iaomi.hm.healt: at void com.android.internal.os.ZygoteInit.main(java.lang.String[]) (ZygoteInit.java:858)
10-01 23:23:31.500 2854 2854 I iaomi.hm.healt: Caused by: java.lang.ClassNotFoundException: Didn't find class "net.sqlcipher.database.SQLiteOpenHelper" on path: DexPathList[[zip file "/system/framework/org.apache.http.legacy.boot.jar", zip file "/data/app/com.xiaomi.hm.health- _qe1r8cIddQ8phVZQeC2IQ==/base.apk"],nativeLibraryDirectories=[/data/app/com.xiaomi. hm.health-_qe1r8cIddQ8phVZQeC2IQ==/lib/arm, /system/fake-libs, /data/app/com.xiaomi.hm.health-_qe1r8cIddQ8phVZQeC2IQ==/base.apk!/lib/armeabi- v7a, /system/lib, /vendor/lib]]
10-01 23:23:31.500 2854 2854 I iaomi.hm.healt: at java.lang.Class dalvik.system.BaseDexClassLoader.findClass(java.lang.String) (BaseDexClassLoader.java:134)
10-01 23:23:31.500 2854 2854 I iaomi.hm.healt: at java.lang.Class java.lang.ClassLoader.loadClass(java.lang.String, boolean) (ClassLoader.java:379)
10-01 23:23:31.500 2854 2854 I iaomi.hm.healt: at java.lang.Class java.lang.ClassLoader.loadClass(java.lang.String) (ClassLoader.java:312)
10-01 23:23:31.500 2854 2854 I iaomi.hm.healt: at void com.xiaomi.hm.health.databases.b.<init>(android.content.Context, java.lang.String) (HMDaoManager.java:84)
10-01 23:23:31.500 2854 2854 I iaomi.hm.healt: at void com.xiaomi.hm.health.databases.b.a(android.content.Context, java.lang.String) (HMDaoManager.java:80)
10-01 23:23:31.500 2854 2854 I iaomi.hm.healt: at void com.xiaomi.hm.health.BraceletApp.a(android.content.Context, java.lang.String, java.lang.String) (BraceletApp.java:374)
10-01 23:23:31.500 2854 2854 I iaomi.hm.healt: at void com.xiaomi.hm.health.BraceletApp.onCreate() (BraceletApp.java:195)
10-01 23:23:31.500 2854 2854 I iaomi.hm.healt: at void android.app.Instrumentation.callApplicationOnCreate(android.app.Application) (Instrumentation.java:1154)
10-01 23:23:31.500 2854 2854 I iaomi.hm.healt: at void android.app.ActivityThread.handleBindApplication(android.app.ActivityThread$AppBind Data) (ActivityThread.java:5871)
10-01 23:23:31.500 2854 2854 I iaomi.hm.healt: at void android.app.ActivityThread.access$1100(android.app.ActivityThread, android.app.ActivityThread$AppBindData) (ActivityThread.java:199)
10-01 23:23:31.500 2854 2854 I iaomi.hm.healt: at void android.app.ActivityThread$H.handleMessage(android.os.Message) (ActivityThread.java:1650)
10-01 23:23:31.500 2854 2854 I iaomi.hm.healt: at void android.os.Handler.dispatchMessage(android.os.Message) (Handler.java:106)
10-01 23:23:31.500 2854 2854 I iaomi.hm.healt: at void android.os.Looper.loop() (Looper.java:193)
10-01 23:23:31.500 2854 2854 I iaomi.hm.healt: at void android.app.ActivityThread.main(java.lang.String[]) (ActivityThread.java:6669)
10-01 23:23:31.500 2854 2854 I iaomi.hm.healt: at java.lang.Object java.lang.reflect.Method.invoke(java.lang.Object, java.lang.Object[]) (Method.java:-2)
10-01 23:23:31.500 2854 2854 I iaomi.hm.healt: at void com.android.internal.os.RuntimeInit$MethodAndArgsCaller.run() (RuntimeInit.java:495)
10-01 23:23:31.500 2854 2854 I iaomi.hm.healt: at void com.android.internal.os.ZygoteInit.main(java.lang.String[]) (ZygoteInit.java:858)
10-01 23:23:31.500 2854 2854 I iaomi.hm.healt:
10-01 23:23:31.573 1907 1907 D StatusBar: disable<e i a s b H R c s > disable2<q i n
> 10-01 23:23:31.573 1907 1907 I chatty : uid=10033(com.android.systemui) identical 1 line
10-01 23:23:31.578 1907 1907 D StatusBar: disable<e i a s b H R c s > disable2<q i n
> 10-01 23:23:31.602 2854 2854 I MI_STAT : Initializing SDK: com.xiaomi.hm.health, 2882303761517163841, play, false
10-01 23:23:31.607 2854 2854 I MI_STAT : The initialization consumes 6 ms.
10-01 23:23:31.608 2854 2854 D MI_STAT : enableStatistics: false
10-01 23:23:31.611 2854 2854 D MI_STAT : enableStatistics: true
10-01 23:23:31.630 1926 1926 I wpa_supplicant: wlan0: Trying to associate with SSID 'nsa_van_04'
10-01 23:23:31.633 2111 2195 E QCNEJ : |CORE| update link properties given null lp
10-01 23:23:31.624 2111 2111 I MainEventThread: type=1400 audit(0.0:1040): avc: denied { call } for scontext=u:r:system_app:s0 tcontext=u:r:init:s0 tclass=binder permissive=1
10-01 23:23:31.633 2111 2195 I QCNEJ/CndHalConnector: -> SND notifyRatConnectionStatusChanged(rat = 1, CONNECTING)
10-01 23:23:31.648 2854 2854 D Event : No subscribers registered for event class com.xiaomi.hm.health.traininglib.c.b
10-01 23:23:31.648 2854 2854 D Event : No subscribers registered for event class b.a.a.g
10-01 23:23:31.665 1469 2773 W ActivityManager: Background start not allowed: service Intent { cmp=com.touchtype.swiftkey/com.touchtype.telemetry.TelemetryService (has extras) } to com.touchtype.swiftkey/com.touchtype.telemetry.TelemetryService from pid=2985 uid=10145 pkg=com.touchtype.swiftkey startFg?=false
10-01 23:23:31.667 2903 2909 I oid.apps.photo: Method exceeds compiler instruction limit: 19484 in void gen_binder.root.RootModule$Generated.a(android.content.Context, java.lang.Class, java.lang.Object, agvr)
10-01 23:23:31.688 3036 3036 I Zygote : seccomp disabled by setenforce 0
10-01 23:23:31.688 1469 1588 I ActivityManager: Start proc 3036:com.whatsapp/u0a179 for broadcast com.whatsapp/.ExternalMediaManager$ExternalMediaStateReceiver
10-01 23:23:31.695 2854 2854 D Event : No subscribers registered for event class com.xiaomi.hm.health.k.aj
10-01 23:23:31.695 2854 2854 D Event : No subscribers registered for event class b.a.a.g
10-01 23:23:31.700 3036 3036 E com.whatsapp: Not starting debugger since process cannot load the jdwp agent.
10-01 23:23:31.720 2969 2969 I SearchServiceCore: Event Bus thread is disabled; marking main thread as EventBus
10-01 23:23:31.722 2969 2969 I SearchServiceCore: We were killed and are starting back!
10-01 23:23:31.724 767 767 I lowi-server: type=1400 audit(0.0:1041): avc: denied { read } for scontext=u:r:init:s0 tcontext=u:r:init:s0 tclass=netlink_route_socket permissive=1
10-01 23:23:31.732 1469 1602 I EthernetTracker: interfaceLinkStateChanged, iface: wlan0, up: false
10-01 23:23:31.735 1469 1602 I chatty : uid=1000(system) android.fg identical 1 line
10-01 23:23:31.737 1469 1602 I EthernetTracker: interfaceLinkStateChanged, iface: wlan0, up: false
10-01 23:23:31.739 2854 2854 I DeviceCenter: init
10-01 23:23:31.740 1469 1602 I EthernetTracker: interfaceLinkStateChanged, iface: wlan0, up: true
10-01 23:23:31.743 2854 2854 W JobInfo : Requested interval +10m0s0ms for job 272 is too small; raising to +15m0s0ms
10-01 23:23:31.743 2969 3029 I HotwordHelper: hasHotwordEverywhere-true
10-01 23:23:31.748 2969 3046 I ModelDownloadListener: Schdedule model download
10-01 23:23:31.753 2748 2748 I HwDetectorWithState: #performNextHotwordAction action: 3
10-01 23:23:31.758 2748 2748 W KeyphraseEnrollmentInfo: No enrollment application supports the given keyphrase/locale: 'X Google'/en_DE
10-01 23:23:31.758 2748 2748 I GsaVoiceInteractionSrv: Creating AOHD: Keyphrase - X Google, Locale - en-DE/en-GB
10-01 23:23:31.758 2748 2748 W KeyphraseEnrollmentInfo: No enrollment application supports the given keyphrase/locale: 'X Google'/en_GB
10-01 23:23:31.768 2854 3059 W System.err: java.net.UnknownHostException: Unable to resolve host "api-mifit.huami.com": No address associated with hostname
10-01 23:23:31.770 1469 1586 W BroadcastQueue: Background execution not allowed: receiving Intent { act=com.google.android.systemui.OPA_ENABLED flg=0x10000010 (has extras) } to com.google.android.apps.nexuslauncher/.qsb.OPAStatusReceiver
10-01 23:23:31.773 2854 3059 W System.err: at java.net.Inet6AddressImpl.lookupHostByName(Inet6AddressImpl.java:157)
10-01 23:23:31.773 2854 3059 W System.err: at java.net.Inet6AddressImpl.lookupAllHostAddr(Inet6AddressImpl.java:105)
10-01 23:23:31.773 2854 3059 W System.err: at java.net.InetAddress.getAllByName(InetAddress.java:1154)
10-01 23:23:31.773 2854 3059 W System.err: at com.android.okhttp.Dns$1.lookup(Dns.java:39)
10-01 23:23:31.773 2854 3059 W System.err: at com.android.okhttp.internal.http.RouteSelector.resetNextInetSocketAddress(RouteSele ctor.java:175)
10-01 23:23:31.773 2854 3059 W System.err: at com.android.okhttp.internal.http.RouteSelector.nextProxy(RouteSelector.java:141)
10-01 23:23:31.773 2854 3059 W System.err: at com.android.okhttp.internal.http.RouteSelector.next(RouteSelector.java:83)
10-01 23:23:31.773 2854 3059 W System.err: at com.android.okhttp.internal.http.StreamAllocation.findConnection(StreamAllocation.j ava:174)
10-01 23:23:31.773 2854 3059 W System.err: at com.android.okhttp.internal.http.StreamAllocation.findHealthyConnection(StreamAlloc ation.java:126)
10-01 23:23:31.773 2854 3059 W System.err: at com.android.okhttp.internal.http.StreamAllocation.newStream(StreamAllocation.java:9 5)
10-01 23:23:31.773 2854 3059 W System.err: at com.android.okhttp.internal.http.HttpEngine.connect(HttpEngine.java:281)
10-01 23:23:31.773 2854 3059 W System.err: at com.android.okhttp.internal.http.HttpEngine.sendRequest(HttpEngine.java:224)
10-01 23:23:31.773 2854 3059 W System.err: at com.android.okhttp.internal.huc.HttpURLConnectionImpl.execute(HttpURLConnectionImpl .java:461)
10-01 23:23:31.773 2854 3059 W System.err: at com.android.okhttp.internal.huc.HttpURLConnectionImpl.connect(HttpURLConnectionImpl .java:127)
10-01 23:23:31.773 2854 3059 W System.err: at com.android.okhttp.internal.huc.DelegatingHttpsURLConnection.connect(DelegatingHttp sURLConnection.java:89)
10-01 23:23:31.773 2854 3059 W System.err: at com.android.okhttp.internal.huc.HttpsURLConnectionImpl.connect(HttpsURLConnectionIm pl.java:26)
10-01 23:23:31.773 2854 3059 W System.err: at com.huami.discovery.bridge.jsbridge.e.b(JsBridgeUtil.java:104)
10-01 23:23:31.773 2854 3059 W System.err: at com.huami.discovery.bridge.jsbridge.e.c(JsBridgeUtil.java:89)
10-01 23:23:31.773 2854 3059 W System.err: at com.huami.discovery.bridge.jsbridge.f.run(Unknown Source:4)
10-01 23:23:31.773 2854 3059 W System.err: at java.lang.Thread.run(Thread.java:764)
10-01 23:23:31.774 2854 3059 W System.err: Caused by: android.system.GaiException: android_getaddrinfo failed: EAI_NODATA (No address associated with hostname)
10-01 23:23:31.774 2854 3059 W System.err: at libcore.io.Linux.android_getaddrinfo(Native Method)
10-01 23:23:31.774 2854 3059 W System.err: at libcore.io.BlockGuardOs.android_getaddrinfo(BlockGuardOs.java:172)
10-01 23:23:31.774 2854 3059 W System.err: at java.net.Inet6AddressImpl.lookupHostByName(Inet6AddressImpl.java:137)
10-01 23:23:31.774 2854 3059 W System.err: ... 19 more
10-01 23:23:31.776 2748 2748 W KeyphraseEnrollmentInfo: No enrollment application supports the given keyphrase/locale: 'X Google'/en_DE
10-01 23:23:31.776 2748 2748 W KeyphraseEnrollmentInfo: No enrollment application supports the given keyphrase/locale: 'X Google'/en_GB
10-01 23:23:31.776 2969 3046 I OpaEligibilityChecker: send OpaEligibilityChange broadcast to CommonBroadcastReceiver
10-01 23:23:31.783 2854 2948 W System.err: java.util.MissingFormatArgumentException: Format specifier '%3A'
10-01 23:23:31.784 2854 2948 W System.err: at java.util.Formatter.format(Formatter.java:2522)
10-01 23:23:31.784 2854 2948 W System.err: at java.util.Formatter.format(Formatter.java:2458)
10-01 23:23:31.784 2854 2948 W System.err: at java.lang.String.format(String.java:2883)
10-01 23:23:31.784 2854 2948 W System.err: at com.huami.passport.i.e(PanLog.java:75)
10-01 23:23:31.784 2854 2948 W System.err: at com.huami.passport.i.c(PanLog.java:64)
10-01 23:23:31.784 2854 2948 W System.err: at com.huami.passport.g.c$2.run(Utils.java:470)
10-01 23:23:31.784 2854 2948 W System.err: at java.util.concurrent.ThreadPoolExecutor.runWorker(ThreadPoolExecutor.java:1167)
10-01 23:23:31.784 2854 2948 W System.err: at java.util.concurrent.ThreadPoolExecutor$Worker.run(ThreadPoolExecutor.java:641)
10-01 23:23:31.784 2854 2948 W System.err: at java.lang.Thread.run(Thread.java:764)
10-01 23:23:31.784 2854 2948 E PanLog : NoConnectionError uri:https://account- us.huami.com/v1/client/app_tokens? os_version=v0.5.5.alpha&dn=account.huami.com&login_token=AQVBQFJyQktGHlp6QkpbRl5LRl 5qek4uXAQEBAAAAABE8gGGDzMS0LzmooKkyd0EAVYPJebpC-hj98gACgTM5rbHt5-faiaIX- x4wL5eVo8PzCGVb1IqDpq2-GJTpqyTBhU8klD4Y3JZEKOkVOli79BHw0Skqq1xogZhq- JixmracPgZ63vxFx404NZS5sO0s2XVFL8XnCxYS4U8XYWpl&source=com.xiaomi.hm.health %3A3.5.0%3A3302×tamp=1538429011727&
10-01 23:23:31.787 2854 2948 W System.err: java.net.UnknownHostException: Unable to resolve host "https://account-us.huami.com/v1/client/app_tokens? os_version=v0.5.5.alpha&dn=account.huami.com&login_token=AQVBQFJyQktGHlp6QkpbRl5LRl 5qek4uXAQEBAAAAABE8gGGDzMS0LzmooKkyd0EAVYPJebpC-hj98gACgTM5rbHt5-faiaIX- x4wL5eVo8PzCGVb1IqDpq2-GJTpqyTBhU8klD4Y3JZEKOkVOli79BHw0Skqq1xogZhq- JixmracPgZ63vxFx404NZS5sO0s2XVFL8XnCxYS4U8XYWpl&source=com.xiaomi.hm.health %3A3.5.0%3A3302×tamp=1538429011727&": No address associated with hostname
10-01 23:23:31.787 2854 2948 W System.err: at java.net.Inet6AddressImpl.lookupHostByName(Inet6AddressImpl.java:157)
10-01 23:23:31.787 2854 2948 W System.err: at java.net.Inet6AddressImpl.lookupAllHostAddr(Inet6AddressImpl.java:105)
10-01 23:23:31.787 2854 2948 W System.err: at java.net.InetAddress.getByName(InetAddress.java:1108)
10-01 23:23:31.787 2854 2948 W System.err: at com.huami.passport.g.c$2.run(Utils.java:486)
10-01 23:23:31.787 2854 2948 W System.err: at java.util.concurrent.ThreadPoolExecutor.runWorker(ThreadPoolExecutor.java:1167)
10-01 23:23:31.787 2854 2948 W System.err: at java.util.concurrent.ThreadPoolExecutor$Worker.run(ThreadPoolExecutor.java:641)
10-01 23:23:31.787 2854 2948 W System.err: at java.lang.Thread.run(Thread.java:764)
10-01 23:23:31.787 2854 2948 W System.err: Caused by: android.system.GaiException: android_getaddrinfo failed: EAI_NODATA (No address associated with hostname)
10-01 23:23:31.787 2854 2948 W System.err: at libcore.io.Linux.android_getaddrinfo(Native Method)
10-01 23:23:31.787 2854 2948 W System.err: at libcore.io.BlockGuardOs.android_getaddrinfo(BlockGuardOs.java:172)
10-01 23:23:31.787 2854 2948 W System.err: at java.net.Inet6AddressImpl.lookupHostByName(Inet6AddressImpl.java:137)
10-01 23:23:31.787 2854 2948 W System.err: ... 6 more
10-01 23:23:31.790 1926 1926 I wpa_supplicant: wlan0: Associated with c8:0e:14:af:8a:a2
10-01 23:23:31.790 1926 1926 I wpa_supplicant: wlan0: CTRL-EVENT-SUBNET-STATUS- UPDATE status=0
10-01 23:23:31.790 1926 1926 I wpa_supplicant: wlan0: WPA: RX message 1 of 4-Way Handshake from c8:0e:14:af:8a:a2 (ver=2)
10-01 23:23:31.791 1926 1926 I wpa_supplicant: wlan0: WPA: Sending EAPOL-Key 2/4
10-01 23:23:31.793 2142 2399 E DatabaseUtils: Writing exception to parcel
10-01 23:23:31.793 2142 2399 E DatabaseUtils: java.lang.SecurityException: Permission Denial: reading com.android.providers.telephony.SmsProvider uri content://sms/inbox from pid=2854, uid=10150 requires android.permission.READ_SMS, or grantUriPermission()
10-01 23:23:31.793 2142 2399 E DatabaseUtils: at android.content.ContentProvider.enforceReadPermissionInner(ContentProvider.java:632 )
10-01 23:23:31.793 2142 2399 E DatabaseUtils: at android.content.ContentProvider$Transport.enforceReadPermission(ContentProvider.jav a:501)
10-01 23:23:31.793 2142 2399 E DatabaseUtils: at android.content.ContentProvider$Transport.query(ContentProvider.java:213)
10-01 23:23:31.793 2142 2399 E DatabaseUtils: at android.content.ContentProviderNative.onTransact(ContentProviderNative.java:102)
10-01 23:23:31.793 2142 2399 E DatabaseUtils: at android.os.Binder.execTransact(Binder.java:731)
10-01 23:23:31.794 2111 2195 E QCNEJ : |CORE| update link properties given null lp
10-01 23:23:31.794 2111 2195 I QCNEJ/CndHalConnector: -> SND notifyRatConnectionStatusChanged(rat = 1, CONNECTING)
10-01 23:23:31.784 1907 1907 I RenderThread: type=1400 audit(0.0:1042): avc: denied { ioctl } for path="/dev/kgsl-3d0" dev="tmpfs" ino=4527 ioctlcmd=945 scontext=u:r:platform_app:s0:c512,c768 tcontext=u:object_r:device:s0 tclass=chr_file permissive=1
10-01 23:23:31.807 1926 1926 I wpa_supplicant: wlan0: WPA: RX message 3 of 4-Way Handshake from c8:0e:14:af:8a:a2 (ver=2)
10-01 23:23:31.807 1926 1926 I wpa_supplicant: wlan0: WPA: Sending EAPOL-Key 4/4
10-01 23:23:31.811 1926 1926 I wpa_supplicant: wlan0: WPA: Key negotiation completed with c8:0e:14:af:8a:a2 [PTK=CCMP GTK=CCMP]
10-01 23:23:31.811 1926 1926 I wpa_supplicant: wlan0: CTRL-EVENT-CONNECTED - Connection to c8:0e:14:af:8a:a2 completed [id=0 id_str=%7B%22configKey%22%3A%22%5C %22nsa_van_04%5C%22WPA_PSK%22%2C%22creatorUid%22%3A%2210041%22%7D]
10-01 23:23:31.812 1469 1602 I EthernetTracker: interfaceLinkStateChanged, iface: wlan0, up: true
10-01 23:23:31.812 767 2677 I LOWI-8.5.0.3.a: [LOWI-Scan] get_intf_mode: WLAN interface type 2, err 0
10-01 23:23:31.814 2111 2195 E QCNEJ : |CORE| update link properties given null lp
10-01 23:23:31.815 2111 2195 I QCNEJ/CndHalConnector: -> SND notifyRatConnectionStatusChanged(rat = 1, CONNECTING)
10-01 23:23:31.815 2111 2195 E QCNEJ : |CORE| update link properties given null lp
10-01 23:23:31.815 2111 2195 I QCNEJ/CndHalConnector: -> SND notifyRatConnectionStatusChanged(rat = 1, CONNECTING)
10-01 23:23:31.818 1469 1783 D ConnectivityService: registerNetworkAgent NetworkAgentInfo{ ni{[type: WIFI[], state: CONNECTING/CONNECTING, reason: (unspecified), extra: (none), failover: false, available: true, roaming: false]} network{100} nethandle{432902426637} lp{{LinkAddresses: [] Routes: [] DnsAddresses: [] UsePrivateDns: false PrivateDnsServerName: null Domains: null MTU: 0}} nc{[ Transports: WIFI Capabilities: NOT_METERED&INTERNET&NOT_RESTRICTED&TRUSTED&NOT_VPN&NOT_ROAMING&FOREGROUND&NOT_CONG ESTED&NOT_SUSPENDED Unwanted: LinkUpBandwidth>=1048576Kbps LinkDnBandwidth>=1048576Kbps SSID: "nsa_van_04"]} Score{20} everValidated{false} lastValidated{false} created{false} lingering{false} explicitlySelected{false} acceptUnvalidated{false} everCaptivePortalDetected{false} lastCaptivePortalDetected{false} clat{null} }
10-01 23:23:31.819 1469 1788 D ConnectivityService: NetworkAgentInfo [WIFI () - 100] EVENT_NETWORK_INFO_CHANGED, going from null to CONNECTING
10-01 23:23:31.822 2111 2195 E QCNEJ : |CORE| update link properties given null lp
10-01 23:23:31.823 2111 2195 I QCNEJ/CndHalConnector: -> SND notifyRatConnectionStatusChanged(rat = 1, CONNECTING)
10-01 23:23:31.824 546 546 E WifiHAL : wifi_get_packet_filter_capabilities: requestResponse() error: -3
10-01 23:23:31.824 546 546 I WifiHAL : Packet filtering is not supprted
