10-01 23:23:30.212 1469 1586 V ActivityManager: Installing ContentProviderInfo{name=com.google.android.gms.matchstick.dataprovider className=com.google.android.gms.matchstick.data.DatabaseProvider}
10-01 23:23:30.213 1469 1586 V ActivityManager: Installing ContentProviderInfo{name=com.google.android.gms.matchstick.appdataprovider className=com.google.android.gms.matchstick.data.AppDataProvider}
10-01 23:23:30.213 1469 1586 V ActivityManager: Installing ContentProviderInfo{name=com.google.android.libraries.matchstick.provider.fileprovi der className=com.google.android.libraries.matchstick.provider.MatchstickFileProvider}
10-01 23:23:30.214 1469 1586 V ActivityManager: Installing ContentProviderInfo{name=com.google.android.gms.people className=com.google.android.gms.people.service.PeopleContentProvider}
10-01 23:23:30.214 1469 1586 V ActivityManager: Installing ContentProviderInfo{name=com.google.android.gms.people.gal.provider className=com.google.android.gms.people.service.PeopleGalProvider}
10-01 23:23:30.214 1469 1586 V ActivityManager: Installing ContentProviderInfo{name=com.google.android.gms.people.profile.fileprovider className=com.google.android.gms.people.profile.AvatarFileProvider}
10-01 23:23:30.214 1469 1586 V ActivityManager: Installing ContentProviderInfo{name=com.google.android.gms.photos.iu.EsGoogleIuProvider className=com.google.android.libraries.social.autobackup.AutoBackupProvider}
10-01 23:23:30.215 1469 1586 V ActivityManager: Installing ContentProviderInfo{name=com.google.android.gms.plus;com.google.android.gms.plus.ac tion className=com.google.android.gms.plus.provider.PlusProvider}
10-01 23:23:30.215 1469 1586 V ActivityManager: Installing ContentProviderInfo{name=com.google.android.gms.reminders className=com.google.android.gms.reminders.provider.RemindersProvider}
10-01 23:23:30.215 1469 1586 V ActivityManager: Skipping ContentProviderInfo{name=com.google.android.gms.security.provider className=com.google.android.gms.security.provider.SecurityProvider}
10-01 23:23:30.215 1469 1586 V ActivityManager: Installing ContentProviderInfo{name=com.google.android.gms.subscribedfeeds className=com.google.android.gms.subscribedfeeds.GmsSubscribedFeedsProvider}
10-01 23:23:30.215 1469 1586 V ActivityManager: Installing ContentProviderInfo{name=com.google.android.gms.thunderbird.config className=com.google.android.gms.thunderbird.config.EmergencyConfigContentProvider}
10-01 23:23:30.215 1469 2726 E BackupPasswordManager: Unable to read backup pw version
10-01 23:23:30.215 1469 1586 V ActivityManager: Skipping ContentProviderInfo{name=com.google.android.gms.trustagent.framework.model.be.provi der className=com.google.android.gms.trustagent.framework.model.be.ModelContentProvider }
10-01 23:23:30.215 1469 1586 V ActivityManager: Installing ContentProviderInfo{name=com.google.android.gms.wallet.fileprovider className=com.google.android.gms.wallet.provider.WalletFileProvider}
10-01 23:23:30.215 1469 2726 E BackupPasswordManager: Unable to read saved backup pw hash
10-01 23:23:30.215 1469 1586 V ActivityManager: Installing ContentProviderInfo{name=com.google.android.gms.wallet className=com.google.android.gms.wallet.setupwizard.PaymentsSetupWizardSuggestionSt ateProvider}
10-01 23:23:30.216 1469 1586 V ActivityManager: Installing ContentProviderInfo{name=com.google.android.gms.lifecycle-trojan className=android.arch.lifecycle.ProcessLifecycleOwnerInitializer}
10-01 23:23:30.217 1469 1586 V ActivityManager: Installing ContentProviderInfo{name=contacts;com.android.contacts className=com.android.providers.contacts.ContactsProvider2}
10-01 23:23:30.217 1469 1586 V ActivityManager: Installing ContentProviderInfo{name=call_log className=com.android.providers.contacts.CallLogProvider}
10-01 23:23:30.217 1469 1586 V ActivityManager: Installing ContentProviderInfo{name=com.android.voicemail className=com.android.providers.contacts.VoicemailContentProvider}
10-01 23:23:30.217 1469 1586 V ActivityManager: Installing ContentProviderInfo{name=com.android.contacts.metadata className=com.android.providers.contacts.ContactMetadataProvider}
10-01 23:23:30.217 1469 1586 V ActivityManager: Installing ContentProviderInfo{name=com.android.contacts.dumpfile className=com.android.providers.contacts.debug.DumpFileProvider}
10-01 23:23:30.218 1469 1586 I ActivityManager: Sending BOOT_COMPLETE user #0
10-01 23:23:30.229 1469 1588 I ActivityManager: Start proc 2748:com.google.android.googlequicksearchbox:interactor/u0a37 for service com.google.android.googlequicksearchbox/com.google.android.voiceinteraction.GsaVoic eInteractionService
10-01 23:23:30.230 2748 2748 I Zygote : seccomp disabled by setenforce 0
10-01 23:23:30.235 1469 1783 D WifiStateMachinePrime: State changed from client mode. state = 3
10-01 23:23:30.235 1469 1783 D WifiStateMachinePrime: client mode active
10-01 23:23:30.236 1469 1779 W BestClock: java.time.DateTimeException: Missing NTP fix
10-01 23:23:30.238 2748 2748 E hbox:interacto: Not starting debugger since process cannot load the jdwp agent.
10-01 23:23:30.240 2142 2142 D CarrierSvcBindHelper: Received android.intent.action.USER_UNLOCKED
10-01 23:23:30.244 549 692 E ANDR-PERF-TARGET-INIT: Inside InitializeTarget
10-01 23:23:30.245 549 692 E ANDR-PERF-TARGET-INIT: Init msm8953
10-01 23:23:30.248 2162 2162 D FallbackHome: User unlocked and real home found; let's go!
10-01 23:23:30.249 549 692 E ANDR-PERF-OPTSDATA: Error: core_ctl_cpu is not initialized for this target
10-01 23:23:30.249 549 692 E ANDR-PERF-OPTSDATA: Error: Core ctl not present
10-01 23:23:30.249 549 692 E ANDR-PERF-OPTSDATA: Error: core_ctl not present or min/max cpu nodes initialization failed
10-01 23:23:30.249 549 549 E ANDR-PERF-MPCTL: Request not accepted, as target initialization is not complete.
10-01 23:23:30.249 540 540 E QCOM PowerHAL: Failed to acquire lock.
10-01 23:23:30.250 549 692 E ANDR-PERF-OPTSHANDLER: Error: Sched Frequency Aggregation support not present
10-01 23:23:30.250 549 2775 E ANDR-PERF-MPCTL: perflock: iobusy pfd initialized
10-01 23:23:30.251 549 2776 E ANDR-PERF-MPCTL: before pthread_cond_wait 1750, chk_core_online_poll
10-01 23:23:30.251 549 2775 E ANDR-PERF-MPCTL: perflock: mode pfd initialized
10-01 23:23:30.251 549 2775 E ANDR-PERF-MPCTL: perflock: Read file 0: 0
10-01 23:23:30.251 549 2775 E ANDR-PERF-MPCTL: perflock: Read file 1: 0
10-01 23:23:30.251 549 2775 E ANDR-PERF-MPCTL: perflock: Mode change 0
10-01 23:23:30.252 1469 1783 D WifiStateMachine: entering ConnectModeState: ifaceName = wlan0
10-01 23:23:30.252 1469 1783 D WifiStateMachine: setupClientMode() ifacename = wlan0
10-01 23:23:30.254 2111 2195 I QCNEJ/CndHalConnector: -> SND notifyRatConnectionStatusChanged(rat = 1, UNKNOWN)
10-01 23:23:30.257 1469 1786 I WifiScanningService: wifi driver unloaded
10-01 23:23:30.261 2142 2142 D CarrierSvcBindHelper: No carrier app for: 0
10-01 23:23:30.262 2142 2142 E PhoneInterfaceManager: [PhoneIntfMgr] getCarrierPackageNamesForIntent: No UICC
10-01 23:23:30.262 2142 2142 D CarrierSvcBindHelper: No carrier app for: 1
10-01 23:23:30.262 1469 1469 V NotificationListeners: enabling notification listener for 0: ComponentInfo{cz.zdenekhorak.mibandtools/cz.zdenekhorak.mibandtools.service.MiBandN otificationService}
10-01 23:23:30.262 2142 2142 D IntentBroadcaster: Rebroadcasting intent android.intent.action.SIM_STATE_CHANGED LOADED for slotId 0
10-01 23:23:30.262 1469 1469 V NotificationListeners: binding: Intent { act=android.service.notification.NotificationListenerService cmp=cz.zdenekhorak.mibandtools/.service.MiBandNotificationService (has extras) }
10-01 23:23:30.266 1469 1469 V NotificationListeners: enabling notification listener for 0: ComponentInfo{com.android.launcher3/com.android.launcher3.notification.Notification Listener}
10-01 23:23:30.267 1469 2726 V ProcessedPackagesJournal: + com.google.android.apps.maps
10-01 23:23:30.267 1469 2726 V ProcessedPackagesJournal: + com.urbandroid.sleep
10-01 23:23:30.267 1469 2726 V ProcessedPackagesJournal: + com.google.android.keep
10-01 23:23:30.267 1469 2726 V ProcessedPackagesJournal: + android
10-01 23:23:30.267 1469 2726 V ProcessedPackagesJournal: + com.google.android.apps.messaging
10-01 23:23:30.267 1469 2726 V ProcessedPackagesJournal: + com.android.cellbroadcastreceiver
10-01 23:23:30.267 1469 2726 V ProcessedPackagesJournal: + com.google.android.googlequicksearchbox
10-01 23:23:30.267 1469 2726 V ProcessedPackagesJournal: + com.android.providers.settings
10-01 23:23:30.267 1469 2726 V ProcessedPackagesJournal: + com.android.calllogbackup
10-01 23:23:30.267 1469 2726 V ProcessedPackagesJournal: + com.google.android.talk
10-01 23:23:30.267 1469 2726 V ProcessedPackagesJournal: + com.android.vending
10-01 23:23:30.267 1469 2726 V ProcessedPackagesJournal: + com.google.android.deskclock
10-01 23:23:30.267 1469 2726 V ProcessedPackagesJournal: + com.android.chrome
10-01 23:23:30.267 1469 2726 V ProcessedPackagesJournal: + com.google.android.apps.photos
10-01 23:23:30.267 1469 2726 V ProcessedPackagesJournal: + com.google.android.apps.wallpaper
10-01 23:23:30.267 1469 2726 V ProcessedPackagesJournal: + com.android.providers.blockednumber
10-01 23:23:30.267 1469 2726 V ProcessedPackagesJournal: + com.android.documentsui
10-01 23:23:30.267 1469 2726 V ProcessedPackagesJournal: + com.google.android.gm
10-01 23:23:30.267 1469 2726 V ProcessedPackagesJournal: + net.osmand.plus
10-01 23:23:30.267 1469 2726 V ProcessedPackagesJournal: + com.google.android.apps.docs
10-01 23:23:30.267 1469 2726 V ProcessedPackagesJournal: + net.osmand
10-01 23:23:30.267 1469 2726 V ProcessedPackagesJournal: + com.google.android.youtube
10-01 23:23:30.267 1469 2726 V ProcessedPackagesJournal: + com.google.android.apps.authenticator2
10-01 23:23:30.267 1469 2726 V ProcessedPackagesJournal: + com.android.providers.userdictionary
10-01 23:23:30.267 1469 2726 V ProcessedPackagesJournal: + com.google.android.calendar
10-01 23:23:30.275 2782 2782 I Zygote : seccomp disabled by setenforce 0
10-01 23:23:30.276 517 748 D CommandListener: Clearing all IP addresses on wlan0
10-01 23:23:30.278 1469 1783 D WifiConfigManager: Legacy store files not found. No migration needed!
10-01 23:23:30.283 1469 1588 W ActivityManager: Slow operation: 83ms so far, now at startProcess: returned from zygote!
10-01 23:23:30.284 1469 1469 V NotificationListeners: binding: Intent { act=android.service.notification.NotificationListenerService cmp=com.android.launcher3/.notification.NotificationListener (has extras) }
10-01 23:23:30.284 2142 2142 D IntentBroadcaster: Rebroadcasting intent android.intent.action.SIM_STATE_CHANGED ABSENT for slotId 1
10-01 23:23:30.285 1469 1469 V NotificationListeners: enabling notification listener for 0: ComponentInfo{com.xiaomi.hm.health/com.xiaomi.hm.health.ui.smartplay.NotificationAc cessService}
10-01 23:23:30.296 1469 1588 W ActivityManager: Slow operation: 96ms so far, now at startProcess: done updating battery stats
10-01 23:23:30.296 1469 1588 W ActivityManager: Slow operation: 96ms so far, now at startProcess: building log message
10-01 23:23:30.296 1469 1588 I ActivityManager: Start proc 2782:com.android.se/1068 for added application com.android.se
10-01 23:23:30.296 1469 1588 W ActivityManager: Slow operation: 97ms so far, now at startProcess: starting to update pids map
10-01 23:23:30.296 1469 1588 W ActivityManager: Slow operation: 97ms so far, now at startProcess: done updating pids map
10-01 23:23:30.297 2782 2782 E com.android.se: Not starting debugger since process cannot load the jdwp agent.
10-01 23:23:30.300 1469 1783 D WifiStateMachine: Setting OUI to DA-A1-19
10-01 23:23:30.300 1469 1469 V NotificationListeners: binding: Intent { act=android.service.notification.NotificationListenerService cmp=com.xiaomi.hm.health/.ui.smartplay.NotificationAccessService (has extras) }
10-01 23:23:30.302 1278 2597 D FingerGoodix: wait_for_boot_complete,boot_complete_value:1
10-01 23:23:30.303 1278 2597 D FingerGoodix: wait_for_boot_complete OK
10-01 23:23:30.304 465 465 E SELinux : avc: denied { find } for service=fingerprint pid=1278 uid=1000 scontext=u:r:init:s0 tcontext=u:object_r:fingerprint_service:s0 tclass=service_manager permissive=1
10-01 23:23:30.305 1278 2597 D FingerGoodix: get FingerPrintService num,1,gFingerPrintMSBinder:1.
10-01 23:23:30.305 1278 2597 D FingerGoodix: Check finger print
10-01 23:23:30.305 560 1215 W SurfaceFlinger: Attempting to destroy on removed layer: AppWindowToken{a26bfca token=Token{4c9bf35 ActivityRecord{5e2bd6c u0 com.android.settings/.FallbackHome t1}}}#0
10-01 23:23:30.305 1278 2597 D FingerGoodix: getFrameworkFingerID reply size: 52
10-01 23:23:30.305 1278 2597 D FingerGoodix: getFrameworkFingerID ret: 0
10-01 23:23:30.306 1278 2597 D FingerGoodix: final finger state: 0
10-01 23:23:30.306 1278 2597 D FingerGoodix: deleteThreadForTA:framework id:75004774
10-01 23:23:30.306 1278 2597 D FingerGoodix: deleteThreadForTA:framework id:0
10-01 23:23:30.306 1278 2597 I chatty : uid=1000(system) [email protected] identical 2 lines
10-01 23:23:30.306 1278 2597 D FingerGoodix: deleteThreadForTA:framework id:0
10-01 23:23:30.306 1278 2597 D FingerGoodix: checkFrameworkToHal,check_consistence-->current_num:1
10-01 23:23:30.306 1278 2597 D FingerGoodix: checkFrameworkToHal,check_consistence:75004774
10-01 23:23:30.306 1278 2597 D FingerGoodix: checkFrameworkToHal,is_consistence:1
10-01 23:23:30.306 1278 2597 D FingerGoodix: checkFrameworkToHal,check_consistence:0
10-01 23:23:30.306 1278 2597 D FingerGoodix: Check finger print
10-01 23:23:30.306 1278 2597 D FingerGoodix: getFrameworkFingerID reply size: 52
10-01 23:23:30.306 1278 2597 D FingerGoodix: getFrameworkFingerID ret: 0
10-01 23:23:30.306 1278 2597 D FingerGoodix: final finger state: 0
10-01 23:23:30.306 1278 2597 D FingerGoodix: checkHalToFramework,check_consistence-->current_num:1
10-01 23:23:30.306 1278 2597 D FingerGoodix: checkHalToFramework,check_consistence:75004774
10-01 23:23:30.306 1278 2597 D FingerGoodix: checkHalToFramework,check_consistence:0
10-01 23:23:30.306 1278 2597 I chatty : uid=1000(system) [email protected] identical 2 lines
10-01 23:23:30.306 1278 2597 D FingerGoodix: checkHalToFramework,check_consistence:0
10-01 23:23:30.306 1278 2597 D FingerGoodix: checkHalToFramework,check_consistence:75004774
10-01 23:23:30.306 1278 2597 D FingerGoodix: checkHalToFramework,is_consistence:1
10-01 23:23:30.306 1278 2597 D FingerGoodix: checkHalToFramework,check_consistence:0
10-01 23:23:30.306 1278 2597 I chatty : uid=1000(system) [email protected] identical 2 lines
10-01 23:23:30.306 1278 2597 D FingerGoodix: checkHalToFramework,check_consistence:0
10-01 23:23:30.306 1278 2597 D FingerGoodix: check_consistence:end
10-01 23:23:30.307 1469 1469 V NotificationListeners: enabling notification listener for 0: ComponentInfo{com.google.android.apps.nexuslauncher/com.android.launcher3.notificat ion.NotificationListener}
10-01 23:23:30.311 1469 1469 V NotificationListeners: binding: Intent { act=android.service.notification.NotificationListenerService cmp=com.google.android.apps.nexuslauncher/com.android.launcher3.notification.Notifi cationListener (has extras) }
10-01 23:23:30.313 1469 1469 I AccountManagerService: User 0 is unlocked - opening CE database
10-01 23:23:30.314 2142 2142 I QImsService: ImsServiceStateReceiver : updateHDIcon isVideo : true isVoice : true phoneId: 0 show HD Icon: false
10-01 23:23:30.316 1469 2726 I BackupManagerService: Package org.softwareshack.roamingcallcontrol not installed; dropping from full backup
10-01 23:23:30.316 1469 2726 I BackupManagerService: Package dk.quan.roamingguard not installed; dropping from full backup
10-01 23:23:30.326 2416 2783 D ContactsDatabaseHelper: WAL enabled for contacts2.db: true
10-01 23:23:30.330 2142 2142 I QImsService: ImsServiceStateReceiver : shallShowHDIcon config showHDIcon : false phoneId : 0
10-01 23:23:30.333 2802 2802 I Zygote : seccomp disabled by setenforce 0
10-01 23:23:30.339 2416 2416 I ContactsPerf: VoicemailContentProvider.onCreate start
10-01 23:23:30.347 1469 2726 I BackupManagerService: Unlocking system user; mService=com.android.server.backup.BackupManagerService@ba89112
10-01 23:23:30.348 1469 2726 I BackupManagerService: Backup enabled => true
10-01 23:23:30.352 2802 2802 E droid.launcher: Not starting debugger since process cannot load the jdwp agent.
10-01 23:23:30.354 1469 2726 V BackupManagerConstants: getKeyValueBackupIntervalMilliseconds(...) returns 14400000
10-01 23:23:30.355 1469 2726 V BackupManagerConstants: getKeyValueBackupFuzzMilliseconds(...) returns 600000
10-01 23:23:30.355 1469 2726 V BackupManagerConstants: getKeyValueBackupRequiredNetworkType(...) returns 1
10-01 23:23:30.355 1469 2726 V BackupManagerConstants: getKeyValueBackupRequireCharging(...) returns true
10-01 23:23:30.355 1469 2726 V KeyValueBackupJob: Scheduling k/v pass in 241 minutes
10-01 23:23:30.355 1469 2726 V BackupManagerConstants: getFullBackupIntervalMilliseconds(...) returns 86400000
10-01 23:23:30.360 2416 2416 I ContactsPerf: VoicemailContentProvider.onCreate finish
10-01 23:23:30.364 1469 1510 W ActivityManager: Slow operation: 103ms so far, now at startProcess: done updating battery stats
10-01 23:23:30.364 1469 1510 W ActivityManager: Slow operation: 104ms so far, now at startProcess: building log message
10-01 23:23:30.364 1469 1510 I ActivityManager: Start proc 2802:com.android.launcher3/u0a29 for service com.android.launcher3/com.android.quickstep.TouchInteractionService
10-01 23:23:30.364 1469 1510 W ActivityManager: Slow operation: 104ms so far, now at startProcess: starting to update pids map
10-01 23:23:30.364 1469 1510 W ActivityManager: Slow operation: 104ms so far, now at startProcess: done updating pids map
10-01 23:23:30.387 1469 1588 W ActivityManager: Slow operation: 126ms so far, now at startProcess: returned from zygote!
10-01 23:23:30.387 1469 1588 W ActivityManager: Slow operation: 125ms so far, now at startProcess: asking zygote to start proc
10-01 23:23:30.420 2782 2782 I SecureElementService: main onCreate
10-01 23:23:30.423 466 466 W hwservicemanager: getTransport: Cannot find entry [email protected]::ISecureElement/eSE1 in either framework or device manifest.
10-01 23:23:30.424 2782 2782 I SecureElementService: No HAL implementation for eSE1
10-01 23:23:30.426 466 466 W hwservicemanager: getTransport: Cannot find entry [email protected]::ISecureElement/SIM1 in either framework or device manifest.
10-01 23:23:30.427 2782 2782 I SecureElementService: No HAL implementation for SIM1
10-01 23:23:30.424 2605 2605 I init.qcom.post_: type=1400 audit(0.0:998): avc: denied { write } for name="select_image" dev="sysfs" ino=33629 scontext=u:r:init:s0 tcontext=u:object_r:sysfs:s0 tclass=file permissive=1
10-01 23:23:30.436 1469 1588 W ActivityManager: Slow operation: 173ms so far, now at startProcess: returned from zygote!
10-01 23:23:30.436 1469 1588 W ActivityManager: Slow operation: 173ms so far, now at startProcess: done updating battery stats
10-01 23:23:30.442 2830 2830 I Zygote : seccomp disabled by setenforce 0
10-01 23:23:30.434 536 536 I HwBinder:536_1: type=1400 audit(0.0:1000): avc: denied { write } for name="idle_time" dev="sysfs" ino=23645 scontext=u:r:hal_graphics_composer_default:s0 tcontext=u:object_r:sysfs:s0 tclass=file permissive=1
10-01 23:23:30.450 2830 2830 E android.smspus: Not starting debugger since process cannot load the jdwp agent.
10-01 23:23:30.460 1469 1588 W ActivityManager: Slow operation: 197ms so far, now at startProcess: building log message
10-01 23:23:30.460 1469 1588 I ActivityManager: Start proc 2830:com.android.smspush/u0a113 for service com.android.smspush/.WapPushManager
10-01 23:23:30.460 1469 1588 W ActivityManager: Slow operation: 197ms so far, now at startProcess: starting to update pids map
10-01 23:23:30.460 1469 1588 W ActivityManager: Slow operation: 197ms so far, now at startProcess: done updating pids map
10-01 23:23:30.463 1469 1588 W ActivityManager: Slow operation: 197ms so far, now at startProcess: asking zygote to start proc
10-01 23:23:30.472 2416 2783 I ContactLocale: AddressBook Labels [[en_DE,de_DE]]: […, A, B, C, D, E, F, G, H, I, J, K, L, M, N, O, P, Q, R, S, T, U, V, W, X, Y, Z, Α, Β, Γ, Δ, Ε, Ζ, Η, Θ, Ι, Κ, Λ, Μ, Ν, Ξ, Ο, Π, Ρ, Σ, Τ, Υ, Φ, Χ, Ψ, Ω, …, А, Б, В, Г, Д, Ђ, Е, Є, Ж, З, И, І, Й, Ј, К, Л, Љ, М, Н, Њ, О, П, Р, С, Т, Ћ, У, Ф, Х, Ц, Ч, Џ, Ш, Щ, Ю, Я, …, ,… , ת, ש, ר, ק, צ, פ, ע, ס, נ, מ, ל, כ, י, ט, ח, ז, ו, ה, ד, ג, ב,א , و, ه, ن, م, ل, ك, ق, ف, غ, ع, ظ, ط, ض, ص, ش, س, ز, ر, ذ, د, خ, ح, ج, ث, ت, ب,ا ي, …, ก, ข, ฃ, ค, ฅ, ฆ, ง, จ, ฉ, ช, ซ, ฌ, ญ, ฎ, ฏ, ฐ, ฑ, ฒ, ณ, ด, ต, ถ, ท, ธ, น, บ, ป, ผ, ฝ, พ, ฟ, ภ, ม, ย, ร, ฤ, ล, ฦ, ว, ศ, ษ, ส, ห, ฬ, อ, ฮ, …, ㄱ, ㄴ, ㄷ, ㄹ, ㅁ, ㅂ, ㅅ, ㅇ, ㅈ, ㅊ, ㅋ, ㅌ, ㅍ, ㅎ, …, あ, か, さ, た, な, は, ま, や, ら, わ, #, …]
10-01 23:23:30.486 1469 1872 I SyncManager: Loaded persisted syncs: 29 periodic syncs, 0 oneshot syncs, 39 total system server jobs, JobStats: FirstLoad: 44/31/29 LastSave: -1/-1/-1
10-01 23:23:30.489 1469 1588 W ActivityManager: Slow operation: 223ms so far, now at startProcess: returned from zygote!
10-01 23:23:30.491 2846 2846 I Zygote : seccomp disabled by setenforce 0
10-01 23:23:30.493 1469 1588 W ActivityManager: Slow operation: 227ms so far, now at startProcess: done updating battery stats
10-01 23:23:30.493 1469 1588 W ActivityManager: Slow operation: 227ms so far, now at startProcess: building log message
10-01 23:23:30.493 1469 1588 I ActivityManager: Start proc 2846:cz.zdenekhorak.mibandtools/u0a174 for service cz.zdenekhorak.mibandtools/.service.MiBandNotificationService
10-01 23:23:30.493 1469 1588 W ActivityManager: Slow operation: 227ms so far, now at startProcess: starting to update pids map
10-01 23:23:30.493 1469 1588 W ActivityManager: Slow operation: 227ms so far, now at startProcess: done updating pids map
10-01 23:23:30.493 1469 1588 W ActivityManager: Slow operation: 186ms so far, now at startProcess: asking zygote to start proc
10-01 23:23:30.507 1469 1588 W ActivityManager: Slow operation: 200ms so far, now at startProcess: returned from zygote!
10-01 23:23:30.507 1469 1588 W ActivityManager: Slow operation: 200ms so far, now at startProcess: done updating battery stats
10-01 23:23:30.507 1469 1588 W ActivityManager: Slow operation: 200ms so far, now at startProcess: building log message
10-01 23:23:30.507 1469 1588 I ActivityManager: Start proc 2854:com.xiaomi.hm.health/u0a150 for service com.xiaomi.hm.health/.ui.smartplay.NotificationAccessService
10-01 23:23:30.507 1469 1588 W ActivityManager: Slow operation: 200ms so far, now at startProcess: starting to update pids map
10-01 23:23:30.507 1469 1588 W ActivityManager: Slow operation: 200ms so far, now at startProcess: done updating pids map
10-01 23:23:30.507 1469 1588 W ActivityManager: Slow operation: 196ms so far, now at startProcess: asking zygote to start proc
10-01 23:23:30.508 2854 2854 I Zygote : seccomp disabled by setenforce 0
10-01 23:23:30.511 2416 2783 D ContactsDatabaseHelper: WAL enabled for profile.db: false
10-01 23:23:30.515 2846 2846 E rak.mibandtool: Not starting debugger since process cannot load the jdwp agent.
10-01 23:23:30.515 1469 1602 W system_server: resources.arsc in APK '/data/app/com.alibaba.aliexpresshd-lPKeFmhGViquwlbxF7oJhw==/base.apk' is compressed.
10-01 23:23:30.521 1469 1469 W Looper : Slow dispatch took 208ms main h=android.app.ActivityThread$H c=android.app.-$ $Lambda$LoadedApk$ReceiverDispatcher$Args$_BumDX2UKsnxLVrE6UJsJZkotuA@870a1e8 m=0
10-01 23:23:30.522 1469 1469 W Looper : Slow delivery took 272ms main h=com.android.server.power.Notifier$NotifierHandler c=null m=1
10-01 23:23:30.524 1469 1469 D WifiP2pService: Wifi enabled=true, P2P Interface availability=true, Number of clients=0
10-01 23:23:30.524 1469 1469 D WifiP2pService: Wifi enabled=true, P2P Interface availability=true
10-01 23:23:30.526 1469 1469 D WifiService: resetting networks because SIM was loaded
10-01 23:23:30.526 1469 1469 D WifiService: resetting networks because SIM was removed
10-01 23:23:30.536 1469 1588 W ActivityManager: Slow operation: 224ms so far, now at startProcess: returned from zygote!
10-01 23:23:30.537 2728 2728 D OpenGLRenderer: Skia GL Pipeline
10-01 23:23:30.538 1469 1588 W ActivityManager: Slow operation: 226ms so far, now at startProcess: done updating battery stats
10-01 23:23:30.538 1469 1588 W ActivityManager: Slow operation: 226ms so far, now at startProcess: building log message
10-01 23:23:30.538 1469 1588 I ActivityManager: Start proc 2870:com.google.android.apps.nexuslauncher/u0a199 for service com.google.android.apps.nexuslauncher/com.android.launcher3.notification.Notificati onListener
10-01 23:23:30.538 1469 1588 W ActivityManager: Slow operation: 226ms so far, now at startProcess: starting to update pids map
10-01 23:23:30.538 1469 1588 W ActivityManager: Slow operation: 226ms so far, now at startProcess: done updating pids map
10-01 23:23:30.546 2870 2870 I Zygote : seccomp disabled by setenforce 0
10-01 23:23:30.546 2854 2854 E iaomi.hm.healt: Not starting debugger since process cannot load the jdwp agent.
10-01 23:23:30.549 2870 2870 I s.nexuslaunche: Late-enabling -Xcheck:jni
10-01 23:23:30.561 1469 1469 W Looper : Drained
10-01 23:23:30.563 2728 2728 I Adreno : QUALCOMM build : 2371bd1, I8ebe47d372
10-01 23:23:30.563 2728 2728 I Adreno : Build Date : 03/12/18
10-01 23:23:30.563 2728 2728 I Adreno : OpenGL ES Shader Compiler Version: EV031.22.00.01
10-01 23:23:30.563 2728 2728 I Adreno : Local Branch :
10-01 23:23:30.563 2728 2728 I Adreno : Remote Branch : quic/gfx-adreno.lnx.1.0.r36-rel
10-01 23:23:30.563 2728 2728 I Adreno : Remote Branch : NONE
10-01 23:23:30.563 2728 2728 I Adreno : Reconstruct Branch : NOTHING
10-01 23:23:30.568 2728 2728 I Adreno : PFP: 0x005ff087, ME: 0x005ff063
10-01 23:23:30.599 1469 2021 I ActivityManager: Loading recents for user 0 into memory.
10-01 23:23:30.600 1926 1926 I wpa_supplicant: wlan0: CTRL-EVENT-REGDOM-CHANGE init=USER type=COUNTRY alpha2=DE
10-01 23:23:30.602 1926 1926 I wpa_supplicant: wlan0: CTRL-EVENT-REGDOM-CHANGE init=USER type=COUNTRY alpha2=DE
10-01 23:23:30.602 1469 1783 D WifiCountryCode: Succeeded to set country code to: DE
10-01 23:23:30.602 590 590 I wificond: Regulatory domain changed to country: DE
10-01 23:23:30.603 1469 1783 I WifiVendorHal: Driver: 3.0.11.85 Firmware: CNSS- PR-4-0-00328
10-01 23:23:30.603 590 590 I wificond: 2.4Ghz frequencies: 2412 2417 2422 2427 2432 2437 2442 2447 2452 2457 2462 2467 2472
10-01 23:23:30.603 590 590 I wificond: 5Ghz non-DFS frequencies: 5180 5200 5220 5240
10-01 23:23:30.603 590 590 I wificond: 5Ghz DFS frequencies: 5260 5280 5300 5320 5500 5520 5540 5560 5580 5600 5620 5640 5660 5680 5700
10-01 23:23:30.605 546 546 E WifiHAL : wifi_get_ring_buffers_status: Ring buffer logging feature not supported 0
10-01 23:23:30.605 2728 2728 I ConfigStore: android::hardware::configstore::V1_0::ISurfaceFlingerConfigs::hasWideColorDisplay retrieved: 0
10-01 23:23:30.606 2728 2728 I ConfigStore: android::hardware::configstore::V1_0::ISurfaceFlingerConfigs::hasHDRDisplay retrieved: 0
10-01 23:23:30.606 1469 1783 E WifiVendorHal: getRingBufferStatus(l.2037) failed {.code = ERROR_NOT_SUPPORTED, .description = }
10-01 23:23:30.606 1469 1783 W WifiDiags: no ring buffers found
10-01 23:23:30.607 546 546 E WifiHAL : wifi_start_pkt_fate_monitoring: packet fate logging feature not supported 0
10-01 23:23:30.608 1469 1783 E WifiVendorHal: startPktFateMonitoring(l.2125) failed {.code = ERROR_NOT_SUPPORTED, .description = }
10-01 23:23:30.609 1469 1783 W WifiDiags: Failed to start packet fate monitoring
10-01 23:23:30.611 1469 1786 I WifiScanningService: wifi driver loaded with scan capabilities: max buckets=16
10-01 23:23:30.637 1469 1799 D AccountManagerService: Visibility was not initialized
10-01 23:23:30.637 2706 2706 D MediaScannerReceiver: action: android.intent.action.MEDIA_MOUNTED path: /storage/emulated/0
10-01 23:23:30.638 1469 1799 D AccountManagerService: Visibility was not initialized
10-01 23:23:30.640 2111 2195 I QCNEJ/CndHalConnector: -> SND notifyRatConnectionStatusChanged(rat = 1, DISCONNECTED)
10-01 23:23:30.644 1469 1783 D WakeupController: reset()
10-01 23:23:30.644 1469 1783 I WifiStateMachine: disconnectedstate enter
10-01 23:23:30.647 1469 2021 W WallpaperManagerService: Cannot extract colors because wallpaper could not be read.
10-01 23:23:30.656 1907 1907 D Tonal : Tonal Palette - index: 11. Main color: ffffffff
10-01 23:23:30.656 1907 1907 D Tonal : Colors: ff212121, ff292929, ff333333, ff404040, ff595959, ff737373, ff8c8c8c, ffababab, ffc4c4c4, ffdedede, fff7f7f7, ffffffff
10-01 23:23:30.656 1907 1907 D Tonal : Tonal Palette - index: 11. Main color: ffffffff
10-01 23:23:30.656 1907 1907 D Tonal : Colors: ff212121, ff292929, ff333333, ff404040, ff595959, ff737373, ff8c8c8c, ffababab, ffc4c4c4, ffdedede, fff7f7f7, ffffffff
10-01 23:23:30.660 711 711 I MSM-irqbalance: Discovered a new IRQ: 179
10-01 23:23:30.660 711 711 I MSM-irqbalance: Discovered a new IRQ: 192
10-01 23:23:30.662 2802 2802 D TouchInteractionService: Touch service connected
10-01 23:23:30.662 1469 1783 D WifiStateMachine: resetting EAP-SIM/AKA/AKA' networks since SIM was changed
10-01 23:23:30.662 1469 1783 D WifiStateMachine: resetting EAP-SIM/AKA/AKA' networks since SIM was changed
10-01 23:23:30.665 1469 1783 D WifiConfigStore: Reading from stores completed in 2 ms.
10-01 23:23:30.668 2903 2903 I Zygote : seccomp disabled by setenforce 0
10-01 23:23:30.670 1469 1588 I ActivityManager: Start proc 2903:com.google.android.apps.photos/u0a107 for broadcast com.google.android.apps.photos/.sdcard.envcache.ExternalStorageStateChangeBroadcast Receiver
10-01 23:23:30.690 2903 2903 E oid.apps.photo: Not starting debugger since process cannot load the jdwp agent.
10-01 23:23:30.708 1469 1783 D WIFI : Registering NetworkFactory
10-01 23:23:30.708 1469 1783 D WIFI_UT : Registering NetworkFactory
10-01 23:23:30.709 1469 1788 D ConnectivityService: Got NetworkFactory Messenger for WIFI
10-01 23:23:30.709 1469 1478 I system_server: Background concurrent copying GC freed 139405(7MB) AllocSpace objects, 93(3MB) LOS objects, 42% free, 15MB/27MB, paused 275us total 299.977ms
10-01 23:23:30.709 1469 1788 D ConnectivityService: Got NetworkFactory Messenger for WIFI_UT
10-01 23:23:30.716 1469 1783 D WifiConfigStore: Reading from user store completed in 7 ms.
10-01 23:23:30.716 1469 1783 D WakeupConfigStoreData: WifiWake user data has been read
10-01 23:23:30.720 1469 1476 W FingerprintService: removing leaked reference: android.os.Binder@120d9d8
10-01 23:23:30.746 2613 2640 I QcrilOemhookMsgTunnel: [1]processOemHookIndication length=24
10-01 23:23:30.746 2613 2613 D QcrilMsgTunnelIfaceManager: handleMessage what = 0
10-01 23:23:30.749 2142 2247 I QImsService: ImsSenderRxr : [UNSL]< UNSOL_RADIO_STATE_CHANGED 2[SUB1]
10-01 23:23:30.801 1469 1783 D WifiConfigStore: Writing to stores completed in 79 ms.
10-01 23:23:30.801 1469 1783 D WifiStateMachine: resetting EAP-SIM/AKA/AKA' networks since SIM was changed
10-01 23:23:30.801 1469 1783 D WifiStateMachine: resetting EAP-SIM/AKA/AKA' networks since SIM was changed
10-01 23:23:30.805 1469 1783 D WIFI : got request NetworkRequest [ REQUEST id=1, [ Capabilities: INTERNET&NOT_RESTRICTED&TRUSTED&NOT_VPN Unwanted: ] ] with score 0
10-01 23:23:30.808 1469 1783 D WifiConnectivityHelper: Firmware supported feature set: 1153f
10-01 23:23:30.808 1469 1783 D WifiConnectivityHelper: Firmware roaming is not supported
10-01 23:23:30.809 1469 1783 D WIFI : got request NetworkRequest [ REQUEST id=14, [ Transports: CELLULAR Capabilities: IMS&TRUSTED&NOT_VPN Unwanted: Specifier: <1> Uid: 1000] ] with score 0
10-01 23:23:30.809 1469 1783 D WIFI : got request NetworkRequest [ TRACK_DEFAULT id=9, [ Capabilities: INTERNET&NOT_RESTRICTED&TRUSTED Unwanted: Uid: 10033] ] with score 0
10-01 23:23:30.809 1469 1783 D WIFI : got request NetworkRequest [ BACKGROUND_REQUEST id=2, [ Transports: CELLULAR Capabilities: INTERNET&NOT_RESTRICTED&TRUSTED&NOT_VPN Unwanted: ] ] with score 0
10-01 23:23:30.809 1469 1783 D WIFI : got request NetworkRequest [ TRACK_DEFAULT id=6, [ Capabilities: INTERNET&NOT_RESTRICTED&TRUSTED Unwanted: Uid: 1000] ] with score 0
10-01 23:23:30.809 1469 1783 D WIFI : got request NetworkRequest [ TRACK_DEFAULT id=12, [ Capabilities: INTERNET&NOT_RESTRICTED&TRUSTED Unwanted: Uid: 1000] ] with score 0
10-01 23:23:30.809 1469 1783 D WIFI_UT : got request NetworkRequest [ REQUEST id=1, [ Capabilities: INTERNET&NOT_RESTRICTED&TRUSTED&NOT_VPN Unwanted: ] ] with score 0
10-01 23:23:30.809 1469 1783 D WIFI_UT : got request NetworkRequest [ REQUEST id=14, [ Transports: CELLULAR Capabilities: IMS&TRUSTED&NOT_VPN Unwanted: Specifier: <1> Uid: 1000] ] with score 0
10-01 23:23:30.809 1469 1783 D WIFI_UT : got request NetworkRequest [ TRACK_DEFAULT id=9, [ Capabilities: INTERNET&NOT_RESTRICTED&TRUSTED Unwanted: Uid: 10033] ] with score 0
10-01 23:23:30.809 1469 1783 D WIFI_UT : got request NetworkRequest [ BACKGROUND_REQUEST id=2, [ Transports: CELLULAR Capabilities: INTERNET&NOT_RESTRICTED&TRUSTED&NOT_VPN Unwanted: ] ] with score 0
10-01 23:23:30.810 1469 1783 D WIFI_UT : got request NetworkRequest [ TRACK_DEFAULT id=6, [ Capabilities: INTERNET&NOT_RESTRICTED&TRUSTED Unwanted: Uid: 1000] ] with score 0
10-01 23:23:30.810 1469 1783 D WIFI_UT : got request NetworkRequest [ TRACK_DEFAULT id=12, [ Capabilities: INTERNET&NOT_RESTRICTED&TRUSTED Unwanted: Uid: 1000] ] with score 0
10-01 23:23:30.810 1469 1787 E WifiP2pService: Unhandled message { when=0 what=131203 target=com.android.internal.util.StateMachine$SmHandler }
10-01 23:23:30.837 1469 1591 W KernelCpuProcReader: File not exist: /proc/uid_cpupower/time_in_state
10-01 23:23:30.837 1469 1591 W KernelCpuProcReader: File not exist: /proc/uid_cpupower/concurrent_active_time
10-01 23:23:30.837 1469 1591 W KernelCpuProcReader: File not exist: /proc/uid_cpupower/concurrent_policy_time
10-01 23:23:30.910 560 2799 W SurfaceFlinger: Attempting to set client state on removed layer: Surface(name=a0ad12e com.google.android.apps.wallpaper.module.NoBackupImageWallpaper)/@0x8dea042 - animation-leash#0
10-01 23:23:30.910 560 2799 W SurfaceFlinger: Attempting to destroy on removed layer: Surface(name=a0ad12e com.google.android.apps.wallpaper.module.NoBackupImageWallpaper)/@0x8dea042 - animation-leash#0
10-01 23:23:30.990 2748 2748 I InteractorInitializer: Initialized process com.google.android.googlequicksearchbox:interactor
10-01 23:23:31.024 2870 2870 V Launcher: LauncherAppState initiated
10-01 23:23:31.042 2854 2854 I MultiDex: VM with version 2.1.0 has multidex support
10-01 23:23:31.042 2854 2854 I MultiDex: Installing application
10-01 23:23:31.042 2854 2854 I MultiDex: VM has multidex support, MultiDex support library is disabled.
10-01 23:23:31.048 2870 2870 D OpenGLRenderer: Skia GL Pipeline
10-01 23:23:31.183 2854 2948 D NetworkSecurityConfig: No Network Security Config specified, using platform default
10-01 23:23:31.229 2854 2854 I BraceletApp: <BraceletApp:onCreate:145> onCreate
10-01 23:23:31.243 549 692 E ANDR-PERF-MPCTL: Invalid profile no. 0, total profiles 0 only
10-01 23:23:31.243 549 692 E ANDR-PERF-RESOURCEQS: Failed to apply optimization [4, 0]
10-01 23:23:31.243 549 692 E ANDR-PERF-RESOURCEQS: Failed to apply optimization [2, 0]
10-01 23:23:31.267 2748 2748 I GsaVoiceInteractionSrv: Registering passthrough
10-01 23:23:31.286 1469 1588 I ActivityManager: Start proc 2969:com.google.android.googlequicksearchbox:search/u0a37 for service com.google.android.googlequicksearchbox/com.google.android.hotword.service.HotwordS ervice
10-01 23:23:31.287 2969 2969 I Zygote : seccomp disabled by setenforce 0
10-01 23:23:31.293 1907 1907 I KeyguardSecurityView: Strong auth required, reason: 1
10-01 23:23:31.295 2969 2969 E earchbox:searc: Not starting debugger since process cannot load the jdwp agent.
10-01 23:23:31.318 1469 1602 I AppWidgetServiceImpl: Async processing of onUserUnlocked u0 took 1143 ms
10-01 23:23:31.318 1469 1780 W system_server: Long monitor contention with owner android.fg (1602) at long android.content.res.ApkAssets.nativeLoad(java.lang.String, boolean, boolean, boolean)(ApkAssets.java:-2) waiters=0 in boolean com.android.server.appwidget.AppWidgetServiceImpl.isBoundWidgetPackage(java.lang.St ring, int) for 1.059s
10-01 23:23:31.318 1469 1602 W Looper : Slow dispatch took 1144ms android.fg h=android.os.Handler c=com.android.server.appwidget.-$ $Lambda$AppWidgetService$HIwvoPMyKqEhLVIiysgUKH8QJg8@8f0e61 m=0
10-01 23:23:31.319 1469 1602 W Looper : Slow delivery took 1120ms android.fg h=android.os.Handler c=com.android.server.am.-$$Lambda$UserController$Eh5Od1- 6teHInq04bnfmHhMt3-E@350dd86 m=0
10-01 23:23:31.319 1469 1602 W Looper : Drained
10-01 23:23:31.321 1469 1779 W system_server: Long monitor contention with owner NetworkPolicy.uid (1780) at void com.android.server.net.NetworkPolicyManagerService.handleUidChanged(int, int, long) (NetworkPolicyManagerService.java:4428) waiters=0 in void com.android.server.net.NetworkPolicyManagerService$12.onReceive(android.content.Con text, android.content.Intent) for 614ms
10-01 23:23:31.330 1469 1588 I ActivityManager: Start proc 2985:com.touchtype.swiftkey/u0a145 for broadcast com.touchtype.swiftkey/com.touchtype_fluency.service.receiver.SDCardReceiver
10-01 23:23:31.331 2985 2985 I Zygote : seccomp disabled by setenforce 0
10-01 23:23:31.337 2985 2985 E chtype.swiftke: Not starting debugger since process cannot load the jdwp agent.
10-01 23:23:31.409 1253 1841 E Diag_Lib: [IMS_FATAL]| 1841 | ims_qmi_register_client : Failed
10-01 23:23:31.410 1253 1841 E Diag_Lib: [IMS_FATAL]| 1841 | ims_qmi_register_client : Failed
10-01 23:23:31.422 2854 2854 E openSDK_LOG: com.xiaomi.hm.health SDK_VERSION:3.3.0.lite
10-01 23:23:31.423 2854 2854 I openSDK_LOG.Tencent: createInstance() -- start, appId = 1103177325
10-01 23:23:31.423 2854 2854 I openSDK_LOG.QQAuth: QQAuth -- createInstance() --start
10-01 23:23:31.424 1469 2766 D WificondControl: Scan result ready event
10-01 23:23:31.424 767 2677 I LOWI-8.5.0.3.a: [LOWI-Scan] lowi_close_record:Scan completed in 1464ms and Recieved 4 APs scan results
10-01 23:23:31.425 2854 2854 I openSDK_LOG.QQAuth: new QQAuth() --start
10-01 23:23:31.426 2854 2854 I openSDK_LOG.AuthAgent: is arm(default) architecture
10-01 23:23:31.427 2854 2854 W System.err: java.lang.ClassNotFoundException: com.tencent.stat.StatConfig
10-01 23:23:31.434 1469 1783 D WifiStateMachine: CMD_START_CONNECT sup state UninitializedState my state DisconnectedState nid=0 roam=false
10-01 23:23:31.436 1469 1783 I WifiStateMachine: Connecting with 00:0a:f5:1b:65:84 as the mac address
10-01 23:23:31.437 2854 2854 W System.err: at java.lang.Class.classForName(Native Method)
10-01 23:23:31.437 2854 2854 W System.err: at java.lang.Class.forName(Class.java:453)
10-01 23:23:31.437 590 590 W wificond: Scan is not started. Ignore abort request
10-01 23:23:31.437 2854 2854 W System.err: at java.lang.Class.forName(Class.java:378)
10-01 23:23:31.437 2854 2854 W System.err: at com.tencent.connect.a.a.c(ProGuard:58)
10-01 23:23:31.437 2854 2854 W System.err: at com.tencent.connect.auth.c.<init>(ProGuard:42)
10-01 23:23:31.437 2854 2854 W System.err: at com.tencent.connect.auth.c.a(ProGuard:77)
10-01 23:23:31.437 2854 2854 W System.err: at com.tencent.tauth.Tencent.<init>(ProGuard:59)
10-01 23:23:31.437 2854 2854 W System.err: at com.tencent.tauth.Tencent.createInstance(ProGuard:67)
10-01 23:23:31.437 2854 2854 W System.err: at com.xiaomi.hm.health.thirdbind.c.a.<init>(QQLogin.java:65)
10-01 23:23:31.437 2854 2854 W System.err: at com.xiaomi.hm.health.thirdbind.c.a.a(QQLogin.java:73)
10-01 23:23:31.437 2854 2854 W System.err: at com.xiaomi.hm.health.BraceletApp.onCreate(BraceletApp.java:182)
10-01 23:23:31.437 2854 2854 W System.err: at android.app.Instrumentation.callApplicationOnCreate(Instrumentation.java:1154)
10-01 23:23:31.437 2854 2854 W System.err: at android.app.ActivityThread.handleBindApplication(ActivityThread.java:5871)
10-01 23:23:31.438 2854 2854 W System.err: at android.app.ActivityThread.access$1100(ActivityThread.java:199)
10-01 23:23:31.438 1469 1783 D SupplicantStaIfaceHal: connectToNetwork "nsa_van_04"WPA_PSK
10-01 23:23:31.438 2854 2854 W System.err: at android.app.ActivityThread$H.handleMessage(ActivityThread.java:1650)
10-01 23:23:31.438 2854 2854 W System.err: at android.os.Handler.dispatchMessage(Handler.java:106)
10-01 23:23:31.438 2854 2854 W System.err: at android.os.Looper.loop(Looper.java:193)
10-01 23:23:31.438 2854 2854 W System.err: at android.app.ActivityThread.main(ActivityThread.java:6669)
10-01 23:23:31.438 2854 2854 W System.err: at java.lang.reflect.Method.invoke(Native Method)
10-01 23:23:31.438 2854 2854 W System.err: at com.android.internal.os.RuntimeInit$MethodAndArgsCaller.run(RuntimeInit.java:495)
10-01 23:23:31.438 2854 2854 W System.err: at com.android.internal.os.ZygoteInit.main(ZygoteInit.java:858)
10-01 23:23:31.439 1469 1783 I SupplicantStaIfaceHal: addSupplicantStaNetwork via HIDL
10-01 23:23:31.440 2854 2854 W System.err: Caused by: java.lang.ClassNotFoundException: Didn't find class "com.tencent.stat.StatConfig" on path: DexPathList[[zip file "/system/framework/org.apache.http.legacy.boot.jar", zip file "/data/app/com.xiaomi.hm.health- _qe1r8cIddQ8phVZQeC2IQ==/base.apk"],nativeLibraryDirectories=[/data/app/com.xiaomi. hm.health-_qe1r8cIddQ8phVZQeC2IQ==/lib/arm, /system/fake-libs, /data/app/com.xiaomi.hm.health-_qe1r8cIddQ8phVZQeC2IQ==/base.apk!/lib/armeabi- v7a, /system/lib, /vendor/lib]]
10-01 23:23:31.441 2854 2854 W System.err: at dalvik.system.BaseDexClassLoader.findClass(BaseDexClassLoader.java:134)
10-01 23:23:31.441 2854 2854 W System.err: at java.lang.ClassLoader.loadClass(ClassLoader.java:379)
10-01 23:23:31.441 2854 2854 W System.err: at java.lang.ClassLoader.loadClass(ClassLoader.java:312)
10-01 23:23:31.441 2854 2854 W System.err: ... 21 more
10-01 23:23:31.441 2854 2854 I openSDK_LOG.QQAuth: new QQAuth() --end
10-01 23:23:31.442 2854 2854 I openSDK_LOG.QQAuth: QQAuth -- createInstance() --end
10-01 23:23:31.446 2854 2854 I openSDK_LOG.Tencent: createInstance() -- end
10-01 23:23:31.447 2854 3008 W System.err: com.tencent.open.utils.HttpUtils$NetworkUnavailableException: network unavailable
10-01 23:23:31.448 2854 3008 W System.err: at com.tencent.open.utils.HttpUtils.openUrl2(ProGuard:493)
10-01 23:23:31.448 2854 3008 W System.err: at com.tencent.open.utils.f$1.run(ProGuard:197)
10-01 23:23:31.485 2854 2854 I iaomi.hm.healt: Rejecting re-init on previously- failed class java.lang.Class<org.b.a.d.b$a>: java.lang.NoClassDefFoundError: Failed resolution of: Lnet/sqlcipher/database/SQLiteOpenHelper;
10-01 23:23:31.486 2854 2854 I iaomi.hm.healt: at void com.xiaomi.hm.health.databases.b.<init>(android.content.Context, java.lang.String) (HMDaoManager.java:84)
10-01 23:23:31.486 2854 2854 I iaomi.hm.healt: at void com.xiaomi.hm.health.databases.b.a(android.content.Context, java.lang.String) (HMDaoManager.java:80)
10-01 23:23:31.486 2854 2854 I iaomi.hm.healt: at void com.xiaomi.hm.health.BraceletApp.a(android.content.Context, java.lang.String, java.lang.String) (BraceletApp.java:374)
10-01 23:23:31.486 2854 2854 I iaomi.hm.healt: at void com.xiaomi.hm.health.BraceletApp.onCreate() (BraceletApp.java:195)
10-01 23:23:31.486 2854 2854 I iaomi.hm.healt: at void android.app.Instrumentation.callApplicationOnCreate(android.app.Application) (Instrumentation.java:1154)
10-01 23:23:31.486 2854 2854 I iaomi.hm.healt: at void android.app.ActivityThread.handleBindApplication(android.app.ActivityThread$AppBind Data) (ActivityThread.java:5871)
10-01 23:23:31.486 2854 2854 I iaomi.hm.healt: at void android.app.ActivityThread.access$1100(android.app.ActivityThread, android.app.ActivityThread$AppBindData) (ActivityThread.java:199)
10-01 23:23:31.486 2854 2854 I iaomi.hm.healt: at void android.app.ActivityThread$H.handleMessage(android.os.Message) (ActivityThread.java:1650)
10-01 23:23:31.486 2854 2854 I iaomi.hm.healt: at void android.os.Handler.dispatchMessage(android.os.Message) (Handler.java:106)
10-01 23:23:31.486 2854 2854 I iaomi.hm.healt: at void android.os.Looper.loop() (Looper.java:193)
10-01 23:23:31.486 2854 2854 I iaomi.hm.healt: at void android.app.ActivityThread.main(java.lang.String[]) (ActivityThread.java:6669)
10-01 23:23:31.486 2854 2854 I iaomi.hm.healt: at java.lang.Object java.lang.reflect.Method.invoke(java.lang.Object, java.lang.Object[]) (Method.java:-2)
10-01 23:23:31.486 2854 2854 I iaomi.hm.healt: at void com.android.internal.os.RuntimeInit$MethodAndArgsCaller.run() (RuntimeInit.java:495)
10-01 23:23:31.486 2854 2854 I iaomi.hm.healt: at void com.android.internal.os.ZygoteInit.main(java.lang.String[]) (ZygoteInit.java:858)
10-01 23:23:31.486 2854 2854 I iaomi.hm.healt: Caused by: java.lang.ClassNotFoundException: Didn't find class "net.sqlcipher.database.SQLiteOpenHelper" on path: DexPathList[[zip file "/system/framework/org.apache.http.legacy.boot.jar", zip file "/data/app/com.xiaomi.hm.health- _qe1r8cIddQ8phVZQeC2IQ==/base.apk"],nativeLibraryDirectories=[/data/app/com.xiaomi. hm.health-_qe1r8cIddQ8phVZQeC2IQ==/lib/arm, /system/fake-libs, /data/app/com.xiaomi.hm.health-_qe1r8cIddQ8phVZQeC2IQ==/base.apk!/lib/armeabi- v7a, /system/lib, /vendor/lib]]
10-01 23:23:31.486 2854 2854 I iaomi.hm.healt: at java.lang.Class dalvik.system.BaseDexClassLoader.findClass(java.lang.String) (BaseDexClassLoader.java:134)
10-01 23:23:31.486 2854 2854 I iaomi.hm.healt: at java.lang.Class java.lang.ClassLoader.loadClass(java.lang.String, boolean) (ClassLoader.java:379)
10-01 23:23:31.486 2854 2854 I iaomi.hm.healt: at java.lang.Class java.lang.ClassLoader.loadClass(java.lang.String) (ClassLoader.java:312)
10-01 23:23:31.486 2854 2854 I iaomi.hm.healt: at void com.xiaomi.hm.health.databases.b.<init>(android.content.Context, java.lang.String) (HMDaoManager.java:84)
10-01 23:23:31.486 2854 2854 I iaomi.hm.healt: at void com.xiaomi.hm.health.databases.b.a(android.content.Context, java.lang.String) (HMDaoManager.java:80)
10-01 23:23:31.486 2854 2854 I iaomi.hm.healt: at void com.xiaomi.hm.health.BraceletApp.a(android.content.Context, java.lang.String, java.lang.String) (BraceletApp.java:374)
10-01 23:23:31.486 2854 2854 I iaomi.hm.healt: at void com.xiaomi.hm.health.BraceletApp.onCreate() (BraceletApp.java:195)
10-01 23:23:31.486 2854 2854 I iaomi.hm.healt: at void android.app.Instrumentation.callApplicationOnCreate(android.app.Application) (Instrumentation.java:1154)
10-01 23:23:31.486 2854 2854 I iaomi.hm.healt: at void android.app.ActivityThread.handleBindApplication(android.app.ActivityThread$AppBind Data) (ActivityThread.java:5871)
10-01 23:23:31.486 2854 2854 I iaomi.hm.healt: at void android.app.ActivityThread.access$1100(android.app.ActivityThread, android.app.ActivityThread$AppBindData) (ActivityThread.java:199)
10-01 23:23:31.486 2854 2854 I iaomi.hm.healt: at void android.app.ActivityThread$H.handleMessage(android.os.Message) (ActivityThread.java:1650)
10-01 23:23:31.486 2854 2854 I iaomi.hm.healt: at void android.os.Handler.dispatchMessage(android.os.Message) (Handler.java:106)
10-01 23:23:31.486 2854 2854 I iaomi.hm.healt: at void android.os.Looper.loop() (Looper.java:193)
10-01 23:23:31.486 2854 2854 I iaomi.hm.healt: at void android.app.ActivityThread.main(java.lang.String[]) (ActivityThread.java:6669)
10-01 23:23:31.486 2854 2854 I iaomi.hm.healt: at java.lang.Object java.lang.reflect.Method.invoke(java.lang.Object, java.lang.Object[]) (Method.java:-2)
10-01 23:23:31.486 2854 2854 I iaomi.hm.healt: at void com.android.internal.os.RuntimeInit$MethodAndArgsCaller.run() (RuntimeInit.java:495)
10-01 23:23:31.486 2854 2854 I iaomi.hm.healt: at void com.android.internal.os.ZygoteInit.main(java.lang.String[]) (ZygoteInit.java:858)
10-01 23:23:31.486 2854 2854 I iaomi.hm.healt:
10-01 23:23:31.486 2854 2854 I iaomi.hm.healt: Rejecting re-init on previously- failed class java.lang.Class<org.b.a.d.b$a>: java.lang.NoClassDefFoundError: Failed resolution of: Lnet/sqlcipher/database/SQLiteOpenHelper;
10-01 23:23:31.486 2854 2854 I iaomi.hm.healt: at void com.xiaomi.hm.health.databases.b.<init>(android.content.Context, java.lang.String) (HMDaoManager.java:84)
10-01 23:23:31.486 2854 2854 I iaomi.hm.healt: at void com.xiaomi.hm.health.databases.b.a(android.content.Context, java.lang.String) (HMDaoManager.java:80)
10-01 23:23:31.486 2854 2854 I iaomi.hm.healt: at void com.xiaomi.hm.health.BraceletApp.a(android.content.Context, java.lang.String, java.lang.String) (BraceletApp.java:374)
10-01 23:23:31.486 2854 2854 I iaomi.hm.healt: at void com.xiaomi.hm.health.BraceletApp.onCreate() (BraceletApp.java:195)
10-01 23:23:31.486 2854 2854 I iaomi.hm.healt: at void android.app.Instrumentation.callApplicationOnCreate(android.app.Application) (Instrumentation.java:1154)
10-01 23:23:31.486 2854 2854 I iaomi.hm.healt: at void android.app.ActivityThread.handleBindApplication(android.app.ActivityThread$AppBind Data) (ActivityThread.java:5871)
10-01 23:23:31.486 2854 2854 I iaomi.hm.healt: at void android.app.ActivityThread.access$1100(android.app.ActivityThread, android.app.ActivityThread$AppBindData) (ActivityThread.java:199)
10-01 23:23:31.486 2854 2854 I iaomi.hm.healt: at void android.app.ActivityThread$H.handleMessage(android.os.Message) (ActivityThread.java:1650)
10-01 23:23:31.487 2854 2854 I iaomi.hm.healt: at void android.os.Handler.dispatchMessage(android.os.Message) (Handler.java:106)
10-01 23:23:31.487 2854 2854 I iaomi.hm.healt: at void android.os.Looper.loop() (Looper.java:193)
10-01 23:23:31.487 2854 2854 I iaomi.hm.healt: at void android.app.ActivityThread.main(java.lang.String[]) (ActivityThread.java:6669)
10-01 23:23:31.487 2854 2854 I iaomi.hm.healt: at java.lang.Object java.lang.reflect.Method.invoke(java.lang.Object, java.lang.Object[]) (Method.java:-2)
