10-01 23:23:38.595 3923 3923 I a2dp_codec: init: initialized Source codec AAC
10-01 23:23:38.595 3923 3923 I a2dp_codec: init: initialized Source codec SBC
10-01 23:23:38.595 3923 3923 I a2dp_codec: init: initialized Sink codec AAC SINK
10-01 23:23:38.595 3923 3923 I a2dp_codec: init: initialized Sink codec SBC(Sink)
10-01 23:23:38.595 3923 3923 D a2dp_codec: init
10-01 23:23:38.595 3923 3923 D a2dp_codec: createCodec: codec SBC
10-01 23:23:38.595 3923 3923 I a2dp_codec: init: updated SBC codec priority to 1001
10-01 23:23:38.595 3923 3923 D a2dp_codec: createCodec: codec AAC
10-01 23:23:38.595 3923 3923 I a2dp_codec: init: updated AAC codec priority to 2001
10-01 23:23:38.595 3923 3923 D a2dp_codec: createCodec: codec aptX
10-01 23:23:38.596 3923 3923 E a2dp_vendor_aptx_encoder: A2DP_VendorLoadEncoderAptx: cannot open aptX encoder library libaptX_encoder.so: dlopen failed: library "libaptX_encoder.so" not found
10-01 23:23:38.596 3923 3923 E a2dp_vendor_aptx: init: cannot load the encoder
10-01 23:23:38.596 3923 3923 D a2dp_codec: createCodec: codec aptX-HD
10-01 23:23:38.597 3923 3923 E a2dp_vendor_aptx_hd_encoder: A2DP_VendorLoadEncoderAptxHd: cannot open aptX-HD encoder library libaptXHD_encoder.so: dlopen failed: library "libaptXHD_encoder.so" not found
10-01 23:23:38.597 3923 3923 E a2dp_vendor_aptx_hd: init: cannot load the encoder
10-01 23:23:38.597 3923 3923 D a2dp_codec: createCodec: codec LDAC
10-01 23:23:38.597 3923 3923 I a2dp_codec: init: updated LDAC codec priority to 5001
10-01 23:23:38.597 3923 3923 D a2dp_codec: createCodec: codec SBC SINK
10-01 23:23:38.597 3923 3923 D a2dp_codec: createCodec: codec AAC SINK
10-01 23:23:38.597 3923 3923 I a2dp_codec: init: initialized Source codec LDAC
10-01 23:23:38.597 3923 3923 I a2dp_codec: init: initialized Source codec AAC
10-01 23:23:38.597 3923 3923 I a2dp_codec: init: initialized Source codec SBC
10-01 23:23:38.597 3923 3923 I a2dp_codec: init: initialized Sink codec AAC SINK
10-01 23:23:38.597 3923 3923 I a2dp_codec: init: initialized Sink codec SBC(Sink)
10-01 23:23:38.597 3923 3923 D a2dp_codec: init
10-01 23:23:38.597 3923 3923 D a2dp_codec: createCodec: codec SBC
10-01 23:23:38.597 3923 3923 I a2dp_codec: init: updated SBC codec priority to 1001
10-01 23:23:38.597 3923 3923 D a2dp_codec: createCodec: codec AAC
10-01 23:23:38.597 3923 3923 I a2dp_codec: init: updated AAC codec priority to 2001
10-01 23:23:38.597 3923 3923 D a2dp_codec: createCodec: codec aptX
10-01 23:23:38.598 3923 3923 E a2dp_vendor_aptx_encoder: A2DP_VendorLoadEncoderAptx: cannot open aptX encoder library libaptX_encoder.so: dlopen failed: library "libaptX_encoder.so" not found
10-01 23:23:38.598 3923 3923 E a2dp_vendor_aptx: init: cannot load the encoder
10-01 23:23:38.598 3923 3923 D a2dp_codec: createCodec: codec aptX-HD
10-01 23:23:38.600 3923 3923 E a2dp_vendor_aptx_hd_encoder: A2DP_VendorLoadEncoderAptxHd: cannot open aptX-HD encoder library libaptXHD_encoder.so: dlopen failed: library "libaptXHD_encoder.so" not found
10-01 23:23:38.600 3923 3923 E a2dp_vendor_aptx_hd: init: cannot load the encoder
10-01 23:23:38.600 3923 3923 D a2dp_codec: createCodec: codec LDAC
10-01 23:23:38.600 3923 3923 I a2dp_codec: init: updated LDAC codec priority to 5001
10-01 23:23:38.600 3923 3923 D a2dp_codec: createCodec: codec SBC SINK
10-01 23:23:38.600 3923 3923 D a2dp_codec: createCodec: codec AAC SINK
10-01 23:23:38.600 3923 3923 I a2dp_codec: init: initialized Source codec LDAC
10-01 23:23:38.600 3923 3923 I a2dp_codec: init: initialized Source codec AAC
10-01 23:23:38.600 3923 3923 I a2dp_codec: init: initialized Source codec SBC
10-01 23:23:38.600 3923 3923 I a2dp_codec: init: initialized Sink codec AAC SINK
10-01 23:23:38.600 3923 3923 I a2dp_codec: init: initialized Sink codec SBC(Sink)
10-01 23:23:38.600 3923 3923 D a2dp_codec: init
10-01 23:23:38.600 3923 3923 D a2dp_codec: createCodec: codec SBC
10-01 23:23:38.600 3923 3923 I a2dp_codec: init: updated SBC codec priority to 1001
10-01 23:23:38.600 3923 3923 D a2dp_codec: createCodec: codec AAC
10-01 23:23:38.600 3923 3923 I a2dp_codec: init: updated AAC codec priority to 2001
10-01 23:23:38.600 3923 3923 D a2dp_codec: createCodec: codec aptX
10-01 23:23:38.602 3923 3923 E a2dp_vendor_aptx_encoder: A2DP_VendorLoadEncoderAptx: cannot open aptX encoder library libaptX_encoder.so: dlopen failed: library "libaptX_encoder.so" not found
10-01 23:23:38.602 3923 3923 E a2dp_vendor_aptx: init: cannot load the encoder
10-01 23:23:38.602 3923 3923 D a2dp_codec: createCodec: codec aptX-HD
10-01 23:23:38.603 3923 3923 E a2dp_vendor_aptx_hd_encoder: A2DP_VendorLoadEncoderAptxHd: cannot open aptX-HD encoder library libaptXHD_encoder.so: dlopen failed: library "libaptXHD_encoder.so" not found
10-01 23:23:38.603 3923 3923 E a2dp_vendor_aptx_hd: init: cannot load the encoder
10-01 23:23:38.603 3923 3923 D a2dp_codec: createCodec: codec LDAC
10-01 23:23:38.603 3923 3923 I a2dp_codec: init: updated LDAC codec priority to 5001
10-01 23:23:38.603 3923 3923 D a2dp_codec: createCodec: codec SBC SINK
10-01 23:23:38.603 3923 3923 D a2dp_codec: createCodec: codec AAC SINK
10-01 23:23:38.603 3923 3923 I a2dp_codec: init: initialized Source codec LDAC
10-01 23:23:38.603 3923 3923 I a2dp_codec: init: initialized Source codec AAC
10-01 23:23:38.603 3923 3923 I a2dp_codec: init: initialized Source codec SBC
10-01 23:23:38.603 3923 3923 I a2dp_codec: init: initialized Sink codec AAC SINK
10-01 23:23:38.603 3923 3923 I a2dp_codec: init: initialized Sink codec SBC(Sink)
10-01 23:23:38.603 3923 3923 I bt_btif_a2dp_source: btif_a2dp_source_init
10-01 23:23:38.605 3923 4024 I bt_osi_thread: run_thread: thread id 4024, thread name btif_a2dp_source started
10-01 23:23:38.605 3923 4024 I bt_btif_a2dp_source: Run: message loop for thread btif_a2dp_source_thread started
10-01 23:23:38.605 3923 3970 I bt_btif_storage: btif_storage_get_adapter_property service_mask:0x20000048
10-01 23:23:38.605 3923 3991 I bt_bta_av: bta_av_api_register: AVRCP version used for sdp: "avrcp14"
10-01 23:23:38.606 3923 3991 W bt_btif : bta_av_rc_create: Skipping RC creation for the old AVRCP profile
10-01 23:23:38.606 3923 3991 I bt_bta_av: bta_av_api_register: AVRCP version used for sdp: "avrcp14"
10-01 23:23:38.606 3923 3991 I bt_bta_av: bta_av_api_register: AVRCP version used for sdp: "avrcp14"
10-01 23:23:38.606 3923 3923 D A2dpService: A2DP offload flag set to false
10-01 23:23:38.606 3923 3991 I bt_bta_av: bta_av_api_register: AVRCP version used for sdp: "avrcp14"
10-01 23:23:38.606 3923 3991 I chatty : uid=1002(bluetooth) btu message loo identical 1 line
10-01 23:23:38.606 3923 3991 I bt_bta_av: bta_av_api_register: AVRCP version used for sdp: "avrcp14"
10-01 23:23:38.607 3294 3309 W System : A resource failed to call close.
10-01 23:23:38.607 3923 4024 I bt_btif_a2dp_source: btif_a2dp_source_init_delayed
10-01 23:23:38.611 3923 3923 D A2dpService: setA2dpService(): set to: com.android.bluetooth.a2dp.A2dpService@79ce839
10-01 23:23:38.612 3923 3923 D A2dpService: setActiveDevice(null): previous is null
10-01 23:23:38.612 3923 3923 D A2dpService: broadcastActiveDevice(null)
10-01 23:23:38.613 3923 3923 I BluetoothHidHostServiceJni: classInitNative: succeeds
10-01 23:23:38.615 1469 1589 W libprocessgroup: kill(-2560, 9) failed: No such process
10-01 23:23:38.615 3923 3923 D BluetoothAdapterService: getAdapterService() - returning com.android.bluetooth.btservice.AdapterService@332445d
10-01 23:23:38.616 1907 1907 D BluetoothHidHost: Proxy object connected
10-01 23:23:38.616 1907 1907 D HidProfile: Bluetooth service connected
10-01 23:23:38.617 3923 3923 I bt_btif : get_profile_interface: id = hidhost
10-01 23:23:38.618 3923 3970 I bt_bta_hh: BTA_HhEnable sec_mask:0x36 p_cback:0x771777460c
10-01 23:23:38.618 3923 3970 I bt_btif_storage: btif_storage_get_adapter_property service_mask:0x20100048
10-01 23:23:38.618 3923 3923 D BluetoothAdapterService: handleMessage() - Message: 2
10-01 23:23:38.618 3923 3923 D BluetoothAdapterService: handleMessage() - MESSAGE_PROFILE_SERVICE_REGISTERED
10-01 23:23:38.618 3923 3991 I bt_stack: [INFO:gatt_api.cc(948)] GATT_Register 93a3d3de-0e04-0492-9924-1d4d68396418
10-01 23:23:38.618 3923 3923 I BluetoothHealthServiceJni: classInitNative: succeeds
10-01 23:23:38.618 3923 3991 I bt_stack: [INFO:gatt_api.cc(968)] allocated gatt_if=4
10-01 23:23:38.619 3923 3923 D BluetoothAdapterService: getAdapterService() - returning com.android.bluetooth.btservice.AdapterService@332445d
10-01 23:23:38.621 518 518 I Zygote : Process 2560 exited due to signal (9)
10-01 23:23:38.625 3923 3923 I bt_btif : get_profile_interface: id = health
10-01 23:23:38.626 3923 3923 D HealthService: setHealthService(): set to: com.android.bluetooth.hdp.HealthService@e53abd7
10-01 23:23:38.626 3923 3923 I BluetoothPanServiceJni: classInitNative(L111): succeeds
10-01 23:23:38.628 1907 1907 D BluetoothPan: BluetoothPAN Proxy object connected
10-01 23:23:38.629 1907 1907 D PanProfile: Bluetooth service connected
10-01 23:23:38.629 3923 3923 D BluetoothAdapterService: getAdapterService() - returning com.android.bluetooth.btservice.AdapterService@332445d
10-01 23:23:38.630 3923 3923 D BluetoothPanServiceJni: initializeNative(L116): pan
10-01 23:23:38.631 3923 3923 I bt_btif : get_profile_interface: id = pan
10-01 23:23:38.631 3923 3970 D BluetoothPanServiceJni: control_state_callback(L63): state:0, local_role:3, ifname:bt-pan
10-01 23:23:38.635 1907 1907 D BluetoothMap: Proxy object connected
10-01 23:23:38.636 1907 1907 D MapProfile: Bluetooth service connected
10-01 23:23:38.636 1907 1907 D BluetoothMap: getConnectedDevices()
10-01 23:23:38.636 3923 3923 D BluetoothAdapterService: getAdapterService() - returning com.android.bluetooth.btservice.AdapterService@332445d
10-01 23:23:38.636 1907 1907 D BluetoothMap: Bluetooth is Not enabled
10-01 23:23:38.639 3923 3923 D BluetoothMapService: start()
10-01 23:23:38.646 3923 3923 D BluetoothMapAccountLoader: Found 0 application(s) with intent android.bluetooth.action.BLUETOOTH_MAP_PROVIDER
10-01 23:23:38.647 3923 3923 D BluetoothMapAccountLoader: Found 0 application(s) with intent android.bluetooth.action.BLUETOOTH_MAP_IM_PROVIDER
10-01 23:23:38.647 3923 3923 D BluetoothMapAppObserver: createReceiver()
10-01 23:23:38.648 3923 3923 D BluetoothMapAppObserver: initObservers()
10-01 23:23:38.649 3923 3923 D BluetoothMapAppObserver: getEnabledAccountItems()
10-01 23:23:38.649 3923 3923 D BluetoothMapService: setBluetoothMapService(): set to: com.android.bluetooth.map.BluetoothMapService@f260130
10-01 23:23:38.650 3923 3923 I BluetoothHeadsetClientServiceJni: classInitNative succeeds
10-01 23:23:38.654 3923 3923 D BluetoothAdapterService: getAdapterService() - returning com.android.bluetooth.btservice.AdapterService@332445d
10-01 23:23:38.655 1469 1589 W libprocessgroup: kill(-2560, 9) failed: No such process
10-01 23:23:38.655 1469 1589 I libprocessgroup: Successfully killed process cgroup uid 10070 pid 2560 in 117ms
10-01 23:23:38.655 3923 3923 D BluetoothHeadsetClientServiceJni: initializeNative: HfpClient
10-01 23:23:38.656 3923 3923 I bt_btif : get_profile_interface: id = handsfree_client
10-01 23:23:38.656 3923 3970 I bt_stack: [INFO:port_api.cc(230)] RFCOMM_CreateConnection: bd_addr=ff:ff:ff:ff:ff:ff, scn=4, is_server=1, mtu=256, uuid=0x111e, dlci=8, signal_state=0x0b, p_port=0x77179afab0
10-01 23:23:38.656 3923 3970 I bt_btif_storage: btif_storage_get_adapter_property service_mask:0x21100048
10-01 23:23:38.658 558 1067 D PermissionCache: checking android.permission.MODIFY_AUDIO_SETTINGS for uid=1002 => granted (595 us)
10-01 23:23:38.659 527 1056 D audio_hw_primary: adev_set_parameters: enter: hfp_enable=false
10-01 23:23:38.660 527 1056 E audio_hw_hfp: hfp_enable=false is unsupported
10-01 23:23:38.660 527 1056 D audio_hw_extn: audio_extn_set_anc_parameters: anc_enabled:0
10-01 23:23:38.660 527 1056 E audio_hw_hfp: hfp_enable=false is unsupported
10-01 23:23:38.664 1469 2770 W ActivityManager: Unable to start service Intent { cmp=com.android.bluetooth/.hfpclient.connserv.HfpClientConnectionService } U=0: not found
10-01 23:23:38.666 3923 3923 D BluetoothAdapterService: getAdapterService() - returning com.android.bluetooth.btservice.AdapterService@332445d
10-01 23:23:38.671 3923 3923 I NewAvrcpTargetService: User unlocked, initializing the service
10-01 23:23:38.671 3923 3923 I NewAvrcpTargetService: Starting the AVRCP Target Service
10-01 23:23:38.673 3923 3923 V NewAvrcpMediaPlayerList: Creating MediaPlayerList
10-01 23:23:38.679 1469 1799 D MediaSessionService: The callback android.media.session.ICallback$Stub$Proxy@2b6bdf0 is set by com.android.bluetooth
10-01 23:23:38.679 3923 3923 V NewAvrcpMediaPlayerList: Initializing MediaPlayerList
10-01 23:23:38.680 3923 3923 I NewAvrcpBrowsedPlayerWrapper: Wrapping Media Browser com.google.android.youtube
10-01 23:23:38.681 3923 3923 D NewAvrcpBrowsedPlayerWrapper: connect: Connecting to browsable player: com.google.android.youtube
10-01 23:23:38.681 3923 3923 I NewAvrcpBrowsedPlayerWrapper: Wrapping Media Browser com.sirma.mobile.bible.android
10-01 23:23:38.681 3923 3923 D NewAvrcpBrowsedPlayerWrapper: connect: Connecting to browsable player: com.sirma.mobile.bible.android
10-01 23:23:38.681 3923 3923 I NewAvrcpBrowsedPlayerWrapper: Wrapping Media Browser com.spotify.music
10-01 23:23:38.681 3923 3923 D NewAvrcpBrowsedPlayerWrapper: connect: Connecting to browsable player: com.spotify.music
10-01 23:23:38.681 3923 3923 I NewAvrcpBrowsedPlayerWrapper: Wrapping Media Browser org.leetzone.android.yatsewidgetfree
10-01 23:23:38.681 3923 3923 D NewAvrcpBrowsedPlayerWrapper: connect: Connecting to browsable player: org.leetzone.android.yatsewidgetfree
10-01 23:23:38.682 3923 3923 I NewAvrcpBrowsedPlayerWrapper: Wrapping Media Browser org.telegram.messenger
10-01 23:23:38.682 3923 3923 D NewAvrcpBrowsedPlayerWrapper: connect: Connecting to browsable player: org.telegram.messenger
10-01 23:23:38.682 3923 3923 I NewAvrcpTargetJni: classInitNative: AvrcpTargetJni initialized!
10-01 23:23:38.682 3923 3923 D NewAvrcpNativeInterface: Init AvrcpNativeInterface
10-01 23:23:38.682 3923 3923 D NewAvrcpTargetJni: initNative
10-01 23:23:38.682 3923 3991 I bt_stack: [INFO:avrcp_service.cc(284)] AVRCP Target Service started
10-01 23:23:38.682 3923 3991 I bt_stack: [INFO:connection_handler.cc(168)] Connect to device ff:ff:ff:ff:ff:ff
10-01 23:23:38.682 3923 3991 I bt_stack: [INFO:connection_handler.cc(189)] virtual bool bluetooth::avrcp::ConnectionHandler::AvrcpConnect(bool, const RawAddress &): handle=0000 status= 000000
10-01 23:23:38.689 3923 3923 D BluetoothAdapterService: getAdapterService() - returning com.android.bluetooth.btservice.AdapterService@332445d
10-01 23:23:38.689 1907 1907 D BluetoothHidDevice: onServiceConnected()
10-01 23:23:38.689 1907 1907 D HidDeviceProfile: Bluetooth service connected :-)
10-01 23:23:38.691 3923 3923 V BluetoothHidDeviceServiceJni: classInitNative: done
10-01 23:23:38.691 3923 3923 V BluetoothHidDeviceServiceJni: initNative enter
10-01 23:23:38.691 3923 3923 I bt_btif : get_profile_interface: id = hiddev
10-01 23:23:38.691 3923 3923 V BluetoothHidDeviceServiceJni: initNative done
10-01 23:23:38.691 3923 3970 I bt_btif_storage: btif_storage_get_adapter_property service_mask:0x61100048
10-01 23:23:38.695 3923 3923 D BluetoothAdapterService: getAdapterService() - returning com.android.bluetooth.btservice.AdapterService@332445d
10-01 23:23:38.702 3923 3923 D BtOppService: setBluetoothOppService(): set to: com.android.bluetooth.opp.BluetoothOppService@832f2db
10-01 23:23:38.706 3801 4013 W droid.apps.map: Long monitor contention with owner LowPriPoolPool1 (4012) at boolean android.os.BinderProxy.transactNative(int, android.os.Parcel, android.os.Parcel, int)(Binder.java:-2) waiters=0 in java.lang.Object com.google.android.apps.gmm.shared.j.a.a() for 144ms
10-01 23:23:38.706 3923 3923 D BluetoothAdapterService: getAdapterService() - returning com.android.bluetooth.btservice.AdapterService@332445d
10-01 23:23:38.706 1907 1907 D PbapServerProfile: Bluetooth service connected
10-01 23:23:38.707 3923 3923 I BluetoothPbapService: setCurrentUser(0)
10-01 23:23:38.708 3923 3923 I BluetoothPbapService: setUserUnlocked(0)
10-01 23:23:38.708 3923 3923 I BluetoothPbapService: setUserUnlocked(0)
10-01 23:23:38.731 3923 3923 D BluetoothPbapService: setBluetoothPbapService(): set to: com.android.bluetooth.pbap.BluetoothPbapService@cc02242
10-01 23:23:38.732 3923 4037 D ObexServerSockets: create(rfcomm = -2, l2capPsm = -2)
10-01 23:23:38.732 3923 3923 D HeadsetPhoneState: sendDeviceStateChanged. mService=0 mIsSimStateLoaded=false mSignal=0 mRoam=0 mBatteryCharge=3
10-01 23:23:38.733 3923 3923 D BluetoothAdapterService: handleMessage() - Message: 1
10-01 23:23:38.733 3923 3923 D BluetoothAdapterService: handleMessage() - MESSAGE_PROFILE_SERVICE_STATE_CHANGED
10-01 23:23:38.733 3923 3923 D BluetoothAdapterService: handleMessage() - Message: 2
10-01 23:23:38.733 3923 3923 D BluetoothAdapterService: handleMessage() - MESSAGE_PROFILE_SERVICE_REGISTERED
10-01 23:23:38.733 3923 4037 W BluetoothAdapter: getBluetoothService() called with no BluetoothManagerCallback
10-01 23:23:38.733 3923 3923 W Avrcp : No package name for player (0 not valid)
10-01 23:23:38.733 3923 3923 I Avrcp : Skipping update due to invalid playback state
10-01 23:23:38.733 3923 3923 I Avrcp : Skipping update due to invalid playback state
10-01 23:23:38.733 3923 3923 D BluetoothAdapterService: handleMessage() - Message: 1
10-01 23:23:38.733 3923 3923 D BluetoothAdapterService: handleMessage() - MESSAGE_PROFILE_SERVICE_STATE_CHANGED
10-01 23:23:38.734 3923 3923 D BluetoothAdapterService: handleMessage() - Message: 2
10-01 23:23:38.734 3923 3923 D BluetoothAdapterService: handleMessage() - MESSAGE_PROFILE_SERVICE_REGISTERED
10-01 23:23:38.734 3923 3923 D BluetoothAdapterService: handleMessage() - Message: 1
10-01 23:23:38.734 3923 3923 D BluetoothAdapterService: handleMessage() - MESSAGE_PROFILE_SERVICE_STATE_CHANGED
10-01 23:23:38.734 3923 3923 D BluetoothAdapterService: handleMessage() - Message: 2
10-01 23:23:38.734 3923 3923 D BluetoothAdapterService: handleMessage() - MESSAGE_PROFILE_SERVICE_REGISTERED
10-01 23:23:38.734 3923 3923 D BluetoothAdapterService: handleMessage() - Message: 1
10-01 23:23:38.734 3923 3923 D BluetoothAdapterService: handleMessage() - MESSAGE_PROFILE_SERVICE_STATE_CHANGED
10-01 23:23:38.734 3923 3971 D BluetoothActiveDeviceManager: handleMessage(MESSAGE_A2DP_ACTION_ACTIVE_DEVICE_CHANGED): device= null
10-01 23:23:38.734 3923 3923 D BluetoothAdapterService: handleMessage() - Message: 2
10-01 23:23:38.734 3923 3923 D BluetoothAdapterService: handleMessage() - MESSAGE_PROFILE_SERVICE_REGISTERED
10-01 23:23:38.734 3923 3923 D BluetoothAdapterService: handleMessage() - Message: 1
10-01 23:23:38.734 3923 3923 D BluetoothAdapterService: handleMessage() - MESSAGE_PROFILE_SERVICE_STATE_CHANGED
10-01 23:23:38.734 3923 3923 D BluetoothAdapterService: handleMessage() - Message: 2
10-01 23:23:38.734 3923 3923 D BluetoothAdapterService: handleMessage() - MESSAGE_PROFILE_SERVICE_REGISTERED
10-01 23:23:38.734 3923 3923 D BluetoothAdapterService: handleMessage() - Message: 1
10-01 23:23:38.734 3923 3923 D BluetoothAdapterService: handleMessage() - MESSAGE_PROFILE_SERVICE_STATE_CHANGED
10-01 23:23:38.734 3923 3923 D BluetoothAdapterService: handleMessage() - Message: 2
10-01 23:23:38.734 3923 3923 D BluetoothAdapterService: handleMessage() - MESSAGE_PROFILE_SERVICE_REGISTERED
10-01 23:23:38.734 3923 3923 D BluetoothAdapterService: handleMessage() - Message: 1
10-01 23:23:38.734 3923 3923 D BluetoothAdapterService: handleMessage() - MESSAGE_PROFILE_SERVICE_STATE_CHANGED
10-01 23:23:38.734 3923 3923 D BluetoothAdapterService: handleMessage() - Message: 2
10-01 23:23:38.734 3923 3923 D BluetoothAdapterService: handleMessage() - MESSAGE_PROFILE_SERVICE_REGISTERED
10-01 23:23:38.734 3923 3923 E NewAvrcpMediaPlayerList: onAddressedPlayerChanged(Component): Addressed Player changed to a player we don't have a session for
10-01 23:23:38.734 3923 3991 I bt_stack: [INFO:port_api.cc(230)] RFCOMM_CreateConnection: bd_addr=ff:ff:ff:ff:ff:ff, scn=5, is_server=1, mtu=990, uuid=0x0037, dlci=10, signal_state=0x0b, p_port=0x77179afb68
10-01 23:23:38.735 3923 4037 W BluetoothAdapter: getBluetoothService() called with no BluetoothManagerCallback
10-01 23:23:38.736 3923 4037 D ObexServerSockets: Succeed to create listening sockets
10-01 23:23:38.736 3923 4037 D ObexServerSockets0: startAccept()
10-01 23:23:38.736 3923 4037 D BluetoothSdpJni: sdpCreatePbapPseRecordNative
10-01 23:23:38.736 3923 4037 D BluetoothSdpJni: SDP Create record success - handle: 0
10-01 23:23:38.737 3923 4041 D ObexServerSockets0: Accepting socket connection...
10-01 23:23:38.737 3923 4037 D BluetoothPbapService: created Sdp record, mSdpHandle=0
10-01 23:23:38.740 3923 4040 D ObexServerSockets0: Accepting socket connection...
10-01 23:23:38.750 3923 3923 D NewAvrcpVolumeManager: onAudioDevicesAdded: Not expecting device changed
10-01 23:23:38.750 3923 3923 D BluetoothAdapterService: handleMessage() - Message: 1
10-01 23:23:38.750 3923 3923 D BluetoothAdapterService: handleMessage() - MESSAGE_PROFILE_SERVICE_STATE_CHANGED
10-01 23:23:38.751 3923 3923 D BluetoothAdapterService: handleMessage() - Message: 2
10-01 23:23:38.751 3923 3923 D BluetoothAdapterService: handleMessage() - MESSAGE_PROFILE_SERVICE_REGISTERED
10-01 23:23:38.751 3923 3923 D BluetoothAdapterService: handleMessage() - Message: 1
10-01 23:23:38.751 3923 3923 D BluetoothAdapterService: handleMessage() - MESSAGE_PROFILE_SERVICE_STATE_CHANGED
10-01 23:23:38.751 3923 3923 D BluetoothAdapterService: handleMessage() - Message: 2
10-01 23:23:38.751 3923 3923 D BluetoothAdapterService: handleMessage() - MESSAGE_PROFILE_SERVICE_REGISTERED
10-01 23:23:38.753 3801 4014 W droid.apps.map: Long monitor contention with owner LowPriPoolPool1 (4012) at boolean android.os.BinderProxy.transactNative(int, android.os.Parcel, android.os.Parcel, int)(Binder.java:-2) waiters=1 in java.lang.Object com.google.android.apps.gmm.shared.j.a.a() for 157ms
10-01 23:23:38.755 3923 3923 D BluetoothAdapterService: handleMessage() - Message: 1
10-01 23:23:38.755 3923 3923 D BluetoothAdapterService: handleMessage() - MESSAGE_PROFILE_SERVICE_STATE_CHANGED
10-01 23:23:38.755 3923 3923 D BluetoothAdapterService: handleMessage() - Message: 2
10-01 23:23:38.755 3923 3923 D BluetoothAdapterService: handleMessage() - MESSAGE_PROFILE_SERVICE_REGISTERED
10-01 23:23:38.755 3923 3923 D BluetoothAdapterService: handleMessage() - Message: 1
10-01 23:23:38.755 3923 3923 D BluetoothAdapterService: handleMessage() - MESSAGE_PROFILE_SERVICE_STATE_CHANGED
10-01 23:23:38.755 3923 3923 D AdapterProperties: onBluetoothReady, state=TURNING_ON, ScanMode=20
10-01 23:23:38.756 3923 3923 D BluetoothAdapterService: updateUuids() - Updating UUIDs for bonded devices
10-01 23:23:38.757 3923 3923 I BluetoothPhonePolicy: processProfileActiveDeviceChanged, activeDevice=null, profile=2
10-01 23:23:38.757 3923 3964 I AdapterState: ON : entered
10-01 23:23:38.757 3923 3923 W BluetoothPhonePolicy: processProfileActiveDeviceChanged: ignore null A2DP active device
10-01 23:23:38.757 3923 3964 D AdapterProperties: Setting state to ON
10-01 23:23:38.757 3923 3964 D BluetoothAdapterService: updateAdapterState() - Broadcasting state ON to 1 receivers.
10-01 23:23:38.758 1469 1603 D BluetoothManagerService: MESSAGE_BLUETOOTH_STATE_CHANGE: TURNING_ON > ON
10-01 23:23:38.758 1469 1603 D BluetoothManagerService: Broadcasting onBluetoothStateChange(true) to 11 receivers.
10-01 23:23:38.758 1469 1603 D BluetoothHeadset: onBluetoothStateChange: up=true
10-01 23:23:38.758 1469 1603 I chatty : uid=1000(system) android.io identical 1 line
10-01 23:23:38.758 1469 1603 D BluetoothHeadset: onBluetoothStateChange: up=true
10-01 23:23:38.758 1469 1603 D BluetoothA2dp: onBluetoothStateChange: up=true
10-01 23:23:38.758 2142 2367 D BluetoothHeadset: onBluetoothStateChange: up=true
10-01 23:23:38.758 1907 1927 D BluetoothHidDevice: onBluetoothStateChange: up=true
10-01 23:23:38.758 1907 1925 D BluetoothMap: onBluetoothStateChange: up=true
10-01 23:23:38.758 1469 1603 E BluetoothHearingAid: Could not bind to Bluetooth Hearing Aid Service with Intent { act=android.bluetooth.IBluetoothHearingAid }
10-01 23:23:38.758 1469 1603 D BluetoothManagerService: Sending BLE State Change: TURNING_ON > ON
10-01 23:23:38.759 1907 2201 D BluetoothPan: onBluetoothStateChange on: true
10-01 23:23:38.759 1907 2213 D BluetoothHidHost: onBluetoothStateChange: up=true
10-01 23:23:38.759 3923 3970 D AdapterProperties: Scan Mode:21
10-01 23:23:38.759 3923 3970 D AdapterProperties: Discoverable Timeout:120
10-01 23:23:38.760 1469 1469 I Telecom : BluetoothPhoneService: queryPhoneState: BPSI.qPS@AE0
10-01 23:23:38.761 1469 1469 I Telecom : BluetoothPhoneService: updateHeadsetWithCallState numActive 0, numHeld 0, callState 6, ringing number ***, ringing type 128: BPSI.qPS@AE0
10-01 23:23:38.762 3923 3971 D BluetoothActiveDeviceManager: handleMessage(MESSAGE_ADAPTER_ACTION_STATE_CHANGED): newState=12
10-01 23:23:38.762 1469 1588 I ActivityManager: Start proc 4044:com.google.android.youtube/u0a60 for service com.google.android.youtube/com.google.android.apps.youtube.app.extensions.mediabrow ser.impl.MainAppMediaBrowserService
10-01 23:23:38.762 2748 2748 I GsaVoiceInteractionSrv: O received Intent { act=android.bluetooth.adapter.action.STATE_CHANGED flg=0x4000010 (has extras) }
10-01 23:23:38.766 3923 3923 D BluetoothAdapterService: isQuetModeEnabled() - Enabled = false
10-01 23:23:38.766 3923 3923 I BluetoothPhonePolicy: autoConnect: Initiate auto connection on BT on...
10-01 23:23:38.772 1907 2045 D LocalBluetoothProfileManager: Adding local A2DP SRC profile
10-01 23:23:38.773 2854 2854 D BluetoothManager: getConnectedDevices
10-01 23:23:38.774 3923 3923 D BluetoothMapService: onReceive
10-01 23:23:38.774 3923 3923 D BluetoothMapService: onReceive: android.bluetooth.adapter.action.STATE_CHANGED
10-01 23:23:38.774 3923 3923 D BluetoothMapService: STATE_ON
10-01 23:23:38.777 4044 4044 I Zygote : seccomp disabled by setenforce 0
10-01 23:23:38.782 1907 1907 D BluetoothA2dp: Proxy object connected
10-01 23:23:38.785 527 4030 D audio_hw_primary: adev_set_parameters: enter: A2dpSuspended=false
10-01 23:23:38.785 527 4030 D audio_hw_extn: audio_extn_set_anc_parameters: anc_enabled:0
10-01 23:23:38.787 1907 2045 D LocalBluetoothProfileManager: Adding local HEADSET profile
10-01 23:23:38.793 1907 2045 D LocalBluetoothProfileManager: Adding local HfpClient profile
10-01 23:23:38.796 3923 4029 D BluetoothMapMasInstance0: Map Service startSocketListeners
10-01 23:23:38.796 3923 4029 D ObexServerSockets: create(rfcomm = -2, l2capPsm = -2)
10-01 23:23:38.797 3923 4029 W BluetoothAdapter: getBluetoothService() called with no BluetoothManagerCallback
10-01 23:23:38.797 3923 3991 I bt_stack: [INFO:port_api.cc(230)] RFCOMM_CreateConnection: bd_addr=ff:ff:ff:ff:ff:ff, scn=6, is_server=1, mtu=990, uuid=0x0039, dlci=12, signal_state=0x0b, p_port=0x77179afc20
10-01 23:23:38.798 3923 4029 W BluetoothAdapter: getBluetoothService() called with no BluetoothManagerCallback
10-01 23:23:38.798 3923 4029 D ObexServerSockets: Succeed to create listening sockets
10-01 23:23:38.799 3923 4029 D ObexServerSockets1: startAccept()
10-01 23:23:38.805 1907 2045 D LocalBluetoothProfileManager: MAP Client Uuid not found.
10-01 23:23:38.805 3923 4029 D BluetoothSdpJni: sdpCreateMapMasRecordNative
10-01 23:23:38.806 3923 4029 D BluetoothSdpJni: SDP Create record success - handle: 1
10-01 23:23:38.808 1469 1588 W ActivityManager: Slow operation: 66ms so far, now at startProcess: returned from zygote!
10-01 23:23:38.808 1469 1588 W ActivityManager: Slow operation: 66ms so far, now at startProcess: done updating battery stats
10-01 23:23:38.808 1469 1588 W ActivityManager: Slow operation: 66ms so far, now at startProcess: building log message
10-01 23:23:38.808 1469 1588 I ActivityManager: Start proc 4055:com.sirma.mobile.bible.android/u0a181 for service com.sirma.mobile.bible.android/nuclei3.media.MediaService
10-01 23:23:38.808 1469 1588 W ActivityManager: Slow operation: 66ms so far, now at startProcess: starting to update pids map
10-01 23:23:38.808 1469 1588 W ActivityManager: Slow operation: 66ms so far, now at startProcess: done updating pids map
10-01 23:23:38.808 1469 1588 W ActivityManager: Slow operation: 64ms so far, now at startProcess: asking zygote to start proc
10-01 23:23:38.812 4055 4055 I Zygote : seccomp disabled by setenforce 0
10-01 23:23:38.816 4044 4044 E android.youtub: Not starting debugger since process cannot load the jdwp agent.
10-01 23:23:38.817 3923 4056 D ObexServerSockets1: Accepting socket connection...
10-01 23:23:38.823 3923 3991 I bt_stack: [INFO:gatt_api.cc(948)] GATT_Register ef3e5fe7-cff5-3973-e366-889316de9098
10-01 23:23:38.823 560 752 W SurfaceFlinger: Attempting to destroy on removed layer: 59e994f Toast#0
10-01 23:23:38.823 3923 3991 I bt_stack: [INFO:gatt_api.cc(968)] allocated gatt_if=5
10-01 23:23:38.823 3923 3923 D BtOppService: start Socket Listeners
10-01 23:23:38.830 1469 1588 W ActivityManager: Slow operation: 86ms so far, now at startProcess: returned from zygote!
10-01 23:23:38.830 1469 1588 W ActivityManager: Slow operation: 86ms so far, now at startProcess: done updating battery stats
10-01 23:23:38.830 1469 1588 W ActivityManager: Slow operation: 86ms so far, now at startProcess: building log message
10-01 23:23:38.830 1469 1588 I ActivityManager: Start proc 4072:com.spotify.music/u0a173 for service com.spotify.music/com.spotify.mobile.android.spotlets.androidauto.SpotifyMediaBrows erService
10-01 23:23:38.830 1469 1588 W ActivityManager: Slow operation: 86ms so far, now at startProcess: starting to update pids map
10-01 23:23:38.830 1469 1588 W ActivityManager: Slow operation: 86ms so far, now at startProcess: done updating pids map
10-01 23:23:38.830 1469 1588 W ActivityManager: Slow operation: 85ms so far, now at startProcess: asking zygote to start proc
10-01 23:23:38.833 3923 4057 D ObexServerSockets1: Accepting socket connection...
10-01 23:23:38.833 2854 2885 D BluetoothLeScanner: onScannerRegistered() - status=0 scannerId=5 mScannerId=0
10-01 23:23:38.833 3923 3923 D BtOppService: stopListeners: mServerSocket is null
10-01 23:23:38.833 3923 3923 D ObexServerSockets: create(rfcomm = -2, l2capPsm = -2)
10-01 23:23:38.834 3923 3923 W BluetoothAdapter: getBluetoothService() called with no BluetoothManagerCallback
10-01 23:23:38.837 3923 3991 I bt_stack: [INFO:port_api.cc(230)] RFCOMM_CreateConnection: bd_addr=ff:ff:ff:ff:ff:ff, scn=7, is_server=1, mtu=990, uuid=0x003b, dlci=14, signal_state=0x0b, p_port=0x77179afcd8
10-01 23:23:38.837 3923 3923 D BluetoothAdapter: listenUsingInsecureL2capOn: port=-2
10-01 23:23:38.838 3923 3923 W BluetoothAdapter: getBluetoothService() called with no BluetoothManagerCallback
10-01 23:23:38.839 3923 3923 D ObexServerSockets: Succeed to create listening sockets
10-01 23:23:38.839 3923 3923 D ObexServerSockets2: startAccept()
10-01 23:23:38.840 3923 3923 D BluetoothSdpJni: sdpCreateOppOpsRecordNative
10-01 23:23:38.840 3923 3923 D BluetoothSdpJni: SDP Create record success - handle: 2
10-01 23:23:38.840 3923 3923 D BtOppService: mOppSdpHandle :2
10-01 23:23:38.841 3923 4080 D ObexServerSockets2: Accepting socket connection...
10-01 23:23:38.846 3923 4079 D ObexServerSockets2: Accepting socket connection...
10-01 23:23:38.847 3923 3984 I BtGatt.ScanManager: Cannot start unfiltered scan in location-off. This scan will be resumed when location is on: 5
10-01 23:23:38.849 4072 4072 I Zygote : seccomp disabled by setenforce 0
10-01 23:23:38.849 3852 3852 I CastSocket: 28 >= 18. Adding new CastClientAuthKeyManager.
10-01 23:23:38.855 3623 3623 I TrustAgent.Tracker: [BluetoothConnectionTracker] Bluetooth adapter on
10-01 23:23:38.855 1469 1588 W ActivityManager: Slow operation: 111ms so far, now at startProcess: returned from zygote!
10-01 23:23:38.856 1469 1588 W ActivityManager: Slow operation: 111ms so far, now at startProcess: done updating battery stats
10-01 23:23:38.856 1469 1588 W ActivityManager: Slow operation: 111ms so far, now at startProcess: building log message
10-01 23:23:38.856 1469 1588 I ActivityManager: Start proc 4082:org.leetzone.android.yatsewidgetfree/u0a186 for service org.leetzone.android.yatsewidgetfree/org.leetzone.android.yatsewidget.service.core. PlayerService
10-01 23:23:38.856 1469 1588 W ActivityManager: Slow operation: 111ms so far, now at startProcess: starting to update pids map
10-01 23:23:38.856 1469 1588 W ActivityManager: Slow operation: 111ms so far, now at startProcess: done updating pids map
10-01 23:23:38.856 1469 1588 W ActivityManager: Slow operation: 107ms so far, now at startProcess: asking zygote to start proc
10-01 23:23:38.856 1907 1907 D BluetoothHeadsetClient: Proxy object connected
10-01 23:23:38.858 4055 4055 E e.bible.androi: Not starting debugger since process cannot load the jdwp agent.
10-01 23:23:38.866 4072 4072 E m.spotify.musi: Not starting debugger since process cannot load the jdwp agent.
10-01 23:23:38.881 4082 4082 I Zygote : seccomp disabled by setenforce 0
10-01 23:23:38.893 1907 2918 D BluetoothHeadset: Proxy object connected
10-01 23:23:38.893 1907 1907 D HeadsetProfile: Bluetooth service connected
10-01 23:23:38.894 1469 2021 I WifiService: startScan uid=10013
10-01 23:23:38.896 4082 4082 E yatsewidgetfre: Not starting debugger since process cannot load the jdwp agent.
10-01 23:23:38.922 1469 1588 W ActivityManager: Slow operation: 173ms so far, now at startProcess: returned from zygote!
10-01 23:23:38.922 1469 1588 W ActivityManager: Slow operation: 173ms so far, now at startProcess: done updating battery stats
10-01 23:23:38.922 1469 1588 W ActivityManager: Slow operation: 173ms so far, now at startProcess: building log message
10-01 23:23:38.922 1469 1588 I ActivityManager: Start proc 4112:org.telegram.messenger/u0a178 for service org.telegram.messenger/.MusicBrowserService
10-01 23:23:38.922 1469 1588 W ActivityManager: Slow operation: 173ms so far, now at startProcess: starting to update pids map
10-01 23:23:38.922 1469 1588 W ActivityManager: Slow operation: 174ms so far, now at startProcess: done updating pids map
10-01 23:23:38.926 4112 4112 I Zygote : seccomp disabled by setenforce 0
10-01 23:23:38.926 3852 3852 I DiscoveryManager: WifiGuestModeDeviceScanner enabled.
10-01 23:23:38.944 3852 3852 V MediaRouter: Adding route: RouteInfo{ name=Phone, description=null, status=null, category=RouteCategory{ name=System types=ROUTE_TYPE_LIVE_AUDIO ROUTE_TYPE_LIVE_VIDEO groupable=false }, supportedTypes=ROUTE_TYPE_LIVE_AUDIO ROUTE_TYPE_LIVE_VIDEO , presentationDisplay=null }
10-01 23:23:38.952 3852 3852 V MediaRouter: Selecting route: RouteInfo{ name=Phone, description=null, status=null, category=RouteCategory{ name=System types=ROUTE_TYPE_LIVE_AUDIO ROUTE_TYPE_LIVE_VIDEO groupable=false }, supportedTypes=ROUTE_TYPE_LIVE_AUDIO ROUTE_TYPE_LIVE_VIDEO , presentationDisplay=null }
10-01 23:23:38.954 4112 4112 E egram.messenge: Not starting debugger since process cannot load the jdwp agent.
10-01 23:23:38.956 3852 3852 I MediaRouter: Found default route: MediaRouter.RouteInfo{ uniqueId=android/afq:DEFAULT_ROUTE, name=Phone, description=null, iconUri=null, enabled=true, connecting=false, connectionState=0, canDisconnect=false, playbackType=0, playbackStream=3, deviceType=0, volumeHandling=1, volume=7, volumeMax=15, presentationDisplayId=-1, extras=null, settingsIntent=null, providerPackageName=android }
10-01 23:23:38.956 3852 3852 I MediaRouter: Unselecting the current route because it is no longer selectable: null
10-01 23:23:38.956 3623 3623 W Nearby : Bind call too late - someone already tried to get: class bmbr [CONTEXT service_id=49 ]
10-01 23:23:39.012 3623 3623 I BeaconBle: Using BLE 'L' hardware layer
10-01 23:23:39.023 3923 4039 D BluetoothPbapUtils: Contacts updated between last BT OFF and currentPbap Connect, primaryVersionCounter=2974, secondaryVersionCounter=2965
10-01 23:23:39.043 3852 3852 I DynamiteModule: Considering local module com.google.android.gms.googlecertificates:4 and remote module com.google.android.gms.googlecertificates:4
10-01 23:23:39.043 3852 3852 I DynamiteModule: Selected local version of com.google.android.gms.googlecertificates
10-01 23:23:39.050 2969 2982 I RemoteSearchService: Calling endSession().
10-01 23:23:39.053 1469 2233 D ActivityManager: Raise procstate to external provider: ProcessRecord{b08bd2d 3663:com.android.providers.calendar/u0a7}
10-01 23:23:39.064 2870 3643 D ProtoStore: deleting smartspace_current
10-01 23:23:39.124 2870 3643 D ProtoStore: no cached data
10-01 23:23:39.128 1469 2233 W ActivityManager: Unable to start service Intent { cmp=com.google.android.gms/.fido.fido2.pollux.CableAuthenticatorService } U=0: not found
10-01 23:23:39.137 3623 3623 W ChimeraUtils: Non Chimera context
10-01 23:23:39.163 3623 3623 I chatty : uid=10013 com.google.android.gms.persistent identical 2 lines
10-01 23:23:39.163 3623 3623 W ChimeraUtils: Non Chimera context
10-01 23:23:39.163 3852 3852 E ChimeraProxyRslvr: Chimera config error: com.google.android.chimera.config.InvalidConfigException: No registered Chimera impl for ComponentInfo{com.google.android.gms/com.google.android.gms.update.SystemUpdateServ iceActiveReceiver}
10-01 23:23:39.164 3852 3852 E ChimeraRcvrProxy: com.google.android.gms.update.SystemUpdateServiceActiveReceiver dropping broadcast android.os.UpdateLock.UPDATE_LOCK_CHANGED
10-01 23:23:39.164 1469 1588 I ActivityManager: Start proc 4143:com.google.android.apps.messaging/u0a94 for broadcast com.google.android.apps.messaging/.shared.receiver.BootAndPackageReplacedReceiver
10-01 23:23:39.171 4143 4143 I Zygote : seccomp disabled by setenforce 0
10-01 23:23:39.181 4055 4055 I MultiDex: VM with version 2.1.0 has multidex support
10-01 23:23:39.181 4055 4055 I MultiDex: install
10-01 23:23:39.181 4055 4055 I MultiDex: VM has multidex support, MultiDex support library is disabled.
10-01 23:23:39.187 4143 4143 E .apps.messagin: Not starting debugger since process cannot load the jdwp agent.
10-01 23:23:39.213 4072 4137 D NetworkSecurityConfig: No Network Security Config specified, using platform default
10-01 23:23:39.237 4044 4044 W YT : Last known version:13.37.52
10-01 23:23:39.243 3852 3852 V MediaRouter: Selecting route: RouteInfo{ name=Phone, description=null, status=null, category=RouteCategory{ name=System types=ROUTE_TYPE_LIVE_AUDIO ROUTE_TYPE_LIVE_VIDEO groupable=false }, supportedTypes=ROUTE_TYPE_LIVE_AUDIO ROUTE_TYPE_LIVE_VIDEO , presentationDisplay=null }
10-01 23:23:39.276 1469 2762 I ActivityManager: Killing 2645:com.urbandroid.sleep/u0a170 (adj 906): empty #17
10-01 23:23:39.276 1469 1589 W libprocessgroup: kill(-2645, 9) failed: No such process
10-01 23:23:39.296 4055 4055 D FirebaseApp: com.google.firebase.auth.FirebaseAuth is not linked. Skipping initialization.
10-01 23:23:39.301 518 518 I Zygote : Process 2645 exited due to signal (9)
10-01 23:23:39.294 1469 1469 I InputDispatcher: type=1400 audit(0.0:1236): avc: denied { call } for scontext=u:r:system_server:s0 tcontext=u:r:init:s0 tclass=binder permissive=1
10-01 23:23:39.294 540 540 I [email protected]: type=1400 audit(0.0:1237): avc: denied { call } for scontext=u:r:init:s0 tcontext=u:r:init:s0 tclass=binder permissive=1
10-01 23:23:39.320 1469 1589 W libprocessgroup: kill(-2645, 9) failed: No such process
10-01 23:23:39.320 1469 1589 I libprocessgroup: Successfully killed process cgroup uid 10170 pid 2645 in 44ms
10-01 23:23:39.348 4055 4055 D FirebaseApp: com.google.firebase.crash.FirebaseCrash is not linked. Skipping initialization.
10-01 23:23:39.367 4055 4055 I FirebaseInitProvider: FirebaseApp initialization successful
10-01 23:23:39.369 4044 4215 W YouTube : Fetching the Gservices key 'failsafe_clear_cache_release_13_02' before the end of the bulk initialization
10-01 23:23:39.376 4072 4072 D libcrashlytics: Initializing libcrashlytics version 2.0.0
10-01 23:23:39.376 4072 4072 D libcrashlytics: Initializing native crash handling successful.
10-01 23:23:39.413 4112 4112 D FirebaseApp: com.google.firebase.auth.FirebaseAuth is not linked. Skipping initialization.
10-01 23:23:39.420 4112 4112 D FirebaseApp: com.google.firebase.crash.FirebaseCrash is not linked. Skipping initialization.
10-01 23:23:39.424 4112 4112 I FirebaseInitProvider: FirebaseApp initialization successful
10-01 23:23:39.426 1469 2021 I ActivityManager: START u0 {flg=0x10000000 cmp=com.android.settings/.Settings$SimSettingsActivity} from uid 1000
10-01 23:23:39.446 4055 4222 I FA : App measurement is starting up, version: 12211
10-01 23:23:39.446 4055 4222 I FA : To enable debug logging run: adb shell setprop log.tag.FA VERBOSE
10-01 23:23:39.446 4055 4222 I FA : To enable faster debug mode event logging run:
10-01 23:23:39.446 4055 4222 I FA : adb shell setprop debug.firebase.analytics.app com.sirma.mobile.bible.android
10-01 23:23:39.450 2162 2162 W ActivityThread: handleWindowVisibility: no activity for token android.os.BinderProxy@e4f03de
10-01 23:23:39.454 1253 1253 I imsrcsd : type=1400 audit(0.0:1238): avc: denied { write } for name="ims_qmid" dev="tmpfs" ino=14717 scontext=u:r:init:s0 tcontext=u:object_r:socket_device:s0 tclass=sock_file permissive=1
10-01 23:23:39.455 1469 1510 W ActivityManager: Request to remove task ignored for non-existent task 2
10-01 23:23:39.465 1253 1841 E Diag_Lib: [IMS_FATAL]| 1841 | ims_qmi_register_client : Failed
10-01 23:23:39.466 1253 1841 E Diag_Lib: [IMS_FATAL]| 1841 | ims_qmi_register_client : Failed
10-01 23:23:39.485 4072 4072 W Java7Support: Unable to load JDK7 types (annotations, java.nio.file.Path): no Java7 support added
10-01 23:23:39.529 3623 3633 I .gms.persisten: Background concurrent copying GC freed 92957(8MB) AllocSpace objects, 45(996KB) LOS objects, 71% free, 4MB/16MB, paused 1.741ms total 240.246ms
10-01 23:23:39.536 4044 4044 E YouTube : flushBinderConnectionCallbacks is unverified on SDK 28
10-01 23:23:39.544 3623 3631 W System : A resource failed to call close.
10-01 23:23:39.616 1469 2762 W system_server: Long monitor contention with owner Binder:1469_5 (2021) at android.content.pm.PackageInfo com.android.server.pm.PackageManagerService.getPackageInfoInternal(java.lang.String , long, int, int, int)(PackageManagerService.java:4100) waiters=0 in int com.android.server.pm.PackageManagerService.getPackageUid(java.lang.String, int, int) for 123ms
10-01 23:23:39.623 2870 2945 E ActionsController: write setting failed
10-01 23:23:39.623 2870 2945 E ActionsController: java.lang.IllegalArgumentException: Unknown URL content://com.google.android.as.allapps.actionsettingprovider
10-01 23:23:39.623 2870 2945 E ActionsController: at android.content.ContentResolver.insert(ContentResolver.java:1583)
10-01 23:23:39.623 2870 2945 E ActionsController: at com.google.android.apps.nexuslauncher.allapps.d.handleMessage(SourceFile:268)
10-01 23:23:39.623 2870 2945 E ActionsController: at android.os.Handler.dispatchMessage(Handler.java:102)
10-01 23:23:39.623 2870 2945 E ActionsController: at android.os.Looper.loop(Looper.java:193)
10-01 23:23:39.623 2870 2945 E ActionsController: at android.os.HandlerThread.run(HandlerThread.java:65)
10-01 23:23:39.633 2162 2162 D SettingsActivity: Starting onCreate
10-01 23:23:39.634 3923 4011 I Avrcp : Skipping update due to invalid playback state
10-01 23:23:39.634 3923 3923 V NewAvrcpMediaPlayerList: onActiveSessionsChanged: number of controllers: 0
10-01 23:23:39.637 4082 4175 I CrashlyticsCore: Initializing Crashlytics 2.6.4.27
10-01 23:23:39.684 536 536 I HwBinder:536_1: type=1400 audit(0.0:1239): avc: denied { write } for name="idle_time" dev="sysfs" ino=23645 scontext=u:r:hal_graphics_composer_default:s0 tcontext=u:object_r:sysfs:s0 tclass=file permissive=1
10-01 23:23:39.684 536 536 I HwBinder:536_1: type=1400 audit(0.0:1240): avc: denied { open } for path="/sys/devices/virtual/graphics/fb0/idle_time" dev="sysfs" ino=23645 scontext=u:r:hal_graphics_composer_default:s0 tcontext=u:object_r:sysfs:s0 tclass=file permissive=1
10-01 23:23:39.690 1907 1907 D StatusBar: disable<e i a s b h r c s > disable2<q i n
> 10-01 23:23:39.692 4072 4072 V MediaRouter: Adding route: RouteInfo{ name=Phone, description=null, status=null, category=RouteCategory{ name=System types=ROUTE_TYPE_LIVE_AUDIO ROUTE_TYPE_LIVE_VIDEO groupable=false }, supportedTypes=ROUTE_TYPE_LIVE_AUDIO ROUTE_TYPE_LIVE_VIDEO , presentationDisplay=null }
10-01 23:23:39.707 2162 2162 D SettingsActivity: Starting to set activity title
10-01 23:23:39.707 2162 2162 D SettingsActivity: Done setting title
10-01 23:23:39.707 2162 2162 D SettingsActivity: Switching to fragment com.android.settings.sim.SimSettings
10-01 23:23:39.711 4072 4072 V MediaRouter: Selecting route: RouteInfo{ name=Phone, description=null, status=null, category=RouteCategory{ name=System types=ROUTE_TYPE_LIVE_AUDIO ROUTE_TYPE_LIVE_VIDEO groupable=false }, supportedTypes=ROUTE_TYPE_LIVE_AUDIO ROUTE_TYPE_LIVE_VIDEO , presentationDisplay=null }
10-01 23:23:39.714 3510 3742 W ProxyAndroidLoggerBackend: Too many Flogger logs received before configuration. Dropping old logs.
10-01 23:23:39.719 3510 3742 W ProxyAndroidLoggerBackend: Too many Flogger logs received before configuration. Dropping old logs.
10-01 23:23:39.731 2162 2162 D SettingsActivity: Executed frag manager pendingTransactions
10-01 23:23:39.760 1469 3454 E UserRestrictionsUtils: Unknown restriction: no_config_sim
10-01 23:23:39.788 2162 4285 I DeviceIndex: Skipping: device index is not enabled
10-01 23:23:39.817 3852 3872 I Icing : Using regular flags by method 2
10-01 23:23:39.827 2162 2162 D SimSettings: isCallStateIdle true
10-01 23:23:39.771 1469 3454 I chatty : uid=1000(system) Binder:1469_12 identical 1 line
10-01 23:23:39.828 1469 3454 E UserRestrictionsUtils: Unknown restriction: no_config_sim
10-01 23:23:39.828 1469 2769 E UserRestrictionsUtils: Unknown restriction: no_config_sim
10-01 23:23:39.840 4143 4143 I MultiDex: VM with version 2.1.0 has multidex support
10-01 23:23:39.840 4143 4143 I MultiDex: install
10-01 23:23:39.840 4143 4143 I MultiDex: VM has multidex support, MultiDex support library is disabled.
10-01 23:23:39.844 1469 1799 E UserRestrictionsUtils: Unknown restriction: no_config_sim
10-01 23:23:39.844 3510 3742 E Finsky : [72] com.google.android.finsky.av.c.a(25): Unable to build selector: /storage/emulated/0/Download/marketenvs.csv (No such file or directory)
10-01 23:23:39.854 4055 4055 I CrashlyticsCore: Initializing Crashlytics 2.4.1.19
10-01 23:23:39.845 1469 1799 E UserRestrictionsUtils: Unknown restriction: no_config_sim
10-01 23:23:39.859 1469 2762 E UserRestrictionsUtils: Unknown restriction: no_config_sim
10-01 23:23:39.861 2162 4284 W TileUtils: Found com.android.settings.Settings$NotificationAppListActivity for intent Intent { act=com.android.settings.action.SETTINGS pkg=com.android.settings } missing metadata com.android.settings.category
10-01 23:23:39.867 3852 3852 E ChimeraProxyRslvr: Chimera config error: com.google.android.chimera.config.InvalidConfigException: No registered Chimera impl for ComponentInfo{com.google.android.gms/com.google.android.gms.update.SystemUpdateServ iceActiveReceiver}
10-01 23:23:39.867 3852 3852 E ChimeraRcvrProxy: com.google.android.gms.update.SystemUpdateServiceActiveReceiver dropping broadcast android.os.UpdateLock.UPDATE_LOCK_CHANGED
10-01 23:23:39.875 3510 3741 I Finsky : [71] com.google.android.finsky.dv.a.a.a.b(29): Triggered update for experiment package com.google.android.finsky.regular.
10-01 23:23:39.934 2162 2162 D SimSettings: isCallStateIdle true
10-01 23:23:39.952 4082 4298 I GAv4 : Google Analytics 12.4.51 is starting up. To enable debug logging on a device run:
10-01 23:23:39.952 4082 4298 I GAv4 : adb shell setprop log.tag.GAv4 DEBUG
10-01 23:23:39.952 4082 4298 I GAv4 : adb logcat -s GAv4
10-01 23:23:39.957 3852 4310 I Authzen : [PermitStore] Getting all permits...
10-01 23:23:39.959 2162 4284 W TileUtils: Found com.android.systemui.tuner.TunerActivity for intent Intent { act=com.android.settings.action.EXTRA_SETTINGS } missing metadata
10-01 23:23:39.965 4044 4211 E YouTube : Failed delayed event dispatch, no dispatchers.
10-01 23:23:39.974 3852 4310 I Authzen : [hsm] Opening database auth.proximity.permit_store...
10-01 23:23:40.006 4055 4055 D NetworkSecurityConfig: No Network Security Config specified, using platform default
10-01 23:23:40.014 4143 4322 I Bugle : GServicesValues:
10-01 23:23:40.014 4143 4322 I Bugle : bugle_enable_primes_crash_metrics: true
10-01 23:23:40.014 4143 4322 I Bugle : bugle_max_telemetry_upload_retries: 10
10-01 23:23:40.014 4143 4322 I Bugle : bugle_sticker_set_list_version: 3
10-01 23:23:40.022 4143 4325 E .apps.messagin: The String#value field is not present on Android versions >= 6.0
10-01 23:23:40.041 4055 4055 I BibleApp: ****** onCreate
10-01 23:23:40.065 4143 4143 I CarrierServices: [2] jmr.register: Initializing Carrier Services Library.
10-01 23:23:40.066 4143 4143 W CarrierServices: Trying to log through cs.apk when it has not been initialized yet
10-01 23:23:39.863 1469 2762 E UserRestrictionsUtils: Unknown restriction: no_config_sim
10-01 23:23:40.069 1469 3454 E UserRestrictionsUtils: Unknown restriction: no_config_sim
10-01 23:23:40.069 2162 4284 W TileUtils: Ignoring icon tintable for ActivityInfo{4a93a0f com.google.android.gms.security.settings.VerifyAppsSettingsActivity}
10-01 23:23:40.071 2162 4284 W TileUtils: Ignoring icon tintable for ActivityInfo{2587a9c com.google.android.gms.security.settings.AdmSettingsActivity}
10-01 23:23:40.076 1907 1907 D StatusBar: disable<e i a s b h r c s > disable2<q i n
> 10-01 23:23:40.118 1907 1907 D StatusBar: disable<e i a s b h r c s > disable2<q i n
