10-01 23:23:19.568 541 541 W qti_sensors_hal: sensors_get_sensors_list: handle 68 is not registered!
10-01 23:23:19.568 541 541 W qti_sensors_hal: sensors_get_sensors_list: handle 69 is not registered!
10-01 23:23:19.568 541 541 W qti_sensors_hal: sensors_get_sensors_list: handle 70 is not registered!
10-01 23:23:19.568 541 541 W qti_sensors_hal: sensors_get_sensors_list: handle 72 is not registered!
10-01 23:23:19.571 541 541 E : IGNORED register_direct_channel(mem=0x0, handle=-1) call to non-API-compliant sensor
10-01 23:23:19.573 466 466 W hwservicemanager: getTransport: Cannot find entry [email protected]::IHealth/default in either framework or device manifest.
10-01 23:23:19.574 1469 1732 D SensorService: new thread SensorEventAckReceiver
10-01 23:23:19.574 1469 1733 D SensorService: nuSensorService thread starting...
10-01 23:23:19.559 526 526 I healthd : type=1400 audit(0.0:668): avc: denied { read } for name="present" dev="sysfs" ino=33343 scontext=u:r:healthd:s0 tcontext=u:object_r:sysfs:s0 tclass=file permissive=1
10-01 23:23:19.577 589 710 I storaged: storaged: Start
10-01 23:23:19.577 1469 1469 I android_os_HwBinder: HwBinder: Starting thread pool for backup::[email protected]::IHealth
10-01 23:23:19.577 589 710 E storaged: getDiskStats failed with result NOT_SUPPORTED and size 0
10-01 23:23:19.579 527 1057 I sound_trigger_hw: stdev_get_properties
10-01 23:23:19.579 558 558 I SoundTriggerHalHidl: getProperties res implementor QUALCOMM Technologies, Inc
10-01 23:23:19.579 558 558 I SoundTriggerHalHidl: getProperties ret 0
10-01 23:23:19.579 558 558 I SoundTriggerHwService: loaded default module Sound Trigger HAL, handle 1
10-01 23:23:19.582 540 540 E QCOM PowerHAL: extract_stats: failed to open: /d/system_stats Error = No such file or directory
10-01 23:23:19.583 540 540 E QCOM PowerHAL: extract_stats: failed to open: /d/system_stats Error = No such file or directory
10-01 23:23:19.585 1469 1469 I android_os_HwBinder: HwBinder: Starting thread pool for default::[email protected]::IServiceManager
10-01 23:23:19.586 1469 1469 I HealthServiceWrapper: health: HealthServiceWrapper listening to instance backup
10-01 23:23:19.586 1469 1469 I BatteryService: health: Waited 0ms and received the update.
10-01 23:23:19.587 1469 1742 I android_os_HwBinder: HwBinder: Starting thread pool for backup::[email protected]::IHealth
10-01 23:23:19.589 1469 1469 I SystemServer: StartUsageService
10-01 23:23:19.589 1469 1469 I SystemServiceManager: Starting com.android.server.usage.UsageStatsService
10-01 23:23:19.649 1469 1469 I UsageStatsService: User[0] Rollover scheduled @ 2018-10-02 13:55:33(1538481333171)
10-01 23:23:19.649 1469 1469 W SystemServiceManager: Service com.android.server.usage.UsageStatsService took 58 ms in onStart
10-01 23:23:19.649 1469 1469 I SystemServer: StartWebViewUpdateService
10-01 23:23:19.649 1469 1469 I SystemServiceManager: Starting com.android.server.webkit.WebViewUpdateService
10-01 23:23:19.652 1469 1469 I SystemServer: StartBinderCallsStatsService
10-01 23:23:19.654 1469 1576 I SystemServer: SecondaryZygotePreload
10-01 23:23:19.654 1469 1469 I SystemServer: StartKeyAttestationApplicationIdProviderService
10-01 23:23:19.654 1469 1469 I SystemServer: StartKeyChainSystemService
10-01 23:23:19.654 1469 1469 I SystemServiceManager: Starting com.android.server.security.KeyChainSystemService
10-01 23:23:19.655 1469 1469 I SystemServer: StartSchedulingPolicyService
10-01 23:23:19.656 1469 1469 I SystemServer: StartTelecomLoaderService
10-01 23:23:19.657 1469 1469 I SystemServiceManager: Starting com.android.server.telecom.TelecomLoaderService
10-01 23:23:19.657 1469 1469 I SystemServer: StartTelephonyRegistry
10-01 23:23:19.658 1469 1469 I SystemServer: StartEntropyMixer
10-01 23:23:19.660 1469 1469 W EntropyMixer: Failed to add HW RNG output to entropy pool
10-01 23:23:19.660 1469 1469 W EntropyMixer: java.io.FileNotFoundException: /dev/hw_random (Permission denied)
10-01 23:23:19.660 1469 1469 W EntropyMixer: at java.io.FileInputStream.open0(Native Method)
10-01 23:23:19.660 1469 1469 W EntropyMixer: at java.io.FileInputStream.open(FileInputStream.java:231)
10-01 23:23:19.660 1469 1469 W EntropyMixer: at java.io.FileInputStream.<init>(FileInputStream.java:165)
10-01 23:23:19.660 1469 1469 W EntropyMixer: at java.io.FileInputStream.<init>(FileInputStream.java:112)
10-01 23:23:19.660 1469 1469 W EntropyMixer: at com.android.server.RandomBlock.fromFile(RandomBlock.java:45)
10-01 23:23:19.660 1469 1469 W EntropyMixer: at com.android.server.EntropyMixer.addHwRandomEntropy(EntropyMixer.java:205)
10-01 23:23:19.660 1469 1469 W EntropyMixer: at com.android.server.EntropyMixer.<init>(EntropyMixer.java:115)
10-01 23:23:19.660 1469 1469 W EntropyMixer: at com.android.server.EntropyMixer.<init>(EntropyMixer.java:97)
10-01 23:23:19.660 1469 1469 W EntropyMixer: at com.android.server.SystemServer.startOtherServices(SystemServer.java:806)
10-01 23:23:19.660 1469 1469 W EntropyMixer: at com.android.server.SystemServer.run(SystemServer.java:432)
10-01 23:23:19.660 1469 1469 W EntropyMixer: at com.android.server.SystemServer.main(SystemServer.java:295)
10-01 23:23:19.660 1469 1469 W EntropyMixer: at java.lang.reflect.Method.invoke(Native Method)
10-01 23:23:19.660 1469 1469 W EntropyMixer: at com.android.internal.os.RuntimeInit$MethodAndArgsCaller.run(RuntimeInit.java:495)
10-01 23:23:19.660 1469 1469 W EntropyMixer: at com.android.internal.os.ZygoteInit.main(ZygoteInit.java:838)
10-01 23:23:19.660 1469 1469 I EntropyMixer: Writing entropy...
10-01 23:23:19.664 1469 1576 I Zygote : Process: zygote socket RESERVED/zygote opened, supported ABIS: arm64-v8a
10-01 23:23:19.664 1469 1469 I SystemServer: StartAccountManagerService
10-01 23:23:19.664 1469 1469 I SystemServiceManager: Starting com.android.server.accounts.AccountManagerService$Lifecycle
10-01 23:23:19.667 1469 1469 I SystemServer: StartContentService
10-01 23:23:19.668 1469 1469 I SystemServiceManager: Starting com.android.server.content.ContentService$Lifecycle
10-01 23:23:19.668 1469 1729 I SchedulingPolicyService: Moving 591 back to group default
10-01 23:23:19.673 1469 1469 I SystemServer: InstallSystemProviders
10-01 23:23:19.685 1469 1576 I Zygote : Process: zygote socket RESERVED/zygote_secondary opened, supported ABIS: armeabi-v7a,armeabi
10-01 23:23:19.696 519 519 I Zygote : Lazily preloading resources.
10-01 23:23:19.696 519 519 D Zygote : begin preload
10-01 23:23:19.696 519 519 I Zygote : Installing ICU cache reference pinning...
10-01 23:23:19.696 519 519 I Zygote : Preloading ICU data...
10-01 23:23:19.713 519 519 I Zygote : Preloading classes...
10-01 23:23:19.723 1469 1469 V RescueParty: Disabled because of manual property
10-01 23:23:19.723 1469 1469 I SystemServer: StartDropBoxManager
10-01 23:23:19.723 1469 1469 I SystemServiceManager: Starting com.android.server.DropBoxManagerService
10-01 23:23:19.724 1469 1469 I SystemServer: StartVibratorService
10-01 23:23:19.729 1469 1469 I SystemServer: StartConsumerIrService
10-01 23:23:19.732 1469 1469 I SystemServer: StartAlarmManagerService
10-01 23:23:19.732 1469 1469 I SystemServiceManager: Starting com.android.server.AlarmManagerService
10-01 23:23:19.734 1469 1469 D AlarmManagerService: Kernel timezone updated to -120 minutes west of GMT
10-01 23:23:19.736 519 519 I PackageBackwardCompatibility: Loaded android.content.pm.OrgApacheHttpLegacyUpdater
10-01 23:23:19.736 519 519 I PackageBackwardCompatibility: Could not find android.content.pm.AndroidTestBaseUpdater, ignoring
10-01 23:23:19.737 1469 1469 I SystemServer: InitWatchdog
10-01 23:23:19.738 1469 1469 I SystemServer: StartInputManagerService
10-01 23:23:19.739 1469 1469 I InputManager: Initializing input manager, mUseDevInputEventForAudioJack=true
10-01 23:23:19.740 1469 1469 I SystemServer: StartWindowManagerService
10-01 23:23:19.747 1469 1604 I WindowManager: No existing display settings /data/system/display_settings.xml; starting empty
10-01 23:23:19.747 517 723 W SocketClient: write error (Broken pipe)
10-01 23:23:19.747 517 723 W SocketClient: Unable to send msg '616 Route updated fe80::/64 dev rmnet_data0'
10-01 23:23:19.747 517 723 W SocketListener: Error sending broadcast (Broken pipe)
10-01 23:23:19.748 517 723 W SocketClient: write error (Broken pipe)
10-01 23:23:19.748 517 723 W SocketClient: Unable to send msg '614 Address updated fe80::2266:7d54:568:3c7f/64 rmnet_data0 196 253'
10-01 23:23:19.748 517 723 W SocketListener: Error sending broadcast (Broken pipe)
10-01 23:23:19.757 1469 1469 I SystemServer: SetWindowManagerService
10-01 23:23:19.778 1469 1469 I SystemServer: WindowManagerServiceOnInitReady
10-01 23:23:19.782 1469 1587 I CameraManagerGlobal: Connecting to camera service
10-01 23:23:19.859 1469 1469 I SystemServer: StartVrManagerService
10-01 23:23:19.860 1469 1469 I SystemServiceManager: Starting com.android.server.vr.VrManagerService
10-01 23:23:19.862 1249 1281 E Diag_Lib: qvp_rtp_media_init
10-01 23:23:19.862 466 466 W hwservicemanager: getTransport: Cannot find entry [email protected]::IVr/default in either framework or device manifest.
10-01 23:23:19.862 1249 1281 E Diag_Lib: qvp_rtp_media_init_pvt
10-01 23:23:19.862 1249 1281 E Diag_Lib: qvp_rtp_media_init_pvt QVP_RTP_VIDEO
10-01 23:23:19.862 1249 1281 E Diag_Lib: qvp_rtp_media_init_video_pvt function called
10-01 23:23:19.862 1249 1281 E Diag_Lib: qpRTPVideoInitialize
10-01 23:23:19.862 1469 1469 W VrManagerService: init_native: Could not open IVr interface
10-01 23:23:19.862 1249 1281 E Diag_Lib: Allocating globaldata smittal from dplVideo.cpp
10-01 23:23:19.862 1249 1281 E Diag_Lib: qpRTPVideoInitialize pVideoData
10-01 23:23:19.862 1249 1281 E Diag_Lib: qpRTPVideoInitialize pGlobalData 0x72678bb000 pGlobalData->pVideo 0x72678b3500
10-01 23:23:19.862 1249 1281 E Diag_Lib: qpRTPVideoInitialize success
10-01 23:23:19.862 1249 1281 E Diag_Lib: qvp_rtp_media_init_video_pvt function sucess
10-01 23:23:19.863 1469 1469 I SystemServer: StartInputManager
10-01 23:23:19.863 1469 1469 I InputManager: Starting input manager
10-01 23:23:19.865 1249 1281 E Diag_Lib: DPL : gIsQXDMDisabled 0, gIsADBDisabled 1, gIsDebugDisabled 0, gIsIMSLogsDisabled 0 gIsDebugDataPathDisabled = 0
10-01 23:23:19.865 1469 1469 I InputManager-JNI: Setting pointer speed to 4.
10-01 23:23:19.866 1469 1771 D EventHub: No input device configuration file found for device 'msm8953-snd-card-mtp Button Jack'.
10-01 23:23:19.866 1469 1469 I SystemServer: DisplayManagerWindowManagerAndInputReady
10-01 23:23:19.866 1469 1469 I SystemServer: StartBluetoothService
10-01 23:23:19.866 1469 1469 I SystemServiceManager: Starting com.android.server.BluetoothService
10-01 23:23:19.867 1469 1469 D BluetoothManagerService: Loading stored name and address
10-01 23:23:19.868 1469 1469 D BluetoothManagerService: Stored bluetooth Name=Redmi Note 4,Address=C4:0B:CB:3E:91:54
10-01 23:23:19.868 1469 1469 D BluetoothManagerService: Bluetooth persisted state: 1
10-01 23:23:19.868 1469 1469 D BluetoothManagerService: Startup: Bluetooth persisted state is ON.
10-01 23:23:19.868 1469 1469 D BluetoothManagerService: Detected SystemUiUid: 10033
10-01 23:23:19.868 1469 1469 I SystemServer: IpConnectivityMetrics
10-01 23:23:19.868 1469 1469 I SystemServiceManager: Starting com.android.server.connectivity.IpConnectivityMetrics
10-01 23:23:19.869 1469 1469 I SystemServer: NetworkWatchlistService
10-01 23:23:19.869 1469 1469 I SystemServiceManager: Starting com.android.server.net.watchlist.NetworkWatchlistService$Lifecycle
10-01 23:23:19.869 1469 1771 W EventHub: Unable to disable kernel key repeat for /dev/input/event7: Function not implemented
10-01 23:23:19.869 1469 1771 I EventHub: wakeMechanism=EPOLLWAKEUP, usingClockIoctl=true
10-01 23:23:19.869 1469 1771 I EventHub: New device: id=1, fd=109, path='/dev/input/event7', name='msm8953-snd-card-mtp Button Jack', classes=0x1, configuration='', keyLayout='/vendor/usr/keylayout/msm8953-snd-card- mtp_Button_Jack.kl', keyCharacterMap='/system/usr/keychars/Generic.kcm', builtinKeyboard=false,
10-01 23:23:19.870 1469 1771 D EventHub: No input device configuration file found for device 'msm8953-snd-card-mtp Headset Jack'.
10-01 23:23:19.870 1469 1771 I EventHub: wakeMechanism=EPOLLWAKEUP, usingClockIoctl=true
10-01 23:23:19.870 1469 1771 I EventHub: New device: id=2, fd=110, path='/dev/input/event6', name='msm8953-snd-card-mtp Headset Jack', classes=0x80, configuration='', keyLayout='', keyCharacterMap='', builtinKeyboard=false,
10-01 23:23:19.870 1469 1771 D EventHub: No input device configuration file found for device 'hbtp_vm'.
10-01 23:23:19.870 1469 1771 I EventHub: wakeMechanism=EPOLLWAKEUP, usingClockIoctl=true
10-01 23:23:19.870 1469 1771 I EventHub: New device: id=3, fd=111, path='/dev/input/event3', name='hbtp_vm', classes=0x8, configuration='', keyLayout='', keyCharacterMap='', builtinKeyboard=false,
10-01 23:23:19.870 1469 1771 D EventHub: No input device configuration file found for device 'gf3208'.
10-01 23:23:19.873 1469 1771 W EventHub: Unable to disable kernel key repeat for /dev/input/event2: Function not implemented
10-01 23:23:19.873 1469 1771 I EventHub: wakeMechanism=EPOLLWAKEUP, usingClockIoctl=true
10-01 23:23:19.873 1469 1771 I EventHub: New device: id=4, fd=112, path='/dev/input/event2', name='gf3208', classes=0x1, configuration='', keyLayout='/vendor/usr/keylayout/gf3208.kl', keyCharacterMap='/system/usr/keychars/Generic.kcm', builtinKeyboard=false,
10-01 23:23:19.874 1469 1771 D EventHub: No input device configuration file found for device 'qpnp_pon'.
10-01 23:23:19.875 1469 1469 I WatchlistConfig: Reload watchlist done
10-01 23:23:19.877 1469 1469 I WatchlistSettings: Reload watchlist settings done
10-01 23:23:19.878 1469 1771 W EventHub: Unable to disable kernel key repeat for /dev/input/event0: Function not implemented
10-01 23:23:19.878 1469 1771 I EventHub: wakeMechanism=EPOLLWAKEUP, usingClockIoctl=true
10-01 23:23:19.878 1469 1771 I EventHub: New device: id=5, fd=114, path='/dev/input/event0', name='qpnp_pon', classes=0x1, configuration='', keyLayout='/system/usr/keylayout/Generic.kl', keyCharacterMap='/system/usr/keychars/Generic.kcm', builtinKeyboard=false,
10-01 23:23:19.878 1469 1771 E EventHub: could not get driver version for /dev/input/mouse0, Not a typewriter
10-01 23:23:19.878 1469 1772 I WatchlistLoggingHandler: No need to aggregate record yet.
10-01 23:23:19.878 1469 1772 I WatchlistLoggingHandler: Milliseconds spent on tryAggregateRecords(): 0
10-01 23:23:19.879 1469 1469 I SystemServer: PinnerService
10-01 23:23:19.879 1469 1469 I SystemServiceManager: Starting com.android.server.PinnerService
10-01 23:23:19.880 1469 1469 I SystemServer: StartInputMethodManagerLifecycle
10-01 23:23:19.880 1469 1469 I SystemServiceManager: Starting com.android.server.InputMethodManagerService$Lifecycle
10-01 23:23:19.881 1469 1584 D PinnerService: pinRangeStream: null
10-01 23:23:19.889 1469 1469 I SystemServer: StartAccessibilityManagerService
10-01 23:23:19.892 1469 1469 I SystemServer: MakeDisplayReady
10-01 23:23:19.893 1469 1584 D PinnerService: pinRangeStream: null
10-01 23:23:19.894 1469 1469 I ActivityManager: Config changes=20005df8 {1.0 ? mcc?mnc [en_DE] ldltr sw360dp w360dp h640dp 480dpi nrml long port ?uimode ?night -touch -keyb/v/h -nav/h winConfig={ mBounds=Rect(0, 0 - 0, 0) mAppBounds=Rect(0, 0 - 1080, 1920) mWindowingMode=fullscreen mActivityType=undefined} s.2}
10-01 23:23:19.905 1469 1469 I ActivityManager: Override config changes=60007dfc {1.0 ?mcc?mnc [en_DE] ldltr sw360dp w360dp h640dp 480dpi nrml long port ?uimode ? night -touch -keyb/v/h -nav/h winConfig={ mBounds=Rect(0, 0 - 1080, 1920) mAppBounds=Rect(0, 0 - 1080, 1920) mWindowingMode=fullscreen mActivityType=undefined} s.2} for displayId=0
10-01 23:23:19.910 1469 1469 I ActivityManager: Config changes=400 {1.0 ?mcc?mnc [en_DE] ldltr sw360dp w360dp h616dp 480dpi nrml long port ?uimode ?night -touch -keyb/v/h -nav/h winConfig={ mBounds=Rect(0, 0 - 0, 0) mAppBounds=Rect(0, 0 - 1080, 1920) mWindowingMode=fullscreen mActivityType=undefined} s.3}
10-01 23:23:19.918 1469 1469 I ActivityManager: Override config changes=400 {1.0 ?mcc?mnc [en_DE] ldltr sw360dp w360dp h616dp 480dpi nrml long port ?uimode ? night -touch -keyb/v/h -nav/h winConfig={ mBounds=Rect(0, 0 - 1080, 1920) mAppBounds=Rect(0, 0 - 1080, 1920) mWindowingMode=fullscreen mActivityType=undefined} s.3} for displayId=0
10-01 23:23:19.921 1469 1584 D PinnerService: pinRangeStream: null
10-01 23:23:19.926 1469 1469 I SystemServer: StartStorageManagerService
10-01 23:23:19.926 1469 1469 I SystemServiceManager: Starting com.android.server.StorageManagerService$Lifecycle
10-01 23:23:19.938 1469 1774 D StorageManagerService: Thinking about init, mSystemReady=false, mDaemonConnected=true
10-01 23:23:19.938 1469 1469 I SystemServer: StartStorageStatsService
10-01 23:23:19.938 1469 1774 D StorageManagerService: Thinking about reset, mSystemReady=false, mDaemonConnected=true
10-01 23:23:19.938 1469 1469 I SystemServiceManager: Starting com.android.server.usage.StorageStatsService$Lifecycle
10-01 23:23:19.938 470 479 E vold : Failed to read field SystemLocale: Success
10-01 23:23:19.939 1469 1584 D PinnerService: pinRangeStream: null
10-01 23:23:19.940 582 1690 D installd: Found quota mount /dev/block/bootdevice/by-name/userdata at /data
10-01 23:23:19.940 1469 1774 E StorageManagerService: Failed to read field SystemLocale
10-01 23:23:19.940 1469 1774 E StorageManagerService: android.os.ServiceSpecificException: Failed to read field SystemLocale (code 0)
10-01 23:23:19.940 1469 1774 E StorageManagerService: at android.os.Parcel.createException(Parcel.java:1956)
10-01 23:23:19.940 1469 1774 E StorageManagerService: at android.os.Parcel.readException(Parcel.java:1910)
10-01 23:23:19.940 1469 1774 E StorageManagerService: at android.os.Parcel.readException(Parcel.java:1860)
10-01 23:23:19.940 1469 1774 E StorageManagerService: at android.os.IVold$Stub$Proxy.fdeGetField(IVold.java:1094)
10-01 23:23:19.940 1469 1774 E StorageManagerService: at com.android.server.StorageManagerService.getField(StorageManagerService.java:2416)
10-01 23:23:19.940 1469 1774 E StorageManagerService: at com.android.server.StorageManagerService.copyLocaleFromMountService(StorageManagerS ervice.java:982)
10-01 23:23:19.940 1469 1774 E StorageManagerService: at com.android.server.StorageManagerService.handleDaemonConnected(StorageManagerServic e.java:975)
10-01 23:23:19.940 1469 1774 E StorageManagerService: at com.android.server.StorageManagerService.access$900(StorageManagerService.java:171)
10-01 23:23:19.940 1469 1774 E StorageManagerService: at com.android.server.StorageManagerService$StorageManagerServiceHandler.handleMessage (StorageManagerService.java:572)
10-01 23:23:19.940 1469 1774 E StorageManagerService: at android.os.Handler.dispatchMessage(Handler.java:106)
10-01 23:23:19.940 1469 1774 E StorageManagerService: at android.os.Looper.loop(Looper.java:193)
10-01 23:23:19.940 1469 1774 E StorageManagerService: at android.os.HandlerThread.run(HandlerThread.java:65)
10-01 23:23:19.940 582 1690 D installd: Found quota mount /dev/block/bootdevice/by-name/userdata at /sbin/.core/mirror/bin
10-01 23:23:19.941 582 1690 D installd: Found quota mount /dev/block/bootdevice/by-name/userdata at /data
10-01 23:23:19.941 582 1690 D installd: Found quota mount /dev/block/bootdevice/by-name/userdata at /sbin/.core/mirror/bin
10-01 23:23:19.944 1469 1469 I SystemServer: StartUiModeManager
10-01 23:23:19.945 1469 1469 I SystemServiceManager: Starting com.android.server.UiModeManagerService
10-01 23:23:19.946 1469 1729 I ActivityManager: Config changes=200 {1.0 ?mcc?mnc [en_DE] ldltr sw360dp w360dp h616dp 480dpi nrml long port -touch -keyb/v/h -nav/h winConfig={ mBounds=Rect(0, 0 - 0, 0) mAppBounds=Rect(0, 0 - 1080, 1920) mWindowingMode=fullscreen mActivityType=undefined} s.4}
10-01 23:23:19.946 1469 1469 I SystemServer: UpdatePackagesIfNeeded
10-01 23:23:19.947 1469 1469 I SystemServer: PerformFstrimIfNeeded
10-01 23:23:19.947 1469 1469 I SystemServer: StartLockSettingsService
10-01 23:23:19.947 1469 1469 I SystemServiceManager: Starting com.android.server.locksettings.LockSettingsService$Lifecycle
10-01 23:23:19.948 1469 1584 D PinnerService: pinRangeStream: null
10-01 23:23:19.959 1469 1584 D PinnerService: pinRangeStream: null
10-01 23:23:19.960 1469 1729 I ActivityManager: Override config changes=200 {1.0 ?mcc?mnc [en_DE] ldltr sw360dp w360dp h616dp 480dpi nrml long port -touch -keyb/v/h -nav/h winConfig={ mBounds=Rect(0, 0 - 1080, 1920) mAppBounds=Rect(0, 0 - 1080, 1920) mWindowingMode=fullscreen mActivityType=undefined} s.4} for displayId=0
10-01 23:23:19.964 1469 1584 D PinnerService: pinRangeStream: null
10-01 23:23:19.964 1469 1469 I SystemServer: StartPersistentDataBlock
10-01 23:23:19.964 1469 1469 I SystemServiceManager: Starting com.android.server.PersistentDataBlockService
10-01 23:23:19.965 1469 1469 I SystemServer: StartOemLockService
10-01 23:23:19.965 1469 1469 I SystemServiceManager: Starting com.android.server.oemlock.OemLockService
10-01 23:23:19.965 1469 1584 D PinnerService: pinRangeStream: null
10-01 23:23:19.966 466 466 W hwservicemanager: getTransport: Cannot find entry [email protected]::IOemLock/default in either framework or device manifest.
10-01 23:23:19.966 1469 1469 I OemLock : OemLock HAL not present on device
10-01 23:23:19.966 1469 1469 I OemLock : Using persistent data block based lock
10-01 23:23:19.968 1469 1469 I SystemServer: StartDeviceIdleController
10-01 23:23:19.968 1469 1469 I SystemServiceManager: Starting com.android.server.DeviceIdleController
10-01 23:23:19.973 1469 1469 I SystemServer: StartDevicePolicyManager
10-01 23:23:19.973 1469 1469 I SystemServiceManager: Starting com.android.server.devicepolicy.DevicePolicyManagerService$Lifecycle
10-01 23:23:19.977 1469 1469 I SystemServer: StartStatusBarManagerService
10-01 23:23:19.978 1469 1469 I SystemServer: StartClipboardService
10-01 23:23:19.978 1469 1469 I SystemServiceManager: Starting com.android.server.clipboard.ClipboardService
10-01 23:23:19.979 1469 1771 E EventHub: could not get driver version for /dev/input/mice, Not a typewriter
10-01 23:23:19.980 1469 1469 I SystemServer: StartNetworkManagementService
10-01 23:23:19.982 1469 1776 I NetworkManagement: onDaemonConnected()
10-01 23:23:19.983 1469 1469 I SystemServer: StartIpSecService
10-01 23:23:19.984 1469 1469 I SystemServer: StartTextServicesManager
10-01 23:23:19.984 1469 1469 I SystemServiceManager: Starting com.android.server.TextServicesManagerService$Lifecycle
10-01 23:23:19.986 1469 1469 I SystemServer: StartTextClassificationManagerService
10-01 23:23:19.986 1469 1469 I SystemServiceManager: Starting com.android.server.textclassifier.TextClassificationManagerService$Lifecycle
10-01 23:23:19.987 1469 1469 I SystemServer: StartNetworkScoreService
10-01 23:23:19.987 1469 1469 I SystemServiceManager: Starting com.android.server.NetworkScoreService$Lifecycle
10-01 23:23:19.987 1469 1469 I NetworkScoreService: Registering network_score
10-01 23:23:19.988 1469 1469 I SystemServer: StartNetworkStatsService
10-01 23:23:19.990 1469 1469 I SystemServer: StartNetworkPolicyManagerService
10-01 23:23:19.994 1469 1469 I SystemServer: StartWifi
10-01 23:23:19.998 519 519 E ActivityRecognitionHardware: activity_recognition HAL is deprecated. class_init is effectively a no-op
10-01 23:23:20.012 1469 1469 I SystemServiceManager: Starting com.android.server.wifi.WifiService
10-01 23:23:20.065 1469 1469 D WifiApConfigStore: 2G band allowed channels are:1,6,11
10-01 23:23:20.074 519 519 I zygote : Thread[1,tid=519,Native,Thread*=0xe8a48000,peer=0x12cc0228,"main"] recursive attempt to load library "/system/lib/libmedia_jni.so"
10-01 23:23:20.074 519 519 D MtpDeviceJNI: register_android_mtp_MtpDevice
10-01 23:23:20.074 519 519 I zygote : Thread[1,tid=519,Native,Thread*=0xe8a48000,peer=0x12cc0228,"main"] recursive attempt to load library "/system/lib/libmedia_jni.so"
10-01 23:23:20.075 519 519 I zygote : Thread[1,tid=519,Native,Thread*=0xe8a48000,peer=0x12cc0228,"main"] recursive attempt to load library "/system/lib/libmedia_jni.so"
10-01 23:23:20.075 1469 1469 I WifiScoringParams: rssi2=-85:-85:-73:-60,rssi5=- 82:-82:-70:-57,pps=0:1:100,horizon=15,nud=8,expid=0
10-01 23:23:20.079 711 711 I MSM-irqbalance: Discovered a new IRQ: 6
10-01 23:23:20.079 711 711 I MSM-irqbalance: Discovered a new IRQ: 154
10-01 23:23:20.079 711 711 I MSM-irqbalance: Discovered a new IRQ: 155
10-01 23:23:20.081 711 711 I MSM-irqbalance: Discovered a new IRQ: 296
10-01 23:23:20.093 711 711 E MSM-irqbalance: __set_smp_affinity: Unable to open /proc/irq/6/smp_affinity
10-01 23:23:20.093 711 711 E MSM-irqbalance: get_smp_affinity: Unable to open /proc/irq/6/smp_affinity
10-01 23:23:20.093 711 711 E MSM-irqbalance: Unable to set SMP affinity
10-01 23:23:20.115 1469 1469 D WifiStateMachine: EnableConnectedMacRandomization Setting changed to false
10-01 23:23:20.116 1469 1469 E WifiStateMachine: getWifiLinkLayerStats called without an interface
10-01 23:23:20.116 1469 1469 D WifiStateMachinePrime: Starting Wifi in WifiDisabledState
10-01 23:23:20.116 1469 1783 D WifiStateMachinePrime: Entering WifiDisabledState
10-01 23:23:20.116 1469 1783 D ActiveModeManager: sending scan available broadcast: false
10-01 23:23:20.118 1469 1469 D WifiOpenNetworkNotifier: Settings toggle enabled=false
10-01 23:23:20.118 1469 1469 D WifiCarrierNetworkNotifier: Settings toggle enabled=true
10-01 23:23:20.120 1469 1469 D WakeupController: WifiWake enabled
10-01 23:23:20.121 1469 1469 D WifiController: isAirplaneModeOn = false, isWifiEnabled = true, isScanningAvailable = false, isLocationModeActive = true
10-01 23:23:20.123 1469 1469 E SupplicantStaIfaceHal: Can't call setDebugParams, ISupplicant is null
10-01 23:23:20.123 1469 1469 W WifiDiags: no ring buffers found
10-01 23:23:20.123 1469 1469 W WifiDiags: Failed to start packet fate monitoring
10-01 23:23:20.123 1469 1469 I WifiService: Registering wifi
10-01 23:23:20.124 1469 1469 I SystemServer: StartWifiScanning
10-01 23:23:20.125 1469 1469 I SystemServiceManager: Starting com.android.server.wifi.scanner.WifiScanningService
10-01 23:23:20.125 1469 1469 I WifiScanningService: Creating wifiscanner
10-01 23:23:20.127 1469 1469 I WifiScanningService: Publishing wifiscanner
10-01 23:23:20.128 1469 1469 I SystemServer: StartWifiP2P
10-01 23:23:20.128 1469 1469 I SystemServiceManager: Starting com.android.server.wifi.p2p.WifiP2pService
10-01 23:23:20.136 1469 1469 W HalDevMgr: isWifiStarted called but mWifi is null!?
10-01 23:23:20.136 1469 1469 I WifiP2pService: Registering wifip2p
10-01 23:23:20.137 1469 1469 I SystemServer: StartEthernet
10-01 23:23:20.137 1469 1469 I SystemServiceManager: Starting com.android.server.ethernet.EthernetService
10-01 23:23:20.138 1469 1469 I EthernetService: Registering service ethernet
10-01 23:23:20.138 1469 1469 I SystemServer: StartConnectivityService
10-01 23:23:20.139 1469 1771 D EventHub: No input device configuration file found for device 'pwm-ir'.
10-01 23:23:20.140 1469 1469 D ConnectivityService: ConnectivityService starting up
10-01 23:23:20.142 1469 1469 D ConnectivityService: wifiOnly=false
10-01 23:23:20.142 1469 1469 E ConnectivityService: Ignoring protectedNetwork 14
10-01 23:23:20.142 1469 1469 E ConnectivityService: Ignoring protectedNetwork 15
10-01 23:23:20.152 1469 1469 I SystemServer: StartNsdService
10-01 23:23:20.153 1469 1469 D NsdService: Network service discovery is enabled
10-01 23:23:20.154 1469 1469 I SystemServer: StartSystemUpdateManagerService
10-01 23:23:20.155 1469 1469 I SystemUpdateManagerService: No existing info file /data/system/system-update-info.xml
10-01 23:23:20.155 1469 1469 I SystemServer: StartUpdateLockService
10-01 23:23:20.156 1469 1469 I SystemServer: StartNotificationManager
10-01 23:23:20.156 1469 1469 I SystemServiceManager: Starting com.android.server.notification.NotificationManagerService
10-01 23:23:20.162 1469 1469 D ConditionProviders.SCP: new ScheduleConditionProvider()
10-01 23:23:20.174 1469 1469 I NotificationListeners: Read notification listener permissions from xml
10-01 23:23:20.175 1469 1469 I NotificationAssistants: Read notification assistant permissions from xml
10-01 23:23:20.175 1469 1469 I ConditionProviders: Read condition provider permissions from xml
10-01 23:23:20.175 1469 1469 I ConditionProviders: Read condition provider permissions from xml
10-01 23:23:20.175 1469 1469 D NotificationAssistants: Approving default notification assistant for user 0
10-01 23:23:20.182 1469 1469 I SystemServer: StartDeviceMonitor
10-01 23:23:20.182 1469 1469 I SystemServiceManager: Starting com.android.server.storage.DeviceStorageMonitorService
10-01 23:23:20.184 1469 1469 I SystemServer: StartLocationManagerService
10-01 23:23:20.185 1469 1469 I SystemServer: StartCountryDetectorService
10-01 23:23:20.186 1469 1469 I SystemServer: StartSearchManagerService
10-01 23:23:20.186 1469 1469 I SystemServiceManager: Starting com.android.server.search.SearchManagerService$Lifecycle
10-01 23:23:20.187 1469 1469 I SystemServer: StartWallpaperManagerService
10-01 23:23:20.187 1469 1469 I SystemServiceManager: Starting com.android.server.wallpaper.WallpaperManagerService$Lifecycle
10-01 23:23:20.188 1469 1469 I SystemServer: StartAudioService
10-01 23:23:20.188 1469 1469 I SystemServiceManager: Starting com.android.server.audio.AudioService$Lifecycle
10-01 23:23:20.192 1469 1469 W TelecomManager: Telecom Service not found.
10-01 23:23:20.193 558 1067 D PermissionCache: checking android.permission.MODIFY_AUDIO_SETTINGS for uid=1000 => granted (574 us)
10-01 23:23:20.193 558 558 D PermissionCache: checking android.permission.MODIFY_AUDIO_ROUTING for uid=1000 => granted (789 us)
10-01 23:23:20.195 558 1172 W AudioFlinger: no wake lock to update, system not ready yet
10-01 23:23:20.195 558 1176 W AudioFlinger: no wake lock to update, system not ready yet
10-01 23:23:20.195 558 1179 W AudioFlinger: no wake lock to update, system not ready yet
10-01 23:23:20.195 558 1186 W AudioFlinger: no wake lock to update, system not ready yet
10-01 23:23:20.197 527 527 D audio_hw_primary: adev_set_mic_mute state 0
10-01 23:23:20.197 527 527 W DeviceHAL: Error from HAL Device in function set_mic_mute: Function not implemented
10-01 23:23:20.197 527 527 W DeviceHAL: Error from HAL Device in function set_mic_mute: Function not implemented
10-01 23:23:20.216 558 558 D AudioFlinger: isLowRamDevice:false totalMemory:2962051072 mClientSharedHeapSize:8388608
10-01 23:23:20.220 1469 1469 I SystemServer: StartDockObserver
10-01 23:23:20.220 1469 1469 I SystemServiceManager: Starting com.android.server.DockObserver
10-01 23:23:20.220 1469 1469 W DockObserver: This kernel does not have dock station support
10-01 23:23:20.221 1469 1469 I SystemServer: StartWiredAccessoryManager
10-01 23:23:20.222 1469 1469 W WiredAccessoryManager: This kernel does not have usb audio support
10-01 23:23:20.222 1469 1469 W WiredAccessoryManager: This kernel does not have HDMI audio support
10-01 23:23:20.222 1469 1469 I SystemServer: StartMidiManager
10-01 23:23:20.222 1469 1469 I SystemServiceManager: Starting com.android.server.midi.MidiService$Lifecycle
10-01 23:23:20.224 1469 1469 I SystemServer: StartUsbService
10-01 23:23:20.224 1469 1469 I SystemServiceManager: Starting com.android.server.usb.UsbService$Lifecycle
10-01 23:23:20.226 466 466 W hwservicemanager: getTransport: Cannot find entry [email protected]::IUsbGadget/default in either framework or device manifest.
10-01 23:23:20.226 1469 1469 I UsbDeviceManager: USB GADGET HAL not present in the device
10-01 23:23:20.226 1469 1469 I UsbDeviceManager: java.util.NoSuchElementException
10-01 23:23:20.226 1469 1469 I UsbDeviceManager: at android.os.HwBinder.getService(Native Method)
10-01 23:23:20.226 1469 1469 I UsbDeviceManager: at android.hardware.usb.gadget.V1_0.IUsbGadget.getService(IUsbGadget.java:40)
10-01 23:23:20.226 1469 1469 I UsbDeviceManager: at android.hardware.usb.gadget.V1_0.IUsbGadget.getService(IUsbGadget.java:44)
10-01 23:23:20.226 1469 1469 I UsbDeviceManager: at com.android.server.usb.UsbDeviceManager.<init>(UsbDeviceManager.java:267)
10-01 23:23:20.226 1469 1469 I UsbDeviceManager: at com.android.server.usb.UsbService.<init>(UsbService.java:139)
10-01 23:23:20.226 1469 1469 I UsbDeviceManager: at com.android.server.usb.UsbService$Lifecycle.onStart(UsbService.java:73)
10-01 23:23:20.226 1469 1469 I UsbDeviceManager: at com.android.server.SystemServiceManager.startService(SystemServiceManager.java:126)
10-01 23:23:20.226 1469 1469 I UsbDeviceManager: at com.android.server.SystemServiceManager.startService(SystemServiceManager.java:113)
10-01 23:23:20.226 1469 1469 I UsbDeviceManager: at com.android.server.SystemServiceManager.startService(SystemServiceManager.java:72)
10-01 23:23:20.226 1469 1469 I UsbDeviceManager: at com.android.server.SystemServer.startOtherServices(SystemServer.java:1301)
10-01 23:23:20.226 1469 1469 I UsbDeviceManager: at com.android.server.SystemServer.run(SystemServer.java:432)
10-01 23:23:20.226 1469 1469 I UsbDeviceManager: at com.android.server.SystemServer.main(SystemServer.java:295)
10-01 23:23:20.226 1469 1469 I UsbDeviceManager: at java.lang.reflect.Method.invoke(Native Method)
10-01 23:23:20.226 1469 1469 I UsbDeviceManager: at com.android.internal.os.RuntimeInit$MethodAndArgsCaller.run(RuntimeInit.java:495)
10-01 23:23:20.226 1469 1469 I UsbDeviceManager: at com.android.internal.os.ZygoteInit.main(ZygoteInit.java:838)
10-01 23:23:20.227 1469 1469 E UsbDeviceManagerJNI: could not open control for mtp Permission denied
10-01 23:23:20.227 1469 1469 E UsbDeviceManager: Failed to open control for mtp
10-01 23:23:20.227 1469 1469 E UsbDeviceManagerJNI: could not open control for ptp Permission denied
10-01 23:23:20.227 1469 1469 E UsbDeviceManager: Failed to open control for ptp
10-01 23:23:20.235 1469 1469 W StorageManagerService: No primary storage defined yet; hacking together a stub
10-01 23:23:20.238 1469 1469 I android_os_HwBinder: HwBinder: Starting thread pool for default::[email protected]::IServiceManager
10-01 23:23:20.240 1469 1730 I UsbPortManager: Usb hal service started [email protected]::IUsb default
10-01 23:23:20.240 1469 1469 I android_os_HwBinder: HwBinder: Starting thread pool for default::[email protected]::IUsb
10-01 23:23:20.245 543 543 I /vendor/bin/hw/[email protected] service.basic: registering callback
10-01 23:23:20.247 1469 1469 I SystemServer: StartSerialService
10-01 23:23:20.248 1469 1469 I SystemServer: StartHardwarePropertiesManagerService
10-01 23:23:20.249 1469 1469 D HardwarePropertiesManagerService-JNI: Link to death notification successful
10-01 23:23:20.250 1469 1469 I SystemServer: StartTwilightService
10-01 23:23:20.250 1469 1469 I SystemServiceManager: Starting com.android.server.twilight.TwilightService
10-01 23:23:20.251 1469 1469 I SystemServer: StartNightDisplay
10-01 23:23:20.251 1469 1469 I SystemServiceManager: Starting com.android.server.display.ColorDisplayService
10-01 23:23:20.251 1469 1469 I SystemServer: StartJobScheduler
10-01 23:23:20.251 1469 1469 I SystemServiceManager: Starting com.android.server.job.JobSchedulerService
10-01 23:23:20.253 1469 1469 D JobStore: Start tag: job-info
10-01 23:23:20.262 1469 1469 I JobStore: Read 44 jobs
10-01 23:23:20.266 1469 1469 I SystemServer: StartSoundTrigger
10-01 23:23:20.266 1469 1469 I SystemServiceManager: Starting com.android.server.soundtrigger.SoundTriggerService
10-01 23:23:20.267 1469 1469 I SystemServer: StartTrustManager
10-01 23:23:20.267 1469 1469 I SystemServiceManager: Starting com.android.server.trust.TrustManagerService
10-01 23:23:20.268 1469 1469 I SystemServer: StartBackupManager
10-01 23:23:20.268 1469 1469 I SystemServiceManager: Starting com.android.server.backup.BackupManagerService$Lifecycle
10-01 23:23:20.269 1469 1469 I SystemServer: StartAppWidgerService
10-01 23:23:20.269 1469 1469 I SystemServiceManager: Starting com.android.server.appwidget.AppWidgetService
10-01 23:23:20.270 1469 1469 D OpenGLRenderer: Skia GL Pipeline
10-01 23:23:20.271 1469 1469 I SystemServer: StartVoiceRecognitionManager
10-01 23:23:20.271 1469 1469 I SystemServiceManager: Starting com.android.server.voiceinteraction.VoiceInteractionManagerService
10-01 23:23:20.272 1469 1469 I SystemServer: StartGestureLauncher
10-01 23:23:20.272 1469 1469 I SystemServiceManager: Starting com.android.server.GestureLauncherService
10-01 23:23:20.272 1469 1469 I SystemServer: StartSensorNotification
10-01 23:23:20.272 1469 1469 I SystemServiceManager: Starting com.android.server.SensorNotificationService
10-01 23:23:20.272 1469 1469 I SystemServer: StartContextHubSystemService
10-01 23:23:20.272 1469 1469 I SystemServiceManager: Starting com.android.server.ContextHubSystemService
10-01 23:23:20.272 1469 1469 I SystemServer: StartDiskStatsService
10-01 23:23:20.274 466 466 W hwservicemanager: getTransport: Cannot find entry [email protected]::IContexthub/default in either framework or device manifest.
10-01 23:23:20.274 1469 1729 I ContextHubService: Context Hub HAL service not found
10-01 23:23:20.275 1469 1469 I SystemServer: StartNetworkTimeUpdateService
10-01 23:23:20.276 1469 1469 I SystemServer: StartCommonTimeManagementService
10-01 23:23:20.278 1469 1469 I SystemServer: CertBlacklister
10-01 23:23:20.278 1469 1469 I SystemServer: StartEmergencyAffordanceService
10-01 23:23:20.279 1469 1469 I SystemServiceManager: Starting com.android.server.emergency.EmergencyAffordanceService
10-01 23:23:20.279 1469 1469 I SystemServer: StartDreamManager
10-01 23:23:20.279 1469 1469 I SystemServiceManager: Starting com.android.server.dreams.DreamManagerService
10-01 23:23:20.280 519 519 I Zygote : ...preloaded 6535 classes in 566ms.
10-01 23:23:20.280 519 519 I zygote : VMRuntime.preloadDexCaches starting
10-01 23:23:20.280 1469 1469 I SystemServer: AddGraphicsStatsService
10-01 23:23:20.283 1469 1469 I SystemServer: StartPrintManager
10-01 23:23:20.283 1469 1469 I SystemServiceManager: Starting com.android.server.print.PrintManagerService
10-01 23:23:20.284 1469 1469 I SystemServer: StartCompanionDeviceManager
10-01 23:23:20.285 1469 1469 I SystemServiceManager: Starting com.android.server.companion.CompanionDeviceManagerService
10-01 23:23:20.286 1469 1469 I SystemServer: StartRestrictionManager
10-01 23:23:20.286 1469 1469 I SystemServiceManager: Starting com.android.server.restrictions.RestrictionsManagerService
10-01 23:23:20.287 1469 1469 I SystemServer: StartMediaSessionService
10-01 23:23:20.287 1469 1469 I SystemServiceManager: Starting com.android.server.media.MediaSessionService
10-01 23:23:20.289 1469 1469 I SystemServer: StartMediaUpdateService
10-01 23:23:20.289 1469 1771 D EventHub: No input device configuration file found for device 'gpio-keys'.
10-01 23:23:20.289 1469 1469 I SystemServiceManager: Starting com.android.server.media.MediaUpdateService
10-01 23:23:20.290 1469 1469 I SystemServer: StartMediaResourceMonitor
10-01 23:23:20.290 1469 1469 I SystemServiceManager: Starting com.android.server.media.MediaResourceMonitorService
10-01 23:23:20.290 1469 1469 I SystemServer: StartMediaRouterService
10-01 23:23:20.291 1469 1469 I SystemServer: StartFingerprintSensor
10-01 23:23:20.291 1469 1469 I SystemServiceManager: Starting com.android.server.fingerprint.FingerprintService
10-01 23:23:20.292 1469 1771 W EventHub: Unable to disable kernel key repeat for /dev/input/event4: Function not implemented
10-01 23:23:20.292 1469 1771 I EventHub: wakeMechanism=EPOLLWAKEUP, usingClockIoctl=true
10-01 23:23:20.292 1469 1771 I EventHub: New device: id=7, fd=155, path='/dev/input/event4', name='gpio-keys', classes=0x1, configuration='', keyLayout='/vendor/usr/keylayout/gpio-keys.kl', keyCharacterMap='/system/usr/keychars/Generic.kcm', builtinKeyboard=false,
10-01 23:23:20.292 1469 1771 D EventHub: No input device configuration file found for device 'ft5435_ts'.
10-01 23:23:20.294 1469 1469 I SystemServer: StartBackgroundDexOptService
10-01 23:23:20.294 1469 1469 W BackgroundDexOptService: SysProp pm.dexopt.downgrade_after_inactive_days not set
10-01 23:23:20.294 1469 1729 V FingerprintService: mDaemon was null, reconnect to fingerprint
10-01 23:23:20.294 1469 1771 W EventHub: Unable to disable kernel key repeat for /dev/input/event1: Function not implemented
10-01 23:23:20.294 1469 1771 I EventHub: wakeMechanism=EPOLLWAKEUP, usingClockIoctl=true
10-01 23:23:20.294 1469 1771 I EventHub: New device: id=8, fd=156, path='/dev/input/event1', name='ft5435_ts', classes=0x15, configuration='', keyLayout='/vendor/usr/keylayout/ft5435_ts.kl', keyCharacterMap='/system/usr/keychars/Generic.kcm', builtinKeyboard=false,
10-01 23:23:20.295 1469 1469 I SystemServer: StartPruneInstantAppsJobService
10-01 23:23:20.296 1469 1469 I SystemServer: StartShortcutServiceLifecycle
10-01 23:23:20.296 1469 1469 I SystemServiceManager: Starting com.android.server.pm.ShortcutService$Lifecycle
10-01 23:23:20.298 1469 1729 I android_os_HwBinder: HwBinder: Starting thread pool for default::[email protected]::IBiometricsFingerprint
10-01 23:23:20.298 1469 1771 I InputReader: Device added: id=-1, name='Virtual', sources=0x00000301
10-01 23:23:20.298 1469 1469 I SystemServer: StartLauncherAppsService
10-01 23:23:20.298 1469 1469 I SystemServiceManager: Starting com.android.server.pm.LauncherAppsService
10-01 23:23:20.299 1469 1729 V FingerprintService: Fingerprint HAL id: 501970416064
10-01 23:23:20.299 1469 1771 I InputReader: Touch device 'ft5435_ts' could not query the properties of its associated display. The device will be inoperable until the display size becomes available.
10-01 23:23:20.299 1469 1771 I InputReader: Device added: id=8, name='ft5435_ts', sources=0x00001103
10-01 23:23:20.299 1469 1771 I InputReader: Device added: id=7, name='gpio-keys', sources=0x00000101
10-01 23:23:20.299 1469 1771 I InputReader: Device added: id=5, name='qpnp_pon', sources=0x00000101
10-01 23:23:20.299 1469 1771 I InputReader: Device added: id=4, name='gf3208', sources=0x00000101
10-01 23:23:20.299 1278 1335 D FingerGoodix: fpcode, fingerprint_set_active_group(0x74dfc4b1c0, 0, /data/system/users/0/fpdata)
10-01 23:23:20.299 1278 1335 D FingerGoodix: fpcode, the group 0 has already been actived.
10-01 23:23:20.299 1469 1469 I SystemServer: StartCrossProfileAppsService
10-01 23:23:20.300 1469 1469 I SystemServiceManager: Starting com.android.server.pm.CrossProfileAppsService
10-01 23:23:20.301 1469 1469 I SystemServer: StartMediaProjectionManager
10-01 23:23:20.301 1469 1469 I SystemServiceManager: Starting com.android.server.media.projection.MediaProjectionManagerService
10-01 23:23:20.301 1278 1335 D FingerGoodix: fpcode, fingerprint_get_auth_id(0x74dfc4b1c0) = 3735928559
10-01 23:23:20.302 1469 1729 V FingerprintService: Enumerating user(0)
10-01 23:23:20.302 1278 1335 D FingerGoodix: fpcode, fingerprint_get_auth_id(0x74dfc4b1c0) = 3735928559
10-01 23:23:20.302 1469 1469 V MediaRouter: Adding route: RouteInfo{ name=Phone, description=null, status=null, category=RouteCategory{ name=System types=ROUTE_TYPE_LIVE_AUDIO ROUTE_TYPE_LIVE_VIDEO groupable=false }, supportedTypes=ROUTE_TYPE_LIVE_AUDIO ROUTE_TYPE_LIVE_VIDEO , presentationDisplay=null }
10-01 23:23:20.302 1469 1729 V FingerprintService: starting client InternalEnumerateClient(android), initiatedByClient = true
10-01 23:23:20.302 1278 1335 D FingerGoodix: fpcode, fingerprint_enumerate N(0x74dfc4b1c0)
10-01 23:23:20.302 1278 1335 D FingerGoodix: gf_worker_thread_create:start worker thread create
10-01 23:23:20.302 1278 1335 D FingerGoodix: msgqueue_open:start message queue open
10-01 23:23:20.302 1278 1335 D FingerGoodix: gf_send_callback_msg:param = 0x74dfc4b1c0,callback_func = 0x74dfb2c864
10-01 23:23:20.302 1278 1335 D FingerGoodix: msg_send:add a message item to message queue
10-01 23:23:20.303 1278 1808 D FingerGoodix: msg_receive:wait a message
10-01 23:23:20.303 1278 1808 D FingerGoodix: msg_receive:receive a message item from queue
10-01 23:23:20.303 1278 1808 D FingerGoodix: msg_receive:message copy length = 16
10-01 23:23:20.303 1278 1808 D FingerGoodix: worker_thread_loop:receive a message msg_len = 16
10-01 23:23:20.303 1278 1808 D FingerGoodix: goodix_sensor_fp_enumerate
10-01 23:23:20.303 1278 1808 D FingerGoodix: fpcode, finger_already_enrolled, all_fingerids[0]=0
10-01 23:23:20.303 1278 1808 D FingerGoodix: fpcode, finger_already_enrolled, all_fingerids[1]=0
10-01 23:23:20.303 1278 1808 D FingerGoodix: fpcode, finger_already_enrolled, all_fingerids[2]=0
10-01 23:23:20.303 1278 1808 D FingerGoodix: fpcode, finger_already_enrolled, all_fingerids[3]=0
10-01 23:23:20.303 1278 1808 D FingerGoodix: fpcode, finger_already_enrolled, all_fingerids[4]=0
10-01 23:23:20.303 1278 1808 D FingerGoodix: enumerate_callback_func:ret=0,array_size= 40
10-01 23:23:20.303 1278 1808 D FingerGoodix: enumerate_callback_func:remaining_templats=4,fid=116,gid=-549359616
10-01 23:23:20.303 1278 1808 D FingerGoodix: enumerate_callback_func:remaining_templats=3,fid=116,gid=-541816224
10-01 23:23:20.303 1278 1808 D FingerGoodix: enumerate_callback_func:remaining_templats=2,fid=0,gid=16
10-01 23:23:20.303 1278 1808 D FingerGoodix: enumerate_callback_func:remaining_templats=1,fid=116,gid=-545430608
10-01 23:23:20.303 1278 1808 D FingerGoodix: enumerate_callback_func:remaining_templats=0,fid=116,gid=-541904432
10-01 23:23:20.303 1278 1808 D FingerGoodix: worker_thread_loop:callback func 0x74dfb2c864 return value = 82
10-01 23:23:20.303 1278 1808 D FingerGoodix: msg_receive:wait a message
10-01 23:23:20.303 1469 1469 V MediaRouter: Selecting route: RouteInfo{ name=Phone, description=null, status=null, category=RouteCategory{ name=System types=ROUTE_TYPE_LIVE_AUDIO ROUTE_TYPE_LIVE_VIDEO groupable=false }, supportedTypes=ROUTE_TYPE_LIVE_AUDIO ROUTE_TYPE_LIVE_VIDEO , presentationDisplay=null }
10-01 23:23:20.304 1469 1469 I SystemServer: StartSliceManagerService
10-01 23:23:20.304 1469 1469 I SystemServiceManager: Starting com.android.server.slice.SliceManagerService$Lifecycle
10-01 23:23:20.306 1469 1469 I SystemServer: StartCameraServiceProxy
10-01 23:23:20.306 1469 1469 I SystemServiceManager: Starting com.android.server.camera.CameraServiceProxy
10-01 23:23:20.308 1469 1469 I SystemServer: StartStatsCompanionService
10-01 23:23:20.308 1469 1469 I SystemServiceManager: Starting com.android.server.stats.StatsCompanionService$Lifecycle
10-01 23:23:20.311 1469 1469 I KernelUidCpuFreqTimeReader: mPerClusterTimesAvailable=false
10-01 23:23:20.317 1469 1771 I InputReader: Device added: id=3, name='hbtp_vm', sources=0x00002002
10-01 23:23:20.318 1469 1771 I InputReader: Device added: id=2, name='msm8953- snd-card-mtp Headset Jack', sources=0x80000000
10-01 23:23:20.318 1469 1771 I InputReader: Device added: id=1, name='msm8953- snd-card-mtp Button Jack', sources=0x00000101
10-01 23:23:20.318 1469 1771 I InputReader: Reconfiguring input devices. changes=0x00000005
10-01 23:23:20.318 1469 1771 I InputReader: Device reconfigured: id=8, name='ft5435_ts', size 1080x1920, orientation 0, mode 1, display id 0
10-01 23:23:20.319 1469 1770 I ActivityManager: Config changes=8 {1.0 ?mcc?mnc [en_DE] ldltr sw360dp w360dp h616dp 480dpi nrml long port finger -keyb/v/h -nav/h winConfig={ mBounds=Rect(0, 0 - 0, 0) mAppBounds=Rect(0, 0 - 1080, 1920) mWindowingMode=fullscreen mActivityType=undefined} s.5}
10-01 23:23:20.331 1469 1770 I ActivityManager: Override config changes=8 {1.0 ? mcc?mnc [en_DE] ldltr sw360dp w360dp h616dp 480dpi nrml long port finger -keyb/v/h -nav/h winConfig={ mBounds=Rect(0, 0 - 1080, 1920) mAppBounds=Rect(0, 0 - 1080, 1920) mWindowingMode=fullscreen mActivityType=undefined} s.5} for displayId=0
10-01 23:23:20.333 1469 1469 I WindowManager: SAFE MODE not enabled
10-01 23:23:20.334 1469 1469 I SystemServer: StartJitCompilation
10-01 23:23:20.334 1469 1469 I SystemServer: StartMmsService
10-01 23:23:20.334 1469 1469 I SystemServiceManager: Starting com.android.server.MmsServiceBroker
10-01 23:23:20.335 1469 1469 I SystemServer: StartAutoFillService
10-01 23:23:20.335 1469 1469 I SystemServiceManager: Starting com.android.server.autofill.AutofillManagerService
10-01 23:23:20.335 1469 1469 I AutofillManagerService: Setting debug to false
10-01 23:23:20.337 1469 1469 I SystemServer: MakeVibratorServiceReady
10-01 23:23:20.338 1469 1469 I SystemServer: MakeLockSettingsServiceReady
10-01 23:23:20.343 519 519 I zygote : VMRuntime.preloadDexCaches strings total=340645 before=12358 after=12358
10-01 23:23:20.343 519 519 I zygote : VMRuntime.preloadDexCaches types total=31464 before=7858 after=7859
10-01 23:23:20.343 519 519 I zygote : VMRuntime.preloadDexCaches fields total=141245 before=9197 after=9197
10-01 23:23:20.343 519 519 I zygote : VMRuntime.preloadDexCaches methods total=248537 before=12820 after=12820
10-01 23:23:20.343 519 519 I zygote : VMRuntime.preloadDexCaches finished
10-01 23:23:20.354 466 466 W hwservicemanager: getTransport: Cannot find entry [email protected]::IWeaver/default in either framework or device manifest.
10-01 23:23:20.354 1469 1469 I SyntheticPasswordManager: Device does not support weaver
10-01 23:23:20.355 466 466 W hwservicemanager: getTransport: Cannot find entry [email protected]::IAuthSecret/default in either framework or device manifest.
10-01 23:23:20.355 1469 1469 I LockSettingsService: Device doesn't implement AuthSecret HAL
10-01 23:23:20.357 1469 1469 E LockSettingsStorage: Cannot read file java.io.FileNotFoundException: /data/system/gatekeeper.password.key: open failed: ENOENT (No such file or directory)
10-01 23:23:20.357 1469 1469 E LockSettingsStorage: Cannot read file java.io.FileNotFoundException: /data/system/password.key: open failed: ENOENT (No such file or directory)
