10-01 23:23:20.357 1469 1469 E LockSettingsStorage: Cannot read file java.io.FileNotFoundException: /data/system/gatekeeper.pattern.key: open failed: ENOENT (No such file or directory)
10-01 23:23:20.358 1469 1469 E LockSettingsStorage: Cannot read file java.io.FileNotFoundException: /data/system/gatekeeper.gesture.key: open failed: ENOENT (No such file or directory)
10-01 23:23:20.358 1469 1469 E LockSettingsStorage: Cannot read file java.io.FileNotFoundException: /data/system/gesture.key: open failed: ENOENT (No such file or directory)
10-01 23:23:20.358 1469 1469 I SystemServer: StartBootPhaseLockSettingsReady
10-01 23:23:20.358 1469 1469 I SystemServiceManager: Starting phase 480
10-01 23:23:20.430 519 519 I Zygote : Preloading resources...
10-01 23:23:20.438 519 519 W Resources: Preloaded drawable resource #0x1080265 (android:drawable/dialog_background_material) that varies with configuration!!
10-01 23:23:20.455 519 519 I Zygote : ...preloaded 64 resources in 25ms.
10-01 23:23:20.459 519 519 I Zygote : ...preloaded 41 resources in 4ms.
10-01 23:23:20.463 1469 1469 I DevicePolicyManager: Set ro.device_owner property to false
10-01 23:23:20.465 1469 1469 W SystemServiceManager: Service com.android.server.devicepolicy.DevicePolicyManagerService$Lifecycle took 107 ms in onBootPhase
10-01 23:23:20.468 1469 1469 I SystemServer: StartBootPhaseSystemServicesReady
10-01 23:23:20.468 1469 1469 I SystemServiceManager: Starting phase 500
10-01 23:23:20.459 519 519 I main : type=1400 audit(0.0:728): avc: denied { read } for name="libadreno_utils.so" dev="mmcblk0p48" ino=1044 scontext=u:r:zygote:s0 tcontext=u:object_r:vendor_file:s0 tclass=file permissive=1
10-01 23:23:20.478 519 519 D libEGL : loaded /vendor/lib/egl/libEGL_adreno.so
10-01 23:23:20.536 574 841 E /system/vendor/bin/adsprpcd: vendor/qcom/proprietary/adsprpc/src/apps_std_imp.c:695:Error 45: fopen failed for .//lowi//lowi_lp.conf. (No such file or directory)
10-01 23:23:20.519 574 574 I adsprpcd: type=1400 audit(0.0:732): avc: denied { ioctl } for path="/dev/adsprpc-smd" dev="tmpfs" ino=16885 ioctlcmd=5201 scontext=u:r:init:s0 tcontext=u:object_r:device:s0 tclass=chr_file permissive=1
10-01 23:23:20.539 519 519 D libEGL : loaded /vendor/lib/egl/libGLESv1_CM_adreno.so
10-01 23:23:20.567 519 519 D libEGL : loaded /vendor/lib/egl/libGLESv2_adreno.so
10-01 23:23:20.599 519 519 I Zygote : Preloading shared libraries...
10-01 23:23:20.607 519 519 I Zygote : Uninstalled ICU cache reference pinning...
10-01 23:23:20.608 519 519 I Zygote : Installed AndroidKeyStoreProvider in 1ms.
10-01 23:23:20.618 519 519 I Zygote : Warmed up JCA providers in 10ms.
10-01 23:23:20.618 519 519 D Zygote : end preload
10-01 23:23:20.819 572 624 E QC-time-services: Daemon:genoff_wlan_qmi_service_request: qmi_client_get_service_list returned -2num_services 0
10-01 23:23:21.209 594 594 I Atfwd_Daemon:
10-01 23:23:21.209 594 594 I Atfwd_Daemon: Out of sleep...
10-01 23:23:21.209 594 594 I Atfwd_Daemon:
10-01 23:23:21.209 594 594 I Atfwd_Daemon:
10-01 23:23:21.209 594 594 I Atfwd_Daemon: TrtyInit: retryCnt: 2
10-01 23:23:21.898 1253 1253 I imsrcsd : getAndroidPropValue : vendor.ims.modem.multisub.cap[1]
10-01 23:23:21.898 1253 1253 I imsrcsd : Uce Service HAL detected modemVersion[1]
10-01 23:23:21.898 1253 1253 I imsrcsd : Uce Service HAL loading lib-uceservice
10-01 23:23:21.929 1253 1253 I imsrcsd : type=1400 audit(0.0:734): avc: denied { execute } for path="/vendor/lib64/lib-rtpcommon.so" dev="mmcblk0p48" ino=64 scontext=u:r:init:s0 tcontext=u:object_r:vendor_file:s0 tclass=file permissive=1
10-01 23:23:21.959 1253 1253 I imsrcsd : type=1400 audit(0.0:735): avc: denied { read } for name="name" dev="sysfs" ino=24004 scontext=u:r:init:s0 tcontext=u:object_r:sysfs:s0 tclass=file permissive=1
10-01 23:23:21.979 1253 1253 E Diag_Lib: DPL : gIsQXDMDisabled 0, gIsADBDisabled 1, gIsDebugDisabled 0, gIsIMSLogsDisabled 0 gIsDebugDataPathDisabled = 0
10-01 23:23:22.096 1253 1841 E Diag_Lib: [IMS_FATAL]| 1841 | qpCheckSockEventsOnNetConnProfiles : pNetConnProfileArray NULL
10-01 23:23:22.097 1253 1841 I chatty : uid=1000(system) /system/vendor/bin/imsrcsd identical 12 lines
10-01 23:23:22.098 1253 1841 E Diag_Lib: [IMS_FATAL]| 1841 | qpCheckSockEventsOnNetConnProfiles : pNetConnProfileArray NULL
10-01 23:23:22.098 1253 1841 E Diag_Lib: DPL : gIsQXDMDisabled 0, gIsADBDisabled 1, gIsDebugDisabled 0, gIsIMSLogsDisabled 0 gIsDebugDataPathDisabled = 0
10-01 23:23:22.100 1253 1841 E Diag_Lib: [IMS_FATAL]| 1841 | ims_qmi_register_client : Failed
10-01 23:23:22.101 1253 1841 I imsrcsd : Successful Initialization
10-01 23:23:22.101 1253 1841 I imsrcsd : Starting Service for First Time
10-01 23:23:22.108 1253 1841 I chatty : uid=1000(system) /system/vendor/bin/imsrcsd identical 18 lines
10-01 23:23:22.108 1253 1841 E Diag_Lib: [IMS_FATAL]| 1841 | ims_qmi_register_client : Failed
10-01 23:23:22.209 594 594 I Atfwd_Daemon: qmi_client_init_instance status retry : 2
10-01 23:23:22.209 594 594 I Atfwd_Daemon:
10-01 23:23:22.209 594 594 I Atfwd_Daemon: qmi_client_init_instance....
10-01 23:23:22.209 594 594 I Atfwd_Daemon: qmi_client_init_instance status: 0, num_retries: 3, retryCnt: 2
10-01 23:23:22.209 594 594 I Atfwd_Daemon: qmi_client_register_error_cb status: 0
10-01 23:23:22.209 594 594 I Atfwd_Daemon: result : 0 ,Init step :1 ,qmiErrorCode: 0
10-01 23:23:22.209 594 594 I Atfwd_Daemon:
10-01 23:23:22.209 594 594 I Atfwd_Daemon: Back to main.
10-01 23:23:22.209 594 594 I Atfwd_Daemon: tryinit complete with connectresult: 0
10-01 23:23:22.209 594 594 I Atfwd_Daemon:
10-01 23:23:22.209 594 594 I Atfwd_Daemon:
10-01 23:23:22.209 594 594 I Atfwd_Daemon: TrtyInit: retryCnt: 1
10-01 23:23:22.209 594 594 I Atfwd_Daemon: Invalid type 2
10-01 23:23:22.210 594 594 I Atfwd_Daemon: tryinit complete with connectresult: 0
10-01 23:23:22.210 594 594 I Atfwd_Daemon: Trying to register 8 commands:
10-01 23:23:22.210 594 594 I Atfwd_Daemon: cmd0: +CKPD
10-01 23:23:22.210 594 594 I Atfwd_Daemon: sending QMI_AT_REG_AT_CMD_FWD_REQ_V01 message
10-01 23:23:22.212 594 594 I Atfwd_Daemon: cmd1: +CTSA
10-01 23:23:22.212 594 594 I Atfwd_Daemon: sending QMI_AT_REG_AT_CMD_FWD_REQ_V01 message
10-01 23:23:22.212 594 594 I Atfwd_Daemon: cmd2: +CFUN
10-01 23:23:22.212 594 594 I Atfwd_Daemon: sending QMI_AT_REG_AT_CMD_FWD_REQ_V01 message
10-01 23:23:22.213 594 594 I Atfwd_Daemon: cmd3: +CMAR
10-01 23:23:22.213 594 594 I Atfwd_Daemon: sending QMI_AT_REG_AT_CMD_FWD_REQ_V01 message
10-01 23:23:22.213 594 594 I Atfwd_Daemon: cmd4: +CDIS
10-01 23:23:22.213 594 594 I Atfwd_Daemon: sending QMI_AT_REG_AT_CMD_FWD_REQ_V01 message
10-01 23:23:22.213 594 594 I Atfwd_Daemon: cmd5: +CRSL
10-01 23:23:22.213 594 594 I Atfwd_Daemon: sending QMI_AT_REG_AT_CMD_FWD_REQ_V01 message
10-01 23:23:22.214 594 594 I Atfwd_Daemon: cmd6: +CSS
10-01 23:23:22.214 594 594 I Atfwd_Daemon: sending QMI_AT_REG_AT_CMD_FWD_REQ_V01 message
10-01 23:23:22.214 594 594 I Atfwd_Daemon: cmd7: $QCPWRDN
10-01 23:23:22.214 594 594 I Atfwd_Daemon: sending QMI_AT_REG_AT_CMD_FWD_REQ_V01 message
10-01 23:23:22.214 594 594 I Atfwd_Daemon: Registered AT Commands event handler
10-01 23:23:22.214 594 594 I Atfwd_Daemon: Waiting for ctrCond
10-01 23:23:22.819 572 624 E QC-time-services: Daemon:genoff_wlan_qmi_service_request: qmi_client_get_service_list returned -2num_services 0
10-01 23:23:23.318 1469 1469 W SystemServiceManager: Service com.android.server.om.OverlayManagerService took 2848 ms in onBootPhase
10-01 23:23:23.318 1469 1469 D AppStandbyController: Setting app idle enabled state
10-01 23:23:23.322 1469 1469 I VrManagerService: No default vr listener service found.
10-01 23:23:23.327 1469 1469 I WifiService: WifiService starting up with Wi-Fi enabled
10-01 23:23:23.330 1469 1783 I android_os_HwBinder: HwBinder: Starting thread pool for default::[email protected]::IServiceManager
10-01 23:23:23.332 1469 1730 D HalDevMgr: IWifi registration notification: [email protected]::IWifi, name=default, preexisting=true
10-01 23:23:23.332 582 1828 W cutils : Expected path /data/data/com.google.android.apps.authenticator2 with mode 751 but found 700
10-01 23:23:23.333 1469 1730 I android_os_HwBinder: HwBinder: Starting thread pool for default::[email protected]::IWifi
10-01 23:23:23.335 1469 1783 D WificondControl: tearing down interfaces in wificond
10-01 23:23:23.337 1469 1469 D WifiService: setWifiEnabled: true pid=1469, uid=1000, package=android
10-01 23:23:23.337 1469 1469 I WifiService: setWifiEnabled package=android uid=1000 enable=true
10-01 23:23:23.337 1469 1469 I WifiScanningService: Starting wifiscanner
10-01 23:23:23.339 1469 1469 I EthernetServiceImpl: Starting Ethernet service
10-01 23:23:23.343 1469 1469 D Ethernet: Registering NetworkFactory
10-01 23:23:23.343 1469 1788 D ConnectivityService: Got NetworkFactory Messenger for Ethernet
10-01 23:23:23.343 1469 1868 D Ethernet: got request NetworkRequest [ REQUEST id=1, [ Capabilities: INTERNET&NOT_RESTRICTED&TRUSTED&NOT_VPN Unwanted: ] ] with score 0
10-01 23:23:23.344 1469 1469 E IpConfigStore: Error opening configuration file: java.io.FileNotFoundException: /data/misc/ethernet/ipconfig.txt (No such file or directory)
10-01 23:23:23.348 1469 1868 I EthernetTracker: maybeTrackInterface dummy0
10-01 23:23:23.348 1469 1868 I EthernetTracker: maybeTrackInterface lo
10-01 23:23:23.348 1469 1868 I EthernetTracker: maybeTrackInterface r_rmnet_data0
10-01 23:23:23.348 1469 1868 I EthernetTracker: maybeTrackInterface r_rmnet_data1
10-01 23:23:23.348 1469 1868 I EthernetTracker: maybeTrackInterface r_rmnet_data2
10-01 23:23:23.349 1469 1868 I EthernetTracker: maybeTrackInterface r_rmnet_data3
10-01 23:23:23.349 1469 1868 I EthernetTracker: maybeTrackInterface r_rmnet_data4
10-01 23:23:23.349 1469 1868 I EthernetTracker: maybeTrackInterface r_rmnet_data5
10-01 23:23:23.349 1469 1868 I EthernetTracker: maybeTrackInterface r_rmnet_data6
10-01 23:23:23.349 1469 1868 I EthernetTracker: maybeTrackInterface r_rmnet_data7
10-01 23:23:23.349 1469 1868 I EthernetTracker: maybeTrackInterface r_rmnet_data8
10-01 23:23:23.349 1469 1868 I EthernetTracker: maybeTrackInterface rmnet_data0
10-01 23:23:23.349 1469 1868 I EthernetTracker: maybeTrackInterface rmnet_data1
10-01 23:23:23.349 1469 1868 I EthernetTracker: maybeTrackInterface rmnet_data2
10-01 23:23:23.349 1469 1868 I EthernetTracker: maybeTrackInterface rmnet_data3
10-01 23:23:23.349 1469 1868 I EthernetTracker: maybeTrackInterface rmnet_data4
10-01 23:23:23.349 1469 1868 I EthernetTracker: maybeTrackInterface rmnet_data5
10-01 23:23:23.349 1469 1868 I EthernetTracker: maybeTrackInterface rmnet_data6
10-01 23:23:23.349 1469 1868 I EthernetTracker: maybeTrackInterface rmnet_data7
10-01 23:23:23.350 1469 1868 I EthernetTracker: maybeTrackInterface rmnet_ipa0
10-01 23:23:23.350 1469 1868 I EthernetTracker: maybeTrackInterface sit0
10-01 23:23:23.350 558 558 D PermissionCache: checking android.permission.CAPTURE_AUDIO_HOTWORD for uid=1000 => granted (130 us)
10-01 23:23:23.352 1469 1469 D ContextHubSystemService: onBootPhase: PHASE_SYSTEM_SERVICES_READY
10-01 23:23:23.353 1469 1469 I SystemServer: MakeWindowManagerServiceReady
10-01 23:23:23.355 1469 1469 I android_os_HwBinder: HwBinder: Starting thread pool for default::[email protected]::ISurfaceFlingerConfigs
10-01 23:23:23.356 1469 1469 I SystemServer: MakePowerManagerServiceReady
10-01 23:23:23.349 540 540 I [email protected]: type=1400 audit(0.0:755): avc: denied { write } for name="enable_dt2w" dev="sysfs" ino=27347 scontext=u:r:init:s0 tcontext=u:object_r:sysfs:s0 tclass=file permissive=1
10-01 23:23:23.367 1469 1606 W KeyguardServiceDelegate: onScreenTurningOn(): no keyguard service!
10-01 23:23:23.370 1469 1469 I SystemServer: MakePackageManagerServiceReady
10-01 23:23:23.375 1469 1782 D WifiController: WifiController msg { when=-38ms what=155656 target=com.android.internal.util.StateMachine$SmHandler } deferred for 500ms
10-01 23:23:23.375 1469 1783 D WifiStateMachinePrime: received a message in WifiDisabledState: { when=0 what=3 target=com.android.internal.util.StateMachine$SmHandler }
10-01 23:23:23.375 1469 1783 D WifiStateMachinePrime: Switching from WifiDisabledState to WifiDisabled
10-01 23:23:23.375 1469 1783 D WifiStateMachinePrime: Entering WifiDisabledState
10-01 23:23:23.375 1469 1783 D ActiveModeManager: sending scan available broadcast: false
10-01 23:23:23.386 1469 1610 W DefaultPermGrantPolicy: Unknown package:com.google.android.apps.gcs
10-01 23:23:23.386 1469 1610 W DefaultPermGrantPolicy: Unknown package:com.google.android.contacts
10-01 23:23:23.386 1469 1610 W DefaultPermGrantPolicy: Unknown package:com.google.android.dialer
10-01 23:23:23.386 1469 1610 W DefaultPermGrantPolicy: Unknown package:com.google.android.googlequicksearchbar
10-01 23:23:23.387 1469 1610 W DefaultPermGrantPolicy: Unknown package:com.google.android.gsf.login
10-01 23:23:23.387 1469 1610 W DefaultPermGrantPolicy: Unknown package:com.google.android.syncadapters.calendar
10-01 23:23:23.387 1469 1610 W DefaultPermGrantPolicy: Unknown package:com.google.android.talk
10-01 23:23:23.388 1469 1610 W DefaultPermGrantPolicy: Unknown package:com.google.android.apps.restore
10-01 23:23:23.388 1469 1610 W DefaultPermGrantPolicy: Unknown package:com.verizon.mips.services
10-01 23:23:23.388 1469 1610 W DefaultPermGrantPolicy: Unknown package:com.google.intelligence.sense
10-01 23:23:23.388 1469 1610 W DefaultPermGrantPolicy: Unknown package:com.qualcomm.ltebc_vzw
10-01 23:23:23.388 1469 1610 W DefaultPermGrantPolicy: Unknown package:com.google.vr.apps.ornament
10-01 23:23:23.388 1469 1610 W DefaultPermGrantPolicy: Unknown package:com.google.android.apps.miphone.aiai
10-01 23:23:23.389 1469 1610 W DefaultPermGrantPolicy: Unknown package:com.google.android.settings.intelligence
10-01 23:23:23.390 1469 1469 V UserDataPreparer: Found /data/user_de/0 with serial number 0
10-01 23:23:23.391 1469 1469 V UserDataPreparer: Found /data/user/0 with serial number 0
10-01 23:23:23.391 1469 1469 V UserDataPreparer: Found /data/system_de/0 with serial number 0
10-01 23:23:23.391 1469 1469 V UserDataPreparer: Found /data/system_ce/0 with serial number 0
10-01 23:23:23.391 1469 1469 V UserDataPreparer: Found /data/misc_ce/0 with serial number 0
10-01 23:23:23.393 1469 1469 I SystemServer: MakeDisplayManagerServiceReady
10-01 23:23:23.393 1469 1469 I SystemServer: StartDeviceSpecificServices
10-01 23:23:23.393 1469 1469 I SystemServer: StartBootPhaseDeviceSpecificServicesReady
10-01 23:23:23.394 1469 1469 I SystemServiceManager: Starting phase 520
10-01 23:23:23.394 1469 1469 W UsageStatsService: Event reported without a package name
10-01 23:23:23.398 1469 1469 I ActivityManager: System now ready
10-01 23:23:23.400 1469 1469 I ActivityManager: Config changes=104 {1.0 ?mcc?mnc [en_DE,de_DE] ldltr sw360dp w360dp h616dp 480dpi nrml long port finger -keyb/v/h -nav/h winConfig={ mBounds=Rect(0, 0 - 0, 0) mAppBounds=Rect(0, 0 - 1080, 1920) mWindowingMode=fullscreen mActivityType=undefined} s.6}
10-01 23:23:23.420 1469 1469 I ActivityManager: Override config changes=104 {1.0 ?mcc?mnc [en_DE,de_DE] ldltr sw360dp w360dp h616dp 480dpi nrml long port finger -keyb/v/h -nav/h winConfig={ mBounds=Rect(0, 0 - 1080, 1920) mAppBounds=Rect(0, 0 - 1080, 1920) mWindowingMode=fullscreen mActivityType=undefined} s.6} for displayId=0
10-01 23:23:23.423 1469 1604 I ActivityManager: Config changes=100 {1.0 ?mcc?mnc [en_DE,de_DE] ldltr sw360dp w360dp h616dp 480dpi nrml long port finger -keyb/v/h -nav/h winConfig={ mBounds=Rect(0, 0 - 0, 0) mAppBounds=Rect(0, 0 - 1080, 1920) mWindowingMode=fullscreen mActivityType=undefined} s.7}
10-01 23:23:23.424 1469 1604 I ActivityManager: Override config changes=100 {1.0 ?mcc?mnc [en_DE,de_DE] ldltr sw360dp w360dp h616dp 480dpi nrml long port finger -keyb/v/h -nav/h winConfig={ mBounds=Rect(0, 0 - 1080, 1920) mAppBounds=Rect(0, 0 - 1080, 1920) mWindowingMode=fullscreen mActivityType=undefined} s.7} for displayId=0
10-01 23:23:23.427 1469 1469 I SystemServer: Making services ready
10-01 23:23:23.427 1469 1469 I SystemServer: StartActivityManagerReadyPhase
10-01 23:23:23.427 1469 1469 I SystemServiceManager: Starting phase 550
10-01 23:23:23.430 1469 1469 W ActivityManager: Too early to start/bind service in system_server: Phase=550 ComponentInfo{com.android.server.telecom/com.android.server.telecom.components.Tele comService}
10-01 23:23:23.650 582 630 W cutils : Expected path /data/data/com.google.android.gms with mode 700 but found 711
10-01 23:23:23.651 582 630 W cutils : Expected path /data/user_de/0/com.google.android.gms with mode 700 but found 711
10-01 23:23:23.653 582 630 W cutils : Expected path /data/data/com.google.android.gms with mode 700 but found 711
10-01 23:23:23.654 582 630 W cutils : Expected path /data/user_de/0/com.google.android.gms with mode 700 but found 711
10-01 23:23:23.430 1469 1469 W ActivityManager: Too early to start/bind service in system_server: Phase=550 ComponentInfo{com.android.server.telecom/com.android.server.telecom.components.Tele comService}
10-01 23:23:23.683 1469 1469 W SystemServiceManager: Service com.android.server.content.ContentService$Lifecycle took 253 ms in onBootPhase
10-01 23:23:23.683 1469 1469 D BluetoothManagerService: Bluetooth boot completed
10-01 23:23:23.684 1469 1469 D BluetoothManagerService: Auto-enabling Bluetooth.
10-01 23:23:23.684 1469 1603 D BluetoothManagerService: MESSAGE_ENABLE(0): mBluetooth = null
10-01 23:23:23.679 1010 1010 I BootAnimation: type=1400 audit(0.0:758): avc: denied { ioctl } for path="/dev/kgsl-3d0" dev="tmpfs" ino=4527 ioctlcmd=94a scontext=u:r:bootanim:s0 tcontext=u:object_r:device:s0 tclass=chr_file permissive=1
10-01 23:23:23.696 1873 1873 I Zygote : seccomp disabled by setenforce 0
10-01 23:23:23.697 1469 1588 I ActivityManager: Start proc 1873:com.android.bluetooth/1002 for service com.android.bluetooth/.btservice.AdapterService
10-01 23:23:23.706 1873 1873 E droid.bluetoot: Not starting debugger since process cannot load the jdwp agent.
10-01 23:23:23.706 1253 1841 E Diag_Lib: [IMS_FATAL]| 1841 | ims_qmi_register_client : Failed
10-01 23:23:23.706 1253 1841 E Diag_Lib: [IMS_FATAL]| 1841 | ims_qmi_register_client : Failed
10-01 23:23:23.749 1010 1010 I BootAnimation: type=1400 audit(0.0:759): avc: denied { read write } for path="/dev/kgsl-3d0" dev="tmpfs" ino=4527 scontext=u:r:bootanim:s0 tcontext=u:object_r:device:s0 tclass=chr_file permissive=1
10-01 23:23:23.820 1469 1469 W SystemServiceManager: Service com.android.server.InputMethodManagerService$Lifecycle took 134 ms in onBootPhase
10-01 23:23:23.820 1469 1774 D StorageManagerService: Thinking about init, mSystemReady=true, mDaemonConnected=true
10-01 23:23:23.820 1469 1774 D StorageManagerService: Setting up emulation state, initlocked=false
10-01 23:23:23.821 470 479 D vold : e4crypt_unlock_user_key 0 serial=0 token_present=0
10-01 23:23:23.821 1469 1774 D StorageManagerService: Thinking about reset, mSystemReady=true, mDaemonConnected=true
10-01 23:23:23.822 1469 1586 I ActivityManager: Force stopping com.android.providers.media appid=10015 user=-1: vold reset
10-01 23:23:23.823 1469 1799 V StorageManagerService: Found primary storage at VolumeInfo{emulated}:
10-01 23:23:23.823 1469 1799 V StorageManagerService: type=EMULATED diskId=null partGuid= mountFlags=0 mountUserId=-1
10-01 23:23:23.823 1469 1799 V StorageManagerService: state=UNMOUNTED
10-01 23:23:23.823 1469 1799 V StorageManagerService: fsType=null fsUuid=null fsLabel=null
10-01 23:23:23.823 1469 1799 V StorageManagerService: path=null internalPath=null
10-01 23:23:23.825 470 479 V vold : Waiting for FUSE to spin up...
10-01 23:23:23.830 1890 1890 I Zygote : seccomp disabled by setenforce 0
10-01 23:23:23.831 1469 1588 I ActivityManager: Start proc 1890:com.android.inputmethod.latin/u0a111 for service com.android.inputmethod.latin/.LatinIME
10-01 23:23:23.833 1469 1469 I WallpaperManagerService: No static wallpaper imagery; defaults will be shown
10-01 23:23:23.835 1890 1890 E putmethod.lati: Not starting debugger since process cannot load the jdwp agent.
10-01 23:23:23.838 527 527 D audio_hw_primary: adev_set_parameters: enter: A2dpSuspended=false
10-01 23:23:23.838 527 527 D audio_hw_extn: audio_extn_set_anc_parameters: anc_enabled:0
10-01 23:23:23.839 1469 1797 I AudioService: setBluetoothScoOnInt: false resetBluetoothSco
10-01 23:23:23.840 1469 1469 I SystemServer: StartObservingNativeCrashes
10-01 23:23:23.840 1469 1730 I UsbPortManager: ClientCallback: otg_default
10-01 23:23:23.840 1469 1469 I SystemServer: StartSystemUI
10-01 23:23:23.840 1469 1729 I SystemServer: WebViewFactoryPreparation
10-01 23:23:23.841 1469 1602 I UsbPortManager: USB port added: port=UsbPort{id=otg_default, supportedModes=ufp}, status=UsbPortStatus{connected=true, currentMode=ufp, currentPowerRole=sink, currentDataRole=device, supportedRoleCombinations=[sink:device]}, canChangeMode=false, canChangePowerRole=false, canChangeDataRole=false
10-01 23:23:23.841 527 527 D audio_hw_primary: adev_set_parameters: enter: BT_SCO=off
10-01 23:23:23.841 527 527 D audio_hw_extn: audio_extn_set_anc_parameters: anc_enabled:0
10-01 23:23:23.843 1469 1469 I SystemServer: MakeNetworkManagementServiceReady
10-01 23:23:23.843 1469 1469 D NetworkManagement: enabling bandwidth control
10-01 23:23:23.846 1469 1797 D BluetoothManagerService: Creating new ProfileServiceConnections object for profile: 1
10-01 23:23:23.850 1889 1889 W sdcard : Device explicitly enabled sdcardfs
10-01 23:23:23.853 1469 1729 D WebViewLibraryLoader: Setting new address space to 147551200
10-01 23:23:23.854 1469 1797 E BluetoothHearingAid: Could not bind to Bluetooth Hearing Aid Service with Intent { act=android.bluetooth.IBluetoothHearingAid }
10-01 23:23:23.855 558 1067 I AudioFlinger: systemReady
10-01 23:23:23.856 1907 1907 I Zygote : seccomp disabled by setenforce 0
10-01 23:23:23.858 1469 1588 I ActivityManager: Start proc 1907:com.android.systemui/u0a33 for service com.android.systemui/.SystemUIService
10-01 23:23:23.867 1907 1907 E ndroid.systemu: Not starting debugger since process cannot load the jdwp agent.
10-01 23:23:23.868 1469 1469 W NetworkManagement: setDataSaverMode(): already false
10-01 23:23:23.869 1469 1469 I SystemServer: MakeIpSecServiceReady
10-01 23:23:23.871 1469 1469 D IpSecService: IpSecService is ready
10-01 23:23:23.871 1469 1469 I SystemServer: MakeNetworkStatsServiceReady
10-01 23:23:23.872 1469 1591 E BatteryExternalStatsWorker: no controller energy info supplied for wifi
10-01 23:23:23.872 1469 1591 E BatteryExternalStatsWorker: no controller energy info supplied for telephony
10-01 23:23:23.878 585 758 W MediaExtractorFactory: couldn't dlopen(/system/lib64/extractors/..) Is a directory
10-01 23:23:23.880 1469 1779 W NetworkPolicy: setRestrictBackgroundUL: already false
10-01 23:23:23.881 1469 1782 D WifiController: DEFERRED_TOGGLE handled
10-01 23:23:23.881 1469 1782 D WifiController: StaEnabledState.enter()
10-01 23:23:23.881 1469 1783 D WifiStateMachinePrime: received a message in WifiDisabledState: { when=0 what=0 target=com.android.internal.util.StateMachine$SmHandler }
10-01 23:23:23.882 1469 1783 D WifiStateMachinePrime: Switching from WifiDisabledState to ClientMode
10-01 23:23:23.882 1469 1783 D WifiStateMachinePrime: Entering ClientModeActiveState
10-01 23:23:23.883 1469 1783 D WifiClientModeManager: entering IdleState
10-01 23:23:23.883 1469 1783 D WifiStateMachinePrime: State changed from client mode. state = 2
10-01 23:23:23.885 1469 1469 W BestClock: java.time.DateTimeException: Missing NTP fix
10-01 23:23:23.888 1873 1873 V AdapterServiceConfig: Adding HeadsetService
10-01 23:23:23.889 1873 1873 V AdapterServiceConfig: Adding A2dpService
10-01 23:23:23.889 1873 1873 V AdapterServiceConfig: Adding HidHostService
10-01 23:23:23.889 1873 1873 V AdapterServiceConfig: Adding HealthService
10-01 23:23:23.890 1873 1873 V AdapterServiceConfig: Adding PanService
10-01 23:23:23.890 1873 1873 V AdapterServiceConfig: Adding GattService
10-01 23:23:23.890 1873 1873 V AdapterServiceConfig: Adding BluetoothMapService
10-01 23:23:23.890 1873 1873 V AdapterServiceConfig: Adding HeadsetClientService
10-01 23:23:23.890 1873 1873 V AdapterServiceConfig: Adding AvrcpTargetService
10-01 23:23:23.890 1873 1873 V AdapterServiceConfig: Adding HidDeviceService
10-01 23:23:23.890 1873 1873 V AdapterServiceConfig: Adding BluetoothOppService
10-01 23:23:23.890 1873 1873 V AdapterServiceConfig: Adding BluetoothPbapService
10-01 23:23:23.890 546 546 I [email protected]: Wifi HAL started
10-01 23:23:23.892 1469 1783 I WifiVendorHal: Vendor Hal started successfully
10-01 23:23:23.893 1469 1787 I WifiP2pNative: Registering for interface available listener
10-01 23:23:23.901 1469 1783 I android_os_HwBinder: HwBinder: Starting thread pool for default::[email protected]::IServiceManager
10-01 23:23:23.906 1469 1469 I SystemServer: MakeConnectivityServiceReady
10-01 23:23:23.908 1469 1469 D PermissionMonitor: Monitoring
10-01 23:23:23.908 1469 1868 D Ethernet: got request NetworkRequest [ BACKGROUND_REQUEST id=2, [ Transports: CELLULAR Capabilities: INTERNET&NOT_RESTRICTED&TRUSTED&NOT_VPN Unwanted: ] ] with score 0
10-01 23:23:23.909 585 758 W MediaExtractorFactory: couldn't dlopen(/system/lib64/extractors/.) Is a directory
10-01 23:23:23.910 1469 1787 D WifiP2pNative: P2P InterfaceAvailableListener true
10-01 23:23:23.910 1469 1787 D WifiP2pService: Wifi enabled=false, P2P Interface availability=true, Number of clients=0
10-01 23:23:23.910 1469 1787 D WifiP2pService: Wifi enabled=false, P2P Interface availability=true
10-01 23:23:23.918 585 758 E MediaExtractorFactory: couldn't opendir(/vendor/lib64/extractors)
10-01 23:23:23.918 1469 1469 D PermissionMonitor: Users: 1, Apps: 154
10-01 23:23:23.922 1469 1779 W BestClock: java.time.DateTimeException: Missing NTP fix
10-01 23:23:23.932 1469 1469 I SystemServer: MakeNetworkPolicyServiceReady
10-01 23:23:23.942 1469 1694 I PackageManager: Deferred reconcileAppsData finished 202 packages
10-01 23:23:23.960 587 759 D StagefrightPluginLoader: Failed to load library: libstagefright_ccodec.so (dlopen failed: library "libstagefright_ccodec.so" not found)
10-01 23:23:23.961 587 759 D StagefrightPluginLoader: Handle or CreateInputSurface symbol is null
10-01 23:23:23.961 587 759 D StagefrightPluginLoader: Handle or CreateBuilder symbol is null
10-01 23:23:23.966 587 759 I OMXClient: IOmx service obtained
10-01 23:23:23.966 1933 1933 I Zygote : seccomp disabled by setenforce 0
10-01 23:23:23.966 591 591 I OMXMaster: makeComponentInstance(OMX.google.aac.decoder) in [email protected] process
10-01 23:23:23.967 1469 1588 W ActivityManager: Slow operation: 104ms so far, now at startProcess: returned from zygote!
10-01 23:23:23.967 1469 1588 W ActivityManager: Slow operation: 105ms so far, now at startProcess: done updating battery stats
10-01 23:23:23.967 1469 1588 W ActivityManager: Slow operation: 105ms so far, now at startProcess: building log message
10-01 23:23:23.967 1469 1588 I ActivityManager: Start proc 1933:WebViewLoader- armeabi-v7a/1037 [android.webkit.WebViewLibraryLoader$RelroFileCreator] for
10-01 23:23:23.967 1469 1588 W ActivityManager: Slow operation: 105ms so far, now at startProcess: starting to update pids map
10-01 23:23:23.967 1469 1588 W ActivityManager: Slow operation: 105ms so far, now at startProcess: done updating pids map
10-01 23:23:23.967 1469 1588 W ActivityManager: Slow operation: 105ms so far, now at startProcess: asking zygote to start proc
10-01 23:23:23.973 1873 1873 I : [1001/232323.973550:INFO:com_android_bluetooth_btservice_AdapterService.cpp(630)] hal_util_load_bt_library loaded HAL: btinterface=0x77177a4f60, handle=0x68ff517665c6df13
10-01 23:23:23.973 1873 1873 D BluetoothAdapterService: onCreate()
10-01 23:23:23.976 1873 1873 D AdapterState: make() - Creating AdapterState
10-01 23:23:23.977 1873 1873 I bt_btif : init
10-01 23:23:23.977 1873 1940 I AdapterState: OFF : entered
10-01 23:23:23.977 1873 1940 D AdapterProperties: Setting state to OFF
10-01 23:23:23.977 1873 1873 D bt_osi_allocation_tracker: canary initialized
10-01 23:23:23.977 1873 1942 I bt_osi_thread: run_thread: thread id 1942, thread name stack_manager started
10-01 23:23:23.977 1873 1942 I bt_stack_manager: event_init_stack is initializing the stack
10-01 23:23:23.981 1873 1947 I bt_osi_thread: run_thread: thread id 1947, thread name alarm_default_ca started
10-01 23:23:23.981 587 759 I OMXClient: IOmx service obtained
10-01 23:23:23.981 1873 1949 I bt_osi_thread: run_thread: thread id 1949, thread name alarm_dispatcher started
10-01 23:23:23.982 591 591 I OMXMaster: makeComponentInstance(OMX.google.amrnb.decoder) in [email protected] process
10-01 23:23:23.982 1944 1944 I Zygote : seccomp disabled by setenforce 0
10-01 23:23:23.983 1873 1942 I bt_btif_core: btif_init_bluetooth entered
10-01 23:23:23.983 1933 1933 E WebViewLoader-: Not starting debugger since process cannot load the jdwp agent.
10-01 23:23:23.983 1873 1942 I bt_stack_config: init attempt to load stack conf from /etc/bluetooth/bt_stack.conf
10-01 23:23:23.987 1890 1890 I LatinIME: Hardware accelerated drawing: true
10-01 23:23:23.991 1469 1919 W ZygoteProcess: Got error connecting to zygote, retrying. msg= Connection refused
10-01 23:23:23.992 1944 1944 I WebViewZygoteInit: Starting WebViewZygoteInit
10-01 23:23:23.992 1944 1944 I WebViewZygoteInit: --zygote- socket=com.android.internal.os.WebViewZygoteInit/bb0a84b8-4ef1-4390-a7af- 66bcc866cc19
10-01 23:23:23.993 1873 1966 I bt_osi_thread: run_thread: thread id 1966, thread name bt_jni_workqueue started
10-01 23:23:23.993 1873 1942 I bt_btif_core: btif_init_bluetooth finished
10-01 23:23:23.993 1873 1942 I bt_stack_manager: event_init_stack finished
10-01 23:23:23.993 1873 1966 I bt_btif_core: run_message_loop entered
10-01 23:23:23.993 1873 1873 I bt_osi_wakelock: wakelock_set_os_callouts set to non-native
10-01 23:23:23.993 1873 1873 I bt_btif : get_profile_interface: id = socket
10-01 23:23:23.995 587 759 I OMXClient: IOmx service obtained
10-01 23:23:23.995 591 591 I OMXMaster: makeComponentInstance(OMX.google.amrwb.decoder) in [email protected] process
10-01 23:23:23.998 1873 1966 E bt_btif_storage: btif_storage_get_adapter_property: Controller not ready! Unable to return Bluetooth Address
10-01 23:23:23.998 1873 1966 E BluetoothServiceJni: adapter_properties_callback: Status 1 is incorrect
10-01 23:23:23.999 1873 1873 I bt_btif : get_profile_interface: id = sdp
10-01 23:23:24.000 1933 1933 V WebViewLibraryLoader: RelroFileCreator (64bit = false), lib: /system/app/webview/webview.apk!/lib/armeabi-v7a/libwebviewchromium.so
10-01 23:23:24.001 1873 1966 D AdapterProperties: Name is: Redmi Note 4
10-01 23:23:24.001 1873 1966 D AdapterProperties: BT Class:5a020c
10-01 23:23:24.001 587 759 I OMXClient: IOmx service obtained
10-01 23:23:24.002 591 591 I OMXMaster: makeComponentInstance(OMX.google.flac.decoder) in [email protected] process
10-01 23:23:24.004 1970 1970 I Zygote : seccomp disabled by setenforce 0
10-01 23:23:24.006 1469 1588 W ActivityManager: Slow operation: 144ms so far, now at startProcess: returned from zygote!
10-01 23:23:24.006 1469 1588 W ActivityManager: Slow operation: 144ms so far, now at startProcess: done updating battery stats
10-01 23:23:24.006 1469 1588 W ActivityManager: Slow operation: 144ms so far, now at startProcess: building log message
10-01 23:23:24.006 1926 1926 D wpa_supplicant: wpa_supplicant v2.7-devel-9
10-01 23:23:24.006 1469 1588 I ActivityManager: Start proc 1970:WebViewLoader- arm64-v8a/1037 [android.webkit.WebViewLibraryLoader$RelroFileCreator] for
10-01 23:23:24.006 1926 1926 D wpa_supplicant: Global control interface '@android:wpa_wlan0'
10-01 23:23:24.007 1926 1926 D wpa_supplicant: Using Android control socket 'wpa_wlan0'
10-01 23:23:24.007 1926 1926 D wpa_supplicant: Initing hidl control
10-01 23:23:24.007 1469 1588 W ActivityManager: Slow operation: 144ms so far, now at startProcess: starting to update pids map
10-01 23:23:24.007 1469 1588 W ActivityManager: Slow operation: 145ms so far, now at startProcess: done updating pids map
10-01 23:23:24.007 1926 1926 I wpa_supplicant: Processing hidl events on FD 4
10-01 23:23:24.008 1970 1970 E WebViewLoader-: Not starting debugger since process cannot load the jdwp agent.
10-01 23:23:24.009 1926 1926 I wpa_supplicant: Successfully initialized wpa_supplicant
10-01 23:23:24.009 1873 1873 I BluetoothAdapterService: Phone policy enabled
10-01 23:23:24.011 1873 1873 D BluetoothActiveDeviceManager: start()
10-01 23:23:24.012 587 759 I OMXClient: IOmx service obtained
10-01 23:23:24.013 591 591 I OMXMaster: makeComponentInstance(OMX.google.g711.alaw.decoder) in [email protected] process
10-01 23:23:24.017 1469 1730 I android_os_HwBinder: HwBinder: Starting thread pool for default::[email protected]::ISupplicant
10-01 23:23:24.018 1469 1730 I SupplicantStaIfaceHal: Completed initialization of ISupplicant.
10-01 23:23:24.018 1873 1873 D BluetoothAdapterService: setAdapterService() - trying to set service to com.android.bluetooth.btservice.AdapterService@142fe34
10-01 23:23:24.019 1873 1982 D BluetoothActiveDeviceManager: onAudioDevicesAdded
10-01 23:23:24.019 1873 1982 D BluetoothActiveDeviceManager: Audio device added: Redmi Note 4 type: 1
10-01 23:23:24.019 1873 1982 D BluetoothActiveDeviceManager: Audio device added: Redmi Note 4 type: 2
10-01 23:23:24.019 1873 1982 D BluetoothActiveDeviceManager: Audio device added: Redmi Note 4 type: 18
10-01 23:23:24.019 1873 1982 D BluetoothActiveDeviceManager: Audio device added: Redmi Note 4 type: 15
10-01 23:23:24.019 1873 1982 D BluetoothActiveDeviceManager: Audio device added: Redmi Note 4 type: 15
10-01 23:23:24.019 1873 1982 D BluetoothActiveDeviceManager: Audio device added: Redmi Note 4 type: 16
10-01 23:23:24.019 1873 1982 D BluetoothActiveDeviceManager: Audio device added: Redmi Note 4 type: 18
10-01 23:23:24.021 587 759 I OMXClient: IOmx service obtained
10-01 23:23:24.021 591 591 I OMXMaster: makeComponentInstance(OMX.google.g711.mlaw.decoder) in [email protected] process
10-01 23:23:24.021 1970 1970 V WebViewLibraryLoader: RelroFileCreator (64bit = true), lib: /system/app/webview/webview.apk!/lib/arm64-v8a/libwebviewchromium.so
10-01 23:23:24.021 1873 1873 D BluetoothAdapterService: onBind()
10-01 23:23:24.023 587 759 I OMXClient: IOmx service obtained
10-01 23:23:24.023 591 591 I OMXMaster: makeComponentInstance(OMX.google.gsm.decoder) in [email protected] process
10-01 23:23:24.029 587 759 I OMXClient: IOmx service obtained
10-01 23:23:24.030 591 591 I OMXMaster: makeComponentInstance(OMX.google.mp3.decoder) in [email protected] process
10-01 23:23:24.037 587 759 I OMXClient: IOmx service obtained
10-01 23:23:24.037 591 591 I OMXMaster: makeComponentInstance(OMX.google.opus.decoder) in [email protected] process
10-01 23:23:24.059 587 759 I OMXClient: IOmx service obtained
10-01 23:23:24.059 591 591 I OMXMaster: makeComponentInstance(OMX.google.raw.decoder) in [email protected] process
10-01 23:23:24.067 587 759 I OMXClient: IOmx service obtained
10-01 23:23:24.067 591 591 I OMXMaster: makeComponentInstance(OMX.google.vorbis.decoder) in [email protected] process
10-01 23:23:24.081 1933 1933 I WebViewLoader-: System.exit called, status: 0
10-01 23:23:24.081 1933 1933 I AndroidRuntime: VM exiting with result code 0, cleanup skipped.
10-01 23:23:24.087 587 759 I OMXClient: IOmx service obtained
10-01 23:23:24.088 591 591 I OMXMaster: makeComponentInstance(OMX.google.aac.encoder) in [email protected] process
10-01 23:23:24.090 1469 1469 I SystemServer: StartWatchdog
10-01 23:23:24.091 1469 1469 I SystemServer: PhaseThirdPartyAppsCanStart
10-01 23:23:24.091 1469 1469 I SystemServiceManager: Starting phase 600
10-01 23:23:24.091 1469 1799 I ActivityManager: Process WebViewLoader-armeabi-v7a (pid 1933) has died: psvc PER
10-01 23:23:24.091 519 519 I Zygote : Process 1933 exited cleanly (0)
10-01 23:23:24.091 1469 1589 W libprocessgroup: kill(-1933, 9) failed: No such process
10-01 23:23:24.091 1469 1589 I libprocessgroup: Successfully killed process cgroup uid 1037 pid 1933 in 0ms
10-01 23:23:24.096 1469 1469 V WallpaperManagerService: bindWallpaperComponentLocked: componentName=ComponentInfo{com.google.android.apps.wallpaper/com.google.android.ap ps.wallpaper.module.NoBackupImageWallpaper}
10-01 23:23:24.096 1469 1469 W WallpaperManagerService: Attempted wallpaper ComponentInfo{com.google.android.apps.wallpaper/com.google.android.apps.wallpaper.m odule.NoBackupImageWallpaper} is unavailable
10-01 23:23:24.096 1469 1469 W WallpaperManagerService: Wallpaper isn't direct boot aware; using fallback until unlocked
10-01 23:23:24.103 587 759 I OMXClient: IOmx service obtained
10-01 23:23:24.103 591 591 I OMXMaster: makeComponentInstance(OMX.google.amrnb.encoder) in [email protected] process
10-01 23:23:24.106 1907 1907 W AlarmManager: Unrecognized alarm listener com.android.systemui.keyguard.-$ $Lambda$KeyguardSliceProvider$IhzByd8TsqFuOrSyuGurVskyPLo@e25a92b
10-01 23:23:24.115 587 759 I OMXClient: IOmx service obtained
10-01 23:23:24.115 591 618 I OMXMaster: makeComponentInstance(OMX.google.amrwb.encoder) in [email protected] process
10-01 23:23:24.128 587 759 I OMXClient: IOmx service obtained
10-01 23:23:24.128 591 618 I OMXMaster: makeComponentInstance(OMX.google.flac.encoder) in [email protected] process
10-01 23:23:24.138 587 759 I OMXClient: IOmx service obtained
10-01 23:23:24.139 591 591 I OMXMaster: makeComponentInstance(OMX.qcom.video.decoder.avc) in [email protected] process
10-01 23:23:24.155 1907 1907 V SystemUIService: Starting SystemUI services for user 0.
10-01 23:23:24.161 466 466 E SELinux : avc: denied { find } for interface=vendor.qti.hardware.perf::IPerf pid=591 scontext=u:r:mediacodec:s0 tcontext=u:object_r:default_android_hwservice:s0 tclass=hwservice_manager permissive=1
10-01 23:23:24.162 591 591 I OMX-VDEC-1080P: Video slvp perflock acquired
10-01 23:23:24.165 1970 1970 I WebViewLoader-: System.exit called, status: 0
10-01 23:23:24.165 1970 1970 I AndroidRuntime: VM exiting with result code 0, cleanup skipped.
10-01 23:23:24.174 1907 1907 V MediaRouter: Adding route: RouteInfo{ name=Phone, description=null, status=null, category=RouteCategory{ name=System types=ROUTE_TYPE_LIVE_AUDIO ROUTE_TYPE_LIVE_VIDEO groupable=false }, supportedTypes=ROUTE_TYPE_LIVE_AUDIO ROUTE_TYPE_LIVE_VIDEO , presentationDisplay=null }
10-01 23:23:24.176 1907 1907 V MediaRouter: Selecting route: RouteInfo{ name=Phone, description=null, status=null, category=RouteCategory{ name=System types=ROUTE_TYPE_LIVE_AUDIO ROUTE_TYPE_LIVE_VIDEO groupable=false }, supportedTypes=ROUTE_TYPE_LIVE_AUDIO ROUTE_TYPE_LIVE_VIDEO , presentationDisplay=null }
10-01 23:23:24.176 1469 1469 V WallpaperManagerService: bindWallpaperComponentLocked: componentName=ComponentInfo{com.android.systemui/com.android.systemui.ImageWallpape r}
10-01 23:23:24.177 518 518 I Zygote : Process 1970 exited cleanly (0)
10-01 23:23:24.177 1469 1510 I ActivityManager: Process WebViewLoader-arm64-v8a (pid 1970) has died: psvc PER
10-01 23:23:24.177 1469 1589 W libprocessgroup: kill(-1970, 9) failed: No such process
10-01 23:23:24.177 1469 1589 I libprocessgroup: Successfully killed process cgroup uid 1037 pid 1970 in 0ms
10-01 23:23:24.181 1469 1469 W SystemServiceManager: Service com.android.server.wallpaper.WallpaperManagerService$Lifecycle took 86 ms in onBootPhase
10-01 23:23:24.199 1890 1890 W InputAttributes: No editor info for this field. Bug?
10-01 23:23:24.214 1907 1907 W SoundPool: Use of stream types is deprecated for operations other than volume control
10-01 23:23:24.215 1907 1907 W SoundPool: See the documentation of SoundPool() for what to use instead with android.media.AudioAttributes to qualify your playback use case
10-01 23:23:24.216 1890 2029 I LatinIME:LogUtils: Dictionary info: dictionary = UserHistoryDictionary.en_US ; version = 1538429004 ; date = ?
10-01 23:23:24.217 1890 2029 I LatinIME:LogUtils: Dictionary info: dictionary = userunigram.en_US ; version = 1538429004 ; date = ?
10-01 23:23:24.222 1907 1907 D OpenGLRenderer: Skia GL Pipeline
10-01 23:23:24.236 1469 1888 W ActivityManager: Unable to start service Intent { act=android.intent.action.QUICKSTEP_SERVICE pkg=com.android.launcher3 } U=0: not found
10-01 23:23:24.236 1907 1907 W OverviewProxyService: Failed to connect on attempt 1 will try again in 5000ms
10-01 23:23:24.252 591 591 I OMX-VDEC-1080P: component_init: OMX.qcom.video.decoder.avc : fd=7
10-01 23:23:24.257 591 591 I OMX-VDEC-1080P: omx_vdec::component_init() success : fd=7
10-01 23:23:24.259 591 591 E OMXNodeInstance: getParameter(0xe9b08484:qcom.decoder.avc, ??(0x7f000044)) ERROR: UnsupportedSetting(0x80001019)
10-01 23:23:24.259 591 591 E OMXNodeInstance: getParameter(0xe9b08484:qcom.decoder.avc, ??(0x7f000044)) ERROR: UnsupportedSetting(0x80001019)
10-01 23:23:24.259 591 591 E OMXNodeInstance: getExtensionIndex(0xe9b08484:qcom.decoder.avc, OMX.google.android.index.configureVideoTunnelMode) ERROR: NotImplemented(0x80001006)
10-01 23:23:24.260 591 591 E OMX-VDEC-1080P: Enable/Disable allocate-native- handle allowed only on input port!
10-01 23:23:24.260 591 591 E OMX-VDEC-1080P: set_parameter: Error: 0x80001019, setting param 0x7f00005d
10-01 23:23:24.260 591 591 E OMXNodeInstance: setParameter(0xe9b08484:qcom.decoder.avc, OMX.google.android.index.allocateNativeHandle(0x7f00005d): Output:1 en=0) ERROR: UnsupportedSetting(0x80001019)
10-01 23:23:24.260 591 591 I OMX-VDEC-1080P: omx_vdec::component_deinit() complete
10-01 23:23:24.260 1890 2029 I LatinIME:LogUtils: Dictionary info: dictionary = main:en ; version = 54 ; date = 1414726273
10-01 23:23:24.262 1469 1469 W SystemServiceManager: Service com.android.server.trust.TrustManagerService took 79 ms in onBootPhase
10-01 23:23:24.262 591 591 I OMX-VDEC-1080P: Exit OMX vdec Destructor: fd=7
10-01 23:23:24.262 591 591 I OMX-VDEC-1080P: Video slvp perflock released
10-01 23:23:24.264 1907 1907 I vol.Events: writeEvent collection_started
10-01 23:23:24.264 587 759 I OMXClient: IOmx service obtained
10-01 23:23:24.265 591 618 I OMXMaster: makeComponentInstance(OMX.qcom.video.decoder.avc.secure) in [email protected] process
10-01 23:23:24.271 591 618 I OMX-VDEC-1080P: Video slvp perflock acquired
10-01 23:23:24.271 591 618 I OMX-VDEC-1080P: component_init: OMX.qcom.video.decoder.avc : fd=7
10-01 23:23:24.271 1907 2043 I vol.Events: writeEvent external_ringer_mode_changed vibrate
10-01 23:23:24.271 1907 2043 I vol.Events: writeEvent internal_ringer_mode_changed vibrate
10-01 23:23:24.277 591 618 I OMX-VDEC-1080P: omx_vdec::component_init() success : fd=7
10-01 23:23:24.277 1469 1469 I StatsCompanionService: Told statsd that StatsCompanionService is alive.
10-01 23:23:24.278 1469 1469 I SystemServer: MakeLocationServiceReady
10-01 23:23:24.279 591 618 E OMXNodeInstance: getParameter(0xe9b17ac4:qcom.decoder.avc.secure, ??(0x7f000044)) ERROR: UnsupportedSetting(0x80001019)
10-01 23:23:24.279 591 618 E OMXNodeInstance: getParameter(0xe9b17ac4:qcom.decoder.avc.secure, ??(0x7f000044)) ERROR: UnsupportedSetting(0x80001019)
10-01 23:23:24.280 591 618 E OMXNodeInstance: getExtensionIndex(0xe9b17ac4:qcom.decoder.avc.secure, OMX.google.android.index.configureVideoTunnelMode) ERROR: NotImplemented(0x80001006)
10-01 23:23:24.280 591 618 E OMX-VDEC-1080P: Enable/Disable allocate-native- handle allowed only on input port!
10-01 23:23:24.280 591 618 E OMX-VDEC-1080P: set_parameter: Error: 0x80001019, setting param 0x7f00005d
10-01 23:23:24.280 591 618 E OMXNodeInstance: setParameter(0xe9b17ac4:qcom.decoder.avc.secure, OMX.google.android.index.allocateNativeHandle(0x7f00005d): Output:1 en=0) ERROR: UnsupportedSetting(0x80001019)
10-01 23:23:24.280 591 618 I OMX-VDEC-1080P: omx_vdec::component_deinit() complete
10-01 23:23:24.281 466 466 W hwservicemanager: getTransport: Cannot find entry [email protected]::IGnss/default in either framework or device manifest.
10-01 23:23:24.281 1469 1469 D GnssLocationProvider: gnssHal 1.1 was null, trying 1.0
10-01 23:23:24.282 591 618 I OMX-VDEC-1080P: Exit OMX vdec Destructor: fd=7
10-01 23:23:24.282 591 618 I OMX-VDEC-1080P: Video slvp perflock released
10-01 23:23:24.284 1469 1469 I GnssLocationProvider: WakeLock acquired by sendMessage(INITIALIZE_HANDLER, 0, null)
10-01 23:23:24.284 1469 1584 D GnssLocationProvider: Link to death notification successful
10-01 23:23:24.284 587 759 I OMXClient: IOmx service obtained
10-01 23:23:24.284 591 618 I OMXMaster: makeComponentInstance(OMX.google.h264.decoder) in [email protected] process
10-01 23:23:24.287 1469 1469 W LocationProviderProxy-network: Odd, no component found for service com.android.location.service.v3.NetworkLocationProvider
10-01 23:23:24.290 591 591 E OMXNodeInstance: getExtensionIndex(0xeaba99c0:google.h264.decoder, OMX.google.android.index.configureVideoTunnelMode) ERROR: UnsupportedIndex(0x8000101a)
10-01 23:23:24.290 591 591 E OMXNodeInstance: getExtensionIndex(0xeaba99c0:google.h264.decoder, OMX.google.android.index.enableAndroidNativeBuffers) ERROR: UnsupportedIndex(0x8000101a)
10-01 23:23:24.290 1469 1469 W GeocoderProxy: Odd, no component found for service com.android.location.service.GeocodeProvider
10-01 23:23:24.291 548 2051 I LocSvc_api_v02: locClientOpen:1945]: Service instance id is -1
10-01 23:23:24.291 548 2051 I LocSvc_api_v02: ---> locClientOpenInstance line 1828 loc client open
10-01 23:23:24.292 587 759 I OMXClient: IOmx service obtained
10-01 23:23:24.292 1469 1469 W GeofenceProxy: Odd, no component found for service com.android.location.service.GeofenceProvider
10-01 23:23:24.292 591 591 I OMXMaster: makeComponentInstance(OMX.qcom.video.decoder.h263) in [email protected] process
10-01 23:23:24.292 548 548 I LocSvc_APIClientBase: locAPIEnable:112] start new session: 2
10-01 23:23:24.292 1469 1584 E GnssLocationProvider: Unable to initialize GNSS Xtra interface
10-01 23:23:24.292 548 2051 E QMI_FW : QMUXD: WARNING qmi_qmux_if_pwr_up_init failed! rc=-6
10-01 23:23:24.293 548 2051 I LocSvc_api_v02: ---> locClientSendReq line 2102 QMI_LOC_REG_EVENTS_REQ_V02
10-01 23:23:24.293 1469 1469 E ActivityRecognitionHardware: activity_recognition HAL is deprecated. is_supported is effectively a no-op
10-01 23:23:24.293 548 548 I LocSvc_GnssAdapter: GnssAdapter::initAgpsCommand
10-01 23:23:24.293 548 548 I LocSvc_GnssAdapter: Registering AGPS CB 0x74454d2d00 with priority 1
10-01 23:23:24.293 1469 1469 D LocationManagerService: Hardware Activity- Recognition not supported.
10-01 23:23:24.294 1469 1469 W ActivityRecognitionProxy: Odd, no component found for service com.android.location.service.ActivityRecognitionProvider
10-01 23:23:24.295 548 548 I LocSvc_GnssInterface: ===> setGnssNiCb line 130
10-01 23:23:24.296 1469 1586 W BroadcastQueue: Background execution not allowed: receiving Intent { act=android.location.PROVIDERS_CHANGED flg=0x10 } to com.google.android.gms/.chimera.GmsIntentOperationService$PersistentTrustedReceiver
10-01 23:23:24.296 1469 1586 W BroadcastQueue: Background execution not allowed: receiving Intent { act=android.location.MODE_CHANGED flg=0x10 } to com.google.android.gms/.chimera.GmsIntentOperationService$PersistentTrustedReceiver
10-01 23:23:24.296 548 548 I LocSvc_GnssInterface: ===> cleanup line 220
10-01 23:23:24.296 548 2051 I LocSvc_api_v02: ---> locClientSupportMsgCheck line 2221 QMI_LOC_GET_SUPPORTED_MSGS_REQ_V02
10-01 23:23:24.297 548 548 I LocSvc_GnssInterface: ===> updateConfiguration line 140
10-01 23:23:24.297 548 2051 I LocSvc_api_v02: ---> locClientSendReq line 2102 QMI_LOC_QUERY_AON_CONFIG_REQ_V02
10-01 23:23:24.297 1469 1469 I SystemServer: MakeCountryDetectionServiceReady
10-01 23:23:24.297 548 2053 I LocSvc_ApiV02: <--- globalRespCb line 141 QMI_LOC_QUERY_AON_CONFIG_REQ_V02
10-01 23:23:24.297 548 2051 I LocSvc_api_v02: ---> locClientSendReq line 2102 QMI_LOC_GET_SUPPORTED_FEATURE_REQ_V02
10-01 23:23:24.297 1469 1469 I SystemServer: MakeNetworkTimeUpdateReady
10-01 23:23:24.297 548 2051 E LocSvc_ApiV02: open:414:11]: Failed to get features supported from QMI_LOC_GET_SUPPORTED_FEATURE_REQ_V02.
10-01 23:23:24.297 548 2051 I LocSvc_api_v02: ---> locClientSendReq line 2102 QMI_LOC_SET_GNSS_CONSTELL_REPORT_CONFIG_V02
10-01 23:23:24.297 548 548 I LocSvc_GnssInterface: ===> updateConfiguration line 140
10-01 23:23:24.298 548 548 I chatty : uid=1021(gps) [email protected] identical 4 lines
10-01 23:23:24.298 548 548 I LocSvc_GnssInterface: ===> updateConfiguration line 140
10-01 23:23:24.298 591 591 I OMX-VDEC-1080P: Video slvp perflock acquired
10-01 23:23:24.299 548 2053 I LocSvc_ApiV02: <--- globalRespCb line 141 QMI_LOC_SET_GNSS_CONSTELL_REPORT_CONFIG_V02
10-01 23:23:24.299 591 591 I OMX-VDEC-1080P: component_init: OMX.qcom.video.decoder.h263 : fd=7
10-01 23:23:24.299 1469 1469 D ConnectivityService: requestNetwork for uid/pid:1000/1469 NetworkRequest [ TRACK_DEFAULT id=6, [ Capabilities: INTERNET&NOT_RESTRICTED&TRUSTED Unwanted: Uid: 1000] ]
10-01 23:23:24.299 548 2051 I LocSvc_api_v02: ---> locClientSendReq line 2102 QMI_LOC_SET_PREMIUM_SERVICES_CONFIG_REQ_V02
10-01 23:23:24.299 548 548 I LocSvc_GnssInterface: ===> updateConfiguration line 140
10-01 23:23:24.300 1469 1469 I SystemServer: MakeCommonTimeManagementServiceReady
10-01 23:23:24.300 1469 1868 D Ethernet: got request NetworkRequest [ TRACK_DEFAULT id=6, [ Capabilities: INTERNET&NOT_RESTRICTED&TRUSTED Unwanted: Uid: 1000] ] with score 0
10-01 23:23:24.300 1469 1469 I CommonTimeManagementService: No common time service detected on this platform. Common time services will be unavailable.
10-01 23:23:24.300 1469 1469 I SystemServer: MakeInputManagerServiceReady
10-01 23:23:24.301 1469 1469 I SystemServer: MakeTelephonyRegistryReady
10-01 23:23:24.301 548 2053 I LocSvc_ApiV02: <--- globalRespCb line 141 QMI_LOC_SET_PREMIUM_SERVICES_CONFIG_REQ_V02
10-01 23:23:24.302 1469 1469 I SystemServer: MakeMediaRouterServiceReady
