The document contains log entries from the startup of a device. It shows:
1) The SELinux policy being loaded and various processes being denied access due to security rules.
2) The vold, init, and zygote processes starting up and mounting filesystems.
3) The Magisk root modification system loading and hiding the device's modifications from security checks.
We take content rights seriously. If you suspect this is your content, claim it here.
Available Formats
Download as TXT, PDF, TXT or read online on Scribd
0 ratings0% found this document useful (0 votes)
759 views416 pages
Logcat 3
The document contains log entries from the startup of a device. It shows:
1) The SELinux policy being loaded and various processes being denied access due to security rules.
2) The vold, init, and zygote processes starting up and mounting filesystems.
3) The Magisk root modification system loading and hiding the device's modifications from security checks.
01-03 00:51:13.981 465 465 I SELinux : SELinux: Loaded service_contexts from:
01-03 00:51:13.981 467 467 I SELinux : /vendor/etc/selinux/vndservice_contexts
01-03 00:51:13.982 465 465 I SELinux : /system/etc/selinux/plat_service_contexts
01-03 00:51:05.488 464 464 W auditd : type=2000 audit(0.0:1): initialized
01-03 00:51:12.489 464 464 I auditd : type=1403 audit(0.0:2): policy loaded auid=4294967295 ses=4294967295
01-03 00:51:12.569 427 427 I init : type=1400 audit(0.0:3): avc: denied { write } for name="/" dev="rootfs" ino=2 scontext=u:r:vendor_init:s0 tcontext=u:object_r:rootfs:s0 tclass=dir permissive=1
01-03 00:51:12.569 427 427 I init : type=1400 audit(0.0:4): avc: denied { add_name } for name="tombstones" scontext=u:r:vendor_init:s0 tcontext=u:object_r:rootfs:s0 tclass=dir permissive=1
01-03 00:51:12.749 1 1 I init : type=1400 audit(0.0:5): avc: denied { create } for name="sdcard" scontext=u:r:init:s0 tcontext=u:object_r:tmpfs:s0 tclass=lnk_file permissive=1
01-03 00:51:12.759 1 1 I init : type=1400 audit(0.0:6): avc: denied { module_request } for kmod="fs-cgroup2" scontext=u:r:init:s0 tcontext=u:r:kernel:s0 tclass=system permissive=1
01-03 00:51:12.759 427 427 I init : type=1400 audit(0.0:7): avc: denied { create } for name="persist" scontext=u:r:vendor_init:s0 tcontext=u:object_r:rootfs:s0 tclass=dir permissive=1
01-03 00:51:12.759 427 427 I init : type=1400 audit(0.0:8): avc: denied { setattr } for name="persist" dev="rootfs" ino=16909 scontext=u:r:vendor_init:s0 tcontext=u:object_r:rootfs:s0 tclass=dir permissive=1
01-03 00:51:12.869 441 441 I fsck.f2fs: type=1400 audit(0.0:9): avc: denied { read } for name="mmcblk0p49" dev="tmpfs" ino=1314 scontext=u:r:fsck:s0 tcontext=u:object_r:block_device:s0 tclass=blk_file permissive=1
01-03 00:51:12.869 441 441 I fsck.f2fs: type=1400 audit(0.0:10): avc: denied { open } for path="/dev/block/mmcblk0p49" dev="tmpfs" ino=1314 scontext=u:r:fsck:s0 tcontext=u:object_r:block_device:s0 tclass=blk_file permissive=1
01-03 00:51:12.869 441 441 I fsck.f2fs: type=1400 audit(0.0:11): avc: denied { write } for name="mmcblk0p49" dev="tmpfs" ino=1314 scontext=u:r:fsck:s0 tcontext=u:object_r:block_device:s0 tclass=blk_file permissive=1
01-03 00:51:14.024 466 466 I hwservicemanager: hwservicemanager is ready now.
01-03 00:51:14.042 469 469 D vndksupport: Loading /vendor/lib64/hw/[email protected] from current namespace instead of sphal namespace.
01-03 00:51:14.061 469 469 I [email protected]: Fetching keymaster device name default --------- beginning of system
01-03 00:51:14.062 470 470 I vold : Vold 3.0 (the awakening) firing up
01-03 00:51:14.062 469 469 D vndksupport: Loading /vendor/lib64/hw/keystore.msm8953.so from current namespace instead of sphal namespace.
01-03 00:51:14.062 470 470 V vold : Detected support for: ext4 f2fs vfat
01-03 00:51:14.064 470 470 W vold : Failed to LOOP_GET_STATUS64 /dev/block/loop4: No such device or address
01-03 00:51:14.064 470 470 W vold : Failed to LOOP_GET_STATUS64 /dev/block/loop2: No such device or address
01-03 00:51:14.064 470 470 W vold : Failed to LOOP_GET_STATUS64 /dev/block/loop3: No such device or address
01-03 00:51:14.065 470 470 W vold : Failed to LOOP_GET_STATUS64 /dev/block/loop0: No such device or address
01-03 00:51:14.065 470 470 W vold : Failed to LOOP_GET_STATUS64 /dev/block/loop5: No such device or address
01-03 00:51:14.065 470 470 W vold : Failed to LOOP_GET_STATUS64 /dev/block/loop1: No such device or address
01-03 00:51:14.065 470 470 W vold : Failed to LOOP_GET_STATUS64 /dev/block/loop7: No such device or address
01-03 00:51:14.065 470 470 W vold : Failed to LOOP_GET_STATUS64 /dev/block/loop6: No such device or address
01-03 00:51:14.067 470 470 D vold : VoldNativeService::start() completed OK
01-03 00:51:14.068 470 479 D vold : e4crypt_init_user0
01-03 00:51:14.068 470 479 D vold : e4crypt_prepare_user_storage for volume null, user 0, serial 0, flags 1
01-03 00:51:14.068 470 479 D vold : Preparing: /data/system/users/0
01-03 00:51:14.068 470 479 D vold : Preparing: /data/misc/profiles/cur/0
01-03 00:51:14.069 470 479 D vold : Preparing: /data/system_de/0
01-03 00:51:14.069 470 479 D vold : Preparing: /data/misc_de/0
01-03 00:51:14.069 470 479 D vold : Preparing: /data/vendor_de/0
01-03 00:51:14.070 470 479 D vold : Preparing: /data/user_de/0
01-03 00:51:14.070 470 479 V vold : /system/bin/vold_prepare_subdirs
01-03 00:51:14.070 470 479 V vold : prepare
01-03 00:51:14.070 470 479 V vold :
01-03 00:51:14.070 470 479 V vold : 0
01-03 00:51:14.070 470 479 V vold : 1
01-03 00:51:14.088 470 479 I vold_prepare_subdirs: SELinux: Loaded file_contexts
01-03 00:51:14.091 483 483 D vold_prepare_subdirs: Setting up mode 700 uid 0 gid 0 context u:object_r:vold_data_file:s0 on path: /data/misc_de/0/vold
01-03 00:51:14.091 483 483 D vold_prepare_subdirs: Setting up mode 700 uid 0 gid 0 context u:object_r:storaged_data_file:s0 on path: /data/misc_de/0/storaged
01-03 00:51:14.092 483 483 D vold_prepare_subdirs: Setting up mode 700 uid 1000 gid 1000 context u:object_r:fingerprint_vendor_data_file:s0 on path: /data/vendor_de/0/fpdata
01-03 00:51:14.093 470 479 D vold : e4crypt_unlock_user_key 0 serial=0 token_present=0
01-03 00:51:14.095 470 480 I vold : Found disk at /devices/soc/7864900.sdhci/mmc_host/mmc1/mmc1:aaaa/block/mmcblk1 but delaying scan due to secure keyguard
01-03 00:51:14.107 485 485 I /system/bin/tzdatacheck: timezone distro dir /data/misc/zoneinfo/current does not exist. No action required.
01-03 00:51:14.192 486 486 I Magisk : ** Initializing Magisk
01-03 00:51:14.193 486 486 I Magisk : * Creating /sbin overlay
01-03 00:51:14.197 486 486 I Magisk : * Mounting mirrors
01-03 00:51:14.198 486 486 I Magisk : mount: /sbin/.core/mirror/system
01-03 00:51:14.198 486 486 I Magisk : mount: /sbin/.core/mirror/vendor
01-03 00:51:14.198 486 486 I Magisk : bind_mount: /sbin/.core/mirror/bin
01-03 00:51:14.199 486 486 I Magisk : * Setting up internal busybox
01-03 00:51:14.260 493 493 I Magisk : Magisk v17.1(17100) logger started
01-03 00:51:14.260 489 489 I Magisk : Magisk v17.1(17100) daemon started
01-03 00:51:14.263 489 495 I Magisk : ** post-fs-data mode running
01-03 00:51:14.264 489 495 I Magisk : * Mounting /data/adb/magisk.img
01-03 00:51:14.302 470 480 D vold : Disk at 7:64 changed
01-03 00:51:14.305 489 495 I Magisk : Resize /data/adb/magisk.img to 128M
01-03 00:51:14.374 489 495 I Magisk : * Running post-fs-data.d scripts
01-03 00:51:14.375 489 495 I Magisk : * Running module post-fs-data scripts
01-03 00:51:14.375 489 495 I Magisk : iYTBP-Vanced-black-Magisk-Repo: exec [post-fs-data.sh]
01-03 00:51:14.378 489 495 I Magisk : * Loading modules
01-03 00:51:14.378 489 495 I Magisk : iYTBP-Vanced-black-Magisk-Repo: constructing magic mount structure
01-03 00:51:14.378 489 495 I Magisk : bind_mount: /system/app/YouTube
01-03 00:51:14.382 489 516 I Magisk : * Starting MagiskHide
01-03 00:51:14.382 489 516 I Magisk : hide_utils: Hiding sensitive props
01-03 00:51:14.382 489 516 I Magisk : hide_list: [com.google.android.gms.unstable]
01-03 00:51:14.369 1 1 I init : type=1400 audit(0.0:19): avc: denied { setattr } for name="file" dev="sysfs" ino=34147 scontext=u:r:init:s0 tcontext=u:object_r:sysfs:s0 tclass=file permissive=1
01-03 00:51:14.379 427 427 I init : type=1400 audit(0.0:20): avc: denied { setattr } for name="qsee" dev="mmcblk0p49" ino=540718 scontext=u:r:vendor_init:s0 tcontext=u:object_r:system_data_file:s0 tclass=dir permissive=1
01-03 00:51:14.379 427 427 I init : type=1400 audit(0.0:21): avc: denied { setattr } for name="camera" dev="mmcblk0p49" ino=540720 scontext=u:r:vendor_init:s0 tcontext=u:object_r:camera_data_file:s0 tclass=dir permissive=1
01-03 00:51:14.379 427 427 I init : type=1400 audit(0.0:22): avc: denied { setattr } for name="media" dev="mmcblk0p49" ino=491521 scontext=u:r:vendor_init:s0 tcontext=u:object_r:media_rw_data_file:s0 tclass=dir permissive=1
01-03 00:51:14.379 427 427 I init : type=1400 audit(0.0:23): avc: denied { setattr } for name="bluetooth" dev="mmcblk0p49" ino=540679 scontext=u:r:vendor_init:s0 tcontext=u:object_r:bluetooth_data_file:s0 tclass=dir permissive=1
01-03 00:51:14.379 427 427 I init : type=1400 audit(0.0:24): avc: denied { setattr } for name="wifi" dev="mmcblk0p49" ino=540695 scontext=u:r:vendor_init:s0 tcontext=u:object_r:wifi_data_file:s0 tclass=dir permissive=1
01-03 00:51:14.379 427 427 I init : type=1400 audit(0.0:25): avc: denied { setattr } for name="sockets" dev="mmcblk0p49" ino=540696 scontext=u:r:vendor_init:s0 tcontext=u:object_r:wpa_socket:s0 tclass=dir permissive=1
01-03 00:51:14.379 427 427 I init : type=1400 audit(0.0:26): avc: denied { setattr } for name="dhcp" dev="mmcblk0p49" ino=540699 scontext=u:r:vendor_init:s0 tcontext=u:object_r:dhcp_data_file:s0 tclass=dir permissive=1
01-03 00:51:14.389 427 427 I init : type=1400 audit(0.0:27): avc: denied { setattr } for name="/" dev="mmcblk0p26" ino=2 scontext=u:r:vendor_init:s0 tcontext=u:object_r:unlabeled:s0 tclass=dir permissive=1
01-03 00:51:14.516 517 517 I Netd : Netd 1.0 starting
01-03 00:51:14.519 517 517 D TetherController: Setting IP forward enable = 0
01-03 00:51:14.548 517 517 I Netd : Creating child chains: 24.2ms
01-03 00:51:14.548 517 517 I Netd : Setting up OEM hooks: 0.1ms
01-03 00:51:14.552 517 517 I Netd : Setting up FirewallController hooks: 3.6ms
01-03 00:51:14.555 517 517 I Netd : Setting up TetherController hooks: 3.0ms
01-03 00:51:14.557 517 517 I Netd : Setting up BandwidthController hooks: 2.3ms
01-03 00:51:14.557 517 517 I Netd : Setting up IdletimerController hooks: 0.1ms
01-03 00:51:14.557 517 517 I Netd : initializing traffic control: 0.0ms
01-03 00:51:14.562 517 517 I Netd : Disabling bandwidth control: 5.0ms
01-03 00:51:14.653 553 553 I rmt_storage: Shared memory initialised successfully.
01-03 00:51:14.654 553 553 I rmt_storage: Registering modemst1: 0x4a /boot/modem_fs1
01-03 00:51:14.654 553 553 I rmt_storage: Registering modemst2: 0x4b /boot/modem_fs2
01-03 00:51:14.654 553 553 I rmt_storage: Registering fsc: 0xff /boot/modem_fsc
01-03 00:51:14.654 553 553 I rmt_storage: Registering fsg: 0x58 /boot/modem_fsg
01-03 00:51:14.654 553 553 I rmt_storage: 4 GPT partitions found
01-03 00:51:14.305 470 480 I chatty : uid=0(root) Binder:470_2 identical 1 line
01-03 00:51:14.369 470 480 D vold : Disk at 7:64 changed
01-03 00:51:14.654 552 552 I irsc_util: Starting irsc tool
01-03 00:51:14.655 553 553 I rmt_storage: Capset success!
01-03 00:51:14.677 530 530 D [email protected]: [email protected] starting...
01-03 00:51:14.677 530 530 I ServiceManagement: Removing namespace from process name [email protected] to [email protected].
01-03 00:51:14.681 532 532 D [email protected]: [email protected] starting...
01-03 00:51:14.685 529 529 I [email protected]: Camera provider Service is starting.
01-03 00:51:14.686 532 532 D vndksupport: Loading /vendor/lib/hw/[email protected] from current namespace instead of sphal namespace.
01-03 00:51:14.687 529 529 D vndksupport: Loading /vendor/lib/hw/[email protected] from current namespace instead of sphal namespace.
01-03 00:51:14.701 533 533 D [email protected]: [email protected] starting...
01-03 00:51:14.702 533 533 I ServiceManagement: Removing namespace from process name [email protected] to [email protected].
01-03 00:51:14.703 466 466 E SELinux : avc: denied { add } for interface=android.hardware.drm::IDrmFactory pid=533 scontext=u:r:init:s0 tcontext=u:object_r:hal_drm_hwservice:s0 tclass=hwservice_manager permissive=1
01-03 00:51:14.705 466 466 E SELinux : avc: denied { add } for interface=android.hidl.base::IBase pid=533 scontext=u:r:init:s0 tcontext=u:object_r:hidl_base_hwservice:s0 tclass=hwservice_manager permissive=1
01-03 00:51:14.705 533 533 I ServiceManagement: Removing namespace from process name [email protected] to [email protected].
01-03 00:51:14.709 532 532 I ServiceManagement: Removing namespace from process name [email protected] to [email protected].
01-03 00:51:14.710 532 532 I [email protected]: Registration complete for [email protected]::IDrmFactory/default.
01-03 00:51:14.711 532 532 D vndksupport: Loading /vendor/lib/hw/[email protected] from current namespace instead of sphal namespace.
01-03 00:51:14.712 532 532 I ServiceManagement: Removing namespace from process name [email protected] to [email protected].
01-03 00:51:14.713 532 532 I [email protected]: Registration complete for [email protected]::ICryptoFactory/default.
01-03 00:51:14.718 556 556 I PerMgrSrv: Adding entry for modem : offTimeout : 500 ackTimeout : 200
01-03 00:51:14.720 466 466 W hwservicemanager: getTransport: Cannot find entry [email protected]::IDevicesFactory/default in either framework or device manifest.
01-03 00:51:14.722 527 527 E audiohalservice: Could not get passthrough implementation for [email protected]::IDevicesFactory/default.
01-03 00:51:14.722 527 527 D vndksupport: Loading /vendor/lib/hw/[email protected] from current namespace instead of sphal namespace.
01-03 00:51:14.734 527 527 I ServiceManagement: Removing namespace from process name [email protected] to [email protected].
01-03 00:51:14.735 527 527 I audiohalservice: Registration complete for [email protected]::IDevicesFactory/default.
01-03 00:51:14.736 466 466 W hwservicemanager: getTransport: Cannot find entry [email protected]::IEffectsFactory/default in either framework or device manifest.
01-03 00:51:14.736 527 527 E audiohalservice: Could not get passthrough implementation for [email protected]::IEffectsFactory/default.
01-03 00:51:14.736 527 527 D vndksupport: Loading /vendor/lib/hw/[email protected] from current namespace instead of sphal namespace.
01-03 00:51:14.746 529 529 D vndksupport: Loading /vendor/lib/hw/camera.msm8953.so from current namespace instead of sphal namespace.
01-03 00:51:14.750 467 467 E SELinux : avc: denied { add } for service=vendor.qcom.PeripheralManager pid=556 uid=1000 scontext=u:r:init:s0 tcontext=u:object_r:default_android_vndservice:s0 tclass=service_manager permissive=1
01-03 00:51:14.751 556 556 I PerMgrSrv: Peripheral Mananager service start
01-03 00:51:14.751 556 556 I PerMgrSrv: power-off timeout 500,ms; event-ack timeout 200,ms; debug-mode false
01-03 00:51:14.751 556 556 I PerMgrSrv: Statistics for : modem
01-03 00:51:14.751 556 556 I PerMgrSrv: modem: Current State : is off-line
01-03 00:51:14.751 556 556 I PerMgrSrv: modem: Voter/Listener count : 0/0
01-03 00:51:14.751 556 556 I PerMgrSrv: modem: Power on count : 0
01-03 00:51:14.751 556 556 I PerMgrSrv: modem: Power off count: 0
01-03 00:51:14.751 556 556 I PerMgrSrv: modem: Client list:
01-03 00:51:14.751 556 606 I PerMgrSrv: QMI service start
01-03 00:51:14.755 584 584 I mediaserver: ServiceManager: 0xf0e1c120
01-03 00:51:14.759 527 527 I audiohalservice: Registration complete for [email protected]::IEffectsFactory/default.
01-03 00:51:14.760 466 466 W hwservicemanager: getTransport: Cannot find entry [email protected]::ISoundTriggerHw/default in either framework or device manifest.
01-03 00:51:14.760 527 527 E audiohalservice: Could not get passthrough implementation for [email protected]::ISoundTriggerHw/default.
01-03 00:51:14.760 527 527 D vndksupport: Loading /vendor/lib/hw/[email protected] from current namespace instead of sphal namespace.
01-03 00:51:14.767 527 527 D vndksupport: Loading /vendor/lib/hw/sound_trigger.primary.msm8953.so from current namespace instead of sphal namespace.
01-03 00:51:14.776 527 527 D sound_trigger_hw: stdev_open: Enter
01-03 00:51:14.795 527 527 I sound_trigger_platform: platform_stdev_init: Enter
01-03 00:51:14.831 574 574 E /system/vendor/bin/adsprpcd: vendor/qcom/proprietary/adsprpc/src/adsprpcd.c:29:adsp daemon starting
01-03 00:51:14.832 559 559 I lowmemorykiller: Using in-kernel low memory killer interface
01-03 00:51:14.840 572 572 D QC-time-services: Daemon:genoff_pre_init::Base = 0
01-03 00:51:14.841 572 572 D QC-time-services: Daemon:ats_rtc_init: Time read from RTC -- year = 70, month = 0,day = 2
01-03 00:51:14.841 572 572 D QC-time-services: Daemon ats_rtc_init: seconds = 172274
01-03 00:51:14.841 572 572 D QC-time-services: Daemon:Value read from RTC seconds = 172274000
01-03 00:51:14.841 572 572 D QC-time-services: Daemon:genoff_init_config: ATS_RTC initialized with rc: 0
01-03 00:51:14.841 572 572 D QC-time-services: Daemon:genoff_pre_init::Base = 1
01-03 00:51:14.841 572 572 D QC-time-services: Daemon: Storage Name: ats_1
01-03 00:51:14.841 572 572 D QC-time-services: Daemon:Opening File: /persist/time/ats_1 /data/time/ats_1
01-03 00:51:14.841 572 572 D QC-time-services: Daemon:time_persistent_memory_opr:Genoff Read operation
01-03 00:51:14.842 552 552 I irsc_util: Num of entries:292
01-03 00:51:14.842 572 572 D QC-time-services: Daemon:Open File: /data/time/ats_1
01-03 00:51:14.843 552 552 I irsc_util: Ending irsc tool
01-03 00:51:14.854 525 525 I ServiceManagement: Removing namespace from process name [email protected] to [email protected].
01-03 00:51:14.854 554 554 I tftp_server: Starting...
01-03 00:51:14.862 591 591 I media.codec: mediacodecservice starting
01-03 00:51:14.863 539 539 D vndksupport: Loading /vendor/lib64/hw/[email protected] from current namespace instead of sphal namespace.
01-03 00:51:14.869 539 539 D vndksupport: Loading /vendor/lib64/hw/memtrack.msm8953.so from current namespace instead of sphal namespace.
01-03 00:51:14.878 539 539 I ServiceManagement: Removing namespace from process name [email protected] to [email protected].
01-03 00:51:14.880 539 539 I [email protected]: Registration complete for [email protected]::IMemtrack/default.
01-03 00:51:14.881 591 591 W media.codec: libminijail[591]: failed to get path of fd 4: No such file or directory
01-03 00:51:14.881 564 564 E PerMgrProxy: Starting pm-proxy service
01-03 00:51:14.881 591 591 W media.codec: libminijail[591]: allowing syscall: clock_gettime
01-03 00:51:14.882 591 591 W media.codec: libminijail[591]: allowing syscall: connect
01-03 00:51:14.882 591 591 W media.codec: libminijail[591]: allowing syscall: fcntl64
01-03 00:51:14.882 591 591 W media.codec: libminijail[591]: allowing syscall: socket
01-03 00:51:14.882 591 591 W media.codec: libminijail[591]: allowing syscall: writev
01-03 00:51:14.884 591 591 W media.codec: libminijail[591]: logging seccomp filter failures
01-03 00:51:14.886 531 531 W /vendor/bin/hw/[email protected] service: libminijail[531]: allowing syscall: connect
01-03 00:51:14.887 531 531 W /vendor/bin/hw/[email protected] service: libminijail[531]: allowing syscall: fcntl
01-03 00:51:14.887 531 531 W /vendor/bin/hw/[email protected] service: libminijail[531]: allowing syscall: sendto
01-03 00:51:14.887 531 531 W /vendor/bin/hw/[email protected] service: libminijail[531]: allowing syscall: socket
01-03 00:51:14.887 531 531 W /vendor/bin/hw/[email protected] service: libminijail[531]: allowing syscall: writev
01-03 00:51:14.894 572 572 D QC-time-services: Daemon:genoff_pre_init::Base = 2
01-03 00:51:14.894 572 572 D QC-time-services: Daemon: Storage Name: ats_2
01-03 00:51:14.894 572 572 D QC-time-services: Daemon:Opening File: /persist/time/ats_2 /data/time/ats_2
01-03 00:51:14.894 572 572 D QC-time-services: Daemon:time_persistent_memory_opr:Genoff Read operation
01-03 00:51:14.894 572 572 D QC-time-services: Daemon:Open File: /data/time/ats_2
01-03 00:51:14.897 575 575 E wcnss_service: wcnss_service: num_modems = 1
01-03 00:51:14.897 575 575 E wcnss_qmi: wcnss_init_qmi: Initialize wcnss QMI Interface
01-03 00:51:14.898 575 575 E QMI_FW : QMUXD: WARNING qmi_qmux_if_pwr_up_init failed! rc=-6
01-03 00:51:14.908 543 543 I ServiceManagement: Removing namespace from process name [email protected] to [email protected].
01-03 00:51:14.909 542 542 D vndksupport: Loading /vendor/lib64/hw/[email protected] from current namespace instead of sphal namespace.
01-03 00:51:14.910 466 466 E SELinux : avc: denied { add } for interface=android.hardware.usb::IUsb pid=543 scontext=u:r:init:s0 tcontext=u:object_r:hal_usb_hwservice:s0 tclass=hwservice_manager permissive=1
01-03 00:51:14.911 543 543 I /vendor/bin/hw/[email protected] service.basic: USB HAL Ready.
01-03 00:51:14.920 572 572 D QC-time-services: Daemon:genoff_pre_init::Base = 3
01-03 00:51:14.920 572 572 D QC-time-services: Daemon: Storage Name: ats_3
01-03 00:51:14.920 572 572 D QC-time-services: Daemon:Opening File: /persist/time/ats_3 /data/time/ats_3
01-03 00:51:14.920 572 572 D QC-time-services: Daemon:time_persistent_memory_opr:Genoff Read operation
01-03 00:51:14.920 572 572 D QC-time-services: Daemon:Open File: /data/time/ats_3
01-03 00:51:14.920 572 572 D QC-time-services: Daemon:Unable to open filefor read
01-03 00:51:14.920 572 572 D QC-time-services: Daemon:genoff_post_init:Error in accessing storage
01-03 00:51:14.920 572 572 D QC-time-services: Daemon:genoff_pre_init::Base = 4
01-03 00:51:14.920 572 572 D QC-time-services: Daemon: Storage Name: ats_4
01-03 00:51:14.920 572 572 D QC-time-services: Daemon:Opening File: /persist/time/ats_4 /data/time/ats_4
01-03 00:51:14.920 572 572 D QC-time-services: Daemon:time_persistent_memory_opr:Genoff Read operation
01-03 00:51:14.920 572 572 D QC-time-services: Daemon:Open File: /data/time/ats_4
01-03 00:51:14.920 572 572 D QC-time-services: Daemon:Unable to open filefor read
01-03 00:51:14.920 572 572 D QC-time-services: Daemon:genoff_post_init:Error in accessing storage
01-03 00:51:14.920 531 531 W /vendor/bin/hw/[email protected] service: libminijail[531]: logging seccomp filter failures
01-03 00:51:14.920 572 572 D QC-time-services: Daemon:genoff_pre_init::Base = 5
01-03 00:51:14.920 572 572 D QC-time-services: Daemon: Storage Name: ats_5
01-03 00:51:14.920 572 572 D QC-time-services: Daemon:Opening File: /persist/time/ats_5 /data/time/ats_5
01-03 00:51:14.920 572 572 D QC-time-services: Daemon:time_persistent_memory_opr:Genoff Read operation
01-03 00:51:14.920 572 572 D QC-time-services: Daemon:Open File: /data/time/ats_5
01-03 00:51:14.920 572 572 D QC-time-services: Daemon:Unable to open filefor read
01-03 00:51:14.920 572 572 D QC-time-services: Daemon:genoff_post_init:Error in accessing storage
01-03 00:51:14.920 572 572 D QC-time-services: Daemon:genoff_pre_init::Base = 6
01-03 00:51:14.920 572 572 D QC-time-services: Daemon: Storage Name: ats_6
01-03 00:51:14.920 572 572 D QC-time-services: Daemon:Opening File: /persist/time/ats_6 /data/time/ats_6
01-03 00:51:14.920 572 572 D QC-time-services: Daemon:time_persistent_memory_opr:Genoff Read operation
01-03 00:51:14.920 572 572 D QC-time-services: Daemon:Open File: /data/time/ats_6
01-03 00:51:14.920 572 572 D QC-time-services: Daemon:Unable to open filefor read
01-03 00:51:14.920 572 572 D QC-time-services: Daemon:genoff_post_init:Error in accessing storage
01-03 00:51:14.920 572 572 D QC-time-services: Daemon:genoff_pre_init::Base = 7
01-03 00:51:14.920 572 572 D QC-time-services: Daemon: Storage Name: ats_7
01-03 00:51:14.920 572 572 D QC-time-services: Daemon:Opening File: /persist/time/ats_7 /data/time/ats_7
01-03 00:51:14.920 572 572 D QC-time-services: Daemon:time_persistent_memory_opr:Genoff Read operation
01-03 00:51:14.920 572 572 D QC-time-services: Daemon:Open File: /data/time/ats_7
01-03 00:51:14.920 572 572 D QC-time-services: Daemon:Unable to open filefor read
01-03 00:51:14.920 572 572 D QC-time-services: Daemon:genoff_post_init:Error in accessing storage
01-03 00:51:14.920 572 572 D QC-time-services: Daemon:genoff_pre_init::Base = 8
01-03 00:51:14.920 572 572 D QC-time-services: Daemon: Storage Name: ats_8
01-03 00:51:14.920 572 572 D QC-time-services: Daemon:Opening File: /persist/time/ats_8 /data/time/ats_8
01-03 00:51:14.920 572 572 D QC-time-services: Daemon:time_persistent_memory_opr:Genoff Read operation
01-03 00:51:14.920 572 572 D QC-time-services: Daemon:Open File: /data/time/ats_8
01-03 00:51:14.920 572 572 D QC-time-services: Daemon:Unable to open filefor read
01-03 00:51:14.920 572 572 D QC-time-services: Daemon:genoff_post_init:Error in accessing storage
01-03 00:51:14.920 572 572 D QC-time-services: Daemon:genoff_pre_init::Base = 9
01-03 00:51:14.920 572 572 D QC-time-services: Daemon: Storage Name: ats_9
01-03 00:51:14.920 572 572 D QC-time-services: Daemon:Opening File: /persist/time/ats_9 /data/time/ats_9
01-03 00:51:14.920 572 572 D QC-time-services: Daemon:time_persistent_memory_opr:Genoff Read operation
01-03 00:51:14.920 572 572 D QC-time-services: Daemon:Open File: /data/time/ats_9
01-03 00:51:14.920 572 572 D QC-time-services: Daemon:Unable to open filefor read
01-03 00:51:14.920 572 572 D QC-time-services: Daemon:genoff_post_init:Error in accessing storage
01-03 00:51:14.920 572 572 D QC-time-services: Daemon:genoff_pre_init::Base = 10
01-03 00:51:14.920 572 572 D QC-time-services: Daemon: Storage Name: ats_10
01-03 00:51:14.920 572 572 D QC-time-services: Daemon:Opening File: /persist/time/ats_10 /data/time/ats_10
01-03 00:51:14.920 572 572 D QC-time-services: Daemon:time_persistent_memory_opr:Genoff Read operation
01-03 00:51:14.920 572 572 D QC-time-services: Daemon:Open File: /data/time/ats_10
01-03 00:51:14.920 572 572 D QC-time-services: Daemon:Unable to open filefor read
01-03 00:51:14.920 572 572 D QC-time-services: Daemon:genoff_post_init:Error in accessing storage
01-03 00:51:14.920 572 572 D QC-time-services: Daemon:genoff_pre_init::Base = 11
01-03 00:51:14.920 572 572 D QC-time-services: Daemon: Storage Name: ats_11
01-03 00:51:14.920 572 572 D QC-time-services: Daemon:Opening File: /persist/time/ats_11 /data/time/ats_11
01-03 00:51:14.921 572 572 D QC-time-services: Daemon:time_persistent_memory_opr:Genoff Read operation
01-03 00:51:14.921 572 572 D QC-time-services: Daemon:Open File: /data/time/ats_11
01-03 00:51:14.921 572 572 D QC-time-services: Daemon:Unable to open filefor read
01-03 00:51:14.921 572 572 D QC-time-services: Daemon:genoff_post_init:Error in accessing storage
01-03 00:51:14.921 572 572 D QC-time-services: Daemon:genoff_pre_init::Base = 12
01-03 00:51:14.921 572 572 D QC-time-services: Daemon: Storage Name: ats_12
01-03 00:51:14.921 572 572 D QC-time-services: Daemon:Opening File: /persist/time/ats_12 /data/time/ats_12
01-03 00:51:14.921 572 572 D QC-time-services: Daemon:time_persistent_memory_opr:Genoff Read operation
01-03 00:51:14.921 467 467 E SELinux : avc: denied { find } for service=vendor.qcom.PeripheralManager pid=564 uid=1000 scontext=u:r:init:s0 tcontext=u:object_r:default_android_vndservice:s0 tclass=service_manager permissive=1
01-03 00:51:14.921 572 572 D QC-time-services: Daemon:Open File: /data/time/ats_12
01-03 00:51:14.921 531 531 I ServiceManagement: Removing namespace from process name [email protected] to [email protected].
01-03 00:51:14.930 591 591 W MediaCodecsXmlParser: unable to open media codecs configuration xml file: /data/misc/media/media_codecs_profiling_results.xml
01-03 00:51:14.930 591 591 W MediaCodecsXmlParser: parseTopLevelXMLFile(/data/misc/media/media_codecs_profiling_results.xml) failed
01-03 00:51:14.930 591 591 E MediaCodecsXmlParser: Cannot find the role for a decoder of type video/divx
01-03 00:51:14.930 591 591 E MediaCodecsXmlParser: Cannot find the role for a decoder of type video/divx311
01-03 00:51:14.930 591 591 E MediaCodecsXmlParser: Cannot find the role for a decoder of type video/divx4
01-03 00:51:14.930 591 591 E MediaCodecsXmlParser: Cannot find the role for a decoder of type video/x-ms-wmv
01-03 00:51:14.930 591 591 I chatty : uid=1046(mediacodec) [email protected] identical 1 line
01-03 00:51:14.930 591 591 E MediaCodecsXmlParser: Cannot find the role for a decoder of type video/x-ms-wmv
01-03 00:51:14.930 541 541 D vndksupport: Loading /vendor/lib64/hw/[email protected] from current namespace instead of sphal namespace.
01-03 00:51:14.931 591 591 I ServiceManagement: Removing namespace from process name [email protected] to [email protected].
01-03 00:51:14.932 582 582 I installd: installd firing up
01-03 00:51:14.935 557 557 D QSEECOMD: : qseecom listener services process entry PPID = 1
01-03 00:51:14.935 557 557 E QSEECOMD: : Listener: index = 0, hierarchy = 0
01-03 00:51:14.941 591 591 D vndksupport: Loading libstagefrighthw.so from current namespace instead of sphal namespace.
01-03 00:51:14.941 466 466 W hwservicemanager: getTransport: Cannot find entry [email protected]::IVr/default in either framework or device manifest.
01-03 00:51:14.942 542 542 D vndksupport: Loading /vendor/lib64/hw/thermal.msm8953.so from current namespace instead of sphal namespace.
01-03 00:51:14.943 600 600 I /system/bin/tombstoned: tombstoned successfully initialized
01-03 00:51:14.943 545 545 D vndksupport: Loading /vendor/lib64/hw/[email protected] from current namespace instead of sphal namespace.
01-03 00:51:14.945 538 538 D vndksupport: Loading /vendor/lib64/hw/[email protected] from current namespace instead of sphal namespace.
01-03 00:51:14.947 557 557 D QSEECOMD: : Init dlopen(librpmb.so, RTLD_NOW) succeeds
01-03 00:51:14.947 557 557 D QSEECOMD: : Init::Init dlsym(g_FSHandle rpmb_init_service) succeeds
01-03 00:51:14.947 466 466 W hwservicemanager: getTransport: Cannot find entry [email protected]::IUsbGadget/default in either framework or device manifest.
01-03 00:51:14.948 557 557 I rpmb_emmc: RPMB Mult (512-bytes sector) = 8192, Rel_sec_cnt = 32
01-03 00:51:14.948 557 557 E DrmLibRpmb: rpmb_init succeeded! with ret = 0
01-03 00:51:14.948 557 557 D QSEECOMD: : Init rpmb_init_service ret = 0
01-03 00:51:14.948 557 557 D QSEECOMD: : RPMB system services: init (Listener ID = 8192)
01-03 00:51:14.948 557 557 E QSEECOMD: : Listener: index = 1, hierarchy = 0
01-03 00:51:14.949 572 572 D QC-time-services: Daemon:genoff_pre_init::Base = 13
01-03 00:51:14.949 572 572 D QC-time-services: Daemon: Storage Name: ats_13
01-03 00:51:14.949 572 572 D QC-time-services: Daemon:Opening File: /persist/time/ats_13 /data/time/ats_13
01-03 00:51:14.949 572 572 D QC-time-services: Daemon:time_persistent_memory_opr:Genoff Read operation
01-03 00:51:14.949 572 572 D QC-time-services: Daemon:Open File: /data/time/ats_13
01-03 00:51:14.954 591 591 W MediaCodecsXmlParser: unable to open media codecs configuration xml file: /data/misc/media/media_codecs_profiling_results.xml
01-03 00:51:14.954 591 591 W MediaCodecsXmlParser: parseTopLevelXMLFile(/data/misc/media/media_codecs_profiling_results.xml) failed
01-03 00:51:14.954 591 591 I ServiceManagement: Removing namespace from process name [email protected] to [email protected].
01-03 00:51:14.954 601 601 I usbd : Usb HAL not found
01-03 00:51:14.955 572 572 D QC-time-services: Daemon:genoff_pre_init::Base = 14
01-03 00:51:14.955 572 572 D QC-time-services: Daemon: Storage Name: ats_14
01-03 00:51:14.955 572 572 D QC-time-services: Daemon:Opening File: /persist/time/ats_14 /data/time/ats_14
01-03 00:51:14.955 572 572 D QC-time-services: Daemon:time_persistent_memory_opr:Genoff Read operation
01-03 00:51:14.955 572 572 D QC-time-services: Daemon:Open File: /data/time/ats_14
01-03 00:51:14.955 572 572 D QC-time-services: Daemon:Unable to open filefor read
01-03 00:51:14.955 572 572 D QC-time-services: Daemon:genoff_post_init:Error in accessing storage
01-03 00:51:14.955 572 572 D QC-time-services: Daemon:genoff_pre_init::Base = 15
01-03 00:51:14.955 572 572 D QC-time-services: Daemon: Storage Name: ats_15
01-03 00:51:14.955 572 572 D QC-time-services: Daemon:Opening File: /persist/time/ats_15 /data/time/ats_15
01-03 00:51:14.955 572 572 D QC-time-services: Daemon:time_persistent_memory_opr:Genoff Read operation
01-03 00:51:14.955 572 572 D QC-time-services: Daemon:Open File: /data/time/ats_15
01-03 00:51:14.957 538 538 D vndksupport: Loading /vendor/lib64/hw/lights.msm8953.so from current namespace instead of sphal namespace.
01-03 00:51:14.961 563 619 I adbd : initializing functionfs
01-03 00:51:14.961 563 619 I adbd : opening control endpoint /dev/usb- ffs/adb/ep0
01-03 00:51:14.965 526 526 I [email protected]/: [email protected]/backup: Hal starting main loop...
01-03 00:51:14.965 526 526 I [email protected]/: [email protected]/backup Hal is starting up...
01-03 00:51:14.967 591 591 I media.codec: IOmx HAL service created.
01-03 00:51:14.967 542 542 I ServiceManagement: Removing namespace from process name [email protected] to [email protected].
01-03 00:51:14.968 466 466 W hwservicemanager: getTransport: Cannot find entry [email protected]::IHealth/default in either framework or device manifest.
01-03 00:51:14.969 542 542 I [email protected]: Registration complete for [email protected]::IThermal/default.
01-03 00:51:14.971 537 537 I ServiceManagement: Removing namespace from process name [email protected]_mido to [email protected]_mido.
01-03 00:51:14.973 563 619 I adbd : functionfs successfully initialized
01-03 00:51:14.973 563 619 I adbd : registering usb transport
01-03 00:51:14.974 572 572 D QC-time-services: Daemon:genoff_pre_init::Base = 16
01-03 00:51:14.974 572 572 D QC-time-services: Daemon: Storage Name: ats_16
01-03 00:51:14.974 572 572 D QC-time-services: Daemon:Opening File: /persist/time/ats_16 /data/time/ats_16
01-03 00:51:14.974 572 572 D QC-time-services: Daemon:time_persistent_memory_opr:Genoff Read operation
01-03 00:51:14.974 572 572 D QC-time-services: Daemon:Open File: /data/time/ats_16
01-03 00:51:14.975 466 466 E SELinux : avc: denied { add } for interface=android.hardware.ir::IConsumerIr pid=537 scontext=u:r:init:s0 tcontext=u:object_r:hal_ir_hwservice:s0 tclass=hwservice_manager permissive=1
01-03 00:51:14.975 537 537 I [email protected]_8996: ConsumerIr HAL Ready.
01-03 00:51:14.979 557 557 D QSEECOMD: : Init dlopen(libssd.so, RTLD_NOW) succeeds
01-03 00:51:14.979 557 557 D QSEECOMD: : Init::Init dlsym(g_FSHandle ssd_init_service) succeeds
01-03 00:51:14.979 557 557 E SSD : ssd_init_service succeeded!
01-03 00:51:14.979 557 557 D QSEECOMD: : Init ssd_init_service ret = 0
01-03 00:51:14.979 557 557 D QSEECOMD: : SSD system services: init (Listener ID = 12288)
01-03 00:51:14.979 557 557 E QSEECOMD: : Listener: index = 2, hierarchy = 0
01-03 00:51:14.979 545 545 D vndksupport: Loading /vendor/lib64/hw/vr.msm8953.so from current namespace instead of sphal namespace.
01-03 00:51:14.979 572 572 D QC-time-services: Daemon:genoff_init_config: Other bases initilized, exiting genoff_init
01-03 00:51:14.980 556 608 D PerMgrSrv: modem state: is off-line, add client PM-PROXY-THREAD
01-03 00:51:14.980 556 608 D PerMgrSrv: PM-PROXY-THREAD registered
01-03 00:51:14.980 572 572 D QC-time-services: Daemon:rtc_get: Time read from RTC -- MM/DD/YY HH:MM:SS0/2/70 23:51:14
01-03 00:51:14.980 572 572 D QC-time-services: Daemon rtc_get: seconds = 172274
01-03 00:51:14.980 572 572 D QC-time-services: Daemon:Value read from RTC mseconds = 172274000
01-03 00:51:14.980 572 572 D QC-time-services: Daemon:Value read from QTimer mseconds = 13939
01-03 00:51:14.980 572 572 D QC-time-services: Daemon:genoff_opr: Base = 1, val = 0, operation = 1
01-03 00:51:14.980 572 572 D QC-time-services: Daemon: genoff get for 1
01-03 00:51:14.980 572 572 D QC-time-services: Daemon:Value read from QTimer mseconds = 13939
01-03 00:51:14.980 572 572 D QC-time-services: Daemon:Value read from RTC mseconds on boot = 172274000
01-03 00:51:14.980 572 572 D QC-time-services: Daemon:Value read from QTimer mseconds = 13939
01-03 00:51:14.980 572 572 D QC-time-services: Daemon:Value read from generic offset = 1538256720800
01-03 00:51:14.980 572 572 D QC-time-services: Daemon:Delta read on boot mseconds = 172260061
01-03 00:51:14.980 572 572 D QC-time-services: Daemon:Final Time = 1538428994800
01-03 00:51:14.980 572 572 E QC-time-services: Daemon:genoff_boot_tod_init: Updating system time to sec=1538428994, usec=800000
10-01 23:23:14.802 586 586 I mediametrics: ServiceManager: 0x720e43d740
10-01 23:23:14.802 528 528 D vndksupport: Loading /vendor/lib64/hw/[email protected] from current namespace instead of sphal namespace.
10-01 23:23:14.802 586 586 D MediaAnalyticsService: MediaAnalyticsService created
10-01 23:23:14.805 564 564 D PerMgrLib: PM-PROXY-THREAD successfully registered for modem
10-01 23:23:14.805 564 564 I PerMgrProxy: Casting proxy vote for modem
10-01 23:23:14.805 564 564 D PerMgrLib: PM-PROXY-THREAD voting for modem
10-01 23:23:14.805 526 526 I [email protected]/: [email protected]/backup: Hal init done
10-01 23:23:14.810 556 608 D PerMgrSrv: PM-PROXY-THREAD voting for modem
10-01 23:23:14.810 556 608 D PerMgrSrv: modem new state: going on-line
10-01 23:23:14.810 556 608 D PerMgrSrv: modem num voters is 1
10-01 23:23:14.811 564 564 I PerMgrProxy: pm-proxy-thread vote successful for modem
10-01 23:23:14.814 545 545 I ServiceManagement: Removing namespace from process name [email protected] to [email protected].
10-01 23:23:14.814 528 528 I ServiceManagement: Removing namespace from process name [email protected] to [email protected].
10-01 23:23:14.815 545 545 I [email protected]: Registration complete for [email protected]::IVr/default.
10-01 23:23:14.816 528 528 I [email protected]: Registration complete for [email protected]::IBluetoothHci/default.
10-01 23:23:14.816 572 627 D QC-time-services: Daemon: Time-services: All initializations done
10-01 23:23:14.816 572 627 E QC-time-services: Daemon: Time-services: Waiting to acceptconnection
10-01 23:23:14.816 572 625 D QC-time-services: Daemon:genoff_modem_qmi_service_request: Initiallizing QMI
10-01 23:23:14.818 572 625 E QMI_FW : QMUXD: WARNING qmi_qmux_if_pwr_up_init failed! rc=-6
10-01 23:23:14.818 572 625 E QC-time-services: Daemon:genoff_modem_qmi_service_request: qmi_client_get_service_list returned -2num_services 0
10-01 23:23:14.818 572 624 D QC-time-services: Daemon:genoff_wlan_qmi_service_request: Initiallizing QMI
10-01 23:23:14.818 572 624 E QC-time-services: Daemon:genoff_wlan_qmi_service_request: qmi_client_get_service_list returned -2num_services 0
10-01 23:23:14.821 574 574 D /system/vendor/bin/adsprpcd: vendor/qcom/proprietary/adsprpc/src/fastrpc_apps_user.c:1151: Error 57: apps_dev_init failed. domain 0, errno Operation not permitted
10-01 23:23:14.821 574 574 D /system/vendor/bin/adsprpcd: vendor/qcom/proprietary/adsprpc/src/fastrpc_apps_user.c:1234: Error 57: open dev -1 for domain 0 failed
10-01 23:23:14.821 574 574 D /system/vendor/bin/adsprpcd: vendor/qcom/proprietary/adsprpc/src/fastrpc_apps_user.c:663: Error 2c: remote handle invoke failed. domain 1838660123, handle ffffffff, sc 0, pra 0x0
10-01 23:23:14.822 574 574 E /system/vendor/bin/adsprpcd: vendor/qcom/proprietary/adsprpc/src/adsprpcd.c:43:adsp daemon will restart after 25ms...
10-01 23:23:14.823 551 551 D : tui_comm: svc service starting :)
10-01 23:23:14.823 551 551 I ServiceManagement: Removing namespace from process name [email protected] to [email protected].
10-01 23:23:14.823 554 554 I tftp_server: pid=554 tid=554 tftp-server : INF : [tftp_os_la.c, 121] mkdir failed: [17] [/data/vendor/tombstones/rfs/modem] [File exists]
10-01 23:23:14.823 554 554 I tftp_server: pid=554 tid=554 tftp-server : INF : [tftp_os_la.c, 141] chown failed: [1] [/data/vendor/tombstones/rfs/modem] [Operation not permitted]
10-01 23:23:14.823 554 554 I tftp_server: pid=554 tid=554 tftp-server : INF : [tftp_os_la.c, 141] chown failed: [1] [/data/vendor/tombstones/rfs/modem] [Operation not permitted]
10-01 23:23:14.823 554 554 I tftp_server: pid=554 tid=554 tftp-server : INF : [tftp_os_la.c, 121] mkdir failed: [17] [/data/vendor/tombstones/rfs/modem/] [File exists]
10-01 23:23:14.824 554 554 I tftp_server: pid=554 tid=554 tftp-server : INF : [tftp_os_la.c, 141] chown failed: [1] [/data/vendor/tombstones/rfs/modem/] [Operation not permitted]
10-01 23:23:14.824 554 554 I tftp_server: pid=554 tid=554 tftp-server : INF : [tftp_os_la.c, 121] mkdir failed: [17] [/data/vendor/tombstones/rfs/lpass] [File exists]
10-01 23:23:14.824 554 554 I tftp_server: pid=554 tid=554 tftp-server : INF : [tftp_os_la.c, 141] chown failed: [1] [/data/vendor/tombstones/rfs/lpass] [Operation not permitted]
10-01 23:23:14.824 554 554 I tftp_server: pid=554 tid=554 tftp-server : INF : [tftp_os_la.c, 141] chown failed: [1] [/data/vendor/tombstones/rfs/lpass] [Operation not permitted]
10-01 23:23:14.824 554 554 I tftp_server: pid=554 tid=554 tftp-server : INF : [tftp_os_la.c, 121] mkdir failed: [17] [/data/vendor/tombstones/rfs/lpass/] [File exists]
10-01 23:23:14.824 554 554 I tftp_server: pid=554 tid=554 tftp-server : INF : [tftp_os_la.c, 141] chown failed: [1] [/data/vendor/tombstones/rfs/lpass/] [Operation not permitted]
10-01 23:23:14.824 554 554 I tftp_server: pid=554 tid=554 tftp-server : INF : [tftp_os_la.c, 121] mkdir failed: [17] [/data/vendor/tombstones/rfs/tn] [File exists]
10-01 23:23:14.824 554 554 I tftp_server: pid=554 tid=554 tftp-server : INF : [tftp_os_la.c, 141] chown failed: [1] [/data/vendor/tombstones/rfs/tn] [Operation not permitted]
10-01 23:23:14.824 554 554 I tftp_server: pid=554 tid=554 tftp-server : INF : [tftp_os_la.c, 141] chown failed: [1] [/data/vendor/tombstones/rfs/tn] [Operation not permitted]
10-01 23:23:14.824 554 554 I tftp_server: pid=554 tid=554 tftp-server : INF : [tftp_os_la.c, 121] mkdir failed: [17] [/data/vendor/tombstones/rfs/tn/] [File exists]
10-01 23:23:14.824 554 554 I tftp_server: pid=554 tid=554 tftp-server : INF : [tftp_os_la.c, 141] chown failed: [1] [/data/vendor/tombstones/rfs/tn/] [Operation not permitted]
10-01 23:23:14.824 554 554 I tftp_server: pid=554 tid=554 tftp-server : INF : [tftp_os_la.c, 121] mkdir failed: [17] [/data/vendor/tombstones/rfs/slpi] [File exists]
10-01 23:23:14.824 554 554 I tftp_server: pid=554 tid=554 tftp-server : INF : [tftp_os_la.c, 141] chown failed: [1] [/data/vendor/tombstones/rfs/slpi] [Operation not permitted]
10-01 23:23:14.824 554 554 I tftp_server: pid=554 tid=554 tftp-server : INF : [tftp_os_la.c, 141] chown failed: [1] [/data/vendor/tombstones/rfs/slpi] [Operation not permitted]
10-01 23:23:14.824 554 554 I tftp_server: pid=554 tid=554 tftp-server : INF : [tftp_os_la.c, 121] mkdir failed: [17] [/data/vendor/tombstones/rfs/slpi/] [File exists]
10-01 23:23:14.824 554 554 I tftp_server: pid=554 tid=554 tftp-server : INF : [tftp_os_la.c, 141] chown failed: [1] [/data/vendor/tombstones/rfs/slpi/] [Operation not permitted]
10-01 23:23:14.824 554 554 I tftp_server: pid=554 tid=554 tftp-server : INF : [tftp_os_la.c, 121] mkdir failed: [17] [/persist/rfs/shared] [File exists]
10-01 23:23:14.824 554 554 I tftp_server: pid=554 tid=554 tftp-server : INF : [tftp_os_la.c, 121] mkdir failed: [17] [/persist/rfs/shared/] [File exists]
10-01 23:23:14.824 554 554 I tftp_server: pid=554 tid=554 tftp-server : INF : [tftp_os_la.c, 121] mkdir failed: [17] [/persist/rfs/msm/mpss] [File exists]
10-01 23:23:14.824 554 554 I tftp_server: pid=554 tid=554 tftp-server : INF : [tftp_os_la.c, 121] mkdir failed: [17] [/persist/rfs/msm/mpss/] [File exists]
10-01 23:23:14.824 554 554 I tftp_server: pid=554 tid=554 tftp-server : INF : [tftp_os_la.c, 121] mkdir failed: [17] [/persist/rfs/msm/adsp] [File exists]
10-01 23:23:14.824 554 554 I tftp_server: pid=554 tid=554 tftp-server : INF : [tftp_os_la.c, 121] mkdir failed: [17] [/persist/rfs/msm/adsp/] [File exists]
10-01 23:23:14.824 554 554 I tftp_server: pid=554 tid=554 tftp-server : INF : [tftp_os_la.c, 121] mkdir failed: [17] [/persist/rfs/msm/slpi] [File exists]
10-01 23:23:14.824 554 554 I tftp_server: pid=554 tid=554 tftp-server : INF : [tftp_os_la.c, 121] mkdir failed: [17] [/persist/rfs/msm/slpi/] [File exists]
10-01 23:23:14.824 554 554 I tftp_server: pid=554 tid=554 tftp-server : INF : [tftp_os_la.c, 121] mkdir failed: [17] [/persist/rfs/mdm/mpss] [File exists]
10-01 23:23:14.824 554 554 I tftp_server: pid=554 tid=554 tftp-server : INF : [tftp_os_la.c, 121] mkdir failed: [17] [/persist/rfs/mdm/mpss/] [File exists]
10-01 23:23:14.824 554 554 I tftp_server: pid=554 tid=554 tftp-server : INF : [tftp_os_la.c, 121] mkdir failed: [17] [/persist/rfs/mdm/adsp] [File exists]
10-01 23:23:14.824 554 554 I tftp_server: pid=554 tid=554 tftp-server : INF : [tftp_os_la.c, 121] mkdir failed: [17] [/persist/rfs/mdm/adsp/] [File exists]
10-01 23:23:14.824 554 554 I tftp_server: pid=554 tid=554 tftp-server : INF : [tftp_os_la.c, 121] mkdir failed: [17] [/persist/rfs/mdm/slpi] [File exists]
10-01 23:23:14.824 554 554 I tftp_server: pid=554 tid=554 tftp-server : INF : [tftp_os_la.c, 121] mkdir failed: [17] [/persist/rfs/mdm/slpi/] [File exists]
10-01 23:23:14.824 554 554 I tftp_server: pid=554 tid=554 tftp-server : INF : [tftp_os_la.c, 121] mkdir failed: [17] [/persist/rfs/mdm/tn] [File exists]
10-01 23:23:14.824 554 554 I tftp_server: pid=554 tid=554 tftp-server : INF : [tftp_os_la.c, 121] mkdir failed: [17] [/persist/rfs/mdm/tn/] [File exists]
10-01 23:23:14.824 554 554 I tftp_server: pid=554 tid=554 tftp-server : INF : [tftp_os_la.c, 121] mkdir failed: [17] [/persist/rfs/apq/gnss] [File exists]
10-01 23:23:14.824 554 554 I tftp_server: pid=554 tid=554 tftp-server : INF : [tftp_os_la.c, 121] mkdir failed: [17] [/persist/rfs/apq/gnss/] [File exists]
10-01 23:23:14.824 554 554 I tftp_server: pid=554 tid=554 tftp-server : INF : [tftp_os_la.c, 121] mkdir failed: [17] [/persist/hlos_rfs/shared] [File exists]
10-01 23:23:14.824 554 554 I tftp_server: pid=554 tid=554 tftp-server : INF : [tftp_os_la.c, 121] mkdir failed: [17] [/persist/hlos_rfs/shared/] [File exists]
10-01 23:23:14.830 573 573 I ThermalEngine: Thermal daemon started
10-01 23:23:14.830 573 573 I ThermalEngine: No target config file, falling back to 'system/vendor/etc/thermal-engine.conf'
10-01 23:23:14.830 573 573 I ThermalEngine: devices_manager_init: Init
10-01 23:23:14.830 573 573 I ThermalEngine: Number of gpus :1
10-01 23:23:14.830 573 573 I Thermal-IOCTL: KTM IOCTL interface "/dev/msm_thermal_query" opened
10-01 23:23:14.830 573 573 E ThermalEngine: update_cpu_topology: Cluster Info[0]. Cluster Id: 0 cpu_bits:0xf sync:1
10-01 23:23:14.830 573 573 E ThermalEngine: update_cpu_topology: Cluster Info[1]. Cluster Id: 1 cpu_bits:0xf0 sync:1
10-01 23:23:14.831 573 573 I ThermalEngine: vdd_rstr_init: Init KTM VDD RSTR enabled: 0
10-01 23:23:14.839 466 466 E SELinux : avc: denied { add } for interface=vendor.qti.hardware.tui_comm::ITuiComm pid=551 scontext=u:r:init:s0 tcontext=u:object_r:default_android_hwservice:s0 tclass=hwservice_manager permissive=1
10-01 23:23:14.840 538 538 D vndksupport: Loading /vendor/lib64/hw/lights.msm8953.so from current namespace instead of sphal namespace.
10-01 23:23:14.840 538 538 E light : light_open lights keyboard failed: -22
10-01 23:23:14.840 538 538 E light : Light passthrough failed to load legacy HAL.
10-01 23:23:14.840 538 538 D vndksupport: Loading /vendor/lib64/hw/lights.msm8953.so from current namespace instead of sphal namespace.
10-01 23:23:14.841 538 538 D vndksupport: Loading /vendor/lib64/hw/lights.msm8953.so from current namespace instead of sphal namespace.
10-01 23:23:14.841 551 551 E : Registered ITuiComm HAL service success!
10-01 23:23:14.841 538 538 D vndksupport: Loading /vendor/lib64/hw/lights.msm8953.so from current namespace instead of sphal namespace.
10-01 23:23:14.841 538 538 I chatty : uid=1000(system) [email protected] identical 1 line
10-01 23:23:14.841 538 538 D vndksupport: Loading /vendor/lib64/hw/lights.msm8953.so from current namespace instead of sphal namespace.
10-01 23:23:14.841 538 538 E light : light_open lights bluetooth failed: -22
10-01 23:23:14.841 538 538 E light : Light passthrough failed to load legacy HAL.
10-01 23:23:14.841 538 538 D vndksupport: Loading /vendor/lib64/hw/lights.msm8953.so from current namespace instead of sphal namespace.
10-01 23:23:14.842 538 538 E light : light_open lights wifi failed: -22
10-01 23:23:14.842 538 538 E light : Light passthrough failed to load legacy HAL.
10-01 23:23:14.844 541 541 E libsensor1: check_sensors_enabled: Sensors enabled = true
10-01 23:23:14.848 574 574 D /system/vendor/bin/adsprpcd: vendor/qcom/proprietary/adsprpc/src/fastrpc_apps_user.c:1151: Error 57: apps_dev_init failed. domain 0, errno Operation not permitted
10-01 23:23:14.848 574 574 D /system/vendor/bin/adsprpcd: vendor/qcom/proprietary/adsprpc/src/fastrpc_apps_user.c:1234: Error 57: open dev -1 for domain 0 failed
10-01 23:23:14.848 574 574 D /system/vendor/bin/adsprpcd: vendor/qcom/proprietary/adsprpc/src/fastrpc_apps_user.c:663: Error 2c: remote handle invoke failed. domain 1838660123, handle ffffffff, sc 0, pra 0x0
10-01 23:23:14.848 574 574 E /system/vendor/bin/adsprpcd: vendor/qcom/proprietary/adsprpc/src/adsprpcd.c:43:adsp daemon will restart after 25ms...
10-01 23:23:14.851 538 538 I ServiceManagement: Removing namespace from process name [email protected] to [email protected].
10-01 23:23:14.857 538 538 I [email protected]: Registration complete for [email protected]::ILight/default.
10-01 23:23:14.859 540 540 I [email protected]: Power HAL Service 1.0 for QCOM is starting.
10-01 23:23:14.859 540 540 I QCOM PowerHAL: QCOM power HAL initing.
10-01 23:23:14.859 540 540 I ServiceManagement: Removing namespace from process name [email protected] to [email protected].
