10-01 23:23:29.575 562 1276 D FingerGoodix: gx_ta_send_command, cmd = 18
10-01 23:23:29.578 1469 1604 I WindowManager: ******* TELLING SURFACE FLINGER WE ARE BOOTED!
10-01 23:23:29.579 560 1214 I SurfaceFlinger: Boot is finished (13830 ms)
10-01 23:23:29.579 562 1276 D FingerGoodix: fnCa_GetStatus(), out
10-01 23:23:29.579 562 1276 D FingerGoodix: gf_netlink_event 440 status 0x0 g_mode 0 g_state 1
10-01 23:23:29.579 562 1276 D FingerGoodix: g_mode = 0
10-01 23:23:29.579 562 1276 D FingerGoodix: #### Invalid int. g_mode = 0
10-01 23:23:29.583 1469 1604 I SystemServiceManager: Starting phase 1000
10-01 23:23:29.584 540 540 E QCOM PowerHAL: Failed to acquire lock.
10-01 23:23:29.586 1469 1604 D ColorDisplayService: setUp: currentUser=0
10-01 23:23:29.588 1469 1604 D ColorDisplayService: onAutoModeChanged: autoMode=1
10-01 23:23:29.589 1469 1604 I ColorDisplayService: Turning on night display
10-01 23:23:29.593 1469 1604 D ActivityManager: Finishing user boot 0
10-01 23:23:29.593 1469 1604 I ActivityManager: User 0 state changed from BOOTING to RUNNING_LOCKED
10-01 23:23:29.594 1469 1604 D ActivityManager: Started unlocking user 0
10-01 23:23:29.594 1469 1604 D ActivityManager: Unlocking user 0 progress 0
10-01 23:23:29.594 1469 1604 D ActivityManager: Unlocking user 0 progress 5
10-01 23:23:29.595 470 479 D vold : e4crypt_prepare_user_storage for volume null, user 0, serial 0, flags 2
10-01 23:23:29.595 470 479 D vold : Preparing: /data/system_ce/0
10-01 23:23:29.595 470 479 D vold : Preparing: /data/misc_ce/0
10-01 23:23:29.595 470 479 D vold : Preparing: /data/vendor_ce/0
10-01 23:23:29.597 470 479 D vold : Preparing: /data/media/0
10-01 23:23:29.597 470 479 D vold : Preparing: /data/data
10-01 23:23:29.597 470 479 V vold : Starting restorecon of /data/system_ce/0
10-01 23:23:29.606 2523 2551 W DndManagerImpl: Notification policy access denied when removing rule
10-01 23:23:29.614 2606 2606 I bootstat: Service started: /system/bin/bootstat --set_system_boot_reason --record_boot_complete --record_boot_reason --record_time_since_factory_reset -l
10-01 23:23:29.626 2560 2560 I AlarmClock: AlarmInitReceiver android.intent.action.LOCKED_BOOT_COMPLETED
10-01 23:23:29.633 2523 2523 E ClientLoggingReceiver: Logging to Clearcut failed.
10-01 23:23:29.633 2523 2523 E ClientLoggingReceiver: agc: Status{statusCode=Log dropped in direct boot mode, resolution=null}
10-01 23:23:29.633 2523 2523 E ClientLoggingReceiver: at eko.a(Unknown Source:6)
10-01 23:23:29.633 2523 2523 E ClientLoggingReceiver: at deo.a(PG:4)
10-01 23:23:29.633 2523 2523 E ClientLoggingReceiver: at caz.handleMessage(PG:7)
10-01 23:23:29.633 2523 2523 E ClientLoggingReceiver: at android.os.Handler.dispatchMessage(Handler.java:106)
10-01 23:23:29.633 2523 2523 E ClientLoggingReceiver: at android.os.Looper.loop(Looper.java:193)
10-01 23:23:29.633 2523 2523 E ClientLoggingReceiver: at android.app.ActivityThread.main(ActivityThread.java:6669)
10-01 23:23:29.633 2523 2523 E ClientLoggingReceiver: at java.lang.reflect.Method.invoke(Native Method)
10-01 23:23:29.633 2523 2523 E ClientLoggingReceiver: at com.android.internal.os.RuntimeInit$MethodAndArgsCaller.run(RuntimeInit.java:495)
10-01 23:23:29.633 2523 2523 E ClientLoggingReceiver: at com.android.internal.os.ZygoteInit.main(ZygoteInit.java:858)
10-01 23:23:29.636 2560 2585 I AlarmClock: Removing AlarmClockInfo
10-01 23:23:29.639 2606 2606 I bootstat: Canonical boot reason: reboot,userrequested
10-01 23:23:29.653 1469 1588 I ActivityManager: Start proc 2613:com.qualcomm.qcrilmsgtunnel/1001 for broadcast com.qualcomm.qcrilmsgtunnel/.QcrilMsgTunnelAutoboot
10-01 23:23:29.664 2613 2613 I Zygote : seccomp disabled by setenforce 0
10-01 23:23:29.664 2606 2606 E bootstat: Failed to read /data/misc/bootstat/post_decrypt_time_elapsed: No such file or directory
10-01 23:23:29.664 2606 2606 E bootstat: Failed to parse boot time record: /data/misc/bootstat/post_decrypt_time_elapsed
10-01 23:23:29.665 470 479 V vold : Finished restorecon of /data/system_ce/0
10-01 23:23:29.665 470 479 V vold : Starting restorecon of /data/misc_ce/0
10-01 23:23:29.669 2613 2613 E .qcrilmsgtunne: Not starting debugger since process cannot load the jdwp agent.
10-01 23:23:29.671 2474 2611 E GservicesValue: Gservices key not whitelisted for directboot access: gms:chimera:dev_module_blacklist
10-01 23:23:29.681 2474 2611 I DynamiteModule: Considering local module com.google.android.gms.googlecertificates:4 and remote module com.google.android.gms.googlecertificates:4
10-01 23:23:29.681 2474 2611 I DynamiteModule: Selected local version of com.google.android.gms.googlecertificates
10-01 23:23:29.720 470 479 V vold : Finished restorecon of /data/misc_ce/0
10-01 23:23:29.720 470 479 V vold : /system/bin/vold_prepare_subdirs
10-01 23:23:29.720 470 479 V vold : prepare
10-01 23:23:29.720 470 479 V vold :
10-01 23:23:29.720 470 479 V vold : 0
10-01 23:23:29.720 470 479 V vold : 2
10-01 23:23:29.721 2613 2613 W .qcrilmsgtunne: Failure to verify dex file '/system/framework/android.hidl.manager-V1.0-java.jar': Constructor 211(Landroid/os/HidlSupport$Mutable;.<init>) flagged inappropriately 21
10-01 23:23:29.741 470 479 I vold_prepare_subdirs: SELinux: Loaded file_contexts
10-01 23:23:29.743 2613 2613 D QcrilMsgTunnelAutoboot: ComponentInfo{com.qualcomm.qcrilmsgtunnel/com.qualcomm.qcrilmsgtunnel.QcrilMsgTunne lService} started successfully
10-01 23:23:29.744 2613 2613 D QcrilMsgTunnelService: onCreate method
10-01 23:23:29.744 2634 2634 D vold_prepare_subdirs: Setting up mode 700 uid 0 gid 0 context u:object_r:vold_data_file:s0 on path: /data/misc_ce/0/vold
10-01 23:23:29.745 2613 2613 D QcrilMsgTunnelIfaceManager: :Instantiated
10-01 23:23:29.745 2130 2130 D QtiTelephonyService BootReceiver: onReceive: Intent { act=android.intent.action.LOCKED_BOOT_COMPLETED flg=0x9000010 cmp=com.qualcomm.qti.telephonyservice/.BootReceiver (has extras) }
10-01 23:23:29.746 2613 2613 I QcrilOemhookMsgTunnel: [null]Starting QcrilOemhookMsgTunnel
10-01 23:23:29.747 2634 2634 D vold_prepare_subdirs: Setting up mode 700 uid 0 gid 0 context u:object_r:storaged_data_file:s0 on path: /data/misc_ce/0/storaged
10-01 23:23:29.748 2130 2130 D QtiTelephonyService BootReceiver: Successfully started service
10-01 23:23:29.748 2613 2613 I android_os_HwBinder: HwBinder: Starting thread pool for oemhook0::[email protected]::IQtiOemHook
10-01 23:23:29.749 2130 2130 I QtiTelephonyService: onCreate:
10-01 23:23:29.759 2613 2613 I QcrilOemhookMsgTunnel: [0]initOemHook:setCallback [email protected]::IQtiOemHookResponse@Stub [email protected]::IQtiOemHookIndication@Stub
10-01 23:23:29.760 1469 1602 V UserDataPreparer: Found /data/user/0 with serial number 0
10-01 23:23:29.761 1469 1602 V UserDataPreparer: Found /data/system_ce/0 with serial number 0
10-01 23:23:29.761 2613 2613 I android_os_HwBinder: HwBinder: Starting thread pool for default::[email protected]::IServiceManager
10-01 23:23:29.761 1469 1602 D UserDataPreparer: Setting property: sys.user.0.ce_available=true
10-01 23:23:29.762 1469 1602 V PackageManager: reconcileAppsData for null u0 0x2 migrateAppData=false
10-01 23:23:29.762 2613 2613 I QcrilOemhookMsgTunnel: [0]registerForServiceNotifications: ret=true
10-01 23:23:29.762 2613 2613 D QcrilMsgTunnelIfaceManager: Registered SUB0 for UNSOL OEM HOOK to deliver external apps
10-01 23:23:29.762 2613 2613 I QcrilOemhookMsgTunnel: [null]Starting QcrilOemhookMsgTunnel
10-01 23:23:29.764 2613 2613 I android_os_HwBinder: HwBinder: Starting thread pool for oemhook1::[email protected]::IQtiOemHook
10-01 23:23:29.765 2613 2613 I QcrilOemhookMsgTunnel: [1]initOemHook:setCallback [email protected]::IQtiOemHookResponse@Stub [email protected]::IQtiOemHookIndication@Stub
10-01 23:23:29.766 2613 2613 I android_os_HwBinder: HwBinder: Starting thread pool for default::[email protected]::IServiceManager
10-01 23:23:29.767 2613 2613 I QcrilOemhookMsgTunnel: [1]registerForServiceNotifications: ret=true
10-01 23:23:29.767 2613 2613 D QcrilMsgTunnelIfaceManager: Registered SUB1 for UNSOL OEM HOOK to deliver external apps
10-01 23:23:29.768 2613 2613 D QcrilMsgTunnelService: Returning mHookIface for QcrilMsgTunnelService binding.
10-01 23:23:29.770 2130 2130 D QtiTelephonyServiceImpl: Service created. Version=1
10-01 23:23:29.771 1469 1588 I ActivityManager: Start proc 2645:com.urbandroid.sleep/u0a170 for broadcast com.urbandroid.sleep/.alarmclock.lockedboot.LockedBootReceiver
10-01 23:23:29.771 2645 2645 I Zygote : seccomp disabled by setenforce 0
10-01 23:23:29.774 2130 2130 I android_os_HwBinder: HwBinder: Starting thread pool for default::[email protected]::IServiceManager
10-01 23:23:29.775 2130 2651 D QcRilAudio: onRegistration: [email protected]::IQcRilAudio name=slot1
10-01 23:23:29.776 2645 2645 E rbandroid.slee: Not starting debugger since process cannot load the jdwp agent.
10-01 23:23:29.777 2130 2651 D QcRilAudio: initHal
10-01 23:23:29.778 2130 2130 I android_os_HwBinder: HwBinder: Starting thread pool for default::[email protected]::IServiceManager
10-01 23:23:29.778 2130 2651 I android_os_HwBinder: HwBinder: Starting thread pool for slot1::[email protected]::IQcRilAudio
10-01 23:23:29.779 2130 2130 D QtiTelephonyService: Service started
10-01 23:23:29.781 1469 1603 D BluetoothManagerService: MESSAGE_RESTART_BLUETOOTH_SERVICE
10-01 23:23:29.781 2130 2651 D QcRilAudio: onRegistration: [email protected]::IQcRilAudio name=slot2
10-01 23:23:29.781 2130 2651 D QcRilAudio: initHal
10-01 23:23:29.783 2130 2651 I android_os_HwBinder: HwBinder: Starting thread pool for slot2::[email protected]::IQcRilAudio
10-01 23:23:29.816 582 630 W cutils : Expected path /data/data/com.google.android.apps.authenticator2 with mode 751 but found 700
10-01 23:23:29.818 1469 1511 W ActivityManager: Unable to start service Intent { act=android.intent.action.QUICKSTEP_SERVICE pkg=com.android.launcher3 } U=0: not found
10-01 23:23:29.818 1907 1907 W OverviewProxyService: Failed to connect on attempt 2 will try again in 10000ms
10-01 23:23:29.902 582 630 W cutils : Expected path /data/data/com.google.android.gms with mode 700 but found 711
10-01 23:23:29.912 767 815 I LOWI-8.5.0.3.a: [LOWIController] isWifiEnabled: Wifi is now enabled
10-01 23:23:29.911 546 546 I WifiHAL : Initializing wifi
10-01 23:23:29.913 767 815 I LOWI-8.5.0.3.a: [LOWI-ROME-RTT] RomeWipsOpen: libCld80211 found, load the symbols..
10-01 23:23:29.913 546 546 E CLD80211: /vendor/bin/hw/[email protected]: Could not resolve cld80211 familty id
10-01 23:23:29.913 767 815 E CLD80211: lowi-server: Could not resolve cld80211 familty id
10-01 23:23:29.960 767 815 I LOWI-8.5.0.3.a: [LOWI-ROME-RTT] RomeWipsOpen: Init and Registration failed
10-01 23:23:29.960 767 815 I LOWI-8.5.0.3.a: [LOWIDiagLog] is Logging Enabled for LOWI log code? :0
10-01 23:23:29.960 546 546 E WifiHAL : acquire_driver_supported_features: requestResponse Error:-3
10-01 23:23:29.960 546 546 I WifiHAL : Failed to get vendor feature set : -1
10-01 23:23:29.960 546 546 E WifiHAL : get_firmware_bus_max_size_supported: requestResponse Error:-3
10-01 23:23:29.960 546 546 E WifiHAL : Failed to get supported bus size, error : -3
10-01 23:23:29.960 546 546 E WifiHAL : wifi_logger_ring_buffers_init: Ring buffer logging feature not supported 0
10-01 23:23:29.960 546 546 E WifiHAL : Wifi Logger Ring Initialization Failed
10-01 23:23:29.961 546 546 E WifiHAL : wifiParseCapabilities: QCA_WLAN_VENDOR_ATTR_GSCAN_RESULTS_CAPABILITIES_MAX_NUM_EPNO_NETS not found. Set to 0.
10-01 23:23:29.961 767 815 I LOWI-8.5.0.3.a: [LOWI-Scan] lowi_close_record:Scan completed in 1ms and Recieved 0 APs scan results
10-01 23:23:29.961 546 546 E WifiHAL : wifiParseCapabilities: QCA_WLAN_VENDOR_ATTR_GSCAN_RESULTS_CAPABILITIES_MAX_NUM_EPNO_NETS_BY_SSID not found. Set to 0.
10-01 23:23:29.961 767 815 I LOWI-8.5.0.3.a: [LOWI-Scan] No frequency specified. Can not trigger fresh scan, cached scan failed
10-01 23:23:29.961 546 546 E WifiHAL : wifiParseCapabilities: QCA_WLAN_VENDOR_ATTR_GSCAN_RESULTS_CAPABILITIES_MAX_NUM_WHITELISTED_SSID not found. Set to 0.
10-01 23:23:29.961 546 546 E WifiHAL : wifiParseCapabilities: QCA_WLAN_VENDOR_ATTR_GSCAN_RESULTS_CAPABILITIES_MAX_NUM_BLACKLIST_BSSID not found. Set to 0.
10-01 23:23:29.962 546 546 I [email protected]: Adding interface handle for wlan0
10-01 23:23:29.962 546 546 I [email protected]: Adding interface handle for p2p0
10-01 23:23:29.962 546 546 I [email protected]: Configured chip in mode 0
10-01 23:23:29.974 546 546 I WifiHAL : mpdu_size_threshold : 128, aggressive_statistics_gathering : 0
10-01 23:23:29.975 1469 1783 D WificondControl: Setting up interface for client mode
10-01 23:23:29.977 590 590 I wificond: create scanner for interface with index: 22
10-01 23:23:29.977 590 590 I wificond: subscribe scan result for interface with index: 22
10-01 23:23:29.978 466 466 W hwservicemanager: getTransport: Cannot find entry [email protected]::IOffload/default in either framework or device manifest.
10-01 23:23:29.979 590 590 E wificond: No Offload Service available
10-01 23:23:29.979 590 590 I wificond: Offload HAL not supported
10-01 23:23:29.982 1469 1783 E SupplicantStaIfaceHal: Can't call setupIface, ISupplicantStaIface is null
10-01 23:23:29.983 1469 1783 I android_os_HwBinder: HwBinder: Starting thread pool for default::[email protected]::ISupplicant
10-01 23:23:29.987 1469 1783 I android_os_HwBinder: HwBinder: Starting thread pool for default::[email protected]::ISupplicant
10-01 23:23:29.988 1926 1926 D wpa_supplicant: Override interface parameter: ctrl_interface ('(null)' -> '/data/vendor/wifi/wpa/sockets')
10-01 23:23:29.988 1926 1926 D wpa_supplicant: Initializing interface 'wlan0' conf '/data/vendor/wifi/wpa/wpa_supplicant.conf' driver 'nl80211' ctrl_interface '/data/vendor/wifi/wpa/sockets' bridge 'N/A'
10-01 23:23:29.988 1926 1926 D wpa_supplicant: Configuration file '/data/vendor/wifi/wpa/wpa_supplicant.conf' -> '/data/vendor/wifi/wpa/wpa_supplicant.conf'
10-01 23:23:29.988 1926 1926 D wpa_supplicant: Reading configuration file '/data/vendor/wifi/wpa/wpa_supplicant.conf'
10-01 23:23:29.999 1469 1602 V PackageManager: reconcileAppsData finished 224 packages
10-01 23:23:29.999 1469 1602 I ActivityManager: User 0 state changed from RUNNING_LOCKED to RUNNING_UNLOCKING
10-01 23:23:29.999 1469 1602 D ActivityManager: Unlocking user 0 progress 20
10-01 23:23:29.999 1469 1586 I SystemServiceManager: Calling onUnlockUser u0
10-01 23:23:30.000 1469 1602 W Looper : Slow dispatch took 404ms android.fg h=android.os.Handler c=com.android.server.am.-$$Lambda$UserController$o6oQFjGYYIfx- I94cSakTLPLt6s@8d52953 m=0
10-01 23:23:30.000 1469 1602 W Looper : Slow delivery took 403ms android.fg h=com.android.server.AppStateTracker$MyHandler c=null m=11
10-01 23:23:30.000 1469 1586 D BluetoothManagerService: User 0 unlocked
10-01 23:23:30.000 1469 1603 D BluetoothManagerService: MESSAGE_USER_UNLOCKED
10-01 23:23:30.000 1469 1586 D StorageManagerService: onUnlockUser 0
10-01 23:23:30.000 2645 2645 I SleepAsAndroid: [23:23:29.999, main]: Loading first time 1490803419014
10-01 23:23:30.000 1926 1926 D wpa_supplicant: update_config=1
10-01 23:23:30.000 1926 1926 D wpa_supplicant: eapol_version=1
10-01 23:23:30.001 1926 1926 D wpa_supplicant: ap_scan=1
10-01 23:23:30.001 1926 1926 D wpa_supplicant: fast_reauth=1
10-01 23:23:30.001 1926 1926 D wpa_supplicant: pmf=1
10-01 23:23:30.001 1926 1926 D wpa_supplicant: p2p_add_cli_chan=1
10-01 23:23:30.001 1926 1926 D wpa_supplicant: Reading configuration file '/vendor/etc/wifi/wpa_supplicant_overlay.conf'
10-01 23:23:30.002 1926 1926 D wpa_supplicant: disable_scan_offload=1
10-01 23:23:30.002 1926 1926 D wpa_supplicant: p2p_disabled=1
10-01 23:23:30.002 1926 1926 D wpa_supplicant: tdls_external_control=1
10-01 23:23:30.003 1469 1868 I EthernetTracker: maybeTrackInterface wlan0
10-01 23:23:30.003 1469 1602 I EthernetTracker: interfaceLinkStateChanged, iface: wlan0, up: false
10-01 23:23:30.003 1926 1926 D wpa_supplicant: nl80211: Using driver-based roaming
10-01 23:23:30.003 1926 1926 D wpa_supplicant: nl80211: TDLS supported
10-01 23:23:30.003 1926 1926 D wpa_supplicant: nl80211: TDLS external setup
10-01 23:23:30.003 1926 1926 D wpa_supplicant: nl80211: Supported cipher 00-0f- ac:1
10-01 23:23:30.003 1926 1926 D wpa_supplicant: nl80211: Supported cipher 00-0f- ac:5
10-01 23:23:30.003 1926 1926 D wpa_supplicant: nl80211: Supported cipher 00-0f- ac:2
10-01 23:23:30.003 1926 1926 D wpa_supplicant: nl80211: Supported cipher 00-0f- ac:4
10-01 23:23:30.003 1926 1926 D wpa_supplicant: nl80211: Supported cipher 00-14- 72:1
10-01 23:23:30.003 1926 1926 D wpa_supplicant: nl80211: Supported cipher 00-0f- ac:6
10-01 23:23:30.003 1926 1926 D wpa_supplicant: nl80211: Supports Probe Response offload in AP mode
10-01 23:23:30.004 1926 1926 D wpa_supplicant: nl80211: Using driver-based off- channel TX
10-01 23:23:30.004 1926 1926 D wpa_supplicant: nl80211: Supported vendor command: vendor_id=0x1374 subcmd=9
10-01 23:23:30.004 1926 1926 D wpa_supplicant: nl80211: Supported vendor command: vendor_id=0x1374 subcmd=12
10-01 23:23:30.004 1926 1926 D wpa_supplicant: nl80211: Supported vendor command: vendor_id=0x1374 subcmd=16
10-01 23:23:30.004 1926 1926 D wpa_supplicant: nl80211: Supported vendor command: vendor_id=0x1374 subcmd=14
10-01 23:23:30.004 1469 1868 I EthernetTracker: maybeTrackInterface p2p0
10-01 23:23:30.004 1926 1926 D wpa_supplicant: nl80211: Supported vendor command: vendor_id=0x1374 subcmd=15
10-01 23:23:30.004 1926 1926 D wpa_supplicant: nl80211: Supported vendor command: vendor_id=0x1374 subcmd=20
10-01 23:23:30.004 1926 1926 D wpa_supplicant: nl80211: Supported vendor command: vendor_id=0x1374 subcmd=21
10-01 23:23:30.004 1926 1926 D wpa_supplicant: nl80211: Supported vendor command: vendor_id=0x1374 subcmd=22
10-01 23:23:30.004 1926 1926 D wpa_supplicant: nl80211: Supported vendor command: vendor_id=0x1374 subcmd=23
10-01 23:23:30.004 1926 1926 D wpa_supplicant: nl80211: Supported vendor command: vendor_id=0x1374 subcmd=24
10-01 23:23:30.004 1926 1926 D wpa_supplicant: nl80211: Supported vendor command: vendor_id=0x1374 subcmd=29
10-01 23:23:30.004 1926 1926 D wpa_supplicant: nl80211: Supported vendor command: vendor_id=0x1374 subcmd=30
10-01 23:23:30.004 1926 1926 D wpa_supplicant: nl80211: Supported vendor command: vendor_id=0x1374 subcmd=34
10-01 23:23:30.004 1926 1926 D wpa_supplicant: nl80211: Supported vendor command: vendor_id=0x1374 subcmd=35
10-01 23:23:30.004 1926 1926 D wpa_supplicant: nl80211: Supported vendor command: vendor_id=0x1374 subcmd=36
10-01 23:23:30.004 1926 1926 D wpa_supplicant: nl80211: Supported vendor command: vendor_id=0x1374 subcmd=38
10-01 23:23:30.004 1926 1926 D wpa_supplicant: nl80211: Supported vendor command: vendor_id=0x1374 subcmd=40
10-01 23:23:30.004 1926 1926 D wpa_supplicant: nl80211: Supported vendor command: vendor_id=0x1374 subcmd=39
10-01 23:23:30.004 1926 1926 D wpa_supplicant: nl80211: Supported vendor command: vendor_id=0x1374 subcmd=42
10-01 23:23:30.004 1926 1926 D wpa_supplicant: nl80211: Supported vendor command: vendor_id=0x1374 subcmd=63
10-01 23:23:30.004 1926 1926 D wpa_supplicant: nl80211: Supported vendor command: vendor_id=0x1374 subcmd=105
10-01 23:23:30.004 1926 1926 D wpa_supplicant: nl80211: Supported vendor command: vendor_id=0x1374 subcmd=62
10-01 23:23:30.004 1926 1926 D wpa_supplicant: nl80211: Supported vendor command: vendor_id=0x1374 subcmd=61
10-01 23:23:30.004 1926 1926 D wpa_supplicant: nl80211: Supported vendor command: vendor_id=0x1374 subcmd=77
10-01 23:23:30.004 1926 1926 D wpa_supplicant: nl80211: Supported vendor command: vendor_id=0x1374 subcmd=80
10-01 23:23:30.004 1926 1926 D wpa_supplicant: nl80211: Supported vendor command: vendor_id=0x1374 subcmd=79
10-01 23:23:30.004 1926 1926 D wpa_supplicant: nl80211: Supported vendor command: vendor_id=0x1374 subcmd=101
10-01 23:23:30.004 1926 1926 D wpa_supplicant: nl80211: Supported vendor command: vendor_id=0x1374 subcmd=74
10-01 23:23:30.004 1926 1926 D wpa_supplicant: nl80211: Supported vendor command: vendor_id=0x1374 subcmd=52
10-01 23:23:30.004 1926 1926 D wpa_supplicant: nl80211: Supported vendor command: vendor_id=0x1374 subcmd=149
10-01 23:23:30.004 1926 1926 D wpa_supplicant: nl80211: Supported vendor command: vendor_id=0x1374 subcmd=150
10-01 23:23:30.004 1926 1926 D wpa_supplicant: nl80211: Supported vendor command: vendor_id=0x1374 subcmd=121
10-01 23:23:30.004 1926 1926 D wpa_supplicant: nl80211: Supported vendor command: vendor_id=0x1374 subcmd=76
10-01 23:23:30.004 1926 1926 D wpa_supplicant: nl80211: Supported vendor event: vendor_id=0x1374 subcmd=10
10-01 23:23:30.004 1926 1926 D wpa_supplicant: nl80211: Supported vendor event: vendor_id=0x1374 subcmd=14
10-01 23:23:30.004 1926 1926 D wpa_supplicant: nl80211: Supported vendor event: vendor_id=0x1374 subcmd=15
10-01 23:23:30.004 1926 1926 D wpa_supplicant: nl80211: Supported vendor event: vendor_id=0x1374 subcmd=16
10-01 23:23:30.004 1926 1926 D wpa_supplicant: nl80211: Supported vendor event: vendor_id=0x1374 subcmd=17
10-01 23:23:30.004 1926 1926 D wpa_supplicant: nl80211: Supported vendor event: vendor_id=0x1374 subcmd=18
10-01 23:23:30.004 1926 1926 D wpa_supplicant: nl80211: Supported vendor event: vendor_id=0x1374 subcmd=19
10-01 23:23:30.004 1926 1926 D wpa_supplicant: nl80211: Supported vendor event: vendor_id=0x1374 subcmd=20
10-01 23:23:30.004 1926 1926 D wpa_supplicant: nl80211: Supported vendor event: vendor_id=0x1374 subcmd=21
10-01 23:23:30.004 1926 1926 D wpa_supplicant: nl80211: Supported vendor event: vendor_id=0x1374 subcmd=23
10-01 23:23:30.004 1926 1926 D wpa_supplicant: nl80211: Supported vendor event: vendor_id=0x1374 subcmd=24
10-01 23:23:30.004 1926 1926 D wpa_supplicant: nl80211: Supported vendor event: vendor_id=0x1374 subcmd=25
10-01 23:23:30.004 1926 1926 D wpa_supplicant: nl80211: Supported vendor event: vendor_id=0x1374 subcmd=26
10-01 23:23:30.004 1926 1926 D wpa_supplicant: nl80211: Supported vendor event: vendor_id=0x1374 subcmd=27
10-01 23:23:30.004 1926 1926 D wpa_supplicant: nl80211: Supported vendor event: vendor_id=0x1374 subcmd=28
10-01 23:23:30.004 1926 1926 D wpa_supplicant: nl80211: Supported vendor event: vendor_id=0x1374 subcmd=29
10-01 23:23:30.004 1926 1926 D wpa_supplicant: nl80211: Supported vendor event: vendor_id=0x1374 subcmd=30
10-01 23:23:30.004 1926 1926 D wpa_supplicant: nl80211: Supported vendor event: vendor_id=0x1374 subcmd=37
10-01 23:23:30.004 1926 1926 D wpa_supplicant: nl80211: Supported vendor event: vendor_id=0x1374 subcmd=12
10-01 23:23:30.004 1926 1926 D wpa_supplicant: nl80211: Supported vendor event: vendor_id=0x1374 subcmd=61
10-01 23:23:30.004 1926 1926 D wpa_supplicant: nl80211: Supported vendor event: vendor_id=0x1374 subcmd=80
10-01 23:23:30.004 1926 1926 D wpa_supplicant: nl80211: Supported vendor event: vendor_id=0x1374 subcmd=41
10-01 23:23:30.004 1926 1926 D wpa_supplicant: nl80211: Supported vendor event: vendor_id=0x1374 subcmd=150
10-01 23:23:30.004 1926 1926 D wpa_supplicant: nl80211: Supported vendor event: vendor_id=0x1374 subcmd=157
10-01 23:23:30.004 1926 1926 D wpa_supplicant: nl80211: Supported vendor event: vendor_id=0x1374 subcmd=101
10-01 23:23:30.004 1926 1926 D wpa_supplicant: nl80211: Use separate P2P group interface (driver advertised support)
10-01 23:23:30.004 1926 1926 D wpa_supplicant: nl80211: Enable multi-channel concurrent (driver advertised support)
10-01 23:23:30.004 1926 1926 D wpa_supplicant: nl80211: interface wlan0 in phy phy0
10-01 23:23:30.004 1926 1926 D wpa_supplicant: nl80211: Set mode ifindex 22 iftype 2 (STATION)
10-01 23:23:30.004 1926 1926 D wpa_supplicant: nl80211: Subscribe to mgmt frames with non-AP handle 0x718be31980
10-01 23:23:30.004 1926 1926 D wpa_supplicant: nl80211: Register frame type=0xd0 (WLAN_FC_STYPE_ACTION) nl_handle=0x718be31980 match=0104
10-01 23:23:30.004 1926 1926 D wpa_supplicant: nl80211: Register frame type=0xd0 (WLAN_FC_STYPE_ACTION) nl_handle=0x718be31980 match=040a
10-01 23:23:30.004 1926 1926 D wpa_supplicant: nl80211: Register frame type=0xd0 (WLAN_FC_STYPE_ACTION) nl_handle=0x718be31980 match=040b
10-01 23:23:30.004 1926 1926 D wpa_supplicant: nl80211: Register frame type=0xd0 (WLAN_FC_STYPE_ACTION) nl_handle=0x718be31980 match=040c
10-01 23:23:30.004 1926 1926 D wpa_supplicant: nl80211: Register frame type=0xd0 (WLAN_FC_STYPE_ACTION) nl_handle=0x718be31980 match=040d
10-01 23:23:30.004 1926 1926 D wpa_supplicant: nl80211: Register frame type=0xd0 (WLAN_FC_STYPE_ACTION) nl_handle=0x718be31980 match=090a
10-01 23:23:30.004 1926 1926 D wpa_supplicant: nl80211: Register frame type=0xd0 (WLAN_FC_STYPE_ACTION) nl_handle=0x718be31980 match=090b
10-01 23:23:30.004 1926 1926 D wpa_supplicant: nl80211: Register frame type=0xd0 (WLAN_FC_STYPE_ACTION) nl_handle=0x718be31980 match=090c
10-01 23:23:30.004 1926 1926 D wpa_supplicant: nl80211: Register frame type=0xd0 (WLAN_FC_STYPE_ACTION) nl_handle=0x718be31980 match=090d
10-01 23:23:30.005 1926 1926 D wpa_supplicant: nl80211: Register frame type=0xd0 (WLAN_FC_STYPE_ACTION) nl_handle=0x718be31980 match=0409506f9a09
10-01 23:23:30.005 1926 1926 D wpa_supplicant: nl80211: Register frame type=0xd0 (WLAN_FC_STYPE_ACTION) nl_handle=0x718be31980 match=7f506f9a09
10-01 23:23:30.005 1926 1926 D wpa_supplicant: nl80211: Register frame type=0xd0 (WLAN_FC_STYPE_ACTION) nl_handle=0x718be31980 match=0801
10-01 23:23:30.005 1926 1926 D wpa_supplicant: nl80211: Register frame type=0xd0 (WLAN_FC_STYPE_ACTION) nl_handle=0x718be31980 match=040e
10-01 23:23:30.005 1926 1926 D wpa_supplicant: nl80211: Register frame type=0xd0 (WLAN_FC_STYPE_ACTION) nl_handle=0x718be31980 match=06
10-01 23:23:30.005 1926 1926 D wpa_supplicant: nl80211: Register frame type=0xd0 (WLAN_FC_STYPE_ACTION) nl_handle=0x718be31980 match=0a07
10-01 23:23:30.005 1926 1926 D wpa_supplicant: nl80211: Register frame type=0xd0 (WLAN_FC_STYPE_ACTION) nl_handle=0x718be31980 match=0a11
10-01 23:23:30.005 1926 1926 D wpa_supplicant: nl80211: Register frame type=0xd0 (WLAN_FC_STYPE_ACTION) nl_handle=0x718be31980 match=0a1a
10-01 23:23:30.005 1926 1926 D wpa_supplicant: nl80211: Register frame type=0xd0 (WLAN_FC_STYPE_ACTION) nl_handle=0x718be31980 match=1101
10-01 23:23:30.005 1926 1926 D wpa_supplicant: nl80211: Register frame type=0xd0 (WLAN_FC_STYPE_ACTION) nl_handle=0x718be31980 match=1102
10-01 23:23:30.005 1926 1926 D wpa_supplicant: nl80211: Register frame type=0xd0 (WLAN_FC_STYPE_ACTION) nl_handle=0x718be31980 match=0505
10-01 23:23:30.005 1926 1926 D wpa_supplicant: nl80211: Register frame type=0xd0 (WLAN_FC_STYPE_ACTION) nl_handle=0x718be31980 match=0500
10-01 23:23:30.005 1469 1602 I EthernetTracker: interfaceLinkStateChanged, iface: p2p0, up: false
10-01 23:23:30.005 1926 1926 I wpa_supplicant: rfkill: Cannot open RFKILL control device
10-01 23:23:30.005 1926 1926 D wpa_supplicant: nl80211: RFKILL status not available
10-01 23:23:30.005 1926 1926 D wpa_supplicant: netlink: Operstate: ifindex=22 linkmode=1 (userspace-control), operstate=5 (IF_OPER_DORMANT)
10-01 23:23:30.005 1469 1602 I EthernetTracker: interfaceLinkStateChanged, iface: wlan0, up: false
10-01 23:23:30.006 470 479 D vold : Linking /storage/emulated/0 to /mnt/user/0/primary
10-01 23:23:30.007 1926 1926 D wpa_supplicant: Add interface wlan0 to a new radio phy0
10-01 23:23:30.007 1926 1926 D wpa_supplicant: nl80211: Regulatory information - country=00
10-01 23:23:30.007 1926 1926 D wpa_supplicant: nl80211: 2402-2472 @ 40 MHz 20 mBm
10-01 23:23:30.007 1926 1926 D wpa_supplicant: nl80211: 2457-2482 @ 40 MHz 20 mBm (no IR)
10-01 23:23:30.007 1926 1926 D wpa_supplicant: nl80211: 2474-2494 @ 20 MHz 20 mBm (no OFDM) (no IR)
10-01 23:23:30.007 1926 1926 D wpa_supplicant: nl80211: 5170-5250 @ 80 MHz 20 mBm (no IR)
10-01 23:23:30.007 1926 1926 D wpa_supplicant: nl80211: 5250-5330 @ 80 MHz 20 mBm (no IR)
10-01 23:23:30.007 1926 1926 D wpa_supplicant: nl80211: 5490-5710 @ 80 MHz 20 mBm (no IR)
10-01 23:23:30.007 1926 1926 D wpa_supplicant: nl80211: 5735-5835 @ 80 MHz 20 mBm (no IR)
10-01 23:23:30.007 1926 1926 D wpa_supplicant: nl80211: 57240-63720 @ 2160 MHz 0 mBm
10-01 23:23:30.007 1926 1926 D wpa_supplicant: nl80211: Added 802.11b mode based on 802.11g information
10-01 23:23:30.008 1469 1602 I EthernetTracker: interfaceLinkStateChanged, iface: wlan0, up: false
10-01 23:23:30.008 1469 1602 W Looper : Drained
10-01 23:23:30.015 1469 1774 D StorageManagerService: Volume emulated broadcasting mounted to UserHandle{0}
10-01 23:23:30.017 2645 2645 I SleepAsAndroid: [23:23:30.017, main]: TrialFilter: Package: is release APK
10-01 23:23:30.033 2645 2645 D SleepAsAndroid: [23:23:30.033, main]: TrialFilter: T status: false
10-01 23:23:30.054 2645 2645 I SleepAsAndroid: [23:23:30.054, main]: Theme: sunset Mon Oct 01 18:49:00 GMT+02:00 2018 sunrise Mon Oct 01 07:10:00 GMT+02:00 2018 now Mon Oct 01 23:23:30 GMT+02:00 2018 after SR true before SS false
10-01 23:23:30.055 2645 2645 I SleepAsAndroid: [23:23:30.054, main]: Theme: mode 2
10-01 23:23:30.064 2645 2645 I SleepAsAndroidDB: DB: Locked boot receiver android.intent.action.LOCKED_BOOT_COMPLETED
10-01 23:23:30.064 2645 2645 I SleepAsAndroidDB: DB: Direct boot intent
10-01 23:23:30.064 2645 2645 I SleepAsAndroidDB: DB: is device protected
10-01 23:23:30.066 2645 2645 I SleepAsAndroidDB: DB: No next alarm
10-01 23:23:30.079 1469 1778 W BestClock: java.time.DateTimeException: Missing NTP fix
10-01 23:23:30.084 1469 1588 I ActivityManager: Start proc 2692:com.google.process.gservices/u0a13 for content provider com.google.android.gsf/.gservices.GservicesProvider
10-01 23:23:30.085 2692 2692 I Zygote : seccomp disabled by setenforce 0
10-01 23:23:30.086 1469 1778 W BestClock: java.time.DateTimeException: Missing NTP fix
10-01 23:23:30.090 2692 2692 E ocess.gservice: Not starting debugger since process cannot load the jdwp agent.
10-01 23:23:30.098 1469 1588 I ActivityManager: Start proc 2706:android.process.media/u0a15 for broadcast com.android.providers.downloads/.DownloadReceiver
10-01 23:23:30.098 2706 2706 I Zygote : seccomp disabled by setenforce 0
10-01 23:23:30.103 2706 2706 E d.process.medi: Not starting debugger since process cannot load the jdwp agent.
10-01 23:23:30.109 1469 1584 W ProcessCpuTracker: Skipping unknown process pid 2691
10-01 23:23:30.110 1926 1926 D wpa_supplicant: wlan0: Own MAC address: 00:0a:f5:1b:65:84
10-01 23:23:30.110 1926 1926 D wpa_supplicant: wpa_driver_nl80211_set_key: ifindex=22 (wlan0) alg=0 addr=0x0 key_idx=0 set_tx=0 seq_len=0 key_len=0
10-01 23:23:30.110 1926 1926 D wpa_supplicant: wpa_driver_nl80211_set_key: ifindex=22 (wlan0) alg=0 addr=0x0 key_idx=1 set_tx=0 seq_len=0 key_len=0
10-01 23:23:30.110 1926 1926 D wpa_supplicant: wpa_driver_nl80211_set_key: ifindex=22 (wlan0) alg=0 addr=0x0 key_idx=2 set_tx=0 seq_len=0 key_len=0
10-01 23:23:30.110 1926 1926 D wpa_supplicant: wpa_driver_nl80211_set_key: ifindex=22 (wlan0) alg=0 addr=0x0 key_idx=3 set_tx=0 seq_len=0 key_len=0
10-01 23:23:30.110 1926 1926 D wpa_supplicant: wpa_driver_nl80211_set_key: ifindex=22 (wlan0) alg=0 addr=0x0 key_idx=4 set_tx=0 seq_len=0 key_len=0
10-01 23:23:30.110 1926 1926 D wpa_supplicant: wpa_driver_nl80211_set_key: ifindex=22 (wlan0) alg=0 addr=0x0 key_idx=5 set_tx=0 seq_len=0 key_len=0
10-01 23:23:30.110 1926 1926 D wpa_supplicant: wlan0: RSN: flushing PMKID list in the driver
10-01 23:23:30.110 1926 1926 D wpa_supplicant: nl80211: Flush PMKIDs
10-01 23:23:30.110 1926 1926 D wpa_supplicant: wlan0: State: DISCONNECTED -> INACTIVE
10-01 23:23:30.110 1926 1926 D wpa_supplicant: Notifying state change event to hidl control: 2
10-01 23:23:30.135 1469 1586 W SystemServiceManager: Service com.android.server.TextServicesManagerService$Lifecycle took 119 ms in onUnlockUser
10-01 23:23:30.135 1469 1586 V WallpaperManagerService:
bindWallpaperComponentLocked: componentName=ComponentInfo{com.google.android.apps.wallpaper/com.google.android.ap ps.wallpaper.module.NoBackupImageWallpaper}
10-01 23:23:30.179 1926 1926 D wpa_supplicant: TDLS: TDLS operation supported by driver
10-01 23:23:30.180 1926 1926 D wpa_supplicant: TDLS: Driver uses external link setup
10-01 23:23:30.180 1926 1926 D wpa_supplicant: TDLS: Driver does not support TDLS channel switching
10-01 23:23:30.180 1926 1926 D wpa_supplicant: wlan0: WPS: UUID based on MAC address: 8c3fca88-6af3-5cfd-90c8-71428765f4c7
10-01 23:23:30.180 2728 2728 I Zygote : seccomp disabled by setenforce 0
10-01 23:23:30.180 1926 1926 D wpa_supplicant: EAPOL: SUPP_PAE entering state DISCONNECTED
10-01 23:23:30.180 1926 1926 D wpa_supplicant: EAPOL: Supplicant port status: Unauthorized
10-01 23:23:30.180 1926 1926 D wpa_supplicant: nl80211: Skip set_supp_port(unauthorized) while not associated
10-01 23:23:30.180 1926 1926 D wpa_supplicant: EAPOL: KEY_RX entering state NO_KEY_RECEIVE
10-01 23:23:30.180 1926 1926 D wpa_supplicant: EAPOL: SUPP_BE entering state INITIALIZE
10-01 23:23:30.180 1926 1926 D wpa_supplicant: EAP: EAP entering state DISABLED
10-01 23:23:30.180 1926 1926 D wpa_supplicant: Using existing control interface directory.
10-01 23:23:30.180 1926 1926 D wpa_supplicant: nl80211: Scan default IEs - hexdump(len=7): 7f 05 00 00 0a 02 01
10-01 23:23:30.181 1926 1926 E wpa_supplicant: nl80211: Set scan default IEs failed: ret=-524 (Unknown error 524)
10-01 23:23:30.181 1926 1926 D wpa_supplicant: Registering interface to hidl control: wlan0
10-01 23:23:30.181 1926 1926 D wpa_supplicant: wlan0: Added interface wlan0
10-01 23:23:30.181 1926 1926 D wpa_supplicant: wlan0: State: INACTIVE -> DISCONNECTED
10-01 23:23:30.181 1926 1926 D wpa_supplicant: nl80211: Set wlan0 operstate 0->0 (DORMANT)
10-01 23:23:30.181 1926 1926 D wpa_supplicant: netlink: Operstate: ifindex=22 linkmode=-1 (no change), operstate=5 (IF_OPER_DORMANT)
10-01 23:23:30.181 1926 1926 D wpa_supplicant: Notifying state change event to hidl control: 0
10-01 23:23:30.181 1926 1926 D wpa_supplicant: RTM_NEWLINK: ifi_index=22 ifname=wlan0 operstate=2 linkmode=1 ifi_family=0 ifi_flags=0x1003 ([UP])
10-01 23:23:30.182 1469 2726 V BackupManagerService: Starting with transport com.google.android.gms/.backup.BackupTransportService
10-01 23:23:30.183 1469 1469 W Looper : Slow dispatch took 183ms main h=android.os.Handler c=null m=5000
10-01 23:23:30.185 1469 1783 I android_os_HwBinder: HwBinder: Starting thread pool for default::[email protected]::ISupplicant
10-01 23:23:30.187 2728 2728 E :live_wallpape: Not starting debugger since process cannot load the jdwp agent.
10-01 23:23:30.189 1469 1588 I ActivityManager: Start proc 2728:com.google.android.apps.wallpaper:live_wallpaper/u0a125 for service com.google.android.apps.wallpaper/.module.NoBackupImageWallpaper
10-01 23:23:30.193 1469 1783 I WifiNative: Interface state changed on Iface: {Name=wlan0,Id=0,Type=STA}, isUp=true
10-01 23:23:30.194 517 748 D CommandListener: Clearing all IP addresses on wlan0
10-01 23:23:30.196 1469 1783 I WifiNative: Successfully setup Iface: {Name=wlan0,Id=0,Type=STA}
10-01 23:23:30.196 1469 1783 D WifiClientModeManager: sending scan available broadcast: false
10-01 23:23:30.198 1469 1783 D WifiClientModeManager: entering StartedState
10-01 23:23:30.199 1469 2726 I SELinux : SELinux: Loaded file_contexts
10-01 23:23:30.199 1469 1586 I ActivityManager: User 0 state changed from RUNNING_UNLOCKING to RUNNING_UNLOCKED
10-01 23:23:30.199 1469 1586 D SystemServerTiming: SystemUserUnlock took to complete: 605ms
10-01 23:23:30.199 1469 1783 D WifiClientModeManager: Wifi is ready to use for client mode
10-01 23:23:30.199 1469 1783 D WifiClientModeManager: sending scan available broadcast: true
10-01 23:23:30.201 1469 1586 V ActivityManager: Skipping ContentProviderInfo{name=com.google.android.gms.appstate className=com.google.android.gms.appstate.provider.AppStateContentProvider}
10-01 23:23:30.201 1469 1586 V ActivityManager: Installing ContentProviderInfo{name=com.google.android.gms.auth.accountstate className=com.google.android.gms.auth.account.be.accountstate.AccountStateContentPr ovider}
10-01 23:23:30.201 1469 1586 V ActivityManager: Installing ContentProviderInfo{name=com.google.android.gms.auth.confirm className=com.google.android.gms.auth.account.be.accountstate.CredentialStateConten tProvider}
10-01 23:23:30.202 1469 1586 V ActivityManager: Installing ContentProviderInfo{name=com.google.android.gms.auth.accounts className=com.google.android.gms.auth.account.be.legacy.AccountContentProvider}
10-01 23:23:30.202 1469 1586 V ActivityManager: Skipping ContentProviderInfo{name=com.google.android.gms.auth.api.credentials className=com.google.android.gms.auth.api.credentials.sync.CredentialContentProvide r}
10-01 23:23:30.202 1469 1586 V ActivityManager: Skipping ContentProviderInfo{name=com.google.android.gms.car.fileprovider className=com.google.android.gms.car.CarFileProvider}
10-01 23:23:30.202 1469 1586 V ActivityManager: Skipping ContentProviderInfo{name=com.google.android.gms.chromesync className=com.google.android.gms.chromesync.sync.SyncContentProvider}
10-01 23:23:30.202 1469 1586 V ActivityManager: Skipping ContentProviderInfo{name=com.google.android.gms.download className=com.google.android.gms.common.download.provider.DownloadsProvider}
10-01 23:23:30.202 1469 1586 V ActivityManager: Skipping ContentProviderInfo{name=com.google.android.gms.common.stats.net.contentprovider className=com.google.android.gms.common.stats.net.contentprovider.NetworkUsageConte ntProvider}
10-01 23:23:30.202 1469 1586 V ActivityManager: Skipping ContentProviderInfo{name=com.google.android.gms.drive.sync className=com.google.android.gms.drive.metadata.sync.syncadapter.StubContentProvide r}
10-01 23:23:30.202 1469 1586 V ActivityManager: Installing ContentProviderInfo{name=com.google.android.gms.fitness className=com.google.android.gms.fitness.sync.FitnessContentProvider}
10-01 23:23:30.202 1469 1586 V ActivityManager: Skipping ContentProviderInfo{name=com.google.android.gms.fitness.fileprovider className=android.support.v4.content.FileProvider}
10-01 23:23:30.202 1469 1586 V ActivityManager: Skipping ContentProviderInfo{name=com.google.android.gms.fonts className=com.google.android.gms.fonts.provider.FontsProvider}
10-01 23:23:30.202 1469 1586 V ActivityManager: Skipping ContentProviderInfo{name=com.google.android.gms.games.background className=com.google.android.gms.games.chimera.GamesContentProviderProxy}
10-01 23:23:30.202 1469 1586 V ActivityManager: Skipping ContentProviderInfo{name=com.google.android.gms.games className=com.google.android.gms.games.provider.NotificationStubContentProvider}
10-01 23:23:30.202 1469 1586 V ActivityManager: Skipping ContentProviderInfo{name=com.google.android.gms.icing.indexapi className=com.google.android.gms.icing.indexapi.IndexApiContentProvider}
10-01 23:23:30.202 1469 1586 V ActivityManager: Skipping ContentProviderInfo{name=com.google.android.gms.icing.proxy.sms className=com.google.android.gms.icing.proxy.SmsContentProvider}
10-01 23:23:30.202 1469 1586 V ActivityManager: Skipping ContentProviderInfo{name=com.google.android.gms.icing.proxy.apps className=com.google.android.gms.icing.proxy.AppsContentProvider}
10-01 23:23:30.202 1469 1586 V ActivityManager: Skipping ContentProviderInfo{name=com.google.android.gms.icing.proxy className=com.google.android.gms.icing.proxy.InternalIcingCorporaProvider}
10-01 23:23:30.202 1469 1586 V ActivityManager: Installing ContentProviderInfo{name=com.google.android.gms.instantapps.provider.api className=com.google.android.gms.instantapps.routing.InstantAppsContentProvider}
10-01 23:23:30.202 1469 1586 V ActivityManager: Installing ContentProviderInfo{name=com.google.android.location.internal className=com.google.android.location.internal.LocationContentProvider}
10-01 23:23:30.202 1469 1586 V ActivityManager: Skipping ContentProviderInfo{name=com.google.android.location.internal.server.fileprovider className=com.google.android.location.internal.server.HistorianFileProvider}
10-01 23:23:30.202 1469 1586 V ActivityManager: Installing ContentProviderInfo{name=com.google.android.location.reporting className=com.google.android.location.reporting.service.utils.ReportingContentProvi der}
10-01 23:23:30.203 1469 1586 V ActivityManager: Skipping ContentProviderInfo{name=com.google.android.gms.matchstick.dataprovider className=com.google.android.gms.matchstick.data.DatabaseProvider}
10-01 23:23:30.203 1469 1586 V ActivityManager: Skipping ContentProviderInfo{name=com.google.android.gms.matchstick.appdataprovider className=com.google.android.gms.matchstick.data.AppDataProvider}
10-01 23:23:30.203 1469 1586 V ActivityManager: Skipping ContentProviderInfo{name=com.google.android.libraries.matchstick.provider.fileprovi der className=com.google.android.libraries.matchstick.provider.MatchstickFileProvider}
10-01 23:23:30.203 1469 1586 V ActivityManager: Skipping ContentProviderInfo{name=com.google.android.gms.people className=com.google.android.gms.people.service.PeopleContentProvider}
10-01 23:23:30.203 1469 1586 V ActivityManager: Skipping ContentProviderInfo{name=com.google.android.gms.people.gal.provider className=com.google.android.gms.people.service.PeopleGalProvider}
10-01 23:23:30.203 1469 1586 V ActivityManager: Skipping ContentProviderInfo{name=com.google.android.gms.people.profile.fileprovider className=com.google.android.gms.people.profile.AvatarFileProvider}
10-01 23:23:30.203 1469 1586 V ActivityManager: Skipping ContentProviderInfo{name=com.google.android.gms.photos.iu.EsGoogleIuProvider className=com.google.android.libraries.social.autobackup.AutoBackupProvider}
10-01 23:23:30.203 1469 1586 V ActivityManager: Skipping ContentProviderInfo{name=com.google.android.gms.plus;com.google.android.gms.plus.ac tion className=com.google.android.gms.plus.provider.PlusProvider}
10-01 23:23:30.203 1469 1586 V ActivityManager: Skipping ContentProviderInfo{name=com.google.android.gms.reminders className=com.google.android.gms.reminders.provider.RemindersProvider}
10-01 23:23:30.203 1469 1586 V ActivityManager: Installing ContentProviderInfo{name=com.google.android.gms.security.provider className=com.google.android.gms.security.provider.SecurityProvider}
10-01 23:23:30.203 1469 1586 V ActivityManager: Skipping ContentProviderInfo{name=com.google.android.gms.subscribedfeeds className=com.google.android.gms.subscribedfeeds.GmsSubscribedFeedsProvider}
10-01 23:23:30.203 1469 1586 V ActivityManager: Skipping ContentProviderInfo{name=com.google.android.gms.thunderbird.config className=com.google.android.gms.thunderbird.config.EmergencyConfigContentProvider}
10-01 23:23:30.203 1469 1586 V ActivityManager: Installing ContentProviderInfo{name=com.google.android.gms.trustagent.framework.model.be.provi der className=com.google.android.gms.trustagent.framework.model.be.ModelContentProvider }
10-01 23:23:30.203 1469 1586 V ActivityManager: Skipping ContentProviderInfo{name=com.google.android.gms.wallet.fileprovider className=com.google.android.gms.wallet.provider.WalletFileProvider}
10-01 23:23:30.203 1469 1586 V ActivityManager: Skipping ContentProviderInfo{name=com.google.android.gms.wallet className=com.google.android.gms.wallet.setupwizard.PaymentsSetupWizardSuggestionSt ateProvider}
10-01 23:23:30.203 1469 1586 V ActivityManager: Installing ContentProviderInfo{name=com.google.android.gms.lifecycle-trojan className=android.arch.lifecycle.ProcessLifecycleOwnerInitializer}
10-01 23:23:30.204 1469 1586 V ActivityManager: Installing ContentProviderInfo{name=com.google.android.apps.wellbeing.api className=com.google.android.apps.wellbeing.api.impl.WellbeingSettingsProvider}
10-01 23:23:30.204 1469 1586 V ActivityManager: Installing ContentProviderInfo{name=com.google.android.apps.wellbeing.autodnd.ui.provider className=com.google.android.apps.wellbeing.autodnd.ui.SettingsContentProvider}
10-01 23:23:30.205 2692 2692 I GservicesProvider: Gservices pushing to system: true; secure/global: true
10-01 23:23:30.208 1469 1586 V ActivityManager: Installing ContentProviderInfo{name=com.google.android.apps.wellbeing className=com.google.android.apps.wellbeing.searchindexables.impl.WellbeingSearchIn dexablesProvider}
10-01 23:23:30.209 1469 1586 V ActivityManager: Installing ContentProviderInfo{name=com.google.android.apps.wellbeing.slices className=com.google.android.apps.wellbeing.slices.impl.WellbeingSliceProvider}
10-01 23:23:30.209 1469 1586 V ActivityManager: Installing ContentProviderInfo{name=com.android.dialer.files className=android.support.v4.content.FileProvider}
10-01 23:23:30.209 1469 1586 V ActivityManager: Installing ContentProviderInfo{name=com.android.dialer.blocking.filterednumberprovider className=com.android.dialer.blocking.FilteredNumberProvider}
10-01 23:23:30.209 1469 1586 V ActivityManager: Installing ContentProviderInfo{name=com.android.dialer.annotatedcalllog className=com.android.dialer.calllog.database.AnnotatedCallLogContentProvider}
10-01 23:23:30.210 1469 1586 V ActivityManager: Installing ContentProviderInfo{name=com.android.dialer.phonelookuphistory className=com.android.dialer.phonelookup.database.PhoneLookupHistoryContentProvider }
10-01 23:23:30.210 1469 1586 V ActivityManager: Installing ContentProviderInfo{name=com.android.dialer.preferredsimfallback className=com.android.dialer.preferredsim.impl.PreferredSimFallbackProvider}
10-01 23:23:30.210 1469 1586 V ActivityManager: Installing ContentProviderInfo{name=com.google.android.gms.appstate className=com.google.android.gms.appstate.provider.AppStateContentProvider}
10-01 23:23:30.211 1469 1586 V ActivityManager: Skipping ContentProviderInfo{name=com.google.android.gms.auth.accountstate className=com.google.android.gms.auth.account.be.accountstate.AccountStateContentPr ovider}
10-01 23:23:30.211 1469 1586 V ActivityManager: Skipping ContentProviderInfo{name=com.google.android.gms.auth.confirm className=com.google.android.gms.auth.account.be.accountstate.CredentialStateConten tProvider}
10-01 23:23:30.211 1469 1586 V ActivityManager: Skipping ContentProviderInfo{name=com.google.android.gms.auth.accounts className=com.google.android.gms.auth.account.be.legacy.AccountContentProvider}
10-01 23:23:30.211 1469 1586 V ActivityManager: Installing ContentProviderInfo{name=com.google.android.gms.auth.api.credentials className=com.google.android.gms.auth.api.credentials.sync.CredentialContentProvide r}
10-01 23:23:30.211 1469 1586 V ActivityManager: Installing ContentProviderInfo{name=com.google.android.gms.car.fileprovider className=com.google.android.gms.car.CarFileProvider}
10-01 23:23:30.211 1469 1586 V ActivityManager: Installing ContentProviderInfo{name=com.google.android.gms.chromesync className=com.google.android.gms.chromesync.sync.SyncContentProvider}
10-01 23:23:30.211 1469 1586 V ActivityManager: Installing ContentProviderInfo{name=com.google.android.gms.download className=com.google.android.gms.common.download.provider.DownloadsProvider}
10-01 23:23:30.211 1469 1586 V ActivityManager: Installing ContentProviderInfo{name=com.google.android.gms.common.stats.net.contentprovider className=com.google.android.gms.common.stats.net.contentprovider.NetworkUsageConte ntProvider}
10-01 23:23:30.211 1469 1586 V ActivityManager: Installing ContentProviderInfo{name=com.google.android.gms.drive.sync className=com.google.android.gms.drive.metadata.sync.syncadapter.StubContentProvide r}
10-01 23:23:30.211 1469 1586 V ActivityManager: Skipping ContentProviderInfo{name=com.google.android.gms.fitness className=com.google.android.gms.fitness.sync.FitnessContentProvider}
10-01 23:23:30.211 1469 1586 V ActivityManager: Installing ContentProviderInfo{name=com.google.android.gms.fitness.fileprovider className=android.support.v4.content.FileProvider}
10-01 23:23:30.211 1469 1586 V ActivityManager: Installing ContentProviderInfo{name=com.google.android.gms.fonts className=com.google.android.gms.fonts.provider.FontsProvider}
10-01 23:23:30.212 1469 1586 V ActivityManager: Installing ContentProviderInfo{name=com.google.android.gms.games.background className=com.google.android.gms.games.chimera.GamesContentProviderProxy}
10-01 23:23:30.212 1469 1586 V ActivityManager: Skipping ContentProviderInfo{name=com.google.android.gms.games className=com.google.android.gms.games.provider.NotificationStubContentProvider}
10-01 23:23:30.212 1469 1586 V ActivityManager: Installing ContentProviderInfo{name=com.google.android.gms.icing.indexapi className=com.google.android.gms.icing.indexapi.IndexApiContentProvider}
10-01 23:23:30.212 1469 1586 V ActivityManager: Installing ContentProviderInfo{name=com.google.android.gms.icing.proxy.sms className=com.google.android.gms.icing.proxy.SmsContentProvider}
10-01 23:23:30.212 1469 1586 V ActivityManager: Installing ContentProviderInfo{name=com.google.android.gms.icing.proxy.apps className=com.google.android.gms.icing.proxy.AppsContentProvider}
10-01 23:23:30.212 1469 1586 V ActivityManager: Installing ContentProviderInfo{name=com.google.android.gms.icing.proxy className=com.google.android.gms.icing.proxy.InternalIcingCorporaProvider}
10-01 23:23:30.212 1469 1586 V ActivityManager: Skipping ContentProviderInfo{name=com.google.android.gms.instantapps.provider.api className=com.google.android.gms.instantapps.routing.InstantAppsContentProvider}
10-01 23:23:30.212 1469 1586 V ActivityManager: Skipping ContentProviderInfo{name=com.google.android.location.internal className=com.google.android.location.internal.LocationContentProvider}
10-01 23:23:30.212 1469 1586 V ActivityManager: Installing ContentProviderInfo{name=com.google.android.location.internal.server.fileprovider className=com.google.android.location.internal.server.HistorianFileProvider}
10-01 23:23:30.212 1469 1586 V ActivityManager: Skipping ContentProviderInfo{name=com.google.android.location.reporting className=com.google.android.location.reporting.service.utils.ReportingContentProvi der}
