10-01 23:23:37.466 2969 3848 I FA : adb shell setprop debug.firebase.analytics.app com.google.android.googlequicksearchbox
10-01 23:23:37.472 3623 3623 V NFC : this device does not have NFC support
10-01 23:23:37.513 2969 2969 W StaticLayout: maxLineHeight should not be -1. maxLines:3 lineCount:3
10-01 23:23:37.513 2969 2969 W StaticLayout: maxLineHeight should not be -1. maxLines:2 lineCount:2
10-01 23:23:37.515 2969 2969 W StaticLayout: maxLineHeight should not be -1. maxLines:3 lineCount:3
10-01 23:23:37.516 2969 2969 W StaticLayout: maxLineHeight should not be -1. maxLines:2 lineCount:2
10-01 23:23:37.518 2969 2969 W StaticLayout: maxLineHeight should not be -1. maxLines:3 lineCount:3
10-01 23:23:37.519 3623 3623 I Coffee-OnbodyLure: start lure
10-01 23:23:37.519 2969 2969 W StaticLayout: maxLineHeight should not be -1. maxLines:2 lineCount:2
10-01 23:23:37.521 2969 2969 W StaticLayout: maxLineHeight should not be -1. maxLines:3 lineCount:3
10-01 23:23:37.522 2969 2969 W StaticLayout: maxLineHeight should not be -1. maxLines:2 lineCount:2
10-01 23:23:37.550 3623 3623 I TrustAgent: [PlaceTrustletChimeraService] Trusted Places isSupported: true
10-01 23:23:37.561 2870 3756 D reflection: shortcut_neural_predictor
10-01 23:23:37.563 2969 3848 I FA : Tag Manager is not found and thus will not be used
10-01 23:23:37.565 3623 3623 I TrustAgent: [VoiceUnlockTrustletChimeraService] #isSupported true
10-01 23:23:37.576 2969 2969 W StaticLayout: maxLineHeight should not be -1. maxLines:3 lineCount:3
10-01 23:23:37.577 2969 2969 W StaticLayout: maxLineHeight should not be -1. maxLines:2 lineCount:2
10-01 23:23:37.579 2969 2969 W StaticLayout: maxLineHeight should not be -1. maxLines:3 lineCount:3
10-01 23:23:37.580 2969 2969 W StaticLayout: maxLineHeight should not be -1. maxLines:2 lineCount:2
10-01 23:23:37.582 2969 2969 W StaticLayout: maxLineHeight should not be -1. maxLines:3 lineCount:3
10-01 23:23:37.582 2969 2969 W StaticLayout: maxLineHeight should not be -1. maxLines:2 lineCount:2
10-01 23:23:37.585 2969 2969 W StaticLayout: maxLineHeight should not be -1. maxLines:3 lineCount:3
10-01 23:23:37.585 2969 2969 W StaticLayout: maxLineHeight should not be -1. maxLines:2 lineCount:2
10-01 23:23:37.592 3852 3852 I gle.android.gm: The ClassLoaderContext is a special shared library.
10-01 23:23:37.630 3852 3852 W GmsApplication: Failed to invoke the SupplierSetterRegistry.
10-01 23:23:37.658 2969 2969 W StaticLayout: maxLineHeight should not be -1. maxLines:3 lineCount:3
10-01 23:23:37.658 2969 2969 W StaticLayout: maxLineHeight should not be -1. maxLines:1 lineCount:1
10-01 23:23:37.659 2969 2969 W StaticLayout: maxLineHeight should not be -1. maxLines:3 lineCount:3
10-01 23:23:37.660 2969 2969 W StaticLayout: maxLineHeight should not be -1. maxLines:1 lineCount:1
10-01 23:23:37.688 3623 3623 E BaseAppContext: Tried to stop global GMSCore RequestQueue. This is likely unintended, so ignoring.
10-01 23:23:37.692 2870 3756 D reflection: neural_predictor
10-01 23:23:37.693 2870 3756 D reflection: recency_event_predictor
10-01 23:23:37.693 2870 3756 D reflection: Rule_Based_Predictor
10-01 23:23:37.701 2969 2969 W StaticLayout: maxLineHeight should not be -1. maxLines:3 lineCount:3
10-01 23:23:37.702 2969 2980 I earchbox:searc: Background concurrent copying GC freed 152300(8MB) AllocSpace objects, 21(548KB) LOS objects, 63% free, 6MB/18MB, paused 5.496ms total 312.648ms
10-01 23:23:37.706 2969 2969 W StaticLayout: maxLineHeight should not be -1. maxLines:3 lineCount:3
10-01 23:23:37.723 3623 3623 I GeofencerStateMachine: sendWifiConnectivityChanged: connectivity=true
10-01 23:23:37.727 3623 3831 I GeofencerStateMachine: Network location disabled.
10-01 23:23:37.742 3852 3852 V NativeCrypto: Registering com/google/android/gms/org/conscrypt/NativeCrypto's 287 native methods...
10-01 23:23:37.758 3852 3852 D NetworkSecurityConfig: Using Network Security Config from resource network_security_config debugBuild: false
10-01 23:23:37.760 3852 3852 I ProviderInstaller: Installed default security provider GmsCore_OpenSSL
10-01 23:23:37.776 3623 3623 I Wear_Controller: Wear requires a companion app to be installed.
10-01 23:23:37.776 3623 3623 I WearableService: onCreate: Wearable Services not starting. Wear is not available on this device.
10-01 23:23:37.797 2870 3756 D reflection: shortcut_neural_predictor
10-01 23:23:37.797 2969 3905 I WebViewFactory: Loading com.android.webview version 66.0.3359.158 (code 336015855)
10-01 23:23:37.853 3623 3623 I TrustAgent: [TrustletManager] registerTrustlet: Bluetooth
10-01 23:23:37.854 3623 3623 I TrustAgent: [TrustletManager] registerTrustlet: Connectionless-BLE
10-01 23:23:37.855 3623 3623 I TrustAgent: [TrustletManager] registerTrustlet: NFC
10-01 23:23:37.855 3623 3623 I TrustAgent: [TrustletManager] registerTrustlet: PhonePosition
10-01 23:23:37.859 3623 3623 W ChimeraUtils: Non Chimera context
10-01 23:23:37.859 3623 3623 W ChimeraUtils: Non Chimera context
10-01 23:23:37.873 3623 3623 I TrustAgent: [PlaceTrustletChimeraService] Trusted Places isSupported: true
10-01 23:23:37.874 3623 3623 I TrustAgent: [PlaceTrustletChimeraService] Trusted Places isSupported: true
10-01 23:23:37.879 3852 3852 W Primes : Primes not initialized, returning default (no-op) Primes instance which will ignore all calls. Please call Primes.initialize(...) before using any Primes API.
10-01 23:23:37.884 3801 3884 W droid.apps.map: Unsupported class loader
10-01 23:23:37.886 3623 3623 I TrustAgent: [TrustletManager] registerTrustlet: Place
10-01 23:23:37.888 3623 3623 I TrustAgent: [VoiceUnlockTrustletChimeraService] #isSupported true
10-01 23:23:37.890 3623 3623 I TrustAgent: [VoiceUnlockTrustletChimeraService] #isSupported true
10-01 23:23:37.891 3623 3623 I TrustAgent: [VoiceUnlockTrustletChimeraService] VoiceUnlockTrustlerChimeraService initializeTrustlet()
10-01 23:23:37.892 3623 3623 I TrustAgent: [VoiceUnlockTrustletChimeraService] validateCanUnlock false
10-01 23:23:37.892 3623 3623 I TrustAgent: [TrustletManager] registerTrustlet: Voiceunlock
10-01 23:23:37.896 2870 3756 D reflection: neural_predictor
10-01 23:23:37.910 3623 3623 I TrustAgent: [TrustletManager] registerTrustlet: Face
10-01 23:23:37.913 3623 3733 W WearableService: onGetService: Wear is not available on this device.
10-01 23:23:37.924 3623 3623 W ChimeraUtils: Non Chimera context
10-01 23:23:37.924 3623 3623 W ChimeraUtils: Non Chimera context
10-01 23:23:37.927 2969 3812 W WearStatusSyncerImpl: Error while sending opt-in status or deleting now cards.
10-01 23:23:37.927 2969 3812 W WearStatusSyncerImpl: com.google.android.apps.gsa.shared.m.c: Failed to connect: 16
10-01 23:23:37.927 2969 3812 W WearStatusSyncerImpl: at com.google.android.apps.gsa.shared.m.a.c(SourceFile:41)
10-01 23:23:37.927 2969 3812 W WearStatusSyncerImpl: at com.google.android.apps.gsa.staticplugins.z.c.bsi(SourceFile:12)
10-01 23:23:37.927 2969 3812 W WearStatusSyncerImpl: at com.google.android.apps.gsa.clockwork.b.perform(Unknown Source:2)
10-01 23:23:37.927 2969 3812 W WearStatusSyncerImpl: at com.google.android.apps.gsa.staticplugins.s.b.a.a(SourceFile:2)
10-01 23:23:37.927 2969 3812 W WearStatusSyncerImpl: at com.google.android.apps.gsa.staticplugins.s.b.d.call(Unknown Source:2)
10-01 23:23:37.927 2969 3812 W WearStatusSyncerImpl: at com.google.android.libraries.gsa.runner.a.a.c(SourceFile:16)
10-01 23:23:37.927 2969 3812 W WearStatusSyncerImpl: at com.google.android.libraries.gsa.runner.a.e.bhd(Unknown Source:4)
10-01 23:23:37.927 2969 3812 W WearStatusSyncerImpl: at com.google.android.apps.gsa.shared.logger.e.a.a.a.a(SourceFile:46)
10-01 23:23:37.927 2969 3812 W WearStatusSyncerImpl: at com.google.android.apps.gsa.shared.logger.e.a.a.g.bhd(Unknown Source:4)
10-01 23:23:37.927 2969 3812 W WearStatusSyncerImpl: at com.google.common.util.concurrent.cs.eOW(SourceFile:9)
10-01 23:23:37.927 2969 3812 W WearStatusSyncerImpl: at com.google.common.util.concurrent.bp.run(SourceFile:5)
10-01 23:23:37.927 2969 3812 W WearStatusSyncerImpl: at com.google.common.util.concurrent.cr.run(SourceFile:9)
10-01 23:23:37.927 2969 3812 W WearStatusSyncerImpl: at com.google.android.apps.gsa.shared.util.concurrent.b.g.run(Unknown Source:4)
10-01 23:23:37.927 2969 3812 W WearStatusSyncerImpl: at com.google.android.apps.gsa.shared.util.concurrent.b.bk.run(SourceFile:3)
10-01 23:23:37.927 2969 3812 W WearStatusSyncerImpl: at com.google.android.apps.gsa.shared.util.concurrent.b.bk.run(SourceFile:3)
10-01 23:23:37.927 2969 3812 W WearStatusSyncerImpl: at java.util.concurrent.ThreadPoolExecutor.runWorker(ThreadPoolExecutor.java:1167)
10-01 23:23:37.927 2969 3812 W WearStatusSyncerImpl: at java.util.concurrent.ThreadPoolExecutor$Worker.run(ThreadPoolExecutor.java:641)
10-01 23:23:37.927 2969 3812 W WearStatusSyncerImpl: at java.lang.Thread.run(Thread.java:764)
10-01 23:23:37.927 2969 3812 W WearStatusSyncerImpl: at com.google.android.apps.gsa.shared.util.concurrent.b.m.run(SourceFile:6)
10-01 23:23:37.932 3801 3884 W droid.apps.map: Skipping duplicate class check due to unsupported classloader
10-01 23:23:37.956 3923 3923 I Zygote : seccomp disabled by setenforce 0
10-01 23:23:37.966 1469 1588 I ActivityManager: Start proc 3923:com.android.bluetooth/1002 for service com.android.bluetooth/.btservice.AdapterService
10-01 23:23:37.995 3923 3923 E droid.bluetoot: Not starting debugger since process cannot load the jdwp agent.
10-01 23:23:38.004 2969 3905 I cr_LibraryLoader: Time to load native libraries: 6 ms (timestamps 2968-2974)
10-01 23:23:38.025 3852 3934 W MDM : [221] admr.c: enableNfc
10-01 23:23:38.036 3852 3934 W MDM : [221] admr.c: EnableNfc flag is true
10-01 23:23:38.036 3852 3934 V NFC : this device does not have NFC support
10-01 23:23:38.043 2870 3756 W InstantAppResolverImpl: getInstantApps failed. Launcher may not be the default home app.
10-01 23:23:38.043 2870 3756 W InstantAppResolverImpl: java.lang.SecurityException: getEphemeralApplications: Neither user 10199 nor current process has android.permission.ACCESS_INSTANT_APPS.
10-01 23:23:38.043 2870 3756 W InstantAppResolverImpl: at android.os.Parcel.createException(Parcel.java:1942)
10-01 23:23:38.043 2870 3756 W InstantAppResolverImpl: at android.os.Parcel.readException(Parcel.java:1910)
10-01 23:23:38.043 2870 3756 W InstantAppResolverImpl: at android.os.Parcel.readException(Parcel.java:1860)
10-01 23:23:38.043 2870 3756 W InstantAppResolverImpl: at android.content.pm.IPackageManager$Stub$Proxy.getInstantApps(IPackageManager.java:6 459)
10-01 23:23:38.043 2870 3756 W InstantAppResolverImpl: at android.app.ApplicationPackageManager.getInstantApps(ApplicationPackageManager.java :836)
10-01 23:23:38.043 2870 3756 W InstantAppResolverImpl: at com.android.quickstep.InstantAppResolverImpl.getInstantApps(SourceFile:63)
10-01 23:23:38.043 2870 3756 W InstantAppResolverImpl: at com.google.android.apps.nexuslauncher.reflection.b.b.ej(SourceFile:91)
10-01 23:23:38.043 2870 3756 W InstantAppResolverImpl: at com.google.android.apps.nexuslauncher.reflection.b.b.a(SourceFile:77)
10-01 23:23:38.043 2870 3756 W InstantAppResolverImpl: at com.google.android.apps.nexuslauncher.reflection.n.b(SourceFile:226)
10-01 23:23:38.043 2870 3756 W InstantAppResolverImpl: at com.google.android.apps.nexuslauncher.reflection.j.handleMessage(SourceFile:158)
10-01 23:23:38.043 2870 3756 W InstantAppResolverImpl: at android.os.Handler.dispatchMessage(Handler.java:102)
10-01 23:23:38.043 2870 3756 W InstantAppResolverImpl: at android.os.Looper.loop(Looper.java:193)
10-01 23:23:38.043 2870 3756 W InstantAppResolverImpl: at android.os.HandlerThread.run(HandlerThread.java:65)
10-01 23:23:38.043 2870 3756 W InstantAppResolverImpl: Caused by: android.os.RemoteException: Remote stack trace:
10-01 23:23:38.043 2870 3756 W InstantAppResolverImpl: at android.app.ContextImpl.enforce(ContextImpl.java:1812)
10-01 23:23:38.043 2870 3756 W InstantAppResolverImpl: at android.app.ContextImpl.enforceCallingOrSelfPermission(ContextImpl.java:1840)
10-01 23:23:38.043 2870 3756 W InstantAppResolverImpl: at com.android.server.pm.PackageManagerService.getInstantApps(PackageManagerService.ja va:8126)
10-01 23:23:38.043 2870 3756 W InstantAppResolverImpl: at android.content.pm.IPackageManager$Stub.onTransact(IPackageManager.java:2463)
10-01 23:23:38.043 2870 3756 W InstantAppResolverImpl: at com.android.server.pm.PackageManagerService.onTransact(PackageManagerService.java:3 896)
10-01 23:23:38.043 2870 3756 W InstantAppResolverImpl:
10-01 23:23:38.044 2969 3905 I chromium: [INFO:library_loader_hooks.cc(36)] Chromium logging enabled: level = 0, default verbosity = 0
10-01 23:23:38.044 2969 3905 I cr_LibraryLoader: Expected native library version number "66.0.3359.158", actual native library version number "66.0.3359.158"
10-01 23:23:38.066 3801 3884 W droid.apps.map: Unsupported class loader
10-01 23:23:38.069 3801 3884 W droid.apps.map: Skipping duplicate class check due to unsupported classloader
10-01 23:23:38.072 2870 3756 W InstantAppResolverImpl: getInstantApps failed. Launcher may not be the default home app.
10-01 23:23:38.072 2870 3756 W InstantAppResolverImpl: java.lang.SecurityException: getEphemeralApplications: Neither user 10199 nor current process has android.permission.ACCESS_INSTANT_APPS.
10-01 23:23:38.072 2870 3756 W InstantAppResolverImpl: at android.os.Parcel.createException(Parcel.java:1942)
10-01 23:23:38.072 2870 3756 W InstantAppResolverImpl: at android.os.Parcel.readException(Parcel.java:1910)
10-01 23:23:38.072 2870 3756 W InstantAppResolverImpl: at android.os.Parcel.readException(Parcel.java:1860)
10-01 23:23:38.072 2870 3756 W InstantAppResolverImpl: at android.content.pm.IPackageManager$Stub$Proxy.getInstantApps(IPackageManager.java:6 459)
10-01 23:23:38.072 2870 3756 W InstantAppResolverImpl: at android.app.ApplicationPackageManager.getInstantApps(ApplicationPackageManager.java :836)
10-01 23:23:38.072 2870 3756 W InstantAppResolverImpl: at com.android.quickstep.InstantAppResolverImpl.getInstantApps(SourceFile:63)
10-01 23:23:38.072 2870 3756 W InstantAppResolverImpl: at com.google.android.apps.nexuslauncher.d.b.i(SourceFile:119)
10-01 23:23:38.072 2870 3756 W InstantAppResolverImpl: at com.google.android.apps.nexuslauncher.reflection.n.b(SourceFile:226)
10-01 23:23:38.072 2870 3756 W InstantAppResolverImpl: at com.google.android.apps.nexuslauncher.reflection.j.handleMessage(SourceFile:158)
10-01 23:23:38.072 2870 3756 W InstantAppResolverImpl: at android.os.Handler.dispatchMessage(Handler.java:102)
10-01 23:23:38.072 2870 3756 W InstantAppResolverImpl: at android.os.Looper.loop(Looper.java:193)
10-01 23:23:38.072 2870 3756 W InstantAppResolverImpl: at android.os.HandlerThread.run(HandlerThread.java:65)
10-01 23:23:38.079 2870 3643 D ProtoStore: deleting smartspace_current
10-01 23:23:38.129 2870 3643 D ProtoStore: no cached data
10-01 23:23:38.132 3801 3949 W droid.apps.map: Class com.google.android.apps.gmm.tutorial.c failed lock verification and will run slower.
10-01 23:23:38.132 3801 3949 W droid.apps.map: Common causes for lock verification issues are non-optimized dex code
10-01 23:23:38.132 3801 3949 W droid.apps.map: and incorrect proguard optimizations.
10-01 23:23:38.146 2870 3756 W InstantAppResolverImpl: getInstantApps failed. Launcher may not be the default home app.
10-01 23:23:38.146 2870 3756 W InstantAppResolverImpl: java.lang.SecurityException: getEphemeralApplications: Neither user 10199 nor current process has android.permission.ACCESS_INSTANT_APPS.
10-01 23:23:38.146 2870 3756 W InstantAppResolverImpl: at android.os.Parcel.createException(Parcel.java:1942)
10-01 23:23:38.146 2870 3756 W InstantAppResolverImpl: at android.os.Parcel.readException(Parcel.java:1910)
10-01 23:23:38.146 2870 3756 W InstantAppResolverImpl: at android.os.Parcel.readException(Parcel.java:1860)
10-01 23:23:38.146 2870 3756 W InstantAppResolverImpl: at android.content.pm.IPackageManager$Stub$Proxy.getInstantApps(IPackageManager.java:6 459)
10-01 23:23:38.146 2870 3756 W InstantAppResolverImpl: at android.app.ApplicationPackageManager.getInstantApps(ApplicationPackageManager.java :836)
10-01 23:23:38.146 2870 3756 W InstantAppResolverImpl: at com.android.quickstep.InstantAppResolverImpl.getInstantApps(SourceFile:63)
10-01 23:23:38.146 2870 3756 W InstantAppResolverImpl: at com.google.android.apps.nexuslauncher.reflection.b.b.ej(SourceFile:91)
10-01 23:23:38.146 2870 3756 W InstantAppResolverImpl: at com.google.android.apps.nexuslauncher.reflection.b.b.a(SourceFile:77)
10-01 23:23:38.146 2870 3756 W InstantAppResolverImpl: at com.google.android.apps.nexuslauncher.reflection.n.b(SourceFile:226)
10-01 23:23:38.146 2870 3756 W InstantAppResolverImpl: at com.google.android.apps.nexuslauncher.reflection.j.handleMessage(SourceFile:158)
10-01 23:23:38.146 2870 3756 W InstantAppResolverImpl: at android.os.Handler.dispatchMessage(Handler.java:102)
10-01 23:23:38.146 2870 3756 W InstantAppResolverImpl: at android.os.Looper.loop(Looper.java:193)
10-01 23:23:38.146 2870 3756 W InstantAppResolverImpl: at android.os.HandlerThread.run(HandlerThread.java:65)
10-01 23:23:38.152 2870 3756 W InstantAppResolverImpl: getInstantApps failed. Launcher may not be the default home app.
10-01 23:23:38.152 2870 3756 W InstantAppResolverImpl: java.lang.SecurityException: getEphemeralApplications: Neither user 10199 nor current process has android.permission.ACCESS_INSTANT_APPS.
10-01 23:23:38.152 2870 3756 W InstantAppResolverImpl: at android.os.Parcel.createException(Parcel.java:1942)
10-01 23:23:38.152 2870 3756 W InstantAppResolverImpl: at android.os.Parcel.readException(Parcel.java:1910)
10-01 23:23:38.152 2870 3756 W InstantAppResolverImpl: at android.os.Parcel.readException(Parcel.java:1860)
10-01 23:23:38.152 2870 3756 W InstantAppResolverImpl: at android.content.pm.IPackageManager$Stub$Proxy.getInstantApps(IPackageManager.java:6 459)
10-01 23:23:38.152 2870 3756 W InstantAppResolverImpl: at android.app.ApplicationPackageManager.getInstantApps(ApplicationPackageManager.java :836)
10-01 23:23:38.152 2870 3756 W InstantAppResolverImpl: at com.android.quickstep.InstantAppResolverImpl.getInstantApps(SourceFile:63)
10-01 23:23:38.152 2870 3756 W InstantAppResolverImpl: at com.google.android.apps.nexuslauncher.d.b.i(SourceFile:119)
10-01 23:23:38.152 2870 3756 W InstantAppResolverImpl: at com.google.android.apps.nexuslauncher.reflection.n.b(SourceFile:226)
10-01 23:23:38.152 2870 3756 W InstantAppResolverImpl: at com.google.android.apps.nexuslauncher.reflection.j.handleMessage(SourceFile:158)
10-01 23:23:38.152 2870 3756 W InstantAppResolverImpl: at android.os.Handler.dispatchMessage(Handler.java:102)
10-01 23:23:38.152 2870 3756 W InstantAppResolverImpl: at android.os.Looper.loop(Looper.java:193)
10-01 23:23:38.152 2870 3756 W InstantAppResolverImpl: at android.os.HandlerThread.run(HandlerThread.java:65)
10-01 23:23:38.160 3923 3923 D BluetoothOppFileProvider: Initialized
10-01 23:23:38.180 3923 3923 V AdapterServiceConfig: Adding HeadsetService
10-01 23:23:38.181 3923 3923 V AdapterServiceConfig: Adding A2dpService
10-01 23:23:38.181 3923 3923 V AdapterServiceConfig: Adding HidHostService
10-01 23:23:38.181 3923 3923 V AdapterServiceConfig: Adding HealthService
10-01 23:23:38.181 3923 3923 V AdapterServiceConfig: Adding PanService
10-01 23:23:38.181 3923 3923 V AdapterServiceConfig: Adding GattService
10-01 23:23:38.181 3923 3923 V AdapterServiceConfig: Adding BluetoothMapService
10-01 23:23:38.181 3923 3923 V AdapterServiceConfig: Adding HeadsetClientService
10-01 23:23:38.181 3923 3923 V AdapterServiceConfig: Adding AvrcpTargetService
10-01 23:23:38.181 3923 3923 V AdapterServiceConfig: Adding HidDeviceService
10-01 23:23:38.181 3923 3923 V AdapterServiceConfig: Adding BluetoothOppService
10-01 23:23:38.181 3923 3923 V AdapterServiceConfig: Adding BluetoothPbapService
10-01 23:23:38.189 3623 3775 W Settings: Setting airplane_mode_on has moved from android.provider.Settings.System to android.provider.Settings.Global, returning read-only value.
10-01 23:23:38.194 3923 3923 I : [1001/232338.194139:INFO:com_android_bluetooth_btservice_AdapterService.cpp(630)] hal_util_load_bt_library loaded HAL: btinterface=0x77178a5f60, handle=0xdafc485b45ed823f
10-01 23:23:38.195 3923 3923 D BluetoothAdapterService: onCreate()
10-01 23:23:38.206 3923 3923 D AdapterState: make() - Creating AdapterState
10-01 23:23:38.208 3923 3923 I bt_btif : init
10-01 23:23:38.208 3923 3923 D bt_osi_allocation_tracker: canary initialized
10-01 23:23:38.209 3923 3964 I AdapterState: OFF : entered
10-01 23:23:38.210 3923 3964 D AdapterProperties: Setting state to OFF
10-01 23:23:38.212 3923 3965 I bt_osi_thread: run_thread: thread id 3965, thread name stack_manager started
10-01 23:23:38.212 3923 3965 I bt_stack_manager: event_init_stack is initializing the stack
10-01 23:23:38.214 3923 3968 I bt_osi_thread: run_thread: thread id 3968, thread name alarm_default_ca started
10-01 23:23:38.214 3923 3969 I bt_osi_thread: run_thread: thread id 3969, thread name alarm_dispatcher started
10-01 23:23:38.215 3923 3965 I bt_btif_core: btif_init_bluetooth entered
10-01 23:23:38.215 3923 3965 I bt_stack_config: init attempt to load stack conf from /etc/bluetooth/bt_stack.conf
10-01 23:23:38.216 3923 3970 I bt_osi_thread: run_thread: thread id 3970, thread name bt_jni_workqueue started
10-01 23:23:38.216 3923 3965 I bt_btif_core: btif_init_bluetooth finished
10-01 23:23:38.216 3923 3965 I bt_stack_manager: event_init_stack finished
10-01 23:23:38.216 3923 3923 I bt_osi_wakelock: wakelock_set_os_callouts set to non-native
10-01 23:23:38.216 3923 3970 I bt_btif_core: run_message_loop entered
10-01 23:23:38.216 3923 3923 I bt_btif : get_profile_interface: id = socket
10-01 23:23:38.216 3923 3923 W bt_btif : do_in_jni_thread: Dropped message, message_loop not initialized yet!
10-01 23:23:38.216 3923 3923 I chatty : uid=1002(bluetooth) com.android.bluetooth identical 1 line
10-01 23:23:38.216 3923 3923 W bt_btif : do_in_jni_thread: Dropped message, message_loop not initialized yet!
10-01 23:23:38.217 3923 3923 I bt_btif : get_profile_interface: id = sdp
10-01 23:23:38.219 2969 3827 D NetworkSecurityConfig: Using Network Security Config from resource network_security_config debugBuild: false
10-01 23:23:38.220 3923 3923 I BluetoothAdapterService: Phone policy enabled
10-01 23:23:38.227 3923 3923 D BluetoothActiveDeviceManager: start()
10-01 23:23:38.244 3923 3923 D BluetoothAdapterService: setAdapterService() - trying to set service to com.android.bluetooth.btservice.AdapterService@332445d
10-01 23:23:38.244 3923 3971 D BluetoothActiveDeviceManager: onAudioDevicesAdded
10-01 23:23:38.244 3923 3971 D BluetoothActiveDeviceManager: Audio device added: Redmi Note 4 type: 1
10-01 23:23:38.244 3923 3971 D BluetoothActiveDeviceManager: Audio device added: Redmi Note 4 type: 2
10-01 23:23:38.244 3923 3971 D BluetoothActiveDeviceManager: Audio device added: Redmi Note 4 type: 18
10-01 23:23:38.244 3923 3971 D BluetoothActiveDeviceManager: Audio device added: Redmi Note 4 type: 15
10-01 23:23:38.244 3923 3971 D BluetoothActiveDeviceManager: Audio device added: Redmi Note 4 type: 15
10-01 23:23:38.244 3923 3971 D BluetoothActiveDeviceManager: Audio device added: Redmi Note 4 type: 16
10-01 23:23:38.244 3923 3971 D BluetoothActiveDeviceManager: Audio device added: Redmi Note 4 type: 18
10-01 23:23:38.251 3852 3976 I CastDatabase: Opening the database
10-01 23:23:38.251 3923 3923 D BluetoothAdapterService: onBind()
10-01 23:23:38.252 1469 1469 D BluetoothManagerService: BluetoothServiceConnection: com.android.bluetooth.btservice.AdapterService
10-01 23:23:38.252 1469 1603 D BluetoothManagerService: MESSAGE_BLUETOOTH_SERVICE_CONNECTED: 1
10-01 23:23:38.253 1469 1603 D BluetoothManagerService: Broadcasting onBluetoothServiceUp() to 7 receivers.
10-01 23:23:38.258 3923 3942 D BluetoothAdapterService: enable() - Enable called with quiet mode status = false
10-01 23:23:38.260 3923 3964 I AdapterState: BLE_TURNING_ON : entered
10-01 23:23:38.260 3923 3964 D AdapterProperties: Setting state to BLE_TURNING_ON
10-01 23:23:38.261 3923 3964 D BluetoothAdapterService: updateAdapterState() - Broadcasting state BLE_TURNING_ON to 1 receivers.
10-01 23:23:38.261 3923 3964 D BluetoothAdapterService: bleOnProcessStart()
10-01 23:23:38.261 1469 1603 D BluetoothManagerService: MESSAGE_BLUETOOTH_STATE_CHANGE: OFF > BLE_TURNING_ON
10-01 23:23:38.261 1469 1603 D BluetoothManagerService: Sending BLE State Change: OFF > BLE_TURNING_ON
10-01 23:23:38.261 3923 3964 I AdapterProperties: init(), maxConnectedAudioDevices, default=5, propertyOverlayed=5, finalValue=5
10-01 23:23:38.270 3923 3964 D BluetoothAdapterService: bleOnProcessStart() - Make Bond State Machine
10-01 23:23:38.271 3923 3964 D BluetoothBondStateMachine: make
10-01 23:23:38.278 3923 3981 I BluetoothBondStateMachine: StableState(): Entering Off State
10-01 23:23:38.282 3852 3957 I FA-SVC : App measurement is starting up, version: 14366
10-01 23:23:38.274 541 541 I HwBinder:541_1: type=1400 audit(0.0:1206): avc: denied { write } for scontext=u:r:hal_sensors_default:s0 tcontext=u:r:hal_sensors_default:s0 tclass=socket permissive=1
10-01 23:23:38.274 555 555 I sensors.qcom: type=1400 audit(0.0:1207): avc: denied { read } for scontext=u:r:init:s0 tcontext=u:r:init:s0 tclass=socket permissive=1
10-01 23:23:38.274 555 555 I sensors.qcom: type=1400 audit(0.0:1208): avc: denied { write } for scontext=u:r:init:s0 tcontext=u:r:init:s0 tclass=socket permissive=1
10-01 23:23:38.283 3923 3923 I BtGatt.JNI: classInitNative(L875): classInitNative: Success!
10-01 23:23:38.283 3923 3923 D BtGatt.DebugUtils: handleDebugAction() action=null
10-01 23:23:38.284 3923 3923 D BluetoothAdapterService: getAdapterService() - returning com.android.bluetooth.btservice.AdapterService@332445d
10-01 23:23:38.285 3923 3923 I bt_btif : get_profile_interface: id = gatt
10-01 23:23:38.285 3923 3923 D BluetoothAdapterService: getAdapterService() - returning com.android.bluetooth.btservice.AdapterService@332445d
10-01 23:23:38.293 3923 3923 D BluetoothAdapterService: getAdapterService() - returning com.android.bluetooth.btservice.AdapterService@332445d
10-01 23:23:38.295 3923 3923 D BluetoothAdapterService: handleMessage() - Message: 2
10-01 23:23:38.295 3923 3923 D BluetoothAdapterService: handleMessage() - MESSAGE_PROFILE_SERVICE_REGISTERED
10-01 23:23:38.295 3923 3923 D BluetoothAdapterService: handleMessage() - Message: 1
10-01 23:23:38.295 3923 3923 D BluetoothAdapterService: handleMessage() - MESSAGE_PROFILE_SERVICE_STATE_CHANGED
10-01 23:23:38.295 3923 3923 I bt_btif : enable: start restricted = 0
10-01 23:23:38.296 3923 3965 I bt_stack_manager: event_start_up_stack is bringing up the stack
10-01 23:23:38.296 3923 3965 I bt_core_module: module_start_up Starting module "btif_config_module"
10-01 23:23:38.296 3923 3965 I bt_core_module: module_start_up Started module "btif_config_module"
10-01 23:23:38.296 3923 3965 I bt_core_module: module_start_up Starting module "btsnoop_module"
10-01 23:23:38.296 3923 3965 I bt_core_module: module_start_up Started module "btsnoop_module"
10-01 23:23:38.296 3923 3965 I bt_core_module: module_start_up Starting module "hci_module"
10-01 23:23:38.296 3923 3965 I bt_hci : hci_module_start_up
10-01 23:23:38.297 3923 3986 I bt_osi_thread: run_thread: thread id 3986, thread name hci_thread started
10-01 23:23:38.297 3923 3965 D bt_hci : hci_module_start_up starting async portion
10-01 23:23:38.297 3923 3986 I bt_hci : hci_initialize
10-01 23:23:38.300 3923 3986 I bt_hci : hci_initialize: IBluetoothHci::getService() returned 0x772a61cb20 (remote)
10-01 23:23:38.300 528 2245 I [email protected]: BluetoothHci::initialize()
10-01 23:23:38.301 528 2245 I bt_vendor: ++init
10-01 23:23:38.301 528 2245 I bt_vendor: bt-vendor : get_bt_soc_type
10-01 23:23:38.301 528 2245 I bt_vendor: qcom.bluetooth.soc set to smd
10-01 23:23:38.301 528 2245 I bt_vendor: qcom.bluetooth.soc not set, so using default.
10-01 23:23:38.301 528 2245 I bt_vendor: BD Address: 00:00:00:00:00:00
10-01 23:23:38.302 528 2245 D [email protected]: Open vendor library loaded
10-01 23:23:38.302 528 2245 I bt_vendor: bt-vendor : BT_VND_OP_POWER_CTRL: On
10-01 23:23:38.302 528 2245 I bt_vendor: bluetooth status is on
10-01 23:23:38.302 528 2245 I bt_vendor: bt-vendor : resetting BT status
10-01 23:23:38.302 528 2245 W bt_vendor: Hw_config: nState = 0
10-01 23:23:38.302 528 2245 W bt_vendor: Hw_config: nState = 1
10-01 23:23:38.302 528 2245 I bt_vendor: bluetooth status is on
10-01 23:23:38.302 528 2245 I bt_vendor: bt-vendor : BT_VND_OP_USERIAL_OPEN
10-01 23:23:38.294 528 528 I HwBinder:528_1: type=1400 audit(0.0:1209): avc: denied { read write } for name="smd3" dev="tmpfs" ino=5688 scontext=u:r:hal_bluetooth_default:s0 tcontext=u:object_r:device:s0 tclass=chr_file permissive=1
10-01 23:23:38.294 528 528 I HwBinder:528_1: type=1400 audit(0.0:1210): avc: denied { open } for path="/dev/smd3" dev="tmpfs" ino=5688 scontext=u:r:hal_bluetooth_default:s0 tcontext=u:object_r:device:s0 tclass=chr_file permissive=1
10-01 23:23:38.303 528 2245 I bt_vendor: Done intiailizing UART
10-01 23:23:38.305 528 2245 I bt_vendor: Done intiailizing UART
10-01 23:23:38.305 528 2245 I bt_vendor: Bluetooth FW and transport layer are initialized
10-01 23:23:38.305 528 2245 D [email protected]: OnFirmwareConfigured result: 0
10-01 23:23:38.305 528 2245 I [email protected]: Firmware configured in 0.000s
10-01 23:23:38.305 528 2245 I [email protected]: OnFirmwareConfigured: lpm_timeout_ms 1000
10-01 23:23:38.305 528 2245 I bt_vendor: __op: property_get: persist.service.bdroid.lpmcfg: all
10-01 23:23:38.305 528 2245 D [email protected]: low_power_mode_cb result: 0
10-01 23:23:38.305 528 2245 D [email protected]: OnFirmwareConfigured Calling StartLowPowerWatchdog()
10-01 23:23:38.306 3923 3986 I bt_hci : event_finish_startup
10-01 23:23:38.306 3923 3965 I bt_core_module: module_start_up Started module "hci_module"
10-01 23:23:38.306 3923 3990 I bt_osi_thread: run_thread: thread id 3990, thread name bt_workqueue started
10-01 23:23:38.307 3923 3990 I : [1001/232338.307024:INFO:btu_task.cc(107)] Bluetooth chip preload is complete
10-01 23:23:38.307 3923 3990 I : [1001/232338.307479:INFO:gatt_api.cc(948)] GATT_Register 81818181-8181-8181-8181- 818181818181
10-01 23:23:38.307 3923 3990 I : [1001/232338.307537:INFO:gatt_api.cc(968)] allocated gatt_if=1
10-01 23:23:38.307 3923 3990 I : [1001/232338.307574:INFO:gatt_api.cc(161)] GATTS_AddService
10-01 23:23:38.307 3923 3990 I : [1001/232338.307609:INFO:gatt_api.cc(265)] GATTS_AddService: service parsed correctly, now starting
10-01 23:23:38.307 3923 3990 I : [1001/232338.307749:INFO:gatt_api.cc(948)] GATT_Register 82828282-8282-8282-8282- 828282828282
10-01 23:23:38.307 3923 3990 I : [1001/232338.307780:INFO:gatt_api.cc(968)] allocated gatt_if=2
10-01 23:23:38.307 3923 3990 I : [1001/232338.307806:INFO:gatt_api.cc(161)] GATTS_AddService
10-01 23:23:38.307 3923 3990 I : [1001/232338.307830:INFO:gatt_api.cc(265)] GATTS_AddService: service parsed correctly, now starting
10-01 23:23:38.308 3923 3990 I bt_bte : BTE_InitTraceLevels -- TRC_HCI : Level 2
10-01 23:23:38.308 3923 3990 I bt_bte : BTE_InitTraceLevels -- TRC_L2CAP : Level 2
10-01 23:23:38.308 3923 3990 I bt_bte : BTE_InitTraceLevels -- TRC_RFCOMM : Level 2
10-01 23:23:38.308 3923 3990 I bt_bte : BTE_InitTraceLevels -- TRC_AVDT : Level 2
10-01 23:23:38.308 3923 3990 I bt_bte : BTE_InitTraceLevels -- TRC_AVRC : Level 2
10-01 23:23:38.308 3923 3990 I bt_bte : BTE_InitTraceLevels -- TRC_A2D : Level 2
10-01 23:23:38.308 3923 3990 I bt_bte : BTE_InitTraceLevels -- TRC_BNEP : Level 2
10-01 23:23:38.308 3923 3990 I bt_bte : BTE_InitTraceLevels -- TRC_BTM : Level 2
10-01 23:23:38.308 3923 3990 I bt_bte : BTE_InitTraceLevels -- TRC_HID_HOST : Level 2
10-01 23:23:38.308 3923 3990 I bt_bte : BTE_InitTraceLevels -- TRC_PAN : Level 2
10-01 23:23:38.308 3923 3990 I bt_bte : BTE_InitTraceLevels -- TRC_SDP : Level 2
10-01 23:23:38.308 3923 3990 I bt_bte : BTE_InitTraceLevels -- TRC_SMP : Level 2
10-01 23:23:38.308 3923 3990 I bt_bte : BTE_InitTraceLevels -- TRC_HID_DEV : Level 2
10-01 23:23:38.308 3923 3990 I bt_bte : BTE_InitTraceLevels -- TRC_BTAPP : Level 2
10-01 23:23:38.308 3923 3990 I bt_bte : BTE_InitTraceLevels -- TRC_BTIF : Level 2
10-01 23:23:38.308 3923 3991 I bt_osi_thread: run_thread: thread id 3991, thread name btu message loop started
10-01 23:23:38.310 3923 3992 I bt_osi_thread: run_thread: thread id 3992, thread name module_wrapper started
10-01 23:23:38.310 3923 3992 I bt_core_module: module_start_up Starting module "controller_module"
10-01 23:23:38.315 3852 3976 I SQLiteCastStore: 0 CastNetworkInfo instances loaded, 0 CastDeviceInfo instances loaded, 0 paired guest mode devices loaded.
10-01 23:23:38.330 3852 3957 I FA-SVC : This instance being marked as an uploader
10-01 23:23:38.377 3801 3884 I cr_CronetLibraryLoader: Cronet version: 68.0.3440.70, arch: aarch64
10-01 23:23:38.394 2870 2945 W s.nexuslaunche: resources.arsc in APK '/data/app/com.alibaba.aliexpresshd-lPKeFmhGViquwlbxF7oJhw==/base.apk' is compressed.
10-01 23:23:38.431 3923 3992 I bt_core_module: module_start_up Started module "controller_module"
10-01 23:23:38.432 3923 3992 W bt_osi_thread: run_thread: thread id 3992, thread name module_wrapper exited
10-01 23:23:38.432 3923 3990 W bt_btm : btm_decode_ext_features_page: feature page 1 ignored
10-01 23:23:38.432 3923 3990 W bt_btm : btm_decode_ext_features_page: feature page 2 ignored
10-01 23:23:38.432 3923 3991 I bt_btm_sec: BTM_SecRegister p_cb_info- >p_le_callback == 0x0x77177735d0
10-01 23:23:38.432 3923 3991 I bt_btm_sec: BTM_SecRegister btm_cb.api.p_le_callback = 0x0x77177735d0
10-01 23:23:38.434 3923 3991 I bt_stack: [INFO:gatt_api.cc(948)] GATT_Register 69fb3074-8196-14c4-8a06-6ee71345cd9a
10-01 23:23:38.434 3923 3991 I bt_stack: [INFO:gatt_api.cc(968)] allocated gatt_if=3
10-01 23:23:38.442 3923 3991 I bt_stack: [INFO:ble_advertiser_hci_interface.cc(732)] VSC advertising will be in use
10-01 23:23:38.442 3923 3991 I bt_stack: [INFO:ble_advertiser_hci_interface.cc(259)] QuirkAdvertiserZeroHandle in use
10-01 23:23:38.443 3923 3970 D AdapterProperties: BT_PROPERTY_LOCAL_LE_FEATURES: update from BT controller mNumOfAdvertisementInstancesSupported = 10 mRpaOffloadSupported = true mNumOfOffloadedIrkSupported = 8 mNumOfOffloadedScanFilterSupported = 16 mOffloadedScanResultStorageBytes= 10240 mIsActivityAndEnergyReporting = true mVersSupported = 96 mTotNumOfTrackableAdv = 32 mIsExtendedScanSupported = true mIsDebugLogSupported = true mIsLe2MPhySupported = false mIsLeCodedPhySupported = false mIsLeExtendedAdvertisingSupported = false mIsLePeriodicAdvertisingSupported = false mLeMaximumAdvertisingDataLength = 31
10-01 23:23:38.444 3923 3970 E bt_btif_storage: btif_storage_get_adapter_property: Controller ready!
10-01 23:23:38.444 3923 3970 I bt_btif_storage: btif_storage_get_adapter_property service_mask:0x20000000
10-01 23:23:38.446 3923 3970 D AdapterProperties: Address is:C4:0B:CB:3E:91:54
10-01 23:23:38.447 1469 1469 D BluetoothManagerService: Bluetooth Adapter address changed to C4:0B:CB:3E:91:54
10-01 23:23:38.447 1469 1469 D BluetoothManagerService: Stored Bluetoothaddress: C4:0B:CB:3E:91:54
10-01 23:23:38.449 3923 3970 D AdapterProperties: Name is: Redmi Note 4
10-01 23:23:38.449 1469 1469 D BluetoothManagerService: Bluetooth Adapter name changed to Redmi Note 4
10-01 23:23:38.449 1469 1469 D BluetoothManagerService: Stored Bluetooth name: Redmi Note 4
10-01 23:23:38.450 3923 3970 D AdapterProperties: Scan Mode:20
10-01 23:23:38.450 3923 3970 D AdapterProperties: Discoverable Timeout:120
10-01 23:23:38.450 3923 3970 I bt_btif_core: btif_enable_bluetooth_evt entered: status 0
10-01 23:23:38.451 3923 4005 I bt_osi_thread: run_thread: thread id 4005, thread name btif_sock started
10-01 23:23:38.452 3923 3970 D bt_bte_conf: Device ID record 1 : primary
10-01 23:23:38.452 3923 3970 D bt_bte_conf: vendorId = 00e0
10-01 23:23:38.452 3923 3970 D bt_bte_conf: vendorIdSource = 0001
10-01 23:23:38.452 3923 3970 D bt_bte_conf: product = 1200
10-01 23:23:38.452 3923 3970 D bt_bte_conf: version = 1436
10-01 23:23:38.452 3923 3970 D bt_bte_conf: clientExecutableURL =
10-01 23:23:38.452 3923 3970 D bt_bte_conf: serviceDescription =
10-01 23:23:38.452 3923 3970 D bt_bte_conf: documentationURL =
10-01 23:23:38.452 3923 3970 D bt_bte_conf: bte_load_did_conf no section named DID2.
10-01 23:23:38.452 3923 3970 I bt_btif_core: btif_enable_bluetooth_evt finished
10-01 23:23:38.452 3923 3965 I bt_stack_manager: event_start_up_stack finished
10-01 23:23:38.454 3923 3964 I AdapterState: BLE_ON : entered
10-01 23:23:38.454 3923 3964 D AdapterProperties: Setting state to BLE_ON
10-01 23:23:38.454 3923 3964 D BluetoothAdapterService: updateAdapterState() - Broadcasting state BLE_ON to 1 receivers.
10-01 23:23:38.454 1469 1603 D BluetoothManagerService: MESSAGE_BLUETOOTH_STATE_CHANGE: BLE_TURNING_ON > BLE_ON
10-01 23:23:38.454 1469 1603 D BluetoothManagerService: Bluetooth is in LE only mode
10-01 23:23:38.454 1469 1603 D BluetoothManagerService: Binding Bluetooth GATT service
10-01 23:23:38.455 1469 1603 D BluetoothManagerService: Sending BLE State Change: BLE_TURNING_ON > BLE_ON
10-01 23:23:38.456 1469 1469 D BluetoothManagerService: BluetoothServiceConnection: com.android.bluetooth.gatt.GattService
10-01 23:23:38.456 1469 1603 D BluetoothManagerService: MESSAGE_BLUETOOTH_SERVICE_CONNECTED: 2
10-01 23:23:38.456 1469 1603 D BluetoothManagerService: continueFromBleOnState()
10-01 23:23:38.457 3923 3964 I AdapterState: TURNING_ON : entered
10-01 23:23:38.457 1469 1603 D BluetoothManagerService: Persisting Bluetooth Setting: 1
10-01 23:23:38.457 3923 3964 D AdapterProperties: Setting state to TURNING_ON
10-01 23:23:38.457 3923 3964 D BluetoothAdapterService: updateAdapterState() - Broadcasting state TURNING_ON to 1 receivers.
10-01 23:23:38.457 3923 3964 D BluetoothAdapterService: startCoreServices()
10-01 23:23:38.458 1469 1603 D BluetoothManagerService: MESSAGE_BLUETOOTH_STATE_CHANGE: BLE_ON > TURNING_ON
10-01 23:23:38.458 1469 1603 D BluetoothManagerService: Sending BLE State Change: BLE_ON > TURNING_ON
10-01 23:23:38.461 3923 3923 I HeadsetService: create()
10-01 23:23:38.464 2748 2748 I GsaVoiceInteractionSrv: O received Intent { act=android.bluetooth.adapter.action.STATE_CHANGED flg=0x4000010 (has extras) }
10-01 23:23:38.472 1469 1469 D BluetoothHeadset: Proxy object connected
10-01 23:23:38.472 1469 1469 I chatty : uid=1000 system_server identical 1 line
10-01 23:23:38.472 1469 1469 D BluetoothHeadset: Proxy object connected
10-01 23:23:38.472 2142 2367 D BluetoothHeadset: Proxy object connected
10-01 23:23:38.473 1469 1469 I AudioService: setBtScoActiveDevice: null -> null
10-01 23:23:38.474 1469 1469 I Telecom : : - Got BluetoothHeadset: com.android.server.telecom.BluetoothHeadsetProxy@f23ce7e: BMSL.oSC@AEw
10-01 23:23:38.475 3923 3923 D BluetoothAdapterService: getAdapterService() - returning com.android.bluetooth.btservice.AdapterService@332445d
10-01 23:23:38.480 3923 3923 I HeadsetService: start()
10-01 23:23:38.480 3923 3923 D BluetoothAdapterService: getAdapterService() - returning com.android.bluetooth.btservice.AdapterService@332445d
10-01 23:23:38.483 3923 4010 I HeadsetPhoneState: stopListenForPhoneState(), no listener indicates nothing is listening
10-01 23:23:38.483 3923 4010 W HeadsetPhoneState: startListenForPhoneState, no event to listen
10-01 23:23:38.487 3923 3923 I BluetoothHeadsetServiceJni: classInitNative: succeeds
10-01 23:23:38.492 3923 3923 I bt_btif : get_profile_interface: id = handsfree
10-01 23:23:38.492 3923 3923 I bt_stack: [INFO:btif_hf.cc(1393)] GetInterface
10-01 23:23:38.494 3923 3991 I bt_stack: [INFO:port_api.cc(230)] RFCOMM_CreateConnection: bd_addr=ff:ff:ff:ff:ff:ff, scn=2, is_server=1, mtu=256, uuid=0x1112, dlci=4, signal_state=0x0b, p_port=0x77179af210
10-01 23:23:38.494 3923 3991 I bt_stack: [INFO:port_api.cc(230)] RFCOMM_CreateConnection: bd_addr=ff:ff:ff:ff:ff:ff, scn=3, is_server=1, mtu=256, uuid=0x111f, dlci=6, signal_state=0x0b, p_port=0x77179af2c8
10-01 23:23:38.494 3923 3991 I bt_stack: [INFO:port_api.cc(230)] RFCOMM_CreateConnection: bd_addr=ff:ff:ff:ff:ff:ff, scn=2, is_server=1, mtu=256, uuid=0x1112, dlci=4, signal_state=0x0b, p_port=0x77179af380
10-01 23:23:38.494 3923 3991 I bt_stack: [INFO:port_api.cc(230)] RFCOMM_CreateConnection: bd_addr=ff:ff:ff:ff:ff:ff, scn=3, is_server=1, mtu=256, uuid=0x111f, dlci=6, signal_state=0x0b, p_port=0x77179af438
10-01 23:23:38.494 3923 3991 I bt_stack: [INFO:port_api.cc(230)] RFCOMM_CreateConnection: bd_addr=ff:ff:ff:ff:ff:ff, scn=2, is_server=1, mtu=256, uuid=0x1112, dlci=4, signal_state=0x0b, p_port=0x77179af4f0
10-01 23:23:38.494 3923 3991 I bt_stack: [INFO:port_api.cc(230)] RFCOMM_CreateConnection: bd_addr=ff:ff:ff:ff:ff:ff, scn=3, is_server=1, mtu=256, uuid=0x111f, dlci=6, signal_state=0x0b, p_port=0x77179af5a8
10-01 23:23:38.494 3923 3991 I bt_stack: [INFO:port_api.cc(230)] RFCOMM_CreateConnection: bd_addr=ff:ff:ff:ff:ff:ff, scn=2, is_server=1, mtu=256, uuid=0x1112, dlci=4, signal_state=0x0b, p_port=0x77179af660
10-01 23:23:38.494 3923 3991 I bt_stack: [INFO:port_api.cc(230)] RFCOMM_CreateConnection: bd_addr=ff:ff:ff:ff:ff:ff, scn=3, is_server=1, mtu=256, uuid=0x111f, dlci=6, signal_state=0x0b, p_port=0x77179af718
10-01 23:23:38.494 3923 3991 I bt_stack: [INFO:port_api.cc(230)] RFCOMM_CreateConnection: bd_addr=ff:ff:ff:ff:ff:ff, scn=2, is_server=1, mtu=256, uuid=0x1112, dlci=4, signal_state=0x0b, p_port=0x77179af7d0
10-01 23:23:38.495 3923 3991 I bt_stack: [INFO:port_api.cc(230)] RFCOMM_CreateConnection: bd_addr=ff:ff:ff:ff:ff:ff, scn=3, is_server=1, mtu=256, uuid=0x111f, dlci=6, signal_state=0x0b, p_port=0x77179af888
10-01 23:23:38.495 3923 3991 I bt_stack: [INFO:port_api.cc(230)] RFCOMM_CreateConnection: bd_addr=ff:ff:ff:ff:ff:ff, scn=2, is_server=1, mtu=256, uuid=0x1112, dlci=4, signal_state=0x0b, p_port=0x77179af940
10-01 23:23:38.495 3923 3991 I bt_stack: [INFO:port_api.cc(230)] RFCOMM_CreateConnection: bd_addr=ff:ff:ff:ff:ff:ff, scn=3, is_server=1, mtu=256, uuid=0x111f, dlci=6, signal_state=0x0b, p_port=0x77179af9f8
10-01 23:23:38.495 3923 3970 I bt_btif_storage: btif_storage_get_adapter_property service_mask:0x20000040
10-01 23:23:38.496 3923 3970 I bt_stack: [INFO:btif_hf.cc(300)] btif_hf_upstreams_evt: AG enable/disable event 0
10-01 23:23:38.497 3923 3971 D BluetoothActiveDeviceManager: handleMessage(MESSAGE_ADAPTER_ACTION_STATE_CHANGED): newState=11
10-01 23:23:38.497 3923 3923 I A2dpService: create()
10-01 23:23:38.500 1469 1469 D BluetoothA2dp: Proxy object connected
10-01 23:23:38.500 3923 3923 D BluetoothAdapterService: getAdapterService() - returning com.android.bluetooth.btservice.AdapterService@332445d
10-01 23:23:38.502 3923 3923 I A2dpService: start()
10-01 23:23:38.502 3923 3923 D BluetoothAdapterService: getAdapterService() - returning com.android.bluetooth.btservice.AdapterService@332445d
10-01 23:23:38.502 3923 3923 I BluetoothA2dpServiceJni: classInitNative: succeeds
10-01 23:23:38.503 3923 3923 I A2dpService: Max connected audio devices set to 5
10-01 23:23:38.503 3923 3923 I BluetoothAvrcpServiceJni: classInitNative: succeeds
10-01 23:23:38.503 3923 3923 I bt_btif : get_profile_interface: id = avrcp
10-01 23:23:38.516 1469 1511 D MediaSessionService: The callback android.media.session.ICallback$Stub$Proxy@24af61d is set by com.android.bluetooth
10-01 23:23:38.518 3923 3923 I Avrcp : Skipping update due to invalid playback state
10-01 23:23:38.518 3923 3923 E bt_btif : register_notification_rsp: Avrcp device is not connected, handle: 0x0
10-01 23:23:38.537 1469 1469 I ActivityManager: Killing 2560:com.google.android.deskclock/u0a70 (adj 906): empty #17
10-01 23:23:38.518 3923 3923 I chatty : uid=1002(bluetooth) com.android.bluetooth identical 4 lines
10-01 23:23:38.518 3923 3923 E bt_btif : register_notification_rsp: Avrcp device is not connected, handle: 0x0
10-01 23:23:38.537 1469 1589 W libprocessgroup: kill(-2560, 9) failed: No such process
10-01 23:23:38.539 3623 3623 W ChimeraUtils: Non Chimera context
10-01 23:23:38.539 1469 1510 W NotificationService: Toast already killed. pkg=com.android.settings callback=android.app.ITransientNotification$Stub$Proxy@5fc63de
10-01 23:23:38.539 3623 3623 W ChimeraUtils: Non Chimera context
10-01 23:23:38.552 3510 3742 D NetworkSecurityConfig: No Network Security Config specified, using platform default
10-01 23:23:38.563 3623 3623 W ChimeraUtils: Non Chimera context
10-01 23:23:38.563 3623 3623 W ChimeraUtils: Non Chimera context
10-01 23:23:38.569 3923 3923 I Avrcp : Skipping update due to invalid playback state
10-01 23:23:38.571 3923 3923 I bt_btif : get_profile_interface: id = a2dp
10-01 23:23:38.571 3923 3923 I btif_av : bt_status_t BtifAvSource::Init(btav_source_callbacks_t *, int, const std::vector<btav_a2dp_codec_config_t> &): max_connected_audio_devices=5
10-01 23:23:38.572 3923 3923 D a2dp_codec: init
10-01 23:23:38.572 3923 3923 D a2dp_codec: createCodec: codec SBC
10-01 23:23:38.572 3923 3923 I a2dp_codec: init: updated SBC codec priority to 1001
10-01 23:23:38.572 3923 3923 D a2dp_codec: createCodec: codec AAC
10-01 23:23:38.572 3923 3923 I a2dp_codec: init: updated AAC codec priority to 2001
10-01 23:23:38.572 3923 3923 D a2dp_codec: createCodec: codec aptX
10-01 23:23:38.573 3923 3923 E a2dp_vendor_aptx_encoder: A2DP_VendorLoadEncoderAptx: cannot open aptX encoder library libaptX_encoder.so: dlopen failed: library "libaptX_encoder.so" not found
10-01 23:23:38.573 3923 3923 E a2dp_vendor_aptx: init: cannot load the encoder
10-01 23:23:38.573 3923 3923 D a2dp_codec: createCodec: codec aptX-HD
10-01 23:23:38.576 3923 3923 E a2dp_vendor_aptx_hd_encoder: A2DP_VendorLoadEncoderAptxHd: cannot open aptX-HD encoder library libaptXHD_encoder.so: dlopen failed: library "libaptXHD_encoder.so" not found
10-01 23:23:38.576 1469 1589 W libprocessgroup: kill(-2560, 9) failed: No such process
10-01 23:23:38.576 3923 3923 E a2dp_vendor_aptx_hd: init: cannot load the encoder
10-01 23:23:38.576 3923 3923 D a2dp_codec: createCodec: codec LDAC
10-01 23:23:38.588 3923 3923 I a2dp_codec: init: updated LDAC codec priority to 5001
10-01 23:23:38.588 3923 3923 D a2dp_codec: createCodec: codec SBC SINK
10-01 23:23:38.588 3923 3923 D a2dp_codec: createCodec: codec AAC SINK
10-01 23:23:38.588 3923 3923 I a2dp_codec: init: initialized Source codec LDAC
10-01 23:23:38.588 3923 3923 I a2dp_codec: init: initialized Source codec AAC
10-01 23:23:38.588 3923 3923 I a2dp_codec: init: initialized Source codec SBC
10-01 23:23:38.588 3923 3923 I a2dp_codec: init: initialized Sink codec AAC SINK
10-01 23:23:38.588 3923 3923 I a2dp_codec: init: initialized Sink codec SBC(Sink)
10-01 23:23:38.588 3923 3923 D a2dp_codec: init
10-01 23:23:38.588 3923 3923 D a2dp_codec: createCodec: codec SBC
10-01 23:23:38.588 3923 3923 I a2dp_codec: init: updated SBC codec priority to 1001
10-01 23:23:38.588 3923 3923 D a2dp_codec: createCodec: codec AAC
10-01 23:23:38.588 3923 3923 I a2dp_codec: init: updated AAC codec priority to 2001
10-01 23:23:38.588 3923 3923 D a2dp_codec: createCodec: codec aptX
10-01 23:23:38.590 3923 3923 E a2dp_vendor_aptx_encoder: A2DP_VendorLoadEncoderAptx: cannot open aptX encoder library libaptX_encoder.so: dlopen failed: library "libaptX_encoder.so" not found
10-01 23:23:38.590 3923 3923 E a2dp_vendor_aptx: init: cannot load the encoder
10-01 23:23:38.590 3923 3923 D a2dp_codec: createCodec: codec aptX-HD
10-01 23:23:38.591 3923 3923 E a2dp_vendor_aptx_hd_encoder: A2DP_VendorLoadEncoderAptxHd: cannot open aptX-HD encoder library libaptXHD_encoder.so: dlopen failed: library "libaptXHD_encoder.so" not found
10-01 23:23:38.591 3923 3923 E a2dp_vendor_aptx_hd: init: cannot load the encoder
10-01 23:23:38.591 3923 3923 D a2dp_codec: createCodec: codec LDAC
10-01 23:23:38.591 3923 3923 I a2dp_codec: init: updated LDAC codec priority to 5001
10-01 23:23:38.591 3923 3923 D a2dp_codec: createCodec: codec SBC SINK
10-01 23:23:38.591 3923 3923 D a2dp_codec: createCodec: codec AAC SINK
10-01 23:23:38.592 3923 3923 I a2dp_codec: init: initialized Source codec LDAC
10-01 23:23:38.592 3923 3923 I a2dp_codec: init: initialized Source codec AAC
10-01 23:23:38.592 3923 3923 I a2dp_codec: init: initialized Source codec SBC
10-01 23:23:38.592 3923 3923 I a2dp_codec: init: initialized Sink codec AAC SINK
10-01 23:23:38.592 3923 3923 I a2dp_codec: init: initialized Sink codec SBC(Sink)
10-01 23:23:38.592 3923 3923 D a2dp_codec: init
10-01 23:23:38.592 3923 3923 D a2dp_codec: createCodec: codec SBC
10-01 23:23:38.592 3923 3923 I a2dp_codec: init: updated SBC codec priority to 1001
10-01 23:23:38.592 3923 3923 D a2dp_codec: createCodec: codec AAC
10-01 23:23:38.592 3923 3923 I a2dp_codec: init: updated AAC codec priority to 2001
10-01 23:23:38.592 3923 3923 D a2dp_codec: createCodec: codec aptX
10-01 23:23:38.593 3923 3923 E a2dp_vendor_aptx_encoder: A2DP_VendorLoadEncoderAptx: cannot open aptX encoder library libaptX_encoder.so: dlopen failed: library "libaptX_encoder.so" not found
10-01 23:23:38.593 3923 3923 E a2dp_vendor_aptx: init: cannot load the encoder
10-01 23:23:38.593 3923 3923 D a2dp_codec: createCodec: codec aptX-HD
10-01 23:23:38.594 3923 3923 E a2dp_vendor_aptx_hd_encoder: A2DP_VendorLoadEncoderAptxHd: cannot open aptX-HD encoder library libaptXHD_encoder.so: dlopen failed: library "libaptXHD_encoder.so" not found
10-01 23:23:38.595 3923 3923 E a2dp_vendor_aptx_hd: init: cannot load the encoder
10-01 23:23:38.595 3923 3923 D a2dp_codec: createCodec: codec LDAC
10-01 23:23:38.595 3923 3923 I a2dp_codec: init: updated LDAC codec priority to 5001
10-01 23:23:38.595 3923 3923 D a2dp_codec: createCodec: codec SBC SINK
10-01 23:23:38.595 3923 3923 D a2dp_codec: createCodec: codec AAC SINK
10-01 23:23:38.595 3923 3923 I a2dp_codec: init: initialized Source codec LDAC
