10-01 23:23:40.901 4055 4055 D AppsFlyer_4.8.3: Initializing AppsFlyer SDK: (v4.8.3.344)
10-01 23:23:40.901 4044 4500 I PrimesTesting: GserviceFlagsSupplier.get()
10-01 23:23:40.903 469 469 W /vendor/bin/hw/[email protected] service: Not performing software digesting for symmetric cipher keys
10-01 23:23:40.909 469 469 I chatty : uid=1000(system) [email protected] identical 4 lines
10-01 23:23:40.909 469 469 W /vendor/bin/hw/[email protected] service: Not performing software digesting for symmetric cipher keys
10-01 23:23:40.921 4055 4055 I a : onUserChanged
10-01 23:23:40.922 4055 4422 I e : Running task (thirdparty-user-setup- firebase)
10-01 23:23:40.922 4055 4351 I e : Running task (thirdparty-user-setup- appsflyer)
10-01 23:23:40.922 4055 4422 I e : Took 0ms to run, 0ms total to execute (thirdparty-user-setup-firebase)
10-01 23:23:40.922 4055 4422 I e : Running task (thirdparty-user-setup- appboy)
10-01 23:23:40.923 4055 4351 I e : Took 1ms to run, 1ms total to execute (thirdparty-user-setup-appsflyer)
10-01 23:23:40.923 4055 4351 I e : Running task (update-version-navigation)
10-01 23:23:40.925 4459 4459 W BugleStartup: StartupHandler: ContentProvider startup tasks did not execute before Application onCreate(), executed in onApplicationCreated().
10-01 23:23:40.925 4055 4429 I e : Running task (update-navigation-labels)
10-01 23:23:40.926 4055 4055 E ccl_VideoCastManager: [vnull] No VideoCastManager instance was found, did you forget to initialize it?
10-01 23:23:40.926 4055 4429 I e : Took 1ms to run, 3ms total to execute (update-navigation-labels)
10-01 23:23:40.926 4055 4055 W MediaService: Error removing cast video consumer : No VideoCastManager instance was found, did you forget to initialize it?
10-01 23:23:40.928 4459 4459 I Bugle : BugleApplicationBase: Bugle version: 3.5.053 (zither_rc22_hdpi.arm64-v8a.phone)
10-01 23:23:40.928 3923 3923 V NewAvrcpMediaPlayerList: onActiveSessionsChanged: number of controllers: 1
10-01 23:23:40.928 3923 3923 D NewAvrcpMediaPlayerList: onActiveSessionsChanged: controller: com.spotify.music
10-01 23:23:40.929 3923 3923 D NewAvrcpMediaPlayerList: Already have a controller for the player: com.spotify.music, updating instead
10-01 23:23:40.929 4055 4055 E ccl_VideoCastManager: [vnull] No VideoCastManager instance was found, did you forget to initialize it?
10-01 23:23:40.929 4055 4055 E MediaService: Error registering cast consumer : No VideoCastManager instance was found, did you forget to initialize it?
10-01 23:23:40.931 3923 4011 W Avrcp : playState object null, sending STOPPED
10-01 23:23:40.932 3923 4011 I Avrcp : Skipping update due to invalid playback state
10-01 23:23:40.932 4044 4363 D NetworkSecurityConfig: Using Network Security Config from resource network_security_config debugBuild: false
10-01 23:23:40.942 3923 3923 V NewAvrcpMediaPlayerList: onActiveSessionsChanged: number of controllers: 1
10-01 23:23:40.943 3923 3923 D NewAvrcpMediaPlayerList: onActiveSessionsChanged: controller: com.spotify.music
10-01 23:23:40.943 3923 3923 D NewAvrcpMediaPlayerList: Already have a controller for the player: com.spotify.music, updating instead
10-01 23:23:40.944 3923 4011 W Avrcp : playState object null, sending STOPPED
10-01 23:23:40.946 4055 4351 I a : Using file location: external
10-01 23:23:40.947 3923 4011 I Avrcp : Skipping update due to invalid playback state
10-01 23:23:40.966 3623 3904 W .gms.persisten: Long monitor contention with owner main (3623) at boolean android.os.BinderProxy.transactNative(int, android.os.Parcel, android.os.Parcel, int)(Binder.java:-2) waiters=1 in eli eax.B() for 156ms
10-01 23:23:40.968 3923 3923 V NewAvrcpMediaPlayerList: onActiveSessionsChanged: number of controllers: 1
10-01 23:23:40.968 3923 3923 D NewAvrcpMediaPlayerList: onActiveSessionsChanged: controller: com.spotify.music
10-01 23:23:40.968 3923 3923 D NewAvrcpMediaPlayerList: Already have a controller for the player: com.spotify.music, updating instead
10-01 23:23:40.969 3923 4011 W Avrcp : playState object null, sending STOPPED
10-01 23:23:40.970 3923 4011 I Avrcp : Skipping update due to invalid playback state
10-01 23:23:40.977 3923 3923 I NewAvrcpBrowsedPlayerWrapper: onConnected: com.sirma.mobile.bible.android is connected
10-01 23:23:40.977 3923 3923 I NewAvrcpBrowsedPlayerWrapper: getFolderItems: Connected to browsable player: com.sirma.mobile.bible.android
10-01 23:23:40.977 4055 4351 I e : Took 54ms to run, 54ms total to execute (update-version-navigation)
10-01 23:23:40.978 4055 4544 I e : Running task (version-73)
10-01 23:23:40.978 4055 4544 I e : Took 0ms to run, 56ms total to execute (version-73)
10-01 23:23:40.979 3923 3923 D NewAvrcpBrowsedPlayerWrapper: onChildrenLoaded: mediaId=nuclei-media:// size= 0
10-01 23:23:40.979 3923 3923 D NewAvrcpBrowsedPlayerWrapper: disconnect: Disconnecting from com.sirma.mobile.bible.android
10-01 23:23:40.982 3852 3953 I FontsSharedState: Updating from directory version 0 to 14 from disk
10-01 23:23:40.984 4044 4213 W android.youtub: Skipping duplicate class check due to unsupported classloader
10-01 23:23:40.985 3852 3953 I FontsContentProvider: Received query Noto Color Emoji Compat, URI content://com.google.android.gms.fonts
10-01 23:23:40.985 3852 3876 I FontsContentProvider: Received query Noto Color Emoji Compat, URI content://com.google.android.gms.fonts
10-01 23:23:40.992 4459 4459 W CarrierServices: [2] ksk.j: Carrier Services Apk was not found.
10-01 23:23:40.993 4459 4459 I CarrierServices: [2] ksk.a: Cannot get service version because CS.apk was not found, not pre-loaded or disabled.
10-01 23:23:40.993 4459 4459 W CarrierServices: [2] ksk.a: Service with meta data key: JibeServiceApiVersions is not compatible. Service Version 1 is not supported. Supported versions: []
10-01 23:23:40.994 4459 4459 I CarrierServices: [2] ksk.c: Not using CS JibeService because it is not compatible with AM.
10-01 23:23:40.994 4055 4055 E ccl_VideoCastManager: [vnull] No VideoCastManager instance was found, did you forget to initialize it?
10-01 23:23:40.994 4055 4055 W MediaService: Error removing cast video consumer : No VideoCastManager instance was found, did you forget to initialize it?
10-01 23:23:40.996 3923 3923 V NewAvrcpMediaPlayerList: onActiveSessionsChanged: number of controllers: 1
10-01 23:23:40.996 1469 2768 I ActivityManager: Killing 3197:com.android.keychain/1000 (adj 906): empty #17
10-01 23:23:40.998 1469 1589 W libprocessgroup: kill(-3197, 9) failed: No such process
10-01 23:23:41.000 3923 3923 D NewAvrcpMediaPlayerList: onActiveSessionsChanged: controller: com.spotify.music
10-01 23:23:41.000 3923 3923 D NewAvrcpMediaPlayerList: Already have a controller for the player: com.spotify.music, updating instead
10-01 23:23:41.000 3923 3923 V NewAvrcpMediaPlayerList: onActiveSessionsChanged: number of controllers: 1
10-01 23:23:41.000 3923 4011 W Avrcp : playState object null, sending STOPPED
10-01 23:23:41.000 3923 3923 D NewAvrcpMediaPlayerList: onActiveSessionsChanged: controller: com.spotify.music
10-01 23:23:41.000 3923 3923 D NewAvrcpMediaPlayerList: Already have a controller for the player: com.spotify.music, updating instead
10-01 23:23:41.002 3923 4011 I Avrcp : Skipping update due to invalid playback state
10-01 23:23:41.003 3923 4011 W Avrcp : playState object null, sending STOPPED
10-01 23:23:41.003 4459 4459 E CarrierServices: [2] ksk.b: Package not found: android.content.pm.PackageManager$NameNotFoundException: com.google.android.ims
10-01 23:23:41.004 4459 4459 E CarrierServices: [2] AutoStartReceiver.onReceive: JibeService cant be started... Neither Bugle is whitelisted, nor cs apk is installed
10-01 23:23:41.004 3923 4011 I Avrcp : Skipping update due to invalid playback state
10-01 23:23:41.004 3852 3953 I FontsContentProvider: Query [Noto Color Emoji Compat] resolved to {Noto Color Emoji Compat, wdth 100.0, wght 400, ital 0.0, bestEffort false}
10-01 23:23:41.005 4044 4213 I DynamiteModule: Considering local module com.google.android.gms.ads.dynamite:0 and remote module com.google.android.gms.ads.dynamite:320
10-01 23:23:41.006 4044 4213 I DynamiteModule: Selected remote version of com.google.android.gms.ads.dynamite, version >= 320
10-01 23:23:41.008 3852 3876 I FontsContentProvider: Query [Noto Color Emoji Compat] resolved to {Noto Color Emoji Compat, wdth 100.0, wght 400, ital 0.0, bestEffort false}
10-01 23:23:41.009 3923 3923 I NewAvrcpBrowsedPlayerWrapper: onConnected: com.google.android.youtube is connected
10-01 23:23:41.009 3923 3923 D NewAvrcpBrowsablePlayerConnector: Browse player callback called: package=com.google.android.youtube : status=0
10-01 23:23:41.009 3923 3923 D NewAvrcpBrowsedPlayerWrapper: disconnect: Disconnecting from com.google.android.youtube
10-01 23:23:41.009 3923 3923 D NewAvrcpBrowsablePlayerConnector: Received a message: msg.what=1
10-01 23:23:41.009 3923 3923 I NewAvrcpBrowsablePlayerConnector: Checking root contents for com.google.android.youtube
10-01 23:23:41.009 3923 3923 D NewAvrcpBrowsedPlayerWrapper: connect: Connecting to browsable player: com.google.android.youtube
10-01 23:23:41.040 1469 1589 W libprocessgroup: kill(-3197, 9) failed: No such process
10-01 23:23:41.044 4143 4455 W .apps.messagin: Long monitor contention with owner StartupThread#1 (4390) at long android.database.sqlite.SQLiteConnection.nativeOpen(java.lang.String, int, java.lang.String, boolean, boolean, int, int)(SQLiteConnection.java:-2) waiters=0 in dlt ckj.e() for 249ms
10-01 23:23:41.057 4112 4112 I MediaBrowserService: No root for client com.android.bluetooth from service android.service.media.MediaBrowserService$ServiceBinder$1
10-01 23:23:41.058 3923 3923 E MediaBrowser: onConnectFailed for ComponentInfo{org.telegram.messenger/org.telegram.messenger.MusicBrowserService}
10-01 23:23:41.059 3623 3623 E ctxmgr : [FencePendingIntentCache]Expected to find a PendingIntent for pendingIntentKey=86fe04d6-7007-48ed-8ab3-32b557f13dc2
10-01 23:23:41.060 3623 3623 I chatty : uid=10013 com.google.android.gms.persistent identical 5 lines
10-01 23:23:41.060 3623 3623 E ctxmgr : [FencePendingIntentCache]Expected to find a PendingIntent for pendingIntentKey=86fe04d6-7007-48ed-8ab3-32b557f13dc2
10-01 23:23:41.060 3923 3923 W NewAvrcpBrowsedPlayerWrapper: onConnectionFailed: Connection Failed with org.telegram.messenger
10-01 23:23:41.060 3623 3623 E ctxmgr : [FencePendingIntentCache]Expected to find a PendingIntent for pendingIntentKey=86fe04d6-7007-48ed-8ab3-32b557f13dc2
10-01 23:23:41.060 3923 3923 D NewAvrcpBrowsablePlayerConnector: Browse player callback called: package=org.telegram.messenger : status=1
10-01 23:23:41.060 3623 3623 E ctxmgr : [FencePendingIntentCache]Expected to find a PendingIntent for pendingIntentKey=86fe04d6-7007-48ed-8ab3-32b557f13dc2
10-01 23:23:41.060 3923 3923 D NewAvrcpBrowsedPlayerWrapper: disconnect: Disconnecting from org.telegram.messenger
10-01 23:23:41.060 3623 3623 E ctxmgr : [FencePendingIntentCache]Expected to find a PendingIntent for pendingIntentKey=86fe04d6-7007-48ed-8ab3-32b557f13dc2
10-01 23:23:41.060 3923 3923 D NewAvrcpBrowsablePlayerConnector: Received a message: msg.what=1
10-01 23:23:41.060 3923 3923 I NewAvrcpBrowsablePlayerConnector: org.telegram.messenger is not browsable
10-01 23:23:41.060 3623 3623 E ctxmgr : [FencePendingIntentCache]Expected to find a PendingIntent for pendingIntentKey=86fe04d6-7007-48ed-8ab3-32b557f13dc2
10-01 23:23:41.060 3623 3623 E ctxmgr : [FencePendingIntentCache]Expected to find a PendingIntent for pendingIntentKey=86fe04d6-7007-48ed-8ab3-32b557f13dc2
10-01 23:23:41.060 3623 3623 E ctxmgr : [FencePendingIntentCache]Expected to find a PendingIntent for pendingIntentKey=c34a6588-3ec0-4505-bc66-b350bdbea427
10-01 23:23:41.060 3623 3623 E ctxmgr : [FencePendingIntentCache]Expected to find a PendingIntent for pendingIntentKey=243832d9-fa60-4338-8bdc-cbf47c7bfe26
10-01 23:23:41.068 3923 3923 V NewAvrcpMediaPlayerList: onActiveSessionsChanged: number of controllers: 1
10-01 23:23:41.069 3923 3923 D NewAvrcpMediaPlayerList: onActiveSessionsChanged: controller: com.spotify.music
10-01 23:23:41.069 3923 3923 D NewAvrcpMediaPlayerList: Already have a controller for the player: com.spotify.music, updating instead
10-01 23:23:41.069 3923 4011 W Avrcp : playState object null, sending STOPPED
10-01 23:23:41.070 3923 4011 I Avrcp : Skipping update due to invalid playback state
10-01 23:23:41.073 3623 3844 W WearableService: onGetService: Wear is not available on this device.
10-01 23:23:41.083 1469 1589 W libprocessgroup: kill(-3197, 9) failed: No such process
10-01 23:23:41.087 3923 3923 I NewAvrcpBrowsedPlayerWrapper: onConnected: com.google.android.youtube is connected
10-01 23:23:41.087 3923 3923 I NewAvrcpBrowsedPlayerWrapper: getFolderItems: Connected to browsable player: com.google.android.youtube
10-01 23:23:41.092 1469 1589 W libprocessgroup: kill(-3197, 9) failed: No such process
10-01 23:23:41.102 3923 3923 D NewAvrcpBrowsedPlayerWrapper: onChildrenLoaded: mediaId=__EMPTY_ROOT__ size= 0
10-01 23:23:41.102 3923 3923 D NewAvrcpBrowsedPlayerWrapper: disconnect: Disconnecting from com.google.android.youtube
10-01 23:23:41.105 4143 4455 I Bugle : CountryCodeDetector: updateMainDeviceCountry from default subscription network country. detected country: de
10-01 23:23:41.107 1469 2021 I ActivityManager: Killing 2523:com.google.android.apps.wellbeing/u0a10 (adj 906): empty #17
10-01 23:23:41.137 1469 1589 W libprocessgroup: kill(-3197, 9) failed: No such process
10-01 23:23:41.152 4143 4455 E Bugle : BuglePhoneNumberUtils: Not able to parse phone number MSISDN{x_x_x!x} for country DE
10-01 23:23:41.152 4143 4455 E Bugle : Error type: NOT_A_NUMBER. The string supplied did not seem to be a phone number.
10-01 23:23:41.152 4143 4455 E Bugle : at mxi.a(SourceFile:588)
10-01 23:23:41.152 4143 4455 E Bugle : at mxi.b(SourceFile:548)
10-01 23:23:41.152 4143 4455 E Bugle : at ekm.e(SourceFile:66)
10-01 23:23:41.152 4143 4455 E Bugle : at ekm.d(SourceFile:45)
10-01 23:23:41.152 4143 4455 E Bugle : at ekm.a(SourceFile:98)
10-01 23:23:41.152 4143 4455 E Bugle : at ekm.a(SourceFile:92)
10-01 23:23:41.152 4143 4455 E Bugle : at dal.a(SourceFile:187)
10-01 23:23:41.152 4143 4455 E Bugle : at dxq.b(SourceFile:30)
10-01 23:23:41.152 4143 4455 E Bugle : at dxq.a(SourceFile:11)
10-01 23:23:41.152 4143 4455 E Bugle : at com.google.android.apps.messaging.shared.datamodel.action.ExpireWapPushSiMessageAct ion.a(SourceFile:37)
10-01 23:23:41.152 4143 4455 E Bugle : at com.google.android.apps.messaging.shared.datamodel.action.ExpireWapPushSiMessageAct ion.executeAction(SourceFile:12)
10-01 23:23:41.152 4143 4455 E Bugle : at com.google.android.apps.messaging.shared.datamodel.action.execution.ActionExecutorI mpl$ExecuteActionRunnable.run(SourceFile:17)
10-01 23:23:41.152 4143 4455 E Bugle : at java.util.concurrent.ThreadPoolExecutor.runWorker(ThreadPoolExecutor.java:1167)
10-01 23:23:41.152 4143 4455 E Bugle : at java.util.concurrent.ThreadPoolExecutor$Worker.run(ThreadPoolExecutor.java:641)
10-01 23:23:41.152 4143 4455 E Bugle : at java.lang.Thread.run(Thread.java:764)
10-01 23:23:41.154 3852 3953 I FontsContentProvider: Fetch {Noto Color Emoji Compat, wdth 100.0, wght 400, ital 0.0, bestEffort false} end status Status{statusCode=SUCCESS, resolution=null}
10-01 23:23:41.158 3623 3753 W GCoreFlp: No location to return for getLastLocation()
10-01 23:23:41.161 4044 4500 I CrashMetricService: Startup metric for 'PRIMES_CRASH_MONITORING_INITIALIZED' dropped.
10-01 23:23:41.164 518 518 I Zygote : Process 3197 exited due to signal (9)
10-01 23:23:41.180 1469 1589 W libprocessgroup: kill(-3197, 9) failed: No such process
10-01 23:23:41.180 1469 1589 I libprocessgroup: Successfully killed process cgroup uid 1000 pid 3197 in 182ms
10-01 23:23:41.180 1469 1589 W libprocessgroup: kill(-2523, 9) failed: No such process
10-01 23:23:41.193 3852 3953 I FontsContentProvider: Pulling font file for id = 1, cache size = 1
10-01 23:23:41.198 3852 3876 I FontsContentProvider: Fetch {Noto Color Emoji Compat, wdth 100.0, wght 400, ital 0.0, bestEffort false} end status Status{statusCode=SUCCESS, resolution=null}
10-01 23:23:41.201 3623 3753 W GCoreFlp: No location to return for getLastLocation()
10-01 23:23:41.205 3852 3976 W native : commandlineflags.cc:949 Ignoring RegisterValidateFunction() for flag pointer 0x770a627108: no flag found at that address
10-01 23:23:41.225 1469 1589 W libprocessgroup: kill(-2523, 9) failed: No such process
10-01 23:23:41.226 3623 3753 W GCoreFlp: No location to return for getLastLocation()
10-01 23:23:41.226 3623 3753 W GCoreFlp: No location to return for getLastLocation()
10-01 23:23:41.227 3852 3953 I FontsContentProvider: Pulling font file for id = 2, cache size = 2
10-01 23:23:41.231 518 518 I Zygote : Process 2523 exited due to signal (9)
10-01 23:23:41.246 3623 3743 I GeofencerStateMachine: removeGeofences: removeRequest=RemoveGeofencingRequest[REMOVE_BY_PENDING_INTENT pendingIntent=PendingIntent[creatorPackage=com.google.android.gms], packageName=null]
10-01 23:23:41.265 1469 1589 W libprocessgroup: kill(-2523, 9) failed: No such process
10-01 23:23:41.265 1469 1589 I libprocessgroup: Successfully killed process cgroup uid 10010 pid 2523 in 85ms
10-01 23:23:41.274 3852 3976 W native : model-utils.cc:21 No CRC32, most likely an old model; skip CRC32 check
10-01 23:23:41.289 4055 4422 I e : Took 367ms to run, 367ms total to execute (thirdparty-user-setup-appboy)
10-01 23:23:41.296 3852 3953 I FontsContentProvider: Pulling font file for id = 2, cache size = 2
10-01 23:23:41.299 3852 3976 W native : transportation-annotator.cc:96 transportation_script_path is empty
10-01 23:23:41.324 3852 3976 I native : permission-checker.cc:74 Creating PermissionChecker based on ACL with config_version 1 having 5 permissions defined.
10-01 23:23:41.328 4112 4225 I FA : App measurement is starting up, version: 13001
10-01 23:23:41.333 3623 3847 W ctxmgr : [AclManager]null policy map (0) 10002, clientInfo=(accnt=account#-517948760#, com.google.android.gms(10013):com.google.android.gms.udc, vrsn=14366000, 1, 3pPkg = null , 3pMdlId = null , pid = 3623)
10-01 23:23:41.335 3623 3832 W artm : Empty context buffer. Thus might mean that the context is not synced down.
10-01 23:23:41.328 4112 4225 I FA : To enable debug logging run: adb shell setprop log.tag.FA VERBOSE
10-01 23:23:41.340 4112 4225 I FA : To enable faster debug mode event logging run:
10-01 23:23:41.340 4112 4225 I FA : adb shell setprop debug.firebase.analytics.app org.telegram.messenger
10-01 23:23:41.342 3852 3976 W native : words-map.cc:30 generic::invalid_argument: Empty URI
10-01 23:23:41.345 3852 3976 W native : words-map.cc:34 WordsMap was not properly initialized
10-01 23:23:41.368 3623 3832 W arpq : Empty context model while retrieving upload opt-in status!
10-01 23:23:41.381 4044 4213 W android.youtub: Unsupported class loader
10-01 23:23:41.383 4044 4213 W android.youtub: Skipping duplicate class check due to unsupported classloader
10-01 23:23:41.389 4112 4225 E FA : AppMeasurementReceiver not registered/enabled
10-01 23:23:41.390 1469 1588 I ActivityManager: Start proc 4599:com.google.android.apps.turbo:aab/u0a6 for broadcast com.google.android.apps.turbo/.nudges.battery.ServiceManagerReceiver
10-01 23:23:41.391 4599 4599 I Zygote : seccomp disabled by setenforce 0
10-01 23:23:41.393 4112 4225 E FA : Uploading is not possible. App measurement disabled
10-01 23:23:41.398 4599 4599 E .apps.turbo:aa: Not starting debugger since process cannot load the jdwp agent.
10-01 23:23:41.425 1469 2774 I ActivityManager: Killing 3036:com.whatsapp/u0a179 (adj 906): empty #17
10-01 23:23:41.426 1469 1589 W libprocessgroup: kill(-3036, 9) failed: No such process
10-01 23:23:41.468 4459 4459 D Bugle : EmojiCompat initialized
10-01 23:23:41.469 1253 1841 E Diag_Lib: [IMS_FATAL]| 1841 | ims_qmi_register_client : Failed
10-01 23:23:41.469 1253 1841 E Diag_Lib: [IMS_FATAL]| 1841 | ims_qmi_register_client : Failed
10-01 23:23:41.469 1469 1589 W libprocessgroup: kill(-3036, 9) failed: No such process
10-01 23:23:41.482 1469 1478 I system_server: Background concurrent copying GC freed 191167(8MB) AllocSpace objects, 67(3MB) LOS objects, 42% free, 18MB/32MB, paused 237us total 190.035ms
10-01 23:23:41.486 1469 1475 W JavaBinder: BinderProxy is being destroyed but the application did not call unlinkToDeath to unlink all of its death recipients beforehand. Releasing leaked death recipient: com.android.server.media.MediaSessionService$SessionManagerImpl$1
10-01 23:23:41.489 4044 4332 W android.youtub: Verification of void org.apache.http.protocol.HttpService.handleRequest(org.apache.http.HttpServerConnec tion, org.apache.http.protocol.HttpContext) took 246.631ms
10-01 23:23:41.508 2706 2901 V MediaProvider: pruneThumbnails
10-01 23:23:41.510 3852 4438 I FontsContentProvider: Pulling font file for id = 1, cache size = 2
10-01 23:23:41.510 1469 1589 W libprocessgroup: kill(-3036, 9) failed: No such process
10-01 23:23:41.515 2706 2901 V MediaProvider: /pruneDeadThumbnailFiles...
10-01 23:23:41.531 1469 1589 W libprocessgroup: kill(-3036, 9) failed: No such process
10-01 23:23:41.554 560 560 I surfaceflinger: type=1400 audit(0.0:1268): avc: denied { ioctl } for path="/dev/kgsl-3d0" dev="tmpfs" ino=4527 ioctlcmd=933 scontext=u:r:surfaceflinger:s0 tcontext=u:object_r:device:s0 tclass=chr_file permissive=1
10-01 23:23:41.570 4143 4143 D Bugle : EmojiCompat initialized
10-01 23:23:41.572 1469 1589 W libprocessgroup: kill(-3036, 9) failed: No such process
10-01 23:23:41.574 2162 2162 I RenderThread: type=1400 audit(0.0:1271): avc: denied { read write } for path="/dev/kgsl-3d0" dev="tmpfs" ino=4527 scontext=u:r:system_app:s0 tcontext=u:object_r:device:s0 tclass=chr_file permissive=1
10-01 23:23:41.613 1469 1589 W libprocessgroup: kill(-3036, 9) failed: No such process
10-01 23:23:41.617 4055 4423 I e : Running task (app-locale-moment)
10-01 23:23:41.619 4143 4455 W BugleDataModel: ExpireWapPushSiMessageAction: no WAP Push SI messages
10-01 23:23:41.619 4143 4455 W BugleDataModel: Used 889ms for ExpireWapPushSiMessageAction:ExpireWapPushSiMessageAction:1538429020232007#executeA ction
10-01 23:23:41.621 4055 4426 I e : Running task (app-locales)
10-01 23:23:41.649 1469 1589 W libprocessgroup: kill(-3036, 9) failed: No such process
10-01 23:23:41.675 4055 4625 I e : Running task (checkin)
10-01 23:23:41.681 1469 1589 W libprocessgroup: kill(-3036, 9) failed: No such process
10-01 23:23:41.704 4055 4625 W a : STREAK::: Current Streak: LocalStreak(preferences=android.app.SharedPreferencesImpl@a0b8429, streak=2, longestStreak=2, perfectWeeks=0, totalDaysInApp=2, weekOfCheckins=64, firstDayOfWeek=1, lastCheckedDay=274, lastCheckedYear=2018, firstDayOfWeek=1, lastSyncedDay=0, lastSyncedYear=0)
10-01 23:23:41.705 4055 4625 E a : STREAK::: Checkin was not successful, storing dayday -> 274, year -> 2018, uiAttached -> false, isIndexing -> false
10-01 23:23:41.711 1469 1589 W libprocessgroup: kill(-3036, 9) failed: No such process
10-01 23:23:41.717 4055 4625 W a : STREAK::: Streak: LocalStreak(preferences=android.app.SharedPreferencesImpl@a0b8429, streak=2, longestStreak=2, perfectWeeks=0, totalDaysInApp=2, weekOfCheckins=64, firstDayOfWeek=1, lastCheckedDay=274, lastCheckedYear=2018, firstDayOfWeek=1, lastSyncedDay=0, lastSyncedYear=0)
10-01 23:23:41.742 4055 4625 I e : Took 66ms to run, 126ms total to execute (checkin)
10-01 23:23:41.752 1469 1589 W libprocessgroup: kill(-3036, 9) failed: No such process
10-01 23:23:41.762 3510 3510 I Finsky : [2] com.google.android.finsky.selfupdate.f.a(92): Skipping DFE self-update. Local Version [81191400] >= Server Version [-1]
10-01 23:23:41.782 4055 4426 I e : Took 161ms to run, 162ms total to execute (app-locales)
10-01 23:23:41.793 1469 1589 W libprocessgroup: kill(-3036, 9) failed: No such process
10-01 23:23:41.795 4044 4213 D DynamitePackage: Instantiated singleton DynamitePackage.
10-01 23:23:41.795 4044 4213 D DynamitePackage: Instantiating com.google.android.gms.ads.adshield.ChimeraAdShieldCreatorImpl
10-01 23:23:41.805 4055 4423 I e : Took 188ms to run, 189ms total to execute (app-locale-moment)
10-01 23:23:41.833 1469 1589 W libprocessgroup: kill(-3036, 9) failed: No such process
10-01 23:23:41.851 4143 4628 I Bugle : CountryCodeDetector: updateMainDeviceCountry from default subscription network country. detected country: de
10-01 23:23:41.861 4599 4599 W Zebedee-inferBucketsJob: Models given by config: 1
10-01 23:23:41.874 1469 1589 W libprocessgroup: kill(-3036, 9) failed: No such process
10-01 23:23:41.892 1469 1589 W libprocessgroup: kill(-3036, 9) failed: No such process
10-01 23:23:41.897 4599 4645 W Zebedee-updateph: Daily P/H flag update running.
10-01 23:23:41.897 4599 4645 W Zebedee-phenotype: Committing phenotype flags.
10-01 23:23:41.909 1469 1588 I ActivityManager: Start proc 4648:com.google.android.apps.wallpaper/u0a125 for broadcast com.google.android.apps.wallpaper/.module.GoogleAlarmInitializer
10-01 23:23:41.911 4648 4648 I Zygote : seccomp disabled by setenforce 0
10-01 23:23:41.918 4648 4648 E .apps.wallpape: Not starting debugger since process cannot load the jdwp agent.
10-01 23:23:41.924 4599 4643 E .apps.turbo:aa: The String#value field is not present on Android versions >= 6.0
10-01 23:23:41.930 1469 1589 W libprocessgroup: kill(-3036, 9) failed: No such process
10-01 23:23:41.944 2706 2901 W MediaScanner: Error opening directory '/oem/media/', skipping: No such file or directory.
10-01 23:23:41.947 2706 2901 W MediaScanner: Error opening directory '/product/media/', skipping: No such file or directory.
10-01 23:23:41.954 4599 4599 W Zebedee-phenotype: Finished committing phenotype flags.
10-01 23:23:41.969 1469 1589 W libprocessgroup: kill(-3036, 9) failed: No such process
10-01 23:23:41.971 2706 2901 V MediaProvider: pruneThumbnails
10-01 23:23:41.974 2706 2901 V MediaProvider: /pruneDeadThumbnailFiles...
10-01 23:23:42.007 2969 3812 I EventLogSendingHelper: Sending log events.
10-01 23:23:42.010 1469 1589 W libprocessgroup: kill(-3036, 9) failed: No such process
10-01 23:23:42.012 518 518 I Zygote : Process 3036 exited due to signal (9)
10-01 23:23:42.034 1469 1589 W libprocessgroup: kill(-3036, 9) failed: No such process
10-01 23:23:42.034 1469 1589 I libprocessgroup: Successfully killed process cgroup uid 10179 pid 3036 in 607ms
10-01 23:23:42.115 1469 1783 W AlarmManager: Unrecognized alarm listener com.android.server.wifi.WifiConfigStore$1@366a98e
10-01 23:23:42.129 1469 1783 D WifiConfigStore: Writing to stores completed in 15 ms.
10-01 23:23:42.135 4044 4213 I android.youtub: The ClassLoaderContext is a special shared library.
10-01 23:23:42.142 4648 4648 E GoogleAlarmInitializer: Wallpaper rotation is in effect, setting an alarm for Backdrop rotation
10-01 23:23:42.143 4648 4648 E GoogleAlarmInitializer: Set overnight alarm.
10-01 23:23:42.144 4648 4648 E BackdropAlarmScheduler: Setting a new alarm to run 12458896ms from now
10-01 23:23:42.147 1469 2774 I ActivityManager: Killing 3490:code.name.monkey.retromusic/u0a87 (adj 906): empty #17
10-01 23:23:42.147 1469 1589 W libprocessgroup: kill(-3490, 9) failed: No such process
10-01 23:23:42.160 1469 1588 I ActivityManager: Start proc 4673:com.google.android.calendar/u0a83 for broadcast com.google.android.calendar/.alerts.HabitsIntentReceiver
10-01 23:23:42.162 4673 4673 I Zygote : seccomp disabled by setenforce 0
10-01 23:23:42.167 4673 4673 E ndroid.calenda: Not starting debugger since process cannot load the jdwp agent.
10-01 23:23:42.190 1469 1589 W libprocessgroup: kill(-3490, 9) failed: No such process
10-01 23:23:42.220 3801 3839 I droid.apps.map: Waiting for a blocking GC ProfileSaver
10-01 23:23:42.235 1469 1589 W libprocessgroup: kill(-3490, 9) failed: No such process
10-01 23:23:42.243 3510 3510 I Finsky : [2] com.google.android.finsky.hygiene.g.a(2): Account synced successfully.
10-01 23:23:42.280 1469 1589 W libprocessgroup: kill(-3490, 9) failed: No such process
10-01 23:23:42.294 549 549 I /vendor/bin/hw/[email protected] service: type=1400 audit(0.0:1272): avc: denied { call } for comm=504F5349582074696D65722031 scontext=u:r:init:s0 tcontext=u:r:hwservicemanager:s0 tclass=binder permissive=1
10-01 23:23:42.320 1469 1589 W libprocessgroup: kill(-3490, 9) failed: No such process
10-01 23:23:42.322 518 518 I Zygote : Process 3490 exited due to signal (9)
10-01 23:23:42.345 3801 3839 I droid.apps.map: WaitForGcToComplete blocked ProfileSaver on AddRemoveAppImageSpace for 125.528ms
10-01 23:23:42.361 1469 1589 W libprocessgroup: kill(-3490, 9) failed: No such process
10-01 23:23:42.361 1469 1589 I libprocessgroup: Successfully killed process cgroup uid 10087 pid 3490 in 213ms
10-01 23:23:42.496 3852 3976 I Icing : updateResources: need to parse zfe{com.google.android.gms}
10-01 23:23:42.521 4673 4673 W Primes : Primes not initialized, returning default (no-op) Primes instance which will ignore all calls. Please call Primes.initialize(...) before using any Primes API.
10-01 23:23:42.584 541 541 I HwBinder:541_1: type=1400 audit(0.0:1284): avc: denied { read } for scontext=u:r:hal_sensors_default:s0 tcontext=u:r:hal_sensors_default:s0 tclass=socket permissive=1
10-01 23:23:42.705 1469 2774 I ActivityManager: Killing 2497:com.android.cellbroadcastreceiver/u0a24 (adj 906): empty #17
10-01 23:23:42.705 1469 1589 W libprocessgroup: kill(-2497, 9) failed: No such process
10-01 23:23:42.719 1469 1588 I ActivityManager: Start proc 4732:com.google.android.configupdater/u0a20 for broadcast com.google.android.configupdater/.MainReceiver
10-01 23:23:42.723 4732 4732 I Zygote : seccomp disabled by setenforce 0
10-01 23:23:42.731 4732 4732 E d.configupdate: Not starting debugger since process cannot load the jdwp agent.
10-01 23:23:42.750 1469 1589 W libprocessgroup: kill(-2497, 9) failed: No such process
10-01 23:23:42.752 518 518 I Zygote : Process 2497 exited due to signal (9)
10-01 23:23:42.792 1469 1589 W libprocessgroup: kill(-2497, 9) failed: No such process
10-01 23:23:42.792 1469 1589 I libprocessgroup: Successfully killed process cgroup uid 10024 pid 2497 in 87ms
10-01 23:23:42.798 3852 3869 W System : A resource failed to call close.
10-01 23:23:42.855 3510 3510 I Finsky : [2] com.google.android.finsky.library.r.a(13): com.google.android.apps.turbo available because owned, overriding [restriction=7].
10-01 23:23:42.856 3510 3510 I Finsky : [2] com.google.android.finsky.library.r.a(13): com.google.android.gm.exchange available because owned, overriding [restriction=7].
10-01 23:23:42.864 4732 4732 E ConfigUpdater: ignoring update request
10-01 23:23:42.880 4732 4732 I chatty : uid=10020(com.google.android.configupdater) identical 2 lines
10-01 23:23:42.892 4732 4732 E ConfigUpdater: ignoring update request
10-01 23:23:42.896 3510 3510 I Finsky : [2] com.google.android.finsky.hygiene.impl.e.a(128): Dispatching hygiene task 17
10-01 23:23:42.897 3510 3510 I Finsky : [2] com.google.android.finsky.hygiene.d.b(134): Logging device features
10-01 23:23:42.898 4732 4732 E ConfigUpdater: ignoring update request
10-01 23:23:42.903 3510 3510 I Finsky : [2] com.google.android.finsky.hygiene.impl.e.a(128): Dispatching hygiene task 8
10-01 23:23:42.907 4732 4732 E ConfigUpdater: ignoring update request
10-01 23:23:42.932 1469 2766 I ActivityManager: Killing 3530:com.android.contacts/u0a36 (adj 906): empty #17
10-01 23:23:42.925 4732 4732 I chatty : uid=10020(com.google.android.configupdater) identical 3 lines
10-01 23:23:42.930 4732 4732 E ConfigUpdater: ignoring update request
10-01 23:23:42.932 1469 1589 W libprocessgroup: kill(-3530, 9) failed: No such process
10-01 23:23:42.947 518 518 I Zygote : Process 3530 exited due to signal (9)
10-01 23:23:42.947 4774 4774 I Zygote : seccomp disabled by setenforce 0
10-01 23:23:42.948 3510 3510 I Finsky : [2] com.google.android.finsky.deviceconfig.ab.a(8): Scheduling UploadDynamicConfig.
10-01 23:23:42.949 3510 3510 I Finsky : [2] com.google.android.finsky.hygiene.impl.e.a(128): Dispatching hygiene task 11
10-01 23:23:42.951 1469 1588 I ActivityManager: Start proc 4774:com.google.android.deskclock/u0a70 for broadcast com.google.android.deskclock/com.android.deskclock.AlarmInitReceiver
10-01 23:23:42.952 3510 3510 I Finsky : [2] com.google.android.finsky.hygiene.impl.e.a(128): Dispatching hygiene task 26
10-01 23:23:42.952 3510 3510 I Finsky : [2] com.google.android.finsky.hygiene.impl.e.a(128): Dispatching hygiene task 39
10-01 23:23:42.953 3510 3510 I Finsky : [2] com.google.android.finsky.hygiene.impl.e.a(128): Dispatching hygiene task 37
10-01 23:23:42.953 4774 4774 E droid.deskcloc: Not starting debugger since process cannot load the jdwp agent.
10-01 23:23:42.956 3510 3510 I Finsky : [2] com.google.android.finsky.setup.VpaService.a(43): Should not show workaround PAI step because experiment disabled
10-01 23:23:42.957 3510 3510 W Settings: Setting install_non_market_apps has moved from android.provider.Settings.Global to android.provider.Settings.Secure, returning read-only value.
10-01 23:23:42.958 3510 3510 W Settings: Setting download_manager_max_bytes_over_mobile has moved from android.provider.Settings.Secure to android.provider.Settings.Global.
10-01 23:23:42.961 3510 3510 I Finsky : [2] com.google.android.finsky.instantapps.statussync.StatusSyncService.a(2): Enqueue status sync job.
10-01 23:23:42.962 1469 1589 W libprocessgroup: kill(-3530, 9) failed: No such process
10-01 23:23:42.962 1469 1589 I libprocessgroup: Successfully killed process cgroup uid 10036 pid 3530 in 29ms
10-01 23:23:42.968 3510 3510 I Finsky : [2] com.google.android.finsky.hygiene.impl.e.a(128): Dispatching hygiene task 36
10-01 23:23:42.974 3510 3510 I Finsky : [2] com.google.android.finsky.scheduler.bm.b(8): jobFinished: 1-1337. TimeElapsed: 5957ms
10-01 23:23:42.978 4788 4788 I Zygote : seccomp disabled by setenforce 0
10-01 23:23:42.978 1469 1588 I ActivityManager: Start proc 4788:com.android.vending:instant_app_installer/u0a43 for service com.android.vending/com.google.android.finsky.instantapps.statussync.StatusSyncServ ice
10-01 23:23:42.980 3510 3510 I Finsky : [2] com.google.android.finsky.scheduler.ah.a(133): Job 1-1337 finished
10-01 23:23:42.982 3510 3510 I Finsky : [2] com.google.android.finsky.scheduler.ah.a(100): RunningQueue size: 0, PendingQueue size: 0
10-01 23:23:42.982 3510 3510 I Finsky : [2] com.google.android.finsky.scheduler.am.handleMessage(93): Waiting on changed job store
10-01 23:23:42.983 4788 4788 E t_app_installe: Not starting debugger since process cannot load the jdwp agent.
10-01 23:23:43.021 4774 4774 E LoadedApk: Unable to instantiate appComponentFactory
10-01 23:23:43.021 4774 4774 E LoadedApk: java.lang.ClassNotFoundException: Didn't find class "android.support.v4.app.CoreComponentFactory" on path: DexPathList[[zip file "/system/framework/org.apache.http.legacy.boot.jar", zip file "/system/app/PrebuiltDeskClockGoogle/PrebuiltDeskClockGoogle.apk"],nativeLibraryDir ectories=[/system/app/PrebuiltDeskClockGoogle/lib/arm64, /system/lib64, /vendor/lib64, /system/lib64, /vendor/lib64]]
10-01 23:23:43.021 4774 4774 E LoadedApk: at dalvik.system.BaseDexClassLoader.findClass(BaseDexClassLoader.java:134)
10-01 23:23:43.021 4774 4774 E LoadedApk: at java.lang.ClassLoader.loadClass(ClassLoader.java:379)
10-01 23:23:43.021 4774 4774 E LoadedApk: at java.lang.ClassLoader.loadClass(ClassLoader.java:312)
10-01 23:23:43.021 4774 4774 E LoadedApk: at android.app.LoadedApk.createAppFactory(LoadedApk.java:226)
10-01 23:23:43.021 4774 4774 E LoadedApk: at android.app.LoadedApk.createOrUpdateClassLoaderLocked(LoadedApk.java:731)
10-01 23:23:43.021 4774 4774 E LoadedApk: at android.app.LoadedApk.getClassLoader(LoadedApk.java:810)
10-01 23:23:43.021 4774 4774 E LoadedApk: at android.app.LoadedApk.getResources(LoadedApk.java:1032)
10-01 23:23:43.021 4774 4774 E LoadedApk: at android.app.ContextImpl.createAppContext(ContextImpl.java:2345)
10-01 23:23:43.021 4774 4774 E LoadedApk: at android.app.ActivityThread.handleBindApplication(ActivityThread.java:5749)
10-01 23:23:43.021 4774 4774 E LoadedApk: at android.app.ActivityThread.access$1100(ActivityThread.java:199)
10-01 23:23:43.021 4774 4774 E LoadedApk: at android.app.ActivityThread$H.handleMessage(ActivityThread.java:1650)
10-01 23:23:43.021 4774 4774 E LoadedApk: at android.os.Handler.dispatchMessage(Handler.java:106)
10-01 23:23:43.021 4774 4774 E LoadedApk: at android.os.Looper.loop(Looper.java:193)
10-01 23:23:43.021 4774 4774 E LoadedApk: at android.app.ActivityThread.main(ActivityThread.java:6669)
10-01 23:23:43.021 4774 4774 E LoadedApk: at java.lang.reflect.Method.invoke(Native Method)
10-01 23:23:43.021 4774 4774 E LoadedApk: at com.android.internal.os.RuntimeInit$MethodAndArgsCaller.run(RuntimeInit.java:495)
10-01 23:23:43.021 4774 4774 E LoadedApk: at com.android.internal.os.ZygoteInit.main(ZygoteInit.java:858)
10-01 23:23:43.062 4774 4774 I GAv4 : Google Analytics 11.0.11 is starting up. To enable debug logging on a device run:
10-01 23:23:43.062 4774 4774 I GAv4 : adb shell setprop log.tag.GAv4 DEBUG
10-01 23:23:43.062 4774 4774 I GAv4 : adb logcat -s GAv4
10-01 23:23:43.083 4774 4774 I AlarmClock: AlarmInitReceiver android.intent.action.BOOT_COMPLETED
10-01 23:23:43.086 1469 2766 I ActivityManager: Killing 3562:com.android.managedprovisioning/u0a28 (adj 906): empty #17
10-01 23:23:43.086 1469 1589 W libprocessgroup: kill(-3562, 9) failed: No such process
10-01 23:23:43.095 4774 4811 W GAv4 : AnalyticsReceiver is not registered or is disabled. Register the receiver for reliable dispatching on non-Google Play devices. See http://goo.gl/8Rd3yj for instructions.
10-01 23:23:43.100 4816 4816 I Zygote : seccomp disabled by setenforce 0
10-01 23:23:43.101 1469 1588 I ActivityManager: Start proc 4816:com.google.android.gm/u0a135 for broadcast com.google.android.gm/.GoogleMailDeviceStartupReceiver
10-01 23:23:43.108 4816 4816 E ogle.android.g: Not starting debugger since process cannot load the jdwp agent.
10-01 23:23:43.113 518 518 I Zygote : Process 3562 exited due to signal (9)
10-01 23:23:43.115 4774 4811 W GAv4 : CampaignTrackingReceiver is not registered, not exported or is disabled. Installation campaign tracking is not possible. See http://goo.gl/8Rd3yj for instructions.
10-01 23:23:43.117 4774 4811 W GAv4 : AnalyticsService not registered in the app manifest. Hits might not be delivered reliably. See http://goo.gl/8Rd3yj for instructions.
10-01 23:23:43.131 1469 1589 W libprocessgroup: kill(-3562, 9) failed: No such process
10-01 23:23:43.132 1469 1589 I libprocessgroup: Successfully killed process cgroup uid 10028 pid 3562 in 45ms
10-01 23:23:43.162 4774 4808 I PrimesTesting: GserviceFlagsSupplier.get()
10-01 23:23:43.183 3510 3510 E Finsky : [2] com.google.android.finsky.ex.b.a(17): Failed to get status for package 'com.seccia.desire' (1601)
10-01 23:23:43.183 3510 3510 E Finsky : java.lang.reflect.InvocationTargetException
10-01 23:23:43.183 3510 3510 E Finsky : at java.lang.reflect.Method.invoke(Native Method)
10-01 23:23:43.183 3510 3510 E Finsky : at com.google.android.finsky.dq.b.run(Unknown Source:4)
10-01 23:23:43.183 3510 3510 E Finsky : at android.os.Handler.handleCallback(Handler.java:873)
10-01 23:23:43.183 3510 3510 E Finsky : at android.os.Handler.dispatchMessage(Handler.java:99)
10-01 23:23:43.183 3510 3510 E Finsky : at android.os.Looper.loop(Looper.java:193)
10-01 23:23:43.183 3510 3510 E Finsky : at android.os.HandlerThread.run(HandlerThread.java:65)
10-01 23:23:43.183 3510 3510 E Finsky : Caused by: android.content.pm.PackageManager$NameNotFoundException: com.seccia.desire
10-01 23:23:43.183 3510 3510 E Finsky : at java.lang.reflect.Constructor.newInstance0(Native Method)
10-01 23:23:43.183 3510 3510 E Finsky : at java.lang.reflect.Constructor.newInstance(Constructor.java:343)
10-01 23:23:43.183 3510 3510 E Finsky : at android.os.ParcelableException.readFromParcel(ParcelableException.java:56)
10-01 23:23:43.183 3510 3510 E Finsky : at android.os.ParcelableException$1.createFromParcel(ParcelableException.java:82)
10-01 23:23:43.183 3510 3510 E Finsky : at android.os.ParcelableException$1.createFromParcel(ParcelableException.java:79)
10-01 23:23:43.183 3510 3510 E Finsky : at android.os.Parcel.readParcelable(Parcel.java:2766)
10-01 23:23:43.183 3510 3510 E Finsky : at android.os.Parcel.createException(Parcel.java:1937)
10-01 23:23:43.183 3510 3510 E Finsky : at android.os.Parcel.readException(Parcel.java:1910)
10-01 23:23:43.183 3510 3510 E Finsky : at android.os.Parcel.readException(Parcel.java:1860)
10-01 23:23:43.183 3510 3510 E Finsky : at android.app.usage.IStorageStatsManager$Stub$Proxy.queryStatsForPackage(IStorageStat sManager.java:351)
10-01 23:23:43.183 3510 3510 E Finsky : at android.app.usage.StorageStatsManager.queryStatsForPackage(StorageStatsManager.java :208)
10-01 23:23:43.183 3510 3510 E Finsky : ... 6 more
10-01 23:23:43.183 3510 3510 E Finsky : Caused by: android.os.RemoteException: Remote stack trace:
10-01 23:23:43.183 3510 3510 E Finsky : at com.android.server.usage.StorageStatsService.queryStatsForPackage(StorageStatsServi ce.java:261)
10-01 23:23:43.183 3510 3510 E Finsky : at android.app.usage.IStorageStatsManager$Stub.onTransact(IStorageStatsManager.java:13 2)
10-01 23:23:43.183 3510 3510 E Finsky : at android.os.Binder.execTransact(Binder.java:731)
10-01 23:23:43.183 3510 3510 E Finsky :
10-01 23:23:43.184 3510 3510 E Finsky : [2] com.google.android.finsky.ex.b.a(29): Error getting stats
10-01 23:23:43.184 3510 3510 E Finsky : java.lang.reflect.InvocationTargetException
10-01 23:23:43.184 3510 3510 E Finsky : at java.lang.reflect.Method.invoke(Native Method)
10-01 23:23:43.184 3510 3510 E Finsky : at com.google.android.finsky.dq.b.run(Unknown Source:4)
10-01 23:23:43.184 3510 3510 E Finsky : at android.os.Handler.handleCallback(Handler.java:873)
10-01 23:23:43.184 3510 3510 E Finsky : at android.os.Handler.dispatchMessage(Handler.java:99)
10-01 23:23:43.184 3510 3510 E Finsky : at android.os.Looper.loop(Looper.java:193)
10-01 23:23:43.184 3510 3510 E Finsky : at android.os.HandlerThread.run(HandlerThread.java:65)
10-01 23:23:43.184 3510 3510 E Finsky : Caused by: android.content.pm.PackageManager$NameNotFoundException: com.seccia.desire
10-01 23:23:43.184 3510 3510 E Finsky : at java.lang.reflect.Constructor.newInstance0(Native Method)
10-01 23:23:43.184 3510 3510 E Finsky : at java.lang.reflect.Constructor.newInstance(Constructor.java:343)
10-01 23:23:43.184 3510 3510 E Finsky : at android.os.ParcelableException.readFromParcel(ParcelableException.java:56)
10-01 23:23:43.184 3510 3510 E Finsky : at android.os.ParcelableException$1.createFromParcel(ParcelableException.java:82)
10-01 23:23:43.184 3510 3510 E Finsky : at android.os.ParcelableException$1.createFromParcel(ParcelableException.java:79)
10-01 23:23:43.184 3510 3510 E Finsky : at android.os.Parcel.readParcelable(Parcel.java:2766)
10-01 23:23:43.184 3510 3510 E Finsky : at android.os.Parcel.createException(Parcel.java:1937)
10-01 23:23:43.184 3510 3510 E Finsky : at android.os.Parcel.readException(Parcel.java:1910)
10-01 23:23:43.184 3510 3510 E Finsky : at android.os.Parcel.readException(Parcel.java:1860)
10-01 23:23:43.184 3510 3510 E Finsky : at android.app.usage.IStorageStatsManager$Stub$Proxy.queryStatsForPackage(IStorageStat sManager.java:351)
10-01 23:23:43.184 3510 3510 E Finsky : at android.app.usage.StorageStatsManager.queryStatsForPackage(StorageStatsManager.java :208)
10-01 23:23:43.184 3510 3510 E Finsky : ... 6 more
10-01 23:23:43.184 3510 3510 E Finsky : Caused by: android.os.RemoteException: Remote stack trace:
10-01 23:23:43.184 3510 3510 E Finsky : at com.android.server.usage.StorageStatsService.queryStatsForPackage(StorageStatsServi ce.java:261)
10-01 23:23:43.184 3510 3510 E Finsky : at android.app.usage.IStorageStatsManager$Stub.onTransact(IStorageStatsManager.java:13 2)
10-01 23:23:43.184 3510 3510 E Finsky : at android.os.Binder.execTransact(Binder.java:731)
10-01 23:23:43.184 3510 3510 E Finsky :
10-01 23:23:43.194 4788 4842 I Finsky:instant_app_inst: [53] com.google.android.finsky.instantapps.statussync.StatusSyncService.a(7): Running status sync job.
10-01 23:23:43.202 3510 3510 E Finsky : [2] com.google.android.finsky.ex.b.a(17): Failed to get status for package 'org.softwareshack.roamingcallcontrol' (1601)
10-01 23:23:43.202 3510 3510 E Finsky : java.lang.reflect.InvocationTargetException
10-01 23:23:43.202 3510 3510 E Finsky : at java.lang.reflect.Method.invoke(Native Method)
10-01 23:23:43.202 3510 3510 E Finsky : at com.google.android.finsky.dq.b.run(Unknown Source:4)
10-01 23:23:43.202 3510 3510 E Finsky : at android.os.Handler.handleCallback(Handler.java:873)
10-01 23:23:43.202 3510 3510 E Finsky : at android.os.Handler.dispatchMessage(Handler.java:99)
10-01 23:23:43.202 3510 3510 E Finsky : at android.os.Looper.loop(Looper.java:193)
10-01 23:23:43.202 3510 3510 E Finsky : at android.os.HandlerThread.run(HandlerThread.java:65)
10-01 23:23:43.202 3510 3510 E Finsky : Caused by: android.content.pm.PackageManager$NameNotFoundException: org.softwareshack.roamingcallcontrol
10-01 23:23:43.202 3510 3510 E Finsky : at java.lang.reflect.Constructor.newInstance0(Native Method)
10-01 23:23:43.202 3510 3510 E Finsky : at java.lang.reflect.Constructor.newInstance(Constructor.java:343)
10-01 23:23:43.202 3510 3510 E Finsky : at android.os.ParcelableException.readFromParcel(ParcelableException.java:56)
10-01 23:23:43.202 3510 3510 E Finsky : at android.os.ParcelableException$1.createFromParcel(ParcelableException.java:82)
10-01 23:23:43.202 3510 3510 E Finsky : at android.os.ParcelableException$1.createFromParcel(ParcelableException.java:79)
10-01 23:23:43.202 3510 3510 E Finsky : at android.os.Parcel.readParcelable(Parcel.java:2766)
10-01 23:23:43.202 3510 3510 E Finsky : at android.os.Parcel.createException(Parcel.java:1937)
10-01 23:23:43.202 3510 3510 E Finsky : at android.os.Parcel.readException(Parcel.java:1910)
10-01 23:23:43.202 3510 3510 E Finsky : at android.os.Parcel.readException(Parcel.java:1860)
10-01 23:23:43.202 3510 3510 E Finsky : at android.app.usage.IStorageStatsManager$Stub$Proxy.queryStatsForPackage(IStorageStat sManager.java:351)
10-01 23:23:43.202 3510 3510 E Finsky : at android.app.usage.StorageStatsManager.queryStatsForPackage(StorageStatsManager.java :208)
10-01 23:23:43.202 3510 3510 E Finsky : ... 6 more
10-01 23:23:43.203 3510 3510 E Finsky : [2] com.google.android.finsky.ex.b.a(29): Error getting stats
10-01 23:23:43.203 3510 3510 E Finsky : java.lang.reflect.InvocationTargetException
10-01 23:23:43.203 3510 3510 E Finsky : at java.lang.reflect.Method.invoke(Native Method)
10-01 23:23:43.203 3510 3510 E Finsky : at com.google.android.finsky.dq.b.run(Unknown Source:4)
10-01 23:23:43.203 3510 3510 E Finsky : at android.os.Handler.handleCallback(Handler.java:873)
10-01 23:23:43.203 3510 3510 E Finsky : at android.os.Handler.dispatchMessage(Handler.java:99)
10-01 23:23:43.203 3510 3510 E Finsky : at android.os.Looper.loop(Looper.java:193)
10-01 23:23:43.203 3510 3510 E Finsky : at android.os.HandlerThread.run(HandlerThread.java:65)
10-01 23:23:43.203 3510 3510 E Finsky : Caused by: android.content.pm.PackageManager$NameNotFoundException: org.softwareshack.roamingcallcontrol
10-01 23:23:43.203 3510 3510 E Finsky : at java.lang.reflect.Constructor.newInstance0(Native Method)
10-01 23:23:43.203 3510 3510 E Finsky : at java.lang.reflect.Constructor.newInstance(Constructor.java:343)
10-01 23:23:43.203 3510 3510 E Finsky : at android.os.ParcelableException.readFromParcel(ParcelableException.java:56)
10-01 23:23:43.203 3510 3510 E Finsky : at android.os.ParcelableException$1.createFromParcel(ParcelableException.java:82)
10-01 23:23:43.203 3510 3510 E Finsky : at android.os.ParcelableException$1.createFromParcel(ParcelableException.java:79)
10-01 23:23:43.203 3510 3510 E Finsky : at android.os.Parcel.readParcelable(Parcel.java:2766)
10-01 23:23:43.203 3510 3510 E Finsky : at android.os.Parcel.createException(Parcel.java:1937)
10-01 23:23:43.203 3510 3510 E Finsky : at android.os.Parcel.readException(Parcel.java:1910)
10-01 23:23:43.203 3510 3510 E Finsky : at android.os.Parcel.readException(Parcel.java:1860)
10-01 23:23:43.203 3510 3510 E Finsky : at android.app.usage.IStorageStatsManager$Stub$Proxy.queryStatsForPackage(IStorageStat sManager.java:351)
10-01 23:23:43.203 3510 3510 E Finsky : at android.app.usage.StorageStatsManager.queryStatsForPackage(StorageStatsManager.java :208)
10-01 23:23:43.203 3510 3510 E Finsky : ... 6 more
10-01 23:23:43.270 3852 3976 I Icing : Internal init done: storage state 0
10-01 23:23:43.291 3852 3976 I Icing : Post-init done
10-01 23:23:43.295 1469 2768 W ActivityManager: Background start not allowed: service Intent { cmp=com.google.android.apps.messaging/.shared.datamodel.action.execution.ActionEx ecutorImpl$EmptyService } to com.google.android.apps.messaging/.shared.datamodel.action.execution.ActionExecutor Impl$EmptyService from pid=4143 uid=10094 pkg=com.google.android.apps.messaging startFg?=false
10-01 23:23:43.295 4143 4143 W BugleDataModel: service started without protection. DataModel.startActionUnsafe is deprecated. class com.google.android.apps.messaging.shared.datamodel.action.CommitPhenotypeAction- CommitPhenotypeAction:1538429020232012
10-01 23:23:43.298 4143 4143 W BugleDataModel: java.lang.IllegalStateException: Not allowed to start service Intent { cmp=com.google.android.apps.messaging/.shared.datamodel.action.execution.ActionEx ecutorImpl$EmptyService }: app is in background uid UidRecord{dfd601a u0a94 CEM idle change:cached procs:2 seq(0,0,0)}
10-01 23:23:43.298 4143 4143 W BugleDataModel: at android.app.ContextImpl.startServiceCommon(ContextImpl.java:1577)
10-01 23:23:43.298 4143 4143 W BugleDataModel: at android.app.ContextImpl.startService(ContextImpl.java:1532)
