10-01 23:23:33.994 2351 3263 E AndroidRuntime: at apbq.<clinit>(:com.google.android.gms@[email protected] (100400-213742215):1)
10-01 23:23:33.994 2351 3263 E AndroidRuntime: ... 9 more
10-01 23:23:33.999 2474 3271 V NFC : this device does not have NFC support
10-01 23:23:34.006 2474 3358 W DeviceDoctorHandler: Shushing crash.
10-01 23:23:34.006 2474 3358 E DeviceDoctorHandler: FATAL EXCEPTION: lowpool[1]
10-01 23:23:34.006 2474 3358 E DeviceDoctorHandler: Process: com.google.android.gms, PID: 2474
10-01 23:23:34.006 2474 3358 E DeviceDoctorHandler: java.lang.NullPointerException: Attempt to invoke virtual method 'java.lang.String java.lang.String.replace(java.lang.CharSequence, java.lang.CharSequence)' on a null object reference
10-01 23:23:34.006 2474 3358 E DeviceDoctorHandler: at android.os.Parcel.createException(Parcel.java:1948)
10-01 23:23:34.006 2474 3358 E DeviceDoctorHandler: at android.os.Parcel.readException(Parcel.java:1910)
10-01 23:23:34.006 2474 3358 E DeviceDoctorHandler: at android.os.Parcel.readException(Parcel.java:1860)
10-01 23:23:34.006 2474 3358 E DeviceDoctorHandler: at android.os.storage.IStorageManager$Stub$Proxy.getVolumeList(IStorageManager.java:89 5)
10-01 23:23:34.006 2474 3358 E DeviceDoctorHandler: at android.os.storage.StorageManager.getVolumeList(StorageManager.java:1169)
10-01 23:23:34.006 2474 3358 E DeviceDoctorHandler: at android.os.Environment$UserEnvironment.getExternalDirs(Environment.java:91)
10-01 23:23:34.006 2474 3358 E DeviceDoctorHandler: at android.os.Environment.isExternalStorageEmulated(Environment.java:974)
10-01 23:23:34.006 2474 3358 E DeviceDoctorHandler: at tci.d(:com.google.android.gms@[email protected] (100400-213742215):2)
10-01 23:23:34.006 2474 3358 E DeviceDoctorHandler: at rmm.run(Unknown Source:8)
10-01 23:23:34.006 2474 3358 E DeviceDoctorHandler: at tct.run(:com.google.android.gms@[email protected] (100400-213742215):3)
10-01 23:23:34.006 2474 3358 E DeviceDoctorHandler: at qfl.run(:com.google.android.gms@[email protected] (100400-213742215):35)
10-01 23:23:34.006 2474 3358 E DeviceDoctorHandler: at java.util.concurrent.ThreadPoolExecutor.runWorker(ThreadPoolExecutor.java:1167)
10-01 23:23:34.006 2474 3358 E DeviceDoctorHandler: at java.util.concurrent.ThreadPoolExecutor$Worker.run(ThreadPoolExecutor.java:641)
10-01 23:23:34.006 2474 3358 E DeviceDoctorHandler: at qlf.run(Unknown Source:7)
10-01 23:23:34.006 2474 3358 E DeviceDoctorHandler: at java.lang.Thread.run(Thread.java:764)
10-01 23:23:34.006 2474 3358 E DeviceDoctorHandler: Caused by: android.os.RemoteException: Remote stack trace:
10-01 23:23:34.006 2474 3358 E DeviceDoctorHandler: at android.os.storage.VolumeInfo.getInternalPathForUser(VolumeInfo.java:317)
10-01 23:23:34.006 2474 3358 E DeviceDoctorHandler: at android.os.storage.VolumeInfo.buildStorageVolume(VolumeInfo.java:336)
10-01 23:23:34.006 2474 3358 E DeviceDoctorHandler: at com.android.server.StorageManagerService.getVolumeList(StorageManagerService.java:2 777)
10-01 23:23:34.006 2474 3358 E DeviceDoctorHandler: at android.os.storage.IStorageManager$Stub.onTransact(IStorageManager.java:176)
10-01 23:23:34.006 2474 3358 E DeviceDoctorHandler: at android.os.Binder.execTransact(Binder.java:731)
10-01 23:23:34.006 2474 3358 E DeviceDoctorHandler:
10-01 23:23:34.006 2474 3358 E DeviceDoctorHandler:
10-01 23:23:34.011 2351 3263 I GCore-Chimera-Crash: ChwKDmNvbnRhaW5lci1vbmx5EMLXVxhAILCXpcI1IAA=
10-01 23:23:34.011 2351 3263 I GCore-Chimera-Crash: GCore-Chimera-Crash
10-01 23:23:34.023 2351 3263 I Process : Sending signal. PID: 2351 SIG: 9
10-01 23:23:34.028 2474 3358 I Process : Sending signal. PID: 2474 SIG: 9
10-01 23:23:33.944 1469 2726 I chatty : uid=1000(system) backup identical 49 lines
10-01 23:23:33.944 1469 2726 I BackupManagerService: Found stale backup journal, scheduling
10-01 23:23:34.029 1469 1586 W BroadcastQueue: Skipping deliver [background] BroadcastRecord{cdb5b8b u0 android.intent.action.DROPBOX_ENTRY_ADDED} to ReceiverList{c5b7e0 2351 com.google.android.gms.persistent/10013/u0 remote:b23d1e3}: process gone or crashing
10-01 23:23:34.034 1469 1586 W BroadcastQueue: Skipping deliver [background] BroadcastRecord{7cc8468 u0 android.intent.action.DROPBOX_ENTRY_ADDED} to ReceiverList{c5b7e0 2351 com.google.android.gms.persistent/10013/u0 remote:b23d1e3}: process gone or crashing
10-01 23:23:34.043 3287 3287 D AndroidRuntime: Shutting down VM
10-01 23:23:34.044 3287 3287 E AndroidRuntime: FATAL EXCEPTION: main
10-01 23:23:34.044 3287 3287 E AndroidRuntime: Process: com.spotify.music, PID: 3287
10-01 23:23:34.044 3287 3287 E AndroidRuntime: java.lang.ExceptionInInitializerError
10-01 23:23:34.044 3287 3287 E AndroidRuntime: at azl.a(SourceFile:32)
10-01 23:23:34.044 3287 3287 E AndroidRuntime: at azj.<init>(SourceFile:31)
10-01 23:23:34.044 3287 3287 E AndroidRuntime: at azn.a(SourceFile:94)
10-01 23:23:34.044 3287 3287 E AndroidRuntime: at ayy.a(SourceFile:37)
10-01 23:23:34.044 3287 3287 E AndroidRuntime: at com.bmwgroup.connected.car.contentprovider.AssetsProvider.<clinit>(SourceFile:40)
10-01 23:23:34.044 3287 3287 E AndroidRuntime: at java.lang.Class.newInstance(Native Method)
10-01 23:23:34.044 3287 3287 E AndroidRuntime: at android.app.AppComponentFactory.instantiateProvider(AppComponentFactory.java:121)
10-01 23:23:34.044 3287 3287 E AndroidRuntime: at android.app.ActivityThread.installProvider(ActivityThread.java:6380)
10-01 23:23:34.044 3287 3287 E AndroidRuntime: at android.app.ActivityThread.installContentProviders(ActivityThread.java:5938)
10-01 23:23:34.044 3287 3287 E AndroidRuntime: at android.app.ActivityThread.handleBindApplication(ActivityThread.java:5853)
10-01 23:23:34.044 3287 3287 E AndroidRuntime: at android.app.ActivityThread.access$1100(ActivityThread.java:199)
10-01 23:23:34.044 3287 3287 E AndroidRuntime: at android.app.ActivityThread$H.handleMessage(ActivityThread.java:1650)
10-01 23:23:34.044 3287 3287 E AndroidRuntime: at android.os.Handler.dispatchMessage(Handler.java:106)
10-01 23:23:34.044 3287 3287 E AndroidRuntime: at android.os.Looper.loop(Looper.java:193)
10-01 23:23:34.044 3287 3287 E AndroidRuntime: at android.app.ActivityThread.main(ActivityThread.java:6669)
10-01 23:23:34.044 3287 3287 E AndroidRuntime: at java.lang.reflect.Method.invoke(Native Method)
10-01 23:23:34.044 3287 3287 E AndroidRuntime: at com.android.internal.os.RuntimeInit$MethodAndArgsCaller.run(RuntimeInit.java:495)
10-01 23:23:34.044 3287 3287 E AndroidRuntime: at com.android.internal.os.ZygoteInit.main(ZygoteInit.java:858)
10-01 23:23:34.044 3287 3287 E AndroidRuntime: Caused by: java.lang.NullPointerException: Attempt to invoke virtual method 'java.lang.String java.lang.String.replace(java.lang.CharSequence, java.lang.CharSequence)' on a null object reference
10-01 23:23:34.044 3287 3287 E AndroidRuntime: at android.os.Parcel.createException(Parcel.java:1948)
10-01 23:23:34.044 3287 3287 E AndroidRuntime: at android.os.Parcel.readException(Parcel.java:1910)
10-01 23:23:34.044 3287 3287 E AndroidRuntime: at android.os.Parcel.readException(Parcel.java:1860)
10-01 23:23:34.044 3287 3287 E AndroidRuntime: at android.os.storage.IStorageManager$Stub$Proxy.getVolumeList(IStorageManager.java:89 5)
10-01 23:23:34.044 3287 3287 E AndroidRuntime: at android.os.storage.StorageManager.getVolumeList(StorageManager.java:1169)
10-01 23:23:34.044 3287 3287 E AndroidRuntime: at android.os.Environment$UserEnvironment.getExternalDirs(Environment.java:91)
10-01 23:23:34.044 3287 3287 E AndroidRuntime: at android.os.Environment.getExternalStorageDirectory(Environment.java:481)
10-01 23:23:34.044 3287 3287 E AndroidRuntime: at azk.<clinit>(SourceFile:32)
10-01 23:23:34.044 3287 3287 E AndroidRuntime: ... 18 more
10-01 23:23:34.063 1469 1888 I ActivityManager: Process com.google.android.gms.persistent (pid 2351) has died: fore BFGS
10-01 23:23:34.064 1469 1888 W ActivityManager: Scheduling restart of crashed service com.google.android.gms/.chimera.PersistentApiService in 13870ms
10-01 23:23:34.064 1469 1888 W ActivityManager: Scheduling restart of crashed service com.google.android.gms/.auth.setup.devicesignals.LockScreenService in 23870ms
10-01 23:23:34.064 1469 1888 W ActivityManager: Scheduling restart of crashed service com.google.android.gms/com.google.android.location.network.NetworkLocationService in 33870ms
10-01 23:23:34.064 1469 1888 W ActivityManager: Scheduling restart of crashed service com.google.android.gms/com.google.android.location.fused.FusedLocationService in 43870ms
10-01 23:23:34.064 1469 1888 W ActivityManager: Scheduling restart of crashed service com.google.android.gms/.auth.trustagent.GoogleTrustAgent in 53870ms
10-01 23:23:34.064 1469 1888 W ActivityManager: Scheduling restart of crashed service com.google.android.gms/com.google.android.location.internal.server.HardwareArProvid erService in 63870ms
10-01 23:23:34.064 1469 1888 W ActivityManager: Scheduling restart of crashed service com.google.android.gms/com.google.android.location.reporting.service.ReportingAndro idService in 73870ms
10-01 23:23:34.064 1469 1888 W ActivityManager: Scheduling restart of crashed service com.google.android.gms/com.google.android.location.geofencer.service.GeofenceProvid erService in 83870ms
10-01 23:23:34.064 1469 1888 W ActivityManager: Scheduling restart of crashed service com.google.android.gms/com.google.android.location.internal.server.GoogleLocationSe rvice in 93870ms
10-01 23:23:34.064 1469 1888 W ActivityManager: Scheduling restart of crashed service com.google.android.gms/com.google.android.location.geocode.GeocodeService in 103870ms
10-01 23:23:34.064 1469 1888 W ActivityManager: Scheduling restart of crashed service com.google.android.gms/.chimera.PersistentBoundBrokerService in 113870ms
10-01 23:23:34.064 1469 1888 W ActivityManager: Scheduling restart of crashed service com.google.android.gms/.chimera.PersistentDirectBootAwareApiService in 123870ms
10-01 23:23:34.065 1469 1589 W libprocessgroup: kill(-2351, 9) failed: No such process
10-01 23:23:34.066 1469 1888 W ActivityManager: Scheduling restart of crashed service com.google.android.gms/.lockbox.service.LockboxBrokerService in 133869ms
10-01 23:23:34.066 1469 1888 W ActivityManager: Scheduling restart of crashed service com.google.android.gms/.chimera.PersistentIntentOperationService in 143868ms
10-01 23:23:34.066 1469 1888 W ActivityManager: Scheduling restart of crashed service com.google.android.gms/.usagereporting.service.UsageReportingService in 153868ms
10-01 23:23:34.066 1469 1888 W ActivityManager: Scheduling restart of crashed service com.google.android.gms/com.google.android.location.internal.GoogleLocationManagerSe rvice in 163868ms
10-01 23:23:34.066 3294 3437 W GmsClient: IGmsServiceBroker.getService failed
10-01 23:23:34.066 3294 3437 W GmsClient: android.os.DeadObjectException
10-01 23:23:34.066 3294 3437 W GmsClient: at android.os.BinderProxy.transactNative(Native Method)
10-01 23:23:34.066 3294 3437 W GmsClient: at android.os.BinderProxy.transact(Binder.java:1127)
10-01 23:23:34.066 3294 3437 W GmsClient: at psd.a(:com.google.android.gms@[email protected] (100400-213742215):4)
10-01 23:23:34.066 3294 3437 W GmsClient: at ppn.a(:com.google.android.gms@[email protected] (100400-213742215):102)
10-01 23:23:34.066 3294 3437 W GmsClient: at pdv.run(:com.google.android.gms@[email protected] (100400-213742215):7)
10-01 23:23:34.066 3294 3437 W GmsClient: at android.os.Handler.handleCallback(Handler.java:873)
10-01 23:23:34.066 3294 3437 W GmsClient: at android.os.Handler.dispatchMessage(Handler.java:99)
10-01 23:23:34.066 3294 3437 W GmsClient: at absu.dispatchMessage(:com.google.android.gms@[email protected] (100400-213742215):2)
10-01 23:23:34.066 3294 3437 W GmsClient: at android.os.Looper.loop(Looper.java:193)
10-01 23:23:34.066 3294 3437 W GmsClient: at android.os.HandlerThread.run(HandlerThread.java:65)
10-01 23:23:34.067 3294 3294 I ActivityThread: Removing dead content provider:android.content.ContentProviderProxy@22dc93e
10-01 23:23:34.068 518 518 I Zygote : Process 2351 exited due to signal (9)
10-01 23:23:34.075 1469 2768 D ConnectivityService: ConnectivityService NetworkRequestInfo binderDied(NetworkRequest [ LISTEN id=15, [ Capabilities: INTERNET&NOT_RESTRICTED&TRUSTED&NOT_VPN Unwanted: Uid: 10013] ], android.os.BinderProxy@621b103)
10-01 23:23:34.076 1469 2773 I ActivityManager: Process com.google.android.gms (pid 2474) has died: fore TRNB
10-01 23:23:34.076 1469 2773 W ActivityManager: Scheduling restart of crashed service com.google.android.gms/.ads.identifier.service.AdvertisingIdService in 173858ms
10-01 23:23:34.076 1469 2773 W ActivityManager: Scheduling restart of crashed service com.google.android.gms/.games.chimera.GamesSyncServiceNotificationProxy in 183858ms
10-01 23:23:34.076 1469 2773 W ActivityManager: Scheduling restart of crashed service com.google.android.gms/.measurement.service.MeasurementBrokerService in 193858ms
10-01 23:23:34.076 1469 2773 W ActivityManager: Scheduling restart of crashed service com.google.android.gms/.chimera.GmsIntentOperationService in 203858ms
10-01 23:23:34.076 1469 2773 W ActivityManager: Scheduling restart of crashed service com.google.android.gms/.drive.metadata.sync.syncadapter.SyncAdapterService in 213858ms
10-01 23:23:34.076 1469 2773 W ActivityManager: Scheduling restart of crashed service com.google.android.gms/.stats.service.DropBoxEntryAddedService in 223858ms
10-01 23:23:34.076 1469 2773 W ActivityManager: Scheduling restart of crashed service com.google.android.gms/.games.chimera.GamesSyncServiceMainProxy in 233858ms
10-01 23:23:34.077 518 518 I Zygote : Process 2474 exited due to signal (9)
10-01 23:23:34.094 1469 1588 I ActivityManager: Start proc 3463:com.google.android.gms/u0a13 for service com.google.android.gms/.ads.identifier.service.AdvertisingIdService
10-01 23:23:34.095 3463 3463 I Zygote : seccomp disabled by setenforce 0
10-01 23:23:34.100 3463 3463 E gle.android.gm: Not starting debugger since process cannot load the jdwp agent.
10-01 23:23:34.109 1469 1589 W libprocessgroup: kill(-2351, 9) failed: No such process
10-01 23:23:34.110 1469 1589 I libprocessgroup: Successfully killed process cgroup uid 10013 pid 2351 in 45ms
10-01 23:23:34.111 1469 1589 W libprocessgroup: kill(-2474, 9) failed: No such process
10-01 23:23:34.111 1469 1589 I libprocessgroup: Successfully killed process cgroup uid 10013 pid 2474 in 1ms
10-01 23:23:34.113 3287 3287 W Java7Support: Unable to load JDK7 types (annotations, java.nio.file.Path): no Java7 support added
10-01 23:23:34.114 568 568 I netmgrd : type=1400 audit(0.0:1091): avc: denied { read } for scontext=u:r:init:s0 tcontext=u:r:init:s0 tclass=netlink_route_socket permissive=1
10-01 23:23:34.174 470 479 I fsck_msdos: ** Phase 2 - Check Cluster Chains
10-01 23:23:34.191 3463 3463 I gle.android.gm: The ClassLoaderContext is a special shared library.
10-01 23:23:34.227 3463 3463 W GmsApplication: Failed to invoke the SupplierSetterRegistry.
10-01 23:23:34.237 470 479 I fsck_msdos: ** Phase 3 - Checking Directories
10-01 23:23:34.284 3463 3463 D AndroidRuntime: Shutting down VM
10-01 23:23:34.285 3463 3463 E AndroidRuntime: FATAL EXCEPTION: main
10-01 23:23:34.285 3463 3463 E AndroidRuntime: Process: com.google.android.gms, PID: 3463
10-01 23:23:34.285 3463 3463 E AndroidRuntime: java.lang.RuntimeException: Unable to get provider com.google.android.libraries.matchstick.provider.MatchstickFileProvider: java.lang.NullPointerException: Attempt to invoke virtual method 'java.lang.String java.lang.String.replace(java.lang.CharSequence, java.lang.CharSequence)' on a null object reference
10-01 23:23:34.285 3463 3463 E AndroidRuntime: at android.app.ActivityThread.installProvider(ActivityThread.java:6396)
10-01 23:23:34.285 3463 3463 E AndroidRuntime: at android.app.ActivityThread.installContentProviders(ActivityThread.java:5938)
10-01 23:23:34.285 3463 3463 E AndroidRuntime: at android.app.ActivityThread.handleBindApplication(ActivityThread.java:5853)
10-01 23:23:34.285 3463 3463 E AndroidRuntime: at android.app.ActivityThread.access$1100(ActivityThread.java:199)
10-01 23:23:34.285 3463 3463 E AndroidRuntime: at android.app.ActivityThread$H.handleMessage(ActivityThread.java:1650)
10-01 23:23:34.285 3463 3463 E AndroidRuntime: at android.os.Handler.dispatchMessage(Handler.java:106)
10-01 23:23:34.285 3463 3463 E AndroidRuntime: at android.os.Looper.loop(Looper.java:193)
10-01 23:23:34.285 3463 3463 E AndroidRuntime: at android.app.ActivityThread.main(ActivityThread.java:6669)
10-01 23:23:34.285 3463 3463 E AndroidRuntime: at java.lang.reflect.Method.invoke(Native Method)
10-01 23:23:34.285 3463 3463 E AndroidRuntime: at com.android.internal.os.RuntimeInit$MethodAndArgsCaller.run(RuntimeInit.java:495)
10-01 23:23:34.285 3463 3463 E AndroidRuntime: at com.android.internal.os.ZygoteInit.main(ZygoteInit.java:858)
10-01 23:23:34.285 3463 3463 E AndroidRuntime: Caused by: java.lang.NullPointerException: Attempt to invoke virtual method 'java.lang.String java.lang.String.replace(java.lang.CharSequence, java.lang.CharSequence)' on a null object reference
10-01 23:23:34.285 3463 3463 E AndroidRuntime: at android.os.Parcel.createException(Parcel.java:1948)
10-01 23:23:34.285 3463 3463 E AndroidRuntime: at android.os.Parcel.readException(Parcel.java:1910)
10-01 23:23:34.285 3463 3463 E AndroidRuntime: at android.os.Parcel.readException(Parcel.java:1860)
10-01 23:23:34.285 3463 3463 E AndroidRuntime: at android.os.storage.IStorageManager$Stub$Proxy.getVolumeList(IStorageManager.java:89 5)
10-01 23:23:34.285 3463 3463 E AndroidRuntime: at android.os.storage.StorageManager.getVolumeList(StorageManager.java:1169)
10-01 23:23:34.285 3463 3463 E AndroidRuntime: at android.os.Environment$UserEnvironment.getExternalDirs(Environment.java:91)
10-01 23:23:34.285 3463 3463 E AndroidRuntime: at android.os.Environment.getExternalStorageDirectory(Environment.java:481)
10-01 23:23:34.285 3463 3463 E AndroidRuntime: at android.support.v4.content.FileProvider.a(:com.google.android.gms@[email protected] (100400-213742215):24)
10-01 23:23:34.285 3463 3463 E AndroidRuntime: at android.support.v4.content.FileProvider.attachInfo(:com.google.android.gms@14366037 @14.3.66 (100400-213742215):4)
10-01 23:23:34.285 3463 3463 E AndroidRuntime: at android.app.ActivityThread.installProvider(ActivityThread.java:6391)
10-01 23:23:34.285 3463 3463 E AndroidRuntime: ... 10 more
10-01 23:23:34.335 3463 3463 I GCore-Chimera-Crash: ChwKDmNvbnRhaW5lci1vbmx5EMLXVxhAILCXpcI1IAA=
10-01 23:23:34.335 3463 3463 I GCore-Chimera-Crash: GCore-Chimera-Crash
10-01 23:23:34.354 3463 3463 I DeviceDrDatabaseHelper: Cleaning stale data from database!
10-01 23:23:34.366 3463 3463 W DeviceDoctorHandler: Crash Hash: 91dcd7e9cdaf25f6ee3bfc3b1c41b735141608fd
10-01 23:23:34.372 470 479 I fsck_msdos: ** Phase 4 - Checking for Lost Files
10-01 23:23:34.388 470 479 I fsck_msdos: 219 files, 3463096 free (432887 clusters)
10-01 23:23:34.397 3463 3463 W DeviceDoctorHandler: Shushing crash.
10-01 23:23:34.397 3463 3463 E DeviceDoctorHandler: FATAL EXCEPTION: main
10-01 23:23:34.397 3463 3463 E DeviceDoctorHandler: Process: com.google.android.gms, PID: 3463
10-01 23:23:34.397 3463 3463 E DeviceDoctorHandler: java.lang.RuntimeException: Unable to get provider com.google.android.libraries.matchstick.provider.MatchstickFileProvider: java.lang.NullPointerException: Attempt to invoke virtual method 'java.lang.String java.lang.String.replace(java.lang.CharSequence, java.lang.CharSequence)' on a null object reference
10-01 23:23:34.397 3463 3463 E DeviceDoctorHandler: at android.app.ActivityThread.installProvider(ActivityThread.java:6396)
10-01 23:23:34.397 3463 3463 E DeviceDoctorHandler: at android.app.ActivityThread.installContentProviders(ActivityThread.java:5938)
10-01 23:23:34.397 3463 3463 E DeviceDoctorHandler: at android.app.ActivityThread.handleBindApplication(ActivityThread.java:5853)
10-01 23:23:34.397 3463 3463 E DeviceDoctorHandler: at android.app.ActivityThread.access$1100(ActivityThread.java:199)
10-01 23:23:34.397 3463 3463 E DeviceDoctorHandler: at android.app.ActivityThread$H.handleMessage(ActivityThread.java:1650)
10-01 23:23:34.397 3463 3463 E DeviceDoctorHandler: at android.os.Handler.dispatchMessage(Handler.java:106)
10-01 23:23:34.397 3463 3463 E DeviceDoctorHandler: at android.os.Looper.loop(Looper.java:193)
10-01 23:23:34.397 3463 3463 E DeviceDoctorHandler: at android.app.ActivityThread.main(ActivityThread.java:6669)
10-01 23:23:34.397 3463 3463 E DeviceDoctorHandler: at java.lang.reflect.Method.invoke(Native Method)
10-01 23:23:34.397 3463 3463 E DeviceDoctorHandler: at com.android.internal.os.RuntimeInit$MethodAndArgsCaller.run(RuntimeInit.java:495)
10-01 23:23:34.397 3463 3463 E DeviceDoctorHandler: at com.android.internal.os.ZygoteInit.main(ZygoteInit.java:858)
10-01 23:23:34.397 3463 3463 E DeviceDoctorHandler: Caused by: java.lang.NullPointerException: Attempt to invoke virtual method 'java.lang.String java.lang.String.replace(java.lang.CharSequence, java.lang.CharSequence)' on a null object reference
10-01 23:23:34.397 3463 3463 E DeviceDoctorHandler: at android.os.Parcel.createException(Parcel.java:1948)
10-01 23:23:34.397 3463 3463 E DeviceDoctorHandler: at android.os.Parcel.readException(Parcel.java:1910)
10-01 23:23:34.397 3463 3463 E DeviceDoctorHandler: at android.os.Parcel.readException(Parcel.java:1860)
10-01 23:23:34.397 3463 3463 E DeviceDoctorHandler: at android.os.storage.IStorageManager$Stub$Proxy.getVolumeList(IStorageManager.java:89 5)
10-01 23:23:34.397 3463 3463 E DeviceDoctorHandler: at android.os.storage.StorageManager.getVolumeList(StorageManager.java:1169)
10-01 23:23:34.397 3463 3463 E DeviceDoctorHandler: at android.os.Environment$UserEnvironment.getExternalDirs(Environment.java:91)
10-01 23:23:34.397 3463 3463 E DeviceDoctorHandler: at android.os.Environment.getExternalStorageDirectory(Environment.java:481)
10-01 23:23:34.397 3463 3463 E DeviceDoctorHandler: at android.support.v4.content.FileProvider.a(:com.google.android.gms@[email protected] (100400-213742215):24)
10-01 23:23:34.397 3463 3463 E DeviceDoctorHandler: at android.support.v4.content.FileProvider.attachInfo(:com.google.android.gms@14366037 @14.3.66 (100400-213742215):4)
10-01 23:23:34.397 3463 3463 E DeviceDoctorHandler: at android.app.ActivityThread.installProvider(ActivityThread.java:6391)
10-01 23:23:34.397 3463 3463 E DeviceDoctorHandler: ... 10 more
10-01 23:23:34.397 3463 3463 E DeviceDoctorHandler:
10-01 23:23:34.400 1469 1584 E PackageManager: Optimistic bind failed.
10-01 23:23:34.400 1469 1584 E PackageManager: java.util.concurrent.TimeoutException: [Optimistic Bind] Didn't bind to resolver in time!
10-01 23:23:34.400 1469 1584 E PackageManager: at com.android.server.pm.InstantAppResolverConnection.waitForBindLocked(InstantAppReso lverConnection.java:160)
10-01 23:23:34.400 1469 1584 E PackageManager: at com.android.server.pm.InstantAppResolverConnection.bind(InstantAppResolverConnectio n.java:225)
10-01 23:23:34.400 1469 1584 E PackageManager: at com.android.server.pm.InstantAppResolverConnection.lambda$optimisticBind$0(InstantA ppResolverConnection.java:255)
10-01 23:23:34.400 1469 1584 E PackageManager: at com.android.server.pm.-$ $Lambda$InstantAppResolverConnection$D-JKXi4qrYjnPQMOwj8UtfZenps.run(Unknown Source:2)
10-01 23:23:34.400 1469 1584 E PackageManager: at android.os.Handler.handleCallback(Handler.java:873)
10-01 23:23:34.400 1469 1584 E PackageManager: at android.os.Handler.dispatchMessage(Handler.java:99)
10-01 23:23:34.400 1469 1584 E PackageManager: at android.os.Looper.loop(Looper.java:193)
10-01 23:23:34.400 1469 1584 E PackageManager: at android.os.HandlerThread.run(HandlerThread.java:65)
10-01 23:23:34.401 470 479 I vold : Filesystem check completed OK
10-01 23:23:34.409 470 479 V vold : Waiting for FUSE to spin up...
10-01 23:23:34.420 3486 3486 W sdcard : Device explicitly enabled sdcardfs
10-01 23:23:34.430 3463 3463 I Process : Sending signal. PID: 3463 SIG: 9
10-01 23:23:34.454 1469 1589 W libprocessgroup: kill(-3463, 9) failed: No such process
10-01 23:23:34.454 1469 1510 I ActivityManager: Process com.google.android.gms (pid 3463) has died: fore TRNB
10-01 23:23:34.454 1469 1589 I libprocessgroup: Successfully killed process cgroup uid 10013 pid 3463 in 0ms
10-01 23:23:34.455 1469 1510 W ActivityManager: Scheduling restart of crashed service com.google.android.gms/.ads.identifier.service.AdvertisingIdService in 173479ms
10-01 23:23:34.455 1469 1510 W ActivityManager: Scheduling restart of crashed service com.google.android.gms/.games.chimera.GamesSyncServiceNotificationProxy in 735432ms
10-01 23:23:34.455 1469 1510 W ActivityManager: Scheduling restart of crashed service com.google.android.gms/.measurement.service.MeasurementBrokerService in 183479ms
10-01 23:23:34.455 1469 1510 W ActivityManager: Scheduling restart of crashed service com.google.android.gms/.chimera.GmsIntentOperationService in 815432ms
10-01 23:23:34.455 518 518 I Zygote : Process 3463 exited due to signal (9)
10-01 23:23:34.455 1469 1510 W ActivityManager: Scheduling restart of crashed service com.google.android.gms/.drive.metadata.sync.syncadapter.SyncAdapterService in 855432ms
10-01 23:23:34.455 1469 1510 W ActivityManager: Scheduling restart of crashed service com.google.android.gms/.stats.service.DropBoxEntryAddedService in 895432ms
10-01 23:23:34.455 1469 1510 W ActivityManager: Scheduling restart of crashed service com.google.android.gms/.games.chimera.GamesSyncServiceMainProxy in 935432ms
10-01 23:23:34.516 1469 1774 D StorageManagerService: Volume public:179,65 broadcasting mounted to UserHandle{0}
10-01 23:23:34.516 1907 1907 D StorageNotification: Notifying about public volume: VolumeInfo{public:179,65}:
10-01 23:23:34.516 1907 1907 D StorageNotification: type=PUBLIC diskId=disk:179,64 partGuid= mountFlags=VISIBLE mountUserId=0
10-01 23:23:34.516 1907 1907 D StorageNotification: state=MOUNTED
10-01 23:23:34.516 1907 1907 D StorageNotification: fsType=vfat fsUuid=D89D- 9833 fsLabel=
10-01 23:23:34.516 1907 1907 D StorageNotification: path=/storage/D89D-9833 internalPath=/mnt/media_rw/D89D-9833
10-01 23:23:34.789 3287 3287 I Process : Sending signal. PID: 3287 SIG: 9
10-01 23:23:34.824 2162 2162 I RenderThread: type=1400 audit(0.0:1095): avc: denied { ioctl } for path="/dev/kgsl-3d0" dev="tmpfs" ino=4527 ioctlcmd=94a scontext=u:r:system_app:s0 tcontext=u:object_r:device:s0 tclass=chr_file permissive=1
10-01 23:23:34.834 2645 2656 W System : A resource failed to call close.
10-01 23:23:34.854 1469 2768 I ActivityManager: Process com.spotify.music (pid 3287) has died: fore SVC
10-01 23:23:34.855 1469 1589 W libprocessgroup: kill(-3287, 9) failed: No such process
10-01 23:23:34.855 1469 2768 W ActivityManager: Scheduling restart of crashed service com.spotify.music/com.spotify.mobile.android.service.SpotifyService in 193079ms
10-01 23:23:34.856 519 519 I Zygote : Process 3287 exited due to signal (9)
10-01 23:23:34.860 1469 1589 W libprocessgroup: kill(-3287, 9) failed: No such process
10-01 23:23:34.860 1469 1589 I libprocessgroup: Successfully killed process cgroup uid 10173 pid 3287 in 5ms
10-01 23:23:34.871 1469 1588 I ActivityManager: Start proc 3490:code.name.monkey.retromusic/u0a87 for broadcast code.name.monkey.retromusic/.appwidgets.BootReceiver
10-01 23:23:34.871 3490 3490 I Zygote : seccomp disabled by setenforce 0
10-01 23:23:34.876 3490 3490 E nkey.retromusi: Not starting debugger since process cannot load the jdwp agent.
10-01 23:23:34.884 1469 1469 I InputDispatcher: type=1400 audit(0.0:1097): avc: denied { call } for scontext=u:r:system_server:s0 tcontext=u:r:init:s0 tclass=binder permissive=1
10-01 23:23:34.884 540 540 I [email protected]: type=1400 audit(0.0:1098): avc: denied { call } for scontext=u:r:init:s0 tcontext=u:r:init:s0 tclass=binder permissive=1
10-01 23:23:35.019 3490 3490 I MultiDex: VM with version 2.1.0 has multidex support
10-01 23:23:35.019 3490 3490 I MultiDex: Installing application
10-01 23:23:35.019 3490 3490 I MultiDex: VM has multidex support, MultiDex support library is disabled.
10-01 23:23:35.024 1469 1469 V SettingsProvider: Notifying for 0: content://settings/global/multi_sim_data_call
10-01 23:23:35.031 2111 2195 W QCNEJ : |CORE| Phone id invalid or Service State available
10-01 23:23:35.031 2111 2195 I QCNEJ/CndHalConnector: -> SND notifyMobileDataEnabledChanged(false)
10-01 23:23:35.024 2111 2111 I MainEventThread: type=1400 audit(0.0:1099): avc: denied { call } for scontext=u:r:system_app:s0 tcontext=u:r:init:s0 tclass=binder permissive=1
10-01 23:23:35.035 2111 2195 I QCNEJ/CndHalConnector: -> SND notifyWwanSubtypeChanged(13)
10-01 23:23:35.040 2142 2142 D TelephonyProvider: subIdString = 1 subId = 1
10-01 23:23:35.044 2111 2195 W QCNEJ : |CORE| Phone id invalid or Service State available
10-01 23:23:35.044 2111 2195 I QCNEJ/CndHalConnector: -> SND notifyMobileDataEnabledChanged(false)
10-01 23:23:35.048 2111 2195 I QCNEJ/CndHalConnector: -> SND notifyWwanSubtypeChanged(13)
10-01 23:23:35.052 2111 2195 W QCNEJ : |CORE| Phone id invalid or Service State available
10-01 23:23:35.052 2111 2195 I QCNEJ/CndHalConnector: -> SND notifyMobileDataEnabledChanged(false)
10-01 23:23:35.057 2111 2195 I QCNEJ/CndHalConnector: -> SND notifyWwanSubtypeChanged(13)
10-01 23:23:35.061 2162 2232 D OpenGLRenderer: endAllActiveAnimators on 0x77271d2a00 (RippleDrawable) with handle 0x7714ef27e0
10-01 23:23:35.068 2111 2195 I QCNEJ/CndHalConnector: -> SND notifyRatConnectionStatusChanged(rat = 0, DISCONNECTED)
10-01 23:23:35.076 1469 2185 I ActivityManager: START u0 {act=android.intent.action.MAIN cat=[android.intent.category.HOME] flg=0x10000100 cmp=com.google.android.apps.nexuslauncher/.NexusLauncherActivity} from uid 0
10-01 23:23:35.090 2870 2870 W ActivityThread: handleWindowVisibility: no activity for token android.os.BinderProxy@29c3ae7
10-01 23:23:35.095 1469 1726 W System : ClassLoader referenced unknown path:
10-01 23:23:35.111 3510 3510 I Zygote : seccomp disabled by setenforce 0
10-01 23:23:35.112 2142 2142 D TelephonyProvider: subIdString = 1 subId = 1
10-01 23:23:35.112 1469 1588 I ActivityManager: Start proc 3510:com.android.vending/u0a43 for service com.android.vending/com.google.android.finsky.billing.iab.InAppBillingService
10-01 23:23:35.118 2142 2142 D TelephonyProvider: subIdString = 1 subId = 1
10-01 23:23:35.118 2497 2497 D CellBroadcastReceiver: onReceive Intent { act=android.intent.action.BOOT_COMPLETED flg=0x9000010 cmp=com.android.cellbroadcastreceiver/.CellBroadcastReceiver (has extras) }
10-01 23:23:35.118 2497 2497 D CellBroadcastReceiver: Start Cell Broadcast configuration.
10-01 23:23:35.122 3510 3510 E android.vendin: Not starting debugger since process cannot load the jdwp agent.
10-01 23:23:35.126 2497 2497 D CellBroadcastReceiver: Default interval 0 did not change.
10-01 23:23:35.126 2142 2142 D TelephonyProvider: subIdString = 1 subId = 1
10-01 23:23:35.132 2142 2142 D TelephonyProvider: subIdString = 1 subId = 1
10-01 23:23:35.138 2497 3523 D CellBroadcastConfigService: Enable CellBroadcast on sub 1
10-01 23:23:35.141 2142 2142 D TelephonyProvider: subIdString = 1 subId = 1
10-01 23:23:35.144 1469 1602 I EthernetTracker: interfaceLinkStateChanged, iface: rmnet_data2, up: true
10-01 23:23:35.146 2142 2368 D IccSmsInterfaceManager: [IccSmsInterfaceManager] Added GSM cell broadcast subscription for MID range 4370 to 4370 from client com.android.cellbroadcastreceiver
10-01 23:23:35.146 2142 2368 D IccSmsInterfaceManager: [IccSmsInterfaceManager] Calling setCellBroadcastActivation(true)
10-01 23:23:35.148 2142 2142 D TelephonyProvider: subIdString = 1 subId = 1
10-01 23:23:35.154 1469 1588 I ActivityManager: Start proc 3530:com.android.contacts/u0a36 for broadcast com.android.contacts/.interactions.OnBootOrUpgradeReceiver
10-01 23:23:35.155 2142 2142 D TelephonyProvider: subIdString = 1 subId = 1
10-01 23:23:35.160 560 750 D PermissionCache: checking android.permission.READ_FRAME_BUFFER for uid=1000 => granted (1027 us)
10-01 23:23:35.162 3530 3530 I Zygote : seccomp disabled by setenforce 0
10-01 23:23:35.169 3530 3530 E ndroid.contact: Not starting debugger since process cannot load the jdwp agent.
10-01 23:23:35.180 560 750 W SurfaceFlinger: Attempting to set client state on removed layer: com.android.settings/com.android.settings.sim.SimDialogActivity#0
10-01 23:23:35.181 560 750 W SurfaceFlinger: Attempting to destroy on removed layer: com.android.settings/com.android.settings.sim.SimDialogActivity#0
10-01 23:23:35.184 560 750 W SurfaceFlinger: Attempting to set client state on removed layer: Dim Layer for - Task=2#0
10-01 23:23:35.185 560 750 W SurfaceFlinger: Attempting to destroy on removed layer: Dim Layer for - Task=2#0
10-01 23:23:35.191 2142 2142 D TelephonyProvider: subIdString = 1 subId = 1
10-01 23:23:35.201 2142 2142 D TelephonyProvider: subIdString = 1 subId = 1
10-01 23:23:35.219 2802 2894 D OpenGLRenderer: Skia GL Pipeline
10-01 23:23:35.230 2802 2802 V Launcher: LauncherAppState initiated
10-01 23:23:35.272 2142 2368 D IccSmsInterfaceManager: [IccSmsInterfaceManager] Calling setCdmaBroadcastConfig with 1 configurations
10-01 23:23:35.275 2142 2368 D IccSmsInterfaceManager: [IccSmsInterfaceManager] Failed to add cdma broadcast subscription for MID range 4096 to 4096 from client com.android.cellbroadcastreceiver
10-01 23:23:35.282 2142 2368 D IccSmsInterfaceManager: [IccSmsInterfaceManager] Added GSM cell broadcast subscription for MID range 4383 to 4383 from client com.android.cellbroadcastreceiver
10-01 23:23:35.282 2142 2368 D IccSmsInterfaceManager: [IccSmsInterfaceManager] Calling setCellBroadcastActivation(true)
10-01 23:23:35.294 2142 2368 D IccSmsInterfaceManager: [IccSmsInterfaceManager] Failed to remove GSM cell broadcast subscription for MID range 4371 to 4372 from client com.android.cellbroadcastreceiver
10-01 23:23:35.299 2142 2368 D IccSmsInterfaceManager: [IccSmsInterfaceManager] Failed to remove cdma broadcast subscription for MID range 4097 to 4097 from client com.android.cellbroadcastreceiver
10-01 23:23:35.305 2142 2368 D IccSmsInterfaceManager: [IccSmsInterfaceManager] Failed to remove GSM cell broadcast subscription for MID range 4384 to 4385 from client com.android.cellbroadcastreceiver
10-01 23:23:35.313 1907 1923 I ndroid.systemu: NativeAlloc concurrent copying GC freed 120059(6MB) AllocSpace objects, 31(620KB) LOS objects, 72% free, 4MB/16MB, paused 147us total 114.157ms
10-01 23:23:35.316 2142 2368 D IccSmsInterfaceManager: [IccSmsInterfaceManager] Failed to remove GSM cell broadcast subscription for MID range 4373 to 4378 from client com.android.cellbroadcastreceiver
10-01 23:23:35.317 1469 2185 W WallpaperManagerService: Cannot extract colors because wallpaper could not be read.
10-01 23:23:35.319 2870 2870 D Tonal : Tonal Palette - index: 11. Main color: ffffffff
10-01 23:23:35.319 2870 2870 D Tonal : Colors: ff212121, ff292929, ff333333, ff404040, ff595959, ff737373, ff8c8c8c, ffababab, ffc4c4c4, ffdedede, fff7f7f7, ffffffff
10-01 23:23:35.319 2870 2870 W s.nexuslaunche: Accessing hidden method Landroid/app/WallpaperColors;->getColorHints()I (light greylist, linking)
10-01 23:23:35.322 2402 2402 I Dialer : VoicemailModule.provideVoicemailClient - providing VoicemailClientImpl
10-01 23:23:35.323 2142 2368 D IccSmsInterfaceManager: [IccSmsInterfaceManager] Failed to remove cdma broadcast subscription for MID range 4098 to 4098 from client com.android.cellbroadcastreceiver
10-01 23:23:35.324 2402 2402 I Dialer : VvmOmtpService - onBoot
10-01 23:23:35.329 1469 3460 D ActivityManager: Raise procstate to external provider: ProcessRecord{a9af735 2416:android.process.acore/u0a4}
10-01 23:23:35.330 1469 3460 W Binder : Outgoing transactions from this process must be FLAG_ONEWAY
10-01 23:23:35.330 1469 3460 W Binder : java.lang.Throwable
10-01 23:23:35.330 1469 3460 W Binder : at android.os.BinderProxy.transact(Binder.java:1114)
10-01 23:23:35.330 1469 3460 W Binder : at android.content.ContentProviderProxy.getType(ContentProviderNative.java:451)
10-01 23:23:35.330 1469 3460 W Binder : at com.android.server.am.ActivityManagerService.getProviderMimeType(ActivityManagerSer vice.java:12990)
10-01 23:23:35.330 1469 3460 W Binder : at android.app.IActivityManager$Stub.onTransact(IActivityManager.java:1416)
10-01 23:23:35.330 1469 3460 W Binder : at com.android.server.am.ActivityManagerService.onTransact(ActivityManagerService.java :3288)
10-01 23:23:35.330 1469 3460 W Binder : at android.os.Binder.execTransact(Binder.java:731)
10-01 23:23:35.332 2142 2368 D IccSmsInterfaceManager: [IccSmsInterfaceManager] Failed to remove GSM cell broadcast subscription for MID range 4386 to 4391 from client com.android.cellbroadcastreceiver
10-01 23:23:35.347 2142 2368 D IccSmsInterfaceManager: [IccSmsInterfaceManager] Failed to remove GSM cell broadcast subscription for MID range 4379 to 4379 from client com.android.cellbroadcastreceiver
10-01 23:23:35.351 2142 2368 D IccSmsInterfaceManager: [IccSmsInterfaceManager] Failed to remove cdma broadcast subscription for MID range 4099 to 4099 from client com.android.cellbroadcastreceiver
10-01 23:23:35.353 1890 1890 I SystemBroadcastReceiver: Boot has been completed
10-01 23:23:35.353 1890 1890 I SystemBroadcastReceiver: toggleAppIcon() : FLAG_SYSTEM = true
10-01 23:23:35.355 2142 2368 D IccSmsInterfaceManager: [IccSmsInterfaceManager] Failed to remove GSM cell broadcast subscription for MID range 4392 to 4392 from client com.android.cellbroadcastreceiver
10-01 23:23:35.361 1469 3553 I Adreno : QUALCOMM build : 2371bd1, I8ebe47d372
10-01 23:23:35.361 1469 3553 I Adreno : Build Date : 03/12/18
10-01 23:23:35.361 1469 3553 I Adreno : OpenGL ES Shader Compiler Version: EV031.22.00.01
10-01 23:23:35.361 1469 3553 I Adreno : Local Branch :
10-01 23:23:35.361 1469 3553 I Adreno : Remote Branch : quic/gfx-adreno.lnx.1.0.r36-rel
10-01 23:23:35.361 1469 3553 I Adreno : Remote Branch : NONE
10-01 23:23:35.361 1469 3553 I Adreno : Reconstruct Branch : NOTHING
10-01 23:23:35.362 2142 2368 D IccSmsInterfaceManager: [IccSmsInterfaceManager] Failed to remove GSM cell broadcast subscription for MID range 4380 to 4380 from client com.android.cellbroadcastreceiver
10-01 23:23:35.363 1890 1890 I SystemBroadcastReceiver: Killing my process: pid=1890
10-01 23:23:35.363 1890 1890 I Process : Sending signal. PID: 1890 SIG: 9
10-01 23:23:35.365 1469 3553 I Adreno : PFP: 0x005ff087, ME: 0x005ff063
10-01 23:23:35.366 2142 2368 D IccSmsInterfaceManager: [IccSmsInterfaceManager] Failed to remove cdma broadcast subscription for MID range 4100 to 4100 from client com.android.cellbroadcastreceiver
10-01 23:23:35.371 1469 3553 I ConfigStore: android::hardware::configstore::V1_0::ISurfaceFlingerConfigs::hasWideColorDisplay retrieved: 0
10-01 23:23:35.371 1469 3553 I ConfigStore: android::hardware::configstore::V1_0::ISurfaceFlingerConfigs::hasHDRDisplay retrieved: 0
10-01 23:23:35.372 1469 3553 I OpenGLRenderer: Initialized EGL, version 1.4
10-01 23:23:35.372 1469 3553 D OpenGLRenderer: Swap behavior 2
10-01 23:23:35.374 2142 2368 D IccSmsInterfaceManager: [IccSmsInterfaceManager] Failed to remove GSM cell broadcast subscription for MID range 4393 to 4393 from client com.android.cellbroadcastreceiver
10-01 23:23:35.378 2142 2368 D IccSmsInterfaceManager: [IccSmsInterfaceManager] Failed to remove GSM cell broadcast subscription for MID range 4381 to 4381 from client com.android.cellbroadcastreceiver
10-01 23:23:35.382 2142 2368 D IccSmsInterfaceManager: [IccSmsInterfaceManager] Failed to remove GSM cell broadcast subscription for MID range 4394 to 4394 from client com.android.cellbroadcastreceiver
10-01 23:23:35.392 2142 2368 D IccSmsInterfaceManager: [IccSmsInterfaceManager] Failed to remove GSM cell broadcast subscription for MID range 4382 to 4382 from client com.android.cellbroadcastreceiver
10-01 23:23:35.397 2142 2368 D IccSmsInterfaceManager: [IccSmsInterfaceManager] Failed to remove GSM cell broadcast subscription for MID range 4395 to 4395 from client com.android.cellbroadcastreceiver
10-01 23:23:35.400 2870 2870 W s.nexuslaunche: Accessing hidden method Landroid/app/AppGlobals;->getInitialApplication()Landroid/app/Application; (light greylist, linking)
10-01 23:23:35.402 2142 2368 D IccSmsInterfaceManager: [IccSmsInterfaceManager] Added GSM cell broadcast subscription for MID range 4352 to 4354 from client com.android.cellbroadcastreceiver
10-01 23:23:35.402 2142 2368 D IccSmsInterfaceManager: [IccSmsInterfaceManager] Calling setCellBroadcastActivation(true)
10-01 23:23:35.406 2870 2870 W s.nexuslaunche: Accessing hidden method Landroid/os/UserHandle;-><init>(I)V (light greylist, linking)
10-01 23:23:35.406 2870 2870 W s.nexuslaunche: Accessing hidden method Landroid/app/ActivityManager;->getService()Landroid/app/IActivityManager; (light greylist, linking)
10-01 23:23:35.406 2870 2870 W s.nexuslaunche: Accessing hidden method Landroid/app/IActivityManager;->cancelRecentsAnimation(Z)V (light greylist, linking)
10-01 23:23:35.406 2870 2870 W s.nexuslaunche: Accessing hidden method Landroid/app/IActivityManager;->cancelTaskWindowTransition(I)V (light greylist, linking)
10-01 23:23:35.407 2870 2870 W s.nexuslaunche: Accessing hidden method Landroid/app/IActivityManager;->getCurrentUser()Landroid/content/pm/UserInfo; (light greylist, linking)
10-01 23:23:35.407 2870 2870 W s.nexuslaunche: Accessing hidden field Landroid/content/pm/UserInfo;->id:I (light greylist, linking)
10-01 23:23:35.407 2870 2870 W s.nexuslaunche: Accessing hidden method Landroid/os/RemoteException;->rethrowFromSystemServer()Ljava/lang/RuntimeException; (light greylist, linking)
10-01 23:23:35.407 2870 2870 W s.nexuslaunche: Accessing hidden method Landroid/app/IActivityManager;- >getRecentTasks(III)Landroid/content/pm/ParceledListSlice; (light greylist, linking)
10-01 23:23:35.407 2870 2870 W s.nexuslaunche: Accessing hidden method Landroid/app/IActivityManager;->getFilteredTasks(III)Ljava/util/List; (light greylist, linking)
10-01 23:23:35.407 2870 2870 W s.nexuslaunche: Accessing hidden method Landroid/app/IActivityManager;- >getTaskSnapshot(IZ)Landroid/app/ActivityManager$TaskSnapshot; (light greylist, linking)
10-01 23:23:35.407 2870 2870 W s.nexuslaunche: Accessing hidden method Landroid/app/IActivityManager;->getLockTaskModeState()I (light greylist, linking)
10-01 23:23:35.407 2870 2870 W s.nexuslaunche: Accessing hidden method Landroid/os/ServiceManager;->getService(Ljava/lang/String;)Landroid/os/IBinder; (light greylist, linking)
10-01 23:23:35.408 2870 2870 W s.nexuslaunche: Accessing hidden method Lcom/android/internal/app/IVoiceInteractionManagerService$Stub;- >asInterface(Landroid/os/IBinder;)Lcom/android/internal/app/IVoiceInteractionManage rService; (light greylist, linking)
10-01 23:23:35.408 2870 2870 W s.nexuslaunche: Accessing hidden method Lcom/android/internal/app/IVoiceInteractionManagerService;- >showSessionFromSession(Landroid/os/IBinder;Landroid/os/Bundle;I)Z (dark greylist, linking)
10-01 23:23:35.408 2870 2870 W s.nexuslaunche: Accessing hidden method Landroid/app/IActivityManager;->startActivityFromRecents(ILandroid/os/Bundle;)I (light greylist, linking)
10-01 23:23:35.408 2870 2870 W s.nexuslaunche: Accessing hidden method Landroid/app/IActivityManager;- >startRecentsActivity(Landroid/content/Intent;Landroid/app/IAssistDataReceiver;Land roid/view/IRecentsAnimationRunner;)V (light greylist, linking)
10-01 23:23:35.409 2870 2870 W s.nexuslaunche: Accessing hidden method Landroid/app/TaskStackListener;-><init>()V (light greylist, linking)
10-01 23:23:35.410 2142 2368 D IccSmsInterfaceManager: [IccSmsInterfaceManager] Added GSM cell broadcast subscription for MID range 4356 to 4356 from client com.android.cellbroadcastreceiver
10-01 23:23:35.410 2142 2368 D IccSmsInterfaceManager: [IccSmsInterfaceManager] Calling setCellBroadcastActivation(true)
10-01 23:23:35.414 1469 2773 I ActivityManager: Process com.android.inputmethod.latin (pid 1890) has died: fore IMPB
10-01 23:23:35.414 1469 1589 W libprocessgroup: kill(-1890, 9) failed: No such process
10-01 23:23:35.414 1469 1589 I libprocessgroup: Successfully killed process cgroup uid 10111 pid 1890 in 0ms
10-01 23:23:35.414 1469 2773 W ActivityManager: Scheduling restart of crashed service com.android.inputmethod.latin/.LatinIME in 202519ms
10-01 23:23:35.415 518 518 I Zygote : Process 1890 exited due to signal (9)
10-01 23:23:35.420 2142 2368 D IccSmsInterfaceManager: [IccSmsInterfaceManager] Failed to remove GSM cell broadcast subscription for MID range 4355 to 4355 from client com.android.cellbroadcastreceiver
10-01 23:23:35.424 2870 3560 W s.nexuslaunche: Accessing hidden method Landroid/app/ActivityManager;->getMaxRecentTasksStatic()I (light greylist, linking)
10-01 23:23:35.440 3562 3562 I Zygote : seccomp disabled by setenforce 0
10-01 23:23:35.441 1469 1588 I ActivityManager: Start proc 3562:com.android.managedprovisioning/u0a28 for broadcast com.android.managedprovisioning/.preprovisioning.BootReminder
10-01 23:23:35.445 3562 3562 E gedprovisionin: Not starting debugger since process cannot load the jdwp agent.
10-01 23:23:35.458 1253 1841 E Diag_Lib: [IMS_FATAL]| 1841 | ims_qmi_register_client : Failed
10-01 23:23:35.511 1469 3454 D ConnectivityService: registerNetworkAgent NetworkAgentInfo{ ni{[type: MOBILE[LTE], state: CONNECTED/CONNECTED, reason: connected, extra: internet, failover: false, available: true, roaming: false]} network{101} nethandle{437197393933} lp{{InterfaceName: rmnet_data2 LinkAddresses: [10.180.183.81/30,] Routes: [0.0.0.0/0 -> 10.180.183.82 rmnet_data2,10.180.183.80/30 -> 0.0.0.0 rmnet_data2,] DnsAddresses: [62.109.121.17,62.109.121.18,] UsePrivateDns: false PrivateDnsServerName: null Domains: null MTU: 1500 TcpBufferSizes: 2097152,4194304,8388608,262144,524288,1048576}} nc{[ Transports: CELLULAR Capabilities: MMS&SUPL&INTERNET&NOT_RESTRICTED&TRUSTED&NOT_VPN&NOT_ROAMING&FOREGROUND&NOT_CONGEST ED&NOT_SUSPENDED Unwanted: LinkUpBandwidth>=51200Kbps LinkDnBandwidth>=102400Kbps Specifier: <1>]} Score{10} everValidated{false} lastValidated{false} created{false} lingering{false} explicitlySelected{false} acceptUnvalidated{false} everCaptivePortalDetected{false} lastCaptivePortalDetected{false} clat{null} }
10-01 23:23:35.512 1469 1788 D ConnectivityService: NetworkAgentInfo [MOBILE (LTE) - 101] EVENT_NETWORK_INFO_CHANGED, going from null to CONNECTED
10-01 23:23:35.458 1253 1841 E Diag_Lib: [IMS_FATAL]| 1841 | ims_qmi_register_client : Failed
10-01 23:23:35.512 517 748 D TcpSocketMonitor: resuming tcpinfo polling (interval=30000ms)
10-01 23:23:35.513 1469 1788 W DnsManager: updatePrivateDns(101, PrivateDnsConfig{true:/[]})
10-01 23:23:35.513 1469 1788 D ConnectivityService: Setting DNS servers for network 101 to [/62.109.121.17, /62.109.121.18]
10-01 23:23:35.514 1469 1788 D DnsManager: setDnsConfigurationForNetwork(101, [62.109.121.17, 62.109.121.18], [], [1800, 25, 8, 64], , [62.109.121.17, 62.109.121.18])
10-01 23:23:35.515 1469 1788 D ConnectivityService: Adding iface rmnet_data2 to network 101
10-01 23:23:35.525 1469 1788 D ConnectivityService: Setting DNS servers for network 101 to [/62.109.121.17, /62.109.121.18]
10-01 23:23:35.525 1469 1788 D DnsManager: setDnsConfigurationForNetwork(101, [62.109.121.17, 62.109.121.18], [], [1800, 25, 8, 64], , [62.109.121.17, 62.109.121.18])
10-01 23:23:35.537 2111 2195 I QCNEJ/CndHalConnector: -> SND notifyRatConnectionStatusChanged(rat = 0, CONNECTED)
10-01 23:23:35.576 3588 3588 I Zygote : seccomp disabled by setenforce 0
10-01 23:23:35.579 1469 1588 I ActivityManager: Start proc 3588:com.android.messaging/u0a79 for broadcast com.android.messaging/.receiver.BootAndPackageReplacedReceiver
10-01 23:23:35.587 3588 3588 E droid.messagin: Not starting debugger since process cannot load the jdwp agent.
10-01 23:23:35.618 1469 3584 D NetworkMonitor/NetworkAgentInfo [MOBILE (LTE) - 101]: PROBE_DNS connectivitycheck.gstatic.com 65ms OK 216.58.214.35
10-01 23:23:35.630 1469 3583 D NetworkMonitor/NetworkAgentInfo [MOBILE (LTE) - 101]: PROBE_DNS www.google.com 75ms OK 216.58.209.68
10-01 23:23:35.660 711 711 I MSM-irqbalance: Discovered a new IRQ: 174
10-01 23:23:35.661 711 711 I MSM-irqbalance: Discovered a new IRQ: 191
10-01 23:23:35.738 1469 3584 D NetworkMonitor/NetworkAgentInfo [MOBILE (LTE) - 101]: PROBE_HTTP http://connectivitycheck.gstatic.com/generate_204 time=118ms ret=204 request={User-Agent=[Mozilla/5.0 (X11; Linux x86_64) AppleWebKit/537.36 (KHTML, like Gecko) Chrome/60.0.3112.32 Safari/537.36]} headers={null=[HTTP/1.1 204 No Content], Content-Length=[0], Date=[Mon, 01 Oct 2018 21:23:36 GMT], X-Android- Received-Millis=[1538429015737], X-Android-Response-Source=[NETWORK 204], X- Android-Selected-Protocol=[http/1.1], X-Android-Sent-Millis=[1538429015680]}
10-01 23:23:35.837 3510 3605 I Finsky : [41] com.google.android.finsky.dv.a.j.a(5): Started reading experiment flags from file [SKocQA9EQQFTb-1gQsc5WsjVhGA].
10-01 23:23:35.840 3510 3605 I Finsky : [41] com.google.android.finsky.dv.a.j.a(16): Finished reading experiment flags from file [SKocQA9EQQFTb-1gQsc5WsjVhGA].
10-01 23:23:35.851 2969 3046 I GsaConfigFlagsSyncer: Flags already sync'ed.
10-01 23:23:35.855 2969 3046 W DynamiteModule: Local module descriptor class for com.google.android.gms.googlecertificates not found.
10-01 23:23:35.864 3510 3605 I Finsky : [41] com.google.android.finsky.dv.a.j.a(5): Started reading experiment flags from file [cEbOvziTpz5veLdmwosiUjQLeXs].
10-01 23:23:35.866 3510 3605 I Finsky : [41] com.google.android.finsky.dv.a.j.a(16): Finished reading experiment flags from file [cEbOvziTpz5veLdmwosiUjQLeXs].
10-01 23:23:35.870 3510 3605 I Finsky : [41] com.google.android.finsky.dv.a.j.a(5): Started reading experiment flags from file [aFiR45gL6ydqQzz6OyBpEmvi0L8].
