10-01 23:23:26.414 592 1004 E QC-time-services: Receive Passed == base = 13, unit = 1, operation = 0, result = 0
10-01 23:23:26.414 572 627 E QC-time-services: Daemon: Time-services: Waiting to acceptconnection
10-01 23:23:26.417 1469 1799 D AlarmManagerService: Kernel timezone updated to -120 minutes west of GMT
10-01 23:23:26.418 2162 2162 W ContextImpl: Calling a method in the system process without a qualified user: android.app.ContextImpl.startActivity:887 android.content.ContextWrapper.startActivity:379 android.content.ContextWrapper.startActivity:379 com.android.settings.sim.SimSelectNotification.onReceive:112 android.app.ActivityThread.handleReceiver:3379
10-01 23:23:26.418 2162 2162 W ContextImpl: Calling a method in the system process without a qualified user: android.app.ContextImpl.startActivity:899 android.app.ContextImpl.startActivity:888 android.content.ContextWrapper.startActivity:379 android.content.ContextWrapper.startActivity:379 com.android.settings.sim.SimSelectNotification.onReceive:112
10-01 23:23:26.419 2402 2402 I Dialer : LegacyVoicemailNotificationReceiver.onReceive - received legacy voicemail notification
10-01 23:23:26.419 1469 2390 I ActivityManager: START u0 {flg=0x10000000 cmp=com.android.settings/.sim.SimDialogActivity (has extras)} from uid 1000
10-01 23:23:26.422 2402 2402 I Dialer : LegacyVoicemailNotificationReceiver.onReceive - isRefresh: false
10-01 23:23:26.424 1469 1799 D AlarmManagerService: Setting time of day to sec=1538429007
10-01 23:23:27.005 2402 2402 I Dialer : LegacyVoicemailNotificationReceiver.onReceive - clearing notification
10-01 23:23:27.005 2402 2402 I Dialer : LegacyVoicemailNotifier.cancelNotification - enter
10-01 23:23:27.005 1469 1799 W AlarmManagerService: Unable to set rtc to 1538429007: Invalid argument
10-01 23:23:27.015 2402 2402 I Dialer : LegacyVoicemailNotificationReceiver.onReceive - received legacy voicemail notification
10-01 23:23:27.016 2402 2402 I Dialer : LegacyVoicemailNotificationReceiver.onReceive - isRefresh: true
10-01 23:23:27.016 2402 2402 I Dialer : LegacyVoicemailNotificationReceiver.onReceive - clearing notification
10-01 23:23:27.016 2402 2402 I Dialer : LegacyVoicemailNotifier.cancelNotification - enter
10-01 23:23:27.020 2402 2402 I Dialer : LegacyVoicemailNotificationReceiver.onReceive - received legacy voicemail notification
10-01 23:23:27.020 2402 2402 I Dialer : LegacyVoicemailNotificationReceiver.onReceive - isRefresh: true
10-01 23:23:27.020 2402 2402 I Dialer : LegacyVoicemailNotificationReceiver.onReceive - clearing notification
10-01 23:23:27.020 2402 2402 I Dialer : LegacyVoicemailNotifier.cancelNotification - enter
10-01 23:23:27.023 1469 1469 D DevicePolicyManager: updateSystemUpdateFreezePeriodsRecord
10-01 23:23:27.023 1469 1469 W SyncManager: Clock is valid now.
10-01 23:23:27.023 1469 1469 D ConditionProviders.SCP: onReceive android.intent.action.TIME_SET
10-01 23:23:27.025 1469 1469 D ConditionProviders.SCP: evaluateSubscriptionLocked cal=ScheduleCalendar[mDays={1, 2, 3, 4, 5, 6, 7}, mSchedule=ScheduleInfo{days=[1, 2, 3, 4, 5, 6, 7], startHour=22, startMinute=0, endHour=7, endMinute=0, exitAtAlarm=true, nextAlarm=Thu Jan 01 01:00:00 GMT+01:00 1970 (0)}], now=Mon Oct 01 23:23:27 GMT+02:00 2018 (1538429007023), nextUserAlarmTime=Thu Jan 01 01:00:00 GMT+01:00 1970 (0)
10-01 23:23:27.025 1469 1469 D ConditionProviders.SCP: notifyCondition condition://android/schedule?days=1.2.3.4.5.6.7&start=22.0&end=7.0&exitAtAlarm=true STATE_TRUE reason=meetsSchedule
10-01 23:23:27.026 1469 1469 D ConditionProviders.SCP: Scheduling evaluate for Tue Oct 02 07:00:00 GMT+02:00 2018 (1538456400000), in +7h36m32s977ms, now=Mon Oct 01 23:23:27 GMT+02:00 2018 (1538429007023)
10-01 23:23:27.027 1907 1907 W System : ClassLoader referenced unknown path:
10-01 23:23:27.014 1907 1907 I ndroid.systemui: type=1400 audit(0.0:860): avc: denied { getattr } for path="/data/user_de/0/com.android.settings" dev="mmcblk0p49" ino=114777 scontext=u:r:platform_app:s0:c512,c768 tcontext=u:object_r:system_app_data_file:s0 tclass=dir permissive=1
10-01 23:23:27.030 1469 2021 D AlarmManagerService: Kernel timezone updated to -120 minutes west of GMT
10-01 23:23:27.037 2142 2142 D ServiceStateProvider: subId=1
10-01 23:23:27.038 2474 2474 I gle.android.gm: The ClassLoaderContext is a special shared library.
10-01 23:23:27.043 2142 2142 I VvmSimStateTracker: android.intent.action.SIM_STATE_CHANGED
10-01 23:23:27.053 2111 2195 I QCNEJ/CndHalConnector: -> SND notifyRatConnectionStatusChanged(rat = 0, DISCONNECTED)
10-01 23:23:27.078 2474 2474 W GmsApplication: Failed to invoke the SupplierSetterRegistry.
10-01 23:23:27.079 2142 2142 D TelephonyProvider: subIdString = 1 subId = 1
10-01 23:23:27.085 2142 2142 D TelephonyProvider: subIdString = 1 subId = 1
10-01 23:23:27.088 2162 2162 D SimSelectNotification: simstatus = LOADED
10-01 23:23:27.092 2142 2142 D TelephonyProvider: subIdString = 1 subId = 1
10-01 23:23:27.103 2162 2162 W ContextImpl: Calling a method in the system process without a qualified user: android.app.ContextImpl.startActivity:887 android.content.ContextWrapper.startActivity:379 android.content.ContextWrapper.startActivity:379 com.android.settings.sim.SimSelectNotification.onReceive:112 android.app.ActivityThread.handleReceiver:3379
10-01 23:23:27.104 2162 2162 W ContextImpl: Calling a method in the system process without a qualified user: android.app.ContextImpl.startActivity:899 android.app.ContextImpl.startActivity:888 android.content.ContextWrapper.startActivity:379 android.content.ContextWrapper.startActivity:379 com.android.settings.sim.SimSelectNotification.onReceive:112
10-01 23:23:27.105 1469 2185 I ActivityManager: START u0 {flg=0x10000000 cmp=com.android.settings/.sim.SimDialogActivity (has extras)} from uid 1000
10-01 23:23:27.119 2142 2142 I chatty : uid=1001(radio) com.android.phone identical 4 lines
10-01 23:23:27.124 2142 2142 D TelephonyProvider: subIdString = 1 subId = 1
10-01 23:23:27.125 2474 2474 V NativeCrypto: Registering com/google/android/gms/org/conscrypt/NativeCrypto's 287 native methods...
10-01 23:23:27.128 2162 2162 W StaticLayout: maxLineHeight should not be -1. maxLines:2 lineCount:2
10-01 23:23:27.128 2162 2162 I chatty : uid=1000(system) com.android.settings identical 2 lines
10-01 23:23:27.128 2162 2162 W StaticLayout: maxLineHeight should not be -1. maxLines:2 lineCount:2
10-01 23:23:27.132 2497 2497 I Zygote : seccomp disabled by setenforce 0
10-01 23:23:27.132 2162 2162 W StaticLayout: maxLineHeight should not be -1. maxLines:2 lineCount:2
10-01 23:23:27.135 1469 1588 I ActivityManager: Start proc 2497:com.android.cellbroadcastreceiver/u0a24 for broadcast com.android.cellbroadcastreceiver/.CellBroadcastReceiver
10-01 23:23:27.132 2162 2162 W StaticLayout: maxLineHeight should not be -1. maxLines:2 lineCount:2
10-01 23:23:27.137 2497 2497 E oadcastreceive: Not starting debugger since process cannot load the jdwp agent.
10-01 23:23:27.124 1907 1907 I RenderThread: type=1400 audit(0.0:861): avc: denied { ioctl } for path="/dev/kgsl-3d0" dev="tmpfs" ino=4527 ioctlcmd=94a scontext=u:r:platform_app:s0:c512,c768 tcontext=u:object_r:device:s0 tclass=chr_file permissive=1
10-01 23:23:27.144 2474 2474 D NetworkSecurityConfig: Using Network Security Config from resource network_security_config debugBuild: false
10-01 23:23:27.147 2474 2474 I ProviderInstaller: Installed default security provider GmsCore_OpenSSL
10-01 23:23:27.156 1469 1604 W WindowManager: App freeze timeout expired.
10-01 23:23:27.179 1469 1511 I ActivityManager: Activity reported stop, but no longer stopping: ActivityRecord{c35b4ed u0 com.android.settings/.sim.SimDialogActivity t2}
10-01 23:23:27.174 1907 1907 I RenderThread: type=1400 audit(0.0:862): avc: denied { read write } for path="/dev/kgsl-3d0" dev="tmpfs" ino=4527 scontext=u:r:platform_app:s0:c512,c768 tcontext=u:object_r:device:s0 tclass=chr_file permissive=1
10-01 23:23:27.203 2474 2474 E GservicesValue: Gservices key not whitelisted for directboot access: gms:wh:enable_westinghouse_support
10-01 23:23:27.204 2474 2474 E WhAwareWrappers: Couldn't initialize instant apps metadata client! Disabling instant apps.
10-01 23:23:27.235 2474 2474 W Primes : Primes not initialized, returning default (no-op) Primes instance which will ignore all calls. Please call Primes.initialize(...) before using any Primes API.
10-01 23:23:27.308 2497 2497 D CellBroadcastReceiver: onReceive Intent { act=android.telephony.action.CARRIER_CONFIG_CHANGED flg=0x5000010 cmp=com.android.cellbroadcastreceiver/.CellBroadcastReceiver (has extras) }
10-01 23:23:27.311 2497 2497 D CellBroadcastReceiver: Start Cell Broadcast configuration.
10-01 23:23:27.317 2497 2497 D CellBroadcastReceiver: Default interval 0 did not change.
10-01 23:23:27.318 2142 2142 D OtaspSimStateReceiver: Received intent: android.telephony.action.CARRIER_CONFIG_CHANGED
10-01 23:23:27.320 2142 2142 D OtaspSimStateReceiver: otasp activation not needed: no supported carrier
10-01 23:23:27.320 2497 2521 D CellBroadcastConfigService: Enable CellBroadcast on sub 1
10-01 23:23:27.321 2142 2142 I VvmSimStateTracker: android.telephony.action.CARRIER_CONFIG_CHANGED
10-01 23:23:27.325 2142 2160 D IccSmsInterfaceManager: [IccSmsInterfaceManager] Calling setGsmBroadcastConfig with 1 configurations
10-01 23:23:27.335 2523 2523 I Zygote : seccomp disabled by setenforce 0
10-01 23:23:27.335 1469 1588 I ActivityManager: Start proc 2523:com.google.android.apps.wellbeing/u0a10 for broadcast com.google.android.apps.wellbeing/.winddown.impl.WindDownTimeChangedBroadcastReceiv er_Receiver
10-01 23:23:27.340 2523 2523 E .apps.wellbein: Not starting debugger since process cannot load the jdwp agent.
10-01 23:23:27.400 2142 2160 D IccSmsInterfaceManager: [IccSmsInterfaceManager] Added GSM cell broadcast subscription for MID range 4370 to 4370 from client com.android.cellbroadcastreceiver
10-01 23:23:27.400 2142 2160 D IccSmsInterfaceManager: [IccSmsInterfaceManager] Calling setCellBroadcastActivation(true)
10-01 23:23:27.405 2142 2160 D IccSmsInterfaceManager: [IccSmsInterfaceManager] Calling setCdmaBroadcastConfig with 1 configurations
10-01 23:23:27.407 2142 2160 D IccSmsInterfaceManager: [IccSmsInterfaceManager] Failed to add cdma broadcast subscription for MID range 4096 to 4096 from client com.android.cellbroadcastreceiver
10-01 23:23:27.409 2142 2160 D IccSmsInterfaceManager: [IccSmsInterfaceManager] Calling setGsmBroadcastConfig with 2 configurations
10-01 23:23:27.435 527 1057 D audio_hw_primary: adev_set_parameters: enter: A2dpSuspended=false
10-01 23:23:27.435 527 1057 D audio_hw_extn: audio_extn_set_anc_parameters: anc_enabled:0
10-01 23:23:27.436 1469 1797 I AudioService: setBluetoothScoOnInt: false resetBluetoothSco
10-01 23:23:27.436 2523 2523 I MultiDex: VM with version 2.1.0 has multidex support
10-01 23:23:27.436 2523 2523 I MultiDex: install
10-01 23:23:27.436 2523 2523 I MultiDex: VM has multidex support, MultiDex support library is disabled.
10-01 23:23:27.436 527 1057 D audio_hw_primary: adev_set_parameters: enter: BT_SCO=off
10-01 23:23:27.436 527 1057 D audio_hw_extn: audio_extn_set_anc_parameters: anc_enabled:0
10-01 23:23:27.460 2142 2160 D IccSmsInterfaceManager: [IccSmsInterfaceManager] Added GSM cell broadcast subscription for MID range 4383 to 4383 from client com.android.cellbroadcastreceiver
10-01 23:23:27.460 2142 2160 D IccSmsInterfaceManager: [IccSmsInterfaceManager] Calling setCellBroadcastActivation(true)
10-01 23:23:27.464 2142 2160 D IccSmsInterfaceManager: [IccSmsInterfaceManager] Failed to remove GSM cell broadcast subscription for MID range 4371 to 4372 from client com.android.cellbroadcastreceiver
10-01 23:23:27.466 2142 2160 D IccSmsInterfaceManager: [IccSmsInterfaceManager] Failed to remove cdma broadcast subscription for MID range 4097 to 4097 from client com.android.cellbroadcastreceiver
10-01 23:23:27.468 2142 2160 D IccSmsInterfaceManager: [IccSmsInterfaceManager] Failed to remove GSM cell broadcast subscription for MID range 4384 to 4385 from client com.android.cellbroadcastreceiver
10-01 23:23:27.471 2142 2160 D IccSmsInterfaceManager: [IccSmsInterfaceManager] Failed to remove GSM cell broadcast subscription for MID range 4373 to 4378 from client com.android.cellbroadcastreceiver
10-01 23:23:27.473 2142 2160 D IccSmsInterfaceManager: [IccSmsInterfaceManager] Failed to remove cdma broadcast subscription for MID range 4098 to 4098 from client com.android.cellbroadcastreceiver
10-01 23:23:27.475 2142 2160 D IccSmsInterfaceManager: [IccSmsInterfaceManager] Failed to remove GSM cell broadcast subscription for MID range 4386 to 4391 from client com.android.cellbroadcastreceiver
10-01 23:23:27.477 2142 2160 D IccSmsInterfaceManager: [IccSmsInterfaceManager] Failed to remove GSM cell broadcast subscription for MID range 4379 to 4379 from client com.android.cellbroadcastreceiver
10-01 23:23:27.478 2142 2160 D IccSmsInterfaceManager: [IccSmsInterfaceManager] Failed to remove cdma broadcast subscription for MID range 4099 to 4099 from client com.android.cellbroadcastreceiver
10-01 23:23:27.480 2142 2160 D IccSmsInterfaceManager: [IccSmsInterfaceManager] Failed to remove GSM cell broadcast subscription for MID range 4392 to 4392 from client com.android.cellbroadcastreceiver
10-01 23:23:27.483 2142 2160 D IccSmsInterfaceManager: [IccSmsInterfaceManager] Failed to remove GSM cell broadcast subscription for MID range 4380 to 4380 from client com.android.cellbroadcastreceiver
10-01 23:23:27.488 2142 2160 D IccSmsInterfaceManager: [IccSmsInterfaceManager] Failed to remove cdma broadcast subscription for MID range 4100 to 4100 from client com.android.cellbroadcastreceiver
10-01 23:23:27.490 2142 2160 D IccSmsInterfaceManager: [IccSmsInterfaceManager] Failed to remove GSM cell broadcast subscription for MID range 4393 to 4393 from client com.android.cellbroadcastreceiver
10-01 23:23:27.492 2142 2160 D IccSmsInterfaceManager: [IccSmsInterfaceManager] Failed to remove GSM cell broadcast subscription for MID range 4381 to 4381 from client com.android.cellbroadcastreceiver
10-01 23:23:27.494 2142 2160 D IccSmsInterfaceManager: [IccSmsInterfaceManager] Failed to remove GSM cell broadcast subscription for MID range 4394 to 4394 from client com.android.cellbroadcastreceiver
10-01 23:23:27.496 2142 2160 D IccSmsInterfaceManager: [IccSmsInterfaceManager] Failed to remove GSM cell broadcast subscription for MID range 4382 to 4382 from client com.android.cellbroadcastreceiver
10-01 23:23:27.497 2523 2523 I dxw : SslGuard completed installation.
10-01 23:23:27.499 2142 2160 D IccSmsInterfaceManager: [IccSmsInterfaceManager] Failed to remove GSM cell broadcast subscription for MID range 4395 to 4395 from client com.android.cellbroadcastreceiver
10-01 23:23:27.501 2142 2160 D IccSmsInterfaceManager: [IccSmsInterfaceManager] Calling setGsmBroadcastConfig with 3 configurations
10-01 23:23:27.503 1873 1947 E bt_hci : command_timed_out: 1 commands pending response
10-01 23:23:27.503 1873 1947 E bt_hci : command_timed_out: Waited 2000 ms for a response to opcode: 0xc03 *matches timer*
10-01 23:23:27.503 1873 1947 E bt_hci : command_timed_out: Size 3 Hex 03 0c 00
10-01 23:23:27.503 1873 1947 E bt_hci : command_timed_out: requesting a firmware dump.
10-01 23:23:27.504 1873 1947 E bt_hci : command_timed_out: Setting a timer to restart.
10-01 23:23:27.530 2523 2523 W PrimesInit: Primes instant initialization
10-01 23:23:27.531 2523 2544 W Primes : background initialization
10-01 23:23:27.538 1469 2021 W ActivityManager: Unable to start service Intent { act=com.google.android.gms.phenotype.service.START pkg=com.google.android.gms } U=0: not found
10-01 23:23:27.539 1469 2185 W ActivityManager: Unbind failed: could not find connection for android.os.BinderProxy@ebcbefc
10-01 23:23:27.540 2523 2543 E GmsClient: unable to connect to service: com.google.android.gms.phenotype.service.START on com.google.android.gms
10-01 23:23:27.541 2523 2544 W Primes : Primes failed to initialized in the background
10-01 23:23:27.541 2523 2544 W Primes : java.lang.IllegalStateException: SharedPreferences in credential encrypted storage are not available until after user is unlocked
10-01 23:23:27.541 2523 2544 W Primes : at android.app.ContextImpl.getSharedPreferences(ContextImpl.java:419)
10-01 23:23:27.541 2523 2544 W Primes : at android.app.ContextImpl.getSharedPreferences(ContextImpl.java:404)
10-01 23:23:27.541 2523 2544 W Primes : at android.content.ContextWrapper.getSharedPreferences(ContextWrapper.java:174)
10-01 23:23:27.541 2523 2544 W Primes : at dmf.a(PG:4)
10-01 23:23:27.541 2523 2544 W Primes : at dlx.a(PG:51)
10-01 23:23:27.541 2523 2544 W Primes : at dlz.run(PG:3)
10-01 23:23:27.541 2523 2544 W Primes : at java.util.concurrent.Executors$RunnableAdapter.call(Executors.java:458)
10-01 23:23:27.541 2523 2544 W Primes : at java.util.concurrent.FutureTask.run(FutureTask.java:266)
10-01 23:23:27.541 2523 2544 W Primes : at java.util.concurrent.ThreadPoolExecutor.runWorker(ThreadPoolExecutor.java:1167)
10-01 23:23:27.541 2523 2544 W Primes : at java.util.concurrent.ThreadPoolExecutor$Worker.run(ThreadPoolExecutor.java:641)
10-01 23:23:27.541 2523 2544 W Primes : at dmu.run(PG:5)
10-01 23:23:27.541 2523 2544 W Primes : at java.lang.Thread.run(Thread.java:764)
10-01 23:23:27.563 2142 2160 D IccSmsInterfaceManager: [IccSmsInterfaceManager] Added GSM cell broadcast subscription for MID range 4352 to 4354 from client com.android.cellbroadcastreceiver
10-01 23:23:27.563 2142 2160 D IccSmsInterfaceManager: [IccSmsInterfaceManager] Calling setCellBroadcastActivation(true)
10-01 23:23:27.565 2523 2547 E MendelPackageState: Failed to commit to config
10-01 23:23:27.565 2523 2547 E MendelPackageState: agc: byl{statusCode=API_UNAVAILABLE, resolution=null, message=null}
10-01 23:23:27.565 2523 2547 E MendelPackageState: at ekm.a(Unknown Source:3)
10-01 23:23:27.565 2523 2547 E MendelPackageState: at dem.a(PG:2)
10-01 23:23:27.565 2523 2547 E MendelPackageState: at ccb.a(PG:226)
10-01 23:23:27.565 2523 2547 E MendelPackageState: at cbp.b(PG:118)
10-01 23:23:27.565 2523 2547 E MendelPackageState: at cbp.d(PG:52)
10-01 23:23:27.565 2523 2547 E MendelPackageState: at cbr.a(PG:14)
10-01 23:23:27.565 2523 2547 E MendelPackageState: at ceh.a(PG:3)
10-01 23:23:27.565 2523 2547 E MendelPackageState: at cdz.a(PG:11)
10-01 23:23:27.565 2523 2547 E MendelPackageState: at cec.handleMessage(PG:57)
10-01 23:23:27.565 2523 2547 E MendelPackageState: at android.os.Handler.dispatchMessage(Handler.java:106)
10-01 23:23:27.565 2523 2547 E MendelPackageState: at android.os.Looper.loop(Looper.java:193)
10-01 23:23:27.565 2523 2547 E MendelPackageState: at android.app.ActivityThread.main(ActivityThread.java:6669)
10-01 23:23:27.565 2523 2547 E MendelPackageState: at java.lang.reflect.Method.invoke(Native Method)
10-01 23:23:27.565 2523 2547 E MendelPackageState: at com.android.internal.os.RuntimeInit$MethodAndArgsCaller.run(RuntimeInit.java:495)
10-01 23:23:27.565 2523 2547 E MendelPackageState: at com.android.internal.os.ZygoteInit.main(ZygoteInit.java:858)
10-01 23:23:27.570 2142 2160 D IccSmsInterfaceManager: [IccSmsInterfaceManager] Calling setGsmBroadcastConfig with 4 configurations
10-01 23:23:27.608 2351 2363 I DynamiteModule: Considering local module com.google.android.gms.googlecertificates:4 and remote module com.google.android.gms.googlecertificates:4
10-01 23:23:27.608 2351 2363 I DynamiteModule: Selected local version of com.google.android.gms.googlecertificates
10-01 23:23:27.614 2523 2551 W DndManagerImpl: Notification policy access denied when removing rule
10-01 23:23:27.641 2560 2560 I Zygote : seccomp disabled by setenforce 0
10-01 23:23:27.642 1469 1588 I ActivityManager: Start proc 2560:com.google.android.deskclock/u0a70 for broadcast com.google.android.deskclock/com.android.deskclock.AlarmInitReceiver
10-01 23:23:27.634 1010 1010 I BootAnimation: type=1400 audit(0.0:863): avc: denied { ioctl } for path="/dev/kgsl-3d0" dev="tmpfs" ino=4527 ioctlcmd=94a scontext=u:r:bootanim:s0 tcontext=u:object_r:device:s0 tclass=chr_file permissive=1
10-01 23:23:27.647 2560 2560 E droid.deskcloc: Not starting debugger since process cannot load the jdwp agent.
10-01 23:23:27.658 2142 2160 D IccSmsInterfaceManager: [IccSmsInterfaceManager] Added GSM cell broadcast subscription for MID range 4356 to 4356 from client com.android.cellbroadcastreceiver
10-01 23:23:27.658 2142 2160 D IccSmsInterfaceManager: [IccSmsInterfaceManager] Calling setCellBroadcastActivation(true)
10-01 23:23:27.654 740 740 I imsdatadaemon: type=1400 audit(0.0:864): avc: denied { read } for scontext=u:r:init:s0 tcontext=u:r:init:s0 tclass=socket permissive=1
10-01 23:23:27.654 740 740 I imsdatadaemon: type=1400 audit(0.0:865): avc: denied { write } for scontext=u:r:init:s0 tcontext=u:r:init:s0 tclass=socket permissive=1
10-01 23:23:27.654 1010 1010 I BootAnimation: type=1400 audit(0.0:866): avc: denied { read write } for path="/dev/kgsl-3d0" dev="tmpfs" ino=4527 scontext=u:r:bootanim:s0 tcontext=u:object_r:device:s0 tclass=chr_file permissive=1
10-01 23:23:27.665 2142 2160 D IccSmsInterfaceManager: [IccSmsInterfaceManager] Failed to remove GSM cell broadcast subscription for MID range 4355 to 4355 from client com.android.cellbroadcastreceiver
10-01 23:23:27.695 1469 1602 I EthernetTracker: interfaceLinkStateChanged, iface: rmnet_data1, up: true
10-01 23:23:27.709 2523 2523 E ClientLoggingReceiver: Logging to Clearcut failed.
10-01 23:23:27.709 2523 2523 E ClientLoggingReceiver: agc: Status{statusCode=Log dropped in direct boot mode, resolution=null}
10-01 23:23:27.709 2523 2523 E ClientLoggingReceiver: at eko.a(Unknown Source:6)
10-01 23:23:27.709 2523 2523 E ClientLoggingReceiver: at deo.a(PG:4)
10-01 23:23:27.709 2523 2523 E ClientLoggingReceiver: at caz.handleMessage(PG:7)
10-01 23:23:27.709 2523 2523 E ClientLoggingReceiver: at android.os.Handler.dispatchMessage(Handler.java:106)
10-01 23:23:27.709 2523 2523 E ClientLoggingReceiver: at android.os.Looper.loop(Looper.java:193)
10-01 23:23:27.709 2523 2523 E ClientLoggingReceiver: at android.app.ActivityThread.main(ActivityThread.java:6669)
10-01 23:23:27.709 2523 2523 E ClientLoggingReceiver: at java.lang.reflect.Method.invoke(Native Method)
10-01 23:23:27.709 2523 2523 E ClientLoggingReceiver: at com.android.internal.os.RuntimeInit$MethodAndArgsCaller.run(RuntimeInit.java:495)
10-01 23:23:27.709 2523 2523 E ClientLoggingReceiver: at com.android.internal.os.ZygoteInit.main(ZygoteInit.java:858)
10-01 23:23:27.721 2560 2560 E LoadedApk: Unable to instantiate appComponentFactory
10-01 23:23:27.721 2560 2560 E LoadedApk: java.lang.ClassNotFoundException: Didn't find class "android.support.v4.app.CoreComponentFactory" on path: DexPathList[[zip file "/system/framework/org.apache.http.legacy.boot.jar", zip file "/system/app/PrebuiltDeskClockGoogle/PrebuiltDeskClockGoogle.apk"],nativeLibraryDir ectories=[/system/app/PrebuiltDeskClockGoogle/lib/arm64, /system/lib64, /vendor/lib64, /system/lib64, /vendor/lib64]]
10-01 23:23:27.721 2560 2560 E LoadedApk: at dalvik.system.BaseDexClassLoader.findClass(BaseDexClassLoader.java:134)
10-01 23:23:27.721 2560 2560 E LoadedApk: at java.lang.ClassLoader.loadClass(ClassLoader.java:379)
10-01 23:23:27.721 2560 2560 E LoadedApk: at java.lang.ClassLoader.loadClass(ClassLoader.java:312)
10-01 23:23:27.721 2560 2560 E LoadedApk: at android.app.LoadedApk.createAppFactory(LoadedApk.java:226)
10-01 23:23:27.721 2560 2560 E LoadedApk: at android.app.LoadedApk.createOrUpdateClassLoaderLocked(LoadedApk.java:731)
10-01 23:23:27.721 2560 2560 E LoadedApk: at android.app.LoadedApk.getClassLoader(LoadedApk.java:810)
10-01 23:23:27.721 2560 2560 E LoadedApk: at android.app.LoadedApk.getResources(LoadedApk.java:1032)
10-01 23:23:27.721 2560 2560 E LoadedApk: at android.app.ContextImpl.createAppContext(ContextImpl.java:2345)
10-01 23:23:27.721 2560 2560 E LoadedApk: at android.app.ActivityThread.handleBindApplication(ActivityThread.java:5749)
10-01 23:23:27.721 2560 2560 E LoadedApk: at android.app.ActivityThread.access$1100(ActivityThread.java:199)
10-01 23:23:27.721 2560 2560 E LoadedApk: at android.app.ActivityThread$H.handleMessage(ActivityThread.java:1650)
10-01 23:23:27.721 2560 2560 E LoadedApk: at android.os.Handler.dispatchMessage(Handler.java:106)
10-01 23:23:27.721 2560 2560 E LoadedApk: at android.os.Looper.loop(Looper.java:193)
10-01 23:23:27.721 2560 2560 E LoadedApk: at android.app.ActivityThread.main(ActivityThread.java:6669)
10-01 23:23:27.721 2560 2560 E LoadedApk: at java.lang.reflect.Method.invoke(Native Method)
10-01 23:23:27.721 2560 2560 E LoadedApk: at com.android.internal.os.RuntimeInit$MethodAndArgsCaller.run(RuntimeInit.java:495)
10-01 23:23:27.721 2560 2560 E LoadedApk: at com.android.internal.os.ZygoteInit.main(ZygoteInit.java:858)
10-01 23:23:27.770 2560 2560 I GAv4 : Google Analytics 11.0.11 is starting up. To enable debug logging on a device run:
10-01 23:23:27.770 2560 2560 I GAv4 : adb shell setprop log.tag.GAv4 DEBUG
10-01 23:23:27.770 2560 2560 I GAv4 : adb logcat -s GAv4
10-01 23:23:27.773 2560 2584 W Primes : Primes failed to initialized in the background
10-01 23:23:27.773 2560 2584 W Primes : java.lang.IllegalStateException: SharedPreferences in credential encrypted storage are not available until after user is unlocked
10-01 23:23:27.773 2560 2584 W Primes : at android.app.ContextImpl.getSharedPreferences(ContextImpl.java:419)
10-01 23:23:27.773 2560 2584 W Primes : at android.app.ContextImpl.getSharedPreferences(ContextImpl.java:404)
10-01 23:23:27.773 2560 2584 W Primes : at android.content.ContextWrapper.getSharedPreferences(ContextWrapper.java:174)
10-01 23:23:27.773 2560 2584 W Primes : at cjc.a(PG:4)
10-01 23:23:27.773 2560 2584 W Primes : at ciw.run(PG:17)
10-01 23:23:27.773 2560 2584 W Primes : at java.util.concurrent.Executors$RunnableAdapter.call(Executors.java:458)
10-01 23:23:27.773 2560 2584 W Primes : at java.util.concurrent.FutureTask.run(FutureTask.java:266)
10-01 23:23:27.773 2560 2584 W Primes : at java.util.concurrent.ThreadPoolExecutor.runWorker(ThreadPoolExecutor.java:1167)
10-01 23:23:27.773 2560 2584 W Primes : at java.util.concurrent.ThreadPoolExecutor$Worker.run(ThreadPoolExecutor.java:641)
10-01 23:23:27.773 2560 2584 W Primes : at cjr.run(PG:5)
10-01 23:23:27.773 2560 2584 W Primes : at java.lang.Thread.run(Thread.java:764)
10-01 23:23:27.780 2560 2560 I AlarmClock: AlarmInitReceiver android.intent.action.TIME_SET
10-01 23:23:27.797 2560 2587 I AlarmClock: Removing AlarmClockInfo
10-01 23:23:27.802 1469 1778 W BestClock: java.time.DateTimeException: Missing NTP fix
10-01 23:23:27.808 1469 1778 W BestClock: java.time.DateTimeException: Missing NTP fix
10-01 23:23:27.809 1469 1779 W BestClock: java.time.DateTimeException: Missing NTP fix
10-01 23:23:28.364 566 566 I cnd : type=1400 audit(0.0:905): avc: denied { call } for scontext=u:r:init:s0 tcontext=u:r:system_app:s0 tclass=binder permissive=1
10-01 23:23:28.374 2111 2196 I QCNEJ/CndHalServerCallback: <- RCV:RatRequestedEvent{rat=11, slot=1}
10-01 23:23:28.374 2111 2195 I QCNEJ : |CORE| handleRatRequest bringUp = truenet Type: 11 slotidx: 1
10-01 23:23:28.375 2111 2195 I QCNEJ : |CORE| handleRatRequest: subId = 1
10-01 23:23:28.375 2111 2195 I QCNEJ : |CORE| Bring up network: 11subId = 1
10-01 23:23:28.376 1469 2185 D ConnectivityService: requestNetwork for uid/pid:1000/2111 NetworkRequest [ REQUEST id=14, [ Transports: CELLULAR Capabilities: IMS&TRUSTED&NOT_VPN Unwanted: Specifier: <1> Uid: 1000] ]
10-01 23:23:28.377 1469 1868 D Ethernet: got request NetworkRequest [ REQUEST id=14, [ Transports: CELLULAR Capabilities: IMS&TRUSTED&NOT_VPN Unwanted: Specifier: <1> Uid: 1000] ] with score 0
10-01 23:23:28.377 2142 2142 D PhoneSwitcherNetworkRequstListener: got request NetworkRequest [ REQUEST id=14, [ Transports: CELLULAR Capabilities: IMS&TRUSTED&NOT_VPN Unwanted: Specifier: <1> Uid: 1000] ] with score 0
10-01 23:23:28.374 1253 1253 I imsrcsd : type=1400 audit(0.0:906): avc: denied { read } for laddr=fe80::2266:7d54:568:3c7f lport=38137 scontext=u:r:init:s0 tcontext=u:r:init:s0 tclass=udp_socket permissive=1
10-01 23:23:28.374 1253 1253 I imsrcsd : type=1400 audit(0.0:907): avc: denied { write } for name="ims_qmid" dev="tmpfs" ino=14717 scontext=u:r:init:s0 tcontext=u:object_r:socket_device:s0 tclass=sock_file permissive=1
10-01 23:23:28.380 1253 1841 E Diag_Lib: [IMS_FATAL]| 1841 | ims_qmi_register_client : Failed
10-01 23:23:28.384 1253 1841 I chatty : uid=1000(system) /system/vendor/bin/imsrcsd identical 6 lines
10-01 23:23:28.384 1253 1841 E Diag_Lib: [IMS_FATAL]| 1841 | ims_qmi_register_client : Failed
10-01 23:23:28.374 2111 2111 I MainEventThread: type=1400 audit(0.0:908): avc: denied { call } for scontext=u:r:system_app:s0 tcontext=u:r:init:s0 tclass=binder permissive=1
10-01 23:23:28.386 2111 2195 I QCNEJ/CndHalConnector: -> SND notifyRatConnectionStatusChanged(rat = 0, DISCONNECTED)
10-01 23:23:28.427 2142 2247 I QImsService: ImsSenderRxr : [UNSL]< UNSOL_RESPONSE_IMS_NETWORK_STATE_CHANGED[SUB0]
10-01 23:23:28.428 2142 2247 I QImsService: ImsSenderRxr : [UNSL]< UNSOL_RESPONSE_IMS_NETWORK_STATE_CHANGED[SUB1]
10-01 23:23:28.429 1253 1841 E Diag_Lib: [IMS_FATAL]| 1841 | ims_qmi_register_client : Failed
10-01 23:23:28.429 1253 1841 E Diag_Lib: [IMS_FATAL]| 1841 | ims_qmi_register_client : Failed
10-01 23:23:28.430 2142 2142 I QImsService: ImsServiceSubHandler : Message received: what = 2
10-01 23:23:28.430 2142 2142 I QImsService: ImsServiceSubHandler : handleImsStateChanged
10-01 23:23:28.430 1253 1841 E Diag_Lib: [IMS_FATAL]| 1841 | ims_qmi_register_client : Failed
10-01 23:23:28.430 1253 1841 E Diag_Lib: [IMS_FATAL]| 1841 | ims_qmi_register_client : Failed
10-01 23:23:28.431 2142 2142 I QImsService: ImsSenderRxr : [0013]> REQUEST_QUERY_SERVICE_STATUS [SUB0]
10-01 23:23:28.431 1253 1841 E Diag_Lib: [IMS_FATAL]| 1841 | ims_qmi_register_client : Failed
10-01 23:23:28.431 1253 1841 I chatty : uid=1000(system) /system/vendor/bin/imsrcsd identical 2 lines
10-01 23:23:28.432 1253 1841 E Diag_Lib: [IMS_FATAL]| 1841 | ims_qmi_register_client : Failed
10-01 23:23:28.432 2142 2247 I QImsService: ImsRadioResponse : queryServiceStatus response received.
10-01 23:23:28.432 2142 2142 I QImsService: ImsServiceSub : sendBroadcastForDisconnected
10-01 23:23:28.432 2142 2247 I QImsService: Class : Num of SrvUpdates = 6
10-01 23:23:28.432 2142 2247 I QImsService: Class : networkMode = 0 status = 0 restrictCause = 0 registered = 2
10-01 23:23:28.432 2142 2142 I QImsService: ImsServiceSubHandler : Message received: what = 2
10-01 23:23:28.432 2142 2247 I QImsService: Class : RTT: copySrvStatusList rtt mode = 0
10-01 23:23:28.432 2142 2142 I QImsService: ImsServiceSubHandler : handleImsStateChanged
10-01 23:23:28.432 2142 2247 I QImsService: Class : networkMode = 0 status = 0 restrictCause = 0 registered = 2
10-01 23:23:28.432 2142 2247 I QImsService: Class : RTT: copySrvStatusList rtt mode = 0
10-01 23:23:28.432 2142 2318 I MmTelFeatureConnection: onRegistering ::
10-01 23:23:28.432 2142 2247 I QImsService: Class : networkMode = 0 status = 0 restrictCause = 0 registered = 2
10-01 23:23:28.432 2142 2247 I QImsService: Class : RTT: copySrvStatusList rtt mode = 0
10-01 23:23:28.432 2142 2247 I QImsService: Class : networkMode = 0 status = 0 restrictCause = 0 registered = 2
10-01 23:23:28.432 2142 2247 I QImsService: Class : RTT: copySrvStatusList rtt mode = 0
10-01 23:23:28.432 2142 2247 I QImsService: Class : networkMode = 0 status = 0 restrictCause = 0 registered = 2
10-01 23:23:28.432 2142 2247 I QImsService: Class : RTT: copySrvStatusList rtt mode = 0
10-01 23:23:28.432 2142 2247 I QImsService: Class : networkMode = 0 status = 0 restrictCause = 0 registered = 2
10-01 23:23:28.432 2142 2247 I QImsService: Class : RTT: copySrvStatusList rtt mode = 0
10-01 23:23:28.432 2142 2247 I QImsService: ImsSenderRxr : [0013]< REQUEST_QUERY_SERVICE_STATUS [org.codeaurora.ims.ServiceStatus@a7ffa18, org.codeaurora.ims.ServiceStatus@d40fc71, org.codeaurora.ims.ServiceStatus@1fc1a56, org.codeaurora.ims.ServiceStatus@ce19ad7, org.codeaurora.ims.ServiceStatus@2869fc4, org.codeaurora.ims.ServiceStatus@d97eead][SUB0]
10-01 23:23:28.432 2142 2142 I QImsService: ImsSenderRxr : [0014]> REQUEST_QUERY_SERVICE_STATUS [SUB1]
10-01 23:23:28.433 2142 2142 I QImsService: ImsServiceSub : sendBroadcastForDisconnected
10-01 23:23:28.434 2142 2142 I QImsService: ImsServiceSubHandler : Message received: what = 5
10-01 23:23:28.434 2142 2142 I QImsService: ImsServiceSubHandler : Received event: EVENT_GET_STATUS_UPDATE
10-01 23:23:28.434 2142 2142 I QImsService: ImsServiceSub : type = 5 status = 0 isValid = true
10-01 23:23:28.434 2142 2142 I QImsService: ImsServiceSub : type = 0 status = 0 isValid = true
10-01 23:23:28.434 2142 2142 I QImsService: ImsServiceSub : Call Type 0has num updates = 1
10-01 23:23:28.434 2142 2142 I QImsService: ImsServiceSub : StatusForAccessTech networkMode = 0 registered = 2 status = 0 restrictCause = 0
10-01 23:23:28.434 2142 2247 I QImsService: ImsRadioResponse : queryServiceStatus response received.
10-01 23:23:28.434 2142 2142 I QImsService: ImsServiceSub : type = 3 status = 0 isValid = true
10-01 23:23:28.434 2142 2247 I QImsService: Class : Num of SrvUpdates = 6
10-01 23:23:28.434 2142 2142 I QImsService: ImsServiceSub : Call Type 3has num updates = 1
10-01 23:23:28.434 2142 2142 I QImsService: ImsServiceSub : StatusForAccessTech networkMode = 0 registered = 2 status = 0 restrictCause = 0
10-01 23:23:28.434 2142 2247 I QImsService: Class : networkMode = 0 status = 0 restrictCause = 0 registered = 2
10-01 23:23:28.434 2142 2142 I QImsService: ImsServiceSub : type = 1 status = 0 isValid = true
10-01 23:23:28.434 2142 2247 I QImsService: Class : RTT: copySrvStatusList rtt mode = 0
10-01 23:23:28.434 2142 2142 I QImsService: ImsServiceSub : Call Type 1has num updates = 1
10-01 23:23:28.434 2142 2247 I QImsService: Class : networkMode = 0 status = 0 restrictCause = 0 registered = 2
10-01 23:23:28.434 2142 2142 I QImsService: ImsServiceSub : StatusForAccessTech networkMode = 0 registered = 2 status = 0 restrictCause = 0
10-01 23:23:28.434 2142 2247 I QImsService: Class : RTT: copySrvStatusList rtt mode = 0
10-01 23:23:28.434 2142 2142 I QImsService: ImsServiceSub : type = 2 status = 0 isValid = true
10-01 23:23:28.434 2142 2247 I QImsService: Class : networkMode = 0 status = 0 restrictCause = 0 registered = 2
10-01 23:23:28.434 2142 2142 I QImsService: ImsServiceSub : Call Type 2has num updates = 1
10-01 23:23:28.434 2142 2247 I QImsService: Class : RTT: copySrvStatusList rtt mode = 0
10-01 23:23:28.434 2142 2142 I QImsService: ImsServiceSub : StatusForAccessTech networkMode = 0 registered = 2 status = 0 restrictCause = 0
10-01 23:23:28.434 2142 2247 I QImsService: Class : networkMode = 0 status = 0 restrictCause = 0 registered = 2
10-01 23:23:28.434 2142 2142 I QImsService: ImsServiceSub : type = 25 status = 0 isValid = true
10-01 23:23:28.434 2142 2247 I QImsService: Class : RTT: copySrvStatusList rtt mode = 0
10-01 23:23:28.434 2142 2142 I QImsService: ImsServiceSub : Call Type 25has num updates = 1
10-01 23:23:28.434 2142 2247 I QImsService: Class : networkMode = 0 status = 0 restrictCause = 0 registered = 2
10-01 23:23:28.434 2142 2142 I QImsService: ImsServiceSub : StatusForAccessTech networkMode = 0 registered = 2 status = 0 restrictCause = 0
10-01 23:23:28.434 2142 2247 I QImsService: Class : RTT: copySrvStatusList rtt mode = 0
10-01 23:23:28.434 2142 2247 I QImsService: Class : networkMode = 0 status = 0 restrictCause = 0 registered = 2
10-01 23:23:28.434 2142 2247 I QImsService: Class : RTT: copySrvStatusList rtt mode = 0
10-01 23:23:28.434 2142 2142 I QImsService: ImsServiceClassTracker : updateFeatureCapabilities video false voice false
10-01 23:23:28.434 2142 2142 I QImsService: ImsServiceStateReceiver : updateHDIcon isVideo : false isVoice : false phoneId: 0 show HD Icon: false
10-01 23:23:28.434 2142 2247 I QImsService: ImsSenderRxr : [0014]< REQUEST_QUERY_SERVICE_STATUS [org.codeaurora.ims.ServiceStatus@b3785e2, org.codeaurora.ims.ServiceStatus@3b0d73, org.codeaurora.ims.ServiceStatus@12ff430, org.codeaurora.ims.ServiceStatus@af1c8a9, org.codeaurora.ims.ServiceStatus@fcc1e2e, org.codeaurora.ims.ServiceStatus@af0dcf][SUB1]
10-01 23:23:28.436 2142 2142 I QImsService: ImsServiceStateReceiver : shallShowHDIcon config showHDIcon : false phoneId : 0
10-01 23:23:28.436 2142 2142 I QImsService: ImsServiceSubHandler : Message received: what = 5
10-01 23:23:28.436 2142 2142 I QImsService: ImsServiceSubHandler : Received event: EVENT_GET_STATUS_UPDATE
10-01 23:23:28.436 2142 2142 I QImsService: ImsServiceSub : type = 5 status = 0 isValid = true
10-01 23:23:28.436 2142 2142 I QImsService: ImsServiceSub : type = 0 status = 0 isValid = true
10-01 23:23:28.436 2142 2142 I QImsService: ImsServiceSub : Call Type 0has num updates = 1
10-01 23:23:28.436 2142 2142 I QImsService: ImsServiceSub : StatusForAccessTech networkMode = 0 registered = 2 status = 0 restrictCause = 0
10-01 23:23:28.436 2142 2142 I QImsService: ImsServiceSub : type = 3 status = 0 isValid = true
10-01 23:23:28.436 2142 2142 I QImsService: ImsServiceSub : Call Type 3has num updates = 1
10-01 23:23:28.436 2142 2142 I QImsService: ImsServiceSub : StatusForAccessTech networkMode = 0 registered = 2 status = 0 restrictCause = 0
10-01 23:23:28.437 2142 2142 I QImsService: ImsServiceSub : type = 1 status = 0 isValid = true
10-01 23:23:28.437 2142 2142 I QImsService: ImsServiceSub : Call Type 1has num updates = 1
10-01 23:23:28.437 2142 2142 I QImsService: ImsServiceSub : StatusForAccessTech networkMode = 0 registered = 2 status = 0 restrictCause = 0
10-01 23:23:28.437 2142 2142 I QImsService: ImsServiceSub : type = 2 status = 0 isValid = true
10-01 23:23:28.437 2142 2142 I QImsService: ImsServiceSub : Call Type 2has num updates = 1
10-01 23:23:28.437 2142 2142 I QImsService: ImsServiceSub : StatusForAccessTech networkMode = 0 registered = 2 status = 0 restrictCause = 0
10-01 23:23:28.437 2142 2142 I QImsService: ImsServiceSub : type = 25 status = 0 isValid = true
10-01 23:23:28.437 2142 2142 I QImsService: ImsServiceSub : Call Type 25has num updates = 1
10-01 23:23:28.437 2142 2142 I QImsService: ImsServiceSub : StatusForAccessTech networkMode = 0 registered = 2 status = 0 restrictCause = 0
10-01 23:23:28.437 2142 2142 E QImsService: ImsServiceSub : handleSrvStatusUpdate :: tracker null; not updating global VT capability
10-01 23:23:28.437 2142 2142 I QImsService: ImsServiceStateReceiver : updateHDIcon isVideo : false isVoice : false phoneId: 1 show HD Icon: false
10-01 23:23:28.437 2142 2142 D ImsMultiEndpointImpl: Message received: what = 2
10-01 23:23:28.437 2142 2142 D ImsMultiEndpointImpl: EVENT_CAPABILITIES_CHANGED
10-01 23:23:28.437 2142 2142 D ImsMultiEndpointImpl: updateCapabilities:: Video = false, Voice = false
10-01 23:23:28.437 2142 2142 D ImsViceParser: getCallPullInfo mDialogIds null
10-01 23:23:28.437 2142 2142 I ImsMultiEndpointImpl: Calling onImsExternalCallStateUpdate
10-01 23:23:28.437 2142 2142 D MultiEndpointImplBase: ims external call state update triggered.
10-01 23:23:28.437 2142 2142 D ImsExternalCallTracker: refreshExternalCallState
10-01 23:23:28.437 2142 2142 D ImsMultiEndpointImpl: Message received: what = 2
10-01 23:23:28.437 2142 2142 D ImsMultiEndpointImpl: EVENT_CAPABILITIES_CHANGED
10-01 23:23:28.437 2142 2142 D ImsMultiEndpointImpl: updateCapabilities:: Video = false, Voice = false
10-01 23:23:28.437 2142 2142 D ImsViceParser: getCallPullInfo mDialogIds null
10-01 23:23:28.437 2142 2142 I ImsMultiEndpointImpl: Calling onImsExternalCallStateUpdate
10-01 23:23:28.437 2142 2142 D MultiEndpointImplBase: ims external call state update triggered.
10-01 23:23:28.569 1907 1907 I vol.Events: writeEvent dismiss_dialog timeout
10-01 23:23:28.881 1253 1841 E Diag_Lib: [IMS_FATAL]| 1841 | ims_qmi_register_client : Failed
10-01 23:23:29.120 1469 1469 W FingerprintService: Client android failed to respond to cancel, starting client com.android.systemui
10-01 23:23:29.120 1469 1469 V FingerprintService: starting client AuthenticationClient(com.android.systemui), initiatedByClient = false
10-01 23:23:29.048 1253 1841 I chatty : uid=1000(system) /system/vendor/bin/imsrcsd identical 12 lines
10-01 23:23:29.048 1253 1841 E Diag_Lib: [IMS_FATAL]| 1841 | ims_qmi_register_client : Failed
10-01 23:23:29.114 1469 1469 I system_server: type=1400 audit(0.0:909): avc: denied { call } for scontext=u:r:system_server:s0 tcontext=u:r:init:s0 tclass=binder permissive=1
10-01 23:23:29.120 1278 1335 D FingerGoodix: fpcode, fingerprint_authenticate(0x74dfc4b1c0, operation_id=0d, gid=0)
10-01 23:23:29.120 1278 1335 D FingerGoodix: fpcode, goodix sensor has already been inited!
10-01 23:23:29.120 1278 1335 D FingerGoodix: fingerprint_authenticate
10-01 23:23:29.120 1278 1335 D FingerGoodix: set_fpdb_to_ta,gFPExtDataFilePath:/data/system/users/0/fpdata/fpdb
10-01 23:23:29.125 1278 1335 D FingerGoodix: set_fpdb_path source path: /data/system/users/0/fpdata/fpdb
10-01 23:23:29.125 1278 1335 D FingerGoodix: set_fpdb_path /data/system/users/0/settings_fingerprint.xml
10-01 23:23:29.125 1278 1335 D FingerGoodix: load_all_fpdata
10-01 23:23:29.125 1278 1335 D FingerGoodix: Fp::gx_load_all_fpdata()
10-01 23:23:29.125 562 1314 D FingerGoodix: load_all_fpdata
10-01 23:23:29.125 562 1314 D FingerGoodix: prepare FpEnv, active client=0x79cfc84300
10-01 23:23:29.125 562 1314 D FingerGoodix: prepare to load_all_fpdata.
10-01 23:23:29.125 562 1314 D FingerGoodix: fnCa_load_all_fpdata
10-01 23:23:29.125 562 1314 D FingerGoodix: gx_ta_send_command, cmd = 57
10-01 23:23:29.301 562 1314 D FingerGoodix: current_num:1
10-01 23:23:29.301 1278 1335 D FingerGoodix: client, load_all_fpdata OK!
10-01 23:23:29.301 1278 1335 D FingerGoodix: loadFingerPrintPlatformDataIfNeed-- >current_num:1
10-01 23:23:29.301 1278 1335 D FingerGoodix: loadFingerPrintPlatformDataIfNeed:75004774
10-01 23:23:29.301 1278 1335 D FingerGoodix: loadFingerPrintPlatformDataIfNeed:0
10-01 23:23:29.301 1278 1335 I chatty : uid=1000(system) HwBinder:1278_1 identical 2 lines
10-01 23:23:29.301 1278 1335 D FingerGoodix: loadFingerPrintPlatformDataIfNeed:0
10-01 23:23:29.302 1278 1335 D FingerGoodix: finger print client call gx_enableFingerScreenUnlock!
10-01 23:23:29.302 1278 1335 D FingerGoodix: client,enableFingerScreenUnlock
10-01 23:23:29.302 562 1314 D FingerGoodix: server,enableFingerScreenUnlock
10-01 23:23:29.302 562 1314 D FingerGoodix: Client::enableFingerScreenUnlock
10-01 23:23:29.302 562 1314 D FingerGoodix: Set ScreenOff Flag: 0, g_ff_flag = 0
10-01 23:23:29.302 562 1314 D FingerGoodix: enable_finger_screen_unlock run ok
10-01 23:23:29.302 1278 1335 D FingerGoodix: fpcode, g_fpdb_is_loaded = 1 ,load fpdata.
10-01 23:23:29.302 1278 1335 D FingerGoodix: gCheckFingerprintidsConsistence:0
10-01 23:23:29.302 1278 1335 D FingerGoodix: fpcode, fp cancel!
10-01 23:23:29.302 1278 1335 D FingerGoodix: fpcode, setListenerState(0x74dfc4b1c0, 3)
10-01 23:23:29.302 1278 1335 D FingerGoodix: fpcode, setListenerState(0x74dfc4b1c0, 2)
10-01 23:23:29.302 1278 1335 D FingerGoodix: fpcode, goodix_sensor_fp_match(), operation_id = 0d
10-01 23:23:29.302 1278 1335 D FingerGoodix: init, g_need_clean_fp_data=0
10-01 23:23:29.302 1278 1335 D FingerGoodix: finger print client call checkPasswd!
10-01 23:23:29.302 1278 1335 D FingerGoodix: client,check passwd
10-01 23:23:29.302 1278 2597 D FingerGoodix: deleteThreadForTA
10-01 23:23:29.302 1278 2597 D FingerGoodix: wait_for_boot_complete,0
10-01 23:23:29.302 562 1314 D FingerGoodix: server,check passwd
10-01 23:23:29.302 562 1314 D FingerGoodix: Client::checkPasswd :
10-01 23:23:29.302 562 1314 D FingerGoodix: prepare FpEnv, active client=0x79cfc84300
10-01 23:23:29.302 562 1314 D FingerGoodix: gx_ta_send_command, cmd = 15
10-01 23:23:29.302 1278 2597 D FingerGoodix: wait_for_boot_complete,boot_complete_value:0
10-01 23:23:29.306 1278 1335 D FingerGoodix: finger print client call recognize!
10-01 23:23:29.306 1278 1335 D FingerGoodix: client,recognize
10-01 23:23:29.306 562 1314 D FingerGoodix: server,recognize
10-01 23:23:29.306 562 1314 D FingerGoodix: FpService::Client::recognize
10-01 23:23:29.306 562 1314 D FingerGoodix: prepare FpEnv, active client=0x79cfc84300
10-01 23:23:29.306 562 1314 D FingerGoodix: mCurStatus = 1 , nextStatus = 6
10-01 23:23:29.306 562 1314 D FingerGoodix: fnCa_GetSessionID
10-01 23:23:29.306 562 1314 D FingerGoodix: gx_ta_send_command, cmd = 48
10-01 23:23:29.310 562 1314 D FingerGoodix: device_setMode ,mode = 0, g_mode = 1, ignore = 2
10-01 23:23:29.310 562 1314 D FingerGoodix: Set mode : 0, g_mode = 1
10-01 23:23:29.310 562 1314 D FingerGoodix: ############ reset before read statue 0x0 g_mode 1
10-01 23:23:29.310 562 1276 D FingerGoodix: Received message: 0. gIRQFlag:1
10-01 23:23:29.316 562 1314 D FingerGoodix: delete timer
10-01 23:23:29.316 562 1314 D FingerGoodix: delete timer
10-01 23:23:29.316 562 1314 D FingerGoodix: gf_enable_irq
10-01 23:23:29.316 562 1314 D FingerGoodix: gx_ta_send_command, cmd = 3
10-01 23:23:29.324 562 1314 D FingerGoodix: setCurNotifyClientID:0
10-01 23:23:29.324 562 1276 D FingerGoodix: gf_netlink_event, event:0
10-01 23:23:29.324 562 1276 D FingerGoodix: gf_ready_spiclk. g_spi_clk = 1
10-01 23:23:29.324 562 1314 D FingerGoodix: trigger rawdata signal sem!
10-01 23:23:29.324 562 1276 D FingerGoodix: fnCa_GetStatus()
10-01 23:23:29.324 562 1276 D FingerGoodix: fnCa_GetStatus(), in
10-01 23:23:29.324 562 1314 D FingerGoodix: fingerprint clear wait finger command.
10-01 23:23:29.324 562 1314 D FingerGoodix: device_clear_waitfinger
10-01 23:23:29.324 562 1276 D FingerGoodix: gx_ta_send_command, cmd = 18
10-01 23:23:29.324 562 1313 D FingerGoodix: RawDataProcessLoop got signal!
10-01 23:23:29.324 562 1313 D FingerGoodix: setChipMode = 0
10-01 23:23:29.324 562 1313 D FingerGoodix: fingerprint set mode. mode = 0x0
10-01 23:23:29.324 562 1313 D FingerGoodix: device_setMode ,mode = 0, g_mode = 0, ignore = 2
10-01 23:23:29.324 1469 1469 W FingerprintService: client com.android.systemui is authenticating...
10-01 23:23:29.325 1469 1469 W Looper : Slow dispatch took 205ms main h=com.android.server.fingerprint.FingerprintService$1 c=com.android.server.fingerprint.FingerprintService$4@30002d7 m=0
10-01 23:23:29.329 562 1276 D FingerGoodix: fnCa_GetStatus(), out
10-01 23:23:29.329 562 1276 D FingerGoodix: gf_netlink_event 440 status 0x0 g_mode 0 g_state 0
10-01 23:23:29.329 562 1276 D FingerGoodix: g_mode = 0
10-01 23:23:29.329 562 1276 D FingerGoodix: #### Invalid int. g_mode = 0
10-01 23:23:29.329 562 1313 D FingerGoodix: Set mode : 0, g_mode = 0
10-01 23:23:29.329 562 1313 D FingerGoodix: gf_ready_spiclk. g_spi_clk = 1
10-01 23:23:29.329 562 1313 D FingerGoodix: has already in mode : 0
10-01 23:23:29.329 562 1313 D FingerGoodix: RawDataProcessLoop set to IMAGE mode
10-01 23:23:29.329 562 1313 D FingerGoodix: EventProcessThread wait hal_Up! status:6
10-01 23:23:29.329 562 1313 D FingerGoodix: fingerprint wait for finger up.
10-01 23:23:29.329 562 1313 D FingerGoodix: ===> Wait Finger Up. g_up_ignore = 2
10-01 23:23:29.329 562 1313 D FingerGoodix: device_waitForFingerUp UP
10-01 23:23:29.329 562 1313 D FingerGoodix: gf_ready_spiclk. g_spi_clk = 1
10-01 23:23:29.329 562 1276 D FingerGoodix: Received message: 0. gIRQFlag:1
10-01 23:23:29.335 562 1313 D FingerGoodix: gx_ta_send_command, cmd = 60
10-01 23:23:29.347 562 1313 D FingerGoodix: gf_enable_irq
10-01 23:23:29.347 562 1313 D FingerGoodix: device_waitForFingerUp 1139
10-01 23:23:29.347 562 1276 D FingerGoodix: gf_netlink_event, event:0
10-01 23:23:29.347 562 1276 D FingerGoodix: gf_ready_spiclk. g_spi_clk = 1
10-01 23:23:29.347 562 1276 D FingerGoodix: fnCa_GetStatus()
10-01 23:23:29.347 562 1276 D FingerGoodix: fnCa_GetStatus(), in
10-01 23:23:29.347 562 1276 D FingerGoodix: gx_ta_send_command, cmd = 18
10-01 23:23:29.351 562 1276 D FingerGoodix: fnCa_GetStatus(), out
10-01 23:23:29.351 562 1276 D FingerGoodix: gf_netlink_event 440 status 0x0 g_mode 0 g_state 3
10-01 23:23:29.351 562 1276 D FingerGoodix: g_mode = 0
10-01 23:23:29.351 562 1276 D FingerGoodix: #### Invalid int. g_mode = 0
10-01 23:23:29.360 1253 1841 E Diag_Lib: [IMS_FATAL]| 1841 | ims_qmi_register_client : Failed
10-01 23:23:29.364 1253 1841 I chatty : uid=1000(system) /system/vendor/bin/imsrcsd identical 8 lines
10-01 23:23:29.364 1253 1841 E Diag_Lib: [IMS_FATAL]| 1841 | ims_qmi_register_client : Failed
10-01 23:23:29.371 1873 1940 E AdapterState: BLE_TURNING_ON : BLE_START_TIMEOUT
10-01 23:23:29.372 1873 1940 I AdapterState: BLE_TURNING_OFF : entered
10-01 23:23:29.372 1873 1940 D AdapterProperties: Setting state to BLE_TURNING_OFF
10-01 23:23:29.372 1873 1940 D BluetoothAdapterService: updateAdapterState() - Broadcasting state BLE_TURNING_OFF to 1 receivers.
10-01 23:23:29.372 1469 1603 D BluetoothManagerService: MESSAGE_BLUETOOTH_STATE_CHANGE: BLE_TURNING_ON > BLE_TURNING_OFF
10-01 23:23:29.372 1469 1603 D BluetoothManagerService: Sending BLE State Change: BLE_TURNING_ON > BLE_TURNING_OFF
10-01 23:23:29.372 1873 1940 D AdapterProperties: onBleDisable
10-01 23:23:29.374 1873 1873 D BtGatt.DebugUtils: handleDebugAction() action=null
10-01 23:23:29.375 1253 1841 E Diag_Lib: [IMS_FATAL]| 1841 | ims_qmi_register_client : Failed
10-01 23:23:29.375 1253 1841 E Diag_Lib: [IMS_FATAL]| 1841 | ims_qmi_register_client : Failed
10-01 23:23:29.375 2142 2247 I QImsService: ImsSenderRxr : [UNSL]< UNSOL_RESPONSE_IMS_NETWORK_STATE_CHANGED[SUB0]
10-01 23:23:29.376 2142 2142 I QImsService: ImsServiceSubHandler : Message received: what = 2
10-01 23:23:29.376 2142 2142 I QImsService: ImsServiceSubHandler : handleImsStateChanged
10-01 23:23:29.377 2142 2247 I QImsService: ImsSenderRxr : [UNSL]< UNSOL_RESPONSE_IMS_NETWORK_STATE_CHANGED[SUB1]
