10-01 23:23:24.302 548 2051 I LocSvc_api_v02: ---> locClientSendReq line 2102 QMI_LOC_SET_PREMIUM_SERVICES_CONFIG_REQ_V02
10-01 23:23:24.302 1469 1469 I SystemServer: MakeMmsServiceReady
10-01 23:23:24.302 1469 1469 I MmsServiceBroker: Delay connecting to MmsService until an API is called
10-01 23:23:24.302 1469 1469 I SystemServer: IncidentDaemonReady
10-01 23:23:24.302 1469 1584 I GnssLocationProvider: WakeLock released by handleMessage(INITIALIZE_HANDLER, 0, null)
10-01 23:23:24.302 548 2053 E QMI_FW : QCCI qmi_cci_xport_recv: txn not found. svc_id: 16
10-01 23:23:24.302 548 2051 E LocSvc_LBSApiV02: injectFeatureConfig:902]: Error : st = 3, ind.status = 0
10-01 23:23:24.302 548 2051 I LocSvc_api_v02: ---> locClientSendReq line 2102 QMI_LOC_SET_PREMIUM_SERVICES_CONFIG_REQ_V02
10-01 23:23:24.303 1469 1584 I GnssLocationProvider: No GNSS Satellite Blacklist interface available
10-01 23:23:24.303 1469 1469 I SystemServiceManager: Calling onStartUser u0
10-01 23:23:24.304 591 591 I OMX-VDEC-1080P: omx_vdec::component_init() success : fd=7
10-01 23:23:24.304 548 2053 I LocSvc_ApiV02: <--- globalRespCb line 141 QMI_LOC_SET_PREMIUM_SERVICES_CONFIG_REQ_V02
10-01 23:23:24.305 591 591 E OMXNodeInstance: getParameter(0xe9b08484:qcom.decoder.h263, ??(0x7f000044)) ERROR: UnsupportedSetting(0x80001019)
10-01 23:23:24.305 591 591 E OMXNodeInstance: getParameter(0xe9b08484:qcom.decoder.h263, ??(0x7f000044)) ERROR: UnsupportedSetting(0x80001019)
10-01 23:23:24.306 548 2051 I LocSvc_api_v02: ---> locClientSendReq line 2102 QMI_LOC_SET_PROTOCOL_CONFIG_PARAMETERS_REQ_V02
10-01 23:23:24.306 591 591 E OMXNodeInstance: getExtensionIndex(0xe9b08484:qcom.decoder.h263, OMX.google.android.index.configureVideoTunnelMode) ERROR: NotImplemented(0x80001006)
10-01 23:23:24.306 591 591 E OMX-VDEC-1080P: Enable/Disable allocate-native- handle allowed only on input port!
10-01 23:23:24.306 591 591 E OMX-VDEC-1080P: set_parameter: Error: 0x80001019, setting param 0x7f00005d
10-01 23:23:24.306 591 591 E OMXNodeInstance: setParameter(0xe9b08484:qcom.decoder.h263, OMX.google.android.index.allocateNativeHandle(0x7f00005d): Output:1 en=0) ERROR: UnsupportedSetting(0x80001019)
10-01 23:23:24.307 591 591 I OMX-VDEC-1080P: omx_vdec::component_deinit() complete
10-01 23:23:24.307 548 2053 I LocSvc_ApiV02: <--- globalRespCb line 141 QMI_LOC_SET_PROTOCOL_CONFIG_PARAMETERS_REQ_V02
10-01 23:23:24.307 548 2051 I LocSvc_api_v02: ---> locClientSendReq line 2102 QMI_LOC_SET_PROTOCOL_CONFIG_PARAMETERS_REQ_V02
10-01 23:23:24.308 591 591 I OMX-VDEC-1080P: Exit OMX vdec Destructor: fd=7
10-01 23:23:24.308 591 591 I OMX-VDEC-1080P: Video slvp perflock released
10-01 23:23:24.308 1469 1771 I InputReader: Reconfiguring input devices. changes=0x00000020
10-01 23:23:24.308 1469 1469 I ActivityManager: START u0 {act=android.intent.action.MAIN cat=[android.intent.category.HOME] flg=0x10000100 cmp=com.android.settings/.FallbackHome} from uid 0
10-01 23:23:24.309 548 2053 I LocSvc_ApiV02: <--- globalRespCb line 141 QMI_LOC_SET_PROTOCOL_CONFIG_PARAMETERS_REQ_V02
10-01 23:23:24.309 548 2051 I LocSvc_api_v02: ---> locClientSendReq line 2102 QMI_LOC_SET_PROTOCOL_CONFIG_PARAMETERS_REQ_V02
10-01 23:23:24.309 548 2053 I LocSvc_ApiV02: <--- globalRespCb line 141 QMI_LOC_SET_PROTOCOL_CONFIG_PARAMETERS_REQ_V02
10-01 23:23:24.309 548 2051 I LocSvc_api_v02: ---> locClientSendReq line 2102 QMI_LOC_SET_SENSOR_CONTROL_CONFIG_REQ_V02
10-01 23:23:24.310 548 2053 I LocSvc_ApiV02: <--- globalRespCb line 141 QMI_LOC_SET_SENSOR_CONTROL_CONFIG_REQ_V02
10-01 23:23:24.310 548 2051 I LocSvc_api_v02: ---> locClientSendReq line 2102 QMI_LOC_SET_PROTOCOL_CONFIG_PARAMETERS_REQ_V02
10-01 23:23:24.310 548 2053 I LocSvc_ApiV02: <--- globalRespCb line 141 QMI_LOC_SET_PROTOCOL_CONFIG_PARAMETERS_REQ_V02
10-01 23:23:24.310 587 759 I OMXClient: IOmx service obtained
10-01 23:23:24.310 548 2051 I LocSvc_api_v02: ---> locClientSendReq line 2102 QMI_LOC_SET_PROTOCOL_CONFIG_PARAMETERS_REQ_V02
10-01 23:23:24.311 591 591 I OMXMaster: makeComponentInstance(OMX.google.h263.decoder) in [email protected] process
10-01 23:23:24.311 548 2053 I LocSvc_ApiV02: <--- globalRespCb line 141 QMI_LOC_SET_PROTOCOL_CONFIG_PARAMETERS_REQ_V02
10-01 23:23:24.311 548 2051 I LocSvc_api_v02: ---> locClientSendReq line 2102 QMI_LOC_SET_XTRA_VERSION_CHECK_REQ_V02
10-01 23:23:24.311 548 2053 I LocSvc_ApiV02: <--- globalRespCb line 141 QMI_LOC_SET_XTRA_VERSION_CHECK_REQ_V02
10-01 23:23:24.312 548 2051 I LocSvc_api_v02: ---> locClientSendReq line 2102 QMI_LOC_SET_SENSOR_PERFORMANCE_CONTROL_CONFIGURATION_REQ_V02
10-01 23:23:24.312 548 2053 I LocSvc_ApiV02: <--- globalRespCb line 141 QMI_LOC_SET_SENSOR_PERFORMANCE_CONTROL_CONFIGURATION_REQ_V02
10-01 23:23:24.312 548 2051 E LocSvc_GnssAdapter: initDefaultAgps]: libloc_net_iface.so not found !
10-01 23:23:24.312 1469 1730 D GnssLocationProvider: gnssSetCapabilitesCb: 35u
10-01 23:23:24.313 1469 1730 D GnssLocationProvider: gnssSetSystemInfoCb: yearOfHw=2015
10-01 23:23:24.313 1469 1584 I GnssLocationProvider: restartRequests
10-01 23:23:24.313 548 2051 I LocSvc_api_v02: locClientOpen:1945]: Service instance id is -1
10-01 23:23:24.313 548 2051 I LocSvc_api_v02: ---> locClientOpenInstance line 1828 loc client open
10-01 23:23:24.313 548 2051 I LocSvc_api_v02: ---> locClientSendReq line 2102 QMI_LOC_REG_EVENTS_REQ_V02
10-01 23:23:24.314 548 2051 I LocSvc_api_v02: ---> locClientSendReq line 2102 QMI_LOC_QUERY_AON_CONFIG_REQ_V02
10-01 23:23:24.314 548 2058 I LocSvc_ApiV02: <--- globalRespCb line 141 QMI_LOC_QUERY_AON_CONFIG_REQ_V02
10-01 23:23:24.314 548 2051 I LocSvc_api_v02: ---> locClientSendReq line 2102 QMI_LOC_GET_SUPPORTED_FEATURE_REQ_V02
10-01 23:23:24.314 548 2051 E LocSvc_ApiV02: open:414:11]: Failed to get features supported from QMI_LOC_GET_SUPPORTED_FEATURE_REQ_V02.
10-01 23:23:24.314 548 2051 I LocSvc_api_v02: ---> locClientSendReq line 2102 QMI_LOC_SET_GNSS_CONSTELL_REPORT_CONFIG_V02
10-01 23:23:24.315 548 2058 I LocSvc_ApiV02: <--- globalRespCb line 141 QMI_LOC_SET_GNSS_CONSTELL_REPORT_CONFIG_V02
10-01 23:23:24.316 591 591 E OMXNodeInstance: getExtensionIndex(0xeaba9d80:google.h263.decoder, OMX.google.android.index.configureVideoTunnelMode) ERROR: UnsupportedIndex(0x8000101a)
10-01 23:23:24.316 591 591 E OMXNodeInstance: getExtensionIndex(0xeaba9d80:google.h263.decoder, OMX.google.android.index.enableAndroidNativeBuffers) ERROR: UnsupportedIndex(0x8000101a)
10-01 23:23:24.317 556 607 D PerMgrSrv: modem state: is on-line, add client GPS
10-01 23:23:24.317 556 607 D PerMgrSrv: GPS registered
10-01 23:23:24.317 548 2051 D PerMgrLib: GPS successfully registered for modem
10-01 23:23:24.317 548 2051 D PerMgrLib: GPS voting for modem
10-01 23:23:24.317 556 607 D PerMgrSrv: GPS voting for modem
10-01 23:23:24.317 556 607 D PerMgrSrv: modem num voters is 4
10-01 23:23:24.317 548 2051 I LocSvc_api_v02: ---> locClientSendReq line 2102 QMI_LOC_SET_ENGINE_LOCK_REQ_V02
10-01 23:23:24.318 587 759 I OMXClient: IOmx service obtained
10-01 23:23:24.319 591 618 I OMXMaster: makeComponentInstance(OMX.qcom.video.decoder.hevc) in [email protected] process
10-01 23:23:24.319 548 2053 I LocSvc_ApiV02: <--- globalRespCb line 141 QMI_LOC_SET_ENGINE_LOCK_REQ_V02
10-01 23:23:24.320 770 801 I LocSvc_api_v02: ---> locClientSendReq line 2102 QMI_LOC_SET_XTRA_VERSION_CHECK_REQ_V02
10-01 23:23:24.322 1907 2043 I vol.Events: writeEvent level_changed STREAM_VOICE_CALL 4
10-01 23:23:24.323 770 1219 I LocSvc_ApiV02: <--- globalRespCb line 141 QMI_LOC_SET_XTRA_VERSION_CHECK_REQ_V02
10-01 23:23:24.323 1907 2043 I vol.Events: writeEvent level_changed STREAM_SYSTEM 5
10-01 23:23:24.323 770 801 I LocSvc_api_v02: ---> locClientSendReq line 2102 UNKNOWN
10-01 23:23:24.324 1907 2043 I vol.Events: writeEvent mute_changed STREAM_SYSTEM true
10-01 23:23:24.324 591 618 I OMX-VDEC-1080P: Video slvp perflock acquired
10-01 23:23:24.324 1907 2043 I vol.Events: writeEvent level_changed STREAM_RING 5
10-01 23:23:24.324 1907 2043 I vol.Events: writeEvent mute_changed STREAM_RING true
10-01 23:23:24.324 591 618 I OMX-VDEC-1080P: component_init: OMX.qcom.video.decoder.hevc : fd=7
10-01 23:23:24.325 770 801 I LocSvc_api_v02: ---> locClientSendReq line 2102 QMI_LOC_GET_PREDICTED_ORBITS_DATA_SOURCE_REQ_V02
10-01 23:23:24.325 1907 2043 I vol.Events: writeEvent level_changed STREAM_MUSIC 7
10-01 23:23:24.327 1907 2043 I vol.Events: writeEvent level_changed STREAM_ALARM 6
10-01 23:23:24.327 770 1219 I LocSvc_ApiV02: <--- globalRespCb line 141 QMI_LOC_GET_PREDICTED_ORBITS_DATA_SOURCE_REQ_V02
10-01 23:23:24.329 770 2065 E LocSvc_xtra2: downloadSntpTime:268] DNS resolution on time.izatcloud.net failed.
10-01 23:23:24.329 548 2051 E Diag_Lib: Diag_LSM_Init: Failed to open handle to diag driver, error = 13
10-01 23:23:24.330 1907 2043 I vol.Events: writeEvent level_changed STREAM_BLUETOOTH_SCO 7
10-01 23:23:24.330 591 618 I OMX-VDEC-1080P: omx_vdec::component_init() success : fd=7
10-01 23:23:24.332 770 821 E LocSvc_xtra2: resolve:180] DNS resolution on xtrapath1.izatcloud.net failed.
10-01 23:23:24.333 591 618 E OMXNodeInstance: getParameter(0xe9b17ac4:qcom.decoder.hevc, ??(0x7f000044)) ERROR: UnsupportedSetting(0x80001019)
10-01 23:23:24.334 591 618 E OMXNodeInstance: getParameter(0xe9b17ac4:qcom.decoder.hevc, ??(0x7f000044)) ERROR: UnsupportedSetting(0x80001019)
10-01 23:23:24.335 591 618 E OMXNodeInstance: getExtensionIndex(0xe9b17ac4:qcom.decoder.hevc, OMX.google.android.index.configureVideoTunnelMode) ERROR: NotImplemented(0x80001006)
10-01 23:23:24.335 591 618 E OMX-VDEC-1080P: Enable/Disable allocate-native- handle allowed only on input port!
10-01 23:23:24.335 591 618 E OMX-VDEC-1080P: set_parameter: Error: 0x80001019, setting param 0x7f00005d
10-01 23:23:24.335 591 618 E OMXNodeInstance: setParameter(0xe9b17ac4:qcom.decoder.hevc, OMX.google.android.index.allocateNativeHandle(0x7f00005d): Output:1 en=0) ERROR: UnsupportedSetting(0x80001019)
10-01 23:23:24.335 591 618 I OMX-VDEC-1080P: omx_vdec::component_deinit() complete
10-01 23:23:24.336 1907 2043 I vol.Events: writeEvent zen_mode_config_changed [disallowAlarms=false disallowMedia=false disallowSystem=true disallowRinger=false]
10-01 23:23:24.337 591 618 I OMX-VDEC-1080P: Exit OMX vdec Destructor: fd=7
10-01 23:23:24.337 591 618 I OMX-VDEC-1080P: Video slvp perflock released
10-01 23:23:24.339 587 759 I OMXClient: IOmx service obtained
10-01 23:23:24.339 591 591 I OMXMaster: makeComponentInstance(OMX.qcom.video.decoder.hevc.secure) in [email protected] process
10-01 23:23:24.341 548 2051 D PerMgrLib: GPS unvoting for modem
10-01 23:23:24.341 556 607 D PerMgrSrv: GPS removing vote for modem
10-01 23:23:24.341 556 607 D PerMgrSrv: modem num voters is 4
10-01 23:23:24.341 548 2051 I LocSvc_api_v02: ---> locClientSendReq line 2102 QMI_LOC_SET_ENGINE_LOCK_REQ_V02
10-01 23:23:24.342 548 2053 I LocSvc_ApiV02: <--- globalRespCb line 141 QMI_LOC_SET_ENGINE_LOCK_REQ_V02
10-01 23:23:24.342 548 2051 I LocSvc_api_v02: ---> locClientSendReq line 2102 QMI_LOC_SET_SERVER_REQ_V02
10-01 23:23:24.343 548 2053 I LocSvc_ApiV02: <--- globalRespCb line 141 QMI_LOC_SET_SERVER_REQ_V02
10-01 23:23:24.343 548 2051 I LocSvc_api_v02: ---> locClientSendReq line 2102 QMI_LOC_SET_PROTOCOL_CONFIG_PARAMETERS_REQ_V02
10-01 23:23:24.343 548 2053 I LocSvc_ApiV02: <--- globalRespCb line 141 QMI_LOC_SET_PROTOCOL_CONFIG_PARAMETERS_REQ_V02
10-01 23:23:24.343 548 2051 I LocSvc_api_v02: ---> locClientSendReq line 2102 QMI_LOC_SET_PROTOCOL_CONFIG_PARAMETERS_REQ_V02
10-01 23:23:24.344 548 2053 I LocSvc_ApiV02: <--- globalRespCb line 141 QMI_LOC_SET_PROTOCOL_CONFIG_PARAMETERS_REQ_V02
10-01 23:23:24.344 548 2051 I LocSvc_api_v02: ---> locClientSendReq line 2102 QMI_LOC_SET_ENGINE_LOCK_REQ_V02
10-01 23:23:24.345 591 591 I OMX-VDEC-1080P: Video slvp perflock acquired
10-01 23:23:24.345 548 2053 I LocSvc_ApiV02: <--- globalRespCb line 141 QMI_LOC_SET_ENGINE_LOCK_REQ_V02
10-01 23:23:24.345 548 2051 I LocSvc_api_v02: ---> locClientSendReq line 2102 QMI_LOC_REG_EVENTS_REQ_V02
10-01 23:23:24.345 591 591 I OMX-VDEC-1080P: component_init: OMX.qcom.video.decoder.hevc : fd=7
10-01 23:23:24.345 548 2051 I LocSvc_api_v02: ---> locClientSendReq line 2102 QMI_LOC_REG_EVENTS_REQ_V02
10-01 23:23:24.346 548 2051 I chatty : uid=1021(gps) Loc_hal identical 1 line
10-01 23:23:24.346 548 2051 I LocSvc_api_v02: ---> locClientSendReq line 2102 QMI_LOC_REG_EVENTS_REQ_V02
10-01 23:23:24.352 591 591 I OMX-VDEC-1080P: omx_vdec::component_init() success : fd=7
10-01 23:23:24.353 591 618 E OMXNodeInstance: getParameter(0xe9b08484:qcom.decoder.hevc.secure, ??(0x7f000044)) ERROR: UnsupportedSetting(0x80001019)
10-01 23:23:24.353 591 618 E OMXNodeInstance: getParameter(0xe9b08484:qcom.decoder.hevc.secure, ??(0x7f000044)) ERROR: UnsupportedSetting(0x80001019)
10-01 23:23:24.354 591 618 E OMXNodeInstance: getExtensionIndex(0xe9b08484:qcom.decoder.hevc.secure, OMX.google.android.index.configureVideoTunnelMode) ERROR: NotImplemented(0x80001006)
10-01 23:23:24.354 591 618 E OMX-VDEC-1080P: Enable/Disable allocate-native- handle allowed only on input port!
10-01 23:23:24.354 591 618 E OMX-VDEC-1080P: set_parameter: Error: 0x80001019, setting param 0x7f00005d
10-01 23:23:24.354 591 618 E OMXNodeInstance: setParameter(0xe9b08484:qcom.decoder.hevc.secure, OMX.google.android.index.allocateNativeHandle(0x7f00005d): Output:1 en=0) ERROR: UnsupportedSetting(0x80001019)
10-01 23:23:24.354 591 618 I OMX-VDEC-1080P: omx_vdec::component_deinit() complete
10-01 23:23:24.356 591 618 I OMX-VDEC-1080P: Exit OMX vdec Destructor: fd=7
10-01 23:23:24.356 591 618 I OMX-VDEC-1080P: Video slvp perflock released
10-01 23:23:24.358 587 759 I OMXClient: IOmx service obtained
10-01 23:23:24.358 591 591 I OMXMaster: makeComponentInstance(OMX.google.hevc.decoder) in [email protected] process
10-01 23:23:24.365 591 591 E OMXNodeInstance: getExtensionIndex(0xeaba9de0:google.hevc.decoder, OMX.google.android.index.configureVideoTunnelMode) ERROR: UnsupportedIndex(0x8000101a)
10-01 23:23:24.365 591 591 E OMXNodeInstance: getExtensionIndex(0xeaba9de0:google.hevc.decoder, OMX.google.android.index.enableAndroidNativeBuffers) ERROR: UnsupportedIndex(0x8000101a)
10-01 23:23:24.367 587 759 I OMXClient: IOmx service obtained
10-01 23:23:24.367 591 618 I OMXMaster: makeComponentInstance(OMX.qcom.video.decoder.mpeg2) in [email protected] process
10-01 23:23:24.372 591 618 I OMX-VDEC-1080P: Video slvp perflock acquired
10-01 23:23:24.372 591 618 I OMX-VDEC-1080P: component_init: OMX.qcom.video.decoder.mpeg2 : fd=7
10-01 23:23:24.374 591 618 I OMX-VDEC-1080P: omx_vdec::component_init() success : fd=7
10-01 23:23:24.375 591 618 E OMXNodeInstance: getParameter(0xe9b08484:qcom.decoder.mpeg2, ??(0x7f000044)) ERROR: UnsupportedSetting(0x80001019)
10-01 23:23:24.376 591 618 E OMXNodeInstance: getParameter(0xe9b08484:qcom.decoder.mpeg2, ??(0x7f000044)) ERROR: UnsupportedSetting(0x80001019)
10-01 23:23:24.376 591 618 E OMXNodeInstance: getExtensionIndex(0xe9b08484:qcom.decoder.mpeg2, OMX.google.android.index.configureVideoTunnelMode) ERROR: NotImplemented(0x80001006)
10-01 23:23:24.376 591 618 E OMX-VDEC-1080P: Enable/Disable allocate-native- handle allowed only on input port!
10-01 23:23:24.376 591 618 E OMX-VDEC-1080P: set_parameter: Error: 0x80001019, setting param 0x7f00005d
10-01 23:23:24.376 591 618 E OMXNodeInstance: setParameter(0xe9b08484:qcom.decoder.mpeg2, OMX.google.android.index.allocateNativeHandle(0x7f00005d): Output:1 en=0) ERROR: UnsupportedSetting(0x80001019)
10-01 23:23:24.376 591 618 I OMX-VDEC-1080P: omx_vdec::component_deinit() complete
10-01 23:23:24.377 591 618 I OMX-VDEC-1080P: Exit OMX vdec Destructor: fd=7
10-01 23:23:24.377 591 618 I OMX-VDEC-1080P: Video slvp perflock released
10-01 23:23:24.379 587 759 I OMXClient: IOmx service obtained
10-01 23:23:24.379 591 591 I OMXMaster: makeComponentInstance(OMX.qcom.video.decoder.mpeg2.secure) in [email protected] process
10-01 23:23:24.383 591 591 I OMX-VDEC-1080P: Video slvp perflock acquired
10-01 23:23:24.384 591 591 I OMX-VDEC-1080P: component_init: OMX.qcom.video.decoder.mpeg2 : fd=7
10-01 23:23:24.386 591 591 I OMX-VDEC-1080P: omx_vdec::component_init() success : fd=7
10-01 23:23:24.387 1469 1771 I InputReader: Reconfiguring input devices. changes=0x00000010
10-01 23:23:24.387 591 591 E OMXNodeInstance: getParameter(0xe9b2f884:qcom.decoder.mpeg2.secure, ??(0x7f000044)) ERROR: UnsupportedSetting(0x80001019)
10-01 23:23:24.388 591 591 E OMXNodeInstance: getParameter(0xe9b2f884:qcom.decoder.mpeg2.secure, ??(0x7f000044)) ERROR: UnsupportedSetting(0x80001019)
10-01 23:23:24.388 591 591 E OMXNodeInstance: getExtensionIndex(0xe9b2f884:qcom.decoder.mpeg2.secure, OMX.google.android.index.configureVideoTunnelMode) ERROR: NotImplemented(0x80001006)
10-01 23:23:24.388 591 591 E OMX-VDEC-1080P: Enable/Disable allocate-native- handle allowed only on input port!
10-01 23:23:24.388 591 591 E OMX-VDEC-1080P: set_parameter: Error: 0x80001019, setting param 0x7f00005d
10-01 23:23:24.388 591 591 E OMXNodeInstance: setParameter(0xe9b2f884:qcom.decoder.mpeg2.secure, OMX.google.android.index.allocateNativeHandle(0x7f00005d): Output:1 en=0) ERROR: UnsupportedSetting(0x80001019)
10-01 23:23:24.388 591 591 I OMX-VDEC-1080P: omx_vdec::component_deinit() complete
10-01 23:23:24.389 1469 1469 I ActivityManager: Loaded persisted task ids for user 0
10-01 23:23:24.390 591 591 I OMX-VDEC-1080P: Exit OMX vdec Destructor: fd=7
10-01 23:23:24.390 591 591 I OMX-VDEC-1080P: Video slvp perflock released
10-01 23:23:24.392 587 759 I OMXClient: IOmx service obtained
10-01 23:23:24.392 591 591 I OMXMaster: makeComponentInstance(OMX.qcom.video.decoder.mpeg4) in [email protected] process
10-01 23:23:24.397 591 591 I OMX-VDEC-1080P: Video slvp perflock acquired
10-01 23:23:24.397 591 591 I OMX-VDEC-1080P: component_init: OMX.qcom.video.decoder.mpeg4 : fd=7
10-01 23:23:24.399 591 591 I OMX-VDEC-1080P: omx_vdec::component_init() success : fd=7
10-01 23:23:24.401 591 618 E OMXNodeInstance: getParameter(0xe9b2f884:qcom.decoder.mpeg4, ??(0x7f000044)) ERROR: UnsupportedSetting(0x80001019)
10-01 23:23:24.401 591 618 E OMXNodeInstance: getParameter(0xe9b2f884:qcom.decoder.mpeg4, ??(0x7f000044)) ERROR: UnsupportedSetting(0x80001019)
10-01 23:23:24.401 591 618 E OMXNodeInstance: getExtensionIndex(0xe9b2f884:qcom.decoder.mpeg4, OMX.google.android.index.configureVideoTunnelMode) ERROR: NotImplemented(0x80001006)
10-01 23:23:24.402 591 618 E OMX-VDEC-1080P: Enable/Disable allocate-native- handle allowed only on input port!
10-01 23:23:24.402 591 618 E OMX-VDEC-1080P: set_parameter: Error: 0x80001019, setting param 0x7f00005d
10-01 23:23:24.402 591 618 E OMXNodeInstance: setParameter(0xe9b2f884:qcom.decoder.mpeg4, OMX.google.android.index.allocateNativeHandle(0x7f00005d): Output:1 en=0) ERROR: UnsupportedSetting(0x80001019)
10-01 23:23:24.402 591 618 I OMX-VDEC-1080P: omx_vdec::component_deinit() complete
10-01 23:23:24.403 591 618 I OMX-VDEC-1080P: Exit OMX vdec Destructor: fd=7
10-01 23:23:24.403 591 618 I OMX-VDEC-1080P: Video slvp perflock released
10-01 23:23:24.405 587 759 I OMXClient: IOmx service obtained
10-01 23:23:24.405 591 618 I OMXMaster: makeComponentInstance(OMX.google.mpeg4.decoder) in [email protected] process
10-01 23:23:24.407 591 618 E OMXNodeInstance: getExtensionIndex(0xeaba9de0:google.mpeg4.decoder, OMX.google.android.index.configureVideoTunnelMode) ERROR: UnsupportedIndex(0x8000101a)
10-01 23:23:24.407 591 618 E OMXNodeInstance: getExtensionIndex(0xeaba9de0:google.mpeg4.decoder, OMX.google.android.index.enableAndroidNativeBuffers) ERROR: UnsupportedIndex(0x8000101a)
10-01 23:23:24.408 587 759 I OMXClient: IOmx service obtained
10-01 23:23:24.408 591 618 I OMXMaster: makeComponentInstance(OMX.qcom.video.decoder.vp8) in [email protected] process
10-01 23:23:24.413 591 618 I OMX-VDEC-1080P: Video slvp perflock acquired
10-01 23:23:24.413 591 618 I OMX-VDEC-1080P: component_init: OMX.qcom.video.decoder.vp8 : fd=7
10-01 23:23:24.415 591 618 I OMX-VDEC-1080P: omx_vdec::component_init() success : fd=7
10-01 23:23:24.417 591 591 E OMXNodeInstance: getParameter(0xe9b2f884:qcom.decoder.vp8, ??(0x7f000044)) ERROR: UnsupportedSetting(0x80001019)
10-01 23:23:24.417 591 591 E OMXNodeInstance: getParameter(0xe9b2f884:qcom.decoder.vp8, ??(0x7f000044)) ERROR: UnsupportedSetting(0x80001019)
10-01 23:23:24.418 591 591 E OMXNodeInstance: getExtensionIndex(0xe9b2f884:qcom.decoder.vp8, OMX.google.android.index.configureVideoTunnelMode) ERROR: NotImplemented(0x80001006)
10-01 23:23:24.419 591 591 E OMX-VDEC-1080P: Enable/Disable allocate-native- handle allowed only on input port!
10-01 23:23:24.419 591 591 E OMX-VDEC-1080P: set_parameter: Error: 0x80001019, setting param 0x7f00005d
10-01 23:23:24.419 591 591 E OMXNodeInstance: setParameter(0xe9b2f884:qcom.decoder.vp8, OMX.google.android.index.allocateNativeHandle(0x7f00005d): Output:1 en=0) ERROR: UnsupportedSetting(0x80001019)
10-01 23:23:24.419 591 591 I OMX-VDEC-1080P: omx_vdec::component_deinit() complete
10-01 23:23:24.420 591 591 I OMX-VDEC-1080P: Exit OMX vdec Destructor: fd=7
10-01 23:23:24.420 591 591 I OMX-VDEC-1080P: Video slvp perflock released
10-01 23:23:24.422 587 759 I OMXClient: IOmx service obtained
10-01 23:23:24.422 591 591 I OMXMaster: makeComponentInstance(OMX.google.vp8.decoder) in [email protected] process
10-01 23:23:24.427 591 591 E OMXNodeInstance: getExtensionIndex(0xeaba97e0:google.vp8.decoder, OMX.google.android.index.configureVideoTunnelMode) ERROR: UnsupportedIndex(0x8000101a)
10-01 23:23:24.427 591 591 E OMXNodeInstance: getExtensionIndex(0xeaba97e0:google.vp8.decoder, OMX.google.android.index.enableAndroidNativeBuffers) ERROR: UnsupportedIndex(0x8000101a)
10-01 23:23:24.428 587 759 I OMXClient: IOmx service obtained
10-01 23:23:24.428 591 591 I OMXMaster: makeComponentInstance(OMX.qcom.video.decoder.vp9) in [email protected] process
10-01 23:23:24.433 591 591 I OMX-VDEC-1080P: Video slvp perflock acquired
10-01 23:23:24.433 591 591 I OMX-VDEC-1080P: component_init: OMX.qcom.video.decoder.vp9 : fd=7
10-01 23:23:24.436 591 591 I OMX-VDEC-1080P: omx_vdec::component_init() success : fd=7
10-01 23:23:24.437 591 591 E OMXNodeInstance: getParameter(0xe9b2f884:qcom.decoder.vp9, ??(0x7f000044)) ERROR: UnsupportedSetting(0x80001019)
10-01 23:23:24.437 591 591 E OMXNodeInstance: getParameter(0xe9b2f884:qcom.decoder.vp9, ??(0x7f000044)) ERROR: UnsupportedSetting(0x80001019)
10-01 23:23:24.437 591 591 E OMXNodeInstance: getExtensionIndex(0xe9b2f884:qcom.decoder.vp9, OMX.google.android.index.configureVideoTunnelMode) ERROR: NotImplemented(0x80001006)
10-01 23:23:24.437 591 591 E OMX-VDEC-1080P: Enable/Disable allocate-native- handle allowed only on input port!
10-01 23:23:24.437 591 591 E OMX-VDEC-1080P: set_parameter: Error: 0x80001019, setting param 0x7f00005d
10-01 23:23:24.437 591 591 E OMXNodeInstance: setParameter(0xe9b2f884:qcom.decoder.vp9, OMX.google.android.index.allocateNativeHandle(0x7f00005d): Output:1 en=0) ERROR: UnsupportedSetting(0x80001019)
10-01 23:23:24.438 591 591 I OMX-VDEC-1080P: omx_vdec::component_deinit() complete
10-01 23:23:24.439 591 591 I OMX-VDEC-1080P: Exit OMX vdec Destructor: fd=7
10-01 23:23:24.439 591 591 I OMX-VDEC-1080P: Video slvp perflock released
10-01 23:23:24.441 587 759 I OMXClient: IOmx service obtained
10-01 23:23:24.441 591 618 I OMXMaster: makeComponentInstance(OMX.google.vp9.decoder) in [email protected] process
10-01 23:23:24.442 591 618 E OMXNodeInstance: getExtensionIndex(0xeaba9960:google.vp9.decoder, OMX.google.android.index.configureVideoTunnelMode) ERROR: UnsupportedIndex(0x8000101a)
10-01 23:23:24.443 591 618 E OMXNodeInstance: getExtensionIndex(0xeaba9960:google.vp9.decoder, OMX.google.android.index.enableAndroidNativeBuffers) ERROR: UnsupportedIndex(0x8000101a)
10-01 23:23:24.444 587 759 I OMXClient: IOmx service obtained
10-01 23:23:24.444 591 618 I OMXMaster: makeComponentInstance(OMX.qcom.video.encoder.avc) in [email protected] process
10-01 23:23:24.447 1469 1469 W system_server: Framework Matrix: Ignore file /system/etc/vintf/manifest.xml:
10-01 23:23:24.447 1469 1469 W system_server:
10-01 23:23:24.450 591 618 I OMX-VENC: Video encode perflock acquired,handle=-1
10-01 23:23:24.454 591 618 I OMX-VENC: Component_init : OMX.qcom.video.encoder.avc : return = 0x0
10-01 23:23:24.456 587 759 W OMXUtils: do not know color format 0x7fa30c04 = 2141391876
10-01 23:23:24.456 587 759 W OMXUtils: do not know color format 0x7f000789 = 2130708361
10-01 23:23:24.457 591 591 I OMX-VENC: Component Deinit
10-01 23:23:24.457 591 591 I OMX-VENC: Video encode perflock released
10-01 23:23:24.459 587 759 I OMXClient: IOmx service obtained
10-01 23:23:24.459 591 591 I OMXMaster: makeComponentInstance(OMX.google.h264.encoder) in [email protected] process
10-01 23:23:24.464 587 759 W OMXUtils: do not know color format 0x7f000789 = 2130708361
10-01 23:23:24.465 587 759 I OMXClient: IOmx service obtained
10-01 23:23:24.465 591 591 I OMXMaster: makeComponentInstance(OMX.qcom.video.encoder.h263) in [email protected] process
10-01 23:23:24.467 1469 1588 W system_server: Long monitor contention with owner main (1469) at void com.android.server.am.ActivityManagerService.systemReady(java.lang.Runnable, android.util.TimingsTraceLog)(ActivityManagerService.java:15245) waiters=0 in void com.android.server.am.ActivityManagerService.lambda$startProcessLocked$0(com.androi d.server.am.ActivityManagerService, com.android.server.am.ProcessRecord, long, java.lang.String, java.lang.String, int[], int, int, java.lang.String, java.lang.String) for 161ms
10-01 23:23:24.468 1469 1469 D SystemServerInitThreadPool: Shutdown successful
10-01 23:23:24.468 1469 1588 W ActivityManager: Slow operation: 162ms so far, now at startProcess: asking zygote to start proc
10-01 23:23:24.469 1469 1469 W Looper : Slow delivery took 4886ms main h=android.os.Handler c=com.android.server.-$ $Lambda$BatteryService$2x73lvpB0jctMSVP4qb9sHAqRPw@ef44458 m=0
10-01 23:23:24.469 1469 2021 W system_server: Long monitor contention with owner main (1469) at void com.android.server.am.ActivityManagerService.systemReady(java.lang.Runnable, android.util.TimingsTraceLog)(ActivityManagerService.java:15245) waiters=2 in java.lang.String com.android.server.am.ActivityManagerService.checkContentProviderAccess(java.lang.S tring, int) for 145ms
10-01 23:23:24.469 1469 1587 W Looper : Slow dispatch took 162ms android.ui h=com.android.server.am.ActivityManagerService$UiHandler c=null m=53
10-01 23:23:24.471 591 591 I OMX-VENC: Video encode perflock acquired,handle=-1
10-01 23:23:24.459 538 538 I [email protected]: type=1400 audit(0.0:807): avc: denied { read write } for name="brightness" dev="sysfs" ino=29626 scontext=u:r:hal_light_default:s0 tcontext=u:object_r:sysfs:s0 tclass=file permissive=1
10-01 23:23:24.475 591 591 I OMX-VENC: Component_init : OMX.qcom.video.encoder.h263 : return = 0x0
10-01 23:23:24.476 587 759 W OMXUtils: do not know color format 0x7fa30c04 = 2141391876
10-01 23:23:24.476 587 759 W OMXUtils: do not know color format 0x7f000789 = 2130708361
10-01 23:23:24.477 591 618 I OMX-VENC: Component Deinit
10-01 23:23:24.478 591 618 I OMX-VENC: Video encode perflock released
10-01 23:23:24.478 1469 1469 D ConditionProviders.SCP: onConnected
10-01 23:23:24.480 1469 1469 D ConditionProviders: Subscribing to condition://android/event?userId=-10000&calendar=&reply=1 with ComponentInfo{android/com.android.server.notification.EventConditionProvider}
10-01 23:23:24.480 1469 1469 D ConditionProviders: Subscribing to condition://android/schedule?days=1.2.3.4.5.6.7&start=22.0&end=7.0&exitAtAlarm=true with ComponentInfo{android/com.android.server.notification.ScheduleConditionProvider}
10-01 23:23:24.481 587 759 I OMXClient: IOmx service obtained
10-01 23:23:24.481 591 618 I OMXMaster: makeComponentInstance(OMX.google.h263.encoder) in [email protected] process
10-01 23:23:24.484 1469 1584 W LocationProviderProxy-network: Odd, no component found for service com.android.location.service.v3.NetworkLocationProvider
10-01 23:23:24.484 1469 1584 W GeocoderProxy: Odd, no component found for service com.android.location.service.GeocodeProvider
10-01 23:23:24.484 591 618 I SoftMPEG4Encoder: Construct SoftMPEG4Encoder
10-01 23:23:24.484 1469 1584 W GeofenceProxy: Odd, no component found for service com.android.location.service.GeofenceProvider
10-01 23:23:24.485 1469 1584 W ActivityRecognitionProxy: Odd, no component found for service com.android.location.service.ActivityRecognitionProvider
10-01 23:23:24.486 587 759 W OMXUtils: do not know color format 0x7f000789 = 2130708361
10-01 23:23:24.486 591 618 E OMXNodeInstance: getConfig(0xeaba98a0:google.h263.encoder, ConfigAndroidIntraRefresh(0x6f60000a)) ERROR: Undefined(0x80001001)
10-01 23:23:24.488 587 759 I OMXClient: IOmx service obtained
10-01 23:23:24.488 1469 1588 W ActivityManager: Slow operation: 182ms so far, now at startProcess: returned from zygote!
10-01 23:23:24.488 2111 2111 I Zygote : seccomp disabled by setenforce 0
10-01 23:23:24.488 591 618 I OMXMaster: makeComponentInstance(OMX.qcom.video.encoder.hevc) in [email protected] process
10-01 23:23:24.493 591 618 I OMX-VENC: Video encode perflock acquired,handle=-1
10-01 23:23:24.494 2111 2111 E .dataservices: Not starting debugger since process cannot load the jdwp agent.
10-01 23:23:24.497 591 618 I OMX-VENC: Component_init : OMX.qcom.video.encoder.hevc : return = 0x0
10-01 23:23:24.498 587 759 W OMXUtils: do not know color format 0x7fa30c04 = 2141391876
10-01 23:23:24.498 587 759 W OMXUtils: do not know color format 0x7f000789 = 2130708361
10-01 23:23:24.500 591 591 I OMX-VENC: Component Deinit
10-01 23:23:24.500 591 591 I OMX-VENC: Video encode perflock released
10-01 23:23:24.502 587 759 I OMXClient: IOmx service obtained
10-01 23:23:24.502 591 591 I OMXMaster: makeComponentInstance(OMX.qcom.video.encoder.mpeg4) in [email protected] process
10-01 23:23:24.504 1469 1799 W ActivityManager: Slow operation: 198ms so far, now at startProcess: done updating battery stats
10-01 23:23:24.504 1469 1799 W ActivityManager: Slow operation: 198ms so far, now at startProcess: building log message
10-01 23:23:24.504 1469 1799 I ActivityManager: Start proc 2111:.dataservices/1000 for added application .dataservices
10-01 23:23:24.504 1469 1799 W ActivityManager: Slow operation: 198ms so far, now at startProcess: starting to update pids map
10-01 23:23:24.504 1469 1799 W ActivityManager: Slow operation: 198ms so far, now at startProcess: done updating pids map
10-01 23:23:24.506 1469 1786 I WifiScanningService: wifi driver unloaded
10-01 23:23:24.507 1469 1588 W ActivityManager: Slow operation: 201ms so far, now at startProcess: asking zygote to start proc
10-01 23:23:24.507 1469 1469 V SettingsProvider: Notifying for 0: content://settings/secure/location_providers_allowed
10-01 23:23:24.508 1469 1469 V SettingsProvider: Notifying for 0: content://settings/global/location_global_kill_switch
10-01 23:23:24.509 591 591 I OMX-VENC: Video encode perflock acquired,handle=-1
10-01 23:23:24.509 1469 1786 I WifiScanningService: wifi driver unloaded
10-01 23:23:24.513 591 591 I OMX-VENC: Component_init : OMX.qcom.video.encoder.mpeg4 : return = 0x0
10-01 23:23:24.514 587 759 W OMXUtils: do not know color format 0x7fa30c04 = 2141391876
10-01 23:23:24.514 587 759 W OMXUtils: do not know color format 0x7f000789 = 2130708361
10-01 23:23:24.516 591 618 I OMX-VENC: Component Deinit
10-01 23:23:24.516 591 618 I OMX-VENC: Video encode perflock released
10-01 23:23:24.518 1469 1602 D UsbDeviceManager: push notification:Charging this device via USB
10-01 23:23:24.520 587 759 I OMXClient: IOmx service obtained
10-01 23:23:24.521 591 591 I OMXMaster: makeComponentInstance(OMX.google.mpeg4.encoder) in [email protected] process
10-01 23:23:24.522 591 591 I SoftMPEG4Encoder: Construct SoftMPEG4Encoder
10-01 23:23:24.522 2130 2130 I Zygote : seccomp disabled by setenforce 0
10-01 23:23:24.524 1469 1588 W ActivityManager: Slow operation: 218ms so far, now at startProcess: returned from zygote!
10-01 23:23:24.524 587 759 W OMXUtils: do not know color format 0x7f000789 = 2130708361
10-01 23:23:24.525 1469 1588 W ActivityManager: Slow operation: 218ms so far, now at startProcess: done updating battery stats
10-01 23:23:24.525 591 618 E OMXNodeInstance: getConfig(0xeaba9900:google.mpeg4.encoder, ConfigAndroidIntraRefresh(0x6f60000a)) ERROR: Undefined(0x80001001)
10-01 23:23:24.525 1469 1588 W ActivityManager: Slow operation: 219ms so far, now at startProcess: building log message
10-01 23:23:24.525 1469 1588 I ActivityManager: Start proc 2130:com.qualcomm.qti.telephonyservice/1001 for added application com.qualcomm.qti.telephonyservice
10-01 23:23:24.525 1469 1588 W ActivityManager: Slow operation: 219ms so far, now at startProcess: starting to update pids map
10-01 23:23:24.525 1469 1588 W ActivityManager: Slow operation: 219ms so far, now at startProcess: done updating pids map
10-01 23:23:24.525 1469 1588 W ActivityManager: Slow operation: 218ms so far, now at startProcess: asking zygote to start proc
10-01 23:23:24.527 587 759 I OMXClient: IOmx service obtained
10-01 23:23:24.527 591 618 I OMXMaster: makeComponentInstance(OMX.qcom.video.encoder.vp8) in [email protected] process
10-01 23:23:24.528 2130 2130 E elephonyservic: Not starting debugger since process cannot load the jdwp agent.
10-01 23:23:24.530 1469 1469 I system_server: Waiting for a blocking GC AddRemoveAppImageSpace
10-01 23:23:24.532 591 618 I OMX-VENC: Video encode perflock acquired,handle=-1
10-01 23:23:24.519 1010 1010 I BootAnimation: type=1400 audit(0.0:809): avc: denied { ioctl } for path="/dev/kgsl-3d0" dev="tmpfs" ino=4527 ioctlcmd=94a scontext=u:r:bootanim:s0 tcontext=u:object_r:device:s0 tclass=chr_file permissive=1
10-01 23:23:24.538 2142 2142 I Zygote : seccomp disabled by setenforce 0
10-01 23:23:24.538 1469 1588 W ActivityManager: Slow operation: 231ms so far, now at startProcess: returned from zygote!
10-01 23:23:24.538 591 618 I OMX-VENC: Component_init : OMX.qcom.video.encoder.vp8 : return = 0x0
10-01 23:23:24.538 1469 1588 W ActivityManager: Slow operation: 231ms so far, now at startProcess: done updating battery stats
10-01 23:23:24.539 1469 1588 W ActivityManager: Slow operation: 231ms so far, now at startProcess: building log message
10-01 23:23:24.539 1469 1588 I ActivityManager: Start proc 2142:com.android.phone/1001 for added application com.android.phone
10-01 23:23:24.539 1469 1588 W ActivityManager: Slow operation: 232ms so far, now at startProcess: starting to update pids map
10-01 23:23:24.539 1469 1588 W ActivityManager: Slow operation: 232ms so far, now at startProcess: done updating pids map
10-01 23:23:24.539 1469 1588 W ActivityManager: Slow operation: 145ms so far, now at startProcess: asking zygote to start proc
10-01 23:23:24.540 587 759 W OMXUtils: do not know color format 0x7fa30c04 = 2141391876
10-01 23:23:24.541 587 759 W OMXUtils: do not know color format 0x7f000789 = 2130708361
10-01 23:23:24.542 2142 2142 E m.android.phon: Not starting debugger since process cannot load the jdwp agent.
10-01 23:23:24.542 591 618 I OMX-VENC: Component Deinit
10-01 23:23:24.529 591 591 I HwBinder:591_2: type=1400 audit(0.0:810): avc: denied { call } for scontext=u:r:mediacodec:s0 tcontext=u:r:init:s0 tclass=binder permissive=1
10-01 23:23:24.543 591 618 I OMX-VENC: Video encode perflock released
10-01 23:23:24.546 587 759 I OMXClient: IOmx service obtained
10-01 23:23:24.546 591 618 I OMXMaster: makeComponentInstance(OMX.google.vp8.encoder) in [email protected] process
10-01 23:23:24.539 1010 1010 I BootAnimation: type=1400 audit(0.0:811): avc: denied { read write } for path="/dev/kgsl-3d0" dev="tmpfs" ino=4527 scontext=u:r:bootanim:s0 tcontext=u:object_r:device:s0 tclass=chr_file permissive=1
10-01 23:23:24.557 2162 2162 I Zygote : seccomp disabled by setenforce 0
10-01 23:23:24.560 1469 1588 W ActivityManager: Slow operation: 166ms so far, now at startProcess: returned from zygote!
10-01 23:23:24.560 1469 1588 W ActivityManager: Slow operation: 166ms so far, now at startProcess: done updating battery stats
10-01 23:23:24.560 1469 1588 W ActivityManager: Slow operation: 166ms so far, now at startProcess: building log message
10-01 23:23:24.560 1469 1588 I ActivityManager: Start proc 2162:com.android.settings/1000 for activity com.android.settings/.FallbackHome
10-01 23:23:24.560 1469 1588 W ActivityManager: Slow operation: 166ms so far, now at startProcess: starting to update pids map
10-01 23:23:24.560 1469 1588 W ActivityManager: Slow operation: 166ms so far, now at startProcess: done updating pids map
10-01 23:23:24.561 587 759 W OMXUtils: do not know color format 0x7f000789 = 2130708361
10-01 23:23:24.561 591 618 E OMXNodeInstance: getConfig(0xeaba9960:google.vp8.encoder, ConfigAndroidIntraRefresh(0x6f60000a)) ERROR: Undefined(0x80001001)
10-01 23:23:24.562 2162 2162 E ndroid.setting: Not starting debugger since process cannot load the jdwp agent.
10-01 23:23:24.563 587 759 I OMXClient: IOmx service obtained
10-01 23:23:24.563 591 618 I OMXMaster: makeComponentInstance(OMX.google.vp9.encoder) in [email protected] process
10-01 23:23:24.567 587 759 W OMXUtils: do not know color format 0x7f000789 = 2130708361
10-01 23:23:24.568 591 618 E OMXNodeInstance: getConfig(0xeaba9960:google.vp9.encoder, ConfigAndroidIntraRefresh(0x6f60000a)) ERROR: Undefined(0x80001001)
10-01 23:23:24.569 587 759 D MediaCodecList: ignored a null builder
10-01 23:23:24.574 1469 1932 I OMXClient: IOmx service obtained
10-01 23:23:24.574 1907 2034 I OMXClient: IOmx service obtained
10-01 23:23:24.575 591 591 I OMXMaster: makeComponentInstance(OMX.google.vorbis.decoder) in [email protected] process
10-01 23:23:24.576 591 618 I OMXMaster: makeComponentInstance(OMX.google.vorbis.decoder) in [email protected] process
10-01 23:23:24.580 1469 1888 I WifiService: getWifiServiceMessenger uid=10033
10-01 23:23:24.582 525 525 W AshmemAllocator: ashmem_create_region(32768) returning hidl_memory(0x75c202c100, 32768)
10-01 23:23:24.587 1469 1888 D ConnectivityService: requestNetwork for uid/pid:10033/1907 NetworkRequest [ TRACK_DEFAULT id=9, [ Capabilities: INTERNET&NOT_RESTRICTED&TRUSTED Unwanted: Uid: 10033] ]
10-01 23:23:24.583 525 525 W AshmemAllocator: ashmem_create_region(32768) returning hidl_memory(0x75c202c100, 32768)
10-01 23:23:24.590 1469 1868 D Ethernet: got request NetworkRequest [ TRACK_DEFAULT id=9, [ Capabilities: INTERNET&NOT_RESTRICTED&TRUSTED Unwanted: Uid: 10033] ] with score 0
10-01 23:23:24.593 2111 2111 D CNEServiceApp: start cne
10-01 23:23:24.595 525 525 W AshmemAllocator: ashmem_create_region(32768) returning hidl_memory(0x75c202c100, 32768)
10-01 23:23:24.597 525 525 I chatty : uid=1000(system) [email protected] identical 3 lines
10-01 23:23:24.597 525 525 W AshmemAllocator: ashmem_create_region(32768) returning hidl_memory(0x75c202c100, 32768)
10-01 23:23:24.597 2111 2111 I QCNEJ : |CORE| phoneCount: 2
10-01 23:23:24.598 525 525 W AshmemAllocator: ashmem_create_region(32768) returning hidl_memory(0x75c202c100, 32768)
10-01 23:23:24.600 525 525 W AshmemAllocator: ashmem_create_region(32768) returning hidl_memory(0x75c202c100, 32768)
10-01 23:23:24.600 2111 2111 I QCNEJ/CndHalConnector: CndHalConnector()
10-01 23:23:24.600 525 525 W AshmemAllocator: ashmem_create_region(32768) returning hidl_memory(0x75c202c100, 32768)
10-01 23:23:24.602 525 525 I chatty : uid=1000(system) [email protected] identical 5 lines
10-01 23:23:24.603 525 525 W AshmemAllocator: ashmem_create_region(32768) returning hidl_memory(0x75c202c100, 32768)
10-01 23:23:24.603 2111 2111 I android_os_HwBinder: HwBinder: Starting thread pool for default::[email protected]::IServiceManager
10-01 23:23:24.606 466 466 E SELinux : avc: denied { find } for interface=com.quicinc.cne.server::IServer pid=2111 scontext=u:r:system_app:s0 tcontext=u:object_r:default_android_hwservice:s0 tclass=hwservice_manager permissive=1
10-01 23:23:24.608 2111 2196 I QCNEJ/CndHalConnector: IServiceNotification.onRegistration
10-01 23:23:24.608 2111 2192 I QCNEJ/CndHalConnector: handling CND_SERVER_UP
10-01 23:23:24.608 2111 2192 V QCNEJ/CndHalConnector: connect() mCnd=null
10-01 23:23:24.611 2111 2192 I android_os_HwBinder: HwBinder: Starting thread pool for cnd::[email protected]::IServer
10-01 23:23:24.611 2111 2195 I QCNEJ : |CORE| registerSettingsObserver: getSubId for phone 0 returned Invalid sub
10-01 23:23:24.611 2111 2195 I QCNEJ : |CORE| registerSettingsObserver: getSubId for phone 1 returned Invalid sub
10-01 23:23:24.616 2111 2192 I QCNEJ/CndHalServerCallback: <- RCV:OnAvailableEvent{}
10-01 23:23:24.616 2111 2192 I QCNEJ/CndHalConnector: Connected to service SUCC
10-01 23:23:24.616 2111 2111 E QCNEJ : |CORE| Feature WQE is not enabled
10-01 23:23:24.617 2111 2192 I QCNEJ : |CORE| set wifi state to 2
10-01 23:23:24.618 2111 2195 I QCNEJ/CndHalConnector: -> SND notifyRatConnectionStatusChanged(rat = 1, UNKNOWN)
10-01 23:23:24.620 2111 2192 W QCNEJ : |CORE| Phone id invalid or Service State available
10-01 23:23:24.620 2111 2192 I QCNEJ/CndHalConnector: -> SND notifyMobileDataEnabledChanged(false)
10-01 23:23:24.621 1469 1888 D ConnectivityService: requestNetwork for uid/pid:1000/2111 NetworkRequest [ TRACK_DEFAULT id=12, [ Capabilities: INTERNET&NOT_RESTRICTED&TRUSTED Unwanted: Uid: 1000] ]
10-01 23:23:24.622 1469 1868 D Ethernet: got request NetworkRequest [ TRACK_DEFAULT id=12, [ Capabilities: INTERNET&NOT_RESTRICTED&TRUSTED Unwanted: Uid: 1000] ] with score 0
10-01 23:23:24.622 2111 2192 I QCNEJ/CndHalConnector: -> SND notifyScreenStateChanged(true)
10-01 23:23:24.623 465 465 E SELinux : avc: denied { add } for service=cneservice pid=2111 uid=1000 scontext=u:r:system_app:s0 tcontext=u:object_r:default_android_service:s0 tclass=service_manager permissive=1
10-01 23:23:24.624 2111 2111 D CNEServiceApp: broadcast cne started
10-01 23:23:24.631 2111 2192 I QCNEJ/CndHalConnector: -> SND notifyScreenStateChanged(false)
10-01 23:23:24.631 2111 2192 I QCNEJ/CndHalConnector: -> SND notifyDefaultNetworkChanged(17)
10-01 23:23:24.631 2111 2192 E QCNEJ/CndHalConnector: Failed to parse input for notifyDefaultNetworkChanged: java.lang.IllegalArgumentException: Unknown RatType:17
10-01 23:23:24.631 2111 2192 W QCNEJ : |CORE| notifyDefaultNetworkChanged failed
10-01 23:23:24.635 2111 2192 I QCNEJ/CndHalConnector: -> SND notifyIMSProfileOverrideSettingChanged(FALSE)
10-01 23:23:24.642 1469 2200 I OMXClient: IOmx service obtained
10-01 23:23:24.642 591 617 I OMXMaster: makeComponentInstance(OMX.google.vorbis.decoder) in [email protected] process
10-01 23:23:24.645 525 525 W AshmemAllocator: ashmem_create_region(32768) returning hidl_memory(0x75c202c100, 32768)
10-01 23:23:24.649 525 525 I chatty : uid=1000(system) [email protected] identical 6 lines
10-01 23:23:24.649 525 525 W AshmemAllocator: ashmem_create_region(32768) returning hidl_memory(0x75c202c100, 32768)
10-01 23:23:24.653 1907 2205 I OMXClient: IOmx service obtained
10-01 23:23:24.653 591 617 I OMXMaster: makeComponentInstance(OMX.google.vorbis.decoder) in [email protected] process
10-01 23:23:24.657 525 525 W AshmemAllocator: ashmem_create_region(32768) returning hidl_memory(0x75c202c100, 32768)
10-01 23:23:24.664 1469 1799 W WallpaperManagerService: Cannot extract colors because wallpaper could not be read.
10-01 23:23:24.661 525 525 I chatty : uid=1000(system) [email protected] identical 10 lines
10-01 23:23:24.661 525 525 W AshmemAllocator: ashmem_create_region(32768) returning hidl_memory(0x75c202c100, 32768)
10-01 23:23:24.664 1907 1907 D Tonal : Tonal Palette - index: 11. Main color: ffffffff
10-01 23:23:24.664 1907 1907 D Tonal : Colors: ff212121, ff292929, ff333333, ff404040, ff595959, ff737373, ff8c8c8c, ffababab, ffc4c4c4, ffdedede, fff7f7f7, ffffffff
10-01 23:23:24.664 1907 1907 D Tonal : Tonal Palette - index: 11. Main color: ffffffff
10-01 23:23:24.664 1907 1907 D Tonal : Colors: ff212121, ff292929, ff333333, ff404040, ff595959, ff737373, ff8c8c8c, ffababab, ffc4c4c4, ffdedede, fff7f7f7, ffffffff
10-01 23:23:24.675 1907 1907 D StatusBar: disable<e i a s b h r c s > disable2<q i n
> 10-01 23:23:24.664 1469 1799 W WallpaperManagerService: Cannot extract colors because wallpaper could not be read.
10-01 23:23:24.677 1469 2185 I StatusBarManagerService: registerStatusBar bar=com.android.internal.statusbar.IStatusBar$Stub$Proxy@289c77f
10-01 23:23:24.689 1469 1478 I system_server: Background concurrent copying GC freed 129723(7MB) AllocSpace objects, 78(1984KB) LOS objects, 49% free, 12MB/24MB, paused 180us total 169.439ms
10-01 23:23:24.689 1469 1469 I system_server: WaitForGcToComplete blocked AddRemoveAppImageSpace on HeapTrim for 159.412ms
10-01 23:23:24.699 1907 2215 I OMXClient: IOmx service obtained
10-01 23:23:24.699 591 2189 I OMXMaster: makeComponentInstance(OMX.google.vorbis.decoder) in [email protected] process
10-01 23:23:24.700 1469 2214 I OMXClient: IOmx service obtained
10-01 23:23:24.700 591 2189 I OMXMaster: makeComponentInstance(OMX.google.vorbis.decoder) in [email protected] process
10-01 23:23:24.702 525 525 W AshmemAllocator: ashmem_create_region(32768) returning hidl_memory(0x75c202c100, 32768)
10-01 23:23:24.738 1469 1469 W Looper : Slow dispatch took 227ms main h=android.app.ActivityThread$H c=null m=114
10-01 23:23:24.714 525 525 I chatty : uid=1000(system) [email protected] identical 22 lines
10-01 23:23:24.714 525 525 W AshmemAllocator: ashmem_create_region(32768) returning hidl_memory(0x75c202c100, 32768)
10-01 23:23:24.744 1469 2220 I OMXClient: IOmx service obtained
10-01 23:23:24.744 591 2189 I OMXMaster: makeComponentInstance(OMX.google.vorbis.decoder) in [email protected] process
10-01 23:23:24.748 525 525 W AshmemAllocator: ashmem_create_region(32768) returning hidl_memory(0x75c202c100, 32768)
10-01 23:23:24.749 525 525 I chatty : uid=1000(system) [email protected] identical 3 lines
10-01 23:23:24.751 525 525 W AshmemAllocator: ashmem_create_region(32768) returning hidl_memory(0x75c202c100, 32768)
10-01 23:23:24.751 1907 1907 I CameraManagerGlobal: Connecting to camera service
10-01 23:23:24.751 525 525 W AshmemAllocator: ashmem_create_region(32768) returning hidl_memory(0x75c202c100, 32768)
10-01 23:23:24.756 1469 2224 I Telecom : BluetoothRouteManager: getBluetoothAudioConnectedDevice: no headset service available.
10-01 23:23:24.752 525 525 I chatty : uid=1000(system) [email protected] identical 1 line
10-01 23:23:24.752 525 525 W AshmemAllocator: ashmem_create_region(32768) returning hidl_memory(0x75c202c100, 32768)
10-01 23:23:24.757 2142 2142 D TelephonyProvider: dbh.onOpen: ok, queried table=siminfo
10-01 23:23:24.758 2142 2142 D TelephonyProvider: dbh.onOpen: ok, queried table=carriers
10-01 23:23:24.759 525 525 W AshmemAllocator: ashmem_create_region(32768) returning hidl_memory(0x75c202c100, 32768)
10-01 23:23:24.760 1469 1469 I Telecom : SystemStateProvider: Registering car mode receiver: android.content.IntentFilter@b1015fe: TS.init@AAA
10-01 23:23:24.766 1469 2230 I Telecom : Logging.Events: Non-call EVENT: AUDIO_ROUTE, Entering state QuiescentEarpieceRoute
10-01 23:23:24.766 1469 2230 I Telecom : BluetoothRouteManager: getBluetoothAudioConnectedDevice: no headset service available.
10-01 23:23:24.770 1469 2231 I Telecom : CallAudioModeStateMachine: Message received: null.: TS.init->CAMSM.pM_1@AAA
10-01 23:23:24.760 525 525 I chatty : uid=1000(system) [email protected] identical 2 lines
10-01 23:23:24.761 525 525 W AshmemAllocator: ashmem_create_region(32768) returning hidl_memory(0x75c202c100, 32768)
10-01 23:23:24.771 2142 2142 D CarrierIdProvider: onCreate
10-01 23:23:24.771 2162 2162 D OpenGLRenderer: Skia GL Pipeline
10-01 23:23:24.774 1469 1469 I Telecom : MissedCallNotifierImpl: reloadFromDatabase: Boot not yet complete -- call log db may not be available. Deferring loading until boot complete for user 0: TS.init@AAA
10-01 23:23:24.779 1469 1469 I Telecom : Class: TelecomSystem.INSTANCE being set
10-01 23:23:24.780 1469 1469 W ContextImpl: Calling a method in the system process without a qualified user: android.app.ContextImpl.startService:1531 android.content.ContextWrapper.startService:664 com.android.server.telecom.components.TelecomService.initializeTelecomSystem:193 com.android.server.telecom.components.TelecomService.onBind:66 android.app.ActivityThread.handleBindService:3559
10-01 23:23:24.780 1469 1469 W ContextImpl: Calling a method in the system process without a qualified user: android.app.ContextImpl.startService:1531 com.android.server.content.SyncManager$14.run:756 android.os.Handler.handleCallback:873 android.os.Handler.dispatchMessage:99 android.os.Looper.loop:193
10-01 23:23:24.782 582 1828 D installd: Found quota mount /dev/block/bootdevice/by-name/userdata at /data
10-01 23:23:24.782 582 1828 D installd: Found quota mount /dev/block/bootdevice/by-name/userdata at /sbin/.core/mirror/bin
10-01 23:23:24.782 582 1828 D installd: Found storage mount /data/media at /mnt/runtime/default/emulated
10-01 23:23:24.783 1469 1469 D WifiP2pService: Wifi enabled=false, P2P Interface availability=true
10-01 23:23:24.783 1469 1787 E WifiP2pService: Unexpected disable request when WifiChannel is null
10-01 23:23:24.783 2142 2142 D CarrierIdProvider: update database from pb file
10-01 23:23:24.783 1469 1469 D BluetoothManagerService: Bluetooth Adapter name changed to Redmi Note 4
10-01 23:23:24.784 1469 1469 D BluetoothManagerService: Stored Bluetooth name: Redmi Note 4
10-01 23:23:24.784 1469 1469 D BluetoothManagerService: BluetoothServiceConnection: com.android.bluetooth.btservice.AdapterService
10-01 23:23:24.784 1469 1603 D BluetoothManagerService: MESSAGE_BLUETOOTH_SERVICE_CONNECTED: 1
10-01 23:23:24.784 1469 1469 V SettingsProvider: Notifying for 0: content://settings/global/boot_count
10-01 23:23:24.785 1469 1603 D BluetoothManagerService: Broadcasting onBluetoothServiceUp() to 2 receivers.
