10-01 23:23:17.485 597 597 I mm-camera: <IFACE >< INFO> 338: iface_util_find_primary_cid: iface_util_find_primary_cid:338 error cannot find primary sensor format cids 1
10-01 23:23:17.485 597 597 I mm-camera: <ISP >< INFO> 798: isp_port_check_caps_reserve: port 0xe3d69b40 ide 2000f type 10 dim 0 0
10-01 23:23:17.485 597 597 I mm-camera: <PPROC >< INFO> 446: pproc_port_add_modules_to_stream: in identity 2000f stream 10 int_link = 0xe3d6d4c0
10-01 23:23:17.485 597 597 I mm-camera: <PPROC >< INFO> 458: pproc_port_add_modules_to_stream: :LINK linking mods tmod and c2d for identity 2000f
10-01 23:23:17.485 597 597 I mm-camera: <C2D >< INFO> 1490: c2d_module_notify_add_stream: width 0, height 0, stride 0, scanline 0, is_type 0
10-01 23:23:17.485 597 597 I mm-camera: <PPROC >< INFO> 458: pproc_port_add_modules_to_stream: :LINK linking mods c2d and cpp for identity 2000f
10-01 23:23:17.485 597 597 I mm-camera: <CPP >< INFO> 2141: cpp_module_notify_add_stream: :width 0, height 0, stride 0, scanline 0, framelen 0
10-01 23:23:17.485 597 597 I mm-camera: <CPP >< INFO> 2306: cpp_module_notify_add_stream: : stream 10, fmt 1, asf_mode 0, sharpness_level 0.000000,asf mask 0, denoise 0, denoise_mask 0, dsdn mask 0,dsdn enable 0, tnr mask 0, tnr enable 0, ds_mask 0
10-01 23:23:17.485 597 597 I mm-camera: <PPROC >< INFO> 458: pproc_port_add_modules_to_stream: :LINK linking mods cpp and paaf for identity 2000f
10-01 23:23:17.485 597 597 I mm-camera: <PPROC >< INFO> 458: pproc_port_add_modules_to_stream: :LINK linking mods paaf and ezt for identity 2000f
10-01 23:23:17.485 597 597 I mm-camera: <PPROC >< INFO> 458: pproc_port_add_modules_to_stream: :LINK linking mods ezt and quadracfa for identity 2000f
10-01 23:23:17.487 597 597 I mm-camera: <MCT >< INFO> 4505: mct_pipeline_start_stream_internal: Session stream linked successfully session 2
10-01 23:23:17.490 529 529 I Thermal-Lib: Thermal-Lib-Client: Registraion successful for camera with handle:1
10-01 23:23:17.490 529 529 I Thermal-Lib: Thermal-Lib-Client: Registraion successful for camcorder with handle:2
10-01 23:23:17.490 529 529 I QCamera : <HAL><INFO> openCamera: 1834: [KPI Perf]: X PROFILE_OPEN_CAMERA camera id 0, rc: 0
10-01 23:23:17.490 529 529 I QCamera : <HAL><INFO> close_camera_device: 1497: [KPI Perf]: E camera id 0
10-01 23:23:17.491 573 680 I ThermalEngine: Thermal-Server: Adding thermal event listener on fd 57
10-01 23:23:17.491 529 1346 I Thermal-Lib: Thermal-Lib-Client: Client received msg camera 0
10-01 23:23:17.491 529 1346 I Thermal-Lib: Thermal-Lib-Client: Client received msg camcorder 0
10-01 23:23:17.493 529 529 E QCamera : <HAL><ERROR> lock_acq: 363: failed to acquire lock
10-01 23:23:17.493 529 529 I QCamera : <HAL><INFO> closeCamera: 2220: E
10-01 23:23:17.493 529 529 I QCamera : <HAL><INFO> closeCamera: 2225: [KPI Perf]: E PROFILE_CLOSE_CAMERA camera id 0
10-01 23:23:17.494 597 1104 E mm-camera: <IMGLIB><ERROR> 303: static int32_t QCameraPAAF::AllocateBuffers(img_base_ops_t *, bool): Invalid dimensions 0x0
10-01 23:23:17.494 597 1341 I mm-camera: <ISP >< INFO> 6507: isp_util_print_meta_stream_info: Deallocate resources
10-01 23:23:17.494 597 1104 E mm-camera: <IMGLIB><ERROR> 203: int img_algo_preload(img_base_ops_t *): Preload: Failed to allocate buffer, rc -4
10-01 23:23:17.494 597 1104 E mm-camera: <IMGLIB><ERROR> 117: module_imgbase_client_preload_exec: IMG_CORE_PRELOAD failed -4
10-01 23:23:17.496 597 1341 I mm-camera: <ISP >< INFO> 2531: isp_resource_allocate: INFO: ISP resource acquired: session 2 num_isp 1
10-01 23:23:17.496 597 1341 I mm-camera: <ISP >< INFO> 2533: isp_resource_allocate: INFO: ISP resource acquired: hw_id 1
10-01 23:23:17.496 597 1341 I mm-camera: <ISP >< INFO> 6462: isp_util_decide_stream_mapping: stream_port_map num streams 0
10-01 23:23:17.499 529 529 I Thermal-Lib: Thermal-Lib-Client: Unregisteration is successfull for handle:1
10-01 23:23:17.499 573 680 I ThermalEngine: Thermal-Server: removing client on fd 57
10-01 23:23:17.499 529 529 I Thermal-Lib: Thermal-Lib-Client: Unregisteration is successfull for handle:2
10-01 23:23:17.500 597 597 I mm-camera: <MCT >< INFO> 216: mct_controller_destroy: Initiating destroy sequence for session = 2
10-01 23:23:17.500 597 597 I mm-camera: <MCT >< INFO> 234: mct_controller_destroy: serv_thread closed
10-01 23:23:17.501 597 597 I mm-camera: <MCT >< INFO> 249: mct_controller_destroy: bus_handler thread closed
10-01 23:23:17.501 597 597 I mm-camera: <MCT >< INFO> 4605: mct_pipeline_stop_session: Initiating stop_session on session 2
10-01 23:23:17.501 597 597 I mm-camera: <MCT >< INFO> 3646: mct_pipeline_process_set: command=800000b
10-01 23:23:17.501 597 597 I mm-camera: <MCT >< INFO> 3864: mct_pipeline_process_set: Issuing DEL_STREAM on stream 0x2000f and stream type=10
10-01 23:23:17.538 597 597 I mm-camera: <IFACE >< INFO> 671: iface_unreserve_sink_port: stream_id f mode 0
10-01 23:23:17.538 597 597 I mm-camera: <ISP >< INFO> 887: isp_port_check_caps_unreserve: ide 2000f port 0xe3d69b40
10-01 23:23:17.538 597 597 E mm-camera: <ISP ><ERROR> 913: isp_port_check_caps_unreserve: ISP session resource not dellocated in time
10-01 23:23:17.539 597 597 I mm-camera: <MCT >< INFO> 3875: mct_pipeline_process_set: Stream 0x2000f and stream type=10, successfully deleted
10-01 23:23:17.539 597 1347 I mm-camera: <MCT >< INFO> 4339: mct_pipeline_stop_session_thread: Stop module name: sensor - E
10-01 23:23:17.540 597 1348 I mm-camera: <MCT >< INFO> 4339: mct_pipeline_stop_session_thread: Stop module name: iface - E
10-01 23:23:17.541 597 1349 I mm-camera: <MCT >< INFO> 4339: mct_pipeline_stop_session_thread: Stop module name: isp - E
10-01 23:23:17.541 597 1349 I mm-camera: <ISP >< INFO> 490: isp_module_stop_session: session id 2
10-01 23:23:17.541 597 1349 E mm-camera: <ISP ><ERROR> 504: isp_module_stop_session: num_session_opened 0
10-01 23:23:17.541 597 1349 E mm-camera: <ISP ><ERROR> 532: isp_module_stop_session: warning: ISP resource is not freed on time!
10-01 23:23:17.542 597 1348 I mm-camera: <MCT >< INFO> 4347: mct_pipeline_stop_session_thread: Stop module name: iface - X
10-01 23:23:17.542 597 1350 I mm-camera: <MCT >< INFO> 4339: mct_pipeline_stop_session_thread: Stop module name: stats - E
10-01 23:23:17.544 568 1124 E QMI_FW : QMUXD: WARNING qmi_qmux_if_pwr_up_init failed! rc=-6
10-01 23:23:17.545 597 1349 I mm-camera: <MCT >< INFO> 4347: mct_pipeline_stop_session_thread: Stop module name: isp - X
10-01 23:23:17.545 597 1351 I mm-camera: <MCT >< INFO> 4339: mct_pipeline_stop_session_thread: Stop module name: pproc - E
10-01 23:23:17.547 597 1351 I mm-camera: <MCT >< INFO> 4347: mct_pipeline_stop_session_thread: Stop module name: pproc - X
10-01 23:23:17.547 597 597 I mm-camera: <MCT >< INFO> 4627: mct_pipeline_stop_session: Modules left: 5
10-01 23:23:17.547 597 597 I mm-camera: <MCT >< INFO> 4627: mct_pipeline_stop_session: Modules left: 4
10-01 23:23:17.547 597 597 I mm-camera: <MCT >< INFO> 4627: mct_pipeline_stop_session: Modules left: 3
10-01 23:23:17.547 597 1355 I mm-camera: <MCT >< INFO> 4339: mct_pipeline_stop_session_thread: Stop module name: imglib - E
10-01 23:23:17.547 597 1355 I mm-camera: <MCT >< INFO> 4347: mct_pipeline_stop_session_thread: Stop module name: imglib - X
10-01 23:23:17.547 597 597 I mm-camera: <MCT >< INFO> 4627: mct_pipeline_stop_session: Modules left: 2
10-01 23:23:17.549 597 1350 I mm-camera: <MCT >< INFO> 4347: mct_pipeline_stop_session_thread: Stop module name: stats - X
10-01 23:23:17.549 597 597 I mm-camera: <MCT >< INFO> 4627: mct_pipeline_stop_session: Modules left: 1
10-01 23:23:17.574 517 748 D TcpSocketMonitor: suspending tcpinfo polling
10-01 23:23:17.581 518 518 I Zygote : Preloading resources...
10-01 23:23:17.595 597 1347 I mm-camera: <MCT >< INFO> 4347: mct_pipeline_stop_session_thread: Stop module name: sensor - X
10-01 23:23:17.596 597 597 I mm-camera: <MCT >< INFO> 4627: mct_pipeline_stop_session: Modules left: 0
10-01 23:23:17.596 597 597 I mm-camera: <MCT >< INFO> 4636: mct_pipeline_stop_session: Stopped session 2 successfully
10-01 23:23:17.596 597 597 I mm-camera: <MCT >< INFO> 4916: mct_pipeline_destroy: E: session:2
10-01 23:23:17.596 597 597 I mm-camera: <MCT >< INFO> 4989: mct_pipeline_destroy: X: Pipeline destroyed successfully session =2
10-01 23:23:17.596 597 597 I mm-camera: <MCT >< INFO> 282: mct_controller_destroy: X Successfully closed mct_controller session 2
10-01 23:23:17.596 529 529 I QCamera : <HAL><INFO> closeCamera: 2296: [KPI Perf]: X PROFILE_CLOSE_CAMERA camera id 0, rc: 0
10-01 23:23:17.597 529 529 I QCamera : <HAL><INFO> close_camera_device: 1499: [KPI Perf]: X
10-01 23:23:17.597 529 529 I QCamera : <HAL><INFO> getCameraInfo: 340: Camera id 1 API version 768
10-01 23:23:17.598 597 597 I mm-camera: < INFO> 395: void enable_memleak_trace(int): start memleak tracking.
10-01 23:23:17.599 518 518 W Resources: Preloaded drawable resource #0x1080265 (android:drawable/dialog_background_material) that varies with configuration!!
10-01 23:23:17.602 597 597 I mm-camera: <MCT >< INFO> 63: mct_controller_new: Creating new mct_controller with session-id 1
10-01 23:23:17.602 597 1364 I mm-camera: <MCT >< INFO> 4527: mct_pipeline_start_session_thread: E sensor
10-01 23:23:17.602 597 1364 I mm-camera: <MCT >< INFO> 4534: mct_pipeline_start_session_thread: Calling start_session on Module sensor
10-01 23:23:17.602 597 1365 I mm-camera: <MCT >< INFO> 4527: mct_pipeline_start_session_thread: E iface
10-01 23:23:17.602 597 1365 I mm-camera: <MCT >< INFO> 4534: mct_pipeline_start_session_thread: Calling start_session on Module iface
10-01 23:23:17.602 597 1367 I mm-camera: <MCT >< INFO> 4527: mct_pipeline_start_session_thread: E isp
10-01 23:23:17.603 597 1367 I mm-camera: <MCT >< INFO> 4534: mct_pipeline_start_session_thread: Calling start_session on Module isp
10-01 23:23:17.603 597 1367 I mm-camera: <ISP >< INFO> 201: isp_module_start_session: session id 1
10-01 23:23:17.603 597 1367 E mm-camera: <ISP ><ERROR> 213: isp_module_start_session: num_session_opened 0
10-01 23:23:17.603 597 1368 I mm-camera: <MCT >< INFO> 4527: mct_pipeline_start_session_thread: E stats
10-01 23:23:17.603 597 1368 I mm-camera: <MCT >< INFO> 4534: mct_pipeline_start_session_thread: Calling start_session on Module stats
10-01 23:23:17.603 597 1365 I mm-camera: <MCT >< INFO> 4537: mct_pipeline_start_session_thread: Module iface start_session rc = 1
10-01 23:23:17.605 597 1365 I mm-camera: <MCT >< INFO> 4545: mct_pipeline_start_session_thread: started_num = 1, success = 1
10-01 23:23:17.605 597 1365 I mm-camera: <MCT >< INFO> 4552: mct_pipeline_start_session_thread: X iface
10-01 23:23:17.605 597 1370 I mm-camera: <MCT >< INFO> 4527: mct_pipeline_start_session_thread: E pproc
10-01 23:23:17.606 597 1370 I mm-camera: <MCT >< INFO> 4534: mct_pipeline_start_session_thread: Calling start_session on Module pproc
10-01 23:23:17.607 597 1371 I mm-camera: <MCT >< INFO> 4527: mct_pipeline_start_session_thread: E imglib
10-01 23:23:17.607 597 1371 I mm-camera: <MCT >< INFO> 4534: mct_pipeline_start_session_thread: Calling start_session on Module imglib
10-01 23:23:17.608 597 1370 I mm-camera: <MCT >< INFO> 4537: mct_pipeline_start_session_thread: Module pproc start_session rc = 1
10-01 23:23:17.608 597 1371 I mm-camera: <MCT >< INFO> 4537: mct_pipeline_start_session_thread: Module imglib start_session rc = 1
10-01 23:23:17.608 597 1370 I mm-camera: <MCT >< INFO> 4545: mct_pipeline_start_session_thread: started_num = 2, success = 2
10-01 23:23:17.608 597 1370 I mm-camera: <MCT >< INFO> 4552: mct_pipeline_start_session_thread: X pproc
10-01 23:23:17.608 597 1371 I mm-camera: <MCT >< INFO> 4545: mct_pipeline_start_session_thread: started_num = 3, success = 3
10-01 23:23:17.608 597 1371 I mm-camera: <MCT >< INFO> 4552: mct_pipeline_start_session_thread: X imglib
10-01 23:23:17.610 597 1368 E mm-camera: <STATS_AIS ><ERROR> 448: dsps_open: try to sensor1_open()
10-01 23:23:17.611 597 1364 I mm-camera: <MCT >< INFO> 4537: mct_pipeline_start_session_thread: Module sensor start_session rc = 1
10-01 23:23:17.611 597 1364 I mm-camera: <MCT >< INFO> 4545: mct_pipeline_start_session_thread: started_num = 4, success = 4
10-01 23:23:17.611 597 1364 I mm-camera: <MCT >< INFO> 4552: mct_pipeline_start_session_thread: X sensor
10-01 23:23:17.611 597 1367 E mm-camera: <ISP ><ERROR> 402: isp_module_start_session: num_session_opened 1
10-01 23:23:17.611 597 1367 I mm-camera: <MCT >< INFO> 4537: mct_pipeline_start_session_thread: Module isp start_session rc = 1
10-01 23:23:17.611 597 1367 I mm-camera: <MCT >< INFO> 4545: mct_pipeline_start_session_thread: started_num = 5, success = 5
10-01 23:23:17.611 597 1367 I mm-camera: <MCT >< INFO> 4552: mct_pipeline_start_session_thread: X isp
10-01 23:23:17.615 1363 1363 I NetUtilsWrapper: Unexpected command: /system/bin/iptables -w -W 10000 -t mangle -A PREROUTING -m mark --mark 0x20 -j ACCEPT
10-01 23:23:17.619 518 518 I Zygote : ...preloaded 64 resources in 38ms.
10-01 23:23:17.622 597 1368 I mm-camera: <MCT >< INFO> 4537: mct_pipeline_start_session_thread: Module stats start_session rc = 1
10-01 23:23:17.622 597 1368 I mm-camera: <MCT >< INFO> 4545: mct_pipeline_start_session_thread: started_num = 6, success = 6
10-01 23:23:17.622 597 1368 I mm-camera: <MCT >< INFO> 4552: mct_pipeline_start_session_thread: X stats
10-01 23:23:17.622 597 597 E mm-camera: <ISP ><ERROR> 684: isp_module_get_session_data: availabevfe 2 num_open 1 num_isp_preallocate 0 dual_vfe 0
10-01 23:23:17.622 597 597 E mm-camera: <ISP ><ERROR> 141: isp_resource_query_mod: dual_vfe_enabled 0
10-01 23:23:17.622 597 597 E mm-camera: <ISP ><ERROR> 150: isp_resource_query_mod: availabe_vfe 2 num_isp_preallocate 0 num_session_opened 1 dual_vfe_enabled 0
10-01 23:23:17.623 518 518 I Zygote : ...preloaded 41 resources in 4ms.
10-01 23:23:17.628 597 597 I mm-camera: <MCT >< INFO> 4448: mct_pipeline_start_stream_internal: Adding session stream streamid= 0xf for session=1
10-01 23:23:17.628 597 597 I mm-camera: <MCT >< INFO> 4496: mct_pipeline_start_stream_internal: Linking session stream for session 1
10-01 23:23:17.628 597 597 I mm-camera: <MCT >< INFO> 503: mct_stream_start_link: Start linking Session-stream 0x1000f
10-01 23:23:17.628 597 597 I mm-camera: <IFACE >< INFO> 338: iface_util_find_primary_cid: iface_util_find_primary_cid:338 error cannot find primary sensor format cids 1
10-01 23:23:17.628 597 597 I mm-camera: <ISP >< INFO> 798: isp_port_check_caps_reserve: port 0xe3d69b40 ide 1000f type 10 dim 0 0
10-01 23:23:17.629 597 597 I mm-camera: <PPROC >< INFO> 446: pproc_port_add_modules_to_stream: in identity 1000f stream 10 int_link = 0xe3d6d4c0
10-01 23:23:17.629 597 597 I mm-camera: <PPROC >< INFO> 458: pproc_port_add_modules_to_stream: :LINK linking mods tmod and c2d for identity 1000f
10-01 23:23:17.629 597 597 I mm-camera: <C2D >< INFO> 1490: c2d_module_notify_add_stream: width 0, height 0, stride 0, scanline 0, is_type 0
10-01 23:23:17.629 597 597 I mm-camera: <PPROC >< INFO> 458: pproc_port_add_modules_to_stream: :LINK linking mods c2d and cpp for identity 1000f
10-01 23:23:17.629 597 597 I mm-camera: <CPP >< INFO> 2141: cpp_module_notify_add_stream: :width 0, height 0, stride 0, scanline 0, framelen 0
10-01 23:23:17.629 597 597 I mm-camera: <CPP >< INFO> 2306: cpp_module_notify_add_stream: : stream 10, fmt 1, asf_mode 0, sharpness_level 0.000000,asf mask 0, denoise 0, denoise_mask 0, dsdn mask 0,dsdn enable 0, tnr mask 0, tnr enable 0, ds_mask 0
10-01 23:23:17.629 597 597 I mm-camera: <PPROC >< INFO> 458: pproc_port_add_modules_to_stream: :LINK linking mods cpp and paaf for identity 1000f
10-01 23:23:17.629 597 597 I mm-camera: <PPROC >< INFO> 458: pproc_port_add_modules_to_stream: :LINK linking mods paaf and ezt for identity 1000f
10-01 23:23:17.629 597 597 I mm-camera: <PPROC >< INFO> 458: pproc_port_add_modules_to_stream: :LINK linking mods ezt and quadracfa for identity 1000f
10-01 23:23:17.630 597 597 I mm-camera: <MCT >< INFO> 4505: mct_pipeline_start_stream_internal: Session stream linked successfully session 1
10-01 23:23:17.634 1380 1380 I NetUtilsWrapper: Unexpected command: /system/bin/iptables -w -W 10000 -t mangle -D PREROUTING -m mark --mark 0x20 -j ACCEPT
10-01 23:23:17.638 518 518 D libEGL : loaded /vendor/lib64/egl/libEGL_adreno.so
10-01 23:23:17.645 518 518 D libEGL : loaded /vendor/lib64/egl/libGLESv1_CM_adreno.so
10-01 23:23:17.661 518 518 D libEGL : loaded /vendor/lib64/egl/libGLESv2_adreno.so
10-01 23:23:17.680 518 518 I Zygote : Preloading shared libraries...
10-01 23:23:17.689 518 518 I Zygote : Uninstalled ICU cache reference pinning...
10-01 23:23:17.690 518 518 I Zygote : Installed AndroidKeyStoreProvider in 1ms.
10-01 23:23:17.700 592 777 W libc : Unable to set property "ro.vendor.ril.svlte1x" to "false": error code: 0xb
10-01 23:23:17.700 592 777 W libc : Unable to set property "ro.vendor.ril.svdo" to "false": error code: 0xb
10-01 23:23:17.701 518 518 I Zygote : Warmed up JCA providers in 11ms.
10-01 23:23:17.701 518 518 D Zygote : end preload
10-01 23:23:17.729 597 1366 E mm-camera: <SENSOR><ERROR> 3955: sensor_set_calibration_data: Golden module or OTP data is null
10-01 23:23:17.729 597 1386 E mm-camera: <ISP ><ERROR> 141: isp_resource_query_mod: dual_vfe_enabled 0
10-01 23:23:17.729 597 1386 E mm-camera: <ISP ><ERROR> 150: isp_resource_query_mod: availabe_vfe 2 num_isp_preallocate 0 num_session_opened 1 dual_vfe_enabled 0
10-01 23:23:17.729 597 1386 I mm-camera: <IMGLIB>< INFO> 2062: module_faceproc_query_mod: Caps ROI 10 scene_mode_cnt 1 HW analysis supported 0
10-01 23:23:17.729 597 1386 I mm-camera: <MCT >< INFO> 1758: mct_pipeline_append_fps_entry: Added hal_table[0]: (15.000000, 15.000000)
10-01 23:23:17.729 597 1386 I mm-camera: <MCT >< INFO> 1758: mct_pipeline_append_fps_entry: Added hal_table[1]: (20.000000, 20.000000)
10-01 23:23:17.729 597 1386 I mm-camera: <MCT >< INFO> 1758: mct_pipeline_append_fps_entry: Added hal_table[2]: (24.000000, 24.000000)
10-01 23:23:17.730 597 1386 I mm-camera: <MCT >< INFO> 1758: mct_pipeline_append_fps_entry: Added hal_table[3]: (7.000000, 30.000000)
10-01 23:23:17.730 597 1386 I mm-camera: <MCT >< INFO> 1771: mct_pipeline_append_fps_entry: Added hal_table[4]: (30.000000, 30.000000)
10-01 23:23:17.730 597 1386 I mm-camera: <MCT >< INFO> 2942: mct_pipeline_fill_dimensions_snapshot: Cam 1: FPS range selection complete. Publishing 5 ranges.
10-01 23:23:17.732 597 597 I mm-camera: <MCT >< INFO> 216: mct_controller_destroy: Initiating destroy sequence for session = 1
10-01 23:23:17.733 597 597 I mm-camera: <MCT >< INFO> 234: mct_controller_destroy: serv_thread closed
10-01 23:23:17.733 597 597 I mm-camera: <MCT >< INFO> 249: mct_controller_destroy: bus_handler thread closed
10-01 23:23:17.733 597 597 I mm-camera: <MCT >< INFO> 4605: mct_pipeline_stop_session: Initiating stop_session on session 1
10-01 23:23:17.733 597 597 I mm-camera: <MCT >< INFO> 3646: mct_pipeline_process_set: command=800000b
10-01 23:23:17.733 597 597 I mm-camera: <MCT >< INFO> 3864: mct_pipeline_process_set: Issuing DEL_STREAM on stream 0x1000f and stream type=10
10-01 23:23:17.733 597 597 I mm-camera: <IFACE >< INFO> 671: iface_unreserve_sink_port: stream_id f mode 0
10-01 23:23:17.733 597 597 I mm-camera: <ISP >< INFO> 887: isp_port_check_caps_unreserve: ide 1000f port 0xe3d69b40
10-01 23:23:17.735 597 597 I mm-camera: <MCT >< INFO> 3875: mct_pipeline_process_set: Stream 0x1000f and stream type=10, successfully deleted
10-01 23:23:17.736 597 1419 I mm-camera: <MCT >< INFO> 4339: mct_pipeline_stop_session_thread: Stop module name: sensor - E
10-01 23:23:17.736 597 1420 I mm-camera: <MCT >< INFO> 4339: mct_pipeline_stop_session_thread: Stop module name: iface - E
10-01 23:23:17.737 597 1421 I mm-camera: <MCT >< INFO> 4339: mct_pipeline_stop_session_thread: Stop module name: isp - E
10-01 23:23:17.737 597 1421 I mm-camera: <ISP >< INFO> 490: isp_module_stop_session: session id 1
10-01 23:23:17.737 597 1421 E mm-camera: <ISP ><ERROR> 504: isp_module_stop_session: num_session_opened 0
10-01 23:23:17.737 597 1420 I mm-camera: <MCT >< INFO> 4347: mct_pipeline_stop_session_thread: Stop module name: iface - X
10-01 23:23:17.738 597 1422 I mm-camera: <MCT >< INFO> 4339: mct_pipeline_stop_session_thread: Stop module name: stats - E
10-01 23:23:17.738 597 1421 I mm-camera: <MCT >< INFO> 4347: mct_pipeline_stop_session_thread: Stop module name: isp - X
10-01 23:23:17.739 597 1423 I mm-camera: <MCT >< INFO> 4339: mct_pipeline_stop_session_thread: Stop module name: pproc - E
10-01 23:23:17.739 597 597 I mm-camera: <MCT >< INFO> 4627: mct_pipeline_stop_session: Modules left: 5
10-01 23:23:17.739 597 597 I mm-camera: <MCT >< INFO> 4627: mct_pipeline_stop_session: Modules left: 4
10-01 23:23:17.739 597 1424 I mm-camera: <MCT >< INFO> 4339: mct_pipeline_stop_session_thread: Stop module name: imglib - E
10-01 23:23:17.740 597 1424 I mm-camera: <MCT >< INFO> 4347: mct_pipeline_stop_session_thread: Stop module name: imglib - X
10-01 23:23:17.740 597 597 I mm-camera: <MCT >< INFO> 4627: mct_pipeline_stop_session: Modules left: 3
10-01 23:23:17.740 597 1423 I mm-camera: <MCT >< INFO> 4347: mct_pipeline_stop_session_thread: Stop module name: pproc - X
10-01 23:23:17.740 597 597 I mm-camera: <MCT >< INFO> 4627: mct_pipeline_stop_session: Modules left: 2
10-01 23:23:17.741 518 518 I zygote64: Explicit concurrent copying GC freed 60080(5MB) AllocSpace objects, 165(3MB) LOS objects, 83% free, 2MB/14MB, paused 66us total 39.886ms
10-01 23:23:17.743 597 1419 I mm-camera: <MCT >< INFO> 4347: mct_pipeline_stop_session_thread: Stop module name: sensor - X
10-01 23:23:17.743 597 597 I mm-camera: <MCT >< INFO> 4627: mct_pipeline_stop_session: Modules left: 1
10-01 23:23:17.745 597 1422 I mm-camera: <MCT >< INFO> 4347: mct_pipeline_stop_session_thread: Stop module name: stats - X
10-01 23:23:17.745 597 597 I mm-camera: <MCT >< INFO> 4627: mct_pipeline_stop_session: Modules left: 0
10-01 23:23:17.745 597 597 I mm-camera: <MCT >< INFO> 4636: mct_pipeline_stop_session: Stopped session 1 successfully
10-01 23:23:17.745 597 597 I mm-camera: <MCT >< INFO> 4916: mct_pipeline_destroy: E: session:1
10-01 23:23:17.745 597 597 I mm-camera: <MCT >< INFO> 4989: mct_pipeline_destroy: X: Pipeline destroyed successfully session =1
10-01 23:23:17.745 597 597 I mm-camera: <MCT >< INFO> 282: mct_controller_destroy: X Successfully closed mct_controller session 1
10-01 23:23:17.746 529 529 I QCamera : <HAL><INFO> getCamInfo: 8134: camera 1 resource cost is 100
10-01 23:23:17.746 529 529 I QCamera : <HAL><INFO> openLegacy: 500: openLegacy halVersion: 256
10-01 23:23:17.747 529 529 D vndksupport: Loading /vendor/lib/hw/power.default.so from current namespace instead of sphal namespace.
10-01 23:23:17.751 529 529 I QCamera : <HAL><INFO> openCamera: 1821: [KPI Perf]: E PROFILE_OPEN_CAMERA camera id 1
10-01 23:23:17.753 529 529 E QCamera : <HAL><ERROR> lock_acq_timed: 314: failed to acquire lock
10-01 23:23:17.753 597 597 I mm-camera: < INFO> 395: void enable_memleak_trace(int): start memleak tracking.
10-01 23:23:17.758 597 597 I mm-camera: <MCT >< INFO> 63: mct_controller_new: Creating new mct_controller with session-id 1
10-01 23:23:17.758 597 1437 I mm-camera: <MCT >< INFO> 4527: mct_pipeline_start_session_thread: E sensor
10-01 23:23:17.758 597 1437 I mm-camera: <MCT >< INFO> 4534: mct_pipeline_start_session_thread: Calling start_session on Module sensor
10-01 23:23:17.758 597 1438 I mm-camera: <MCT >< INFO> 4527: mct_pipeline_start_session_thread: E iface
10-01 23:23:17.759 597 1438 I mm-camera: <MCT >< INFO> 4534: mct_pipeline_start_session_thread: Calling start_session on Module iface
10-01 23:23:17.759 597 1441 I mm-camera: <MCT >< INFO> 4527: mct_pipeline_start_session_thread: E isp
10-01 23:23:17.759 597 1441 I mm-camera: <MCT >< INFO> 4534: mct_pipeline_start_session_thread: Calling start_session on Module isp
10-01 23:23:17.759 597 1441 I mm-camera: <ISP >< INFO> 201: isp_module_start_session: session id 1
10-01 23:23:17.759 597 1441 E mm-camera: <ISP ><ERROR> 213: isp_module_start_session: num_session_opened 0
10-01 23:23:17.760 597 1438 I mm-camera: <MCT >< INFO> 4537: mct_pipeline_start_session_thread: Module iface start_session rc = 1
10-01 23:23:17.760 597 1438 I mm-camera: <MCT >< INFO> 4545: mct_pipeline_start_session_thread: started_num = 1, success = 1
10-01 23:23:17.760 597 1438 I mm-camera: <MCT >< INFO> 4552: mct_pipeline_start_session_thread: X iface
10-01 23:23:17.761 597 1443 I mm-camera: <MCT >< INFO> 4527: mct_pipeline_start_session_thread: E stats
10-01 23:23:17.761 597 1443 I mm-camera: <MCT >< INFO> 4534: mct_pipeline_start_session_thread: Calling start_session on Module stats
10-01 23:23:17.762 597 1445 I mm-camera: <MCT >< INFO> 4527: mct_pipeline_start_session_thread: E pproc
10-01 23:23:17.762 597 1445 I mm-camera: <MCT >< INFO> 4534: mct_pipeline_start_session_thread: Calling start_session on Module pproc
10-01 23:23:17.763 597 1446 I mm-camera: <MCT >< INFO> 4527: mct_pipeline_start_session_thread: E imglib
10-01 23:23:17.763 597 1446 I mm-camera: <MCT >< INFO> 4534: mct_pipeline_start_session_thread: Calling start_session on Module imglib
10-01 23:23:17.765 597 1446 I mm-camera: <MCT >< INFO> 4537: mct_pipeline_start_session_thread: Module imglib start_session rc = 1
10-01 23:23:17.765 597 1445 I mm-camera: <MCT >< INFO> 4537: mct_pipeline_start_session_thread: Module pproc start_session rc = 1
10-01 23:23:17.765 597 1446 I mm-camera: <MCT >< INFO> 4545: mct_pipeline_start_session_thread: started_num = 2, success = 2
10-01 23:23:17.765 597 1446 I mm-camera: <MCT >< INFO> 4552: mct_pipeline_start_session_thread: X imglib
10-01 23:23:17.765 597 1445 I mm-camera: <MCT >< INFO> 4545: mct_pipeline_start_session_thread: started_num = 3, success = 3
10-01 23:23:17.765 597 1445 I mm-camera: <MCT >< INFO> 4552: mct_pipeline_start_session_thread: X pproc
10-01 23:23:17.767 597 1437 I mm-camera: <MCT >< INFO> 4537: mct_pipeline_start_session_thread: Module sensor start_session rc = 1
10-01 23:23:17.768 597 1437 I mm-camera: <MCT >< INFO> 4545: mct_pipeline_start_session_thread: started_num = 4, success = 4
10-01 23:23:17.768 597 1437 I mm-camera: <MCT >< INFO> 4552: mct_pipeline_start_session_thread: X sensor
10-01 23:23:17.771 597 1443 E mm-camera: <STATS_AIS ><ERROR> 448: dsps_open: try to sensor1_open()
10-01 23:23:17.772 597 1441 E mm-camera: <ISP ><ERROR> 402: isp_module_start_session: num_session_opened 1
10-01 23:23:17.772 597 1441 I mm-camera: <MCT >< INFO> 4537: mct_pipeline_start_session_thread: Module isp start_session rc = 1
10-01 23:23:17.772 597 1441 I mm-camera: <MCT >< INFO> 4545: mct_pipeline_start_session_thread: started_num = 5, success = 5
10-01 23:23:17.772 597 1441 I mm-camera: <MCT >< INFO> 4552: mct_pipeline_start_session_thread: X isp
10-01 23:23:17.773 518 518 I zygote64: Explicit concurrent copying GC freed 6494(229KB) AllocSpace objects, 0(0B) LOS objects, 84% free, 2MB/14MB, paused 41us total 24.795ms
10-01 23:23:17.781 597 1443 I mm-camera: <MCT >< INFO> 4537: mct_pipeline_start_session_thread: Module stats start_session rc = 1
10-01 23:23:17.781 597 1443 I mm-camera: <MCT >< INFO> 4545: mct_pipeline_start_session_thread: started_num = 6, success = 6
10-01 23:23:17.781 597 1443 I mm-camera: <MCT >< INFO> 4552: mct_pipeline_start_session_thread: X stats
10-01 23:23:17.781 597 597 E mm-camera: <ISP ><ERROR> 684: isp_module_get_session_data: availabevfe 2 num_open 1 num_isp_preallocate 1 dual_vfe 0
10-01 23:23:17.781 597 597 E mm-camera: <ISP ><ERROR> 141: isp_resource_query_mod: dual_vfe_enabled 0
10-01 23:23:17.781 597 597 E mm-camera: <ISP ><ERROR> 150: isp_resource_query_mod: availabe_vfe 2 num_isp_preallocate 1 num_session_opened 1 dual_vfe_enabled 0
10-01 23:23:17.787 597 597 I mm-camera: <MCT >< INFO> 4448: mct_pipeline_start_stream_internal: Adding session stream streamid= 0xf for session=1
10-01 23:23:17.787 597 597 I mm-camera: <MCT >< INFO> 4496: mct_pipeline_start_stream_internal: Linking session stream for session 1
10-01 23:23:17.788 597 597 I mm-camera: <MCT >< INFO> 503: mct_stream_start_link: Start linking Session-stream 0x1000f
10-01 23:23:17.788 597 597 I mm-camera: <IFACE >< INFO> 338: iface_util_find_primary_cid: iface_util_find_primary_cid:338 error cannot find primary sensor format cids 1
10-01 23:23:17.788 597 597 I mm-camera: <ISP >< INFO> 798: isp_port_check_caps_reserve: port 0xe3d69b40 ide 1000f type 10 dim 0 0
10-01 23:23:17.788 597 597 I mm-camera: <PPROC >< INFO> 446: pproc_port_add_modules_to_stream: in identity 1000f stream 10 int_link = 0xe3d6d4c0
10-01 23:23:17.788 597 597 I mm-camera: <PPROC >< INFO> 458: pproc_port_add_modules_to_stream: :LINK linking mods tmod and c2d for identity 1000f
10-01 23:23:17.788 597 597 I mm-camera: <C2D >< INFO> 1490: c2d_module_notify_add_stream: width 0, height 0, stride 0, scanline 0, is_type 0
10-01 23:23:17.788 597 597 I mm-camera: <PPROC >< INFO> 458: pproc_port_add_modules_to_stream: :LINK linking mods c2d and cpp for identity 1000f
10-01 23:23:17.788 597 597 I mm-camera: <CPP >< INFO> 2141: cpp_module_notify_add_stream: :width 0, height 0, stride 0, scanline 0, framelen 0
10-01 23:23:17.788 597 597 I mm-camera: <CPP >< INFO> 2306: cpp_module_notify_add_stream: : stream 10, fmt 1, asf_mode 0, sharpness_level 0.000000,asf mask 0, denoise 0, denoise_mask 0, dsdn mask 0,dsdn enable 0, tnr mask 0, tnr enable 0, ds_mask 0
10-01 23:23:17.788 597 597 I mm-camera: <PPROC >< INFO> 458: pproc_port_add_modules_to_stream: :LINK linking mods cpp and paaf for identity 1000f
10-01 23:23:17.788 597 597 I mm-camera: <PPROC >< INFO> 458: pproc_port_add_modules_to_stream: :LINK linking mods paaf and ezt for identity 1000f
10-01 23:23:17.788 597 597 I mm-camera: <PPROC >< INFO> 458: pproc_port_add_modules_to_stream: :LINK linking mods ezt and quadracfa for identity 1000f
10-01 23:23:17.789 597 597 I mm-camera: <MCT >< INFO> 4505: mct_pipeline_start_stream_internal: Session stream linked successfully session 1
10-01 23:23:17.791 529 529 I Thermal-Lib: Thermal-Lib-Client: Registraion successful for camera with handle:1
10-01 23:23:17.791 529 529 I Thermal-Lib: Thermal-Lib-Client: Registraion successful for camcorder with handle:2
10-01 23:23:17.791 529 529 I QCamera : <HAL><INFO> openCamera: 1834: [KPI Perf]: X PROFILE_OPEN_CAMERA camera id 1, rc: 0
10-01 23:23:17.791 529 529 I QCamera : <HAL><INFO> close_camera_device: 1497: [KPI Perf]: E camera id 1
10-01 23:23:17.791 573 680 I ThermalEngine: Thermal-Server: Adding thermal event listener on fd 57
10-01 23:23:17.791 529 1466 I Thermal-Lib: Thermal-Lib-Client: Client received msg camera 0
10-01 23:23:17.792 529 1466 I Thermal-Lib: Thermal-Lib-Client: Client received msg camcorder 0
10-01 23:23:17.795 529 529 E QCamera : <HAL><ERROR> lock_acq: 363: failed to acquire lock
10-01 23:23:17.795 529 529 I QCamera : <HAL><INFO> closeCamera: 2220: E
10-01 23:23:17.795 529 529 I QCamera : <HAL><INFO> closeCamera: 2225: [KPI Perf]: E PROFILE_CLOSE_CAMERA camera id 1
10-01 23:23:17.796 597 1104 E mm-camera: <IMGLIB><ERROR> 303: static int32_t QCameraPAAF::AllocateBuffers(img_base_ops_t *, bool): Invalid dimensions 0x0
10-01 23:23:17.796 597 1460 I mm-camera: <ISP >< INFO> 6507: isp_util_print_meta_stream_info: Deallocate resources
10-01 23:23:17.796 597 1104 E mm-camera: <IMGLIB><ERROR> 203: int img_algo_preload(img_base_ops_t *): Preload: Failed to allocate buffer, rc -4
10-01 23:23:17.796 597 1104 E mm-camera: <IMGLIB><ERROR> 117: module_imgbase_client_preload_exec: IMG_CORE_PRELOAD failed -4
10-01 23:23:17.797 597 1460 I mm-camera: <ISP >< INFO> 2531: isp_resource_allocate: INFO: ISP resource acquired: session 1 num_isp 1
10-01 23:23:17.797 597 1460 I mm-camera: <ISP >< INFO> 2533: isp_resource_allocate: INFO: ISP resource acquired: hw_id 1
10-01 23:23:17.797 597 1460 I mm-camera: <ISP >< INFO> 6462: isp_util_decide_stream_mapping: stream_port_map num streams 0
10-01 23:23:17.799 529 529 I Thermal-Lib: Thermal-Lib-Client: Unregisteration is successfull for handle:1
10-01 23:23:17.799 573 680 I ThermalEngine: Thermal-Server: removing client on fd 57
10-01 23:23:17.799 529 529 I Thermal-Lib: Thermal-Lib-Client: Unregisteration is successfull for handle:2
10-01 23:23:17.800 597 597 I mm-camera: <MCT >< INFO> 216: mct_controller_destroy: Initiating destroy sequence for session = 1
10-01 23:23:17.802 597 597 I mm-camera: <MCT >< INFO> 234: mct_controller_destroy: serv_thread closed
10-01 23:23:17.802 597 597 I mm-camera: <MCT >< INFO> 249: mct_controller_destroy: bus_handler thread closed
10-01 23:23:17.802 597 597 I mm-camera: <MCT >< INFO> 4605: mct_pipeline_stop_session: Initiating stop_session on session 1
10-01 23:23:17.802 597 597 I mm-camera: <MCT >< INFO> 3646: mct_pipeline_process_set: command=800000b
10-01 23:23:17.802 597 597 I mm-camera: <MCT >< INFO> 3864: mct_pipeline_process_set: Issuing DEL_STREAM on stream 0x1000f and stream type=10
10-01 23:23:17.840 518 518 I Zygote : System server process 1469 has been created
10-01 23:23:17.841 1469 1469 I Zygote : seccomp disabled by setenforce 0
10-01 23:23:17.842 518 518 I Zygote : Accepting command socket connections
10-01 23:23:17.847 1469 1469 E system_server: Not starting debugger since process cannot load the jdwp agent.
10-01 23:23:17.861 1469 1469 I Zygote : Process: zygote socket RESERVED/zygote_secondary opened, supported ABIS: armeabi-v7a,armeabi
10-01 23:23:17.889 597 1439 E mm-camera: <SENSOR><ERROR> 3955: sensor_set_calibration_data: Golden module or OTP data is null
10-01 23:23:17.889 597 597 I mm-camera: <IFACE >< INFO> 671: iface_unreserve_sink_port: stream_id f mode 0
10-01 23:23:17.889 597 597 I mm-camera: <ISP >< INFO> 887: isp_port_check_caps_unreserve: ide 1000f port 0xe3d69b40
10-01 23:23:17.889 597 597 E mm-camera: <ISP ><ERROR> 913: isp_port_check_caps_unreserve: ISP session resource not dellocated in time
10-01 23:23:17.890 597 597 I mm-camera: <MCT >< INFO> 3875: mct_pipeline_process_set: Stream 0x1000f and stream type=10, successfully deleted
10-01 23:23:17.891 597 1481 I mm-camera: <MCT >< INFO> 4339: mct_pipeline_stop_session_thread: Stop module name: sensor - E
10-01 23:23:17.891 597 1482 I mm-camera: <MCT >< INFO> 4339: mct_pipeline_stop_session_thread: Stop module name: iface - E
10-01 23:23:17.891 597 1483 I mm-camera: <MCT >< INFO> 4339: mct_pipeline_stop_session_thread: Stop module name: isp - E
10-01 23:23:17.891 597 1482 I mm-camera: <MCT >< INFO> 4347: mct_pipeline_stop_session_thread: Stop module name: iface - X
10-01 23:23:17.891 597 1483 I mm-camera: <ISP >< INFO> 490: isp_module_stop_session: session id 1
10-01 23:23:17.891 597 1483 E mm-camera: <ISP ><ERROR> 504: isp_module_stop_session: num_session_opened 0
10-01 23:23:17.891 597 1483 E mm-camera: <ISP ><ERROR> 532: isp_module_stop_session: warning: ISP resource is not freed on time!
10-01 23:23:17.892 597 1484 I mm-camera: <MCT >< INFO> 4339: mct_pipeline_stop_session_thread: Stop module name: stats - E
10-01 23:23:17.894 597 1485 I mm-camera: <MCT >< INFO> 4339: mct_pipeline_stop_session_thread: Stop module name: pproc - E
10-01 23:23:17.894 597 597 I mm-camera: <MCT >< INFO> 4627: mct_pipeline_stop_session: Modules left: 5
10-01 23:23:17.894 597 1486 I mm-camera: <MCT >< INFO> 4339: mct_pipeline_stop_session_thread: Stop module name: imglib - E
10-01 23:23:17.894 597 1486 I mm-camera: <MCT >< INFO> 4347: mct_pipeline_stop_session_thread: Stop module name: imglib - X
10-01 23:23:17.895 597 597 I mm-camera: <MCT >< INFO> 4627: mct_pipeline_stop_session: Modules left: 4
10-01 23:23:17.896 597 1483 I mm-camera: <MCT >< INFO> 4347: mct_pipeline_stop_session_thread: Stop module name: isp - X
10-01 23:23:17.896 597 597 I mm-camera: <MCT >< INFO> 4627: mct_pipeline_stop_session: Modules left: 3
10-01 23:23:17.896 597 1485 I mm-camera: <MCT >< INFO> 4347: mct_pipeline_stop_session_thread: Stop module name: pproc - X
10-01 23:23:17.896 597 597 I mm-camera: <MCT >< INFO> 4627: mct_pipeline_stop_session: Modules left: 2
10-01 23:23:17.897 597 1481 I mm-camera: <MCT >< INFO> 4347: mct_pipeline_stop_session_thread: Stop module name: sensor - X
10-01 23:23:17.897 597 597 I mm-camera: <MCT >< INFO> 4627: mct_pipeline_stop_session: Modules left: 1
10-01 23:23:17.898 597 1484 I mm-camera: <MCT >< INFO> 4347: mct_pipeline_stop_session_thread: Stop module name: stats - X
10-01 23:23:17.898 597 597 I mm-camera: <MCT >< INFO> 4627: mct_pipeline_stop_session: Modules left: 0
10-01 23:23:17.898 597 597 I mm-camera: <MCT >< INFO> 4636: mct_pipeline_stop_session: Stopped session 1 successfully
10-01 23:23:17.898 597 597 I mm-camera: <MCT >< INFO> 4916: mct_pipeline_destroy: E: session:1
10-01 23:23:17.898 597 597 I mm-camera: <MCT >< INFO> 4989: mct_pipeline_destroy: X: Pipeline destroyed successfully session =1
10-01 23:23:17.898 597 597 I mm-camera: <MCT >< INFO> 282: mct_controller_destroy: X Successfully closed mct_controller session 1
10-01 23:23:17.898 1469 1469 I system_server: The ClassLoaderContext is a special shared library.
10-01 23:23:17.899 529 529 I QCamera : <HAL><INFO> closeCamera: 2296: [KPI Perf]: X PROFILE_CLOSE_CAMERA camera id 1, rc: 0
10-01 23:23:17.899 529 529 I QCamera : <HAL><INFO> close_camera_device: 1499: [KPI Perf]: X
10-01 23:23:17.900 529 529 I ServiceManagement: Removing namespace from process name [email protected] to [email protected].
10-01 23:23:17.902 529 529 I [email protected]: Registration complete for [email protected]::ICameraProvider/legacy/0.
10-01 23:23:17.903 579 579 I CameraProviderManager: Connecting to new camera provider: legacy/0, isRemote? 1
10-01 23:23:17.903 579 579 I CameraProviderManager: Enumerating new camera device: [email protected]/legacy/0
10-01 23:23:17.905 529 1488 I [email protected]: Opening camera 0
10-01 23:23:17.905 529 1488 I QCamera : <HAL><INFO> openLegacy: 500: openLegacy halVersion: 256
10-01 23:23:17.906 529 1488 D vndksupport: Loading /vendor/lib/hw/power.default.so from current namespace instead of sphal namespace.
10-01 23:23:17.910 529 1488 I QCamera : <HAL><INFO> openCamera: 1821: [KPI Perf]: E PROFILE_OPEN_CAMERA camera id 0
10-01 23:23:17.912 529 1488 E QCamera : <HAL><ERROR> lock_acq_timed: 314: failed to acquire lock
10-01 23:23:17.912 579 579 W CameraProviderManager: Camera provider legacy/0 says an unknown camera [email protected]/legacy/0 now has torch status 0. Curious.
10-01 23:23:17.912 579 579 W CameraProviderManager: Camera provider legacy/0 says an unknown camera [email protected]/legacy/0 now has torch status 0. Curious.
10-01 23:23:17.912 597 597 I mm-camera: < INFO> 395: void enable_memleak_trace(int): start memleak tracking.
10-01 23:23:17.917 597 597 I mm-camera: <MCT >< INFO> 63: mct_controller_new: Creating new mct_controller with session-id 2
10-01 23:23:17.917 597 1492 I mm-camera: <MCT >< INFO> 4527: mct_pipeline_start_session_thread: E sensor
10-01 23:23:17.917 597 1492 I mm-camera: <MCT >< INFO> 4534: mct_pipeline_start_session_thread: Calling start_session on Module sensor
10-01 23:23:17.917 597 1493 I mm-camera: <MCT >< INFO> 4527: mct_pipeline_start_session_thread: E iface
10-01 23:23:17.917 597 1493 I mm-camera: <MCT >< INFO> 4534: mct_pipeline_start_session_thread: Calling start_session on Module iface
10-01 23:23:17.918 597 1495 I mm-camera: <MCT >< INFO> 4527: mct_pipeline_start_session_thread: E isp
10-01 23:23:17.918 597 1495 I mm-camera: <MCT >< INFO> 4534: mct_pipeline_start_session_thread: Calling start_session on Module isp
10-01 23:23:17.918 597 1495 I mm-camera: <ISP >< INFO> 201: isp_module_start_session: session id 2
10-01 23:23:17.918 597 1495 E mm-camera: <ISP ><ERROR> 213: isp_module_start_session: num_session_opened 0
10-01 23:23:17.919 597 1496 I mm-camera: <MCT >< INFO> 4527: mct_pipeline_start_session_thread: E stats
10-01 23:23:17.919 597 1496 I mm-camera: <MCT >< INFO> 4534: mct_pipeline_start_session_thread: Calling start_session on Module stats
10-01 23:23:17.920 597 1493 I mm-camera: <MCT >< INFO> 4537: mct_pipeline_start_session_thread: Module iface start_session rc = 1
10-01 23:23:17.921 597 1493 I mm-camera: <MCT >< INFO> 4545: mct_pipeline_start_session_thread: started_num = 1, success = 1
10-01 23:23:17.921 597 1493 I mm-camera: <MCT >< INFO> 4552: mct_pipeline_start_session_thread: X iface
10-01 23:23:17.921 597 1498 I mm-camera: <MCT >< INFO> 4527: mct_pipeline_start_session_thread: E pproc
10-01 23:23:17.921 597 1498 I mm-camera: <MCT >< INFO> 4534: mct_pipeline_start_session_thread: Calling start_session on Module pproc
10-01 23:23:17.923 597 1500 I mm-camera: <MCT >< INFO> 4527: mct_pipeline_start_session_thread: E imglib
10-01 23:23:17.923 597 1500 I mm-camera: <MCT >< INFO> 4534: mct_pipeline_start_session_thread: Calling start_session on Module imglib
10-01 23:23:17.923 1469 1469 I system_server: The ClassLoaderContext is a special shared library.
10-01 23:23:17.924 597 1498 I mm-camera: <MCT >< INFO> 4537: mct_pipeline_start_session_thread: Module pproc start_session rc = 1
10-01 23:23:17.924 597 1498 I mm-camera: <MCT >< INFO> 4545: mct_pipeline_start_session_thread: started_num = 2, success = 2
10-01 23:23:17.924 597 1498 I mm-camera: <MCT >< INFO> 4552: mct_pipeline_start_session_thread: X pproc
10-01 23:23:17.924 597 1500 I mm-camera: <MCT >< INFO> 4537: mct_pipeline_start_session_thread: Module imglib start_session rc = 1
10-01 23:23:17.924 597 1500 I mm-camera: <MCT >< INFO> 4545: mct_pipeline_start_session_thread: started_num = 3, success = 3
10-01 23:23:17.924 597 1500 I mm-camera: <MCT >< INFO> 4552: mct_pipeline_start_session_thread: X imglib
10-01 23:23:17.925 1469 1469 I system_server: The ClassLoaderContext is a special shared library.
10-01 23:23:17.925 597 1492 I mm-camera: <MCT >< INFO> 4537: mct_pipeline_start_session_thread: Module sensor start_session rc = 1
10-01 23:23:17.925 597 1492 I mm-camera: <MCT >< INFO> 4545: mct_pipeline_start_session_thread: started_num = 4, success = 4
10-01 23:23:17.925 597 1492 I mm-camera: <MCT >< INFO> 4552: mct_pipeline_start_session_thread: X sensor
10-01 23:23:17.927 597 1496 E mm-camera: <STATS_AIS ><ERROR> 448: dsps_open: try to sensor1_open()
10-01 23:23:17.927 597 1495 E mm-camera: <ISP ><ERROR> 402: isp_module_start_session: num_session_opened 1
10-01 23:23:17.927 597 1495 I mm-camera: <MCT >< INFO> 4537: mct_pipeline_start_session_thread: Module isp start_session rc = 1
10-01 23:23:17.927 597 1495 I mm-camera: <MCT >< INFO> 4545: mct_pipeline_start_session_thread: started_num = 5, success = 5
10-01 23:23:17.927 597 1495 I mm-camera: <MCT >< INFO> 4552: mct_pipeline_start_session_thread: X isp
10-01 23:23:17.929 1469 1469 I system_server: The ClassLoaderContext is a special shared library.
10-01 23:23:17.937 597 1496 I mm-camera: <MCT >< INFO> 4537: mct_pipeline_start_session_thread: Module stats start_session rc = 1
10-01 23:23:17.937 597 1496 I mm-camera: <MCT >< INFO> 4545: mct_pipeline_start_session_thread: started_num = 6, success = 6
10-01 23:23:17.937 597 1496 I mm-camera: <MCT >< INFO> 4552: mct_pipeline_start_session_thread: X stats
10-01 23:23:17.937 597 597 E mm-camera: <ISP ><ERROR> 684: isp_module_get_session_data: availabevfe 2 num_open 1 num_isp_preallocate 1 dual_vfe 0
10-01 23:23:17.937 597 597 E mm-camera: <ISP ><ERROR> 141: isp_resource_query_mod: dual_vfe_enabled 0
10-01 23:23:17.937 597 597 E mm-camera: <ISP ><ERROR> 150: isp_resource_query_mod: availabe_vfe 2 num_isp_preallocate 1 num_session_opened 1 dual_vfe_enabled 0
10-01 23:23:17.943 597 597 I mm-camera: <MCT >< INFO> 4448: mct_pipeline_start_stream_internal: Adding session stream streamid= 0xf for session=2
10-01 23:23:17.943 597 597 I mm-camera: <MCT >< INFO> 4496: mct_pipeline_start_stream_internal: Linking session stream for session 2
10-01 23:23:17.943 597 597 I mm-camera: <MCT >< INFO> 503: mct_stream_start_link: Start linking Session-stream 0x2000f
10-01 23:23:17.943 597 597 I mm-camera: <IFACE >< INFO> 338: iface_util_find_primary_cid: iface_util_find_primary_cid:338 error cannot find primary sensor format cids 1
10-01 23:23:17.943 597 597 I mm-camera: <ISP >< INFO> 798: isp_port_check_caps_reserve: port 0xe3d69b40 ide 2000f type 10 dim 0 0
10-01 23:23:17.943 597 597 I mm-camera: <PPROC >< INFO> 446: pproc_port_add_modules_to_stream: in identity 2000f stream 10 int_link = 0xe3d6d4c0
10-01 23:23:17.943 597 597 I mm-camera: <PPROC >< INFO> 458: pproc_port_add_modules_to_stream: :LINK linking mods tmod and c2d for identity 2000f
10-01 23:23:17.943 597 597 I mm-camera: <C2D >< INFO> 1490: c2d_module_notify_add_stream: width 0, height 0, stride 0, scanline 0, is_type 0
10-01 23:23:17.943 597 597 I mm-camera: <PPROC >< INFO> 458: pproc_port_add_modules_to_stream: :LINK linking mods c2d and cpp for identity 2000f
10-01 23:23:17.943 597 597 I mm-camera: <CPP >< INFO> 2141: cpp_module_notify_add_stream: :width 0, height 0, stride 0, scanline 0, framelen 0
10-01 23:23:17.943 597 597 I mm-camera: <CPP >< INFO> 2306: cpp_module_notify_add_stream: : stream 10, fmt 1, asf_mode 0, sharpness_level 0.000000,asf mask 0, denoise 0, denoise_mask 0, dsdn mask 0,dsdn enable 0, tnr mask 0, tnr enable 0, ds_mask 0
10-01 23:23:17.943 597 597 I mm-camera: <PPROC >< INFO> 458: pproc_port_add_modules_to_stream: :LINK linking mods cpp and paaf for identity 2000f
10-01 23:23:17.944 597 597 I mm-camera: <PPROC >< INFO> 458: pproc_port_add_modules_to_stream: :LINK linking mods paaf and ezt for identity 2000f
10-01 23:23:17.944 597 597 I mm-camera: <PPROC >< INFO> 458: pproc_port_add_modules_to_stream: :LINK linking mods ezt and quadracfa for identity 2000f
10-01 23:23:17.947 597 597 I mm-camera: <MCT >< INFO> 4505: mct_pipeline_start_stream_internal: Session stream linked successfully session 2
10-01 23:23:17.949 529 1488 I Thermal-Lib: Thermal-Lib-Client: Registraion successful for camera with handle:1
10-01 23:23:17.949 529 1488 I Thermal-Lib: Thermal-Lib-Client: Registraion successful for camcorder with handle:2
10-01 23:23:17.949 529 1488 I QCamera : <HAL><INFO> openCamera: 1834: [KPI Perf]: X PROFILE_OPEN_CAMERA camera id 0, rc: 0
10-01 23:23:17.950 573 680 I ThermalEngine: Thermal-Server: Adding thermal event listener on fd 57
10-01 23:23:17.950 529 1525 I Thermal-Lib: Thermal-Lib-Client: Client received msg camera 0
10-01 23:23:17.950 529 1525 I Thermal-Lib: Thermal-Lib-Client: Client received msg camcorder 0
10-01 23:23:17.954 529 1488 I [email protected]: Closing camera 0
10-01 23:23:17.954 529 1488 I QCamera : <HAL><INFO> close_camera_device: 1497: [KPI Perf]: E camera id 0
10-01 23:23:17.955 529 1488 E QCamera : <HAL><ERROR> lock_acq: 363: failed to acquire lock
10-01 23:23:17.955 529 1488 I QCamera : <HAL><INFO> closeCamera: 2220: E
10-01 23:23:17.955 529 1488 I QCamera : <HAL><INFO> closeCamera: 2225: [KPI Perf]: E PROFILE_CLOSE_CAMERA camera id 0
10-01 23:23:17.956 597 1104 E mm-camera: <IMGLIB><ERROR> 303: static int32_t QCameraPAAF::AllocateBuffers(img_base_ops_t *, bool): Invalid dimensions 0x0
10-01 23:23:17.956 597 1520 I mm-camera: <ISP >< INFO> 6507: isp_util_print_meta_stream_info: Deallocate resources
10-01 23:23:17.956 597 1104 E mm-camera: <IMGLIB><ERROR> 203: int img_algo_preload(img_base_ops_t *): Preload: Failed to allocate buffer, rc -4
10-01 23:23:17.956 597 1104 E mm-camera: <IMGLIB><ERROR> 117: module_imgbase_client_preload_exec: IMG_CORE_PRELOAD failed -4
10-01 23:23:17.957 597 1520 I mm-camera: <ISP >< INFO> 2531: isp_resource_allocate: INFO: ISP resource acquired: session 2 num_isp 1
10-01 23:23:17.957 597 1520 I mm-camera: <ISP >< INFO> 2533: isp_resource_allocate: INFO: ISP resource acquired: hw_id 1
10-01 23:23:17.957 597 1520 I mm-camera: <ISP >< INFO> 6462: isp_util_decide_stream_mapping: stream_port_map num streams 0
10-01 23:23:17.960 529 1488 I Thermal-Lib: Thermal-Lib-Client: Unregisteration is successfull for handle:1
10-01 23:23:17.960 573 680 I ThermalEngine: Thermal-Server: removing client on fd 57
10-01 23:23:17.961 529 1488 I Thermal-Lib: Thermal-Lib-Client: Unregisteration is successfull for handle:2
10-01 23:23:17.961 597 597 I mm-camera: <MCT >< INFO> 216: mct_controller_destroy: Initiating destroy sequence for session = 2
10-01 23:23:17.962 597 597 I mm-camera: <MCT >< INFO> 234: mct_controller_destroy: serv_thread closed
10-01 23:23:17.962 597 597 I mm-camera: <MCT >< INFO> 249: mct_controller_destroy: bus_handler thread closed
10-01 23:23:17.962 597 597 I mm-camera: <MCT >< INFO> 4605: mct_pipeline_stop_session: Initiating stop_session on session 2
10-01 23:23:17.962 597 597 I mm-camera: <MCT >< INFO> 3646: mct_pipeline_process_set: command=800000b
10-01 23:23:17.962 597 597 I mm-camera: <MCT >< INFO> 3864: mct_pipeline_process_set: Issuing DEL_STREAM on stream 0x2000f and stream type=10
10-01 23:23:17.967 1469 1469 I SystemServer: InitBeforeStartServices
10-01 23:23:17.967 1469 1469 I SystemServer: Entered the Android system server!
10-01 23:23:17.996 597 597 I mm-camera: <IFACE >< INFO> 671: iface_unreserve_sink_port: stream_id f mode 0
10-01 23:23:17.996 597 597 I mm-camera: <ISP >< INFO> 887: isp_port_check_caps_unreserve: ide 2000f port 0xe3d69b40
10-01 23:23:17.996 597 597 E mm-camera: <ISP ><ERROR> 913: isp_port_check_caps_unreserve: ISP session resource not dellocated in time
10-01 23:23:17.997 597 597 I mm-camera: <MCT >< INFO> 3875: mct_pipeline_process_set: Stream 0x2000f and stream type=10, successfully deleted
10-01 23:23:17.998 597 1529 I mm-camera: <MCT >< INFO> 4339: mct_pipeline_stop_session_thread: Stop module name: sensor - E
10-01 23:23:17.998 597 1530 I mm-camera: <MCT >< INFO> 4339: mct_pipeline_stop_session_thread: Stop module name: iface - E
10-01 23:23:17.998 597 1530 I mm-camera: <MCT >< INFO> 4347: mct_pipeline_stop_session_thread: Stop module name: iface - X
10-01 23:23:18.000 597 1531 I mm-camera: <MCT >< INFO> 4339: mct_pipeline_stop_session_thread: Stop module name: isp - E
10-01 23:23:18.000 597 1531 I mm-camera: <ISP >< INFO> 490: isp_module_stop_session: session id 2
